CREATE DATABASE  IF NOT EXISTS `org_buses_db` /*!40100 DEFAULT CHARACTER SET utf8mb4 COLLATE utf8mb4_0900_ai_ci */;
USE `org_buses_db`;
-- MySQL dump 10.13  Distrib 8.0.16, for macos10.14 (x86_64)
--
-- Host: localhost    Database: org_buses_db
-- ------------------------------------------------------
-- Server version	8.0.15

/*!40101 SET @OLD_CHARACTER_SET_CLIENT=@@CHARACTER_SET_CLIENT */;
/*!40101 SET @OLD_CHARACTER_SET_RESULTS=@@CHARACTER_SET_RESULTS */;
/*!40101 SET @OLD_COLLATION_CONNECTION=@@COLLATION_CONNECTION */;
 SET NAMES utf8 ;
/*!40103 SET @OLD_TIME_ZONE=@@TIME_ZONE */;
/*!40103 SET TIME_ZONE='+00:00' */;
/*!40014 SET @OLD_UNIQUE_CHECKS=@@UNIQUE_CHECKS, UNIQUE_CHECKS=0 */;
/*!40014 SET @OLD_FOREIGN_KEY_CHECKS=@@FOREIGN_KEY_CHECKS, FOREIGN_KEY_CHECKS=0 */;
/*!40101 SET @OLD_SQL_MODE=@@SQL_MODE, SQL_MODE='NO_AUTO_VALUE_ON_ZERO' */;
/*!40111 SET @OLD_SQL_NOTES=@@SQL_NOTES, SQL_NOTES=0 */;

--
-- Table structure for table `buslines`
--

DROP TABLE IF EXISTS `buslines`;
/*!40101 SET @saved_cs_client     = @@character_set_client */;
 SET character_set_client = utf8mb4 ;
CREATE TABLE `buslines` (
  `line_id` int(11) NOT NULL DEFAULT '0',
  `company` varchar(4) CHARACTER SET utf8 COLLATE utf8_general_ci NOT NULL,
  `number` varchar(5) CHARACTER SET utf8 COLLATE utf8_general_ci NOT NULL,
  `nbr_stops` tinyint(3) unsigned NOT NULL DEFAULT '0',
  PRIMARY KEY (`line_id`),
  UNIQUE KEY `idx_busline_unique` (`company`,`number`)
) ENGINE=InnoDB DEFAULT CHARSET=utf8mb4 COLLATE=utf8mb4_0900_ai_ci;
/*!40101 SET character_set_client = @saved_cs_client */;

--
-- Dumping data for table `buslines`
--

LOCK TABLES `buslines` WRITE;
/*!40000 ALTER TABLE `buslines` DISABLE KEYS */;
INSERT INTO `buslines` (`line_id`, `company`, `number`, `nbr_stops`) VALUES (1,'CCC','251',6),(2,'FF','56',7),(3,'FS','53',8),(4,'FS','55',8),(5,'JM','60',2),(6,'LOW','29',9),(7,'LOW','30',8),(8,'LOW','315',10),(9,'LOW','62',8),(10,'LOW','94',6),(11,'LOW','95',9),(12,'LRJ','3A',11),(13,'LRT','1',11),(14,'LRT','10',10),(15,'LRT','100',4),(16,'LRT','11',6),(17,'LRT','12',18),(18,'LRT','13',6),(19,'LRT','14',12),(20,'LRT','15',9),(21,'LRT','16',8),(22,'LRT','17',7),(23,'LRT','19',10),(24,'LRT','19A',7),(25,'LRT','2',17),(26,'LRT','20',9),(27,'LRT','21',11),(28,'LRT','22',8),(29,'LRT','22A',8),(30,'LRT','23',6),(31,'LRT','24',6),(32,'LRT','25',9),(33,'LRT','26',12),(34,'LRT','26A',11),(35,'LRT','27',8),(36,'LRT','28',9),(37,'LRT','2A',18),(38,'LRT','3',9),(39,'LRT','30',12),(40,'LRT','31',9),(41,'LRT','32',23),(42,'LRT','33',10),(43,'LRT','34',15),(44,'LRT','35',15),(45,'LRT','36',7),(46,'LRT','37',6),(47,'LRT','38',10),(48,'LRT','4',9),(49,'LRT','40',7),(50,'LRT','41',10),(51,'LRT','42',10),(52,'LRT','43',12),(53,'LRT','44',12),(54,'LRT','45',10),(55,'LRT','46A',10),(56,'LRT','47',9),(57,'LRT','5',10),(58,'LRT','51',7),(59,'LRT','52',23),(60,'LRT','55',4),(61,'LRT','58',5),(62,'LRT','59',3),(63,'LRT','6',11),(64,'LRT','61',5),(65,'LRT','63',10),(66,'LRT','65',8),(67,'LRT','69',6),(68,'LRT','7',7),(69,'LRT','75',7),(70,'LRT','7A',9),(71,'LRT','8',8),(72,'LRT','80',12),(73,'LRT','80A',10),(74,'LRT','80B',12),(75,'LRT','81',12),(76,'LRT','81A',13),(77,'LRT','82',11),(78,'LRT','84',7),(79,'LRT','85',8),(80,'LRT','86',9),(81,'LRT','86A',4),(82,'LRT','87',10),(83,'LRT','87A',7),(84,'LRT','9',9),(85,'MAC','100',8),(86,'MID','27',7),(87,'MID','38',11),(88,'MID','455',8),(89,'MID','47',8),(90,'ROU','R1',8),(91,'ROU','R2',8),(92,'SMJ','142',7),(93,'SMT','106',9),(94,'SMT','113',8),(95,'SMT','124',10),(96,'SMT','129',11),(97,'SMT','134',7),(98,'SMT','137',8),(99,'SMT','16',9),(100,'SMT','18',8),(101,'SMT','19',9),(102,'SMT','275',9),(103,'SMT','37',9),(104,'SMT','43',6),(105,'SMT','49',5),(106,'SMT','61',5),(107,'SMT','64',8),(108,'SMT','64A',9),(109,'SMT','65',9),(110,'SMT','66',11),(111,'SMT','66A',13),(112,'SMT','74',9),(113,'SMT','77',5),(114,'SMT','79',10),(115,'SMT','80',8),(116,'SMT','85',10),(117,'SMT','86',10),(118,'SMT','87',8),(119,'SMT','93',4),(120,'SMT','A8',5),(121,'SMT','C12',5),(122,'SMT','C3',8),(123,'SMT','C33',10),(124,'SMT','C5',11),(125,'SMT','C55',7),(126,'SMT','C70',12),(127,'SMT','D25',8),(128,'SMT','D26',8),(129,'SMT','D27',9),(130,'SMT','D28',7),(131,'VL','VL2',4),(132,'WIL','48',4);
/*!40000 ALTER TABLE `buslines` ENABLE KEYS */;
UNLOCK TABLES;

--
-- Table structure for table `passages`
--

DROP TABLE IF EXISTS `passages`;
/*!40101 SET @saved_cs_client     = @@character_set_client */;
 SET character_set_client = utf8mb4 ;
CREATE TABLE `passages` (
  `lineid` int(11) NOT NULL,
  `stopid` int(11) NOT NULL,
  `pos` tinyint(2) unsigned NOT NULL,
  PRIMARY KEY (`lineid`,`stopid`,`pos`),
  KEY `fk_passages_buslines_idx` (`lineid`),
  KEY `fk_passages_stops_idx` (`stopid`),
  CONSTRAINT `fk_passages_buslines` FOREIGN KEY (`lineid`) REFERENCES `buslines` (`line_id`) ON DELETE RESTRICT ON UPDATE RESTRICT,
  CONSTRAINT `fk_passages_stops` FOREIGN KEY (`stopid`) REFERENCES `stops` (`stop_id`) ON DELETE RESTRICT ON UPDATE RESTRICT
) ENGINE=InnoDB DEFAULT CHARSET=utf8mb4 COLLATE=utf8mb4_0900_ai_ci;
/*!40101 SET character_set_client = @saved_cs_client */;

--
-- Dumping data for table `passages`
--

LOCK TABLES `passages` WRITE;
/*!40000 ALTER TABLE `passages` DISABLE KEYS */;
INSERT INTO `passages` (`lineid`, `stopid`, `pos`) VALUES (1,16,6),(1,74,5),(1,79,4),(1,110,3),(1,158,2),(1,219,1),(2,12,7),(2,13,3),(2,49,6),(2,75,5),(2,91,4),(2,196,2),(2,219,1),(3,13,5),(3,22,4),(3,39,3),(3,61,8),(3,91,6),(3,94,2),(3,124,7),(3,175,1),(4,13,3),(4,75,7),(4,91,4),(4,124,5),(4,127,8),(4,196,2),(4,204,6),(4,219,1),(5,30,2),(5,72,1),(6,4,8),(6,62,3),(6,65,2),(6,76,6),(6,125,9),(6,136,5),(6,181,4),(6,219,1),(6,220,7),(7,62,3),(7,65,2),(7,76,6),(7,126,8),(7,136,5),(7,181,4),(7,219,1),(7,220,7),(8,8,9),(8,18,7),(8,35,6),(8,85,4),(8,117,5),(8,160,3),(8,184,10),(8,203,8),(8,219,1),(8,230,2),(9,18,3),(9,93,7),(9,123,6),(9,142,2),(9,156,8),(9,182,5),(9,184,4),(9,219,1),(10,93,2),(10,96,4),(10,156,1),(10,169,5),(10,219,6),(10,227,3),(11,62,3),(11,65,2),(11,84,4),(11,93,7),(11,114,9),(11,171,5),(11,211,8),(11,219,1),(11,227,6),(12,29,5),(12,44,11),(12,62,3),(12,65,4),(12,100,1),(12,101,8),(12,115,7),(12,172,2),(12,194,6),(12,213,9),(12,244,10),(13,42,5),(13,48,6),(13,59,3),(13,66,4),(13,80,10),(13,92,8),(13,99,2),(13,137,1),(13,137,11),(13,205,9),(13,223,7),(14,46,9),(14,53,8),(14,137,4),(14,141,5),(14,162,2),(14,167,3),(14,194,6),(14,215,1),(14,230,7),(14,231,10),(15,48,3),(15,83,4),(15,115,2),(15,240,1),(16,38,6),(16,85,5),(16,160,4),(16,167,1),(16,186,2),(16,230,3),(17,31,8),(17,31,10),(17,48,11),(17,50,16),(17,54,2),(17,101,6),(17,107,4),(17,109,9),(17,115,5),(17,115,12),(17,137,15),(17,141,14),(17,173,1),(17,173,18),(17,191,17),(17,192,3),(17,194,13),(17,223,7),(18,22,6),(18,39,4),(18,80,2),(18,148,1),(18,150,3),(18,198,5),(19,28,3),(19,29,7),(19,54,9),(19,99,4),(19,137,5),(19,141,6),(19,162,2),(19,166,11),(19,173,10),(19,192,8),(19,215,1),(19,215,12),(20,82,3),(20,85,9),(20,149,5),(20,160,8),(20,163,2),(20,191,4),(20,194,6),(20,226,1),(20,230,7),(21,120,8),(21,140,2),(21,141,3),(21,160,6),(21,167,1),(21,179,7),(21,194,4),(21,230,5),(22,137,2),(22,141,3),(22,160,6),(22,167,1),(22,179,7),(22,194,4),(22,230,5),(23,15,7),(23,28,1),(23,28,10),(23,37,8),(23,39,5),(23,47,3),(23,59,2),(23,95,6),(23,99,9),(23,178,4),(24,28,1),(24,28,7),(24,37,5),(24,47,3),(24,59,2),(24,95,4),(24,99,6),(25,31,9),(25,48,8),(25,50,3),(25,54,16),(25,101,12),(25,107,14),(25,115,7),(25,115,13),(25,137,4),(25,141,5),(25,173,1),(25,173,17),(25,191,2),(25,192,15),(25,194,6),(25,207,10),(25,223,11),(26,59,2),(26,82,9),(26,95,4),(26,105,1),(26,147,6),(26,149,5),(26,191,8),(26,200,7),(26,225,3),(27,29,7),(27,31,2),(27,54,10),(27,101,4),(27,108,11),(27,109,1),(27,115,5),(27,192,9),(27,194,6),(27,222,8),(27,223,3),(28,101,6),(28,115,5),(28,137,2),(28,141,3),(28,167,1),(28,213,8),(28,219,4),(28,223,7),(29,101,5),(29,115,4),(29,139,1),(29,141,2),(29,201,8),(29,213,7),(29,219,3),(29,223,6),(30,37,2),(30,51,6),(30,112,3),(30,160,5),(30,230,4),(30,234,1),(31,21,5),(31,36,6),(31,80,1),(31,153,4),(31,219,2),(31,230,3),(32,101,7),(32,115,6),(32,137,3),(32,141,4),(32,167,1),(32,168,2),(32,213,9),(32,219,5),(32,223,8),(33,42,2),(33,43,1),(33,48,3),(33,82,8),(33,115,4),(33,163,9),(33,190,11),(33,191,7),(33,193,10),(33,194,5),(33,199,6),(33,212,12),(34,42,2),(34,43,1),(34,48,3),(34,82,8),(34,115,4),(34,149,6),(34,163,9),(34,191,7),(34,193,10),(34,194,5),(34,233,11),(35,37,3),(35,53,6),(35,59,2),(35,112,4),(35,120,8),(35,179,7),(35,215,1),(35,230,5),(36,44,9),(36,47,4),(36,59,3),(36,70,2),(36,92,6),(36,112,5),(36,152,7),(36,162,1),(36,244,8),(37,31,9),(37,31,11),(37,48,8),(37,50,3),(37,54,17),(37,101,13),(37,107,15),(37,109,10),(37,115,7),(37,115,14),(37,137,4),(37,141,5),(37,173,1),(37,173,18),(37,191,2),(37,192,16),(37,194,6),(37,223,12),(38,44,9),(38,62,2),(38,97,3),(38,101,6),(38,115,5),(38,154,1),(38,194,4),(38,213,7),(38,244,8),(39,29,6),(39,44,12),(39,62,4),(39,65,5),(39,100,1),(39,101,9),(39,115,8),(39,154,3),(39,170,2),(39,194,7),(39,213,10),(39,244,11),(40,29,5),(40,48,8),(40,78,9),(40,89,1),(40,96,2),(40,115,7),(40,121,3),(40,142,4),(40,194,6),(41,31,13),(41,33,2),(41,36,21),(41,42,11),(41,46,16),(41,48,12),(41,50,4),(41,54,22),(41,70,10),(41,85,18),(41,96,20),(41,105,8),(41,121,19),(41,137,6),(41,162,9),(41,167,7),(41,173,1),(41,173,23),(41,179,17),(41,191,3),(41,200,5),(41,213,14),(41,244,15),(42,9,10),(42,29,3),(42,36,2),(42,89,1),(42,101,6),(42,115,5),(42,152,7),(42,194,4),(42,243,9),(42,245,8),(43,26,7),(43,37,6),(43,39,4),(43,92,3),(43,92,13),(43,101,2),(43,116,12),(43,137,8),(43,147,9),(43,149,10),(43,152,14),(43,176,11),(43,213,1),(43,213,15),(43,225,5),(44,26,9),(44,37,10),(44,39,12),(44,92,3),(44,92,13),(44,101,14),(44,116,4),(44,137,8),(44,147,7),(44,149,6),(44,152,2),(44,176,5),(44,213,1),(44,213,15),(44,225,11),(45,29,5),(45,36,6),(45,48,2),(45,55,7),(45,109,1),(45,115,3),(45,194,4),(46,37,2),(46,51,6),(46,105,1),(46,112,3),(46,160,5),(46,230,4),(47,21,4),(47,36,2),(47,52,9),(47,59,10),(47,101,7),(47,160,5),(47,164,6),(47,192,1),(47,198,8),(47,242,3),(48,19,1),(48,53,6),(48,85,8),(48,115,5),(48,117,9),(48,149,3),(48,177,2),(48,179,7),(48,194,4),(49,21,1),(49,40,4),(49,57,7),(49,66,6),(49,112,3),(49,153,2),(49,196,5),(50,13,9),(50,21,3),(50,39,6),(50,41,1),(50,57,10),(50,66,8),(50,112,5),(50,153,4),(50,160,2),(50,196,7),(51,36,1),(51,36,10),(51,50,5),(51,54,2),(51,71,3),(51,147,6),(51,149,7),(51,191,4),(51,219,8),(51,242,9),(52,10,10),(52,11,11),(52,45,12),(52,60,9),(52,115,6),(52,128,8),(52,149,4),(52,158,3),(52,163,2),(52,194,5),(52,216,7),(52,237,1),(53,10,3),(53,11,2),(53,45,1),(53,60,4),(53,115,7),(53,128,5),(53,149,9),(53,158,10),(53,163,11),(53,194,8),(53,216,6),(53,238,12),(54,33,1),(54,46,8),(54,53,7),(54,60,9),(54,71,2),(54,112,5),(54,149,4),(54,177,3),(54,201,10),(54,230,6),(55,36,1),(55,36,10),(55,50,6),(55,54,9),(55,71,8),(55,147,5),(55,149,4),(55,191,7),(55,219,3),(55,242,2),(56,10,7),(56,11,9),(56,37,1),(56,45,8),(56,46,5),(56,53,4),(56,60,6),(56,112,2),(56,230,3),(57,24,1),(57,29,6),(57,34,10),(57,46,2),(57,103,5),(57,149,7),(57,160,4),(57,161,9),(57,177,8),(57,179,3),(58,7,7),(58,29,3),(58,103,2),(58,149,4),(58,159,6),(58,160,1),(58,177,5),(59,31,11),(59,33,22),(59,36,3),(59,42,13),(59,46,8),(59,48,12),(59,50,21),(59,54,2),(59,70,14),(59,85,6),(59,96,4),(59,105,16),(59,121,5),(59,137,18),(59,162,15),(59,167,17),(59,173,1),(59,173,23),(59,179,7),(59,191,20),(59,200,19),(59,213,10),(59,244,9),(60,47,3),(60,59,2),(60,215,1),(60,219,4),(61,109,1),(61,111,3),(61,122,5),(61,128,4),(61,217,2),(62,109,1),(62,217,2),(62,245,3),(63,42,7),(63,48,5),(63,59,9),(63,66,8),(63,80,2),(63,92,4),(63,99,10),(63,137,1),(63,137,11),(63,205,3),(63,223,6),(64,60,5),(64,101,3),(64,115,2),(64,213,4),(64,219,1),(65,6,1),(65,31,9),(65,33,2),(65,48,8),(65,109,10),(65,115,7),(65,149,5),(65,159,3),(65,177,4),(65,219,6),(66,101,6),(66,115,5),(66,147,2),(66,149,3),(66,194,4),(66,200,1),(66,201,8),(66,213,7),(67,29,5),(67,42,1),(67,48,2),(67,55,6),(67,115,3),(67,194,4),(68,29,4),(68,38,7),(68,102,6),(68,137,2),(68,141,3),(68,142,5),(68,167,1),(69,115,1),(69,149,3),(69,158,4),(69,163,5),(69,194,2),(69,209,7),(69,226,6),(70,15,5),(70,29,6),(70,37,4),(70,38,9),(70,99,3),(70,102,8),(70,142,7),(70,206,1),(70,239,2),(71,15,3),(71,29,2),(71,37,4),(71,96,1),(71,99,5),(71,105,6),(71,162,7),(71,215,8),(72,27,2),(72,29,5),(72,47,8),(72,52,9),(72,59,11),(72,70,10),(72,135,3),(72,142,4),(72,189,1),(72,194,6),(72,215,12),(72,225,7),(73,27,2),(73,29,5),(73,47,8),(73,59,9),(73,135,3),(73,142,4),(73,189,1),(73,194,6),(73,215,10),(73,225,7),(74,27,2),(74,29,5),(74,47,8),(74,52,9),(74,66,11),(74,70,10),(74,135,3),(74,142,4),(74,189,1),(74,194,6),(74,215,12),(74,225,7),(75,29,4),(75,47,6),(75,47,10),(75,59,7),(75,59,11),(75,67,1),(75,142,3),(75,162,8),(75,162,12),(75,184,2),(75,219,5),(75,219,9),(76,29,5),(76,47,7),(76,47,11),(76,59,8),(76,59,12),(76,67,1),(76,142,4),(76,146,3),(76,162,9),(76,162,13),(76,184,2),(76,219,6),(76,219,10),(77,13,10),(77,27,3),(77,29,7),(77,36,6),(77,62,4),(77,65,5),(77,78,11),(77,189,2),(77,196,9),(77,202,1),(77,219,8),(78,62,7),(78,82,3),(78,163,4),(78,191,2),(78,209,1),(78,237,5),(78,247,6),(79,42,1),(79,48,2),(79,115,3),(79,163,7),(79,191,6),(79,194,4),(79,199,5),(79,233,8),(80,42,1),(80,48,2),(80,115,3),(80,163,7),(80,191,6),(80,193,8),(80,194,4),(80,199,5),(80,233,9),(81,48,3),(81,83,4),(81,115,2),(81,240,1),(82,18,8),(82,29,5),(82,134,10),(82,137,2),(82,142,6),(82,146,7),(82,147,3),(82,149,4),(82,184,9),(82,209,1),(83,29,4),(83,142,5),(83,146,6),(83,147,2),(83,149,3),(83,203,7),(83,210,1),(84,15,4),(84,29,3),(84,37,5),(84,96,2),(84,99,6),(84,105,7),(84,121,1),(84,162,8),(84,215,9),(85,2,6),(85,17,5),(85,73,8),(85,160,2),(85,184,3),(85,219,1),(85,229,7),(85,241,4),(86,20,2),(86,77,5),(86,145,3),(86,157,4),(86,213,6),(86,219,7),(86,246,1),(87,48,3),(87,87,10),(87,109,4),(87,115,2),(87,130,6),(87,143,8),(87,165,5),(87,188,9),(87,219,1),(87,224,11),(87,250,7),(88,32,4),(88,130,5),(88,144,8),(88,145,1),(88,185,7),(88,218,6),(88,221,2),(88,236,3),(89,13,3),(89,25,6),(89,64,4),(89,87,8),(89,104,7),(89,196,2),(89,218,5),(89,219,1),(90,37,4),(90,47,6),(90,59,7),(90,95,5),(90,99,3),(90,106,1),(90,106,8),(90,167,2),(91,37,5),(91,47,3),(91,59,2),(91,95,4),(91,99,6),(91,106,1),(91,106,8),(91,167,7),(92,6,1),(92,62,5),(92,65,4),(92,86,6),(92,119,7),(92,163,3),(92,166,2),(93,3,8),(93,74,9),(93,110,7),(93,115,1),(93,149,3),(93,158,4),(93,163,5),(93,194,2),(93,233,6),(94,149,2),(94,158,3),(94,163,4),(94,183,8),(94,187,5),(94,219,1),(94,233,7),(94,237,6),(95,1,9),(95,39,1),(95,95,2),(95,149,4),(95,151,8),(95,158,5),(95,163,6),(95,174,10),(95,193,7),(95,219,3),(96,47,4),(96,59,3),(96,90,2),(96,163,8),(96,178,5),(96,190,10),(96,191,7),(96,193,9),(96,212,11),(96,215,1),(96,219,6),(97,29,2),(97,36,3),(97,62,7),(97,65,4),(97,163,5),(97,219,1),(97,247,6),(98,48,3),(98,63,7),(98,98,5),(98,115,2),(98,197,6),(98,219,1),(98,235,4),(98,248,8),(99,5,8),(99,14,7),(99,23,9),(99,32,5),(99,48,2),(99,109,3),(99,165,4),(99,219,1),(99,236,6),(100,14,7),(100,32,5),(100,48,2),(100,109,3),(100,165,4),(100,219,1),(100,236,6),(100,246,8),(101,14,1),(101,32,6),(101,48,8),(101,68,2),(101,69,3),(101,132,4),(101,165,7),(101,219,9),(101,236,5),(102,32,6),(102,48,2),(102,48,4),(102,145,9),(102,165,3),(102,165,5),(102,195,8),(102,219,1),(102,236,7),(103,48,3),(103,77,7),(103,98,4),(103,115,2),(103,131,6),(103,145,9),(103,157,8),(103,197,5),(103,219,1),(104,13,3),(104,64,4),(104,196,2),(104,208,6),(104,218,5),(104,219,1),(105,133,5),(105,155,4),(105,177,2),(105,191,1),(105,249,3),(106,101,3),(106,115,2),(106,201,5),(106,213,4),(106,219,1),(107,18,6),(107,29,4),(107,39,1),(107,95,2),(107,134,8),(107,142,5),(107,184,7),(107,219,3),(108,18,7),(108,29,4),(108,39,1),(108,95,2),(108,134,9),(108,142,5),(108,146,6),(108,184,8),(108,219,3),(109,18,6),(109,29,3),(109,39,1),(109,67,9),(109,142,4),(109,146,5),(109,184,8),(109,203,7),(109,219,2),(110,10,10),(110,45,11),(110,60,9),(110,115,6),(110,128,8),(110,149,4),(110,163,2),(110,191,3),(110,194,5),(110,216,7),(110,237,1),(111,10,12),(111,45,13),(111,60,11),(111,115,8),(111,128,10),(111,149,6),(111,163,4),(111,190,2),(111,191,5),(111,193,3),(111,194,7),(111,212,1),(111,216,9),(112,27,8),(112,29,3),(112,62,9),(112,115,1),(112,135,6),(112,142,4),(112,146,5),(112,189,7),(112,194,2),(113,27,4),(113,29,2),(113,115,1),(113,142,3),(113,189,5),(114,27,8),(114,29,3),(114,36,4),(114,39,1),(114,62,6),(114,65,5),(114,84,7),(114,189,9),(114,194,2),(114,202,10),(115,29,3),(115,62,5),(115,84,6),(115,96,4),(115,100,8),(115,115,1),(115,171,7),(115,194,2),(116,29,4),(116,36,5),(116,39,1),(116,62,7),(116,65,6),(116,100,10),(116,154,8),(116,171,9),(116,194,2),(116,219,3),(117,29,6),(117,36,7),(117,42,2),(117,43,1),(117,48,3),(117,62,9),(117,65,8),(117,115,4),(117,154,10),(117,194,5),(118,29,5),(118,62,3),(118,96,4),(118,137,8),(118,141,7),(118,154,2),(118,171,1),(118,219,6),(119,6,1),(119,163,3),(119,166,2),(119,233,4),(120,81,5),(120,163,3),(120,191,4),(120,193,2),(120,232,1),(121,31,4),(121,48,3),(121,109,5),(121,115,2),(121,219,1),(122,29,4),(122,54,6),(122,129,8),(122,137,2),(122,141,3),(122,167,1),(122,173,7),(122,192,5),(123,29,4),(123,54,6),(123,137,2),(123,141,3),(123,163,9),(123,166,8),(123,167,1),(123,173,7),(123,192,5),(123,247,10),(124,80,8),(124,101,4),(124,115,5),(124,137,9),(124,147,10),(124,149,7),(124,194,6),(124,200,11),(124,207,3),(124,213,2),(124,244,1),(125,101,3),(125,115,4),(125,149,6),(125,180,2),(125,194,5),(125,200,7),(125,245,1),(126,29,9),(126,31,4),(126,44,1),(126,101,6),(126,115,7),(126,142,10),(126,146,11),(126,194,8),(126,213,3),(126,223,5),(126,228,12),(126,244,2),(127,14,8),(127,69,7),(127,77,4),(127,131,3),(127,145,6),(127,157,5),(127,213,2),(127,219,1),(128,20,6),(128,77,3),(128,88,8),(128,145,5),(128,157,4),(128,213,2),(128,219,1),(128,246,7),(129,20,6),(129,77,3),(129,82,9),(129,113,8),(129,145,5),(129,157,4),(129,213,2),(129,219,1),(129,246,7),(130,14,7),(130,69,6),(130,77,3),(130,145,5),(130,157,4),(130,213,2),(130,219,1),(131,10,4),(131,60,3),(131,109,1),(131,201,2),(132,48,1),(132,56,2),(132,109,3),(132,235,4);
/*!40000 ALTER TABLE `passages` ENABLE KEYS */;
UNLOCK TABLES;

--
-- Table structure for table `stops`
--

DROP TABLE IF EXISTS `stops`;
/*!40101 SET @saved_cs_client     = @@character_set_client */;
 SET character_set_client = utf8mb4 ;
CREATE TABLE `stops` (
  `stop_id` int(11) NOT NULL,
  `name` varchar(45) CHARACTER SET utf8 COLLATE utf8_general_ci NOT NULL,
  `latitude` decimal(10,7) DEFAULT NULL,
  `longitude` decimal(10,7) DEFAULT NULL,
  `agregate_count` int(11) DEFAULT NULL,
  PRIMARY KEY (`stop_id`),
  KEY `idx_stops_name` (`name`)
) ENGINE=InnoDB DEFAULT CHARSET=utf8mb4 COLLATE=utf8mb4_0900_ai_ci;
/*!40101 SET character_set_client = @saved_cs_client */;

--
-- Dumping data for table `stops`
--

LOCK TABLES `stops` WRITE;
/*!40000 ALTER TABLE `stops` DISABLE KEYS */;
INSERT INTO `stops` (`stop_id`, `name`, `latitude`, `longitude`, `agregate_count`) VALUES (1,'Aberlady',56.0067400,-2.8623600,16),(2,'Abington',55.4976100,-3.6930800,3),(3,'Amisfield Park',55.9595600,-2.7610000,0),(4,'Ancrum',55.5135800,-2.5827500,9),(5,'Armadale',56.1413200,-3.9554500,46),(6,'ASDA',56.2978200,-3.4350500,55),(7,'ASDA, Brunstane',55.9388200,-3.1043000,0),(8,'Auchendinny',55.8461200,-3.1924000,4),(9,'Baberton',55.9100900,-3.2877400,6),(10,'Balerno',55.8808300,-3.3528800,33),(11,'Balerno Church',55.8844500,-3.3406100,0),(12,'Ballingry',56.1635800,-3.3262400,32),(13,'Barnton',55.9609200,-3.2945400,10),(14,'Bathgate',55.8982900,-3.6360900,81),(15,'Bellevue',55.9615400,-3.1940200,0),(16,'Berwick upon Tweed',55.7685400,-2.0021800,0),(17,'Biggar',55.6237400,-3.5242100,10),(18,'Bilston',55.8678400,-3.1794500,9),(19,'Bingham',55.9402700,-3.1194900,18),(20,'Blackburn',56.3171600,-3.1772900,51),(21,'Blackford',56.2588000,-3.7909800,9),(22,'Blackhall',55.9597200,-3.2603800,35),(23,'Blackridge',55.8844400,-3.7606300,21),(24,'Bonaly Avenue',55.9012400,-3.2588500,0),(25,'Bo’ness',56.0168100,-3.6089100,0),(26,'Bonnington',55.9713900,-3.1833400,10),(27,'Bonnyrigg',55.8730500,-3.1025100,50),(28,'Boswall',55.9738700,-3.2238200,7),(29,'Bridges',55.9521700,-3.1887000,0),(30,'Bristo',55.9460700,-3.1894200,2),(31,'Broomhouse',55.9284100,-3.2844300,0),(32,'Broxburn',55.9352400,-3.4732600,42),(33,'Brunstane',55.9454800,-3.0905100,13),(34,'Brunstane, ASDA',55.9388200,-3.1043000,0),(35,'Bush Estate',55.8621100,-3.1958900,12),(36,'Cameron Toll',55.9285100,-3.1598300,0),(37,'Canonmills',55.9620800,-3.1993500,4),(38,'Captains Road',55.9021600,-3.1554000,0),(39,'Charlotte Square',55.9517700,-3.2076500,0),(40,'Charlotte Street',56.2916500,-3.6309800,13),(41,'City Hospital',55.9110100,-3.2345800,0),(42,'Clermiston',55.9566800,-3.2802100,0),(43,'Clerwood',55.9499300,-3.2790500,1),(44,'Clovenstone',55.9120000,-3.2754400,7),(45,'Cockburn Crescent',55.8751200,-3.3419500,0),(46,'Colinton',55.9074100,-3.2552000,27),(47,'Comely Bank',55.9592500,-3.2214300,0),(48,'Corstorphine',55.9406200,-3.2807300,36),(49,'Cowdenbeath',56.1088300,-3.3517800,101),(50,'Craigentinny',55.9591300,-3.1339200,41),(51,'Craighouse Campus',55.9226400,-3.2260400,1),(52,'Craigleith',55.9612800,-3.2362200,30),(53,'Craiglockhart',55.9216200,-3.2350500,21),(54,'Craigmillar',55.9313400,-3.1336200,20),(55,'Craigour',55.9171300,-3.1379000,5),(56,'Craigs Road',55.5052400,-3.4564500,4),(57,'Cramond',55.9722500,-3.2945100,16),(59,'Crewe Toll',55.9685100,-3.2348200,0),(60,'Currie',55.8967100,-3.3133500,39),(61,'Dalgety Bay',56.0379800,-3.3553100,61),(62,'Dalkeith',55.8945500,-3.0665100,51),(63,'Dalmahoy',55.9844000,-3.3029200,3),(64,'Dalmeny',55.9804300,-3.3602200,15),(65,'Danderhall',55.9120800,-3.1080800,39),(66,'Davidsons Mains',55.9653800,-3.2743200,0),(67,'Deanburn',55.8329100,-3.2374100,18),(68,'Deans Road/Royston Roundabout',55.9057800,-3.5757000,0),(69,'Deans South',55.8987400,-3.5622900,0),(70,'Drylaw',55.9656200,-3.2514300,15),(71,'Duddingston',55.9434400,-3.1348000,18),(72,'Dumbiedykes',55.9478800,-3.1782200,2),(73,'Dumfries',55.0697300,-3.6055300,151),(74,'Dunbar',55.9971500,-2.5160800,50),(75,'Dunfermline',56.0697000,-3.4493600,164),(76,'Earlston',55.6465000,-2.6671000,24),(77,'East Calder',55.8925000,-3.4574100,27),(78,'East Craigs',55.9488000,-3.2991800,16),(79,'East Linton',55.9881300,-2.6512000,18),(80,'Easter Road',55.8204800,-3.8078700,1),(81,'Eastern General Hospital',55.9685000,-3.1463000,0),(82,'Eastfield',55.9481200,-3.0828700,0),(83,'Airport',55.9482200,-3.3633300,5),(84,'Eskbank',55.8866500,-3.0829200,19),(85,'Fairmilehead',55.9009500,-3.2019400,19),(86,'Fala',55.8415400,-2.9139700,4),(87,'Falkirk',55.9976000,-3.7833800,107),(88,'Fauldhouse',55.8281100,-3.7043500,25),(89,'Ferniehill',55.9088100,-3.1304200,8),(90,'Ferry Road',55.9721800,-3.9961200,17),(91,'Forth Bridge',55.9905800,-3.3851700,0),(92,'Fountainbridge',55.9442600,-3.2083200,8),(93,'Galashiels',55.6159200,-2.8064600,41),(94,'George IV Bridge',55.9478000,-3.1916500,0),(95,'George Street',55.9531600,-3.1996900,0),(96,'Gilmerton',55.9063300,-3.1338000,0),(97,'Gilmerton  Bridges',55.9060000,-3.1334600,0),(98,'Gogar Station',55.9401100,-3.3256100,0),(99,'Goldenacre',55.9702700,-3.2069000,4),(100,'Gorebridge',55.8455200,-3.0438300,46),(101,'Gorgie',55.9362500,-3.2392900,27),(102,'Gracemount',55.9051200,-3.1556600,19),(103,'Grange',56.8808900,-3.0544300,5),(104,'Grangemouth',56.0108100,-3.7210500,113),(105,'Granton',55.9793000,-3.2314600,33),(106,'Granton Square',55.9806800,-3.2243800,2),(107,'Grassmarket',55.9474600,-3.1955800,2),(108,'Greendykes',56.1544000,-3.1990700,10),(109,'Gyle',55.9346600,-3.3028900,41),(110,'Haddington',55.9565900,-2.7763600,84),(111,'Hailes',55.9187500,-3.2581200,64),(112,'Hanover Street',56.1929100,-2.9756300,5),(113,'Harthill',55.8598500,-3.7603400,22),(114,'Hawick',55.4300400,-2.7843900,69),(115,'Haymarket',55.9461500,-3.2162900,15),(116,'High Street',56.1667500,-3.4690800,83),(117,'Hillend',56.2045100,-3.4224600,11),(119,'Humbie',55.8570100,-2.8652800,1),(120,'Hunters Tryst',55.9018900,-3.2212000,0),(121,'Hyvots Bank',55.9056300,-3.1366600,4),(122,'Inglis Green Road',55.9236200,-3.2518200,1),(123,'Innerleithen',55.6220200,-3.0736600,11),(124,'Inverkeithing',56.0316900,-3.3959400,50),(125,'Jedburgh',55.4821700,-2.5494400,14),(126,'Kelso',55.5957700,-2.4272300,84),(127,'Kelty',56.1345900,-3.3841400,60),(128,'Kingsknowe',55.9161000,-3.2624800,22),(129,'Kinnaird Park',56.7194300,-2.6331300,2),(130,'Kirkliston',55.9559800,-3.4063600,21),(131,'Kirknewton',55.8881500,-3.4223700,12),(132,'Knightsridge',55.9080300,-3.5280000,17),(133,'Lady Nairne',55.9460100,-3.1431200,0),(134,'Ladywood',55.8344100,-3.2114400,13),(135,'Lasswade',55.8856400,-3.1131600,8),(136,'Lauder',55.7210800,-2.7482100,19),(137,'Leith',55.9705300,-3.1713900,38),(139,'Leith (Commercial Street)',55.9773000,-3.1752700,0),(140,'Leith Docks',55.9801400,-3.1777300,0),(141,'Leith Walk',56.5870500,-3.1539500,4),(142,'Liberton',55.9141300,-3.1630600,22),(143,'Linlithgow',55.9758400,-3.6023400,66),(144,'Linlithgow Cross',55.9771200,-3.6005700,0),(145,'Livingstone',55.9966400,-3.8234500,18),(146,'Loanhead',55.8738400,-3.2084400,57),(147,'Lochend',56.0306600,-3.2141100,43),(148,'Lochend (Findlay Gardens)',55.9610000,-3.1569400,0),(149,'London Road',55.9578500,-3.1790000,0),(150,'London Street',55.9607000,-3.1853300,1),(151,'Longniddry',55.9757900,-2.8981400,19),(152,'Longstone',55.9243600,-3.2624000,18),(153,'Marchmont',55.9379600,-3.1958100,14),(154,'Mayfield',55.9418300,-3.1053900,105),(155,'Meadowfield Drive',55.9428400,-3.1455300,0),(156,'Melrose',55.5982700,-2.7237700,18),(157,'Mid Calder',55.8890200,-3.4843000,19),(158,'Milton Road',56.0739600,-3.6221300,11),(159,'Mountcastle',55.9518300,-3.1327100,0),(160,'Morningside',55.9288000,-3.2094000,0),(161,'Mountcastle',55.9523300,-3.1369200,23),(162,'Muirhouse',55.9740900,-3.2552700,0),(163,'Musselburgh',55.9414700,-3.0460200,87),(164,'Myreside',55.9288100,-3.2256000,6),(165,'Newbridge',55.6130700,-3.4981900,13),(166,'Newcraighall',55.9343900,-3.0970500,21),(167,'Newhaven',55.9777600,-3.1911500,28),(168,'Newhaven Road',55.9362000,-3.5115300,3),(169,'Newington',55.4007700,-3.2186600,37),(170,'Newtongrange',55.8680000,-3.0670000,0),(171,'Newtongrange',55.8679900,-3.0652700,23),(172,'Newtongrange Mayfield',55.8712900,-3.0399300,0),(173,'Niddrie',55.9340000,-3.1186400,15),(174,'North Berwick',56.0545500,-2.7048800,67),(175,'North Bridge',55.9591000,-3.4240900,8),(176,'North Road',57.3256200,-3.7790100,25),(177,'Northfield',57.1632300,-2.1608100,32),(178,'Orchard Brae',55.9548600,-3.2318500,9),(179,'Oxgangs',55.9069600,-3.2237300,19),(180,'Parkhead',55.8498300,-4.1972200,38),(181,'Pathhead',55.9920100,-3.0535800,20),(182,'Peebles',55.6529800,-3.1918300,63),(183,'Pencaitland',55.9084400,-2.8923100,17),(184,'Penicuik',55.8287500,-3.2240900,26),(185,'Philipstoun',55.9784300,-3.5264800,0),(186,'Pilrig -Princes Street',55.9647600,-3.1794100,0),(187,'Pinkie',55.8591400,-2.6702600,4),(188,'Polmont',55.9880000,-3.7085400,44),(189,'Polton Mill',55.8714400,-3.1306700,0),(190,'Port Seton',55.9682600,-2.9483200,25),(191,'Portobello',55.9527500,-3.1133900,25),(192,'Prestonfield',55.9320600,-3.1595000,18),(193,'Prestonpans',55.9568900,-2.9801000,62),(194,'Princes Street',55.9512600,-3.2015500,0),(195,'Pumpherston',55.9075400,-3.5003100,12),(196,'Queensferry Road',55.9784400,-3.3032100,4),(197,'Ratho',55.9189300,-3.3739500,24),(198,'Ravelston',55.9520300,-3.2409300,18),(199,'Regent Road',55.9566400,-3.1716400,1),(200,'Restalrig',55.9621900,-3.1494900,16),(201,'Riccarton Campus',55.9102100,-3.3175400,2),(202,'Rosewell',55.8524900,-3.1353800,7),(203,'Roslin',55.8587500,-3.1719300,17),(204,'Rosyth',56.0362000,-3.4243500,69),(205,'Royal Mile',55.9501500,-3.1837100,1),(206,'Royston',55.8690600,-4.2283300,28),(207,'Saughton',55.9308100,-3.2673300,20),(208,'Scotstoun',55.8821600,-4.3566200,35),(209,'Seafield',56.0289500,-3.5716000,24),(210,'Seafield Garage',55.9709000,-3.1514900,0),(211,'Selkirk',55.5471100,-2.8431900,51),(212,'Seton Sands',55.9721500,-2.9314600,1),(213,'Sighthill',55.9289100,-3.2933300,0),(215,'Silverknowes',55.9684200,-3.2687300,10),(216,'Slateford',55.9271000,-3.2458200,19),(217,'South Gyle',55.9335700,-3.3033500,34),(218,'South Queensferry',55.9891000,-3.3962000,0),(219,'St Andrew Square',55.9541400,-3.1919000,1),(220,'St Boswells',55.5627300,-2.6359800,9),(221,'St John’s Hospital',55.8919400,-3.5230500,0),(222,'St Leonards',55.9012700,-3.4402500,9),(223,'Stenhouse',55.9334700,-3.2526100,13),(224,'Stirling',56.1175700,-3.9382500,61),(225,'Stockbridge',55.9584800,-3.2118900,10),(226,'Stoneybank',55.9350900,-3.0680000,23),(227,'Stow',55.6998800,-2.8720200,13),(228,'Straiton Road Sainsbury',55.8825500,-3.1676500,0),(229,'Thornhill',55.2400700,-3.7639200,0),(230,'Tollcross',55.8680000,-3.9263300,51),(231,'Torphin',55.8771400,-3.7820100,7),(232,'Tranent Toll House',55.9371100,-2.9504000,0),(233,'Fa\'side Lodge',55.9455400,-2.9540800,0),(234,'Trinity',56.1088700,-3.1075900,23),(235,'Turnhouse',55.9514100,-3.3440500,6),(236,'Uphall',55.9283200,-3.5112500,17),(237,'Wallyford',55.9402400,-3.0118700,36),(238,'Wallyford',55.9402400,-3.0118700,36),(239,'Wardie',55.9763100,-3.2144700,16),(240,'Waverley Bridge',55.9517500,-3.1918500,6),(241,'West Linton',55.7517300,-3.3555600,7),(242,'West Mains',55.7654800,-4.1910400,34),(243,'Westburn',56.8778000,-2.5495900,29),(244,'Wester Hailes',55.9175000,-3.2763900,53),(245,'Wester Hailes Centre',55.9199800,-3.2760500,0),(246,'Whitburn',55.8649000,-3.6884200,48),(247,'Whitecraig',55.9205000,-3.0404600,9),(248,'Wilkieston',55.9008900,-3.3993300,6),(249,'Willowbrae',55.9485300,-3.1408600,23),(250,'Winchburgh',55.9590700,-3.4634700,17);
/*!40000 ALTER TABLE `stops` ENABLE KEYS */;
UNLOCK TABLES;

--
-- Dumping events for database 'org_buses_db'
--

--
-- Dumping routines for database 'org_buses_db'
--
/*!50003 DROP PROCEDURE IF EXISTS `clone` */;
/*!50003 SET @saved_cs_client      = @@character_set_client */ ;
/*!50003 SET @saved_cs_results     = @@character_set_results */ ;
/*!50003 SET @saved_col_connection = @@collation_connection */ ;
/*!50003 SET character_set_client  = utf8mb4 */ ;
/*!50003 SET character_set_results = utf8mb4 */ ;
/*!50003 SET collation_connection  = utf8mb4_0900_ai_ci */ ;
/*!50003 SET @saved_sql_mode       = @@sql_mode */ ;
/*!50003 SET sql_mode              = 'ONLY_FULL_GROUP_BY,STRICT_TRANS_TABLES,NO_ZERO_IN_DATE,NO_ZERO_DATE,ERROR_FOR_DIVISION_BY_ZERO,NO_ENGINE_SUBSTITUTION' */ ;
DELIMITER ;;
CREATE DEFINER=`root`@`localhost` PROCEDURE `clone`()
BEGIN
-- reconstruction de la BD
DROP SCHEMA  IF EXISTS busesdb;
CREATE SCHEMA busesdb;

-- création des tables et recopie des données
CREATE TABLE busesdb.buslines AS (select * from org_buses_db.buslines);
CREATE TABLE busesdb.stops AS (select * from org_buses_db.stops);
CREATE TABLE busesdb.passages AS (select * from org_buses_db.passages);

-- les clés primaires
ALTER TABLE `busesdb`.`buslines` ADD PRIMARY KEY (`line_id`);
ALTER TABLE `busesdb`.`stops` ADD PRIMARY KEY (`stop_id`);
ALTER TABLE `busesdb`.`passages` ADD PRIMARY KEY (`lineid`,`stopid`,`pos`);

-- clés étrangères de passages
ALTER TABLE `busesdb`.`passages` ADD INDEX `fk_passages_buslines_idx` (`lineid`) ;
ALTER TABLE `busesdb`.`passages` ADD CONSTRAINT `fk_passages_buslines`  FOREIGN KEY (`lineid`)  REFERENCES `busesdb`.`buslines` (`line_id`)  ON DELETE RESTRICT  ON UPDATE RESTRICT;
-- 
ALTER TABLE `busesdb`.`passages` ADD INDEX `fk_passages_stops_idx` (`stopid`) ;
ALTER TABLE `busesdb`.`passages` ADD CONSTRAINT `fk_passages_stops`  FOREIGN KEY (`stopid`)  REFERENCES `busesdb`.`stops` (`stop_id`)  ON DELETE RESTRICT  ON UPDATE RESTRICT;

-- index de buslines
ALTER TABLE `busesdb`.`buslines` ADD UNIQUE INDEX `idx_busline_unique` (`company` ASC, `number` ASC) ;

-- index de stops
ALTER TABLE `busesdb`.`stops` ADD INDEX `idx_stops_name` (`name` ASC) ;

-- user
CREATE USER IF NOT EXISTS 'job'@'localhost' IDENTIFIED BY '&job';
GRANT SELECT ON *.* TO  'job'@'localhost';
GRANT ALL PRIVILEGES ON busesdb.* TO 'job'@'localhost';
GRANT EXECUTE ON PROCEDURE org_buses_db.clone TO 'job'@'localhost';
FLUSH PRIVILEGES;
END ;;
DELIMITER ;
/*!50003 SET sql_mode              = @saved_sql_mode */ ;
/*!50003 SET character_set_client  = @saved_cs_client */ ;
/*!50003 SET character_set_results = @saved_cs_results */ ;
/*!50003 SET collation_connection  = @saved_col_connection */ ;
/*!40103 SET TIME_ZONE=@OLD_TIME_ZONE */;

/*!40101 SET SQL_MODE=@OLD_SQL_MODE */;
/*!40014 SET FOREIGN_KEY_CHECKS=@OLD_FOREIGN_KEY_CHECKS */;
/*!40014 SET UNIQUE_CHECKS=@OLD_UNIQUE_CHECKS */;
/*!40101 SET CHARACTER_SET_CLIENT=@OLD_CHARACTER_SET_CLIENT */;
/*!40101 SET CHARACTER_SET_RESULTS=@OLD_CHARACTER_SET_RESULTS */;
/*!40101 SET COLLATION_CONNECTION=@OLD_COLLATION_CONNECTION */;
/*!40111 SET SQL_NOTES=@OLD_SQL_NOTES */;

-- Dump completed on 2019-06-09  8:19:37
