﻿--
-- Script was generated by Devart dbForge Studio for MySQL, Version 8.0.40.0
-- Product home page: http://www.devart.com/dbforge/mysql/studio
-- Script date 05/06/2020 20:17:05
-- Server version: 5.5.5-10.1.38-MariaDB
-- Client version: 4.1
--

-- 
-- Disable foreign keys
-- 
/*!40014 SET @OLD_FOREIGN_KEY_CHECKS=@@FOREIGN_KEY_CHECKS, FOREIGN_KEY_CHECKS=0 */;

-- 
-- Set SQL mode
-- 
/*!40101 SET @OLD_SQL_MODE=@@SQL_MODE, SQL_MODE='NO_AUTO_VALUE_ON_ZERO' */;

-- 
-- Set character set the client will use to send SQL statements to the server
--
SET NAMES 'utf8';

--
-- Set default database
--
USE doom;

--
-- Drop table `armas`
--
DROP TABLE IF EXISTS armas;

--
-- Drop table `demonios`
--
DROP TABLE IF EXISTS demonios;

--
-- Drop table `jugadores`
--
DROP TABLE IF EXISTS jugadores;

--
-- Drop table `personajes`
--
DROP TABLE IF EXISTS personajes;

--
-- Drop table `zonas`
--
DROP TABLE IF EXISTS zonas;

--
-- Drop table `mapas`
--
DROP TABLE IF EXISTS mapas;

--
-- Drop table `habilidades`
--
DROP TABLE IF EXISTS habilidades;

--
-- Drop table `razas`
--
DROP TABLE IF EXISTS razas;

--
-- Set default database
--
USE doom;

--
-- Create table `razas`
--
CREATE TABLE razas (
  nombre_raza varchar(10) NOT NULL,
  PRIMARY KEY (nombre_raza)
)
ENGINE = INNODB,
AVG_ROW_LENGTH = 1820,
CHARACTER SET latin1,
COLLATE latin1_swedish_ci;

--
-- Create table `habilidades`
--
CREATE TABLE habilidades (
  id int(1) NOT NULL,
  nombre_raza varchar(10) DEFAULT NULL,
  habilidades varchar(10) DEFAULT NULL,
  PRIMARY KEY (id)
)
ENGINE = INNODB,
AVG_ROW_LENGTH = 1638,
CHARACTER SET latin1,
COLLATE latin1_swedish_ci;

--
-- Create foreign key
--
ALTER TABLE habilidades
ADD CONSTRAINT fk_habilidades_razas FOREIGN KEY (nombre_raza)
REFERENCES razas (nombre_raza);

--
-- Create table `mapas`
--
CREATE TABLE mapas (
  nombre_mapa varchar(12) NOT NULL,
  puntos_control varchar(20) DEFAULT NULL,
  foto varchar(25) DEFAULT NULL,
  PRIMARY KEY (nombre_mapa)
)
ENGINE = INNODB,
AVG_ROW_LENGTH = 1638,
CHARACTER SET latin1,
COLLATE latin1_swedish_ci;

--
-- Create table `zonas`
--
CREATE TABLE zonas (
  cod_zona int(1) NOT NULL,
  es_secreta tinyint(1) DEFAULT NULL,
  nombre_mapa varchar(20) DEFAULT NULL,
  PRIMARY KEY (cod_zona)
)
ENGINE = INNODB,
AVG_ROW_LENGTH = 1638,
CHARACTER SET latin1,
COLLATE latin1_swedish_ci;

--
-- Create foreign key
--
ALTER TABLE zonas
ADD CONSTRAINT fk_zonas_mapas FOREIGN KEY (nombre_mapa)
REFERENCES mapas (nombre_mapa);

--
-- Create table `personajes`
--
CREATE TABLE personajes (
  cod_personaje int(1) NOT NULL,
  nombre varchar(10) DEFAULT NULL,
  descripcion varchar(110) DEFAULT NULL,
  es_secundario tinyint(1) DEFAULT NULL,
  PRIMARY KEY (cod_personaje)
)
ENGINE = INNODB,
AVG_ROW_LENGTH = 1489,
CHARACTER SET latin1,
COLLATE latin1_swedish_ci;

--
-- Create table `jugadores`
--
CREATE TABLE jugadores (
  cod_jugador int(1) NOT NULL,
  cod_personaje int(1) DEFAULT NULL,
  nombre varchar(10) DEFAULT NULL,
  PRIMARY KEY (cod_jugador)
)
ENGINE = INNODB,
AVG_ROW_LENGTH = 1638,
CHARACTER SET latin1,
COLLATE latin1_swedish_ci;

--
-- Create index `uk_personaje_jugador` on table `jugadores`
--
ALTER TABLE jugadores
ADD UNIQUE INDEX uk_personaje_jugador (cod_jugador);

--
-- Create foreign key
--
ALTER TABLE jugadores
ADD CONSTRAINT fk_jugador_personaje FOREIGN KEY (cod_jugador)
REFERENCES personajes (cod_personaje);

--
-- Create table `demonios`
--
CREATE TABLE demonios (
  cod_demonio int(1) NOT NULL,
  cod_personaje int(1) DEFAULT NULL,
  numero int(2) DEFAULT NULL,
  nombre_razas varchar(10) DEFAULT NULL,
  nombre_mapas varchar(12) DEFAULT NULL,
  nombre_demonio varchar(12) DEFAULT NULL,
  PRIMARY KEY (cod_demonio)
)
ENGINE = INNODB,
AVG_ROW_LENGTH = 1638,
CHARACTER SET latin1,
COLLATE latin1_swedish_ci;

--
-- Create foreign key
--
ALTER TABLE demonios
ADD CONSTRAINT FK_demonios FOREIGN KEY (nombre_razas)
REFERENCES razas (nombre_raza) ON DELETE NO ACTION ON UPDATE NO ACTION;

--
-- Create foreign key
--
ALTER TABLE demonios
ADD CONSTRAINT FK_demonios_personajes_cod_personaje FOREIGN KEY (cod_personaje)
REFERENCES personajes (cod_personaje) ON DELETE NO ACTION ON UPDATE NO ACTION;

--
-- Create foreign key
--
ALTER TABLE demonios
ADD CONSTRAINT fk_demonios_mapas FOREIGN KEY (nombre_mapas)
REFERENCES mapas (nombre_mapa);

--
-- Create foreign key
--
ALTER TABLE demonios
ADD CONSTRAINT fk_demonios_razas FOREIGN KEY (nombre_razas)
REFERENCES razas (nombre_raza);

--
-- Create table `armas`
--
CREATE TABLE armas (
  numero int(2) NOT NULL,
  cod_personaje int(1) DEFAULT NULL,
  nombre varchar(10) DEFAULT NULL,
  municion varchar(12) DEFAULT NULL,
  PRIMARY KEY (numero)
)
ENGINE = INNODB,
AVG_ROW_LENGTH = 1638,
CHARACTER SET latin1,
COLLATE latin1_swedish_ci;

--
-- Create foreign key
--
ALTER TABLE armas
ADD CONSTRAINT fk_armas_personaje FOREIGN KEY (cod_personaje)
REFERENCES personajes (cod_personaje);

-- 
-- Dumping data for table razas
--
INSERT INTO razas VALUES
('baron'),
('caballero'),
('cyberdemon'),
('eraldo'),
('mancubus'),
('mecademon'),
('pinky'),
('segador'),
('spyder');

-- 
-- Dumping data for table mapas
--
INSERT INTO mapas VALUES
('Caboolture', 'punto1', 'foto1.png'),
('Canberra', 'punto6', 'foto2.png'),
('Echuca', 'punto3', 'foto3.png'),
('Emerald', 'punto10', 'foto.png'),
('Mackay', 'punto8', 'foto2.png'),
('Pakenham', 'punto6', 'foto1.png'),
('Rockhampton', 'punto2', 'foto1.png'),
('Sale', 'punto7', 'foto3.png'),
('Sawtell', 'punto8', 'foto.png'),
('Ulverstone', 'punto11', 'foto3.png');

-- 
-- Dumping data for table personajes
--
INSERT INTO personajes VALUES
(23, 'Bradford', ' agiles y sigilosos', 1),
(34, 'soldado z', 'Tienen un canoñon de plasma el cual lanza rayos, ellos antes eran humanos', 1),
(35, 'Sammy', 'altos, agiles listos para cualquier entorno', 1),
(36, 'Salvatore', 'altos, agiles listos para cualquier entorno', 1),
(40, 'Jarrett', ' lento pero resistente a la hora de la lucha', 1),
(44, 'Abel', 'con cuernos potentes y pesados a la hora de moverse', 0),
(45, 'Vincent', ' agiles y sigilosos', 0),
(50, 'pinky', 'Realiza una carga contra sus victimas a la hora de atacar , consiguiendo gran velocidad', 1),
(57, 'Leslie', 'con cuernos potentes y pesados a la hora de moverse', 1),
(58, 'Garfield', 'altos, agile y con mala ostia', 0),
(62, 'Bradley', 'altos, agiles listos para cualquier entorno', 1);

-- 
-- Dumping data for table zonas
--
INSERT INTO zonas VALUES
(149, 0, 'Rockhampton'),
(210, 1, 'Echuca'),
(810, 0, 'Caboolture'),
(2812, 1, 'Emerald'),
(3290, 0, 'Caboolture'),
(4711, 1, 'Sawtell'),
(4764, 0, 'Canberra'),
(8430, 0, 'Emerald'),
(8810, 1, 'Sawtell'),
(9601, 0, 'Mackay');

-- 
-- Dumping data for table jugadores
--
INSERT INTO jugadores VALUES
(23, 5229, 'DOOM SLAYE'),
(34, 3821, 'Jules'),
(35, 8720, 'Broderick'),
(36, 8110, 'Doug'),
(40, 8291, 'Vince'),
(44, 3030, 'Julian'),
(45, 3319, 'Vincent'),
(57, 6311, 'Salvatore'),
(58, 2610, 'Hoyt'),
(62, 4771, 'Octavio');

-- 
-- Dumping data for table habilidades
--
INSERT INTO habilidades VALUES
(1, 'pinky', 'carga'),
(2, 'mecademon', 'disparos y'),
(3, 'baron', 'rayos'),
(4, 'caballero', 'garras'),
(5, 'segador', 'invocacion'),
(6, 'mancubus', 'lanza llam'),
(7, 'pinky', 'rayos'),
(8, 'segador', 'sigilo'),
(9, 'baron', 'fuego'),
(10, 'baron', 'invocacion');

-- 
-- Dumping data for table demonios
--
INSERT INTO demonios VALUES
(1040, 58, 4, 'cyberdemon', 'Canberra', 'Supt.'),
(2052, 62, 8, 'eraldo', 'Echuca', 'Sec'),
(2323, 40, 3, 'caballero', 'Sawtell', 'Supt'),
(3060, 35, 2, 'mancubus', 'Caboolture', 'Supt'),
(3316, 23, 7, 'baron', 'Sale', 'Supt'),
(4120, 34, 9, 'mancubus', 'Ulverstone', 'Supt'),
(4231, 44, 6, 'baron', 'Caboolture', 'Supt'),
(4920, 44, 5, 'segador', 'Sale', 'Lady'),
(4953, 44, 1, 'cyberdemon', 'Sawtell', 'Atty.'),
(5040, 35, 10, 'caballero', 'Sale', 'Rep');

-- 
-- Dumping data for table armas
--
INSERT INTO armas VALUES
(1, 62, 'escopeta', 'granadas'),
(2, 44, 'ligera', 'cartuchos'),
(3, 57, 'BFG\r\n', 'energia'),
(4, 34, 'sierra', 'gasolina'),
(5, 23, 'BFG\r\n', 'granadas'),
(6, 62, 'ligera', 'misiles'),
(7, 40, 'escopeta', 'cartuchos'),
(8, 35, 'fusil de p', 'plasma'),
(9, 57, 'ligera', 'granadas'),
(10, 57, 'fusil', 'cartuchos');

-- 
-- Restore previous SQL mode
-- 
/*!40101 SET SQL_MODE=@OLD_SQL_MODE */;

-- 
-- Enable foreign keys
-- 
/*!40014 SET FOREIGN_KEY_CHECKS = @OLD_FOREIGN_KEY_CHECKS */;