-- phpMyAdmin SQL Dump
-- version 4.6.6deb5
-- https://www.phpmyadmin.net/
--
-- Host: localhost
-- Generation Time: May 15, 2018 at 12:01 PM
-- Server version: 5.7.22-0ubuntu0.17.10.1
-- PHP Version: 7.1.17-1+ubuntu17.10.1+deb.sury.org+1

SET SQL_MODE = "NO_AUTO_VALUE_ON_ZERO";
SET time_zone = "+00:00";


/*!40101 SET @OLD_CHARACTER_SET_CLIENT=@@CHARACTER_SET_CLIENT */;
/*!40101 SET @OLD_CHARACTER_SET_RESULTS=@@CHARACTER_SET_RESULTS */;
/*!40101 SET @OLD_COLLATION_CONNECTION=@@COLLATION_CONNECTION */;
/*!40101 SET NAMES utf8mb4 */;

--
-- Database: `peli2018`
--

-- --------------------------------------------------------

--
-- Table structure for table `actor`
--

CREATE TABLE `actor` (
  `id` int(11) UNSIGNED NOT NULL,
  `nombre` varchar(70) NOT NULL DEFAULT ''
) ENGINE=InnoDB DEFAULT CHARSET=latin1;

--
-- Dumping data for table `actor`
--

INSERT INTO `actor` (`id`, `nombre`) VALUES
(1, 'A.J. Cook'),
(2, 'Aaron Eckhart'),
(3, 'Aaron Murphy'),
(4, 'Aaron Stanford'),
(5, 'Abdolgani Yousefrazi'),
(6, 'Abel Ayala'),
(7, 'Abigail Breslin'),
(8, 'Achita Sikamana'),
(9, 'Adam Beach'),
(10, 'Adam Brody'),
(11, 'Adam Campbell'),
(12, 'Adam Pascal'),
(13, 'Adam Sandler'),
(14, 'Addison Timlin'),
(15, 'Adewale Akinnuoye-Agbaje'),
(16, 'Adolph Davis'),
(17, 'Adoni Maropis'),
(18, 'Adrian Alonso'),
(19, 'Adriana Aizemberg'),
(20, 'Adriana Gil'),
(21, 'Adrien Brody'),
(22, 'Adrienne Barbeau'),
(23, 'Adrián Navarro'),
(24, 'Agheleh Rezaie'),
(25, 'Agnès Jaoui'),
(26, 'Agustín Garvíe'),
(27, 'Aimee Garcia'),
(28, 'Aishwarya Rai Bachchan'),
(29, 'Akihiro Miwa'),
(30, 'Akiko Takeshita'),
(31, 'Al Gore'),
(32, 'Al Pacino'),
(33, 'Alain Chabat'),
(34, 'Alan Arkin'),
(35, 'Alan Cumming'),
(36, 'Alan David'),
(37, 'Alan Tudyk'),
(38, 'Alastair MacIntosh'),
(39, 'Albert Brooks'),
(40, 'Albert Dupontel'),
(41, 'Albert Finney'),
(42, 'Alberto Reyes'),
(43, 'Alberto Yoel'),
(44, 'Albiera Antinori'),
(45, 'Aldo Barbero'),
(46, 'Aldo Maccione'),
(47, 'Alec Baldwin'),
(48, 'Alejandro Urdapilleta'),
(49, 'Alessandro Gassman'),
(50, 'Alessandro Morace'),
(51, 'Alessandro Nivola'),
(52, 'Alessio Boni'),
(53, 'Alex Borstein'),
(54, 'Alex Contreras'),
(55, 'Alex Etel'),
(56, 'Alex Frost'),
(57, 'Alex Jennings'),
(58, 'Alex Reid'),
(59, 'Alexander Armstrong'),
(60, 'Alexander Gould'),
(61, 'Alexander Ludwig'),
(62, 'Alexandra Maria Lara'),
(63, 'Alexandre Rodrigues'),
(64, 'Alexis Bledel'),
(65, 'Alexz Johnson'),
(66, 'Alfre Woodard'),
(67, 'Alfred Molina'),
(68, 'Ali Astin'),
(69, 'Ali Hillis'),
(70, 'Ali Larter'),
(71, 'Alice Braga'),
(72, 'Alice Krige'),
(73, 'Alice Shaw'),
(74, 'Alice Teghil'),
(75, 'Alicia Witt'),
(76, 'Alima Ashton-Sheibu'),
(77, 'Aline Küppenheim'),
(78, 'Alison Garland'),
(79, 'Alison Lohman'),
(80, 'Alizé'),
(81, 'Allan Sherman'),
(82, 'Allegra Antinori'),
(83, 'Allie Mickelson'),
(84, 'Alvaro García Lineras'),
(85, 'Alyson Hannigan'),
(86, 'Amanda Bynes'),
(87, 'Amanda Kearsan'),
(88, 'Amanda Peet'),
(89, 'Amanda Plummer'),
(90, 'Amaya Forch'),
(91, 'Amber Tamblyn'),
(92, 'Amber Valletta'),
(93, 'America Ferrera'),
(94, 'Amgaabazar Gonson'),
(95, 'Amr Waked'),
(96, 'Amy Aquino'),
(97, 'Amy Bamberger'),
(98, 'Amy Smart'),
(99, 'Ana Fernández'),
(100, 'Ananda Everingham'),
(101, 'Anca Ahrfrescu'),
(102, 'Andre Stojka'),
(103, 'Andrea James'),
(104, 'Andrew Havill'),
(105, 'Andrew Wyatt'),
(106, 'André Benjamin'),
(107, 'Andrés Pazos'),
(108, 'Andy Arness'),
(109, 'Andy Dick'),
(110, 'Andy Garcia'),
(111, 'Andy Lau'),
(112, 'Angela Bassett'),
(113, 'Angelica Mandy'),
(114, 'Angelina Jolie'),
(115, 'Angie Harmon'),
(116, 'Angus Macfadyen'),
(117, 'Anjelica Huston'),
(118, 'Anna Blomeier'),
(119, 'Anna Chancellor'),
(120, 'Anna Faris'),
(121, 'Anna Keaveney'),
(122, 'Anna Paquin'),
(123, 'Anna Popplewell'),
(124, 'Anna Rust'),
(125, 'Anna Sisková'),
(126, 'AnnaSophia Robb'),
(127, 'Anne Hathaway'),
(128, 'Anne-Marie Duff'),
(129, 'Anneke Blok'),
(130, 'Annette Bening'),
(131, 'Annie Parisse'),
(132, 'Anson Mount'),
(133, 'Anthony Anderson'),
(134, 'Anthony Arkin'),
(135, 'Anthony Edwards'),
(136, 'Anthony Hopkins'),
(137, 'Anthony Mackie'),
(138, 'Anthony Piccininni'),
(139, 'Anthony Rapp'),
(140, 'Antoine Basler'),
(141, 'Antonella Costa'),
(142, 'Antonio Banderas'),
(143, 'Antonio Carnevale'),
(144, 'Antonio Tarver'),
(145, 'Anupam Kher'),
(146, 'Arfan Usman'),
(147, 'Argentino Vargas'),
(148, 'Ariel Abadi'),
(149, 'Ariel Mateluna'),
(150, 'Arielle Kebbel'),
(151, 'Arlin Miller'),
(152, 'Armand Assante'),
(153, 'Arnold Schwarzenegger'),
(154, 'Arturo Goetz'),
(155, 'Arvin V. Entena'),
(156, 'Ashley Judd'),
(157, 'Ashley Scott'),
(158, 'Ashraf Barhom'),
(159, 'Ashton Kutcher'),
(160, 'Audrey Tautou'),
(161, 'Audry Gutierrez Alea'),
(162, 'Aurore Clément'),
(163, 'Austin Lysy'),
(164, 'Avaz Latif'),
(165, 'Axel Thouvenin'),
(166, 'Ayu Kitaura'),
(167, 'Azucena Medina'),
(168, 'Badi Uzzaman'),
(169, 'Bahar Soomekh'),
(170, 'Barbara Nedeljakova'),
(171, 'Barbara Stanwyck'),
(172, 'Barbora Bobulova'),
(173, 'Barbora Lukesová'),
(174, 'Barbra Streisand'),
(175, 'Barney Clark'),
(176, 'Barry Pepper'),
(177, 'Barry Watson'),
(178, 'Beatrice Savoretti'),
(179, 'Beau Bridges'),
(180, 'Ben Affleck'),
(181, 'Ben Daniels'),
(182, 'Ben Kingsley'),
(183, 'Ben Miller'),
(184, 'Ben Stiller'),
(185, 'Ben Walker'),
(186, 'Benicio Del Toro'),
(187, 'Benjamin Bratt'),
(188, 'Benno Fürmann'),
(189, 'Benoît Magimel'),
(190, 'Bernard Le Coq'),
(191, 'Bernie Mac'),
(192, 'Betsy Russell'),
(193, 'Bette Midler'),
(194, 'Betty Aberlin'),
(195, 'Beyoncé Knowles'),
(196, 'Bill Clinton'),
(197, 'Bill Fagerbakke'),
(198, 'Bill Hader'),
(199, 'Bill Murray'),
(200, 'Bill Nighy'),
(201, 'Bill Pullman'),
(202, 'Bill Thompson'),
(203, 'Billie Whitelaw'),
(204, 'Billy Bob Thornton'),
(205, 'Billy Boyd'),
(206, 'Billy Connolly'),
(207, 'Billy Crudup'),
(208, 'Billy Crystal'),
(209, 'Billy West'),
(210, 'Bimbo Hart'),
(211, 'Bin Li'),
(212, 'Bin Wu'),
(213, 'Birol Ünel'),
(214, 'Blake Woodruff'),
(215, 'Blanca Portillo'),
(216, 'Blanchard Ryan'),
(217, 'Bob Balaban'),
(218, 'Bob Dorian'),
(219, 'Bob Hoskins'),
(220, 'Bob Newhart'),
(221, 'Bobby Block'),
(222, 'Bobby Driscoll'),
(223, 'Bolek Polívka'),
(224, 'Bonnie Hunt'),
(225, 'Brad Dourif'),
(226, 'Brad Kelly'),
(227, 'Brad Pitt'),
(228, 'Brandon Ratcliff'),
(229, 'Brandon Routh'),
(230, 'Brea Frazier'),
(231, 'Breckin Meyer'),
(232, 'Brenda Ballard'),
(233, 'Brenda Song'),
(234, 'Brendan Fraser'),
(235, 'Brendon Baerg'),
(236, 'Brett Cullen'),
(237, 'Brett Kelly'),
(238, 'Brian Cox'),
(239, 'Brian Dennehy'),
(240, 'Brian Howe'),
(241, 'Brian Maya'),
(242, 'Brian Van Holt'),
(243, 'Brianna Gillen'),
(244, 'Bridget Moynahan'),
(245, 'Brittany Murphy'),
(246, 'Brittany Snow'),
(247, 'Brooke Langton'),
(248, 'Brooklynn Proulx'),
(249, 'Bruce Allpress'),
(250, 'Bruce Altman'),
(251, 'Bruce Campbell'),
(252, 'Bruce Dern'),
(253, 'Bruce Greenwood'),
(254, 'Bruce Willis'),
(255, 'Bruno Ganz'),
(256, 'Bryan Greenberg'),
(257, 'Bryce Dallas Howard'),
(258, 'Burghart Klaußner'),
(259, 'Burt Young'),
(260, 'Bálint Péntek'),
(261, 'Bárbara Mori'),
(262, 'Béatrice Bonifassi'),
(263, 'Béatrice Dalle'),
(264, 'Béla Dóra'),
(265, 'Börje Ahlstedt'),
(266, 'Cam Gigandet'),
(267, 'Cameron Bright'),
(268, 'Cameron Carter'),
(269, 'Cameron Diaz'),
(270, 'Cameron Douglas'),
(271, 'Camilla Belle'),
(272, 'Campbell Scott'),
(273, 'Candela Peña'),
(274, 'Carice van Houten'),
(275, 'Carl Ng'),
(276, 'Carla Gugino'),
(277, 'Carlos Alazraqui'),
(278, 'Carlos Belloso'),
(279, 'Carlos Echevarría'),
(280, 'Carlos Saúl Menem'),
(281, 'Carly Nahon'),
(282, 'Carly Schroeder'),
(283, 'Carmen Maura'),
(284, 'Carolina Pelleritti'),
(285, 'Caroline Aaron'),
(286, 'Caroline Peters'),
(287, 'Carrie Fisher'),
(288, 'Carrie-Anne Moss'),
(289, 'Cary Elwes'),
(290, 'Casey Affleck'),
(291, 'Caspar Poyck'),
(292, 'Cassandra Magrath'),
(293, 'Catalina Sandino Moreno'),
(294, 'Cate Blanchett'),
(295, 'Catherine An'),
(296, 'Catherine Deneuve'),
(297, 'Catherine Keener'),
(298, 'Catherine O´Hara'),
(299, 'Catherine Zeta-Jones'),
(300, 'Cedric the Entertainer'),
(301, 'Chad Lindberg'),
(302, 'Chad Michael Murray'),
(303, 'Chandra West'),
(304, 'Channing Tatum'),
(305, 'Chantal Neuwirth'),
(306, 'Charles Berling'),
(307, 'Charles Dance'),
(308, 'Charles S. Dutton'),
(309, 'Charlie Sheen'),
(310, 'Charlie Tahan'),
(311, 'Charlize Theron'),
(312, 'Charlotte Gainsbourg'),
(313, 'Charlotte Rampling'),
(314, 'Chemeeka Walker'),
(315, 'Chester'),
(316, 'Chi McBride'),
(317, 'Chieko Baishô'),
(318, 'Chiew Sung Ching'),
(319, 'Chimed Ohin'),
(320, 'Chiwetel Ejiofor'),
(321, 'Chris Ambrose'),
(322, 'Chris Barrie'),
(323, 'Chris Cooper'),
(324, 'Chris Evans'),
(325, 'Chris Isaak'),
(326, 'Chris Marquette'),
(327, 'Chris O´Donnell'),
(328, 'Chris O´Neil'),
(329, 'Chris Rock'),
(330, 'Chris Tucker'),
(331, 'Christa Théret'),
(332, 'Christian Bale'),
(333, 'Christian Baucher'),
(334, 'Christian Kane'),
(335, 'Christian Meier'),
(336, 'Christian Rudder'),
(337, 'Christina Milian'),
(338, 'Christina Ricci'),
(339, 'Christina Vidal'),
(340, 'Christine Anu'),
(341, 'Christo Jivkov'),
(342, 'Christopher Eccleston'),
(343, 'Christopher Fulford'),
(344, 'Christopher Kovaleski'),
(345, 'Christopher Mintz-Plasse'),
(346, 'Christopher Plummer'),
(347, 'Christopher Shyer'),
(348, 'Christopher Walken'),
(349, 'Ciarán Hinds'),
(350, 'Cillian Murphy'),
(351, 'Claire Danes'),
(352, 'Clancy Brown'),
(353, 'Clara Khoury'),
(354, 'Claude Brasseur'),
(355, 'Claudio Da Passano'),
(356, 'Claudio Martínez Bel'),
(357, 'Clea DuVall'),
(358, 'Cleo King'),
(359, 'Cliff Curtis'),
(360, 'Cliff Saunders'),
(361, 'Clifton Powell'),
(362, 'Clint Eastwood'),
(363, 'Clint Howard'),
(364, 'Clive Owen'),
(365, 'Cloris Leachman'),
(366, 'Clémence Meyer'),
(367, 'Cole Hauser'),
(368, 'Colin Cunningham'),
(369, 'Colin Farrell'),
(370, 'Colin Firth'),
(371, 'Colm Feore'),
(372, 'Connie Nielsen'),
(373, 'Connor Funk'),
(374, 'Connor Paolo'),
(375, 'Constance Jones'),
(376, 'Corinna Harfouch'),
(377, 'Costas Mandylor'),
(378, 'Courteney Cox'),
(379, 'Courtney Taylor Burness'),
(380, 'Craig Archibald'),
(381, 'Craig Bierko'),
(382, 'Craig T. Nelson'),
(383, 'Csongor Kassai'),
(384, 'Cuba Gooding Jr.'),
(385, 'Cyrielle Clair'),
(386, 'Cécile De France'),
(387, 'César Albarracín'),
(388, 'César Bordón'),
(389, 'Dady Brieva'),
(390, 'Dae-han Ji'),
(391, 'Dagoberto Gama'),
(392, 'Daisy Donovan'),
(393, 'Dakota Blue Richards'),
(394, 'Dakota Fanning'),
(395, 'Dalia Hernández'),
(396, 'Damaine Radcliff'),
(397, 'Damian Lewis'),
(398, 'Damien Marzette'),
(399, 'Dan Byrd'),
(400, 'Dan Castellaneta'),
(401, 'Dan Leis'),
(402, 'Dana Ivey'),
(403, 'Dane Cook'),
(404, 'Dania Abu-Rmaileh'),
(405, 'Daniel Brühl'),
(406, 'Daniel Craig'),
(407, 'Daniel Day-Lewis'),
(408, 'Daniel Duval'),
(409, 'Daniel Giménez Cacho'),
(410, 'Daniel Hansen'),
(411, 'Daniel Hendler'),
(412, 'Daniel Magon'),
(413, 'Daniel Miranda'),
(414, 'Daniel Radcliffe'),
(415, 'Daniel Travis'),
(416, 'Danielle Panabaker'),
(417, 'Danielle Proulx'),
(418, 'Danielle Savre'),
(419, 'Danielle Skraastad'),
(420, 'Danny Burstein'),
(421, 'Danny Glover'),
(422, 'Danny Huston'),
(423, 'Danny McCarthy'),
(424, 'Danny Perea'),
(425, 'Danso Gordon'),
(426, 'Darlene Bohorquez'),
(427, 'Dash Mihok'),
(428, 'Dato Bakhtadze'),
(429, 'David Alan Grier'),
(430, 'David Andriole'),
(431, 'David Aston'),
(432, 'David Bedella'),
(433, 'David Dorfman'),
(434, 'David Duchovny'),
(435, 'David Fox'),
(436, 'David Gulpilil'),
(437, 'David Hasselhoff'),
(438, 'David Hyde Pierce'),
(439, 'David Kelly'),
(440, 'David McCullough'),
(441, 'David Morrissey'),
(442, 'David Morse'),
(443, 'David Moscow'),
(444, 'David Paetkau'),
(445, 'David Patch'),
(446, 'David Schwimmer'),
(447, 'David Strathairn'),
(448, 'David Tennant'),
(449, 'David Thewlis'),
(450, 'David Warner'),
(451, 'David Wenham'),
(452, 'Daws Butler'),
(453, 'Dax Shepard'),
(454, 'Dean Andrews'),
(455, 'Dean Cain'),
(456, 'Dean Reed'),
(457, 'Deborah Kara Unger'),
(458, 'Debra Messing'),
(459, 'Demi Moore'),
(460, 'Denis Leary'),
(461, 'Denise Richards'),
(462, 'Dennis Haysbert'),
(463, 'Dennis Quaid'),
(464, 'Denzel Washington'),
(465, 'Deobia Oparei'),
(466, 'Derek Jacobi'),
(467, 'Derek Richardson'),
(468, 'Dermot Mulroney'),
(469, 'Desmond Harrington'),
(470, 'Devon Aoki'),
(471, 'Devon Gummersall'),
(472, 'De´Shawn Washington'),
(473, 'Diana Hardcastle'),
(474, 'Diane Keaton'),
(475, 'Diane Kruger'),
(476, 'Diane Lane'),
(477, 'Dick Clark'),
(478, 'Dick Van Dyke'),
(479, 'Diego Bertie'),
(480, 'Diego Cataño'),
(481, 'Diego Luna'),
(482, 'Dina Spybey-Waters'),
(483, 'Dinara Drukarova'),
(484, 'Dionne Quan'),
(485, 'Diora Baird'),
(486, 'Djimon Hounsou'),
(487, 'Do Thi Hai Yen'),
(488, 'Domingo Cavallo'),
(489, 'Dominic Purcell'),
(490, 'Dominique Pinon'),
(491, 'Don Cheadle'),
(492, 'Don Francks'),
(493, 'Don Knotts'),
(494, 'Don McManus'),
(495, 'Donal Logue'),
(496, 'Donald Pleasence'),
(497, 'Donald Sutherland'),
(498, 'Donnie Wahlberg'),
(499, 'Doona Bae'),
(500, 'Dorian Boguta'),
(501, 'Dorian Missick'),
(502, 'Dorotheea Petre'),
(503, 'Dorothy Duffy'),
(504, 'Doru Ana'),
(505, 'Doug Jones'),
(506, 'Douglas Henshall'),
(507, 'Douglas Silva'),
(508, 'Dougray Scott'),
(509, 'Drew Barrymore'),
(510, 'Dustin Bollinger'),
(511, 'Dustin Hoffman'),
(512, 'Dylan McDermott'),
(513, 'Eamonn Walker'),
(514, 'Ebon Moss-Bachrach'),
(515, 'Ed Harris'),
(516, 'Ed Kross'),
(517, 'Ed Speleers'),
(518, 'Ed Stoppard'),
(519, 'Eddie Cibrian'),
(520, 'Eddie Deezen'),
(521, 'Eddie Izzard'),
(522, 'Eddie Kaye Thomas'),
(523, 'Eddie Marsan'),
(524, 'Eddie Martinez'),
(525, 'Eddie Murphy'),
(526, 'Edgardo Nieva'),
(527, 'Eduard Fernández'),
(528, 'Eduardo Noriega'),
(529, 'Edward Asner'),
(530, 'Edward Burns'),
(531, 'Edward Norton'),
(532, 'Edward Woodall'),
(533, 'Edwige Fenech'),
(534, 'Efren Ramirez'),
(535, 'Eileen Atkins'),
(536, 'Eileen Essell'),
(537, 'Eileen Pedde'),
(538, 'Elaine Hendrix'),
(539, 'Elden Henson'),
(540, 'Elena Anaya'),
(541, 'Elias McConnell'),
(542, 'Elijah Wood'),
(543, 'Elisa Bocanegra'),
(544, 'Elisabeth Shue'),
(545, 'Elisha Cuthbert'),
(546, 'Eliza Dushku'),
(547, 'Elizabeth Berkley'),
(548, 'Elizabeth Daily'),
(549, 'Elizabeth Hurley'),
(550, 'Elizabeth Perkins'),
(551, 'Elizabeth Taylor'),
(552, 'Elle Fanning'),
(553, 'Elle Peterson'),
(554, 'Ellen Burstyn'),
(555, 'Ellen DeGeneres'),
(556, 'Ellen Page'),
(557, 'Ellen Vogel'),
(558, 'Ellen Widmann'),
(559, 'Eloy Burman'),
(560, 'Elvira Mínguez'),
(561, 'Elvira Onetto'),
(562, 'Embeth Davidtz'),
(563, 'Emile Hirsch'),
(564, 'Emilia Fox'),
(565, 'Emilie de Ravin'),
(566, 'Emily Blunt'),
(567, 'Emily Browning'),
(568, 'Emily Deschanel'),
(569, 'Emily Mortimer'),
(570, 'Emily Procter'),
(571, 'Emily Watson'),
(572, 'Eminem'),
(573, 'Emma Bolger'),
(574, 'Emma Samuelsson'),
(575, 'Emma Thompson'),
(576, 'Emmanuelle Béart'),
(577, 'Emmanuelle Chriqui'),
(578, 'Emmanuelle Devos'),
(579, 'Emmanuelle Seigner'),
(580, 'Emmy Rossum'),
(581, 'Enrique Arreola'),
(582, 'Enrique Conlazo'),
(583, 'Enrique Murciano'),
(584, 'Enrique Pinti'),
(585, 'Enrique Villén'),
(586, 'Eric Balfour'),
(587, 'Eric Bana'),
(588, 'Eric Christian Olsen'),
(589, 'Eric Deulen'),
(590, 'Eric Haberman'),
(591, 'Eric Sykes'),
(592, 'Erica Leerhsen'),
(593, 'Erik Knudsen'),
(594, 'Erika Christensen'),
(595, 'Eriq Ebouaney'),
(596, 'Erland Josephson'),
(597, 'Ernesto Alterio'),
(598, 'Errol Flynn'),
(599, 'Erto Pantoja'),
(600, 'Esmée Buchet-Deàk'),
(601, 'Estella Warren'),
(602, 'Estelle Winwood'),
(603, 'Esther Gorintin'),
(604, 'Ethan Hawke'),
(605, 'Eugene Hutz'),
(606, 'Eugene Levy'),
(607, 'Eul-boon Kim'),
(608, 'Eva Birthistle'),
(609, 'Eva Green'),
(610, 'Eva Longoria'),
(611, 'Eva Mendes'),
(612, 'Evan Paul'),
(613, 'Evan Rachel Wood'),
(614, 'Eve'),
(615, 'Everlyn Sampi'),
(616, 'Evgeniy Sytyy'),
(617, 'Ewan McGregor'),
(618, 'Eythor Gudjonsson'),
(619, 'Fabio Camilli'),
(620, 'Fabio Volo'),
(621, 'Fabián Arenillas'),
(622, 'Fabrizio Bentivoglio'),
(623, 'Fabrizio Borsani'),
(624, 'Faith Ford'),
(625, 'Famke Janssen'),
(626, 'Fanny Ardant'),
(627, 'Farhad Harun'),
(628, 'Faye Wong'),
(629, 'Federico Esquerro'),
(630, 'Fele Martínez'),
(631, 'Felicity Huffman'),
(632, 'Fernanda de Almeida'),
(633, 'Fernando E. Solanas'),
(634, 'Fernando Fernán Gómez'),
(635, 'Fernando Roa'),
(636, 'Fernando Vargas'),
(637, 'Filippo Nigro'),
(638, 'Fiona Shaw'),
(639, 'Fisher Stevens'),
(640, 'Flora Cross'),
(641, 'Forest Whitaker'),
(642, 'Frances Conroy'),
(643, 'Frances Fisher'),
(644, 'Frances McDormand'),
(645, 'Francesco Casisa'),
(646, 'Francesco De Vito'),
(647, 'Francisco Dornez'),
(648, 'Frank Welker'),
(649, 'Franka Potente'),
(650, 'Frankie Muniz'),
(651, 'François Berléand'),
(652, 'Françoise Fabian'),
(653, 'Freddie Highmore'),
(654, 'Freddie Prinze Jr.'),
(655, 'Freddy Rodríguez'),
(656, 'Friederike Aust'),
(657, 'Frédéric de Pasquale'),
(658, 'G.W. Bailey'),
(659, 'Gabriel Byrne'),
(660, 'Gabriel Macht'),
(661, 'Gabrielle Union'),
(662, 'Gaby Espino'),
(663, 'Gad Elmaleh'),
(664, 'Gael García Bernal'),
(665, 'Galatea Ranzi'),
(666, 'Garrett Hedlund'),
(667, 'Garry Marshall'),
(668, 'Garry Shandling'),
(669, 'Gary Bullock'),
(670, 'Gary Commock'),
(671, 'Gary Sinise'),
(672, 'Gaspard Ulliel'),
(673, 'Gastón Pauls'),
(674, 'Gemma Jones'),
(675, 'Gena Rowlands'),
(676, 'Gennaro Nunziante'),
(677, 'Geno Silva'),
(678, 'Geoff Bell'),
(679, 'Geoffrey Rush'),
(680, 'Geordy Monfils'),
(681, 'George C. Wolfe'),
(682, 'George Carlin'),
(683, 'George Clooney'),
(684, 'George Lopez'),
(685, 'George W. Bush'),
(686, 'Georges Corraface'),
(687, 'Georges Lopez'),
(688, 'Georgie Henley'),
(689, 'Geraldine Brooks'),
(690, 'Geraldine Chaplin'),
(691, 'Geraldine Hughes'),
(692, 'Geraldine McEwan'),
(693, 'Gerard Butler'),
(694, 'Gerardo Taracena'),
(695, 'Germán Palacios'),
(696, 'Gerry Robert Byrne'),
(697, 'Gerry Wolff'),
(698, 'Gia Mantegna'),
(699, 'Giancarlo Giannini'),
(700, 'Gianfranco Brero'),
(701, 'Gideon Shemer'),
(702, 'Gilbert Melki'),
(703, 'Gilles Cohen'),
(704, 'Gillian Anderson'),
(705, 'Ginette Reno'),
(706, 'Ginnifer Goodwin'),
(707, 'Giovanna Mezzogiorno'),
(708, 'Giovanni Ribisi'),
(709, 'Gisela Van Lacke'),
(710, 'Gleb Puskepalis'),
(711, 'Glenn Close'),
(712, 'Glenn Jacobs'),
(713, 'Glenne Headly'),
(714, 'Gonzalo Robles'),
(715, 'Goran Visnjic'),
(716, 'Gotaro Tsunashima'),
(717, 'Graciana Chironi'),
(718, 'Greg Kinnear'),
(719, 'Greg Wise'),
(720, 'Gregg Edelman'),
(721, 'Gregor Fisher'),
(722, 'Gregory Peck'),
(723, 'Grigori Manoukov'),
(724, 'Grégoire Leprince-Ringuet'),
(725, 'Gudrun Okras'),
(726, 'Guillaume'),
(727, 'Guillermo Francella'),
(728, 'Guillermo Toledo'),
(729, 'Gustavo Sánchez Parra'),
(730, 'Guy Massey'),
(731, 'Gwyneth Paltrow'),
(732, 'Gyu-Woon Jung'),
(733, 'Gérard Depardieu'),
(734, 'Gérard Jugnot'),
(735, 'Güven Kiraç'),
(736, 'Hae-il Park'),
(737, 'Haley Joel Osment'),
(738, 'Halina Reijn'),
(739, 'Halle Berry'),
(740, 'Hamza Abu-Aiaash'),
(741, 'Hank Azaria'),
(742, 'Hans Conried'),
(743, 'Harold Perrineau'),
(744, 'Harriet Andersson'),
(745, 'Harriet Lenabe'),
(746, 'Harris Yulin'),
(747, 'Harrison Ford'),
(748, 'Harry Melling'),
(749, 'Harvey Fierstein'),
(750, 'Hayden Christensen'),
(751, 'Hayden Panettiere'),
(752, 'Heath Ledger'),
(753, 'Heather Graham'),
(754, 'Heather Simms'),
(755, 'Hector Elizondo'),
(756, 'Hee-Bong Byun'),
(757, 'Helen Mirren'),
(758, 'Helena Bonham Carter'),
(759, 'Helmut Bakaitis'),
(760, 'Hend Ayoub'),
(761, 'Henry McGrath'),
(762, 'Hernán Chiozza'),
(763, 'Hiam Abbass'),
(764, 'Hiei Kimura'),
(765, 'Hilary Duff'),
(766, 'Hilary Swank'),
(767, 'Hiresh Feysal Rahman'),
(768, 'Hiroyuki Hirayama'),
(769, 'Hiroyuki Sanada'),
(770, 'Hisashi Igawa'),
(771, 'Holly Hunter'),
(772, 'Hope Davis'),
(773, 'Horatio Sanz'),
(774, 'Hubert Koundé'),
(775, 'Hugh Bonneville'),
(776, 'Hugh Grant'),
(777, 'Hugh Jackman'),
(778, 'Hugh Mitchell'),
(779, 'Hugo Weaving'),
(780, 'Hye-jeong Kang'),
(781, 'Hyo-hee Dong'),
(782, 'Hyuk-ho Kwon'),
(783, 'Hyun-kyoon Lee'),
(784, 'Héctor Calori'),
(785, 'Iain Glen'),
(786, 'Iain Rea'),
(787, 'Ian Holm'),
(788, 'Ian McDiarmid'),
(789, 'Ian McKellen'),
(790, 'Ian McNeice'),
(791, 'Ian McShane'),
(792, 'Ian Somerhalder'),
(793, 'Ice Cube'),
(794, 'Idris Elba'),
(795, 'Ieroklis Michaelidis'),
(796, 'Igor Chernevich'),
(797, 'Ilkka Koivula'),
(798, 'Imelda Staunton'),
(799, 'Imogen Kogge'),
(800, 'In-mun Kim'),
(801, 'Inge Landgut'),
(802, 'Ingrid Oliu'),
(803, 'Ingrid Rubio'),
(804, 'Ioan Albu'),
(805, 'Ioan Gruffudd'),
(806, 'Ion Fiscuteanu'),
(807, 'Ion Sapdaru'),
(808, 'Irina Baronova'),
(809, 'Irma P. Hall'),
(810, 'Isabella Rossellini'),
(811, 'Isabelle Huppert'),
(812, 'Ivan Martin'),
(813, 'Ivana Baquero'),
(814, 'Izabella Scorupco'),
(815, 'J.J. Johnson'),
(816, 'J.K. Simmons'),
(817, 'JR Reed'),
(818, 'Jacinda Barrett'),
(819, 'Jack Black'),
(820, 'Jack Davenport'),
(821, 'Jack McElhone'),
(822, 'Jack Nicholson'),
(823, 'Jack Thompson'),
(824, 'Jackie Chan'),
(825, 'Jackie Earle Haley'),
(826, 'Jackson Bond'),
(827, 'Jacob Derwig'),
(828, 'Jacobo Arbenz'),
(829, 'Jacques François'),
(830, 'Jada Pinkett Smith'),
(831, 'Jaden Smith'),
(832, 'Jae-kyeong Seo'),
(833, 'Jaime King'),
(834, 'Jake Gyllenhaal'),
(835, 'Jake Weber'),
(836, 'James Baker III'),
(837, 'James Caan'),
(838, 'James Cromwell'),
(839, 'James D´Arcy'),
(840, 'James Faulkner'),
(841, 'James Franco'),
(842, 'James Gandolfini'),
(843, 'James Garner'),
(844, 'James Marsden'),
(845, 'James McAvoy'),
(846, 'James Nesbitt'),
(847, 'James Roday'),
(848, 'James Spader'),
(849, 'Jamie Anderson'),
(850, 'Jamie Bell'),
(851, 'Jamie Chung'),
(852, 'Jamie Foxx'),
(853, 'Jamie Kennedy'),
(854, 'Jamie Lee Curtis'),
(855, 'Jan Cornet'),
(856, 'Jana Hrabetova'),
(857, 'Janchiv Ayurzana'),
(858, 'Jane Fonda'),
(859, 'Jane Krakowski'),
(860, 'Janeane Garofalo'),
(861, 'Janet Leigh'),
(862, 'Janne Hyytiäinen'),
(863, 'Jared Leto'),
(864, 'Jaroslav Dusek'),
(865, 'Jason Andrews'),
(866, 'Jason Behr'),
(867, 'Jason Biggs'),
(868, 'Jason Boyd'),
(869, 'Jason Isaacs'),
(870, 'Jason Lee'),
(871, 'Jason Patric'),
(872, 'Jason Raize'),
(873, 'Jason Ritter'),
(874, 'Jason Schwartzman'),
(875, 'Jason Statham'),
(876, 'Javier Bardem'),
(877, 'Javier Cámara'),
(878, 'Javier Escalas'),
(879, 'Javier van de Couter'),
(880, 'Jay Baruchel'),
(881, 'Jay Chou'),
(882, 'Jay Hernandez'),
(883, 'Jayma Mays'),
(884, 'Jazsmin Lewis'),
(885, 'Jean Ainslie'),
(886, 'Jean Reno'),
(887, 'Jean-Claude Donda'),
(888, 'Jean-Marc Barr'),
(889, 'Jean-Marie Lamour'),
(890, 'Jean-Marie Lhomme'),
(891, 'Jean-Paul Bonnaire'),
(892, 'Jean-Pierre Bacri'),
(893, 'Jean-Pierre Léaud'),
(894, 'Jeanne Balibar'),
(895, 'Jeanne Moreau'),
(896, 'Jeff Bridges'),
(897, 'Jeff Daniels'),
(898, 'Jeff Garlin'),
(899, 'Jeff Harding'),
(900, 'Jeffrey Garcia'),
(901, 'Jeffrey Vincent Parise'),
(902, 'Jeffrey Wright'),
(903, 'Jena Malone'),
(904, 'Jenna Dewan Tatum'),
(905, 'Jenna Stern'),
(906, 'Jennifer Aniston'),
(907, 'Jennifer Carpenter'),
(908, 'Jennifer Connelly'),
(909, 'Jennifer Coolidge'),
(910, 'Jennifer Ehle'),
(911, 'Jennifer Garner'),
(912, 'Jennifer Jason Leigh'),
(913, 'Jennifer L. Schaper'),
(914, 'Jennifer Lopez'),
(915, 'Jennifer Love Hewitt'),
(916, 'Jennifer Shirley'),
(917, 'Jennifer Tilly'),
(918, 'Jenny Hu'),
(919, 'Jenny McCarthy'),
(920, 'Jeong-ho Choi'),
(921, 'Jeremy Davies'),
(922, 'Jeremy Irons'),
(923, 'Jeremy Northam'),
(924, 'Jeremy Renner'),
(925, 'Jeremy Robson'),
(926, 'Jeremy Sisto'),
(927, 'Jeremy Suarez'),
(928, 'Jeremy Swift'),
(929, 'Jerry O´Connell'),
(930, 'Jerry Seinfeld'),
(931, 'Jerry Stiller'),
(932, 'Jesper Christensen'),
(933, 'Jesse Bradford'),
(934, 'Jesse Eisenberg'),
(935, 'Jesse James'),
(936, 'Jesse L. Martin'),
(937, 'Jessica Alba'),
(938, 'Jessica Biel'),
(939, 'Jessie Kamm'),
(940, 'Jesús Ochoa'),
(941, 'Jet Li'),
(942, 'Ji-Yeon Park'),
(943, 'Ji-tae Yu'),
(944, 'Jim Belushi'),
(945, 'Jim Broadbent'),
(946, 'Jim Carrey'),
(947, 'Jim Caviezel'),
(948, 'Jim Cummings'),
(949, 'Jim Dunk'),
(950, 'Jimmy Bennett'),
(951, 'Jo Prestia'),
(952, 'Joan Allen'),
(953, 'Joan Cusack'),
(954, 'Joan Lunden'),
(955, 'Joan Plowright'),
(956, 'Joanne Whalley'),
(957, 'Joaquin Phoenix'),
(958, 'Jodie Foster'),
(959, 'Joe Viterelli'),
(960, 'Joel Edgerton'),
(961, 'Joel Núñez'),
(962, 'Joely Richardson'),
(963, 'Joey Krajcar'),
(964, 'Joey Lauren Adams'),
(965, 'John Alderton'),
(966, 'John Ashker'),
(967, 'John Bach'),
(968, 'John Benjamin Hickey'),
(969, 'John Bilezikjian'),
(970, 'John Billingsley'),
(971, 'John C. Reilly'),
(972, 'John Carroll Lynch'),
(973, 'John Cleese'),
(974, 'John Corbett'),
(975, 'John Cusack'),
(976, 'John DiMaggio'),
(977, 'John Fiedler'),
(978, 'John Goodman'),
(979, 'John Hawkes'),
(980, 'John Houseman'),
(981, 'John Hurt'),
(982, 'John Jarratt'),
(983, 'John Krasinski'),
(984, 'John Leguizamo'),
(985, 'John Malkovich'),
(986, 'John Rhys-Davies'),
(987, 'John Robinson'),
(988, 'John Ross Bowie'),
(989, 'John Schuck'),
(990, 'John Thomson'),
(991, 'John Tormey'),
(992, 'John Travolta'),
(993, 'John Turturro'),
(994, 'Johnny A. Sanchez'),
(995, 'Johnny Depp'),
(996, 'Johnny Knoxville'),
(997, 'Johnny Messner'),
(998, 'Johnny Simmons'),
(999, 'Jon Abrahams'),
(1000, 'Jon Foster'),
(1001, 'Jon Heder'),
(1002, 'Jonah Bobo'),
(1003, 'Jonah Hill'),
(1004, 'Jonah Meyerson'),
(1005, 'Jonathan Brewer'),
(1006, 'Jonathan Caouette'),
(1007, 'Jonathan Cherry'),
(1008, 'Jonathan Lipnicki'),
(1009, 'Jonathan Pryce'),
(1010, 'Jonathan Rhys Meyers'),
(1011, 'Jonathan Safran Foer'),
(1012, 'Jonathan Tucker'),
(1013, 'Jonathan Zaccaï'),
(1014, 'Jordan Fry'),
(1015, 'Jordana Brewster'),
(1016, 'Jordi Mollà'),
(1017, 'Jorge Bolani'),
(1018, 'Jorge D´Elía'),
(1019, 'Jorge Lanata'),
(1020, 'Jorge Rivera López'),
(1021, 'Jorge Román'),
(1022, 'Jose Pablo Cantillo'),
(1023, 'Joseph Fiennes'),
(1024, 'Josh Duhamel'),
(1025, 'Josh Hartnett'),
(1026, 'Josh Holloway'),
(1027, 'Josh Hutcherson'),
(1028, 'Josh Lucas'),
(1029, 'José Garcia'),
(1030, 'José Pedro Bujaruz'),
(1031, 'José Sacristán'),
(1032, 'José Ángel Egido'),
(1033, 'Juan Diego Botto'),
(1034, 'Juan Gabriel Yacuzzi'),
(1035, 'Juan Minujín'),
(1036, 'Jude Law'),
(1037, 'Judi Dench'),
(1038, 'Judith Godrèche'),
(1039, 'Judy Davis'),
(1040, 'Juhani Niemelä'),
(1041, 'Jules Sitruk'),
(1042, 'Julia Dufvenius'),
(1043, 'Julia Jentsch'),
(1044, 'Julia Roberts'),
(1045, 'Julia Stiles'),
(1046, 'Julian Glover'),
(1047, 'Julian McMahon'),
(1048, 'Juliane Köhler'),
(1049, 'Julianna Margulies'),
(1050, 'Julianne Moore'),
(1051, 'Julie Andrews'),
(1052, 'Julie Bataille'),
(1053, 'Julie Christie'),
(1054, 'Julie Delpy'),
(1055, 'Julie Kavner'),
(1056, 'Julie Walters'),
(1057, 'Julieta Cardinali'),
(1058, 'Julieta Díaz'),
(1059, 'Juliette Binoche'),
(1060, 'Julika Jenkins'),
(1061, 'Julio Arrieta'),
(1062, 'Julio Chávez'),
(1063, 'Julio Oscar Mechoso'),
(1064, 'Jun-yeong Jang'),
(1065, 'Jung-min Hwang'),
(1066, 'Jung-woo Ha'),
(1067, 'Justin Bartha'),
(1068, 'Justin Chatwin'),
(1069, 'Justin Long'),
(1070, 'Justin Theroux'),
(1071, 'Jørgen Langhelle'),
(1072, 'Jürgen Prochnow'),
(1073, 'KaDee Strickland'),
(1074, 'Kad Merad'),
(1075, 'Kagiso Kuypers'),
(1076, 'Kaija Pakarinen'),
(1077, 'Kais Nashif'),
(1078, 'Kal Penn'),
(1079, 'Kang-ho Song'),
(1080, 'Kara Hoffman'),
(1081, 'Karel Roden'),
(1082, 'Karen Young'),
(1083, 'Karin Viard'),
(1084, 'Karina Arroyave'),
(1085, 'Karl Urban'),
(1086, 'Karla Alvarado'),
(1087, 'Karolina Gruszka'),
(1088, 'Kate Ashfield'),
(1089, 'Kate Beahan'),
(1090, 'Kate Beckinsale'),
(1091, 'Kate Bosworth'),
(1092, 'Kate Dollenmayer'),
(1093, 'Kate Hudson'),
(1094, 'Kate Mara'),
(1095, 'Kate Nauta'),
(1096, 'Kate Winslet'),
(1097, 'Katerina Didaskalou'),
(1098, 'Kath Soucie'),
(1099, 'Katherine Heigl'),
(1100, 'Kathleen McDermott'),
(1101, 'Kathleen Quinlan'),
(1102, 'Kathryn Beaumont'),
(1103, 'Kathryn Gilfeather'),
(1104, 'Kathryn Hahn'),
(1105, 'Kathy Bates'),
(1106, 'Kati Outinen'),
(1107, 'Katie Holmes'),
(1108, 'Katija Pevec'),
(1109, 'Kayvan Novak'),
(1110, 'Kazunari Ninomiya'),
(1111, 'Kazuyoshi Minamimagoe'),
(1112, 'Keanu Reeves'),
(1113, 'Keira Knightley'),
(1114, 'Keisha Castle-Hughes'),
(1115, 'Keith David'),
(1116, 'Keith Ferguson'),
(1117, 'Kelci Stephenson'),
(1118, 'Kelly Macdonald'),
(1119, 'Kelly Preston'),
(1120, 'Kelly Reilly'),
(1121, 'Kelsey Keel'),
(1122, 'Ken Campbell'),
(1123, 'Ken Davitian'),
(1124, 'Ken Kirzinger'),
(1125, 'Ken Leung'),
(1126, 'Ken Watanabe'),
(1127, 'Kenneth Graymez'),
(1128, 'Kenneth Khambula'),
(1129, 'Kenneth Kynt Bryan'),
(1130, 'Kenneth Nkosi'),
(1131, 'Kenny Ausubel'),
(1132, 'Keri Russell'),
(1133, 'Kerry Condon'),
(1134, 'Kerry Washington'),
(1135, 'Kestie Morassi'),
(1136, 'Kevin Bacon'),
(1137, 'Kevin Costner'),
(1138, 'Kevin James'),
(1139, 'Kevin Kline'),
(1140, 'Kevin McNally'),
(1141, 'Kevin Pollak'),
(1142, 'Kevin Smith'),
(1143, 'Kevin Spacey'),
(1144, 'Ki-duk Kim'),
(1145, 'Kiefer Sutherland'),
(1146, 'Kim Basinger'),
(1147, 'Kim Marriner'),
(1148, 'Kim Rossi Stuart'),
(1149, 'Kirk Douglas'),
(1150, 'Kirsten Dunst'),
(1151, 'Kirsten Prout'),
(1152, 'Klaus Mulbjerg'),
(1153, 'Knut Berger'),
(1154, 'Konstantin Khabenskiy'),
(1155, 'Kris Kristofferson'),
(1156, 'Kris Lemche'),
(1157, 'Kristanna Loken'),
(1158, 'Kristen Bell'),
(1159, 'Kristen Stewart'),
(1160, 'Krister Henriksson'),
(1161, 'Kristin Davis'),
(1162, 'Kristin Scott Thomas'),
(1163, 'Kristina Anapau'),
(1164, 'Kun Chen'),
(1165, 'Kunie Tanaka'),
(1166, 'Kurt Russell'),
(1167, 'Kyle Gass'),
(1168, 'Kyra Sedgwick'),
(1169, 'Kyung-hyun Min'),
(1170, 'Kôji Yakusho'),
(1171, 'L.Q. Jones'),
(1172, 'LL Cool J'),
(1173, 'Laia Marull'),
(1174, 'Lambert Wilson'),
(1175, 'Larenz Tate'),
(1176, 'Larry Pine'),
(1177, 'Larry the Cable Guy'),
(1178, 'Laura Dern'),
(1179, 'Laura Linney'),
(1180, 'Laura Monaghan'),
(1181, 'Laura Morante'),
(1182, 'Laura Ramsey'),
(1183, 'Laura Smet'),
(1184, 'Lauren Bacall'),
(1185, 'Lauren Graham'),
(1186, 'Lauren Lee Smith'),
(1187, 'Laurence Fishburne'),
(1188, 'Laurent Grévill'),
(1189, 'Lautaro Delgado'),
(1190, 'Lawrence Yong'),
(1191, 'Laz Alonso'),
(1192, 'Lea Massari'),
(1193, 'Leandro Firmino'),
(1194, 'Lee Remick'),
(1195, 'Lee Tergesen'),
(1196, 'Leigh Lawson'),
(1197, 'Leigh Whannell'),
(1198, 'Leland Orser'),
(1199, 'Leleti Khumalo'),
(1200, 'Lena Headey'),
(1201, 'Lena Olin'),
(1202, 'Lennie James'),
(1203, 'Leonardo DiCaprio'),
(1204, 'Leonardo Sbaraglia'),
(1205, 'Leong Kooi Eng'),
(1206, 'Leonid Mozgovoy'),
(1207, 'Leonor Watling'),
(1208, 'Lesley Ann Warren'),
(1209, 'Leslie Mann'),
(1210, 'Leslie Phillips'),
(1211, 'Leslie Stefanson'),
(1212, 'Leslie Zemeckis'),
(1213, 'Lewis McGibbon'),
(1214, 'Leïla Bekhti'),
(1215, 'Li Gong'),
(1216, 'Li Sun'),
(1217, 'Liam Aiken'),
(1218, 'Liam Cunningham'),
(1219, 'Liam Falconer'),
(1220, 'Liam Neeson'),
(1221, 'Lihle Mvelase'),
(1222, 'Liliana Capurro'),
(1223, 'Lily Atkinson'),
(1224, 'Lina Boudreau'),
(1225, 'Linda Bassett'),
(1226, 'Linda Cardellini'),
(1227, 'Lindsay Beamish'),
(1228, 'Lindsay Duncan'),
(1229, 'Lindsay Lohan'),
(1230, 'Linus Roache'),
(1231, 'Lionel Campoy'),
(1232, 'Lior Ashkenazi'),
(1233, 'Lior Miller'),
(1234, 'Lisa Ann Walter'),
(1235, 'Lisa Kudrow'),
(1236, 'Lisa Lindgren'),
(1237, 'Liv Ullmann'),
(1238, 'Lloyd Adams'),
(1239, 'Llum Barrera'),
(1240, 'Lluís Homar'),
(1241, 'Lodovico Antinori'),
(1242, 'Logan Lerman'),
(1243, 'Lola Dueñas'),
(1244, 'Lombardo Boyar'),
(1245, 'Lorraine Pilkington'),
(1246, 'Lou Romano'),
(1247, 'Louis Garrel'),
(1248, 'Louise Lemoine Torrès'),
(1249, 'Louise Lombard'),
(1250, 'Louise Portal'),
(1251, 'Lourdes Cecilia Fernández'),
(1252, 'Lubna Azabal'),
(1253, 'Lucas Black'),
(1254, 'Lucas Crespi'),
(1255, 'Lucas Gregory'),
(1256, 'Lucille Bliss'),
(1257, 'Lucy Davis'),
(1258, 'Lucy Liu'),
(1259, 'Ludivine Sagnier'),
(1260, 'Luenell'),
(1261, 'Luigi Lo Cascio'),
(1262, 'Luis Fernando Peña'),
(1263, 'Luis Guzmán'),
(1264, 'Luis Tosar'),
(1265, 'Luis Varela'),
(1266, 'Luke Goss'),
(1267, 'Luke Kirby'),
(1268, 'Luke Wilson'),
(1269, 'Luminita Gheorghiu'),
(1270, 'Lupe Ontiveros'),
(1271, 'Lutuf Nouasser'),
(1272, 'Lynette Curran'),
(1273, 'Lynn Redgrave'),
(1274, 'Lázaro Ramos'),
(1275, 'Mabi Abele'),
(1276, 'Mac McDonald'),
(1277, 'Macaulay Culkin'),
(1278, 'Madeleine Daly'),
(1279, 'Madeleine Potter'),
(1280, 'Mads Mikkelsen'),
(1281, 'Mae Whitman'),
(1282, 'Maggie Cheung'),
(1283, 'Maggie Gyllenhaal'),
(1284, 'Maggie Q'),
(1285, 'Maggie Smith'),
(1286, 'Maia Morgenstern'),
(1287, 'Majandra Delfino'),
(1288, 'Mako'),
(1289, 'Makram Khoury'),
(1290, 'Malik Zidi'),
(1291, 'Malin Akerman'),
(1292, 'Manami Konishi'),
(1293, 'Mandy Moore'),
(1294, 'Manolo Cardona'),
(1295, 'Manuela Martelli'),
(1296, 'Manuela Pal'),
(1297, 'Marc Lavoine'),
(1298, 'Marc-André Grondin'),
(1299, 'Marcel Bozzuffi'),
(1300, 'Marcell Nagy'),
(1301, 'Marcelo D´Andrea'),
(1302, 'Marcelo Mazzarello'),
(1303, 'Marcia Gay Harden'),
(1304, 'Marg Helgenberger'),
(1305, 'Margarita Levieva'),
(1306, 'Margherita Buy'),
(1307, 'Mari Natsuki'),
(1308, 'Maria Bello'),
(1309, 'Maria Bonnevie'),
(1310, 'Maria Heiskanen'),
(1311, 'Maria Järvenhelmi'),
(1312, 'Maria de Medeiros'),
(1313, 'Mariana Anghileri'),
(1314, 'Mariana Cordero'),
(1315, 'Mariano Chiesa'),
(1316, 'Maribel Verdú'),
(1317, 'Marie-Christine Adam'),
(1318, 'Marie-Josée Croze'),
(1319, 'Marieh Delfino'),
(1320, 'Marilou Berry'),
(1321, 'Marilyne Canto'),
(1322, 'Marina Glezer'),
(1323, 'Marina Golbahari'),
(1324, 'Marina Hands'),
(1325, 'Mario Garibaldi'),
(1326, 'Marion Cotillard'),
(1327, 'Marisa Paredes'),
(1328, 'Marisa Tomei'),
(1329, 'Marit Pia Jacobsen'),
(1330, 'Mariya Kuznetsova'),
(1331, 'Mariya Poroshina'),
(1332, 'Mark Addy'),
(1333, 'Mark Herlehy'),
(1334, 'Mark McKinney'),
(1335, 'Mark Ruffalo'),
(1336, 'Mark Wahlberg'),
(1337, 'Markku Peltola'),
(1338, 'Marlee Matlin'),
(1339, 'Marlon Wayans'),
(1340, 'Marny Eng'),
(1341, 'Marsha Thomason'),
(1342, 'Marta Nobili'),
(1343, 'Martha Espinoza'),
(1344, 'Martha Higareda'),
(1345, 'Martin Donovan'),
(1346, 'Martin Freeman'),
(1347, 'Martin Hancock'),
(1348, 'Martin Henderson'),
(1349, 'Martin Lawrence'),
(1350, 'Martina Gedeck'),
(1351, 'Martina Gusman'),
(1352, 'Mary Alice'),
(1353, 'Mary Elizabeth Winstead'),
(1354, 'Mary Jo Smith'),
(1355, 'Mary Riggans'),
(1356, 'Mary Walsh'),
(1357, 'Mary-Louise Parker'),
(1358, 'Marylouise Burke'),
(1359, 'Marzieh Amiri'),
(1360, 'María Alche'),
(1361, 'María Elizabeth Vera'),
(1362, 'María Galiana'),
(1363, 'María Izquierdo'),
(1364, 'María Teresa Costantini'),
(1365, 'Massimo Girotti'),
(1366, 'Mathieu Kassovitz'),
(1367, 'Matt Bomer'),
(1368, 'Matt Damon'),
(1369, 'Matt Dillon'),
(1370, 'Matt Long'),
(1371, 'Matt McFarland'),
(1372, 'Matt O´Leary'),
(1373, 'Matthew Barry'),
(1374, 'Matthew Broderick'),
(1375, 'Matthew Dyktynski'),
(1376, 'Matthew Ferguson'),
(1377, 'Matthew Goode'),
(1378, 'Matthew Josten'),
(1379, 'Matthew Lillard'),
(1380, 'Matthew Marsden'),
(1381, 'Matthew McConaughey'),
(1382, 'Matthew Perry'),
(1383, 'Matthew Pleszewicz'),
(1384, 'Matthias Habich'),
(1385, 'Matyelok Gibbs'),
(1386, 'Matías Desiderio'),
(1387, 'Matías Quer'),
(1388, 'Maurice Orozco'),
(1389, 'Max Beesley'),
(1390, 'Max Minghella'),
(1391, 'Max von Sydow'),
(1392, 'Maya Banno'),
(1393, 'Maya Maron'),
(1394, 'Maya Sansa'),
(1395, 'Mayko Nguyen'),
(1396, 'Mayra Rodríguez'),
(1397, 'Meagan Issa'),
(1398, 'Megan Fox'),
(1399, 'Mekhi Phifer'),
(1400, 'Melchior Derouet'),
(1401, 'Melissa George'),
(1402, 'Melissa Sagemiller'),
(1403, 'Melora Walters'),
(1404, 'Melvil Poupaud'),
(1405, 'Mena Suvari'),
(1406, 'Merab Ninidze'),
(1407, 'Mercedes Morán'),
(1408, 'Meryl Streep'),
(1409, 'Mia Farrow'),
(1410, 'Micaela Nevárez'),
(1411, 'Michael Angarano'),
(1412, 'Michael Bodnar'),
(1413, 'Michael Caine'),
(1414, 'Michael Cera'),
(1415, 'Michael Chiklis'),
(1416, 'Michael Clarke Duncan'),
(1417, 'Michael Douglas'),
(1418, 'Michael E. Williamson'),
(1419, 'Michael Gambon'),
(1420, 'Michael J. Pagan'),
(1421, 'Michael Keaton'),
(1422, 'Michael Landes'),
(1423, 'Michael Lonsdale'),
(1424, 'Michael Maloney'),
(1425, 'Michael Mantell'),
(1426, 'Michael Moore'),
(1427, 'Michael Nyqvist'),
(1428, 'Michael O´Keefe'),
(1429, 'Michael Peña'),
(1430, 'Michael Pitt'),
(1431, 'Michael Rooker'),
(1432, 'Michael Sheen'),
(1433, 'Michael Vartan'),
(1434, 'Michael Wincott'),
(1435, 'Michal Zebrowski'),
(1436, 'Michel Côté'),
(1437, 'Michelle Horn'),
(1438, 'Michelle Monaghan'),
(1439, 'Michelle Pfeiffer'),
(1440, 'Michelle Rodriguez'),
(1441, 'Michelle Sweeney'),
(1442, 'Michelle Yeoh'),
(1443, 'Michiyo Ohkusu'),
(1444, 'Michèle Caucheteux'),
(1445, 'Mick Jagger'),
(1446, 'Mickey Rooney'),
(1447, 'Miguel Dedovich'),
(1448, 'Miguel Ferrer'),
(1449, 'Mike Bradley'),
(1450, 'Mike Myers'),
(1451, 'Mike Vogel'),
(1452, 'Mikhail Piotrovsky'),
(1453, 'Miles Thompson'),
(1454, 'Milla Jovovich'),
(1455, 'Milton Gonçalves'),
(1456, 'Mimi Kuzyk'),
(1457, 'Mimi Rogers'),
(1458, 'Mimí Ardú'),
(1459, 'Min-sik Choi'),
(1460, 'Mino Manni'),
(1461, 'Miou-Miou'),
(1462, 'Mira Sorvino'),
(1463, 'Miranda July'),
(1464, 'Miranda Otto'),
(1465, 'Miranda Richardson'),
(1466, 'Mircea Andreescu'),
(1467, 'Mirela Cioaba'),
(1468, 'Mirella Pascual'),
(1469, 'Mishal Husain'),
(1470, 'Mitchel Musso'),
(1471, 'Miyu Irino'),
(1472, 'Mohamed Akhzam'),
(1473, 'Mohammad Arif Herati'),
(1474, 'Mohammad Bakri'),
(1475, 'Mohammad Nadir Khwaja'),
(1476, 'Momoko Shimizu'),
(1477, 'Monic Hendrickx'),
(1478, 'Monica Bellucci'),
(1479, 'Monica Keena'),
(1480, 'Moon Bloodgood'),
(1481, 'Morgan Freeman'),
(1482, 'Morgan Jones'),
(1483, 'Morris Birdyellowhead'),
(1484, 'Morris Chestnut'),
(1485, 'Mothusi Magano'),
(1486, 'Mya'),
(1487, 'Ménothy Cesar'),
(1488, 'Mía Maestro'),
(1489, 'Mónica Cervera'),
(1490, 'Nabil Elouahabi'),
(1491, 'Nadja Uhl'),
(1492, 'Najwa Nimri'),
(1493, 'Nancy Cartwright'),
(1494, 'Nancy Kyes'),
(1495, 'Naomi Watts'),
(1496, 'Naomie Harris'),
(1497, 'Naseeruddin Shah'),
(1498, 'Natalia Verbeke'),
(1499, 'Natalie Mendoza'),
(1500, 'Natalie Portman'),
(1501, 'Natalie Press'),
(1502, 'Natascha McElhone'),
(1503, 'Natasha Richardson'),
(1504, 'Nathalie Baye'),
(1505, 'Nathalie Cox'),
(1506, 'Nathalie Richard'),
(1507, 'Nathan Jones'),
(1508, 'Nathan Phillips'),
(1509, 'Nathaniel Parker'),
(1510, 'Natthaweeranuch Thongmee'),
(1511, 'Nazareno Casero'),
(1512, 'Neal McDonough'),
(1513, 'Neeral Mulchandani'),
(1514, 'Neil Dudgeon'),
(1515, 'Neil Maskell'),
(1516, 'Neil Pepe'),
(1517, 'Nia Long'),
(1518, 'Nicholas Gonzalez'),
(1519, 'Nick Bacon'),
(1520, 'Nick Frost'),
(1521, 'Nick Nolte'),
(1522, 'Nick Stahl'),
(1523, 'Nicolas Cage'),
(1524, 'Nicole Kidman'),
(1525, 'Nicoletta Braschi'),
(1526, 'Nicoletta Romanoff'),
(1527, 'Nicolás López'),
(1528, 'Nicolás Pauls'),
(1529, 'Nicolás Saavedra'),
(1530, 'Niels Arestrup'),
(1531, 'Nieve de Medina'),
(1532, 'Nikita Hopkins'),
(1533, 'Nikki Reed'),
(1534, 'Niklaus Lange'),
(1535, 'Nikolaj Lie Kaas'),
(1536, 'Nino Khomasuridze'),
(1537, 'Nitai Gvirtz'),
(1538, 'Nitin Ganatra'),
(1539, 'Noel Appleby'),
(1540, 'Nona Gaye'),
(1541, 'Nora-Jane Noone'),
(1542, 'Norman Sotolongo'),
(1543, 'Nutsa Kukhianidze'),
(1544, 'Oded Fehr'),
(1545, 'Odessa Rae'),
(1546, 'Oliver Platt'),
(1547, 'Olivia Williams'),
(1548, 'Olivier Gourmet'),
(1549, 'Olivier Perrier'),
(1550, 'Omar Sharif'),
(1551, 'Ona Grauer'),
(1552, 'Opal Alladin'),
(1553, 'Oprah Winfrey'),
(1554, 'Orla Fitzgerald'),
(1555, 'Orlando Bloom'),
(1556, 'Orlando Jones'),
(1557, 'Orly Silbersatz Banai'),
(1558, 'Oscar Isaac'),
(1559, 'Osmar Núñez'),
(1560, 'Otto Wernicke'),
(1561, 'Ouassini Embarek'),
(1562, 'Owen Kline'),
(1563, 'Owen Wilson'),
(1564, 'P.J. Soles'),
(1565, 'PJ DeBoy'),
(1566, 'Pablo Echarri'),
(1567, 'Pablo Ribba'),
(1568, 'Pablo Schreiber'),
(1569, 'Paddy Considine'),
(1570, 'Pam Ferris'),
(1571, 'Pamela Anderson'),
(1572, 'Pamela Brown'),
(1573, 'Pamelyn Ferdin'),
(1574, 'Paprika Steen'),
(1575, 'Paris Hilton'),
(1576, 'Parker Posey'),
(1577, 'Parminder Nagra'),
(1578, 'Pascal Greggory'),
(1579, 'Patricia Clarkson'),
(1580, 'Patricio Contreras'),
(1581, 'Patrick Bauchau'),
(1582, 'Patrick Bruel'),
(1583, 'Patrick Fugit'),
(1584, 'Patrick Stewart'),
(1585, 'Patrick Swayze'),
(1586, 'Patrick Warburton'),
(1587, 'Patrick Wilson'),
(1588, 'Patton Oswalt'),
(1589, 'Paul Baker'),
(1590, 'Paul Bettany'),
(1591, 'Paul Dano'),
(1592, 'Paul Dawson'),
(1593, 'Paul Giamatti'),
(1594, 'Paul Kaye'),
(1595, 'Paul Newman'),
(1596, 'Paul Nicholls'),
(1597, 'Paul Popplewell'),
(1598, 'Paul Ritter'),
(1599, 'Paul Rudd'),
(1600, 'Paul Sorvino'),
(1601, 'Paul Vincent O´Connor'),
(1602, 'Paul Walker'),
(1603, 'Paula Abdul'),
(1604, 'Paula Patton'),
(1605, 'Paulie Litt'),
(1606, 'Paulo Autran'),
(1607, 'Paz Vega'),
(1608, 'Pelusa Suero'),
(1609, 'Penelope Ann Miller'),
(1610, 'Penny Balfour'),
(1611, 'Penélope Cruz'),
(1612, 'Per Christian Ellefsen'),
(1613, 'Peta Wilson'),
(1614, 'Peter Coyote'),
(1615, 'Peter Dinklage'),
(1616, 'Peter Fonda'),
(1617, 'Peter Krause'),
(1618, 'Peter Lorre'),
(1619, 'Peter O´Toole'),
(1620, 'Peter Samuel'),
(1621, 'Peter Sarsgaard'),
(1622, 'Peter Wight'),
(1623, 'Petr Ratimec'),
(1624, 'Phellipe Haagensen'),
(1625, 'Philip Baker Hall'),
(1626, 'Philip Fox'),
(1627, 'Philip Seymour Hoffman'),
(1628, 'Philip Winchester'),
(1629, 'Philippe Clair'),
(1630, 'Pierce Brosnan'),
(1631, 'Piero Antinori'),
(1632, 'Piper Perabo'),
(1633, 'Polly Adams'),
(1634, 'Polly Shannon'),
(1635, 'Portia de Rossi'),
(1636, 'Powers Boothe'),
(1637, 'Presley Chweneyagae'),
(1638, 'Preston Nyman'),
(1639, 'Pádraic Delaney'),
(1640, 'Queen Latifah'),
(1641, 'Q´orianka Kilcher'),
(1642, 'Rachel Bilson'),
(1643, 'Rachel Blanchard'),
(1644, 'Rachel McAdams'),
(1645, 'Rachel Weisz'),
(1646, 'Rade Serbedzija'),
(1647, 'Radha Mitchell'),
(1648, 'Rafael Ferro'),
(1649, 'Rafe Spall'),
(1650, 'Rainn Wilson'),
(1651, 'Ralph Fiennes'),
(1652, 'Ralph Riach'),
(1653, 'Randy Quaid'),
(1654, 'Raoul Bova'),
(1655, 'Raquel Alessi'),
(1656, 'Rawiri Paratene'),
(1657, 'Ray Anthony'),
(1658, 'Ray Galletti'),
(1659, 'Ray Liotta'),
(1660, 'Ray Romano'),
(1661, 'Ray Wise'),
(1662, 'Razi Mohebi'),
(1663, 'Rebecca Romijn'),
(1664, 'Redman'),
(1665, 'Reese Witherspoon'),
(1666, 'Regina Hall'),
(1667, 'Regina King'),
(1668, 'Rekha Sharma'),
(1669, 'Remy Sweeney'),
(1670, 'Rene Russo'),
(1671, 'Renee Leblanc'),
(1672, 'Renia Louizidou'),
(1673, 'Renée Taylor'),
(1674, 'Renée Zellweger'),
(1675, 'Rex Harrison'),
(1676, 'Rhiannon Leigh Wryn'),
(1677, 'Ricardo Darín'),
(1678, 'Richard Basehart'),
(1679, 'Richard Burgi'),
(1680, 'Richard Burton'),
(1681, 'Richard Dreyfuss'),
(1682, 'Richard Durden'),
(1683, 'Richard Gere'),
(1684, 'Richard Graham'),
(1685, 'Richard Griffiths'),
(1686, 'Richard Jenkins'),
(1687, 'Richard Macklin'),
(1688, 'Richard Portnow'),
(1689, 'Richard Roxburgh'),
(1690, 'Richard Speight Jr.'),
(1691, 'Rick Gonzalez'),
(1692, 'Rick Moranis'),
(1693, 'Ricky Gervais'),
(1694, 'Rip Torn'),
(1695, 'Riz Ahmed'),
(1696, 'Rob Brown'),
(1697, 'Rob Morrow'),
(1698, 'Rob Schneider'),
(1699, 'Robert Bailey Jr.'),
(1700, 'Robert Bathurst'),
(1701, 'Robert Carlyle'),
(1702, 'Robert De Niro'),
(1703, 'Robert Downey Jr.'),
(1704, 'Robert Duvall'),
(1705, 'Robert Englund'),
(1706, 'Robert Longstreet'),
(1707, 'Robert Patrick'),
(1708, 'Robert Redford'),
(1709, 'Roberto Benigni'),
(1710, 'Roberto San Martín'),
(1711, 'Robin Tunney'),
(1712, 'Robin Williams'),
(1713, 'Robin Wright'),
(1714, 'Rodger Bumpass'),
(1715, 'Rodrigo De la Serna'),
(1716, 'Rodrigo Sánchez Borhorquez'),
(1717, 'Roger Allam'),
(1718, 'Roger Lloyd Pack'),
(1719, 'Romain Duris'),
(1720, 'Romane Bohringer'),
(1721, 'Romany Malco'),
(1722, 'Ron Crawford'),
(1723, 'Ron Eldard'),
(1724, 'Ron Perlman'),
(1725, 'Ronnie James Dio'),
(1726, 'Rory Culkin'),
(1727, 'Rory MacGregor'),
(1728, 'Rosa Maria Sardà'),
(1729, 'Rosamund Pike'),
(1730, 'Rosario Dawson'),
(1731, 'Rosario Sánchez Almada'),
(1732, 'Rose Abdoo'),
(1733, 'Rose Byrne'),
(1734, 'Roseanne Barr'),
(1735, 'Roselyn Sanchez'),
(1736, 'Rosemary Davis'),
(1737, 'Rowan Atkinson'),
(1738, 'Roy Dupuis'),
(1739, 'Roz Ryan'),
(1740, 'Ruby Milton'),
(1741, 'Rubén Blades'),
(1742, 'Rubén Ochandiano'),
(1743, 'Rudy Youngblood'),
(1744, 'Rufus Sewell'),
(1745, 'Rumi Hiiragi'),
(1746, 'Rupert Evans'),
(1747, 'Russell Crowe'),
(1748, 'Russell Means'),
(1749, 'Ruth Dobel'),
(1750, 'Ruth Sheen'),
(1751, 'Ryan Falconer'),
(1752, 'Ryan Gosling'),
(1753, 'Ryan McDonald'),
(1754, 'Ryan Merriman'),
(1755, 'Ryan Newman'),
(1756, 'Ryan O´Neal'),
(1757, 'Ryan Phillippe'),
(1758, 'Ryan Reynolds'),
(1759, 'Ryo Kase'),
(1760, 'Rémy Girard'),
(1761, 'Sacha Baron Cohen'),
(1762, 'Saddam Hossein Feysal'),
(1763, 'Sala Baker'),
(1764, 'Salli Richardson-Whitfield'),
(1765, 'Salma Hayek'),
(1766, 'Salvador Allende'),
(1767, 'Salvador del Solar'),
(1768, 'Sam Elliott'),
(1769, 'Sam Kessel'),
(1770, 'Sam Rockwell'),
(1771, 'Sam Shepard'),
(1772, 'Samantha Futerman'),
(1773, 'Samantha Morton'),
(1774, 'Samantha Noble'),
(1775, 'Sammi Cheng'),
(1776, 'Samuel L. Jackson'),
(1777, 'Sanaa Lathan'),
(1778, 'Sandra Bullock'),
(1779, 'Sandra Ceccarelli'),
(1780, 'Sandra Hüller'),
(1781, 'Sandra Oh'),
(1782, 'Sarah Bolger'),
(1783, 'Sarah Jessica Parker'),
(1784, 'Sarah Michelle Gellar'),
(1785, 'Sarah Paulson'),
(1786, 'Sarah Polley'),
(1787, 'Sarah Roemer'),
(1788, 'Sarah Stafford'),
(1789, 'Sascha Gillen'),
(1790, 'Saskia Mulder'),
(1791, 'Satomi Tezuka'),
(1792, 'Saul Stein'),
(1793, 'Scarlett Johansson'),
(1794, 'Scott Caan'),
(1795, 'Scott Glenn'),
(1796, 'Scott Hazell'),
(1797, 'Scott MacDonald'),
(1798, 'Scott Patterson'),
(1799, 'Scott Porter'),
(1800, 'Scott Speedman'),
(1801, 'Scott Whyte'),
(1802, 'Sean Astin'),
(1803, 'Sean Bean'),
(1804, 'Sean Connery'),
(1805, 'Sean Faris'),
(1806, 'Sean Penn'),
(1807, 'Seann William Scott'),
(1808, 'Sebastian Koch'),
(1809, 'Sebastian Stan'),
(1810, 'Sela Ward'),
(1811, 'Selma Blair'),
(1812, 'Serge Renko'),
(1813, 'Sergey Dreyden'),
(1814, 'Sergi López'),
(1815, 'Sergio Boris'),
(1816, 'Sergio Castellitto'),
(1817, 'Seth Rogen'),
(1818, 'Seung-ho Yoo'),
(1819, 'Seung-yeon Lee'),
(1820, 'Shad Moss'),
(1821, 'Shake Tukhmanyan'),
(1822, 'Shane Baumel'),
(1823, 'Shannon Elizabeth'),
(1824, 'Shannyn Sossamon'),
(1825, 'Sharon Small'),
(1826, 'Sharon Stone'),
(1827, 'Shaun Evans'),
(1828, 'Shaun Toub'),
(1829, 'Shauna Macdonald'),
(1830, 'Shawn Hatosy'),
(1831, 'Shawnee Smith'),
(1832, 'Shia LaBeouf'),
(1833, 'Shintarô Katsu'),
(1834, 'Shirley MacLaine'),
(1835, 'Shuangbao Wang'),
(1836, 'Shyann McClure'),
(1837, 'Sidede Onyulo'),
(1838, 'Sienna Guillory'),
(1839, 'Sienna Miller'),
(1840, 'Sigourney Weaver'),
(1841, 'Sigrid Alegría'),
(1842, 'Simon Baker'),
(1843, 'Simon Pegg'),
(1844, 'Skandar Keynes'),
(1845, 'Skye McCole Bartusiak'),
(1846, 'So-ri Moon'),
(1847, 'Sonia Bergamasco'),
(1848, 'Sonja Richter'),
(1849, 'Sook-Yin Lee'),
(1850, 'Sophia Bush'),
(1851, 'Sophie Okonedo'),
(1852, 'Soran Ebrahim'),
(1853, 'Spencer Breslin'),
(1854, 'Stan Collymore'),
(1855, 'Stanley Townsend'),
(1856, 'Stanley Tucci'),
(1857, 'Starletta DuPois'),
(1858, 'Stefan Gebelhoff'),
(1859, 'Stefania Rocca'),
(1860, 'Stella Gonet'),
(1861, 'Stellan Skarsgård'),
(1862, 'Stephanie Cayo'),
(1863, 'Stephanie Roth Haberle'),
(1864, 'Stephen Chow'),
(1865, 'Stephen Dillane'),
(1866, 'Stephen Fry'),
(1867, 'Stephen McHattie'),
(1868, 'Stephen Rea'),
(1869, 'Stephen Tobolowsky'),
(1870, 'Steve Buscemi'),
(1871, 'Steve Carell'),
(1872, 'Steve Coogan'),
(1873, 'Steve Martin'),
(1874, 'Steve Pemberton'),
(1875, 'Steve Zahn'),
(1876, 'Steven Strait'),
(1877, 'Stevie Wonder'),
(1878, 'Stipe Erceg'),
(1879, 'Stéphane Freiss'),
(1880, 'Stéphane Rousseau'),
(1881, 'Susan May Pratt'),
(1882, 'Susan Sarandon'),
(1883, 'Susú Pecoraro'),
(1884, 'Suzanne Flon'),
(1885, 'Suzuka Ohgo'),
(1886, 'Sven Nordin'),
(1887, 'Sverre Anker Ousdal'),
(1888, 'Swini Khara'),
(1889, 'Sydney Pollack'),
(1890, 'Sylvester Stallone'),
(1891, 'Sylvia Poorta'),
(1892, 'Sylvie Testud'),
(1893, 'Tadanobu Asano'),
(1894, 'Takahiro Satô'),
(1895, 'Takako Fuji'),
(1896, 'Takashi Naitô'),
(1897, 'Takuya Kimura'),
(1898, 'Tamer Karadagli'),
(1899, 'Tammy Blanchard'),
(1900, 'Tanveer K. Atwal'),
(1901, 'Tanya Sharma'),
(1902, 'Taryn Manning'),
(1903, 'Tasha de Vasconcelos'),
(1904, 'Tatsuya Gashûin'),
(1905, 'Taye Diggs'),
(1906, 'Taylor Handley'),
(1907, 'Taylor Kitsch'),
(1908, 'Tchéky Karyo'),
(1909, 'Ted Beckman'),
(1910, 'Temur Kalandadze'),
(1911, 'Teo Gheorghiu'),
(1912, 'Teodor Corban'),
(1913, 'Terence Stamp'),
(1914, 'Teri Polo'),
(1915, 'Terry Bradshaw'),
(1916, 'Terry Crews'),
(1917, 'Terry Loughlin'),
(1918, 'Terry Pheto'),
(1919, 'Tessa Mitchell'),
(1920, 'Thandie Newton'),
(1921, 'Thekla Reuten'),
(1922, 'Theresa Poh Lin Chan'),
(1923, 'Thom Hartmann'),
(1924, 'Thom Hoffman'),
(1925, 'Thomas Brodie-Sangster'),
(1926, 'Thomas Curtis'),
(1927, 'Thomas Haden Church'),
(1928, 'Thomas Jane'),
(1929, 'Thomas Kretschmann'),
(1930, 'Thomas Wolff'),
(1931, 'Tianna Sansbury'),
(1932, 'Tilda Swinton'),
(1933, 'Tim Allen'),
(1934, 'Tim Curry'),
(1935, 'Tim Daly'),
(1936, 'Tim Ivey'),
(1937, 'Tim Meadows'),
(1938, 'Tim Robbins'),
(1939, 'Tim Roth'),
(1940, 'Timm Sharp'),
(1941, 'Timotei Duma'),
(1942, 'Timothy Hutton'),
(1943, 'Timothy Olyphant'),
(1944, 'Timothy Spall'),
(1945, 'Timothy Stack'),
(1946, 'Timyra-Joi Beatty'),
(1947, 'Tina Fey'),
(1948, 'Tina Illman'),
(1949, 'Tobey Maguire'),
(1950, 'Tobin Bell'),
(1951, 'Toby Jones'),
(1952, 'Toby Stephens'),
(1953, 'Togo Igawa'),
(1954, 'Tom Cruise'),
(1955, 'Tom Everett Scott'),
(1956, 'Tom Georgeson'),
(1957, 'Tom Hanks'),
(1958, 'Tom Kenny'),
(1959, 'Tom Waits'),
(1960, 'Tom Welling'),
(1961, 'Tom Wilkinson'),
(1962, 'Tomer Russo'),
(1963, 'Tommy Lee Jones'),
(1964, 'Tomás Lipan'),
(1965, 'Toni Collette'),
(1966, 'Tony Benn'),
(1967, 'Tony Chiu-Wai Leung'),
(1968, 'Tony Cox'),
(1969, 'Tony Curran'),
(1970, 'Tony Frazier'),
(1971, 'Topher Grace'),
(1972, 'Tory Mussett'),
(1973, 'Tracey Ullman'),
(1974, 'Troy Garity'),
(1975, 'Trula M. Marcus'),
(1976, 'Tsuyoshi Ihara'),
(1977, 'Tucker Albrizzi'),
(1978, 'Ty Burrell'),
(1979, 'Tyrese Gibson'),
(1980, 'Tyron Leitso'),
(1981, 'Téa Leoni'),
(1982, 'Ulrich Matthes'),
(1983, 'Ulrich Mühe'),
(1984, 'Ulrich Thomsen'),
(1985, 'Ulrich Tukur'),
(1986, 'Uma Thurman'),
(1987, 'Unax Ugalde'),
(1988, 'Unnop Chanpaibool'),
(1989, 'Urs Jucker'),
(1990, 'Val Kilmer'),
(1991, 'Valeria Bertuccelli'),
(1992, 'Valeria Bruni Tedeschi'),
(1993, 'Valeria Gastaldi'),
(1994, 'Valeria Golino'),
(1995, 'Valerie Planche'),
(1996, 'Valeriy Zolotukhin'),
(1997, 'Valérie Lemercier'),
(1998, 'Vanessa Hudgens'),
(1999, 'Vas Blackwood'),
(2000, 'Vera Carnevale'),
(2001, 'Vera Sandrykina'),
(2002, 'Vernon Dobtcheff'),
(2003, 'Veronica D´Agostino'),
(2004, 'Vicky Haughton'),
(2005, 'Viggo Mortensen'),
(2006, 'Vin Diesel'),
(2007, 'Vince Vaughn'),
(2008, 'Vincent Cassel'),
(2009, 'Vincent D´Onofrio'),
(2010, 'Vincent Laresca'),
(2011, 'Vincent Pastore'),
(2012, 'Vincenzo Amato'),
(2013, 'Vinessa Shaw'),
(2014, 'Ving Rhames'),
(2015, 'Vinnie Jones'),
(2016, 'Virgina Ariza'),
(2017, 'Virginia Da Cunha'),
(2018, 'Virginia Madsen'),
(2019, 'Vivica A. Fox'),
(2020, 'Vladimir Menshov'),
(2021, 'Vladimir Radian'),
(2022, 'Víctor Hugo Carrizo'),
(2023, 'Víctor Varela'),
(2024, 'Wah Yuen'),
(2025, 'Wallace Shawn'),
(2026, 'Wanda Sykes'),
(2027, 'Wangari Maathai'),
(2028, 'Waqar Siddiqui'),
(2029, 'Wayne Federman'),
(2030, 'Wen Yann Shih'),
(2031, 'Wendy Crewson'),
(2032, 'Wesley Jonathan'),
(2033, 'Wesley Snipes'),
(2034, 'Will Beinbrink'),
(2035, 'Will Ferrell'),
(2036, 'Will Smith'),
(2037, 'Will Yun Lee'),
(2038, 'Willem Dafoe'),
(2039, 'William Atherton'),
(2040, 'William Dick'),
(2041, 'William H. Macy'),
(2042, 'William Hickey'),
(2043, 'William Hurt'),
(2044, 'William Mapother'),
(2045, 'William Moseley'),
(2046, 'William Shatner'),
(2047, 'Wladimir Yordanoff'),
(2048, 'Woody Allen'),
(2049, 'Woody Harrelson'),
(2050, 'Xander Berkeley'),
(2051, 'Xiaogang Feng'),
(2052, 'Ximena Sariñana'),
(2053, 'Xun Zhou'),
(2054, 'Xzibit'),
(2055, 'Yailene Sierra'),
(2056, 'Yasiin Bey'),
(2057, 'Yaya DaCosta'),
(2058, 'Ye Liu'),
(2059, 'Yeardley Smith'),
(2060, 'Yenny Paola Vega'),
(2061, 'Yeo-jeong Yoon'),
(2062, 'Yeong-su Oh'),
(2063, 'Yolanda Galarza'),
(2064, 'Yong Dong'),
(2065, 'Young-min Kim'),
(2066, 'Yun Qu'),
(2067, 'Yun-Fat Chow'),
(2068, 'Yves Montand'),
(2069, 'Yvonne Chouteau'),
(2070, 'Yvonne Craig'),
(2071, 'Yûya Yagira'),
(2072, 'Zach Braff'),
(2073, 'Zachary Knighton'),
(2074, 'Zachary Levi'),
(2075, 'Zachery Ty Bryan'),
(2076, 'Zarah Jane McKenzie'),
(2077, 'Zena Grey'),
(2078, 'Zeveljamz Nyam'),
(2079, 'Zhi Hua Dong'),
(2080, 'Ziyi Zhang'),
(2081, 'Zooey Deschanel'),
(2082, 'Zubaida Sahar'),
(2083, 'Zuleikha Robinson'),
(2084, 'Álvaro Rudolphy'),
(2085, 'Ángel Tavira'),
(2086, 'Ángel de Andrés López'),
(2087, 'Áron Dimény'),
(2088, 'Émile Vallée');

-- --------------------------------------------------------

--
-- Table structure for table `actor_pelicula`
--

CREATE TABLE `actor_pelicula` (
  `id` int(11) UNSIGNED NOT NULL,
  `actor_id` int(11) UNSIGNED NOT NULL,
  `pelicula_id` int(11) UNSIGNED NOT NULL
) ENGINE=InnoDB DEFAULT CHARSET=latin1;

--
-- Dumping data for table `actor_pelicula`
--

INSERT INTO `actor_pelicula` (`id`, `actor_id`, `pelicula_id`) VALUES
(1, 401, 1),
(2, 871, 1),
(3, 1238, 1),
(4, 1397, 1),
(5, 13, 2),
(6, 865, 2),
(7, 494, 2),
(8, 571, 2),
(9, 530, 3),
(10, 1645, 3),
(11, 1484, 3),
(12, 1198, 3),
(13, 110, 4),
(14, 1445, 4),
(15, 1049, 4),
(16, 1547, 4),
(17, 481, 5),
(18, 1254, 5),
(19, 1542, 5),
(20, 940, 5),
(21, 320, 6),
(22, 160, 6),
(23, 1814, 6),
(24, 1851, 6),
(25, 1478, 7),
(26, 2008, 7),
(27, 40, 7),
(28, 951, 7),
(29, 93, 8),
(30, 1270, 8),
(31, 802, 8),
(32, 684, 8),
(33, 1096, 9),
(34, 775, 9),
(35, 1037, 9),
(36, 945, 9),
(37, 692, 10),
(38, 128, 10),
(39, 1541, 10),
(40, 503, 10),
(41, 1773, 11),
(42, 1100, 11),
(43, 1597, 11),
(44, 1740, 11),
(45, 1994, 12),
(46, 2012, 12),
(47, 645, 12),
(48, 2003, 12),
(49, 615, 13),
(50, 1931, 13),
(51, 1180, 13),
(52, 436, 13),
(53, 1704, 14),
(54, 1137, 14),
(55, 130, 14),
(56, 1419, 14),
(57, 1262, 15),
(58, 1344, 15),
(59, 2052, 15),
(60, 1086, 15),
(61, 687, 16),
(62, 80, 16),
(63, 165, 16),
(64, 726, 16),
(65, 159, 17),
(66, 245, 17),
(67, 334, 17),
(68, 443, 17),
(69, 1873, 18),
(70, 1640, 18),
(71, 606, 18),
(72, 955, 18),
(73, 1841, 19),
(74, 2084, 19),
(75, 1580, 19),
(76, 1363, 19),
(77, 1747, 20),
(78, 1590, 20),
(79, 839, 20),
(80, 532, 20),
(81, 2036, 21),
(82, 244, 21),
(83, 37, 21),
(84, 838, 21),
(85, 1873, 22),
(86, 224, 22),
(87, 1632, 22),
(88, 1960, 22),
(89, 285, 23),
(90, 1146, 23),
(91, 232, 23),
(92, 2034, 23),
(93, 525, 24),
(94, 898, 24),
(95, 1875, 24),
(96, 1667, 24),
(97, 664, 25),
(98, 1715, 25),
(99, 1488, 25),
(100, 1407, 25),
(101, 1786, 26),
(102, 89, 26),
(103, 1800, 26),
(104, 1207, 26),
(105, 1555, 27),
(106, 1150, 27),
(107, 1882, 27),
(108, 47, 27),
(109, 271, 28),
(110, 407, 28),
(111, 297, 28),
(112, 1753, 28),
(113, 2068, 29),
(114, 1192, 29),
(115, 1299, 29),
(116, 657, 29),
(117, 648, 30),
(118, 2035, 30),
(119, 1822, 30),
(120, 1946, 30),
(121, 1665, 31),
(122, 1335, 31),
(123, 495, 31),
(124, 482, 31),
(125, 1991, 32),
(126, 803, 32),
(127, 23, 32),
(128, 1528, 32),
(129, 406, 33),
(130, 609, 33),
(131, 1280, 33),
(132, 1037, 33),
(133, 1232, 34),
(134, 1153, 34),
(135, 286, 34),
(136, 701, 34),
(137, 1137, 35),
(138, 459, 35),
(139, 403, 35),
(140, 2043, 35),
(141, 471, 36),
(142, 467, 36),
(143, 1948, 36),
(144, 1801, 36),
(145, 1114, 37),
(146, 1558, 37),
(147, 763, 37),
(148, 1828, 37),
(149, 45, 38),
(150, 388, 38),
(151, 784, 38),
(152, 355, 38),
(153, 227, 39),
(154, 1357, 39),
(155, 248, 39),
(156, 510, 39),
(157, 850, 40),
(158, 1159, 40),
(159, 1706, 40),
(160, 1917, 40),
(161, 710, 41),
(162, 796, 41),
(163, 616, 41),
(164, 2001, 41),
(165, 1025, 42),
(166, 1733, 42),
(167, 1379, 42),
(168, 475, 42),
(169, 2072, 43),
(170, 1127, 43),
(171, 681, 43),
(172, 163, 43),
(173, 364, 44),
(174, 1593, 44),
(175, 1478, 44),
(176, 1867, 44),
(177, 1170, 45),
(178, 1292, 45),
(179, 1976, 45),
(180, 768, 45),
(181, 50, 46),
(182, 1148, 46),
(183, 172, 46),
(184, 1342, 46),
(185, 32, 47),
(186, 1381, 47),
(187, 1670, 47),
(188, 152, 47),
(189, 653, 48),
(190, 1409, 48),
(191, 1722, 48),
(192, 1610, 48),
(193, 1701, 49),
(194, 1733, 49),
(195, 924, 49),
(196, 743, 49),
(197, 10, 50),
(198, 1121, 50),
(199, 418, 50),
(200, 698, 50),
(201, 1695, 51),
(202, 627, 51),
(203, 2028, 51),
(204, 146, 51),
(205, 369, 52),
(206, 1765, 52),
(207, 497, 52),
(208, 535, 52),
(209, 411, 53),
(210, 154, 53),
(211, 559, 53),
(212, 1058, 53),
(213, 979, 54),
(214, 1463, 54),
(215, 1453, 54),
(216, 228, 54),
(217, 1829, 55),
(218, 1499, 55),
(219, 58, 55),
(220, 1790, 55),
(221, 1885, 56),
(222, 1953, 56),
(223, 1288, 56),
(224, 1772, 56),
(225, 44, 57),
(226, 82, 57),
(227, 1241, 57),
(228, 1631, 57),
(229, 111, 58),
(230, 1775, 58),
(231, 918, 58),
(232, 275, 58),
(233, 306, 59),
(234, 1720, 59),
(235, 1041, 59),
(236, 1481, 59),
(237, 254, 60),
(238, 2056, 60),
(239, 442, 60),
(240, 905, 60),
(241, 351, 61),
(242, 474, 61),
(243, 1644, 61),
(244, 468, 61),
(245, 83, 62),
(246, 1117, 62),
(247, 1627, 62),
(248, 380, 62),
(249, 364, 63),
(250, 1034, 63),
(251, 1413, 63),
(252, 1469, 63),
(253, 1137, 64),
(254, 159, 64),
(255, 1810, 64),
(256, 1402, 64),
(257, 1991, 65),
(258, 48, 65),
(259, 1057, 65),
(260, 1648, 65),
(261, 1061, 66),
(262, 24, 67),
(263, 5, 67),
(264, 1662, 67),
(265, 1359, 67),
(266, 2085, 68),
(267, 694, 68),
(268, 391, 68),
(269, 1325, 68),
(270, 328, 69),
(271, 1676, 69),
(272, 962, 69),
(273, 1942, 69),
(274, 1186, 70),
(275, 586, 70),
(276, 1634, 70),
(277, 1395, 70),
(278, 1616, 71),
(279, 1274, 71),
(280, 141, 71),
(281, 1455, 71),
(282, 142, 72),
(283, 540, 72),
(284, 1327, 72),
(285, 855, 72),
(286, 1092, 73),
(287, 1333, 73),
(288, 336, 73),
(289, 913, 73),
(290, 884, 74),
(291, 2032, 74),
(292, 1191, 74),
(293, 1739, 74),
(294, 43, 75),
(295, 1710, 75),
(296, 2055, 75),
(297, 1396, 75),
(298, 1426, 76),
(299, 1766, 76),
(300, 828, 76),
(301, 1449, 76),
(302, 1737, 77),
(303, 1903, 77),
(304, 183, 77),
(305, 719, 77),
(306, 477, 78),
(307, 1770, 78),
(308, 1441, 78),
(309, 509, 78),
(310, 551, 79),
(311, 1680, 79),
(312, 1675, 79),
(313, 1572, 79),
(314, 1282, 80),
(315, 1521, 80),
(316, 263, 80),
(317, 894, 80),
(318, 2053, 81),
(319, 2058, 81),
(320, 1164, 81),
(321, 1835, 81),
(322, 1533, 82),
(323, 613, 82),
(324, 1998, 82),
(325, 771, 82),
(326, 991, 83),
(327, 989, 83),
(328, 2048, 83),
(329, 547, 83),
(330, 1543, 84),
(331, 1561, 84),
(332, 1908, 84),
(333, 1297, 84),
(334, 659, 85),
(335, 1049, 85),
(336, 1723, 85),
(337, 469, 85),
(338, 1719, 86),
(339, 1038, 86),
(340, 160, 86),
(341, 386, 86),
(342, 63, 87),
(343, 1193, 87),
(344, 1624, 87),
(345, 507, 87),
(346, 1523, 88),
(347, 1932, 88),
(348, 1408, 88),
(349, 323, 88),
(350, 1813, 89),
(351, 1330, 89),
(352, 1206, 89),
(353, 1452, 89),
(354, 1613, 90),
(355, 1738, 90),
(356, 492, 90),
(357, 1376, 90),
(358, 1450, 91),
(359, 525, 91),
(360, 269, 91),
(361, 1051, 91),
(362, 1949, 92),
(363, 1150, 92),
(364, 841, 92),
(365, 67, 92),
(366, 1760, 93),
(367, 1880, 93),
(368, 1318, 93),
(369, 1324, 93),
(370, 382, 94),
(371, 771, 94),
(372, 1776, 94),
(373, 870, 94),
(374, 180, 95),
(375, 1877, 95),
(376, 685, 95),
(377, 836, 95),
(378, 1635, 96),
(379, 1486, 96),
(380, 1823, 96),
(381, 1163, 96),
(382, 2062, 97),
(383, 1144, 97),
(384, 2065, 97),
(385, 832, 97),
(386, 911, 98),
(387, 715, 98),
(388, 1151, 98),
(389, 2037, 98),
(390, 1524, 99),
(391, 1374, 99),
(392, 193, 99),
(393, 711, 99),
(394, 1033, 100),
(395, 1883, 100),
(396, 1031, 100),
(397, 26, 100),
(398, 160, 101),
(399, 672, 101),
(400, 490, 101),
(401, 305, 101),
(402, 88, 102),
(403, 159, 102),
(404, 1902, 102),
(405, 27, 102),
(406, 622, 103),
(407, 1181, 103),
(408, 1526, 103),
(409, 1478, 103),
(410, 1154, 104),
(411, 2020, 104),
(412, 1996, 104),
(413, 1331, 104),
(414, 1068, 105),
(415, 1305, 105),
(416, 1303, 105),
(417, 326, 105),
(418, 7, 106),
(419, 718, 106),
(420, 1591, 106),
(421, 34, 106),
(422, 763, 107),
(423, 1289, 107),
(424, 353, 107),
(425, 158, 107),
(426, 296, 108),
(427, 1405, 108),
(428, 1868, 108),
(429, 1939, 108),
(430, 32, 109),
(431, 369, 109),
(432, 244, 109),
(433, 660, 109),
(434, 153, 110),
(435, 1522, 110),
(436, 351, 110),
(437, 1157, 110),
(438, 822, 111),
(439, 1105, 111),
(440, 772, 111),
(441, 468, 111),
(442, 1096, 112),
(443, 358, 112),
(444, 375, 112),
(445, 1143, 112),
(446, 650, 113),
(447, 765, 113),
(448, 115, 113),
(449, 1115, 113),
(450, 1495, 114),
(451, 1348, 114),
(452, 433, 114),
(453, 238, 114),
(454, 1945, 115),
(455, 1457, 115),
(456, 2029, 115),
(457, 1255, 115),
(458, 957, 116),
(459, 927, 116),
(460, 872, 116),
(461, 1692, 116),
(462, 223, 117),
(463, 125, 117),
(464, 383, 117),
(465, 864, 117),
(466, 39, 118),
(467, 555, 118),
(468, 60, 118),
(469, 2038, 118),
(470, 2035, 119),
(471, 837, 119),
(472, 220, 119),
(473, 529, 119),
(474, 1891, 120),
(475, 129, 120),
(476, 1477, 120),
(477, 827, 120),
(478, 1417, 121),
(479, 1149, 121),
(480, 1726, 121),
(481, 270, 121),
(482, 6, 122),
(483, 1322, 122),
(484, 621, 122),
(485, 635, 122),
(486, 1236, 123),
(487, 1427, 123),
(488, 574, 123),
(489, 1769, 123),
(490, 848, 124),
(491, 1283, 124),
(492, 921, 124),
(493, 1208, 124),
(494, 440, 125),
(495, 896, 125),
(496, 1601, 125),
(497, 323, 125),
(498, 1036, 126),
(499, 1673, 126),
(500, 859, 126),
(501, 899, 126),
(502, 1963, 127),
(503, 186, 127),
(504, 372, 127),
(505, 1211, 127),
(506, 956, 128),
(507, 1245, 128),
(508, 1514, 128),
(509, 97, 128),
(510, 929, 129),
(511, 133, 129),
(512, 601, 129),
(513, 348, 129),
(514, 2067, 130),
(515, 1807, 130),
(516, 833, 130),
(517, 1081, 130),
(518, 2006, 131),
(519, 1175, 131),
(520, 1943, 131),
(521, 677, 131),
(522, 114, 132),
(523, 693, 132),
(524, 349, 132),
(525, 322, 132),
(526, 1495, 133),
(527, 1842, 133),
(528, 433, 133),
(529, 550, 133),
(530, 1745, 134),
(531, 1471, 134),
(532, 1307, 134),
(533, 1896, 134),
(534, 254, 135),
(535, 1141, 135),
(536, 950, 135),
(537, 1437, 135),
(538, 1778, 136),
(539, 1667, 136),
(540, 583, 136),
(541, 2046, 136),
(542, 254, 137),
(543, 1478, 137),
(544, 367, 137),
(545, 513, 137),
(546, 1731, 138),
(547, 1608, 138),
(548, 148, 138),
(549, 582, 138),
(550, 1973, 139),
(551, 996, 139),
(552, 1811, 139),
(553, 325, 139),
(554, 952, 140),
(555, 1137, 140),
(556, 594, 140),
(557, 1132, 140),
(558, 686, 141),
(559, 795, 141),
(560, 1672, 141),
(561, 1898, 141),
(562, 731, 142),
(563, 136, 142),
(564, 834, 142),
(565, 423, 142),
(566, 1503, 143),
(567, 1273, 143),
(568, 1279, 143),
(569, 1278, 143),
(570, 350, 144),
(571, 1639, 144),
(572, 1218, 144),
(573, 1554, 144),
(574, 1708, 145),
(575, 1408, 145),
(576, 1954, 145),
(577, 1429, 145),
(578, 1832, 146),
(579, 1787, 146),
(580, 288, 146),
(581, 442, 146),
(582, 28, 147),
(583, 512, 147),
(584, 1538, 147),
(585, 15, 147),
(586, 296, 148),
(587, 733, 148),
(588, 702, 148),
(589, 1290, 148),
(590, 1352, 149),
(591, 1900, 149),
(592, 759, 149),
(593, 1089, 149),
(594, 1523, 150),
(595, 1770, 150),
(596, 79, 150),
(597, 250, 150),
(598, 977, 151),
(599, 948, 151),
(600, 102, 151),
(601, 1098, 151),
(602, 914, 152),
(603, 1651, 152),
(604, 1503, 152),
(605, 1856, 152),
(606, 1336, 153),
(607, 311, 153),
(608, 497, 153),
(609, 875, 153),
(610, 1504, 154),
(611, 189, 154),
(612, 1884, 154),
(613, 190, 154),
(614, 752, 155),
(615, 1824, 155),
(616, 188, 155),
(617, 1332, 155),
(618, 1674, 156),
(619, 617, 156),
(620, 1785, 156),
(621, 438, 156),
(622, 607, 157),
(623, 1818, 157),
(624, 781, 157),
(625, 1169, 157),
(626, 1267, 158),
(627, 705, 158),
(628, 1600, 158),
(629, 1356, 158),
(630, 159, 159),
(631, 1403, 159),
(632, 98, 159),
(633, 539, 159),
(634, 1114, 160),
(635, 1656, 160),
(636, 2004, 160),
(637, 359, 160),
(638, 992, 161),
(639, 372, 161),
(640, 1776, 161),
(641, 1935, 161),
(642, 1323, 162),
(643, 1473, 162),
(644, 2082, 162),
(645, 1475, 162),
(646, 1683, 163),
(647, 914, 163),
(648, 1882, 163),
(649, 1234, 163),
(650, 947, 164),
(651, 1286, 164),
(652, 341, 164),
(653, 646, 164),
(654, 147, 165),
(655, 647, 165),
(656, 2063, 165),
(657, 2023, 165),
(658, 1957, 166),
(659, 1212, 166),
(660, 520, 166),
(661, 1540, 166),
(662, 739, 167),
(663, 1703, 167),
(664, 308, 167),
(665, 972, 167),
(666, 654, 168),
(667, 1784, 168),
(668, 1379, 168),
(669, 1226, 168),
(670, 1368, 169),
(671, 718, 169),
(672, 611, 169),
(673, 2030, 169),
(674, 902, 170),
(675, 1568, 170),
(676, 137, 170),
(677, 501, 170),
(678, 1957, 171),
(679, 299, 171),
(680, 1856, 171),
(681, 316, 171),
(682, 254, 172),
(683, 1382, 172),
(684, 88, 172),
(685, 1141, 172),
(686, 257, 173),
(687, 957, 173),
(688, 21, 173),
(689, 2043, 173),
(690, 1112, 174),
(691, 1645, 174),
(692, 1832, 174),
(693, 486, 174),
(694, 1524, 175),
(695, 1806, 175),
(696, 297, 175),
(697, 932, 175),
(698, 199, 176),
(699, 1563, 176),
(700, 294, 176),
(701, 117, 176),
(702, 852, 177),
(703, 1134, 177),
(704, 1667, 177),
(705, 361, 177),
(706, 317, 178),
(707, 1897, 178),
(708, 29, 178),
(709, 1904, 178),
(710, 1139, 179),
(711, 156, 179),
(712, 1009, 179),
(713, 1140, 179),
(714, 480, 180),
(715, 413, 180),
(716, 581, 180),
(717, 424, 180),
(718, 659, 181),
(719, 113, 181),
(720, 1718, 181),
(721, 1750, 181),
(722, 204, 182),
(723, 1968, 182),
(724, 237, 182),
(725, 1185, 182),
(726, 805, 183),
(727, 937, 183),
(728, 324, 183),
(729, 1415, 183),
(730, 915, 184),
(731, 1596, 184),
(732, 1961, 184),
(733, 473, 184),
(734, 1881, 185),
(735, 1690, 185),
(736, 1534, 185),
(737, 69, 185),
(738, 1587, 186),
(739, 556, 186),
(740, 1781, 186),
(741, 1545, 186),
(742, 850, 187),
(743, 201, 187),
(744, 1411, 187),
(745, 425, 187),
(746, 86, 188),
(747, 304, 188),
(748, 1182, 188),
(749, 2015, 188),
(750, 261, 189),
(751, 1302, 189),
(752, 90, 189),
(753, 714, 189),
(754, 1097, 190),
(755, 1812, 190),
(756, 385, 190),
(757, 723, 190),
(758, 1334, 191),
(759, 810, 191),
(760, 1312, 191),
(761, 435, 191),
(762, 1852, 192),
(763, 164, 192),
(764, 1762, 192),
(765, 767, 192),
(766, 1138, 193),
(767, 378, 193),
(768, 1768, 193),
(769, 421, 193),
(770, 31, 194),
(771, 209, 194),
(772, 1954, 195),
(773, 1627, 195),
(774, 2014, 195),
(775, 207, 195),
(776, 21, 196),
(777, 1113, 196),
(778, 1155, 196),
(779, 912, 196),
(780, 229, 197),
(781, 1091, 197),
(782, 1143, 197),
(783, 844, 197),
(784, 1523, 198),
(785, 1308, 198),
(786, 374, 198),
(787, 138, 198),
(788, 1381, 199),
(789, 1783, 199),
(790, 2081, 199),
(791, 1067, 199),
(792, 575, 200),
(793, 370, 200),
(794, 1118, 200),
(795, 1925, 200),
(796, 1002, 201),
(797, 1027, 201),
(798, 453, 201),
(799, 1159, 201),
(800, 1854, 202),
(801, 1826, 202),
(802, 1515, 202),
(803, 449, 202),
(804, 1261, 203),
(805, 1779, 203),
(806, 665, 203),
(807, 619, 203),
(808, 1593, 204),
(809, 257, 204),
(810, 902, 204),
(811, 217, 204),
(812, 617, 205),
(813, 1693, 205),
(814, 1934, 205),
(815, 945, 205),
(816, 1719, 206),
(817, 1530, 206),
(818, 1013, 206),
(819, 703, 206),
(820, 1786, 207),
(821, 1938, 207),
(822, 1887, 207),
(823, 877, 207),
(824, 22, 208),
(825, 854, 208),
(826, 861, 208),
(827, 980, 208),
(828, 531, 209),
(829, 1593, 209),
(830, 938, 209),
(831, 1744, 209),
(832, 1776, 210),
(833, 1049, 210),
(834, 1508, 210),
(835, 1643, 210),
(836, 1933, 211),
(837, 1161, 211),
(838, 2077, 211),
(839, 1853, 211),
(840, 1986, 212),
(841, 1408, 212),
(842, 256, 212),
(843, 999, 212),
(844, 1584, 213),
(845, 60, 213),
(846, 1116, 213),
(847, 235, 213),
(848, 400, 214),
(849, 1055, 214),
(850, 1493, 214),
(851, 2059, 214),
(852, 811, 215),
(853, 651, 215),
(854, 1582, 215),
(855, 1321, 215),
(856, 1623, 216),
(857, 173, 216),
(858, 124, 216),
(859, 925, 216),
(860, 1871, 217),
(861, 1481, 217),
(862, 1185, 217),
(863, 998, 217),
(864, 269, 218),
(865, 1096, 218),
(866, 1036, 218),
(867, 819, 218),
(868, 1986, 219),
(869, 1268, 219),
(870, 120, 219),
(871, 1650, 219),
(872, 1280, 220),
(873, 1513, 220),
(874, 1901, 220),
(875, 1888, 220),
(876, 463, 221),
(877, 1670, 221),
(878, 1805, 221),
(879, 1108, 221),
(880, 739, 222),
(881, 254, 222),
(882, 708, 222),
(883, 1688, 222),
(884, 525, 223),
(885, 1920, 223),
(886, 1916, 223),
(887, 361, 223),
(888, 1524, 224),
(889, 1703, 224),
(890, 1978, 224),
(891, 746, 224),
(892, 916, 225),
(893, 214, 225),
(894, 1431, 225),
(895, 1026, 225),
(896, 1840, 226),
(897, 1951, 226),
(898, 731, 226),
(899, 1778, 226),
(900, 1832, 227),
(901, 896, 227),
(902, 2081, 227),
(903, 1001, 227),
(904, 1677, 228),
(905, 1991, 228),
(906, 695, 228),
(907, 284, 228),
(908, 1466, 229),
(909, 1912, 229),
(910, 807, 229),
(911, 1467, 229),
(912, 350, 230),
(913, 1442, 230),
(914, 1974, 230),
(915, 1733, 230),
(916, 819, 231),
(917, 1167, 231),
(918, 817, 231),
(919, 1725, 231),
(920, 852, 232),
(921, 195, 232),
(922, 525, 232),
(923, 421, 232),
(924, 623, 233),
(925, 1911, 233),
(926, 1060, 233),
(927, 1989, 233),
(928, 1581, 234),
(929, 2000, 234),
(930, 1364, 234),
(931, 23, 234),
(932, 1275, 235),
(933, 1313, 235),
(934, 1458, 235),
(935, 1606, 235),
(936, 851, 236),
(937, 179, 236),
(938, 1372, 236),
(939, 524, 236),
(940, 862, 237),
(941, 1311, 237),
(942, 1310, 237),
(943, 797, 237),
(944, 632, 238),
(945, 629, 238),
(946, 1351, 238),
(947, 1964, 238),
(948, 1436, 239),
(949, 1298, 239),
(950, 417, 239),
(951, 2088, 239),
(952, 2072, 240),
(953, 818, 240),
(954, 290, 240),
(955, 1642, 240),
(956, 1025, 241),
(957, 1793, 241),
(958, 2, 241),
(959, 766, 241),
(960, 304, 242),
(961, 904, 242),
(962, 396, 242),
(963, 472, 242),
(964, 1780, 243),
(965, 258, 243),
(966, 799, 243),
(967, 118, 243),
(968, 2005, 244),
(969, 540, 244),
(970, 1987, 244),
(971, 527, 244),
(972, 21, 245),
(973, 476, 245),
(974, 180, 245),
(975, 219, 245),
(976, 1036, 246),
(977, 1713, 246),
(978, 1346, 246),
(979, 1059, 246),
(980, 1630, 247),
(981, 739, 247),
(982, 1952, 247),
(983, 1729, 247),
(984, 1778, 248),
(985, 776, 248),
(986, 75, 248),
(987, 402, 248),
(988, 1203, 249),
(989, 407, 249),
(990, 269, 249),
(991, 945, 249),
(992, 1804, 250),
(993, 1497, 250),
(994, 1613, 250),
(995, 1969, 250),
(996, 683, 251),
(997, 299, 251),
(998, 679, 251),
(999, 300, 251),
(1000, 1602, 252),
(1001, 1979, 252),
(1002, 611, 252),
(1003, 367, 252),
(1004, 227, 253),
(1005, 299, 253),
(1006, 1439, 253),
(1007, 1023, 253),
(1008, 1577, 254),
(1009, 1113, 254),
(1010, 1010, 254),
(1011, 145, 254),
(1012, 1905, 255),
(1013, 360, 255),
(1014, 299, 255),
(1015, 1674, 255),
(1016, 1557, 256),
(1017, 1393, 256),
(1018, 412, 256),
(1019, 1537, 256),
(1020, 13, 257),
(1021, 822, 257),
(1022, 1328, 257),
(1023, 1263, 257),
(1024, 96, 258),
(1025, 970, 258),
(1026, 543, 258),
(1027, 426, 258),
(1028, 1876, 259),
(1029, 1182, 259),
(1030, 1809, 259),
(1031, 1907, 259),
(1032, 32, 260),
(1033, 1146, 260),
(1034, 1756, 260),
(1035, 1981, 260),
(1036, 1252, 261),
(1037, 740, 261),
(1038, 1077, 261),
(1039, 1271, 261),
(1040, 841, 262),
(1041, 1796, 262),
(1042, 1276, 262),
(1043, 1628, 262),
(1044, 269, 263),
(1045, 509, 263),
(1046, 1258, 263),
(1047, 191, 263),
(1048, 347, 264),
(1049, 1658, 264),
(1050, 537, 264),
(1051, 1668, 264),
(1052, 1093, 265),
(1053, 1381, 265),
(1054, 1104, 265),
(1055, 131, 265),
(1056, 369, 266),
(1057, 1145, 266),
(1058, 641, 266),
(1059, 1647, 266),
(1060, 946, 267),
(1061, 1481, 267),
(1062, 906, 267),
(1063, 1625, 267),
(1064, 1702, 268),
(1065, 208, 268),
(1066, 1235, 268),
(1067, 959, 268),
(1068, 1806, 269),
(1069, 1938, 269),
(1070, 1136, 269),
(1071, 1187, 269),
(1072, 1300, 270),
(1073, 264, 270),
(1074, 260, 270),
(1075, 2087, 270),
(1076, 876, 271),
(1077, 1033, 271),
(1078, 1181, 271),
(1079, 560, 271),
(1080, 741, 272),
(1081, 1741, 272),
(1082, 953, 272),
(1083, 975, 272),
(1084, 1657, 273),
(1085, 340, 273),
(1086, 108, 273),
(1087, 76, 273),
(1088, 1338, 274),
(1089, 538, 274),
(1090, 988, 274),
(1091, 1699, 274),
(1092, 957, 275),
(1093, 1665, 275),
(1094, 706, 275),
(1095, 1707, 275),
(1096, 1524, 276),
(1097, 1050, 276),
(1098, 1408, 276),
(1099, 1865, 276),
(1100, 984, 277),
(1101, 1621, 277),
(1102, 461, 277),
(1103, 2010, 277),
(1104, 1282, 278),
(1105, 893, 278),
(1106, 1506, 278),
(1107, 140, 278),
(1108, 995, 279),
(1109, 679, 279),
(1110, 1555, 279),
(1111, 1113, 279),
(1112, 1501, 280),
(1113, 566, 280),
(1114, 1569, 280),
(1115, 454, 280),
(1116, 70, 281),
(1117, 1, 281),
(1118, 1422, 281),
(1119, 444, 281),
(1120, 1819, 282),
(1121, 783, 282),
(1122, 782, 282),
(1123, 920, 282),
(1124, 1361, 283),
(1125, 1251, 283),
(1126, 1993, 283),
(1127, 2017, 283),
(1128, 311, 284),
(1129, 1926, 284),
(1130, 553, 284),
(1131, 644, 284),
(1132, 882, 285),
(1133, 467, 285),
(1134, 618, 285),
(1135, 170, 285),
(1136, 1981, 286),
(1137, 218, 286),
(1138, 812, 286),
(1139, 720, 286),
(1140, 1683, 287),
(1141, 1059, 287),
(1142, 640, 287),
(1143, 1390, 287),
(1144, 1776, 288),
(1145, 369, 288),
(1146, 1440, 288),
(1147, 1172, 288),
(1148, 1719, 289),
(1149, 1120, 289),
(1150, 160, 289),
(1151, 386, 289),
(1152, 937, 290),
(1153, 51, 290),
(1154, 1576, 290),
(1155, 1646, 290),
(1156, 1048, 291),
(1157, 1406, 291),
(1158, 1837, 291),
(1159, 1384, 291),
(1160, 488, 292),
(1161, 196, 292),
(1162, 1019, 292),
(1163, 280, 292),
(1164, 1524, 293),
(1165, 744, 293),
(1166, 1184, 293),
(1167, 888, 293),
(1168, 1413, 294),
(1169, 234, 294),
(1170, 487, 294),
(1171, 1646, 294),
(1172, 1203, 295),
(1173, 294, 295),
(1174, 1090, 295),
(1175, 971, 295),
(1176, 56, 296),
(1177, 589, 296),
(1178, 987, 296),
(1179, 541, 296),
(1180, 1705, 297),
(1181, 1124, 297),
(1182, 1479, 297),
(1183, 873, 297),
(1184, 1093, 298),
(1185, 890, 298),
(1186, 1495, 298),
(1187, 600, 298),
(1188, 908, 299),
(1189, 182, 299),
(1190, 1723, 299),
(1191, 643, 299),
(1192, 572, 300),
(1193, 1146, 300),
(1194, 1399, 300),
(1195, 245, 300),
(1196, 249, 301),
(1197, 1802, 301),
(1198, 967, 301),
(1199, 1763, 301),
(1200, 978, 302),
(1201, 737, 302),
(1202, 1281, 302),
(1203, 373, 302),
(1204, 1663, 303),
(1205, 142, 303),
(1206, 1614, 303),
(1207, 595, 303),
(1208, 1090, 304),
(1209, 1800, 304),
(1210, 1969, 304),
(1211, 466, 304),
(1212, 1873, 305),
(1213, 1139, 305),
(1214, 886, 305),
(1215, 569, 305),
(1216, 21, 306),
(1217, 564, 306),
(1218, 1435, 306),
(1219, 518, 306),
(1220, 469, 307),
(1221, 546, 307),
(1222, 577, 307),
(1223, 926, 307),
(1224, 975, 308),
(1225, 1659, 308),
(1226, 88, 308),
(1227, 979, 308),
(1228, 1109, 309),
(1229, 683, 309),
(1230, 95, 309),
(1231, 346, 309),
(1232, 1860, 310),
(1233, 104, 310),
(1234, 761, 310),
(1235, 778, 310),
(1236, 78, 311),
(1237, 885, 311),
(1238, 1944, 311),
(1239, 168, 311),
(1240, 1724, 312),
(1241, 981, 312),
(1242, 1811, 312),
(1243, 1746, 312),
(1244, 777, 313),
(1245, 1090, 313),
(1246, 1689, 313),
(1247, 451, 313),
(1248, 321, 314),
(1249, 963, 314),
(1250, 1027, 314),
(1251, 268, 314),
(1252, 597, 315),
(1253, 1607, 315),
(1254, 728, 315),
(1255, 1498, 315),
(1256, 1050, 316),
(1257, 344, 316),
(1258, 1383, 316),
(1259, 135, 316),
(1260, 822, 317),
(1261, 474, 317),
(1262, 1112, 317),
(1263, 644, 317),
(1264, 384, 318),
(1265, 773, 318),
(1266, 1735, 318),
(1267, 2019, 318),
(1268, 356, 319),
(1269, 1231, 319),
(1270, 1315, 319),
(1271, 762, 319),
(1272, 1003, 320),
(1273, 1414, 320),
(1274, 345, 320),
(1275, 198, 320),
(1276, 1007, 321),
(1277, 1980, 321),
(1278, 363, 321),
(1279, 1551, 321),
(1280, 46, 322),
(1281, 533, 322),
(1282, 829, 322),
(1283, 1629, 322),
(1284, 1890, 323),
(1285, 259, 323),
(1286, 144, 323),
(1287, 691, 323),
(1288, 1036, 324),
(1289, 1524, 324),
(1290, 1674, 324),
(1291, 535, 324),
(1292, 1806, 325),
(1293, 1495, 325),
(1294, 422, 325),
(1295, 281, 325),
(1296, 231, 326),
(1297, 915, 326),
(1298, 1869, 326),
(1299, 199, 326),
(1300, 184, 327),
(1301, 906, 327),
(1302, 1627, 327),
(1303, 458, 327),
(1304, 946, 328),
(1305, 1096, 328),
(1306, 696, 328),
(1307, 542, 328),
(1308, 957, 329),
(1309, 992, 329),
(1310, 818, 329),
(1311, 1707, 329),
(1312, 1793, 330),
(1313, 199, 330),
(1314, 30, 330),
(1315, 1111, 330),
(1316, 1152, 331),
(1317, 1535, 331),
(1318, 1309, 331),
(1319, 1160, 331),
(1320, 718, 332),
(1321, 1663, 332),
(1322, 1702, 332),
(1323, 267, 332),
(1324, 1820, 333),
(1325, 1484, 333),
(1326, 1008, 333),
(1327, 233, 333),
(1328, 13, 334),
(1329, 509, 334),
(1330, 1698, 334),
(1331, 1802, 334),
(1332, 272, 335),
(1333, 460, 335),
(1334, 1711, 335),
(1335, 1620, 335),
(1336, 603, 336),
(1337, 1536, 336),
(1338, 483, 336),
(1339, 1910, 336),
(1340, 2033, 337),
(1341, 1155, 337),
(1342, 489, 337),
(1343, 938, 337),
(1344, 222, 338),
(1345, 1102, 338),
(1346, 742, 338),
(1347, 202, 338),
(1348, 1368, 339),
(1349, 649, 339),
(1350, 238, 339),
(1351, 1045, 339),
(1352, 456, 340),
(1353, 656, 340),
(1354, 697, 340),
(1355, 1930, 340),
(1356, 254, 341),
(1357, 1373, 341),
(1358, 563, 341),
(1359, 636, 341),
(1360, 295, 342),
(1361, 211, 342),
(1362, 212, 342),
(1363, 36, 342),
(1364, 241, 343),
(1365, 1386, 343),
(1366, 1296, 343),
(1367, 526, 343),
(1368, 1603, 344),
(1369, 739, 344),
(1370, 1256, 344),
(1371, 1915, 344),
(1372, 1096, 345),
(1373, 908, 345),
(1374, 1587, 345),
(1375, 825, 345),
(1376, 1961, 346),
(1377, 1428, 346),
(1378, 1889, 346),
(1379, 419, 346),
(1380, 1450, 347),
(1381, 525, 347),
(1382, 269, 347),
(1383, 142, 347),
(1384, 1382, 348),
(1385, 549, 348),
(1386, 2011, 348),
(1387, 251, 348),
(1388, 1523, 349),
(1389, 244, 349),
(1390, 863, 349),
(1391, 1821, 349),
(1392, 1136, 350),
(1393, 429, 350),
(1394, 614, 350),
(1395, 1168, 350),
(1396, 1539, 351),
(1397, 68, 351),
(1398, 1802, 351),
(1399, 431, 351),
(1400, 1370, 352),
(1401, 1655, 352),
(1402, 236, 352),
(1403, 1616, 352),
(1404, 992, 353),
(1405, 1439, 353),
(1406, 348, 353),
(1407, 86, 353),
(1408, 332, 354),
(1409, 1413, 354),
(1410, 1220, 354),
(1411, 1107, 354),
(1412, 1833, 355),
(1413, 1443, 355),
(1414, 1165, 355),
(1415, 770, 355),
(1416, 227, 356),
(1417, 299, 356),
(1418, 683, 356),
(1419, 516, 356),
(1420, 2038, 357),
(1421, 1776, 357),
(1422, 793, 357),
(1423, 1800, 357),
(1424, 362, 358),
(1425, 766, 358),
(1426, 1481, 358),
(1427, 880, 358),
(1428, 1336, 359),
(1429, 1979, 359),
(1430, 106, 359),
(1431, 666, 359),
(1432, 277, 360),
(1433, 1244, 360),
(1434, 900, 360),
(1435, 994, 360),
(1436, 995, 361),
(1437, 1555, 361),
(1438, 1113, 361),
(1439, 820, 361),
(1440, 502, 362),
(1441, 1941, 362),
(1442, 101, 362),
(1443, 804, 362),
(1444, 806, 363),
(1445, 1269, 363),
(1446, 504, 363),
(1447, 500, 363),
(1448, 1922, 364),
(1449, 318, 364),
(1450, 1190, 364),
(1451, 1205, 364),
(1452, 1849, 365),
(1453, 1592, 365),
(1454, 1227, 365),
(1455, 1565, 365),
(1456, 1407, 366),
(1457, 278, 366),
(1458, 48, 366),
(1459, 1360, 366),
(1460, 180, 367),
(1461, 2, 367),
(1462, 1986, 367),
(1463, 1593, 367),
(1464, 61, 368),
(1465, 342, 368),
(1466, 791, 368),
(1467, 642, 368),
(1468, 1817, 369),
(1469, 1099, 369),
(1470, 1599, 369),
(1471, 1209, 369),
(1472, 330, 370),
(1473, 824, 370),
(1474, 1391, 370),
(1475, 769, 370),
(1476, 941, 371),
(1477, 1216, 371),
(1478, 2064, 371),
(1479, 2066, 371),
(1480, 641, 372),
(1481, 845, 372),
(1482, 1134, 372),
(1483, 704, 372),
(1484, 1178, 373),
(1485, 922, 373),
(1486, 1070, 373),
(1487, 1087, 373),
(1488, 1778, 374),
(1489, 1047, 374),
(1490, 1836, 374),
(1491, 379, 374),
(1492, 1481, 375),
(1493, 975, 375),
(1494, 849, 375),
(1495, 72, 375),
(1496, 712, 376),
(1497, 339, 376),
(1498, 1420, 376),
(1499, 1774, 376),
(1500, 1683, 377),
(1501, 351, 377),
(1502, 1073, 377),
(1503, 1661, 377),
(1504, 1062, 378),
(1505, 1559, 378),
(1506, 1301, 378),
(1507, 561, 378),
(1508, 1079, 379),
(1509, 756, 379),
(1510, 736, 379),
(1511, 499, 379),
(1512, 1025, 380),
(1513, 254, 380),
(1514, 1258, 380),
(1515, 1481, 380),
(1516, 273, 381),
(1517, 1410, 381),
(1518, 1314, 381),
(1519, 1239, 381),
(1520, 1909, 382),
(1521, 187, 382),
(1522, 2009, 382),
(1523, 155, 382),
(1524, 664, 383),
(1525, 312, 383),
(1526, 33, 383),
(1527, 1461, 383),
(1528, 1500, 384),
(1529, 779, 384),
(1530, 1868, 384),
(1531, 1866, 384),
(1532, 1023, 385),
(1533, 1162, 385),
(1534, 785, 385),
(1535, 775, 385),
(1536, 1495, 386),
(1537, 819, 386),
(1538, 21, 386),
(1539, 1929, 386),
(1540, 405, 387),
(1541, 1043, 387),
(1542, 1878, 387),
(1543, 258, 387),
(1544, 847, 388),
(1545, 901, 388),
(1546, 1287, 388),
(1547, 1319, 388),
(1548, 1029, 389),
(1549, 1083, 389),
(1550, 680, 389),
(1551, 331, 389),
(1552, 1426, 390),
(1553, 1977, 390),
(1554, 1966, 390),
(1555, 685, 390),
(1556, 1028, 391),
(1557, 1166, 391),
(1558, 818, 391),
(1559, 1681, 391),
(1560, 299, 392),
(1561, 2, 392),
(1562, 7, 392),
(1563, 1579, 392),
(1564, 941, 393),
(1565, 1481, 393),
(1566, 219, 393),
(1567, 1133, 393),
(1568, 1044, 394),
(1569, 1523, 394),
(1570, 1408, 394),
(1571, 1593, 394),
(1572, 1050, 395),
(1573, 463, 395),
(1574, 462, 395),
(1575, 1579, 395),
(1576, 605, 396),
(1577, 542, 396),
(1578, 1011, 396),
(1579, 856, 396),
(1580, 914, 397),
(1581, 858, 397),
(1582, 1433, 397),
(1583, 2026, 397),
(1584, 42, 398),
(1585, 1063, 398),
(1586, 729, 398),
(1587, 18, 398),
(1588, 1523, 399),
(1589, 475, 399),
(1590, 1067, 399),
(1591, 1803, 399),
(1592, 1618, 400),
(1593, 558, 400),
(1594, 801, 400),
(1595, 1560, 400),
(1596, 1712, 401),
(1597, 1293, 401),
(1598, 983, 401),
(1599, 588, 401),
(1600, 2041, 402),
(1601, 47, 402),
(1602, 1308, 402),
(1603, 1830, 402),
(1604, 1637, 403),
(1605, 1918, 403),
(1606, 1130, 403),
(1607, 1485, 403),
(1608, 290, 404),
(1609, 1438, 404),
(1610, 1481, 404),
(1611, 515, 404),
(1612, 1593, 405),
(1613, 1927, 405),
(1614, 2018, 405),
(1615, 1781, 405),
(1616, 1203, 406),
(1617, 1131, 406),
(1618, 1923, 406),
(1619, 2027, 406),
(1620, 1417, 407),
(1621, 1412, 407),
(1622, 2021, 407),
(1623, 1711, 407),
(1624, 1028, 408),
(1625, 938, 408),
(1626, 852, 408),
(1627, 1771, 408),
(1628, 184, 409),
(1629, 509, 409),
(1630, 536, 409),
(1631, 749, 409),
(1632, 2008, 410),
(1633, 578, 410),
(1634, 1548, 410),
(1635, 1549, 410),
(1636, 587, 411),
(1637, 908, 411),
(1638, 1768, 411),
(1639, 1028, 411),
(1640, 180, 412),
(1641, 911, 412),
(1642, 369, 412),
(1643, 1416, 412),
(1644, 1481, 413),
(1645, 1928, 413),
(1646, 870, 413),
(1647, 397, 413),
(1648, 867, 414),
(1649, 1807, 414),
(1650, 85, 414),
(1651, 522, 414),
(1652, 1702, 415),
(1653, 644, 415),
(1654, 841, 415),
(1655, 546, 415),
(1656, 1349, 416),
(1657, 2036, 416),
(1658, 1016, 416),
(1659, 661, 416),
(1660, 200, 417),
(1661, 721, 417),
(1662, 1727, 417),
(1663, 370, 417),
(1664, 876, 418),
(1665, 1264, 418),
(1666, 1032, 418),
(1667, 1531, 418),
(1668, 548, 419),
(1669, 1493, 419),
(1670, 1098, 419),
(1671, 484, 419),
(1672, 966, 420),
(1673, 1389, 420),
(1674, 403, 420),
(1675, 793, 420),
(1676, 1702, 421),
(1677, 184, 421),
(1678, 511, 421),
(1679, 174, 421),
(1680, 1957, 422),
(1681, 809, 422),
(1682, 1339, 422),
(1683, 816, 422),
(1684, 1859, 423),
(1685, 620, 423),
(1686, 676, 423),
(1687, 1460, 423),
(1688, 293, 424),
(1689, 2016, 424),
(1690, 2060, 424),
(1691, 1716, 424),
(1692, 617, 425),
(1693, 1500, 425),
(1694, 750, 425),
(1695, 788, 425),
(1696, 531, 426),
(1697, 1627, 426),
(1698, 176, 426),
(1699, 1730, 426),
(1700, 1786, 427),
(1701, 2014, 427),
(1702, 835, 427),
(1703, 1399, 427),
(1704, 997, 428),
(1705, 1073, 428),
(1706, 1380, 428),
(1707, 1518, 428),
(1708, 739, 429),
(1709, 187, 429),
(1710, 1826, 429),
(1711, 1174, 429),
(1712, 1954, 430),
(1713, 394, 430),
(1714, 1464, 430),
(1715, 1068, 430),
(1716, 757, 431),
(1717, 1056, 431),
(1718, 965, 431),
(1719, 1225, 431),
(1720, 591, 432),
(1721, 1944, 432),
(1722, 448, 432),
(1723, 414, 432),
(1724, 1337, 433),
(1725, 1106, 433),
(1726, 1040, 433),
(1727, 1076, 433),
(1728, 557, 434),
(1729, 725, 434),
(1730, 1921, 434),
(1731, 1491, 434),
(1732, 765, 435),
(1733, 909, 435),
(1734, 302, 435),
(1735, 399, 435),
(1736, 74, 436),
(1737, 1816, 436),
(1738, 1306, 436),
(1739, 143, 436),
(1740, 1139, 437),
(1741, 563, 437),
(1742, 562, 437),
(1743, 1697, 437),
(1744, 1173, 438),
(1745, 1264, 438),
(1746, 273, 438),
(1747, 1728, 438),
(1748, 1843, 439),
(1749, 1088, 439),
(1750, 1520, 439),
(1751, 1257, 439),
(1752, 2006, 440),
(1753, 371, 440),
(1754, 1920, 440),
(1755, 1037, 440),
(1756, 114, 441),
(1757, 604, 441),
(1758, 1145, 441),
(1759, 675, 441),
(1760, 753, 442),
(1761, 1023, 442),
(1762, 1502, 442),
(1763, 1984, 442),
(1764, 1882, 443),
(1765, 1602, 443),
(1766, 1611, 443),
(1767, 34, 443),
(1768, 957, 444),
(1769, 351, 444),
(1770, 1806, 444),
(1771, 506, 444),
(1772, 1229, 445),
(1773, 1644, 445),
(1774, 1947, 445),
(1775, 1937, 445),
(1776, 1237, 446),
(1777, 596, 446),
(1778, 265, 446),
(1779, 1042, 446),
(1780, 364, 447),
(1781, 805, 447),
(1782, 1280, 447),
(1783, 960, 447),
(1784, 2036, 448),
(1785, 1702, 448),
(1786, 1674, 448),
(1787, 819, 448),
(1788, 1046, 449),
(1789, 238, 449),
(1790, 1507, 449),
(1791, 17, 449),
(1792, 1954, 450),
(1793, 852, 450),
(1794, 830, 450),
(1795, 1335, 450),
(1796, 658, 451),
(1797, 1734, 451),
(1798, 221, 451),
(1799, 1870, 451),
(1800, 414, 452),
(1801, 1685, 452),
(1802, 1570, 452),
(1803, 638, 452),
(1804, 688, 453),
(1805, 1844, 453),
(1806, 2045, 453),
(1807, 123, 453),
(1808, 350, 454),
(1809, 1482, 454),
(1810, 608, 454),
(1811, 1220, 454),
(1812, 1861, 455),
(1813, 814, 455),
(1814, 839, 455),
(1815, 1669, 455),
(1816, 463, 456),
(1817, 834, 456),
(1818, 580, 456),
(1819, 427, 456),
(1820, 1126, 457),
(1821, 1954, 457),
(1822, 2039, 457),
(1823, 301, 457),
(1824, 1571, 458),
(1825, 919, 458),
(1826, 1340, 458),
(1827, 309, 458),
(1828, 261, 459),
(1829, 335, 459),
(1830, 1294, 459),
(1831, 662, 459),
(1832, 464, 460),
(1833, 394, 460),
(1834, 1647, 460),
(1835, 348, 460),
(1836, 604, 461),
(1837, 1054, 461),
(1838, 2002, 461),
(1839, 1248, 461),
(1840, 2005, 462),
(1841, 2083, 462),
(1842, 1550, 462),
(1843, 1249, 462),
(1844, 1044, 463),
(1845, 1150, 463),
(1846, 1045, 463),
(1847, 1283, 463),
(1848, 664, 464),
(1849, 630, 464),
(1850, 409, 464),
(1851, 1240, 464),
(1852, 311, 465),
(1853, 338, 465),
(1854, 252, 465),
(1855, 1195, 465),
(1856, 1454, 466),
(1857, 1838, 466),
(1858, 1544, 466),
(1859, 1929, 466),
(1860, 525, 467),
(1861, 1913, 467),
(1862, 1509, 467),
(1863, 1341, 467),
(1864, 411, 468),
(1865, 19, 468),
(1866, 1018, 468),
(1867, 1815, 468),
(1868, 1936, 469),
(1869, 675, 469),
(1870, 1857, 469),
(1871, 843, 469),
(1872, 1347, 470),
(1873, 1432, 470),
(1874, 1505, 470),
(1875, 595, 470),
(1876, 958, 471),
(1877, 1621, 471),
(1878, 1803, 471),
(1879, 1089, 471),
(1880, 995, 472),
(1881, 993, 472),
(1882, 1308, 472),
(1883, 1942, 472),
(1884, 1708, 473),
(1885, 757, 473),
(1886, 2038, 473),
(1887, 51, 473),
(1888, 1563, 474),
(1889, 1595, 474),
(1890, 224, 474),
(1891, 1177, 474),
(1892, 1660, 475),
(1893, 984, 475),
(1894, 460, 475),
(1895, 1807, 475),
(1896, 464, 476),
(1897, 611, 476),
(1898, 1777, 476),
(1899, 455, 476),
(1900, 1630, 477),
(1901, 1050, 477),
(1902, 1432, 477),
(1903, 1576, 477),
(1904, 2072, 478),
(1905, 667, 478),
(1906, 493, 478),
(1907, 1584, 478),
(1908, 995, 479),
(1909, 653, 479),
(1910, 439, 479),
(1911, 758, 479),
(1912, 476, 480),
(1913, 1781, 480),
(1914, 1228, 480),
(1915, 1654, 480),
(1916, 1784, 481),
(1917, 866, 481),
(1918, 2044, 481),
(1919, 357, 481),
(1920, 2006, 482),
(1921, 1185, 482),
(1922, 624, 482),
(1923, 246, 482),
(1924, 707, 483),
(1925, 1365, 483),
(1926, 1654, 483),
(1927, 637, 483),
(1928, 177, 484),
(1929, 568, 484),
(1930, 1845, 484),
(1931, 1972, 484),
(1932, 937, 485),
(1933, 470, 485),
(1934, 64, 485),
(1935, 1636, 485),
(1936, 227, 486),
(1937, 114, 486),
(1938, 2007, 486),
(1939, 10, 486),
(1940, 2035, 487),
(1941, 2040, 487),
(1942, 730, 487),
(1943, 1343, 487),
(1944, 1712, 488),
(1945, 1462, 488),
(1946, 947, 488),
(1947, 1456, 488),
(1948, 875, 489),
(1949, 49, 489),
(1950, 92, 489),
(1951, 1095, 489),
(1952, 875, 490),
(1953, 98, 490),
(1954, 1022, 490),
(1955, 534, 490),
(1956, 1381, 491),
(1957, 1875, 491),
(1958, 1611, 491),
(1959, 2041, 491),
(1960, 992, 492),
(1961, 842, 492),
(1962, 863, 492),
(1963, 1765, 492),
(1964, 1197, 493),
(1965, 289, 493),
(1966, 421, 493),
(1967, 1125, 493),
(1968, 1411, 494),
(1969, 1166, 494),
(1970, 1119, 494),
(1971, 416, 494),
(1972, 269, 495),
(1973, 132, 495),
(1974, 1965, 495),
(1975, 1679, 495),
(1976, 552, 496),
(1977, 896, 496),
(1978, 1146, 496),
(1979, 1000, 496),
(1980, 1674, 497),
(1981, 674, 497),
(1982, 945, 497),
(1983, 840, 497),
(1984, 127, 498),
(1985, 1051, 498),
(1986, 755, 498),
(1987, 986, 498),
(1988, 1630, 499),
(1989, 1765, 499),
(1990, 2049, 499),
(1991, 491, 499),
(1992, 2067, 500),
(1993, 1215, 500),
(1994, 881, 500),
(1995, 2058, 500),
(1996, 1967, 501),
(1997, 1215, 501),
(1998, 628, 501),
(1999, 1897, 501),
(2000, 489, 502),
(2001, 247, 502),
(2002, 1556, 502),
(2003, 1072, 502),
(2004, 693, 503),
(2005, 580, 503),
(2006, 1587, 503),
(2007, 1465, 503),
(2008, 1358, 504),
(2009, 2049, 504),
(2010, 1171, 504),
(2011, 1963, 504),
(2012, 982, 505),
(2013, 292, 505),
(2014, 1135, 505),
(2015, 1508, 505),
(2016, 1035, 506),
(2017, 1458, 506),
(2018, 279, 506),
(2019, 879, 506),
(2020, 1413, 507),
(2021, 1002, 507),
(2022, 1028, 507),
(2023, 713, 507),
(2024, 107, 508),
(2025, 1468, 508),
(2026, 1017, 508),
(2027, 1030, 508),
(2028, 1459, 509),
(2029, 943, 509),
(2030, 780, 509),
(2031, 390, 509),
(2032, 1864, 510),
(2033, 2051, 510),
(2034, 2024, 510),
(2035, 2079, 510),
(2036, 612, 511),
(2037, 73, 511),
(2038, 368, 511),
(2039, 226, 511),
(2040, 175, 512),
(2041, 928, 512),
(2042, 790, 512),
(2043, 1682, 512),
(2044, 1524, 513),
(2045, 267, 513),
(2046, 422, 513),
(2047, 1184, 513),
(2048, 1320, 514),
(2049, 25, 514),
(2050, 892, 514),
(2051, 1188, 514),
(2052, 474, 515),
(2053, 1293, 515),
(2054, 660, 515),
(2055, 1955, 515),
(2056, 367, 516),
(2057, 519, 516),
(2058, 1484, 516),
(2059, 1200, 516),
(2060, 1846, 517),
(2061, 1065, 517),
(2062, 2061, 517),
(2063, 800, 517),
(2064, 55, 518),
(2065, 1213, 518),
(2066, 846, 518),
(2067, 392, 518),
(2068, 1015, 519),
(2069, 1906, 519),
(2070, 485, 519),
(2071, 1367, 519),
(2072, 313, 520),
(2073, 1082, 520),
(2074, 1250, 520),
(2075, 1487, 520),
(2076, 653, 521),
(2077, 41, 521),
(2078, 1747, 521),
(2079, 1649, 521),
(2080, 1872, 522),
(2081, 990, 522),
(2082, 1597, 522),
(2083, 1202, 522),
(2084, 1562, 523),
(2085, 897, 523),
(2086, 1179, 523),
(2087, 934, 523),
(2088, 1965, 524),
(2089, 716, 524),
(2090, 1375, 524),
(2091, 1272, 524),
(2092, 1392, 525),
(2093, 1894, 525),
(2094, 1893, 525),
(2095, 1791, 525),
(2096, 1957, 526),
(2097, 160, 526),
(2098, 789, 526),
(2099, 886, 526),
(2100, 142, 527),
(2101, 1696, 527),
(2102, 2057, 527),
(2103, 66, 527),
(2104, 103, 528),
(2105, 631, 528),
(2106, 420, 528),
(2107, 1388, 528),
(2108, 4, 529),
(2109, 1101, 529),
(2110, 2013, 529),
(2111, 565, 529),
(2112, 1950, 530),
(2113, 1831, 530),
(2114, 498, 530),
(2115, 593, 530),
(2116, 1353, 531),
(2117, 1754, 531),
(2118, 1156, 531),
(2119, 65, 531),
(2120, 2007, 532),
(2121, 906, 532),
(2122, 964, 532),
(2123, 367, 532),
(2124, 1010, 533),
(2125, 59, 533),
(2126, 1594, 533),
(2127, 1377, 533),
(2128, 1950, 534),
(2129, 1831, 534),
(2130, 116, 534),
(2131, 169, 534),
(2132, 464, 535),
(2133, 364, 535),
(2134, 958, 535),
(2135, 346, 535),
(2136, 1949, 536),
(2137, 1150, 536),
(2138, 841, 536),
(2139, 1927, 536),
(2140, 1158, 537),
(2141, 792, 537),
(2142, 337, 537),
(2143, 1691, 537),
(2144, 1873, 538),
(2145, 606, 538),
(2146, 224, 538),
(2147, 1960, 538),
(2148, 1602, 539),
(2149, 253, 539),
(2150, 1480, 539),
(2151, 2031, 539),
(2152, 815, 540),
(2153, 670, 540),
(2154, 1633, 540),
(2155, 1552, 540),
(2156, 995, 541),
(2157, 679, 541),
(2158, 1555, 541),
(2159, 1113, 541),
(2160, 199, 542),
(2161, 1054, 542),
(2162, 754, 542),
(2163, 230, 542),
(2164, 414, 543),
(2165, 748, 543),
(2166, 868, 543),
(2167, 1687, 543),
(2168, 1708, 544),
(2169, 914, 544),
(2170, 1481, 544),
(2171, 1028, 544),
(2172, 528, 545),
(2173, 1492, 545),
(2174, 527, 545),
(2175, 1566, 545),
(2176, 1253, 546),
(2177, 398, 546),
(2178, 1975, 546),
(2179, 2075, 546),
(2180, 1588, 547),
(2181, 787, 547),
(2182, 1246, 547),
(2183, 239, 547),
(2184, 757, 548),
(2185, 838, 548),
(2186, 57, 548),
(2187, 1717, 548),
(2188, 776, 549),
(2189, 1799, 549),
(2190, 1519, 549),
(2191, 105, 549),
(2192, 946, 550),
(2193, 2018, 550),
(2194, 1242, 550),
(2195, 422, 550),
(2196, 1350, 551),
(2197, 1983, 551),
(2198, 1808, 551),
(2199, 1985, 551),
(2200, 1713, 552),
(2201, 136, 552),
(2202, 1589, 552),
(2203, 969, 552),
(2204, 1950, 553),
(2205, 377, 553),
(2206, 1798, 553),
(2207, 192, 553),
(2208, 1743, 554),
(2209, 395, 554),
(2210, 1005, 554),
(2211, 1483, 554),
(2212, 1203, 555),
(2213, 486, 555),
(2214, 908, 555),
(2215, 1075, 555),
(2216, 266, 556),
(2217, 132, 556),
(2218, 655, 556),
(2219, 2054, 556),
(2220, 870, 557),
(2221, 1615, 557),
(2222, 944, 557),
(2223, 1586, 557),
(2224, 184, 558),
(2225, 1291, 558),
(2226, 1438, 558),
(2227, 931, 558),
(2228, 517, 559),
(2229, 922, 559),
(2230, 1838, 559),
(2231, 1701, 559),
(2232, 683, 560),
(2233, 227, 560),
(2234, 1368, 560),
(2235, 1425, 560),
(2236, 254, 561),
(2237, 1943, 561),
(2238, 1069, 561),
(2239, 1284, 561),
(2240, 1404, 562),
(2241, 895, 562),
(2242, 1992, 562),
(2243, 408, 562),
(2244, 2048, 563),
(2245, 867, 563),
(2246, 639, 563),
(2247, 134, 563),
(2248, 941, 564),
(2249, 1967, 564),
(2250, 1282, 564),
(2251, 2080, 564),
(2252, 313, 565),
(2253, 1259, 565),
(2254, 307, 565),
(2255, 889, 565),
(2256, 136, 566),
(2257, 1752, 566),
(2258, 447, 566),
(2259, 1729, 566),
(2260, 297, 567),
(2261, 869, 567),
(2262, 1940, 567),
(2263, 953, 567),
(2264, 617, 568),
(2265, 1793, 568),
(2266, 486, 568),
(2267, 1803, 568),
(2268, 1806, 569),
(2269, 1036, 569),
(2270, 136, 569),
(2271, 1096, 569),
(2272, 633, 570),
(2273, 274, 571),
(2274, 1808, 571),
(2275, 1924, 571),
(2276, 738, 571),
(2277, 13, 572),
(2278, 1981, 572),
(2279, 1607, 572),
(2280, 365, 572),
(2281, 992, 573),
(2282, 1986, 573),
(2283, 2007, 573),
(2284, 300, 573),
(2285, 314, 574),
(2286, 404, 574),
(2287, 87, 574),
(2288, 333, 574),
(2289, 216, 575),
(2290, 415, 575),
(2291, 1792, 575),
(2292, 1418, 575),
(2293, 479, 576),
(2294, 700, 576),
(2295, 1862, 576),
(2296, 1767, 576),
(2297, 1524, 577),
(2298, 2035, 577),
(2299, 1834, 577),
(2300, 1413, 577),
(2301, 1806, 578),
(2302, 1495, 578),
(2303, 491, 578),
(2304, 823, 578),
(2305, 139, 579),
(2306, 12, 579),
(2307, 1730, 579),
(2308, 936, 579),
(2309, 1949, 580),
(2310, 834, 580),
(2311, 1500, 580),
(2312, 1771, 580),
(2313, 602, 581),
(2314, 1673, 581),
(2315, 445, 581),
(2316, 2042, 581),
(2317, 1261, 582),
(2318, 52, 582),
(2319, 1847, 582),
(2320, 1394, 582),
(2321, 1368, 583),
(2322, 114, 583),
(2323, 47, 583),
(2324, 1899, 583),
(2325, 1220, 584),
(2326, 1630, 584),
(2327, 1434, 584),
(2328, 2050, 584),
(2329, 949, 585),
(2330, 1700, 585),
(2331, 678, 585),
(2332, 343, 585),
(2333, 1166, 586),
(2334, 394, 586),
(2335, 1155, 586),
(2336, 544, 586),
(2337, 961, 587),
(2338, 161, 587),
(2339, 584, 587),
(2340, 430, 587),
(2341, 1871, 588),
(2342, 297, 588),
(2343, 1599, 588),
(2344, 1721, 588),
(2345, 853, 589),
(2346, 35, 589),
(2347, 1219, 589),
(2348, 1751, 589),
(2349, 2025, 590),
(2350, 1516, 590),
(2351, 1863, 590),
(2352, 1176, 590),
(2353, 1204, 591),
(2354, 634, 591),
(2355, 690, 591),
(2356, 99, 591),
(2357, 1938, 592),
(2358, 1953, 592),
(2359, 1490, 592),
(2360, 1773, 592),
(2361, 903, 593),
(2362, 1293, 593),
(2363, 1277, 593),
(2364, 1583, 593),
(2365, 1326, 594),
(2366, 1892, 594),
(2367, 1578, 594),
(2368, 579, 594),
(2369, 569, 595),
(2370, 821, 595),
(2371, 1355, 595),
(2372, 1825, 595),
(2373, 731, 596),
(2374, 2, 596),
(2375, 923, 596),
(2376, 910, 596),
(2377, 184, 597),
(2378, 276, 597),
(2379, 478, 597),
(2380, 1446, 597),
(2381, 1430, 598),
(2382, 609, 598),
(2383, 1247, 598),
(2384, 119, 598),
(2385, 1612, 599),
(2386, 1886, 599),
(2387, 1329, 599),
(2388, 1071, 599),
(2389, 1091, 600),
(2390, 287, 600),
(2391, 1990, 600),
(2392, 1147, 600),
(2393, 81, 601),
(2394, 452, 601),
(2395, 1573, 601),
(2396, 1970, 601),
(2397, 1569, 602),
(2398, 1773, 602),
(2399, 1782, 602),
(2400, 573, 602),
(2401, 576, 603),
(2402, 672, 603),
(2403, 724, 603),
(2404, 366, 603),
(2405, 114, 604),
(2406, 364, 604),
(2407, 1914, 604),
(2408, 1230, 604),
(2409, 626, 605),
(2410, 576, 605),
(2411, 733, 605),
(2412, 2047, 605),
(2413, 1709, 606),
(2414, 886, 606),
(2415, 1525, 606),
(2416, 1959, 606),
(2417, 1999, 607),
(2418, 1122, 607),
(2419, 1103, 607),
(2420, 649, 607),
(2421, 184, 608),
(2422, 329, 608),
(2423, 446, 608),
(2424, 830, 608),
(2425, 1387, 609),
(2426, 149, 609),
(2427, 1295, 609),
(2428, 77, 609),
(2429, 54, 610),
(2430, 878, 610),
(2431, 20, 610),
(2432, 84, 610),
(2433, 995, 611),
(2434, 1096, 611),
(2435, 1053, 611),
(2436, 1647, 611),
(2437, 834, 612),
(2438, 1665, 612),
(2439, 1408, 612),
(2440, 34, 612),
(2441, 136, 613),
(2442, 432, 613),
(2443, 939, 613),
(2444, 114, 613),
(2445, 1220, 614),
(2446, 1179, 614),
(2447, 327, 614),
(2448, 1621, 614),
(2449, 1778, 374),
(2450, 1047, 374),
(2451, 1836, 374),
(2452, 379, 374),
(2453, 369, 616),
(2454, 852, 616),
(2455, 1215, 616),
(2456, 1496, 616),
(2457, 747, 617),
(2458, 2018, 617),
(2459, 282, 617),
(2460, 950, 617),
(2461, 1199, 618),
(2462, 1221, 618),
(2463, 1128, 618),
(2464, 745, 618),
(2465, 1454, 619),
(2466, 1544, 619),
(2467, 70, 619),
(2468, 785, 619),
(2469, 604, 620),
(2470, 1187, 620),
(2471, 659, 620),
(2472, 1308, 620),
(2473, 897, 621),
(2474, 447, 621),
(2475, 53, 621),
(2476, 1732, 621),
(2477, 1702, 622),
(2478, 394, 622),
(2479, 625, 622),
(2480, 544, 622),
(2481, 1958, 623),
(2482, 352, 623),
(2483, 1714, 623),
(2484, 197, 623),
(2485, 1179, 624),
(2486, 1961, 624),
(2487, 272, 624),
(2488, 907, 624),
(2489, 1093, 625),
(2490, 675, 625),
(2491, 981, 625),
(2492, 1621, 625),
(2493, 1421, 626),
(2494, 303, 626),
(2495, 457, 626),
(2496, 790, 626),
(2497, 255, 627),
(2498, 62, 627),
(2499, 376, 627),
(2500, 1982, 627),
(2501, 1747, 628),
(2502, 1674, 628),
(2503, 1593, 628),
(2504, 381, 628),
(2505, 1044, 629),
(2506, 1036, 629),
(2507, 1500, 629),
(2508, 364, 629),
(2509, 1419, 630),
(2510, 130, 630),
(2511, 1196, 630),
(2512, 1827, 630),
(2513, 2036, 631),
(2514, 611, 631),
(2515, 1138, 631),
(2516, 92, 631),
(2517, 1651, 632),
(2518, 1645, 632),
(2519, 774, 632),
(2520, 422, 632),
(2521, 545, 633),
(2522, 302, 633),
(2523, 242, 633),
(2524, 1575, 633),
(2525, 225, 634),
(2526, 917, 634),
(2527, 205, 634),
(2528, 1664, 634),
(2529, 1084, 635),
(2530, 428, 635),
(2531, 1778, 635),
(2532, 491, 635),
(2533, 946, 636),
(2534, 1217, 636),
(2535, 567, 636),
(2536, 1080, 636),
(2537, 213, 637),
(2538, 735, 637),
(2539, 2076, 637),
(2540, 1858, 637),
(2541, 1992, 638),
(2542, 1879, 638),
(2543, 652, 638),
(2544, 1423, 638),
(2545, 1602, 639),
(2546, 937, 639),
(2547, 1794, 639),
(2548, 157, 639),
(2549, 476, 640),
(2550, 975, 640),
(2551, 550, 640),
(2552, 346, 640),
(2553, 1085, 641),
(2554, 1729, 641),
(2555, 465, 641),
(2556, 181, 641),
(2557, 995, 642),
(2558, 1598, 642),
(2559, 985, 642),
(2560, 1855, 642),
(2561, 189, 643),
(2562, 1183, 643),
(2563, 162, 643),
(2564, 190, 643),
(2565, 1335, 644),
(2566, 1178, 644),
(2567, 1617, 644),
(2568, 1495, 644),
(2569, 798, 645),
(2570, 1684, 645),
(2571, 523, 645),
(2572, 121, 645),
(2573, 253, 646),
(2574, 751, 646),
(2575, 291, 646),
(2576, 669, 646),
(2577, 1349, 647),
(2578, 1517, 647),
(2579, 570, 647),
(2580, 2074, 647),
(2581, 463, 648),
(2582, 1971, 648),
(2583, 1793, 648),
(2584, 1304, 648),
(2585, 1474, 649),
(2586, 1233, 649),
(2587, 760, 649),
(2588, 1962, 649),
(2589, 100, 650),
(2590, 1510, 650),
(2591, 8, 650),
(2592, 1988, 650),
(2593, 598, 651),
(2594, 171, 651),
(2595, 689, 651),
(2596, 1678, 651),
(2597, 1630, 652),
(2598, 151, 652),
(2599, 167, 652),
(2600, 1004, 652),
(2601, 1203, 653),
(2602, 1368, 653),
(2603, 822, 653),
(2604, 1336, 653),
(2605, 369, 654),
(2606, 1641, 654),
(2607, 346, 654),
(2608, 332, 654),
(2609, 954, 655),
(2610, 590, 655),
(2611, 2, 655),
(2612, 1354, 655),
(2613, 1529, 656),
(2614, 599, 656),
(2615, 1447, 656),
(2616, 1021, 656),
(2617, 254, 657),
(2618, 668, 657),
(2619, 1871, 657),
(2620, 2026, 657),
(2621, 1755, 658),
(2622, 1870, 658),
(2623, 1470, 658),
(2624, 298, 658),
(2625, 1715, 659),
(2626, 1566, 659),
(2627, 1511, 659),
(2628, 1189, 659),
(2629, 1349, 660),
(2630, 159, 660),
(2631, 671, 660),
(2632, 458, 660),
(2633, 2071, 661),
(2634, 166, 661),
(2635, 764, 661),
(2636, 1476, 661),
(2637, 1417, 662),
(2638, 1145, 662),
(2639, 610, 662),
(2640, 1345, 662),
(2641, 777, 663),
(2642, 739, 663),
(2643, 789, 663),
(2644, 1584, 663),
(2645, 1671, 664),
(2646, 1006, 664),
(2647, 16, 664),
(2648, 1736, 664),
(2649, 587, 665),
(2650, 406, 665),
(2651, 349, 665),
(2652, 1366, 665),
(2653, 1563, 666),
(2654, 1093, 666),
(2655, 1369, 666),
(2656, 1417, 666),
(2657, 1112, 667),
(2658, 1778, 667),
(2659, 346, 667),
(2660, 514, 667),
(2661, 777, 668),
(2662, 332, 668),
(2663, 1413, 668),
(2664, 1632, 668),
(2665, 13, 669),
(2666, 1090, 669),
(2667, 348, 669),
(2668, 437, 669),
(2669, 1408, 670),
(2670, 127, 670),
(2671, 566, 670),
(2672, 1856, 670),
(2673, 231, 671),
(2674, 915, 671),
(2675, 206, 671),
(2676, 199, 671),
(2677, 722, 672),
(2678, 1194, 672),
(2679, 450, 672),
(2680, 203, 672),
(2681, 1368, 673),
(2682, 1045, 673),
(2683, 447, 673),
(2684, 1795, 673),
(2685, 2036, 674),
(2686, 71, 674),
(2687, 310, 674),
(2688, 1764, 674),
(2689, 930, 675),
(2690, 1674, 675),
(2691, 1374, 675),
(2692, 1586, 675),
(2693, 1524, 676),
(2694, 406, 676),
(2695, 393, 676),
(2696, 185, 676),
(2697, 2008, 677),
(2698, 364, 677),
(2699, 14, 677),
(2700, 1401, 677),
(2701, 120, 678),
(2702, 1666, 678),
(2703, 381, 678),
(2704, 201, 678),
(2705, 777, 679),
(2706, 1096, 679),
(2707, 789, 679),
(2708, 886, 679),
(2709, 464, 680),
(2710, 1604, 680),
(2711, 1990, 680),
(2712, 947, 680),
(2713, 112, 681),
(2714, 410, 681),
(2715, 1014, 681),
(2716, 1378, 681),
(2717, 1619, 682),
(2718, 1210, 682),
(2719, 178, 682),
(2720, 1626, 682),
(2721, 1757, 683),
(2722, 933, 683),
(2723, 9, 683),
(2724, 968, 683),
(2725, 1085, 684),
(2726, 1480, 684),
(2727, 1748, 684),
(2728, 352, 684),
(2729, 1078, 685),
(2730, 11, 685),
(2731, 909, 685),
(2732, 883, 685),
(2733, 434, 686),
(2734, 1050, 686),
(2735, 1789, 686),
(2736, 243, 686),
(2737, 1336, 687),
(2738, 1429, 687),
(2739, 421, 687),
(2740, 1094, 687),
(2741, 1611, 688),
(2742, 283, 688),
(2743, 1243, 688),
(2744, 215, 688),
(2745, 727, 689),
(2746, 389, 689),
(2747, 709, 689),
(2748, 1020, 689),
(2749, 1523, 690),
(2750, 554, 690),
(2751, 1089, 690),
(2752, 642, 690),
(2753, 1037, 691),
(2754, 294, 691),
(2755, 1956, 691),
(2756, 1424, 691),
(2757, 1784, 692),
(2758, 91, 692),
(2759, 150, 692),
(2760, 1895, 692),
(2761, 813, 693),
(2762, 1814, 693),
(2763, 1316, 693),
(2764, 505, 693),
(2765, 475, 694),
(2766, 1652, 694),
(2767, 1385, 694),
(2768, 515, 694),
(2769, 1737, 695),
(2770, 1874, 695),
(2771, 1223, 695),
(2772, 1638, 695),
(2773, 1832, 696),
(2774, 1398, 696),
(2775, 1024, 696),
(2776, 1979, 696),
(2777, 1761, 697),
(2778, 1123, 697),
(2779, 1260, 697),
(2780, 315, 697),
(2781, 682, 698),
(2782, 976, 698),
(2783, 109, 698),
(2784, 1784, 698),
(2785, 496, 699),
(2786, 854, 699),
(2787, 1494, 699),
(2788, 1564, 699),
(2789, 626, 700),
(2790, 1052, 700),
(2791, 1214, 700),
(2792, 1400, 700),
(2793, 1126, 701),
(2794, 1110, 701),
(2795, 1976, 701),
(2796, 1759, 701),
(2797, 1159, 702),
(2798, 512, 702),
(2799, 1609, 702),
(2800, 974, 702),
(2801, 2036, 703),
(2802, 831, 703),
(2803, 1920, 703),
(2804, 240, 703),
(2805, 1044, 704),
(2806, 1870, 704),
(2807, 973, 704),
(2808, 1553, 704),
(2809, 1523, 705),
(2810, 1050, 705),
(2811, 938, 705),
(2812, 1929, 705),
(2813, 1997, 706),
(2814, 386, 706),
(2815, 40, 706),
(2816, 354, 706),
(2817, 1145, 707),
(2818, 944, 707),
(2819, 521, 707),
(2820, 860, 707),
(2821, 324, 708),
(2822, 1784, 708),
(2823, 1288, 708),
(2824, 1142, 708),
(2825, 834, 709),
(2826, 1335, 709),
(2827, 135, 709),
(2828, 1703, 709),
(2829, 160, 710),
(2830, 663, 710),
(2831, 1317, 710),
(2832, 2002, 710),
(2833, 789, 711),
(2834, 210, 711),
(2835, 38, 711),
(2836, 439, 711),
(2837, 1933, 712),
(2838, 992, 712),
(2839, 1349, 712),
(2840, 2041, 712),
(2841, 766, 713),
(2842, 441, 713),
(2843, 794, 713),
(2844, 126, 713),
(2845, 1524, 714),
(2846, 406, 714),
(2847, 923, 714),
(2848, 826, 714),
(2849, 1150, 715),
(2850, 874, 715),
(2851, 1039, 715),
(2852, 1694, 715),
(2853, 227, 716),
(2854, 294, 716),
(2855, 1472, 716),
(2856, 1622, 716),
(2857, 1803, 717),
(2858, 1850, 717),
(2859, 2073, 717),
(2860, 1512, 717),
(2861, 122, 718),
(2862, 1201, 718),
(2863, 785, 718),
(2864, 699, 718),
(2865, 262, 719),
(2866, 1224, 719),
(2867, 1444, 719),
(2868, 887, 719),
(2869, 1280, 720),
(2870, 1848, 720),
(2871, 1535, 720),
(2872, 1574, 720),
(2873, 272, 721),
(2874, 934, 721),
(2875, 810, 721),
(2876, 547, 721),
(2877, 717, 722),
(2878, 1527, 722),
(2879, 1222, 722),
(2880, 1749, 722),
(2881, 194, 723),
(2882, 1371, 723),
(2883, 1788, 723),
(2884, 1605, 723),
(2885, 2005, 724),
(2886, 1308, 724),
(2887, 515, 724),
(2888, 2043, 724),
(2889, 948, 725),
(2890, 977, 725),
(2891, 1532, 725),
(2892, 1098, 725),
(2893, 1563, 726),
(2894, 2007, 726),
(2895, 348, 726),
(2896, 1644, 726),
(2897, 1758, 727),
(2898, 1401, 727),
(2899, 935, 727),
(2900, 950, 727),
(2901, 728, 728),
(2902, 1489, 728),
(2903, 1265, 728),
(2904, 585, 728),
(2905, 734, 729),
(2906, 651, 729),
(2907, 1074, 729),
(2908, 891, 729),
(2909, 1776, 730),
(2910, 606, 730),
(2911, 1448, 730),
(2912, 1266, 730),
(2913, 834, 731),
(2914, 1797, 731),
(2915, 1621, 731),
(2916, 852, 731),
(2917, 1737, 732),
(2918, 1162, 732),
(2919, 1285, 732),
(2920, 1585, 732),
(2921, 2086, 733),
(2922, 1362, 733),
(2923, 560, 733),
(2924, 1742, 733),
(2925, 808, 734),
(2926, 1129, 734),
(2927, 2069, 734),
(2928, 2070, 734),
(2929, 938, 735),
(2930, 1012, 735),
(2931, 592, 735),
(2932, 1451, 735),
(2933, 136, 736),
(2934, 786, 736),
(2935, 1919, 736),
(2936, 3, 736),
(2937, 752, 737),
(2938, 1839, 737),
(2939, 922, 737),
(2940, 1546, 737),
(2941, 1066, 738),
(2942, 942, 738),
(2943, 1064, 738),
(2944, 732, 738),
(2945, 908, 739),
(2946, 971, 739),
(2947, 1939, 739),
(2948, 508, 739),
(2949, 673, 740),
(2950, 1567, 740),
(2951, 387, 740),
(2952, 2022, 740),
(2953, 946, 741),
(2954, 1981, 741),
(2955, 47, 741),
(2956, 1686, 741),
(2957, 752, 742),
(2958, 834, 742),
(2959, 1653, 742),
(2960, 1995, 742),
(2961, 857, 743),
(2962, 319, 743),
(2963, 94, 743),
(2964, 2078, 743);

-- --------------------------------------------------------

--
-- Table structure for table `competencia`
--

CREATE TABLE `competencia` (
  `id` int(11) NOT NULL,
  `nombre` varchar(70) NOT NULL DEFAULT '',
  `estado` int(11) NOT NULL DEFAULT '1',
  `actor_id` int(11) UNSIGNED DEFAULT NULL,
  `director_id` int(11) UNSIGNED DEFAULT NULL,
  `genero_id` int(11) UNSIGNED DEFAULT NULL
) ENGINE=InnoDB DEFAULT CHARSET=latin1;

--
-- Dumping data for table `competencia`
--

INSERT INTO `competencia` (`id`, `nombre`, `estado`, `actor_id`, `director_id`, `genero_id`) VALUES
(1, '¿Cúal es la mejor comedia?', 1, NULL, NULL, 5),
(2, 'Mejor pelicula de George Clooney', 1, 683, NULL, NULL),
(3, '¿Que pelicula es la peor?', 0, 16, 3424, 3),
(4, '¿Peor pelicula de George Clooney?', 0, 683, 3727, 8),
(5, '¿Cual es el mejor drama?', 1, NULL, NULL, 8),
(6, '¿Cual es la pelicula más romantica?', 1, NULL, NULL, 12),
(7, '¿Cual es la película más terrorífica?', 1, NULL, NULL, 10),
(8, '¿Cual es la mejor película de suspenso?', 1, NULL, NULL, 11),
(9, '¿Cual es la mejor película animada?', 1, NULL, NULL, 3),
(10, '¿Cual es la mejor película de acción?', 1, NULL, NULL, 1);

-- --------------------------------------------------------

--
-- Table structure for table `director`
--

CREATE TABLE `director` (
  `id` int(11) UNSIGNED NOT NULL,
  `nombre` varchar(70) NOT NULL DEFAULT ''
) ENGINE=InnoDB DEFAULT CHARSET=latin1;

--
-- Dumping data for table `director`
--

INSERT INTO `director` (`id`, `nombre`) VALUES
(3311, 'Aaron Blaise'),
(4265, 'Aaron Seltzer'),
(3216, 'Adam Shankman'),
(3295, 'Adolfo Aristarain'),
(3635, 'Agnès Jaoui'),
(3749, 'Agnieszka Holland'),
(3427, 'Agustín Díaz Yanes'),
(3420, 'Aki Kaurismäki'),
(3307, 'Alan Parker'),
(3498, 'Alan Rudolph'),
(3735, 'Alejandro Agresti'),
(3489, 'Alejandro González Iñárritu'),
(3697, 'Alejandro Landes'),
(3285, 'Aleksandr Sokurov'),
(4223, 'Aleksey Popogrebskiy'),
(3568, 'Alessandro D´Alatri'),
(3727, 'Alex Bowen'),
(3772, 'Álex de la Iglesia'),
(3219, 'Alex Proyas'),
(3306, 'Alexander Payne'),
(3597, 'Alexander Witt'),
(3648, 'Alexandre Aja'),
(3260, 'Alfonso Cuarón'),
(3428, 'Allen Coulter'),
(3628, 'Anahí Berneri'),
(3342, 'André Téchiné'),
(4241, 'Andrés G. Schaer'),
(3696, 'Andrés Wood'),
(3287, 'Andrew Adamson'),
(3270, 'Andrew Bujalski'),
(3261, 'Andrew Davis'),
(3236, 'Andrew Dominik'),
(3771, 'Andrew Douglas'),
(3556, 'Andrew Fleming'),
(3511, 'Andrew Niccol'),
(3313, 'Andrew Stanton'),
(3717, 'Andrzej Bartkowiak'),
(3380, 'Andy Fickman'),
(3710, 'Andy Tennant'),
(3559, 'Ang Lee'),
(3425, 'Anne Fletcher'),
(3692, 'Anne Fontaine'),
(3429, 'Anthony Minghella'),
(3734, 'Anthony Russo'),
(4261, 'Anthony Stacchi'),
(3332, 'Antoine Fuqua'),
(3683, 'Antonio Hernández'),
(3410, 'Ash Brannon'),
(3607, 'Audrey Wells'),
(3384, 'Bahman Ghobadi'),
(3722, 'Banjong Pisanthanakun'),
(3747, 'Bart Freundlich'),
(3621, 'Beeban Kidron'),
(3554, 'Ben Affleck'),
(3576, 'Ben Sombogaart'),
(3400, 'Ben Younger'),
(3272, 'Benito Zambrano'),
(3259, 'Bennett Miller'),
(3688, 'Bernardo Bertolucci'),
(4288, 'Betsy Chasse'),
(3586, 'Bibo Bergeron'),
(3415, 'Bill Condon'),
(3362, 'Bobby Farrelly'),
(3238, 'Boris Khlebnikov'),
(3217, 'Boris Quercia'),
(3290, 'Brad Bird'),
(3714, 'Brad Silberling'),
(3616, 'Breck Eisner'),
(3526, 'Brett Ratner'),
(3684, 'Brian Dannelly'),
(3424, 'Brian De Palma'),
(3348, 'Brian Helgeland'),
(3401, 'Brian Pimental'),
(3399, 'Brian Robbins'),
(4254, 'Brian Taylor'),
(3232, 'Bruce A. Evans'),
(3530, 'Bruce Beresford'),
(3637, 'Bruce Hunt'),
(4316, 'Bruno Podalydès'),
(3389, 'Bryan Singer'),
(3781, 'Byambasuren Davaa'),
(3224, 'Cameron Crowe'),
(3604, 'Carl Franklin'),
(3603, 'Carlos Saldanha'),
(3464, 'Caroline Link'),
(3518, 'Cãtãlin Mitulescu'),
(3234, 'Catherine Hardwicke'),
(3282, 'Cédric Klapisch'),
(3631, 'Chan-wook Park'),
(3321, 'Charles Shyer'),
(3584, 'Chazz Palminteri'),
(4235, 'Chris Buck'),
(3674, 'Chris Columbus'),
(3670, 'Chris Kentis'),
(3509, 'Chris Miller'),
(3506, 'Chris Wedge'),
(3740, 'Chris Weitz'),
(3495, 'Christoffer Boe'),
(3773, 'Christophe Barratier'),
(4328, 'Christopher Doyle'),
(3514, 'Christopher Nolan'),
(3694, 'Christopher Smith'),
(3462, 'Clark Johnson'),
(3347, 'Claude Chabrol'),
(3381, 'Claudio Dabed'),
(3267, 'Clement Virgo'),
(3450, 'Clint Eastwood'),
(3500, 'Clyde Geronimi'),
(3633, 'Colin Cunningham'),
(4228, 'Conrad Vernon'),
(3412, 'Corneliu Porumboiu'),
(3541, 'Costa-Gavras'),
(3519, 'Cristi Puiu'),
(3470, 'Curtis Hanson'),
(3244, 'D.J. Caruso'),
(3442, 'Daniel Algrant'),
(3250, 'Daniel Burman'),
(3778, 'Daniel Geller'),
(4302, 'Daniela Thomas'),
(3755, 'Danièle Thompson'),
(3413, 'Danny Boyle'),
(3558, 'Danny DeVito'),
(3753, 'Danny Pang'),
(3699, 'Darrell Roodt'),
(3649, 'Darren Lynn Bousman'),
(4226, 'Darryl F. Zanuck'),
(3763, 'Dave Meyers'),
(3233, 'Dave Payne'),
(3742, 'David Bowers'),
(3768, 'David Cronenberg'),
(3770, 'David Dobkin'),
(3758, 'David Fincher'),
(3737, 'David Frankel'),
(3237, 'David Gordon Green'),
(3323, 'David Green'),
(3600, 'David Koepp'),
(3524, 'David L. Cunningham'),
(3528, 'David Lynch'),
(3324, 'David McNally'),
(3463, 'David Moreau'),
(3220, 'David R. Ellis'),
(3300, 'David S. Goyer'),
(4239, 'David Siegel'),
(3402, 'David Silverman'),
(3378, 'David Slade'),
(3582, 'David Twohy'),
(3679, 'David Von Ancken'),
(3654, 'David Yates'),
(3591, 'David Zucker'),
(3386, 'Davis Guggenheim'),
(4271, 'Dayna Goldfine'),
(3780, 'Dean Parisot'),
(3502, 'Dean Reed'),
(3289, 'Denys Arcand'),
(3712, 'Don Mancini'),
(3447, 'Donald Petrie'),
(3612, 'Doug Liman'),
(3409, 'Douglas McGrath'),
(3647, 'Duncan Tucker'),
(3573, 'Dwight H. Little'),
(3766, 'Dylan Kidd'),
(3581, 'Edgar Wright'),
(3505, 'Eduardo Pinto'),
(3671, 'Eduardo Schuldt'),
(3590, 'Edward Zwick'),
(3460, 'Eli Roth'),
(3210, 'Emanuele Crialese'),
(3351, 'Émile Gaudreault'),
(3481, 'Emilio Martínez Lázaro'),
(3302, 'Eran Riklis'),
(3352, 'Eric Bress'),
(3695, 'Eric Darnell'),
(3520, 'Eric Khoo'),
(3382, 'Éric Rohmer'),
(3262, 'Esteban Sapir'),
(3567, 'Ethan Coen'),
(3231, 'Eytan Fox'),
(3326, 'F. Gary Gray'),
(3715, 'Fatih Akin'),
(3263, 'Federico León'),
(3666, 'Fernando E. Solanas'),
(3372, 'Fernando Eimbcke'),
(3535, 'Fernando León de Aranoa'),
(3283, 'Fernando Meirelles'),
(3213, 'Fernando Sariñana'),
(3609, 'Ferzan Ozpetek'),
(3330, 'Florent-Emilio Siri'),
(3658, 'Florian Henckel von Donnersmarck'),
(3457, 'Franc. Reyes'),
(3345, 'Francis Glebas'),
(3367, 'Francis Lawrence'),
(3265, 'Francisco Vargas'),
(3662, 'François Ozon'),
(3736, 'Frank Coraci'),
(3652, 'Frank Marshall'),
(3611, 'Frank Miller'),
(3769, 'Frank Nissen'),
(3294, 'Frank Oz'),
(3316, 'Fred Schepisi'),
(3660, 'Frederik Du Chau'),
(3416, 'Fredi M. Murer'),
(3550, 'Fritz Lang'),
(3298, 'Gabriele Muccino'),
(3622, 'Garry Marshall'),
(3395, 'Gary Chapman'),
(3716, 'Gary David Goldberg'),
(3320, 'Gary Ross'),
(3754, 'Gary Winick'),
(3205, 'Gaspar Noé'),
(3553, 'Gavin Hood'),
(3706, 'Geoffrey Sax'),
(3275, 'George Clooney'),
(3202, 'George Hickenlooper'),
(3570, 'George Lucas'),
(3517, 'George Miller'),
(3376, 'Gil Junger'),
(3729, 'Gil Kenan'),
(3394, 'Giuseppe Piccioni'),
(3309, 'Gore Verbinski'),
(3627, 'Greg McLean'),
(3485, 'Greg Mottola'),
(4266, 'Greg Tiernan'),
(3531, 'Gregory Dark'),
(3663, 'Gregory Hoblit'),
(3478, 'Guillermo del Toro'),
(3437, 'Gurinder Chadha'),
(3467, 'Gus Van Sant'),
(3383, 'Guy Maddin'),
(4289, 'Hamilton Luske'),
(3377, 'Hans Horn'),
(3539, 'Hans Weingartner'),
(3426, 'Hans-Christian Schmid'),
(3443, 'Hany Abu-Assad'),
(3308, 'Harald Zwart'),
(3449, 'Harold Ramis'),
(3691, 'Hawley Pratt'),
(3329, 'Hayao Miyazaki'),
(3418, 'Hector Babenco'),
(3328, 'Hideo Nakata'),
(3732, 'Hirokazu Koreeda'),
(3365, 'Howard Deutch'),
(3203, 'Hugo Rodríguez'),
(3705, 'Iain Softley'),
(3580, 'Icíar Bollaín'),
(3585, 'Ingmar Bergman'),
(3371, 'Irwin Winkler'),
(3223, 'Isabel Coixet'),
(3730, 'Israel Adrián Caetano'),
(3709, 'István Szabó'),
(3406, 'Ivan Reitman'),
(4233, 'J. Mackye Gruber'),
(3387, 'J.J. Abrams'),
(4243, 'Jack Kinney'),
(3396, 'Jacques Audiard'),
(3690, 'James Cox'),
(3201, 'James Foley'),
(3338, 'James Ivory'),
(3668, 'James L. Brooks'),
(3455, 'James Mangold'),
(3537, 'James McTeigue'),
(3618, 'James Wan'),
(3650, 'James Wong'),
(3327, 'Jan de Bont'),
(3312, 'Jan Hrebejk'),
(4256, 'Jan Pinkava'),
(3746, 'Jason Friedberg'),
(3726, 'Jason Reitman'),
(3764, 'Jaume Balagueró'),
(3711, 'Jaume Collet-Serra'),
(3566, 'Jay Roach'),
(3493, 'Jay Russell'),
(3701, 'Jean-François Richet'),
(3422, 'Jean-Marc Vallée'),
(3296, 'Jean-Pierre Jeunet'),
(3350, 'Jeong-hyang Lee'),
(3286, 'Jerry Ciccoritti'),
(3561, 'Jesse Dylan'),
(4293, 'Jill Culton'),
(3653, 'Jim Jarmusch'),
(3675, 'Jim Sheridan'),
(3651, 'Jim Sonzero'),
(3199, 'Joe Carnahan'),
(3595, 'Joe Johnston'),
(4252, 'Joe Ranft'),
(4262, 'Joe Russo'),
(3434, 'Joel Coen'),
(3448, 'Joel Schumacher'),
(3545, 'John A. Davis'),
(3521, 'John Cameron Mitchell'),
(3397, 'John Carpenter'),
(3504, 'John Curran'),
(3564, 'John Eng'),
(3680, 'John Gatins'),
(3491, 'John Hamburg'),
(3602, 'John Lasseter'),
(3337, 'John Madden'),
(3452, 'John Malkovich'),
(3388, 'John Maybury'),
(3354, 'John McTiernan'),
(3331, 'John Pasquin'),
(3702, 'John Polson'),
(4251, 'John Sanford'),
(3497, 'John Schultz'),
(3435, 'John Singleton'),
(3659, 'John Stockwell'),
(3334, 'John Waters'),
(3719, 'John Whitesell'),
(3523, 'John Woo'),
(3255, 'Johnnie To'),
(3446, 'Jon Amiel'),
(3314, 'Jon Favreau'),
(3247, 'Jon Kasdan'),
(3549, 'Jon Turteltaub'),
(3733, 'Jonathan Caouette'),
(3301, 'Jonathan Dayton'),
(3363, 'Jonathan Demme'),
(3634, 'Jonathan Glazer'),
(3639, 'Jonathan Liebesman'),
(3305, 'Jonathan Mostow'),
(3254, 'Jonathan Nossiter'),
(3534, 'Joon Ho Bong'),
(3629, 'Jordan Roberts'),
(3681, 'Jorge Dyszel'),
(3465, 'Jorge Lanata'),
(3777, 'José Corbacho'),
(3484, 'José Luis Massa'),
(3565, 'Joseph Kahn'),
(3276, 'Joseph L. Mankiewicz'),
(3482, 'Joseph Ruben'),
(3569, 'Joshua Marston'),
(3317, 'Juan Carlos Desanzo'),
(3246, 'Juan Carlos Fresnadillo'),
(4270, 'Juan Cruz'),
(3630, 'Juan Pablo Rebella'),
(3525, 'Judd Apatow'),
(4246, 'Judy Morris'),
(3229, 'Julia Solomonoff'),
(3499, 'Julie Bertuccelli'),
(3657, 'Justin Lin'),
(3583, 'Kaige Chen'),
(3624, 'Kar-Wai Wong'),
(4260, 'Karey Kirkpatrick'),
(4227, 'Kátia Lund'),
(3644, 'Katsuhito Ishii'),
(3515, 'Kazuo Ikehiro'),
(4287, 'Kelly Asbury'),
(3551, 'Ken Kwapis'),
(3339, 'Ken Loach'),
(3212, 'Kevin Costner'),
(3527, 'Kevin Macdonald'),
(3757, 'Kevin Munroe'),
(3767, 'Kevin Smith'),
(3292, 'Ki-duk Kim'),
(3243, 'Kim Rossi Stuart'),
(3392, 'Kirk Jones'),
(3242, 'Kiyoshi Kurosawa'),
(3451, 'Lajos Koltai'),
(3343, 'Lana Wachowski'),
(3751, 'Larry Charles'),
(3466, 'Lars von Trier'),
(3655, 'Lasse Hallström'),
(3718, 'Laurence Dunmore'),
(3640, 'Laurent Cantet'),
(3682, 'Lawrence Guterman'),
(3560, 'Lawrence Kasdan'),
(3430, 'Lee Tamahori'),
(4231, 'Lee Unkrich'),
(3555, 'Leila Conners'),
(3473, 'Len Wiseman'),
(3774, 'Les Mayfield'),
(3414, 'Liam Lynch'),
(3547, 'Liev Schreiber'),
(3235, 'Liliana Romero'),
(4232, 'Lilly Wachowski'),
(3358, 'Lisandro Alonso'),
(3646, 'Liz Friedlander'),
(3544, 'Louis Leterrier'),
(3245, 'Luc Besson'),
(3256, 'Luc Jacquet'),
(3411, 'Lucía Puenzo'),
(3522, 'Lucrecia Martel'),
(4272, 'Luigi Falorni'),
(3318, 'Lukas Moodysson'),
(3209, 'Lynne Ramsay'),
(3366, 'M. Night Shyamalan'),
(3333, 'Manuel García Ferré'),
(3613, 'Marc Forster'),
(3431, 'Marc Lawrence'),
(3656, 'Marcelo Piñeyro'),
(3677, 'Marco Tullio Giordana'),
(4225, 'Marcos Martínez'),
(3745, 'Marcus Nispel'),
(3417, 'María Teresa Costantini'),
(3605, 'Mark Dindal'),
(3615, 'Mark Neveldine'),
(4258, 'Mark Osborne'),
(3577, 'Mark Rosman'),
(3513, 'Mark Steven Johnson'),
(4238, 'Mark Vicente'),
(3228, 'Mark Waters'),
(3230, 'Martin Campbell'),
(3432, 'Martin Scorsese'),
(3248, 'Mat Whitecross'),
(3360, 'Mathieu Kassovitz'),
(3227, 'Matthew O´Callaghan'),
(3760, 'Matthew Vaughn'),
(3445, 'McG'),
(3419, 'Megan Griffiths'),
(3676, 'Mel Brooks'),
(3357, 'Mel Gibson'),
(3529, 'Mennan Yapo'),
(3562, 'Michael Bay'),
(3393, 'Michael Caton-Jones'),
(3241, 'Michael Davis'),
(3579, 'Michael Hoffman'),
(3625, 'Michael Katleman'),
(3636, 'Michael Lehmann'),
(3587, 'Michael Mann'),
(3273, 'Michael Moore'),
(3641, 'Michael Winterbottom'),
(3492, 'Michel Gondry'),
(3741, 'Mikael Håfström'),
(3335, 'Mike Binder'),
(3477, 'Mike Leigh'),
(3536, 'Mike Mills'),
(3619, 'Mike Mitchell'),
(3575, 'Mike Newell'),
(3708, 'Mike Nichols'),
(3373, 'Mira Nair'),
(3251, 'Miranda July'),
(3669, 'Morgan Spurlock'),
(3483, 'Mort Nathan'),
(4247, 'Nadia Conners'),
(3405, 'Nancy Meyers'),
(3398, 'Neil Burger'),
(3280, 'Neil Jordan'),
(3687, 'Neil LaBute'),
(3252, 'Neil Marshall'),
(3776, 'Niall Johnson'),
(3503, 'Nick Cassavetes'),
(3496, 'Nick Hamm'),
(3214, 'Nicolas Philibert'),
(3664, 'Nicole Holofcener'),
(3512, 'Nicole Kassell'),
(3673, 'Niels Mueller'),
(3297, 'Nigel Cole'),
(3353, 'Niki Caro'),
(3438, 'Nir Bergman'),
(3642, 'Noah Baumbach'),
(4307, 'Nobuhiro Suwa'),
(3672, 'Nora Ephron'),
(4222, 'Norman Ruiz'),
(4248, 'Norton Virgien'),
(3707, 'Oliver Hirschbiegel'),
(4310, 'Oliver Schmitz'),
(3390, 'Oliver Stone'),
(3277, 'Olivier Assayas'),
(3685, 'Olivier Dahan'),
(3614, 'Omar Naim'),
(4268, 'Oxide Chun Pang'),
(4255, 'Pablo Stoll'),
(3421, 'Pablo Trapero'),
(3578, 'Paolo Virzì'),
(4259, 'Parkpoom Wongpoom'),
(3206, 'Patricia Cardoso'),
(3436, 'Patrick Gilmore'),
(3596, 'Patty Jenkins'),
(3752, 'Paul Bolger'),
(3501, 'Paul Greengrass'),
(3713, 'Paul Haggis'),
(3325, 'Paul Hunter'),
(3268, 'Paul Leduc'),
(3341, 'Paul Mayeda Berges'),
(3239, 'Paul McGuigan'),
(3200, 'Paul Thomas Anderson'),
(3667, 'Paul Verhoeven'),
(3720, 'Paul Weitz'),
(3315, 'Paula van der Oest'),
(3458, 'Pawel Pawlikowski'),
(3269, 'Pedro Almodóvar'),
(3356, 'Peter Chelsom'),
(4234, 'Peter Farrelly'),
(3723, 'Peter Godfrey'),
(3490, 'Peter Hewitt'),
(3274, 'Peter Howitt'),
(3303, 'Peter Hyams'),
(3471, 'Peter Jackson'),
(3440, 'Peter Kosminsky'),
(3208, 'Peter Mullan'),
(3439, 'Peter Segal'),
(3218, 'Peter Weir'),
(3689, 'Petter Næss'),
(3349, 'Peyton Reed'),
(3487, 'Philippe Clair'),
(3211, 'Phillip Noyce'),
(3226, 'Pierre Granier-Deferre'),
(3759, 'Pierre Salvadori'),
(3601, 'Pieter Jan Brugge'),
(3574, 'Pitof'),
(4253, 'Quentin Tarantino'),
(3361, 'Raja Gosnell'),
(4245, 'Raman Hui'),
(3225, 'Rebecca Miller'),
(3510, 'Reginald Hudlin'),
(3538, 'Régis Wargnier'),
(3441, 'Renny Harlin'),
(3592, 'Ricardo de Montreuil'),
(3563, 'Richard Curtis'),
(3257, 'Richard Donner'),
(3207, 'Richard Eyre'),
(4325, 'Richard LaGravenese'),
(3594, 'Richard Linklater'),
(3698, 'Richard Loncraine'),
(3724, 'Richard Shepard'),
(3344, 'Ridley Scott'),
(3293, 'Rob Bowman'),
(3557, 'Rob Cohen'),
(4250, 'Rob Letterman'),
(3253, 'Rob Marshall'),
(3598, 'Rob Minkoff'),
(3475, 'Rob Schmidt'),
(3626, 'Robert Altman'),
(3678, 'Robert De Niro'),
(3548, 'Robert Luketic'),
(4242, 'Robert Pulcini'),
(3340, 'Robert Redford'),
(4292, 'Robert Rodriguez'),
(3599, 'Robert Schwentke'),
(3266, 'Robert Shaye'),
(3249, 'Robert Towne'),
(4230, 'Robert Walker'),
(3359, 'Robert Zemeckis'),
(3693, 'Roberto Benigni'),
(3748, 'Rodolfo Ledo'),
(3533, 'Rodrigo Moreno'),
(3731, 'Roger Allers'),
(3304, 'Roger Donaldson'),
(3744, 'Roger Michell'),
(3589, 'Roland Emmerich'),
(3474, 'Roman Polanski'),
(3645, 'Ron Howard'),
(3468, 'Ronny Yu'),
(4286, 'Rouben Mamoulian'),
(3700, 'Russell Mulcahy'),
(4264, 'Sam Fell'),
(3775, 'Sam Mendes'),
(3288, 'Sam Raimi'),
(3264, 'Samira Makhmalbaf'),
(3638, 'Sang-soo Im'),
(3721, 'Saverio Costanzo'),
(3704, 'Scott Derrickson'),
(3543, 'Scott Hicks'),
(3461, 'Scott McGehee'),
(3480, 'Shari Springer Berman'),
(3215, 'Shawn Levy'),
(3686, 'Shona Auerbach'),
(3355, 'Siddiq Barmak'),
(3278, 'Sijie Dai'),
(4263, 'Simon J. Smith'),
(3494, 'Sofia Coppola'),
(3284, 'Spike Jonze'),
(3571, 'Spike Lee'),
(3661, 'Stefen Fangmeier'),
(3632, 'Stephen Chow'),
(3456, 'Stephen Daldry'),
(3204, 'Stephen Frears'),
(3476, 'Stephen Gaghan'),
(3703, 'Stephen Hillenburg'),
(3762, 'Stephen Hopkins'),
(3743, 'Stephen J. Anderson'),
(3610, 'Stephen Kay'),
(3433, 'Stephen Norrington'),
(3479, 'Stephen Sommers'),
(3281, 'Steve Beck'),
(3750, 'Steve Bendelack'),
(3221, 'Steve Carr'),
(3739, 'Steve Hickner'),
(3385, 'Steve Oedekerk'),
(3472, 'Steve Trenbirth'),
(3756, 'Steve ´Spaz´ Williams'),
(3319, 'Steven Shainberg'),
(3516, 'Steven Soderbergh'),
(3364, 'Steven Spielberg'),
(3665, 'Steven Zaillian'),
(3408, 'Stewart Hendler'),
(3643, 'Sue Brooks'),
(3407, 'Susanne Bier'),
(3368, 'Sydney Pollack'),
(3765, 'Sylvain Chomet'),
(3488, 'Sylvester Stallone'),
(3608, 'Takashi Shimizu'),
(3336, 'Tassos Boulmetis'),
(3370, 'Taylor Hackford'),
(3725, 'Terrence Malick'),
(3403, 'Terry Gilliam'),
(3374, 'Terry Zwigoff'),
(3258, 'Thomas Bezucha'),
(3379, 'Thomas Vinterberg'),
(3606, 'Tim Burton'),
(3738, 'Tim Hill'),
(3728, 'Tim Johnson'),
(3453, 'Tim Robbins'),
(3375, 'Tim Story'),
(3299, 'Timur Bekmambetov'),
(3620, 'Tod Williams'),
(3507, 'Todd Field'),
(3546, 'Todd Haynes'),
(3617, 'Todd Robinson'),
(3391, 'Tom Dey'),
(4257, 'Tom McGrath'),
(3404, 'Tom Shadyac'),
(4295, 'Tom Tykwer'),
(3459, 'Tomás Yankelevich'),
(3444, 'Tony Bill'),
(3508, 'Tony Gilroy'),
(3423, 'Tony Goldwyn'),
(3593, 'Tony Scott'),
(3779, 'Tristán Bauer'),
(3310, 'Troy Miller'),
(3486, 'Uwe Boll'),
(3469, 'Vadim Perelman'),
(4229, 'Valerie Faris'),
(3271, 'Van Elder'),
(4291, 'Vicky Jenson'),
(4300, 'Victoria Aizenstat'),
(4322, 'Vincenzo Natali'),
(3532, 'Wai-Keung Lau'),
(3761, 'Walt Becker'),
(3222, 'Walter Salles'),
(4290, 'Warren Coleman'),
(3552, 'Wayne Kramer'),
(3346, 'Wayne Wang'),
(3369, 'Wes Anderson'),
(3291, 'Wes Craven'),
(4301, 'Wilfred Jackson'),
(3588, 'Will Finn'),
(3454, 'William Arntz'),
(3322, 'William Friedkin'),
(3540, 'Wim Wenders'),
(3542, 'Wolfgang Petersen'),
(3279, 'Woody Allen'),
(4240, 'Xavier Palud'),
(3623, 'Yimou Zhang'),
(4294, 'Yvette Kaplan'),
(3240, 'Zach Braff'),
(3572, 'Zack Snyder');

-- --------------------------------------------------------

--
-- Table structure for table `director_pelicula`
--

CREATE TABLE `director_pelicula` (
  `id` int(11) UNSIGNED NOT NULL,
  `director_id` int(11) UNSIGNED NOT NULL,
  `pelicula_id` int(11) UNSIGNED NOT NULL
) ENGINE=InnoDB DEFAULT CHARSET=latin1;

--
-- Dumping data for table `director_pelicula`
--

INSERT INTO `director_pelicula` (`id`, `director_id`, `pelicula_id`) VALUES
(1, 3199, 1),
(2, 3200, 2),
(3, 3201, 3),
(242, 3201, 222),
(4, 3202, 4),
(5, 3203, 5),
(6, 3204, 6),
(605, 3204, 548),
(7, 3205, 7),
(8, 3206, 8),
(9, 3207, 9),
(760, 3207, 691),
(10, 3208, 10),
(11, 3209, 11),
(12, 3210, 12),
(13, 3211, 13),
(327, 3211, 294),
(14, 3212, 14),
(15, 3213, 15),
(16, 3214, 16),
(17, 3215, 17),
(22, 3215, 22),
(338, 3215, 305),
(655, 3215, 597),
(18, 3216, 18),
(394, 3216, 353),
(534, 3216, 482),
(594, 3216, 538),
(19, 3217, 19),
(20, 3218, 20),
(21, 3219, 21),
(23, 3220, 23),
(230, 3220, 210),
(310, 3220, 281),
(24, 3221, 24),
(25, 3222, 25),
(793, 3222, 700),
(838, 3222, 739),
(26, 3223, 26),
(227, 3223, 207),
(789, 3223, 700),
(27, 3224, 27),
(28, 3225, 28),
(29, 3226, 29),
(30, 3227, 30),
(31, 3228, 31),
(493, 3228, 445),
(32, 3229, 32),
(33, 3230, 33),
(442, 3230, 398),
(662, 3230, 604),
(34, 3231, 34),
(35, 3232, 35),
(36, 3233, 36),
(37, 3234, 37),
(92, 3234, 82),
(41, 3235, 38),
(42, 3236, 39),
(43, 3237, 40),
(45, 3238, 41),
(47, 3239, 42),
(424, 3239, 380),
(48, 3240, 43),
(49, 3241, 44),
(50, 3242, 45),
(51, 3243, 46),
(52, 3244, 47),
(162, 3244, 146),
(489, 3244, 441),
(53, 3245, 48),
(54, 3246, 49),
(55, 3247, 50),
(57, 3248, 51),
(59, 3249, 52),
(60, 3250, 53),
(519, 3250, 468),
(61, 3251, 54),
(62, 3252, 55),
(63, 3253, 56),
(281, 3253, 255),
(64, 3254, 57),
(65, 3255, 58),
(66, 3256, 59),
(67, 3257, 60),
(738, 3257, 672),
(68, 3258, 61),
(69, 3259, 62),
(70, 3260, 63),
(503, 3260, 452),
(785, 3260, 700),
(71, 3261, 64),
(72, 3262, 65),
(74, 3263, 66),
(75, 3264, 67),
(76, 3265, 68),
(77, 3266, 69),
(78, 3267, 70),
(79, 3268, 71),
(80, 3269, 72),
(515, 3269, 464),
(757, 3269, 688),
(81, 3270, 73),
(82, 3271, 74),
(83, 3272, 75),
(84, 3273, 76),
(108, 3273, 95),
(434, 3273, 390),
(85, 3274, 77),
(529, 3274, 477),
(86, 3275, 78),
(681, 3275, 621),
(89, 3276, 79),
(90, 3277, 80),
(307, 3277, 278),
(791, 3277, 700),
(91, 3278, 81),
(93, 3279, 83),
(315, 3279, 286),
(589, 3279, 533),
(621, 3279, 563),
(643, 3279, 585),
(648, 3279, 590),
(94, 3280, 84),
(505, 3280, 454),
(95, 3281, 85),
(96, 3282, 86),
(320, 3282, 289),
(98, 3283, 87),
(693, 3283, 632),
(99, 3284, 88),
(100, 3285, 89),
(101, 3286, 90),
(104, 3287, 91),
(504, 3287, 453),
(105, 3288, 92),
(592, 3288, 536),
(106, 3289, 93),
(107, 3290, 94),
(604, 3290, 547),
(109, 3291, 96),
(794, 3291, 700),
(110, 3292, 97),
(311, 3292, 282),
(837, 3292, 738),
(111, 3293, 98),
(112, 3294, 99),
(113, 3295, 100),
(114, 3296, 101),
(115, 3297, 102),
(479, 3297, 431),
(116, 3298, 103),
(798, 3298, 703),
(117, 3299, 104),
(118, 3300, 105),
(372, 3300, 337),
(120, 3301, 106),
(121, 3302, 107),
(122, 3303, 108),
(123, 3304, 109),
(835, 3304, 736),
(124, 3305, 110),
(125, 3306, 111),
(449, 3306, 405),
(784, 3306, 700),
(126, 3307, 112),
(127, 3308, 113),
(128, 3309, 114),
(308, 3309, 279),
(404, 3309, 361),
(597, 3309, 541),
(129, 3310, 115),
(131, 3311, 116),
(132, 3312, 117),
(134, 3313, 118),
(135, 3314, 119),
(221, 3314, 201),
(136, 3315, 120),
(137, 3316, 121),
(138, 3317, 122),
(139, 3318, 123),
(140, 3319, 124),
(244, 3319, 224),
(141, 3320, 125),
(142, 3321, 126),
(143, 3322, 127),
(144, 3323, 128),
(145, 3324, 129),
(146, 3325, 130),
(147, 3326, 131),
(170, 3326, 153),
(631, 3326, 573),
(148, 3327, 132),
(149, 3328, 133),
(150, 3329, 134),
(198, 3329, 178),
(151, 3330, 135),
(152, 3331, 136),
(153, 3332, 137),
(495, 3332, 447),
(756, 3332, 687),
(154, 3333, 138),
(155, 3334, 139),
(156, 3335, 140),
(157, 3336, 141),
(158, 3337, 142),
(159, 3338, 143),
(331, 3338, 298),
(160, 3339, 144),
(161, 3340, 145),
(163, 3341, 147),
(164, 3342, 148),
(661, 3342, 603),
(166, 3343, 149),
(300, 3343, 273),
(167, 3344, 150),
(521, 3344, 470),
(577, 3344, 521),
(168, 3345, 151),
(169, 3346, 152),
(171, 3347, 154),
(235, 3347, 215),
(704, 3347, 643),
(172, 3348, 155),
(173, 3349, 156),
(588, 3349, 532),
(175, 3350, 157),
(176, 3351, 158),
(178, 3352, 159),
(179, 3353, 160),
(313, 3353, 284),
(180, 3354, 161),
(181, 3355, 162),
(182, 3356, 163),
(183, 3357, 164),
(611, 3357, 554),
(184, 3358, 165),
(185, 3359, 166),
(609, 3359, 552),
(186, 3360, 167),
(187, 3361, 168),
(241, 3361, 221),
(189, 3362, 169),
(616, 3362, 558),
(190, 3363, 170),
(191, 3364, 171),
(478, 3364, 430),
(730, 3364, 665),
(192, 3365, 172),
(193, 3366, 173),
(224, 3366, 204),
(194, 3367, 174),
(740, 3367, 674),
(195, 3368, 175),
(196, 3369, 176),
(197, 3370, 177),
(199, 3371, 179),
(200, 3372, 180),
(201, 3373, 181),
(202, 3374, 182),
(203, 3375, 183),
(204, 3376, 184),
(205, 3377, 185),
(206, 3378, 186),
(207, 3379, 187),
(492, 3379, 444),
(208, 3380, 188),
(209, 3381, 189),
(210, 3382, 190),
(211, 3383, 191),
(212, 3384, 192),
(213, 3385, 193),
(214, 3386, 194),
(215, 3387, 195),
(216, 3388, 196),
(217, 3389, 197),
(218, 3390, 198),
(673, 3390, 613),
(219, 3391, 199),
(220, 3392, 200),
(222, 3393, 202),
(460, 3393, 415),
(223, 3394, 203),
(225, 3395, 205),
(226, 3396, 206),
(455, 3396, 410),
(228, 3397, 208),
(770, 3397, 699),
(229, 3398, 209),
(231, 3399, 211),
(243, 3399, 223),
(232, 3400, 212),
(233, 3401, 213),
(234, 3402, 214),
(236, 3403, 216),
(237, 3404, 217),
(293, 3404, 267),
(238, 3405, 218),
(352, 3405, 317),
(239, 3406, 219),
(240, 3407, 220),
(817, 3407, 720),
(245, 3408, 225),
(246, 3409, 226),
(343, 3409, 310),
(249, 3410, 227),
(250, 3411, 228),
(251, 3412, 229),
(252, 3413, 230),
(574, 3413, 518),
(253, 3414, 231),
(254, 3415, 232),
(674, 3415, 614),
(255, 3416, 233),
(256, 3417, 234),
(257, 3418, 235),
(258, 3419, 236),
(259, 3420, 237),
(481, 3420, 433),
(260, 3421, 238),
(819, 3421, 722),
(261, 3422, 239),
(262, 3423, 240),
(263, 3424, 241),
(336, 3424, 303),
(264, 3425, 242),
(265, 3426, 243),
(266, 3427, 244),
(267, 3428, 245),
(268, 3429, 246),
(359, 3429, 324),
(269, 3430, 247),
(398, 3430, 357),
(800, 3430, 705),
(270, 3431, 248),
(606, 3431, 549),
(271, 3432, 249),
(328, 3432, 295),
(715, 3432, 653),
(272, 3433, 250),
(275, 3434, 251),
(470, 3434, 422),
(790, 3434, 700),
(276, 3435, 252),
(400, 3435, 359),
(278, 3436, 253),
(280, 3437, 254),
(787, 3437, 700),
(282, 3438, 256),
(283, 3439, 257),
(369, 3439, 334),
(284, 3440, 258),
(285, 3441, 259),
(506, 3441, 455),
(286, 3442, 260),
(287, 3443, 261),
(288, 3444, 262),
(46, 3445, 42),
(247, 3445, 226),
(289, 3445, 263),
(317, 3445, 287),
(344, 3445, 310),
(423, 3445, 380),
(668, 3445, 608),
(290, 3446, 264),
(291, 3447, 265),
(292, 3448, 266),
(558, 3448, 503),
(607, 3448, 550),
(294, 3449, 268),
(295, 3450, 269),
(399, 3450, 358),
(751, 3450, 683),
(795, 3450, 701),
(296, 3451, 270),
(297, 3452, 271),
(298, 3453, 272),
(303, 3454, 274),
(304, 3455, 275),
(341, 3455, 308),
(305, 3456, 276),
(306, 3457, 277),
(309, 3458, 280),
(312, 3459, 283),
(314, 3460, 285),
(318, 3461, 287),
(319, 3462, 288),
(727, 3462, 662),
(322, 3463, 290),
(323, 3464, 291),
(325, 3465, 292),
(326, 3466, 293),
(329, 3467, 296),
(788, 3467, 700),
(330, 3468, 297),
(414, 3468, 371),
(332, 3469, 299),
(333, 3470, 300),
(550, 3470, 495),
(334, 3471, 301),
(392, 3471, 351),
(430, 3471, 386),
(335, 3472, 302),
(337, 3473, 304),
(619, 3473, 561),
(339, 3474, 306),
(568, 3474, 512),
(340, 3475, 307),
(342, 3476, 309),
(345, 3477, 311),
(706, 3477, 645),
(346, 3478, 312),
(762, 3478, 693),
(347, 3479, 313),
(349, 3480, 314),
(350, 3481, 315),
(351, 3482, 316),
(353, 3483, 318),
(354, 3484, 319),
(355, 3485, 320),
(356, 3486, 321),
(357, 3487, 322),
(358, 3488, 323),
(360, 3489, 325),
(813, 3489, 716),
(361, 3490, 326),
(362, 3491, 327),
(363, 3492, 328),
(427, 3492, 383),
(364, 3493, 329),
(365, 3494, 330),
(812, 3494, 715),
(366, 3495, 331),
(367, 3496, 332),
(368, 3497, 333),
(370, 3498, 335),
(371, 3499, 336),
(376, 3500, 338),
(377, 3501, 339),
(596, 3501, 540),
(739, 3501, 673),
(378, 3502, 340),
(379, 3503, 341),
(520, 3503, 469),
(380, 3504, 342),
(705, 3504, 644),
(381, 3505, 343),
(384, 3506, 344),
(385, 3507, 345),
(386, 3508, 346),
(388, 3509, 347),
(389, 3510, 348),
(390, 3511, 349),
(391, 3512, 350),
(393, 3513, 352),
(457, 3513, 412),
(395, 3514, 354),
(734, 3514, 668),
(396, 3515, 355),
(397, 3516, 356),
(618, 3516, 560),
(403, 3517, 360),
(405, 3518, 362),
(406, 3519, 363),
(407, 3520, 364),
(408, 3521, 365),
(409, 3522, 366),
(410, 3523, 367),
(411, 3524, 368),
(412, 3525, 369),
(646, 3525, 588),
(413, 3526, 370),
(554, 3526, 499),
(728, 3526, 663),
(415, 3527, 372),
(416, 3528, 373),
(417, 3529, 374),
(675, 3529, 615),
(418, 3530, 375),
(419, 3531, 376),
(420, 3532, 377),
(421, 3533, 378),
(422, 3534, 379),
(425, 3535, 381),
(463, 3535, 418),
(426, 3536, 382),
(428, 3537, 384),
(810, 3537, 714),
(429, 3538, 385),
(431, 3539, 387),
(432, 3540, 388),
(433, 3541, 389),
(435, 3542, 391),
(499, 3542, 449),
(436, 3543, 392),
(437, 3544, 393),
(543, 3544, 489),
(438, 3545, 394),
(439, 3546, 395),
(440, 3547, 396),
(441, 3548, 397),
(443, 3549, 399),
(444, 3550, 400),
(445, 3551, 401),
(446, 3552, 402),
(447, 3553, 403),
(672, 3553, 612),
(448, 3554, 404),
(451, 3555, 406),
(452, 3556, 407),
(453, 3557, 408),
(454, 3558, 409),
(174, 3559, 157),
(456, 3559, 411),
(841, 3559, 742),
(458, 3560, 413),
(459, 3561, 414),
(461, 3562, 416),
(626, 3562, 568),
(765, 3562, 696),
(462, 3563, 417),
(465, 3564, 419),
(466, 3565, 420),
(467, 3566, 421),
(274, 3567, 251),
(469, 3567, 422),
(786, 3567, 700),
(471, 3568, 423),
(472, 3569, 424),
(473, 3570, 425),
(474, 3571, 426),
(591, 3571, 535),
(475, 3572, 427),
(476, 3573, 428),
(477, 3574, 429),
(480, 3575, 432),
(514, 3575, 463),
(482, 3576, 434),
(483, 3577, 435),
(484, 3578, 436),
(485, 3579, 437),
(486, 3580, 438),
(487, 3581, 439),
(488, 3582, 440),
(490, 3583, 442),
(491, 3584, 443),
(494, 3585, 446),
(498, 3586, 448),
(500, 3587, 450),
(676, 3587, 616),
(502, 3588, 451),
(507, 3589, 456),
(508, 3590, 457),
(612, 3590, 555),
(509, 3591, 458),
(745, 3591, 678),
(510, 3592, 459),
(511, 3593, 460),
(748, 3593, 680),
(512, 3594, 461),
(513, 3595, 462),
(516, 3596, 465),
(517, 3597, 466),
(518, 3598, 467),
(522, 3599, 471),
(523, 3600, 472),
(524, 3601, 473),
(526, 3602, 474),
(383, 3603, 344),
(527, 3603, 475),
(528, 3604, 476),
(530, 3605, 478),
(531, 3606, 479),
(532, 3607, 480),
(533, 3608, 481),
(761, 3608, 692),
(535, 3609, 483),
(536, 3610, 484),
(539, 3611, 485),
(540, 3612, 486),
(541, 3613, 487),
(671, 3613, 611),
(542, 3614, 488),
(545, 3615, 490),
(546, 3616, 491),
(547, 3617, 492),
(548, 3618, 493),
(549, 3619, 494),
(551, 3620, 496),
(552, 3621, 497),
(553, 3622, 498),
(555, 3623, 500),
(622, 3623, 564),
(556, 3624, 501),
(557, 3625, 502),
(559, 3626, 504),
(560, 3627, 505),
(561, 3628, 506),
(562, 3629, 507),
(564, 3630, 508),
(565, 3631, 509),
(566, 3632, 510),
(567, 3633, 511),
(569, 3634, 513),
(570, 3635, 514),
(571, 3636, 515),
(572, 3637, 516),
(573, 3638, 517),
(575, 3639, 519),
(576, 3640, 520),
(58, 3641, 51),
(578, 3641, 522),
(650, 3641, 592),
(579, 3642, 523),
(580, 3643, 524),
(581, 3644, 525),
(582, 3645, 526),
(689, 3645, 628),
(583, 3646, 527),
(584, 3647, 528),
(585, 3648, 529),
(586, 3649, 530),
(590, 3649, 534),
(610, 3649, 553),
(587, 3650, 531),
(593, 3651, 537),
(595, 3652, 539),
(598, 3653, 542),
(599, 3654, 543),
(600, 3655, 544),
(836, 3655, 737),
(601, 3656, 545),
(602, 3657, 546),
(608, 3658, 551),
(613, 3659, 556),
(700, 3659, 639),
(614, 3660, 557),
(707, 3660, 646),
(617, 3661, 559),
(620, 3662, 562),
(623, 3662, 565),
(699, 3662, 638),
(624, 3663, 566),
(625, 3664, 567),
(627, 3665, 569),
(628, 3666, 570),
(629, 3667, 571),
(630, 3668, 572),
(632, 3669, 574),
(633, 3670, 575),
(634, 3671, 576),
(635, 3672, 577),
(636, 3673, 578),
(637, 3674, 579),
(638, 3675, 580),
(660, 3675, 602),
(639, 3676, 581),
(640, 3677, 582),
(641, 3678, 583),
(642, 3679, 584),
(644, 3680, 586),
(645, 3681, 587),
(647, 3682, 589),
(649, 3683, 591),
(651, 3684, 593),
(652, 3685, 594),
(653, 3686, 595),
(654, 3687, 596),
(759, 3687, 690),
(656, 3688, 598),
(657, 3689, 599),
(658, 3690, 600),
(659, 3691, 601),
(663, 3692, 605),
(664, 3693, 606),
(665, 3694, 607),
(667, 3695, 608),
(669, 3696, 609),
(670, 3697, 610),
(677, 3698, 617),
(678, 3699, 618),
(679, 3700, 619),
(680, 3701, 620),
(682, 3702, 622),
(684, 3703, 623),
(685, 3704, 624),
(686, 3705, 625),
(687, 3706, 626),
(688, 3707, 627),
(811, 3707, 714),
(690, 3708, 629),
(691, 3709, 630),
(692, 3710, 631),
(694, 3711, 633),
(695, 3712, 634),
(696, 3713, 635),
(697, 3714, 636),
(698, 3715, 637),
(701, 3716, 640),
(702, 3717, 641),
(703, 3718, 642),
(708, 3719, 647),
(709, 3720, 648),
(710, 3721, 649),
(712, 3722, 650),
(713, 3723, 651),
(714, 3724, 652),
(716, 3725, 654),
(717, 3726, 655),
(718, 3727, 656),
(279, 3728, 253),
(720, 3728, 657),
(721, 3729, 658),
(722, 3730, 659),
(725, 3731, 660),
(726, 3732, 661),
(729, 3733, 664),
(732, 3734, 666),
(733, 3735, 667),
(735, 3736, 669),
(736, 3737, 670),
(737, 3738, 671),
(742, 3739, 675),
(743, 3740, 676),
(744, 3741, 677),
(747, 3742, 679),
(749, 3743, 681),
(750, 3744, 682),
(752, 3745, 684),
(834, 3745, 735),
(754, 3746, 685),
(755, 3747, 686),
(758, 3748, 689),
(763, 3749, 694),
(764, 3750, 695),
(766, 3751, 697),
(769, 3752, 698),
(797, 3753, 702),
(799, 3754, 704),
(801, 3755, 706),
(802, 3756, 707),
(803, 3757, 708),
(804, 3758, 709),
(805, 3759, 710),
(806, 3760, 711),
(807, 3761, 712),
(808, 3762, 713),
(814, 3763, 717),
(815, 3764, 718),
(792, 3765, 700),
(816, 3765, 719),
(818, 3766, 721),
(820, 3767, 723),
(821, 3768, 724),
(822, 3769, 725),
(823, 3770, 726),
(824, 3771, 727),
(825, 3772, 728),
(826, 3773, 729),
(827, 3774, 730),
(828, 3775, 731),
(829, 3776, 732),
(831, 3777, 733),
(833, 3778, 734),
(839, 3779, 740),
(840, 3780, 741),
(843, 3781, 743),
(39, 4222, 38),
(44, 4223, 41),
(73, 4225, 66),
(87, 4226, 79),
(97, 4227, 87),
(102, 4228, 91),
(119, 4229, 106),
(130, 4230, 116),
(133, 4231, 118),
(165, 4232, 149),
(299, 4232, 273),
(177, 4233, 159),
(188, 4234, 169),
(615, 4234, 558),
(248, 4235, 227),
(302, 4238, 274),
(316, 4239, 287),
(321, 4240, 290),
(324, 4241, 292),
(348, 4242, 314),
(374, 4243, 338),
(387, 4245, 347),
(401, 4246, 360),
(450, 4247, 406),
(464, 4248, 419),
(496, 4250, 448),
(501, 4251, 451),
(525, 4252, 474),
(537, 4253, 485),
(544, 4254, 490),
(563, 4255, 508),
(603, 4256, 547),
(666, 4257, 608),
(683, 4258, 623),
(711, 4259, 650),
(719, 4260, 657),
(723, 4261, 660),
(731, 4262, 666),
(741, 4263, 675),
(746, 4264, 679),
(753, 4265, 685),
(767, 4266, 698),
(796, 4268, 702),
(830, 4270, 733),
(832, 4271, 734),
(842, 4272, 743),
(88, 4286, 79),
(103, 4287, 91),
(301, 4288, 274),
(373, 4289, 338),
(402, 4290, 360),
(497, 4291, 448),
(538, 4292, 485),
(724, 4293, 660),
(768, 4294, 698),
(781, 4295, 700),
(40, 4300, 38),
(375, 4301, 338),
(774, 4302, 700),
(778, 4307, 700),
(779, 4310, 700),
(772, 4316, 700),
(782, 4322, 700),
(780, 4325, 700),
(773, 4328, 700);

-- --------------------------------------------------------

--
-- Table structure for table `genero`
--

CREATE TABLE `genero` (
  `id` int(11) UNSIGNED NOT NULL,
  `nombre` varchar(30) NOT NULL DEFAULT ''
) ENGINE=InnoDB DEFAULT CHARSET=latin1;

--
-- Dumping data for table `genero`
--

INSERT INTO `genero` (`id`, `nombre`) VALUES
(1, 'Acción'),
(2, 'Aventura'),
(3, 'Animadas'),
(4, 'Biográficas'),
(5, 'Comedias'),
(6, 'Policiales'),
(7, 'Documentales'),
(8, 'Drama'),
(9, 'Familiar'),
(10, 'Terror'),
(11, 'Suspenso'),
(12, 'Romántica'),
(13, 'Ciencia Ficción'),
(14, 'Cortometrajes'),
(15, 'Thriller');

-- --------------------------------------------------------

--
-- Table structure for table `pelicula`
--

CREATE TABLE `pelicula` (
  `id` int(11) UNSIGNED NOT NULL,
  `titulo` varchar(300) DEFAULT '',
  `anio` decimal(5,0) DEFAULT NULL,
  `duracion` decimal(5,0) DEFAULT NULL,
  `genero_id` int(11) UNSIGNED DEFAULT NULL,
  `director` varchar(400) DEFAULT '',
  `fecha_lanzamiento` date DEFAULT NULL,
  `puntuacion` decimal(2,0) DEFAULT NULL,
  `poster` varchar(300) DEFAULT '',
  `trama` varchar(700) DEFAULT '',
  `genero_string` varchar(45) DEFAULT NULL
) ENGINE=InnoDB DEFAULT CHARSET=latin1;

--
-- Dumping data for table `pelicula`
--

INSERT INTO `pelicula` (`id`, `titulo`, `anio`, `duracion`, `genero_id`, `director`, `fecha_lanzamiento`, `puntuacion`, `poster`, `trama`, `genero_string`) VALUES
(1, 'Narc', '2002', '105', 6, 'Joe Carnahan', '2003-01-10', '7', 'https://images-na.ssl-images-amazon.com/images/M/MV5BYjVhMWI2ZjgtNzNiNy00Mjc2LTljZDQtNGYwMzYwMTlhZGFhXkEyXkFqcGdeQXVyNDk3NzU2MTQ@._V1_SX300.jpg', 'When the trail goes cold on a murder investigation of a policeman an undercover narcotics officer is lured back to the force to help solve the case.', 'Crime'),
(2, 'Punch-Drunk Love', '2002', '95', 5, 'Paul Thomas Anderson', '2002-11-01', '7', 'https://images-na.ssl-images-amazon.com/images/M/MV5BYmE1OTY4NjgtYjcwNC00NWE4LWJiNGMtZmVhYTdlMWE1YzIxXkEyXkFqcGdeQXVyMTMxODk2OTU@._V1_SX300.jpg', 'A psychologically troubled novelty supplier is nudged towards a romance with an English woman, all the while being extorted by a phone-sex line run by a crooked mattress salesman, and purchasing stunning amounts of pudding.', 'Comedy'),
(3, 'Confidence', '2003', '97', 6, 'James Foley', '2003-04-25', '7', 'https://images-na.ssl-images-amazon.com/images/M/MV5BNGQ2OTc5OTgtZmU1My00OWRlLWJkMGEtNjMxY2E1NGE3Y2Q3XkEyXkFqcGdeQXVyMTIxMzMzMzE@._V1_SX300.jpg', 'Jake Vig (Burns) is a consummate grifter about to pull his biggest con yet, one set to avenge his friend´s murder. But his last scam backfired, leaving him indebted to a mob boss (Hoffman) and his enforcer.', 'Crime'),
(4, 'The Man from Elysian Fields', '2001', '106', 8, 'George Hickenlooper', '2002-11-28', '7', 'https://images-na.ssl-images-amazon.com/images/M/MV5BMjAxODEyMDA0Ml5BMl5BanBnXkFtZTYwMTYzNDg5._V1_SX300.jpg', 'A failed novelist´s inability to pay the bills strains relations with his wife and leads him to work at an escort service where he becomes entwined with a wealthy woman whose husband is a successful writer.', 'Drama'),
(5, 'Nicotina', '2003', '90', 1, 'Hugo Rodríguez', '2004-08-20', '7', 'https://images-na.ssl-images-amazon.com/images/M/MV5BMTY5MzQyODkwNl5BMl5BanBnXkFtZTcwMDc3NzYyMQ@@._V1_SX300.jpg', 'A real-time dark comedy about a science geek who tangles with a clutch of Russian gangsters after he delivers them the wrong computer disk.', 'Action'),
(6, 'Dirty Pretty Things', '2002', '97', 6, 'Stephen Frears', '2003-09-05', '7', 'https://images-na.ssl-images-amazon.com/images/M/MV5BNDMxOGM4ZjgtZjJhNS00MzVjLWI2ZjctYzhjN2NkMGI5OWZkXkEyXkFqcGdeQXVyMTAwMzUyOTc@._V1_SX300.jpg', 'An illegal Nigerian immigrant discovers the unpalatable side of London life.', 'Crime'),
(7, 'Irreversible', '2002', '97', 6, 'Gaspar Noé', '2002-05-22', '7', 'https://images-na.ssl-images-amazon.com/images/M/MV5BMzcyNjcwNzg2Nl5BMl5BanBnXkFtZTYwNzA5Mzc2._V1_SX300.jpg', 'Events over the course of one traumatic night in Paris unfold in reverse-chronological order as the beautiful Alex is brutally raped and beaten by a stranger in the underpass.', 'Crime'),
(8, 'Real Women Have Curves', '2002', '90', 5, 'Patricia Cardoso', '2002-11-08', '7', 'https://images-na.ssl-images-amazon.com/images/M/MV5BYTNlNzAxMjktZmViZi00ZmU4LWJjNTYtMzhlZmQzY2FhYzgxL2ltYWdlL2ltYWdlXkEyXkFqcGdeQXVyMTQxNzMzNDI@._V1_SX300.jpg', 'This is the story of Ana, a first generation Mexican-American teenager on the verge of becoming a woman. She lives in the predominately Latino community of East Los Angeles. Freshly ...', 'Comedy'),
(9, 'Iris', '2001', '91', 4, 'Richard Eyre', '2002-03-29', '7', 'https://images-na.ssl-images-amazon.com/images/M/MV5BNTM1MDQwNmEtZDgzMS00YTdmLWI0MjEtOTJlMDE4ZmU2ZGEyXkEyXkFqcGdeQXVyMTQxNzMzNDI@._V1_SX300.jpg', 'True story of the lifelong romance between novelist Iris Murdoch and her husband John Bayley, from their student days through her battle with Alzheimer´s disease.', 'Biography'),
(10, 'The Magdalene Sisters', '2002', '114', 8, 'Peter Mullan', '2003-08-29', '8', 'https://images-na.ssl-images-amazon.com/images/M/MV5BMTI2NzU1NTc1NF5BMl5BanBnXkFtZTcwOTQ1MjAwMQ@@._V1_SX300.jpg', 'Three young Irish women struggle to maintain their spirits while they endure dehumanizing abuse as inmates of a Magdalene Sisters Asylum.', 'Drama'),
(11, 'Morvern Callar', '2002', '97', 8, 'Lynne Ramsay', '2002-11-01', '7', 'https://images-na.ssl-images-amazon.com/images/M/MV5BMTc3ODc4NjU0MF5BMl5BanBnXkFtZTYwMjgwNDg2._V1_SX300.jpg', 'After her beloved husband´s suicide, a mourning supermarket worker and her best friend hit the road in Scotland, but find that grief is something that you can´t run away from forever.', 'Drama'),
(12, 'Respiro', '2002', '90', 8, 'Emanuele Crialese', '2002-05-22', '7', 'https://images-na.ssl-images-amazon.com/images/M/MV5BZDQzNDEwOTAtOTg3ZS00NTY5LTkzNmQtMGFlMjZiZWMzMjY0XkEyXkFqcGdeQXVyMTAwMzUyOTc@._V1_SX300.jpg', 'On an impoverished Italian island, a free-spirited woman is accused of madness by townspeople fed up with her antics.', 'Drama'),
(13, 'Rabbit-Proof Fence', '2002', '94', 2, 'Phillip Noyce', '2003-01-31', '8', 'https://images-na.ssl-images-amazon.com/images/M/MV5BMTgwMTQ1Mzg3OV5BMl5BanBnXkFtZTcwMTgyNDAwMQ@@._V1_SX300.jpg', 'In 1931, three aboriginal girls escape after being plucked from their homes to be trained as domestic staff and set off on a trek across the Outback.', 'Adventure'),
(14, 'Open Range', '2003', '139', 8, 'Kevin Costner', '2003-08-15', '8', 'https://images-na.ssl-images-amazon.com/images/M/MV5BMTYyNjA4NTY3N15BMl5BanBnXkFtZTYwNjc0MDM3._V1_SX300.jpg', 'A former gunslinger is forced to take up arms again when he and his cattle crew are threatened by a corrupt lawman.', 'Drama'),
(15, 'Amar te duele', '2002', '104', 8, 'Fernando Sariñana', '2006-12-26', '7', 'https://images-na.ssl-images-amazon.com/images/M/MV5BOTM4ODY3NDcyMl5BMl5BanBnXkFtZTcwODc3MDA0MQ@@._V1_SX300.jpg', 'Renata is a young high-class girl and Ulises is a poor guy. They both fall in love, but they must fight against everyone, specially Renata´s rich parents, who want to stop their love by ...', 'Drama'),
(16, 'To Be and to Have', '2002', '104', 7, 'Nicolas Philibert', '2002-08-28', '8', 'https://images-na.ssl-images-amazon.com/images/M/MV5BMTc5MDA2MTI1MF5BMl5BanBnXkFtZTcwNTc1NjYyMQ@@._V1_SX300.jpg', 'A documentary portrait of a one-room school in rural France, where the students (ranging in age from 4 to 11) are educated by a single dedicated teacher.', 'Documentary'),
(17, 'Just Married', '2003', '95', 5, 'Shawn Levy', '2003-01-10', '5', 'https://images-na.ssl-images-amazon.com/images/M/MV5BMTk1MzM4NzUzNl5BMl5BanBnXkFtZTcwMDQyMDczMw@@._V1_SX300.jpg', 'A young newlywed couple honeymoon in Europe, where obstacles challenge their ability to sustain the marriage.', 'Comedy'),
(18, 'Bringing Down the House', '2003', '105', 5, 'Adam Shankman', '2003-03-07', '6', 'https://images-na.ssl-images-amazon.com/images/M/MV5BOTUyMTM2MjMwOF5BMl5BanBnXkFtZTYwOTA0Mzk2._V1_SX300.jpg', 'When a lonely guy meets a woman on the internet who happens to be in prison, she breaks out to get him to prove her innocence, and proceeds to wreak havoc on his middle-class life.', 'Comedy'),
(19, 'Sexo con Amor', '2003', '108', 5, 'Boris Quercia', '2003-03-27', '6', 'https://images-na.ssl-images-amazon.com/images/M/MV5BMTM2MTI4MjY2Ml5BMl5BanBnXkFtZTcwMzAyOTczMQ@@._V1_SX300.jpg', 'A group of parents who have gathered to debate the sexual education schooling of their fourth grade children are forced to re-examine their own views of sex.', 'Comedy'),
(20, 'Master and Commander: The Far Side of the World', '2003', '138', 1, 'Peter Weir', '2003-11-14', '7', 'https://images-na.ssl-images-amazon.com/images/M/MV5BMjA5NjYyMDM5NV5BMl5BanBnXkFtZTYwOTU5MDY2._V1_SX300.jpg', 'During the Napoleonic Wars, a brash British captain pushes his ship and crew to their limits in pursuit of a formidable French war vessel around South America.', 'Action'),
(21, 'I, Robot', '2004', '115', 1, 'Alex Proyas', '2004-07-16', '7', 'https://images-na.ssl-images-amazon.com/images/M/MV5BMTQwNzI5NTQ0OF5BMl5BanBnXkFtZTYwMTI3Mjk2._V1_SX300.jpg', 'In 2035, a technophobic cop investigates a crime that may have been perpetrated by a robot, which leads to a larger threat to humanity.', 'Action'),
(22, 'Cheaper by the Dozen', '2003', '98', 5, 'Shawn Levy', '2003-12-25', '6', 'https://images-na.ssl-images-amazon.com/images/M/MV5BMTg0NzYxMjY0Ml5BMl5BanBnXkFtZTcwOTU0NDczMw@@._V1_SX300.jpg', 'With his wife doing a book tour, a father of twelve must handle a new job and his unstable brood.', 'Comedy'),
(23, 'Cellular', '2004', '94', 1, 'David R. Ellis', '2004-09-10', '7', 'https://images-na.ssl-images-amazon.com/images/M/MV5BMmRmODc1OGEtYzhjOC00Y2FiLWFhNWUtYTJiYjlhMGU0Njk4XkEyXkFqcGdeQXVyNDk3NzU2MTQ@._V1_SX300.jpg', 'A young man receives an emergency phone call on his cell phone from an older woman. The catch? The woman claims to have been kidnapped; and the kidnappers have targeted her husband and child next.', 'Action'),
(24, 'Daddy Day Care', '2003', '92', 5, 'Steve Carr', '2003-05-09', '6', 'https://images-na.ssl-images-amazon.com/images/M/MV5BNTZiYjEzY2UtMzA2OC00NjM1LWFlMjItMzg4MTAwOTU2YzYxXkEyXkFqcGdeQXVyMTQxNzMzNDI@._V1_SX300.jpg', 'Two men get laid off and have to become stay-at-home dads when they can´t find jobs. This inspires them to open their own day-care center.', 'Comedy'),
(25, 'The Motorcycle Diaries', '2004', '126', 2, 'Walter Salles', '2004-10-15', '8', 'https://images-na.ssl-images-amazon.com/images/M/MV5BOTNmZTgyMzAtMTUwZC00NjAwLTk4MjktODllYTY5YTUwN2YwXkEyXkFqcGdeQXVyMTQxNzMzNDI@._V1_SX300.jpg', 'The dramatization of a motorcycle road trip Che Guevara went on in his youth that showed him his life´s calling.', 'Adventure'),
(26, 'My Life Without Me', '2003', '106', 8, 'Isabel Coixet', '2003-03-07', '8', 'https://images-na.ssl-images-amazon.com/images/M/MV5BNDZjZWE5NWItMzVkMi00ODU1LTg5YWYtNmU1NjhkZWI3MGQxXkEyXkFqcGdeQXVyMTA0MjU0Ng@@._V1_SX300.jpg', 'A young woman conceals the fact of her terminal cancer to live her life with a passion she never had before.', 'Drama'),
(27, 'Elizabethtown', '2005', '123', 5, 'Cameron Crowe', '2005-10-14', '6', 'https://images-na.ssl-images-amazon.com/images/M/MV5BYmJkOTU0ZjEtYmRkNi00ODcwLTgwMDUtNjVjMTFjZGU2OWNiXkEyXkFqcGdeQXVyMTQxNzMzNDI@._V1_SX300.jpg', 'During a hometown memorial for his Kentucky-born father, a young man begins an unexpected romance with a too-good-to-be-true stewardess.', 'Comedy'),
(28, 'The Ballad of Jack and Rose', '2005', '112', 8, 'Rebecca Miller', '2005-04-08', '7', 'https://images-na.ssl-images-amazon.com/images/M/MV5BMGNlZjAxYzUtNzUyYS00ZTcwLTg3YjctNjc1MmJlZGY1ZjE0XkEyXkFqcGdeQXVyMTAwMzUyOTc@._V1_SX300.jpg', 'A father and daughter isolated on an island off the East Coast and living on a once-thriving commune grapple with the limits of family and sexuality.', 'Drama'),
(29, 'Le fils', '1973', '100', 8, 'Pierre Granier-Deferre', '1973-02-22', '6', 'https://images-na.ssl-images-amazon.com/images/M/MV5BZWFlNDg2NTktZDlkOS00MzdkLTkzNDItYTMyMzlmNmI0NjRhXkEyXkFqcGdeQXVyMzU0NzkwMDg@._V1_SX300.jpg', 'Ange leaves New York to fly to his native Corsica. His mother is dying and Ange, who was not present when his father died, wishes to be present at her death. In Corsica Ange finds his ...', 'Drama'),
(30, 'Curious George', '2006', '87', 3, 'Matthew O´Callaghan', '2006-02-10', '7', 'https://images-na.ssl-images-amazon.com/images/M/MV5BMTIzODQ4ODI0Nl5BMl5BanBnXkFtZTcwNTMyMDIzMQ@@._V1_SX300.jpg', 'The Man in the Yellow Hat is an oddball museum employee who looks after his pet monkey - an inquisitive and wonderful creature whose enthusiasm often gets the best of him.', 'Animation'),
(31, 'Just Like Heaven', '2005', '95', 5, 'Mark Waters', '2005-09-16', '7', 'https://images-na.ssl-images-amazon.com/images/M/MV5BMTk0Njk2OTY2N15BMl5BanBnXkFtZTcwNTAxNjAzMQ@@._V1_SX300.jpg', 'A lonely landscape architect falls for the spirit of the beautiful woman who used to live in his new apartment.', 'Comedy'),
(32, 'Hermanas', '2005', '100', 8, 'Julia Solomonoff', '2005-04-28', '7', 'https://images-na.ssl-images-amazon.com/images/M/MV5BMjE3OTY5Nzg3N15BMl5BanBnXkFtZTcwODI1MjA0MQ@@._V1_SX300.jpg', 'Argentinian sisters Elena and Natalia, who were separated, meet again in Texas in 1984.', 'Drama'),
(33, 'Casino Royale', '2006', '144', 1, 'Martin Campbell', '2006-11-17', '8', 'https://images-na.ssl-images-amazon.com/images/M/MV5BMDI5ZWJhOWItYTlhOC00YWNhLTlkNzctNDU5YTI1M2E1MWZhXkEyXkFqcGdeQXVyNTIzOTk5ODM@._V1_SX300.jpg', 'Armed with a licence to kill, Secret Agent James Bond sets out on his first mission as 007 and must defeat a weapons dealer in a high stakes game of poker at Casino Royale, but things are not what they seem.', 'Action'),
(34, 'Walk on Water', '2004', '103', 8, 'Eytan Fox', '2005-04-29', '7', 'https://images-na.ssl-images-amazon.com/images/M/MV5BMzFhOGQ1NWUtZjhkZC00M2NlLTlmOGEtZDkwYmZlNDc0YWM5XkEyXkFqcGdeQXVyMjMyMzI4MzY@._V1_SX300.jpg', 'Following the suicide of his wife, an Israeli intelligence agent is assigned to befriend the grandchildren of a Nazi war criminal.', 'Drama'),
(35, 'Mr. Brooks', '2007', '120', 6, 'Bruce A. Evans', '2007-06-01', '7', 'https://images-na.ssl-images-amazon.com/images/M/MV5BMTQyNTk5MTMxN15BMl5BanBnXkFtZTcwNTc0ODI1NA@@._V1_SX300.jpg', 'A psychological thriller about a man who is sometimes controlled by his murder-and-mayhem-loving alter ego.', 'Crime'),
(36, 'Reeker', '2005', '90', 10, 'Dave Payne', '2006-02-17', '5', 'https://images-na.ssl-images-amazon.com/images/M/MV5BMTI0ODY5MDU0M15BMl5BanBnXkFtZTcwNTU2NjczMQ@@._V1_SX300.jpg', 'Strangers trapped at an eerie travel oasis in the desert must unravel the mystery behind their visions of dying people while they are preyed upon by a decaying creature.', 'Horror'),
(37, 'The Nativity Story', '2006', '101', 8, 'Catherine Hardwicke', '2006-12-01', '7', 'https://images-na.ssl-images-amazon.com/images/M/MV5BMTc0MDM4MzM4Nl5BMl5BanBnXkFtZTcwNTczNzUzMQ@@._V1_SX300.jpg', 'A drama that focuses on the period in Mary and Joseph´s life where they journeyed to Bethlehem for the birth of Jesus.', 'Drama'),
(38, 'Martín Fierro, La Película', '2007', '88', 3, 'Liliana Romero, Norman Ruiz, Victoria Aizenstat, Liliana Romero, Norman Ruiz', '2007-11-01', '7', 'https://images-na.ssl-images-amazon.com/images/M/MV5BZGZlYjE0ODQtMzA3My00NDg2LWI4ZTctMGM2YTgyNGNmNGM4XkEyXkFqcGdeQXVyODQ4Njg1OQ@@._V1_SX300.jpg', 'At late 19th Century, the Argentinean Pampa is changing. Martin Fierro is a renegade that fights against the power and corruption that try to subordinate him and to take away his most ...', 'Animation'),
(39, 'The Assassination of Jesse James by the Coward Robert Ford', '2007', '160', 4, 'Andrew Dominik', '2007-10-19', '8', 'https://images-na.ssl-images-amazon.com/images/M/MV5BMTY2NDI2MTc2NV5BMl5BanBnXkFtZTcwNjA2NTQzMw@@._V1_SX300.jpg', 'Robert Ford, who´s idolized Jesse James since childhood, tries hard to join the reforming gang of the Missouri outlaw, but gradually becomes resentful of the bandit leader.', 'Biography'),
(40, 'Undertow', '2004', '108', 8, 'David Gordon Green', '2004-12-17', '7', 'https://images-na.ssl-images-amazon.com/images/M/MV5BMTYzODgyOTMzMV5BMl5BanBnXkFtZTcwMjU2MTcyMQ@@._V1_SX300.jpg', 'Following the death of his wife Audrey, John Munn moves with his two sons, mid-teen Chris Munn and adolescent Tim Munn, to a pig farm in rural Drees County, Georgia, where they lead a ...', 'Drama'),
(41, 'Roads to Koktebel', '2003', '100', 8, 'Boris Khlebnikov, Aleksey Popogrebskiy', '2003-09-25', '7', 'http://ia.media-imdb.com/images/M/MV5BMjA2OTk0MTk2OF5BMl5BanBnXkFtZTcwNTUwMzYzMQ@@._V1_SX300.jpg', 'A widowed aeronautics engineer, who has lost his job, travels with his son hopping freight trains from Moscow to Koktebel, a town by the Black Sea, to start a new life with the father´s ...', 'Drama'),
(42, 'Wicker Park', '2004', '114', 8, 'Paul McGuigan', '2004-09-03', '7', 'https://images-na.ssl-images-amazon.com/images/M/MV5BZDU3ZDM5MTQtNDU5NS00NDY1LWI1ODYtMzRiYjU1MTdiNWYxL2ltYWdlXkEyXkFqcGdeQXVyMTQxNzMzNDI@._V1_SX300.jpg', 'A young Chicago advertising executive believes a woman he sees in a café is his long-lost love. His belief leads to obsession, as he puts his life on hold in order to trail her.', 'Drama'),
(43, 'Garden State', '2004', '102', 5, 'Zach Braff', '2004-08-20', '8', 'https://images-na.ssl-images-amazon.com/images/M/MV5BMjc5MDE0NjkxOF5BMl5BanBnXkFtZTcwNzA0NTkyMw@@._V1_SX300.jpg', 'A quietly troubled young man returns home for his mother´s funeral after being estranged from his family for a decade.', 'Comedy'),
(44, 'Shoot ´Em Up', '2007', '86', 1, 'Michael Davis', '2007-09-07', '7', 'https://images-na.ssl-images-amazon.com/images/M/MV5BMjEwMDA1MDUwNl5BMl5BanBnXkFtZTcwMDQzMzM1MQ@@._V1_SX300.jpg', 'A man named Mr. Smith delivers a woman´s baby during a shootout, and is then called upon to protect the newborn from the army of gunmen.', 'Action'),
(45, 'Sakebi', '2006', '104', 10, 'Kiyoshi Kurosawa', '2007-02-24', '6', 'https://images-na.ssl-images-amazon.com/images/M/MV5BMTY4OTAwNTQwNV5BMl5BanBnXkFtZTcwNDg2NDU2MQ@@._V1_SX300.jpg', 'A detective investigates a series of murders. A possible serial killer might be on a rampage, since they all are in the same vicinity and by the same method, but as the evidence points ...', 'Horror'),
(46, 'Libero (Along the Ridge)', '2006', '108', 8, 'Kim Rossi Stuart', '2006-05-05', '8', 'https://images-na.ssl-images-amazon.com/images/M/MV5BMTQ3ODQ0OTk0N15BMl5BanBnXkFtZTcwMTExMTg4Mw@@._V1_SX300.jpg', 'A young father and his two children struggle to find harmony after his wife leaves them for another man.', 'Drama'),
(47, 'Two for the Money', '2005', '122', 8, 'D.J. Caruso', '2005-10-07', '6', 'https://images-na.ssl-images-amazon.com/images/M/MV5BMTg0Mjc5MzkxN15BMl5BanBnXkFtZTcwMDI0OTEzMQ@@._V1_SX300.jpg', 'After suffering a career-ending injury, a former college football star aligns himself with one of the most renowned touts in the sports-gambling business.', 'Drama'),
(48, 'Arthur and the Invisibles', '2006', '94', 3, 'Luc Besson', '2007-01-12', '6', 'https://images-na.ssl-images-amazon.com/images/M/MV5BNDQ2ODQ1NTM5OF5BMl5BanBnXkFtZTcwNjQzNTA0MQ@@._V1_SX300.jpg', 'Ten-year-old Arthur, in a bid to save his grandfather´s house from being demolished, goes looking for some much-fabled hidden treasure in the land of the Minimoys, a tiny people living in harmony with nature.', 'Animation'),
(49, '28 Weeks Later', '2007', '100', 8, 'Juan Carlos Fresnadillo', '2007-05-11', '7', 'https://images-na.ssl-images-amazon.com/images/M/MV5BMTUxMjc2MTcxNV5BMl5BanBnXkFtZTcwMzgzOTY0MQ@@._V1_SX300.jpg', 'Six months after the rage virus was inflicted on the population of Great Britain, the US Army helps to secure a small area of London for the survivors to repopulate and start again. But not everything goes to plan.', 'Drama'),
(50, 'In the Land of Women', '2007', '97', 5, 'Jon Kasdan', '2007-04-20', '7', 'https://images-na.ssl-images-amazon.com/images/M/MV5BMTQ4MDQ3NTExMV5BMl5BanBnXkFtZTcwMTA0OTM0MQ@@._V1_SX300.jpg', 'A sleazy writer has a chance to redeem himself when he goes to stay with his grandmother and befriends the neighbors.', 'Comedy'),
(51, 'The Road to Guantanamo', '2006', '95', 7, 'Mat Whitecross, Michael Winterbottom', '2006-03-09', '8', 'https://images-na.ssl-images-amazon.com/images/M/MV5BMTQ2Njk1NDg0MV5BMl5BanBnXkFtZTcwMzQ2MTMzMQ@@._V1_SX300.jpg', 'Part drama, part documentary, The Road to Guantánamo focuses on the Tipton Three, a trio of British Muslims who were held in Guantanamo Bay for two years until they were released without charge.', 'Documentary'),
(52, 'Ask the Dust', '2006', '117', 8, 'Robert Towne', '2006-04-13', '6', 'https://images-na.ssl-images-amazon.com/images/M/MV5BMTgzMDE3NzM5NF5BMl5BanBnXkFtZTcwNDY2OTIzMQ@@._V1_SX300.jpg', 'Mexican beauty Camilla hopes to rise above her station by marrying a wealthy American. That is complicated by meeting Arturo Bandini, a first-generation Italian hoping to land a writing career and a blue-eyed blonde on his arm.', 'Drama'),
(53, 'Family Law', '2006', '102', 5, 'Daniel Burman', '2006-03-23', '7', 'https://images-na.ssl-images-amazon.com/images/M/MV5BMTI1NzI5ODAzOF5BMl5BanBnXkFtZTcwNTMzNTQ0MQ@@._V1_SX300.jpg', 'As he adjusts to being a husband and father, Ariel Perelman meditates on the ways in which he is similar -- and so very different -- from his own dad.', 'Comedy'),
(54, 'Me and You and Everyone We Know', '2005', '91', 5, 'Miranda July', '2005-08-05', '7', 'https://images-na.ssl-images-amazon.com/images/M/MV5BMjE2OTM0MjE2MF5BMl5BanBnXkFtZTcwNzI3OTkyMQ@@._V1_SX300.jpg', 'A lonely shoe salesman and an eccentric performance artist struggle to connect in this unique take on contemporary life.', 'Comedy'),
(55, 'The Descent', '2005', '99', 2, 'Neil Marshall', '2006-08-04', '7', 'https://images-na.ssl-images-amazon.com/images/M/MV5BMjA5NzQ1NTgwNV5BMl5BanBnXkFtZTcwNjUxMzUzMw@@._V1_SX300.jpg', 'A caving expedition goes horribly wrong, as the explorers become trapped and ultimately pursued by a strange breed of predators.', 'Adventure'),
(56, 'Memoirs of a Geisha', '2005', '145', 8, 'Rob Marshall', '2005-12-23', '7', 'https://images-na.ssl-images-amazon.com/images/M/MV5BMTYxMzM4NTEzOV5BMl5BanBnXkFtZTcwNDMwNjQzMw@@._V1_SX300.jpg', 'Nitta Sayuri reveals how she transcended her fishing-village roots and became one of Japan´s most celebrated geisha.', 'Drama'),
(57, 'Mondovino', '2004', '135', 7, 'Jonathan Nossiter', '2004-11-03', '7', 'https://images-na.ssl-images-amazon.com/images/M/MV5BMTY3NzQ3NDI4Ml5BMl5BanBnXkFtZTcwNDQyNjgyMQ@@._V1_SX300.jpg', 'A documentary on the impact of globalization on the world´s different wine regions.', 'Documentary'),
(58, 'Yesterday Once More', '2004', '99', 5, 'Johnnie To', '2004-10-14', '6', 'https://images-na.ssl-images-amazon.com/images/M/MV5BZmE1MWY3NWEtZDYwMC00NzQwLWI5N2UtNjFhM2E1OTY5N2VmXkEyXkFqcGdeQXVyMjQ2MTk1OTE@._V1_SX300.jpg', 'Romance blossoms again for a divorced jewel-thief couple as they try to rekindle the love they once had for each.', 'Comedy'),
(59, 'March of the Penguins', '2005', '80', 7, 'Luc Jacquet', '2005-07-22', '8', 'https://images-na.ssl-images-amazon.com/images/M/MV5BMTM1NDc5MDYxMl5BMl5BanBnXkFtZTcwMjMzNDAzMQ@@._V1_SX300.jpg', 'In the Antarctic, every March since the beginning of time, the quest begins to find the perfect mate and start a family.', 'Documentary'),
(60, '16 Blocks', '2006', '102', 1, 'Richard Donner', '2006-03-03', '7', 'https://images-na.ssl-images-amazon.com/images/M/MV5BMTQ1NDEwMzEwMl5BMl5BanBnXkFtZTcwNzM4MTEzMw@@._V1_SX300.jpg', 'An aging alcoholic cop is assigned the task of escorting a witness from police custody to a courthouse 16 blocks away. There are, however, chaotic forces at work that prevent them from making it in one piece.', 'Action'),
(61, 'The Family Stone', '2005', '103', 5, 'Thomas Bezucha', '2005-12-16', '6', 'https://images-na.ssl-images-amazon.com/images/M/MV5BNTkwMjM4MjMxMV5BMl5BanBnXkFtZTcwNjM1OTQzMQ@@._V1_SX300.jpg', 'An uptight, conservative businesswoman accompanies her boyfriend to his eccentric and outgoing family´s annual Christmas celebration and finds that she´s a fish out of water in their free-spirited way of life.', 'Comedy'),
(62, 'Capote', '2005', '114', 4, 'Bennett Miller', '2006-02-03', '7', 'https://images-na.ssl-images-amazon.com/images/M/MV5BMTczMzU0MjM1MV5BMl5BanBnXkFtZTcwMjczNzgyNA@@._V1_SX300.jpg', 'In 1959, Truman Capote learns of the murder of a Kansas family and decides to write a book about the case. While researching for his novel In Cold Blood, Capote forms a relationship with one of the killers, Perry Smith, who is on death row.', 'Biography'),
(63, 'Children of Men', '2006', '109', 8, 'Alfonso Cuarón', '2007-01-05', '8', 'https://images-na.ssl-images-amazon.com/images/M/MV5BNDIyZjQ5M2EtYTcwMS00MGFiLWE2NmYtZGQwMzg1NjI5MmJlXkEyXkFqcGdeQXVyNjQyMjcwNDM@._V1_SX300.jpg', 'In 2027, in a chaotic world in which women have become somehow infertile, a former activist agrees to help transport a miraculously pregnant woman to a sanctuary at sea.', 'Drama'),
(64, 'The Guardian', '2006', '139', 1, 'Andrew Davis', '2006-09-29', '7', 'https://images-na.ssl-images-amazon.com/images/M/MV5BMTI0MDkzMzQ1M15BMl5BanBnXkFtZTcwMDQ3MTQzMQ@@._V1_SX300.jpg', 'A high school swim champion with a troubled past enrolls in the U.S. Coast Guard´s \"A\" School, where legendary rescue swimmer Ben Randall teaches him some hard lessons about loss, love, and self-sacrifice.', 'Action'),
(65, 'La Antena', '2007', '99', 8, 'Esteban Sapir', '2007-04-19', '8', 'https://images-na.ssl-images-amazon.com/images/M/MV5BMTAyNzQzMjgxNTZeQTJeQWpwZ15BbWU3MDIzNTcyNDI@._V1_SX300.jpg', 'This near-silent black and white film from Argentina tells the story of a city that has lost its voice, stolen by Mr. TV, and the attempts of a small family to win the voice back. Similar in design to early German expressionist films.', 'Drama'),
(66, 'Estrellas', '2007', '64', 7, 'Federico León, Marcos Martínez', '2007-12-13', '7', 'https://images-na.ssl-images-amazon.com/images/M/MV5BYWI1MmFjYjItZGY1OC00ZjM3LThlMmYtM2JkZDFhZDAzMTMyL2ltYWdlL2ltYWdlXkEyXkFqcGdeQXVyNTcyNTAzMzQ@._V1_SX300.jpg', 'A group of inhabitants of the Villa 21, in Buenos Aires, discovers that it can make of itself and use their houses as decorated to find an artistic and labor exit that transforms the marginalized space into a great film set.', 'Documentary'),
(67, 'At Five in the Afternoon', '2003', '105', 8, 'Samira Makhmalbaf', '2003-08-20', '7', 'http://ia.media-imdb.com/images/M/MV5BNjcyNjUyODE3Ml5BMl5BanBnXkFtZTcwNzYxNzY5MQ@@._V1_SX300.jpg', 'In a post-Taliban Afghanistan a young woman (Agheleh Rezaie) attends school against her conservative father´s will, hoping to learn more about democracy to fulfill her dream of being the country´s next president.', 'Drama'),
(68, 'The Violin', '2005', '98', 8, 'Francisco Vargas', '2007-04-27', '8', 'http://ia.media-imdb.com/images/M/MV5BMTk5NDkyMDI4NV5BMl5BanBnXkFtZTcwMTgxMjQ3Mg@@._V1_SX300.jpg', 'In an unnamed Latin American country that closely resembles Mexico, the government fights a rural insurgency with torture, assault, rape, and murder. Soldiers descend on a town, cutting off...', 'Drama'),
(69, 'The Last Mimzy', '2007', '90', 9, 'Robert Shaye', '2007-03-23', '6', 'https://images-na.ssl-images-amazon.com/images/M/MV5BMTIwMTkzMDI1N15BMl5BanBnXkFtZTcwMzc1NzI0MQ@@._V1_SX300.jpg', 'Two siblings begin to develop special talents after they find a mysterious box of toys. Soon the kids, their parents, and even their teacher are drawn into a strange new world and find a task ahead of them that is far more important than any of them could imagine!', 'Family'),
(70, 'Lie with Me', '2005', '93', 8, 'Clement Virgo', '2006-03-03', '6', 'https://images-na.ssl-images-amazon.com/images/M/MV5BMTA5NTA5MDUyOTNeQTJeQWpwZ15BbWU3MDAzMDE5MzE@._V1_SX300.jpg', 'An outgoing, sexually aggressive young woman meets and begins a torrid affair with an equally aggressive young man in which their affair begins to bring a strain on their personal lives.', 'Drama'),
(71, 'El cobrador: In God We Trust', '2006', '92', 8, 'Paul Leduc', '2007-11-15', '6', 'http://ia.media-imdb.com/images/M/MV5BMjE4OTkzNTc0N15BMl5BanBnXkFtZTcwMzY2MDg5MQ@@._V1_SX300.jpg', '1) globalization of violence, violence of globalization? 2) serial killers, social killers? 3) a mine in brazil some murders in new york others in miami how are they connected? 4) \"who´s ...', 'Drama'),
(72, 'The Skin I Live In', '2011', '120', 8, 'Pedro Almodóvar', '2011-09-02', '8', 'https://images-na.ssl-images-amazon.com/images/M/MV5BMjMwOTYyNDY4NV5BMl5BanBnXkFtZTcwNDI1ODk0Ng@@._V1_SX300.jpg', 'A brilliant plastic surgeon, haunted by past tragedies, creates a type of synthetic skin that withstands any kind of damage. His guinea pig: a mysterious and volatile woman who holds the key to his obsession.', 'Drama'),
(73, 'Funny Ha Ha', '2002', '89', 5, 'Andrew Bujalski', '2007-04-19', '6', 'https://images-na.ssl-images-amazon.com/images/M/MV5BMjE1OTU5MjI1NF5BMl5BanBnXkFtZTcwNjkwMzgyMQ@@._V1_SX300.jpg', 'Marnie just graduated from college, drinks likes she´s still in school, and is looking for a temporary job but a permanent boyfriend. She loves a guy who doesn´t love her (?), ping-pongs ...', 'Comedy'),
(74, 'Divine Intervention', '2007', '100', 5, 'Van Elder', '2007-11-30', '4', 'https://images-na.ssl-images-amazon.com/images/M/MV5BMTM5NTgxMjQyMl5BMl5BanBnXkFtZTcwMjYxMjU1MQ@@._V1_SX300.jpg', 'Reverend Robert Gibbs is a young, hip pastor who temporarily takes over the helm of a Fundamentalist Baptist church while his predecessor Reverend Matthews recovers from a stroke. While ...', 'Comedy'),
(75, 'Habana Blues', '2005', '115', 8, 'Benito Zambrano', '2005-03-18', '7', 'https://images-na.ssl-images-amazon.com/images/M/MV5BNTkzMzM0MzA2NV5BMl5BanBnXkFtZTcwNDg4NDQzMQ@@._V1_SX300.jpg', 'Two cuban friends play in a blues band in La Habana. When a spanish music producer offers them a contract to record an album and to build a career in Europe, they will have to decide ...', 'Drama'),
(76, 'Bowling for Columbine', '2002', '120', 7, 'Michael Moore', '2002-11-15', '8', 'https://images-na.ssl-images-amazon.com/images/M/MV5BNDA0MjUxNDI1N15BMl5BanBnXkFtZTYwOTEzMDg5._V1_SX300.jpg', 'Filmmaker Michael Moore explores the roots of America´s predilection for gun violence.', 'Documentary'),
(77, 'Johnny English', '2003', '87', 1, 'Peter Howitt', '2003-07-18', '6', 'https://images-na.ssl-images-amazon.com/images/M/MV5BMTg3Njk4MzY3M15BMl5BanBnXkFtZTYwNTQzODI3._V1_SX300.jpg', 'After a sudden attack on the MI5, Johnny English, Britain´s most confident yet unintelligent spy, becomes Britain´s only spy.', 'Action'),
(78, 'Confessions of a Dangerous Mind', '2002', '113', 4, 'George Clooney', '2003-01-24', '7', 'https://images-na.ssl-images-amazon.com/images/M/MV5BYmFiMWVmMzUtZTUwMC00ZTVjLTgxMGItODEyNjFkMzNhN2ZhXkEyXkFqcGdeQXVyMTQxNzMzNDI@._V1_SX300.jpg', 'An adaptation of the cult memoir of game show impresario Chuck Barris, in which he purports to have been a CIA hitman.', 'Biography'),
(79, 'Cleopatra', '1963', '192', 4, 'Joseph L. Mankiewicz, Rouben Mamoulian, Darryl F. Zanuck', '1963-07-31', '7', 'https://images-na.ssl-images-amazon.com/images/M/MV5BY2YyOGFlZWItY2M5OC00NzJhLWJmNDgtZTVjNzIzMDI3YjgyL2ltYWdlL2ltYWdlXkEyXkFqcGdeQXVyNjc1NTYyMjg@._V1_SX300.jpg', 'Historical epic. The triumphs and tragedy of the Egyptian queen, Cleopatra.', 'Biography'),
(80, 'Clean', '2004', '90', 8, 'Olivier Assayas', '2004-09-01', '7', 'https://images-na.ssl-images-amazon.com/images/M/MV5BMTI2OTY4ODgwN15BMl5BanBnXkFtZTcwMDgxODgzMQ@@._V1_SX300.jpg', 'London-based Emily Wang gained minor notoriety from her VJ-ing on cable television. She is now more renowned for being the longtime girlfriend and pseudo manager of rock musician Lee Hauser...', 'Drama'),
(81, 'Balzac and the Little Chinese Seamstress', '2002', '110', 4, 'Sijie Dai', '2002-10-09', '7', 'https://images-na.ssl-images-amazon.com/images/M/MV5BMTk5NDc5OTk5NV5BMl5BanBnXkFtZTcwNzA1MzEzMQ@@._V1_SX300.jpg', 'Two youths sent for a Maoist \"re-education\" in the mountains fall in love with the village tailor´s granddaughter.', 'Biography'),
(82, 'Thirteen', '2003', '100', 8, 'Catherine Hardwicke', '2003-09-19', '7', 'https://images-na.ssl-images-amazon.com/images/M/MV5BMTk0OTk5MzU3NF5BMl5BanBnXkFtZTcwOTQwNDAwMQ@@._V1_SX300.jpg', 'A thirteen-year-old girl´s relationship with her mother is put to the test as she discovers drugs, sex, and petty crime in the company of her cool but troubled best friend.', 'Drama'),
(83, 'The Curse of the Jade Scorpion', '2001', '103', 5, 'Woody Allen', '2001-08-24', '7', 'https://images-na.ssl-images-amazon.com/images/M/MV5BMzViMTNjNGUtMTQyNy00NTRhLWIzODEtYzJkM2YyNTg3YjMwXkEyXkFqcGdeQXVyNDQzMDg4Nzk@._V1_SX300.jpg', 'An insurance investigator and an efficency expert who hate each other are both hypnotized by a crooked hypnotist with a jade scorpion into stealing jewels.', 'Comedy'),
(84, 'The Good Thief', '2002', '109', 1, 'Neil Jordan', '2003-04-25', '7', 'https://images-na.ssl-images-amazon.com/images/M/MV5BMTY2NDUyNDM5NV5BMl5BanBnXkFtZTYwODEzNTk5._V1_SX300.jpg', 'An aging gambler on a losing streak attempts to rob a casino in Monte Carlo. But someone´s already tipped off the cops before he even makes a move.', 'Action'),
(85, 'Ghost Ship', '2002', '91', 10, 'Steve Beck', '2002-10-25', '6', 'https://images-na.ssl-images-amazon.com/images/M/MV5BMTM3NTA4NDIwMF5BMl5BanBnXkFtZTYwNTc4NDE3._V1_SX300.jpg', 'A salvage crew that discovers a long-lost 1962 passenger ship floating lifeless in a remote region of the Bering Sea soon notices, as they prepare to tow it back to land, that strange things happen.', 'Horror'),
(86, 'L´auberge espagnole', '2002', '122', 5, 'Cédric Klapisch', '2003-06-20', '7', 'https://images-na.ssl-images-amazon.com/images/M/MV5BODQzMDY4NTkwNV5BMl5BanBnXkFtZTcwNjEyNDYyMQ@@._V1_SX300.jpg', 'A strait-laced French student moves into an apartment in Barcelona with a cast of six other characters from all over Europe. Together, they speak the international language of love and friendship.', 'Comedy'),
(87, 'City of God', '2002', '130', 6, 'Fernando Meirelles, Kátia Lund', '2004-02-13', '9', 'https://images-na.ssl-images-amazon.com/images/M/MV5BMjA4ODQ3ODkzNV5BMl5BanBnXkFtZTYwOTc4NDI3._V1_SX300.jpg', 'Two boys growing up in a violent neighborhood of Rio de Janeiro take different paths: one becomes a photographer, the other a drug dealer.', 'Crime'),
(88, 'Adaptation.', '2002', '114', 5, 'Spike Jonze', '2003-02-14', '8', 'https://images-na.ssl-images-amazon.com/images/M/MV5BMjAxNjMwNDQwNF5BMl5BanBnXkFtZTYwNDIzNTc2._V1_SX300.jpg', 'A lovelorn screenwriter becomes desperate as he tries and fails to adapt ´The Orchid Thief´ by Susan Orlean for the screen.', 'Comedy'),
(89, 'Russian Ark', '2002', '99', 8, 'Aleksandr Sokurov', '2003-04-19', '7', 'https://images-na.ssl-images-amazon.com/images/M/MV5BMjEyNDEwOTU0NV5BMl5BanBnXkFtZTYwNjk0NTk5._V1_SX300.jpg', 'A 19th century French aristocrat, notorious for his scathing memoirs about life in Russia, travels through the Russian State Hermitage Museum and encounters historical figures from the last 200+ years.', 'Drama'),
(90, 'Simone', '1997', '43', 1, 'Jerry Ciccoritti', '1997-01-27', '7', 'http://ia.media-imdb.com/images/M/MV5BMjA1NDI2NTg2NF5BMl5BanBnXkFtZTcwNzkwNjcxMQ@@._V1_SX300.jpg', 'Section One infiltrates a terrorist organization that uses a radar-cloaking device to cause midair collisions between airliners. This is the same organization that supposedly killed Michael´s wife, Simone.', 'Action'),
(91, 'Shrek 2', '2004', '93', 3, 'Andrew Adamson, Kelly Asbury, Conrad Vernon', '2004-05-19', '7', 'https://images-na.ssl-images-amazon.com/images/M/MV5BMTk4MTMwNjI4M15BMl5BanBnXkFtZTcwMjExMzUyMQ@@._V1_SX300.jpg', 'Princess Fiona´s parents invite her and Shrek to dinner to celebrate her marriage. If only they knew the newlyweds were both ogres.', 'Animation'),
(92, 'Spider-Man 2', '2004', '127', 1, 'Sam Raimi', '2004-06-30', '7', 'https://images-na.ssl-images-amazon.com/images/M/MV5BMzY2ODk4NmUtOTVmNi00ZTdkLTlmOWYtMmE2OWVhNTU2OTVkXkEyXkFqcGdeQXVyMTQxNzMzNDI@._V1_SX300.jpg', 'Peter Parker is beset with troubles in his failing personal life as he battles a brilliant scientist named Doctor Otto Octavius.', 'Action'),
(93, 'The Barbarian Invasions', '2003', '99', 5, 'Denys Arcand', '2004-03-05', '8', 'https://images-na.ssl-images-amazon.com/images/M/MV5BMTUyODI5OTM3M15BMl5BanBnXkFtZTcwMjY5MzQyMQ@@._V1_SX300.jpg', 'During his final days, a dying man is reunited with old friends, former lovers, his ex-wife, and his estranged son.', 'Comedy'),
(94, 'The Incredibles', '2004', '115', 3, 'Brad Bird', '2004-11-05', '8', 'https://images-na.ssl-images-amazon.com/images/M/MV5BMTY5OTU0OTc2NV5BMl5BanBnXkFtZTcwMzU4MDcyMQ@@._V1_SX300.jpg', 'A family of undercover superheroes, while trying to live the quiet suburban life, are forced into action to save the world.', 'Animation'),
(95, 'Fahrenheit 9/11', '2004', '122', 7, 'Michael Moore', '2004-06-25', '8', 'https://images-na.ssl-images-amazon.com/images/M/MV5BMjAyODU1NzM0NF5BMl5BanBnXkFtZTcwNjI1MjYyMQ@@._V1_SX300.jpg', 'Michael Moore´s view on what happened to the United States after September 11; and how the Bush Administration allegedly used the tragic event to push forward its agenda for unjust wars in Afghanistan and Iraq.', 'Documentary'),
(96, 'Cursed', '2005', '97', 5, 'Wes Craven', '2005-02-25', '5', 'https://images-na.ssl-images-amazon.com/images/M/MV5BMjdhZDk5ZjYtMTQ3Yi00YzM4LThiMDItYzgyNTUwNTI2OGY4XkEyXkFqcGdeQXVyMTQxNzMzNDI@._V1_SX300.jpg', 'A werewolf loose in Los Angeles changes the lives of three young adults who, after being mauled by the beast, learn they must kill it in order to avoid becoming werewolves themselves.', 'Comedy'),
(97, 'Spring, Summer, Fall, Winter... and Spring', '2003', '103', 8, 'Ki-duk Kim', '2004-05-28', '8', 'https://images-na.ssl-images-amazon.com/images/M/MV5BMTI0ODMwOTIxOV5BMl5BanBnXkFtZTcwMzE2NDUyMQ@@._V1_SX300.jpg', 'A young and truth seeking boy travels to an isolated lake, where an old Buddhist master lives on a small floating temple.', 'Drama'),
(98, 'Elektra', '2005', '97', 1, 'Rob Bowman', '2005-01-14', '5', 'https://images-na.ssl-images-amazon.com/images/M/MV5BMTI3MTUwNzM5MV5BMl5BanBnXkFtZTcwNzczMDIzMw@@._V1_SX300.jpg', 'Elektra the warrior survives a near-death experience, becomes an assassin-for-hire, and tries to protect her two latest targets, a single father and his young daughter, from a group of supernatural assassins.', 'Action'),
(99, 'The Stepford Wives', '2004', '93', 5, 'Frank Oz', '2004-06-11', '5', 'https://images-na.ssl-images-amazon.com/images/M/MV5BMjEzNTM4ODM1OF5BMl5BanBnXkFtZTcwNjg4NzAzMw@@._V1_SX300.jpg', 'What does it take to become a Stepford wife, a woman perfect beyond belief? Ask the Stepford husbands, who´ve created this high-tech terrifying little town, in a very modern comedy-thriller.', 'Comedy'),
(100, 'Roma', '2004', '155', 8, 'Adolfo Aristarain', '2004-10-01', '7', 'http://ia.media-imdb.com/images/M/MV5BMTIwMjQ1MjcxN15BMl5BanBnXkFtZTcwODE1NDMzMQ@@._V1_SX300.jpg', 'Joaquín Góñez, a novelist in his sixties recalls his emotions, his wild years in Buenos Aires, the memories of old friends, the meaning of loyalty and the intimate relationship with his mother, Roma.', 'Drama'),
(101, 'A Very Long Engagement', '2004', '133', 8, 'Jean-Pierre Jeunet', '2005-01-14', '8', 'https://images-na.ssl-images-amazon.com/images/M/MV5BZWI4ZTgwMzktNjk3Yy00OTlhLTg3YTAtMTA1MWVlMWJiOTRiXkEyXkFqcGdeQXVyMTAwMzUyOTc@._V1_SX300.jpg', 'Tells the story of a young woman´s relentless search for her fiancé, who has disappeared from the trenches of the Somme during World War One.', 'Drama'),
(102, 'A Lot Like Love', '2005', '107', 5, 'Nigel Cole', '2005-04-22', '7', 'https://images-na.ssl-images-amazon.com/images/M/MV5BMTQyMjU1MTYxNl5BMl5BanBnXkFtZTcwMjI2MjgyMQ@@._V1_SX300.jpg', 'On a flight from Los Angeles to New York, Oliver and Emily make a connection, only to decide that they are poorly suited to be together. Over the next seven years, however, they are ...', 'Comedy'),
(103, 'Remember Me, My Love', '2003', '125', 5, 'Gabriele Muccino', '2003-02-14', '7', 'https://images-na.ssl-images-amazon.com/images/M/MV5BMTg1MTU5NTY3Nl5BMl5BanBnXkFtZTcwODUyMDcyMQ@@._V1_SX300.jpg', 'In the dysfunctional Italian middle-class family Ristuccia, the middle-aged executive Carlo has a stalled life without passion, bored in his work and having a monotonous life with his wife ...', 'Comedy'),
(104, 'Night Watch', '2004', '114', 1, 'Timur Bekmambetov', '2006-03-03', '7', 'https://images-na.ssl-images-amazon.com/images/M/MV5BMjE0Nzk0NDkyOV5BMl5BanBnXkFtZTcwMjkzOTkyMQ@@._V1_SX300.jpg', 'A fantasy-thriller set in present-day Moscow where the respective forces that control daytime and nighttime do battle.', 'Action'),
(105, 'The Invisible', '2007', '102', 6, 'David S. Goyer', '2007-04-27', '6', 'https://images-na.ssl-images-amazon.com/images/M/MV5BNjQ3MjAwNTc1NV5BMl5BanBnXkFtZTcwMzQ3MjczMQ@@._V1_SX300.jpg', 'A teenager is left invisible to the living after an attack.', 'Crime'),
(106, 'Little Miss Sunshine', '2006', '101', 5, 'Jonathan Dayton, Valerie Faris', '2006-08-18', '8', 'https://images-na.ssl-images-amazon.com/images/M/MV5BMTgzNTgzODU0NV5BMl5BanBnXkFtZTcwMjEyMjMzMQ@@._V1_SX300.jpg', 'A family determined to get their young daughter into the finals of a beauty pageant take a cross-country trip in their VW bus.', 'Comedy'),
(107, 'The Syrian Bride', '2004', '97', 5, 'Eran Riklis', '2004-12-02', '8', 'https://images-na.ssl-images-amazon.com/images/M/MV5BMTU4OTU3MzM0OV5BMl5BanBnXkFtZTcwOTU1NzIzMQ@@._V1_SX300.jpg', 'In Majdal Shams, the largest Druze village in Golan Heights on the Israeli-Syrian border, the Druze bride Mona is engaged to get married with Tallel, a television comedian that works in the...', 'Comedy'),
(108, 'The Musketeer', '2001', '104', 1, 'Peter Hyams', '2001-09-07', '5', 'https://images-na.ssl-images-amazon.com/images/M/MV5BMTIxOTUxMDk1MF5BMl5BanBnXkFtZTcwODA2MDQyMQ@@._V1_SX300.jpg', 'Alexander Dumas´ novel is updated with an eastern influence as D´Artagnan attempts to join the king´s elite guards, the Royal Musketeers, and find the man who killed his parents.', 'Action'),
(109, 'The Recruit', '2003', '115', 1, 'Roger Donaldson', '2003-01-31', '7', 'https://images-na.ssl-images-amazon.com/images/M/MV5BMjE5MDMzOTk3MV5BMl5BanBnXkFtZTYwNTE0NTg2._V1_SX300.jpg', 'A brilliant young CIA trainee is asked by his mentor to help find a mole in the Agency.', 'Action'),
(110, 'Terminator 3: Rise of the Machines', '2003', '109', 1, 'Jonathan Mostow', '2003-07-02', '6', 'https://images-na.ssl-images-amazon.com/images/M/MV5BMTk5NzM1ODgyN15BMl5BanBnXkFtZTcwMzA5MjAzMw@@._V1_SX300.jpg', 'A cybernetic warrior from a post-apocalyptic future travels back in time to protect a 25-year old drifter and his future wife from a most advanced robotic assassin and to ensure they both survive a nuclear attack.', 'Action'),
(111, 'About Schmidt', '2002', '125', 5, 'Alexander Payne', '2003-01-03', '7', 'https://images-na.ssl-images-amazon.com/images/M/MV5BMTYxOTAyNjEzNV5BMl5BanBnXkFtZTcwMTAxMDAwMQ@@._V1_SX300.jpg', 'A man upon retirement embarks on a journey to his estranged daughter´s wedding only to discover more about himself and life than he ever expected.', 'Comedy'),
(112, 'The Life of David Gale', '2003', '130', 6, 'Alan Parker', '2003-02-21', '8', 'https://images-na.ssl-images-amazon.com/images/M/MV5BMTAxMzU0NTgxNzZeQTJeQWpwZ15BbWU2MDQzNDkxNw@@._V1_SX300.jpg', 'A man against capital punishment is accused of murdering a fellow activist and is sent to death row.', 'Crime'),
(113, 'Agent Cody Banks', '2003', '102', 1, 'Harald Zwart', '2003-03-14', '5', 'https://images-na.ssl-images-amazon.com/images/M/MV5BNzMwMjc5NzUyNF5BMl5BanBnXkFtZTcwNjA5MDcyNA@@._V1_SX300.jpg', 'A government agent trains Cody Banks in the ways of covert operations that require younger participants.', 'Action'),
(114, 'The Ring', '2002', '115', 10, 'Gore Verbinski', '2002-10-18', '7', 'https://images-na.ssl-images-amazon.com/images/M/MV5BNDA2NTg2NjE4Ml5BMl5BanBnXkFtZTYwMjYxMDg5._V1_SX300.jpg', 'A journalist must investigate a mysterious videotape which seems to cause the death of anyone in a week of viewing it.', 'Horror'),
(115, 'Dumb and Dumberer: When Harry Met Lloyd', '2003', '85', 5, 'Troy Miller', '2003-06-13', '3', 'https://images-na.ssl-images-amazon.com/images/M/MV5BMTcyMjk5MDQzM15BMl5BanBnXkFtZTYwNzYxNzk5._V1_SX300.jpg', 'Set back in the 80s when Harry met Lloyd in high school where they cross paths with a mean principal and a bunch of other outcasts much like themselves.', 'Comedy'),
(116, 'Brother Bear', '2003', '85', 3, 'Aaron Blaise, Robert Walker', '2003-10-31', '7', 'https://images-na.ssl-images-amazon.com/images/M/MV5BMTIyNTAyNDYxNF5BMl5BanBnXkFtZTYwNjYwMjg2._V1_SX300.jpg', 'When a young Inuit hunter needlessly kills a bear, he is magically changed into a bear himself as punishment with a talkative cub being his only guide to changing back.', 'Animation'),
(117, 'Divided We Fall', '2000', '117', 5, 'Jan Hrebejk', '2000-03-16', '8', 'https://images-na.ssl-images-amazon.com/images/M/MV5BMTQzOTc3MjM3MF5BMl5BanBnXkFtZTcwNTY5NDAyMQ@@._V1_SX300.jpg', 'In Nazi occupied Czechoslovakia, a childless couple agree to hide a Jewish friend at great personal risk of discovery and execution.', 'Comedy'),
(118, 'Finding Nemo', '2003', '100', 3, 'Andrew Stanton, Lee Unkrich', '2003-05-30', '8', 'https://images-na.ssl-images-amazon.com/images/M/MV5BZTAzNWZlNmUtZDEzYi00ZjA5LWIwYjEtZGM1NWE1MjE4YWRhXkEyXkFqcGdeQXVyNjU0OTQ0OTY@._V1_SX300.jpg', 'After his son is captured in the Great Barrier Reef and taken to Sydney, a timid clownfish sets out on a journey to bring him home.', 'Animation'),
(119, 'Elf', '2003', '97', 5, 'Jon Favreau', '2003-11-07', '7', 'https://images-na.ssl-images-amazon.com/images/M/MV5BMzUxNzkzMzQtYjIxZC00NzU0LThkYTQtZjNhNTljMTA1MDA1L2ltYWdlL2ltYWdlXkEyXkFqcGdeQXVyMTMxODk2OTU@._V1_SX300.jpg', 'After inadvertently wreaking havoc on the elf community due to his ungainly size, a man raised as an elf at the North Pole is sent to the U.S. in search of his true identity.', 'Comedy'),
(120, 'Zus & zo', '2001', '106', 5, 'Paula van der Oest', '2002-05-08', '6', 'http://ia.media-imdb.com/images/M/MV5BMTIxMjQxMzExNl5BMl5BanBnXkFtZTcwMDAyMTcxMQ@@._V1_SX300.jpg', 'Zus & Zo shows what three sisters are willing to do to stop their would-be sister-in-law from coming into possession of Paraíso, their beloved family summer home on the Portuguese coast.', 'Comedy'),
(121, 'It Runs in the Family', '2003', '109', 5, 'Fred Schepisi', '2003-04-25', '6', 'https://images-na.ssl-images-amazon.com/images/M/MV5BMjE3ODM4NjM5OV5BMl5BanBnXkFtZTcwMTMxODg0NA@@._V1_SX300.jpg', 'This is the story of a dysfunctional New York family, and their attempts to reconcile.', 'Comedy'),
(122, 'The Little Polish', '2003', '92', 8, 'Juan Carlos Desanzo', '2003-10-09', '7', 'https://images-na.ssl-images-amazon.com/images/M/MV5BMTMxMTkyMzkyOV5BMl5BanBnXkFtZTcwNzg0MzMzMQ@@._V1_SX300.jpg', 'At age 13, a street kid known as \"El Polaquito\" makes his living mostly by singing tangos (originally sung by his namesake, the singer \"El Polaco\") on Buenos Aires commuter trains. He falls...', 'Drama'),
(123, 'Together', '2000', '106', 5, 'Lukas Moodysson', '2001-09-21', '8', 'https://images-na.ssl-images-amazon.com/images/M/MV5BMTA2MTM2MzQ1NDdeQTJeQWpwZ15BbWU3MDQwMTQ2NzQ@._V1_SX300.jpg', 'Elisabeth leaves her abusive and drunken husband Rolf, she packs her bags, takes the kids and goes to her brother Göran. The year is 1975 and Göran lives in a commune called Together. ...', 'Comedy'),
(124, 'Secretary', '2002', '104', 5, 'Steven Shainberg', '2002-10-11', '7', 'https://images-na.ssl-images-amazon.com/images/M/MV5BMjA5ODIzMTQ4M15BMl5BanBnXkFtZTYwMDgwNDA3._V1_SX300.jpg', 'A young woman, recently released from a mental hospital, gets a job as a secretary to a demanding lawyer, where their employer-employee relationship turns into a sexual, sadomasochistic one.', 'Comedy'),
(125, 'Seabiscuit', '2003', '140', 8, 'Gary Ross', '2003-07-25', '7', 'https://images-na.ssl-images-amazon.com/images/M/MV5BMWVmMmE1YzItNGUyZS00MzgwLWFhNzYtYjM4ZTJmZDVjNmNmL2ltYWdlL2ltYWdlXkEyXkFqcGdeQXVyMTQxNzMzNDI@._V1_SX300.jpg', 'True story of the undersized Depression-era racehorse whose victories lifted not only the spirits of the team behind it but also those of their nation.', 'Drama'),
(126, 'Alfie', '2004', '103', 5, 'Charles Shyer', '2004-11-05', '6', 'https://images-na.ssl-images-amazon.com/images/M/MV5BNTBjOWQwZDEtZWRlYi00YzY0LTg3NDQtYzRiYjk2YjMyMzEyXkEyXkFqcGdeQXVyMTQxNzMzNDI@._V1_SX300.jpg', 'A cockney womanizer learns the hard way about the dangers of his actions.', 'Comedy'),
(127, 'The Hunted', '2003', '94', 1, 'William Friedkin', '2003-03-14', '6', 'https://images-na.ssl-images-amazon.com/images/M/MV5BMTI0MjI4ODg2NV5BMl5BanBnXkFtZTcwMzI0NjgyMQ@@._V1_SX300.jpg', 'An FBI deep-woods tracker captures a trained assassin who has made a sport of hunting humans.', 'Action'),
(128, 'Breathtaking', '2000', '100', 15, 'David Green', '2004-12-16', '5', 'https://images-na.ssl-images-amazon.com/images/M/MV5BMTcyNTc5MDk3OF5BMl5BanBnXkFtZTcwOTE5NjgxMQ@@._V1_SX300.jpg', 'A beautiful psychiatrist befriends an abused patient, ultimately leading to lust and murder.', 'Thriller'),
(129, 'Kangaroo Jack', '2003', '89', 1, 'David McNally', '2003-01-17', '4', 'https://images-na.ssl-images-amazon.com/images/M/MV5BMTk1Njg5MjAyOV5BMl5BanBnXkFtZTYwNDAxMDg5._V1_SX300.jpg', 'Two childhood friends, a New York hairstylist and a would-be musician, get caught up with the mob and are forced to deliver $50,000 to Australia, but things go haywire when the money is lost to a wild kangaroo.', 'Action'),
(130, 'Bulletproof Monk', '2003', '104', 1, 'Paul Hunter', '2003-04-16', '6', 'https://images-na.ssl-images-amazon.com/images/M/MV5BMTEwODkxNzE4NzVeQTJeQWpwZ15BbWU3MDY5NDYwMzQ@._V1_SX300.jpg', 'Based on the very underground comic book, a Tibetan monk becomes a mentor to a young street kid whom he can teach to protect a scroll.', 'Action'),
(131, 'A Man Apart', '2003', '109', 1, 'F. Gary Gray', '2003-04-04', '6', 'https://images-na.ssl-images-amazon.com/images/M/MV5BMTk4NzEwNjk1N15BMl5BanBnXkFtZTYwNTEzNTk5._V1_SX300.jpg', 'A man known as Diablo emerges to head a drug cartel after the previous leader is imprisoned.', 'Action'),
(132, 'Lara Croft Tomb Raider: The Cradle of Life', '2003', '117', 1, 'Jan de Bont', '2003-07-25', '6', 'https://images-na.ssl-images-amazon.com/images/M/MV5BYzYxOTgxYjAtNGI3MS00NDJkLTkyZWItZGM5MzRhOGYwYjlmL2ltYWdlXkEyXkFqcGdeQXVyMTQxNzMzNDI@._V1_SX300.jpg', 'Adventuress Lara Croft goes on a quest to save the mythical Pandora´s Box before an evil scientist and recruits a former Marine turned mercenary to assist her.', 'Action'),
(133, 'The Ring Two', '2005', '110', 10, 'Hideo Nakata', '2005-03-18', '5', 'https://images-na.ssl-images-amazon.com/images/M/MV5BMTY2ODc2NTQ2OF5BMl5BanBnXkFtZTYwNzA4OTU3._V1_SX300.jpg', 'Six months after the incidents involving the lethal videotape, new clues prove that there is a new evil lurking in the darkness.', 'Horror');
INSERT INTO `pelicula` (`id`, `titulo`, `anio`, `duracion`, `genero_id`, `director`, `fecha_lanzamiento`, `puntuacion`, `poster`, `trama`, `genero_string`) VALUES
(134, 'Spirited Away', '2001', '125', 3, 'Hayao Miyazaki', '2003-03-28', '9', 'https://images-na.ssl-images-amazon.com/images/M/MV5BMTk3NTM1NTg1Ml5BMl5BanBnXkFtZTgwOTgzMTMyMDE@._V1_SX300.jpg', 'During her family´s move to the suburbs, a sullen 10-year-old girl wanders into a world ruled by gods, witches, and spirits, and where humans are changed into beasts.', 'Animation'),
(135, 'Hostage', '2005', '113', 1, 'Florent-Emilio Siri', '2005-03-11', '7', 'https://images-na.ssl-images-amazon.com/images/M/MV5BN2JiNmYzZGQtN2M0YS00NTdiLWE0ZTgtOTcxZDc4MTk0YzliXkEyXkFqcGdeQXVyNDk3NzU2MTQ@._V1_SX300.jpg', 'A failed police negotiator turned small-town cop, must save the lives of a family held hostage, which draws him into a much more dangerous situation.', 'Action'),
(136, 'Miss Congeniality 2: Armed and Fabulous', '2005', '115', 1, 'John Pasquin', '2005-03-24', '5', 'https://images-na.ssl-images-amazon.com/images/M/MV5BMjAxNzk2OTI2OV5BMl5BanBnXkFtZTcwODk0MDIzMw@@._V1_SX300.jpg', 'After Cheryl Frasier and Stan Fields are kidnapped, Gracie goes undercover in Las Vegas to find them.', 'Action'),
(137, 'Tears of the Sun', '2003', '121', 1, 'Antoine Fuqua', '2003-03-07', '7', 'https://images-na.ssl-images-amazon.com/images/M/MV5BMmI3YjQ4NjctZTk0Zi00ZDFhLTgyZjAtYWRjZTJjMjMwNjM2L2ltYWdlL2ltYWdlXkEyXkFqcGdeQXVyMTQxNzMzNDI@._V1_SX300.jpg', 'A Special-Ops commander leads his team into the Nigerian jungle in order to rescue a doctor who will only join them if they agree to save 70 refugees too.', 'Action'),
(138, 'Manuelita', '1999', '86', 2, 'Manuel García Ferré', '1999-07-08', '5', 'https://images-na.ssl-images-amazon.com/images/M/MV5BMTMyMTczNTQ3Ml5BMl5BanBnXkFtZTcwMzI4NjQyMQ@@._V1_SX300.jpg', 'Animated Argentine film about a young girl turtle who gets lost on a balloon trip.', 'Adventure'),
(139, 'A Dirty Shame', '2004', '89', 5, 'John Waters', '2004-09-24', '5', 'https://images-na.ssl-images-amazon.com/images/M/MV5BMjE4MTk4NjgxOV5BMl5BanBnXkFtZTcwOTE4NDYyMQ@@._V1_SX300.jpg', 'An uptight, middle-aged, repressed woman turns into a sex addict after getting hit on the head, and she then falls into an underground subculture of sex addicts in suburban Baltimore.', 'Comedy'),
(140, 'The Upside of Anger', '2005', '118', 5, 'Mike Binder', '2005-04-01', '7', 'https://images-na.ssl-images-amazon.com/images/M/MV5BMTIyODM2MzUzM15BMl5BanBnXkFtZTcwMDQ4MzgyMQ@@._V1_SX300.jpg', 'When her husband unexpectedly disappears, a sharp-witted suburban wife and her daughters juggle their mom´s romantic dilemmas and family dynamics.', 'Comedy'),
(141, 'A Touch of Spice', '2003', '108', 5, 'Tassos Boulmetis', '2003-10-24', '8', 'https://images-na.ssl-images-amazon.com/images/M/MV5BMjE2MjQ5OTE0MF5BMl5BanBnXkFtZTcwMjE1NTcyMQ@@._V1_SX300.jpg', '\"A Touch of Spice\" is a story about a young Greek boy (Fanis) growing up in Istanbul, whose grandfather, a culinary philosopher and mentor,teaches him that both food and life require a ...', 'Comedy'),
(142, 'Proof', '2005', '100', 8, 'John Madden', '2005-10-07', '7', 'https://images-na.ssl-images-amazon.com/images/M/MV5BMTMxMjM0MTY4Nl5BMl5BanBnXkFtZTcwMDU4MjEzMQ@@._V1_SX300.jpg', 'The daughter of a brilliant but mentally disturbed mathematician, recently deceased, tries to come to grips with her possible inheritance: his insanity. Complicating matters are one of her father´s ex-students, who wants to search through his papers, and her estranged sister, who shows up to help settle his affairs.', 'Drama'),
(143, 'The White Countess', '2005', '135', 8, 'James Ivory', '2006-03-31', '7', 'https://images-na.ssl-images-amazon.com/images/M/MV5BMzMzMDgxNzQ4MV5BMl5BanBnXkFtZTcwMTczNjEzMQ@@._V1_SX300.jpg', 'Set in 1930s Shanghai, where a blind American diplomat develops a curious relationship with a young Russian refugee who works odd -- and sometimes illicit -- jobs to support members of her dead husband´s aristocratic family.', 'Drama'),
(144, 'The Wind That Shakes the Barley', '2006', '127', 8, 'Ken Loach', '2007-03-23', '8', 'https://images-na.ssl-images-amazon.com/images/M/MV5BMTc1MjA5ODY2Ml5BMl5BanBnXkFtZTcwMTk2MTQ1MQ@@._V1_SX300.jpg', 'Against the backdrop of the Irish War of Independence, two brothers fight a guerrilla war against British forces.', 'Drama'),
(145, 'Lions for Lambs', '2007', '92', 8, 'Robert Redford', '2007-11-09', '6', 'https://images-na.ssl-images-amazon.com/images/M/MV5BMTcyMzc0MzYyM15BMl5BanBnXkFtZTcwMTM2NDk0NA@@._V1_SX300.jpg', 'Injuries sustained by two Army rangers behind enemy lines in Afghanistan set off a sequence of events involving a congressman, a journalist and a professor.', 'Drama'),
(146, 'Disturbia', '2007', '105', 8, 'D.J. Caruso', '2007-04-13', '7', 'https://images-na.ssl-images-amazon.com/images/M/MV5BMTMyNTIxOTQ3M15BMl5BanBnXkFtZTcwMjU2NzAzMw@@._V1_SX300.jpg', 'A teen living under house arrest becomes convinced his neighbor is a serial killer.', 'Drama'),
(147, 'The Mistress of Spices', '2005', '92', 8, 'Paul Mayeda Berges', '2006-04-21', '6', 'https://images-na.ssl-images-amazon.com/images/M/MV5BMjE5NTg1MjI0NV5BMl5BanBnXkFtZTcwNTc3ODc0MQ@@._V1_SX300.jpg', 'In India, Tilo has the ability of foreseeing the future. When their parents are killed by bandits, she is kidnapped but escapes and is raised by the First Mother in a sort of traditional ...', 'Drama'),
(148, 'Changing Times', '2004', '90', 8, 'André Téchiné', '2004-12-15', '6', 'http://ia.media-imdb.com/images/M/MV5BMTc4MTI5NDUxN15BMl5BanBnXkFtZTcwNDQ3MjUzMQ@@._V1_SX300.jpg', 'Traveling from France to Tangiers, a man looks to reunite with his former love, though their romance ended some 30 years earlier.', 'Drama'),
(149, 'The Matrix Revolutions', '2003', '129', 1, 'Lana Wachowski, Lilly Wachowski', '2003-11-05', '7', 'https://images-na.ssl-images-amazon.com/images/M/MV5BMjA1MjM3NTE1Ml5BMl5BanBnXkFtZTYwODM4MDg3._V1_SX300.jpg', 'The human city of Zion defends itself against the massive invasion of the machines as Neo fights to end the war at another front while also opposing the rogue Agent Smith.', 'Action'),
(150, 'Matchstick Men', '2003', '116', 5, 'Ridley Scott', '2003-09-12', '7', 'https://images-na.ssl-images-amazon.com/images/M/MV5BMjA3NjMyNjIyMF5BMl5BanBnXkFtZTYwOTgzMDI3._V1_SX300.jpg', 'A phobic con artist and his protégé are on the verge of pulling off a lucrative swindle when the former´s teenage daughter arrives unexpectedly.', 'Comedy'),
(151, 'Piglet´s Big Movie', '2003', '75', 3, 'Francis Glebas', '2003-03-21', '6', 'https://images-na.ssl-images-amazon.com/images/M/MV5BMTc5MzE2ODAyOF5BMl5BanBnXkFtZTYwNTcwNDg3._V1_SX300.jpg', 'When Piglet comes up missing his Hundred Acre Wood friends use Piglet´s own Book of Memories to find him, discovering along the way just how big a role he´s played in their lives.', 'Animation'),
(152, 'Maid in Manhattan', '2002', '105', 5, 'Wayne Wang', '2002-12-13', '5', 'https://images-na.ssl-images-amazon.com/images/M/MV5BMTczODg2ODI2M15BMl5BanBnXkFtZTYwODIxMDg5._V1_SX300.jpg', 'A senatorial candidate falls for a hotel maid, thinking she is a socialite when he sees her trying on a wealthy woman´s dress.', 'Comedy'),
(153, 'The Italian Job', '2003', '111', 1, 'F. Gary Gray', '2003-05-30', '7', 'https://images-na.ssl-images-amazon.com/images/M/MV5BNDYyNzYxNjYtNmYzMC00MTE0LWIwMmYtNTAyZDBjYTIxMTRhXkEyXkFqcGdeQXVyNDk3NzU2MTQ@._V1_SX300.jpg', 'After being betrayed and left for dead in Italy, Charlie Croker and his team plan an elaborate gold heist against their former ally.', 'Action'),
(154, 'The Flower of Evil', '2003', '104', 8, 'Claude Chabrol', '2003-02-19', '7', 'https://images-na.ssl-images-amazon.com/images/M/MV5BMjAyNDI1ODA3OF5BMl5BanBnXkFtZTcwMzQwMTUyMQ@@._V1_SX300.jpg', 'Three generations of a wealthy Bordeaux family are caught in the crossfire when Anne decides to run for mayor, thanks to a political pamphlet that revives an old murder scandal.', 'Drama'),
(155, 'The Order', '2003', '102', 10, 'Brian Helgeland', '2003-09-05', '5', 'https://images-na.ssl-images-amazon.com/images/M/MV5BOTk5NDA5MzAzNV5BMl5BanBnXkFtZTYwNDk3Njk5._V1_SX300.jpg', 'A young priest is sent to Rome to investigate the troubling death of the head of his order.', 'Horror'),
(156, 'Down with Love', '2003', '101', 5, 'Peyton Reed', '2003-05-16', '6', 'https://images-na.ssl-images-amazon.com/images/M/MV5BYjY0OTMyNmMtODEwZS00ZWJiLWI0ZjctNmNiNmJjMTMzYWM1XkEyXkFqcGdeQXVyMTQxNzMzNDI@._V1_SX300.jpg', 'In 1962 New York City, love blossoms between a playboy journalist and a feminist advice author.', 'Comedy'),
(157, 'The Way Home', '2002', '80', 8, 'Jeong-hyang Lee', '2002-04-05', '8', 'https://images-na.ssl-images-amazon.com/images/M/MV5BMjAwMDgwNzUzMV5BMl5BanBnXkFtZTcwMDA4MTQyMQ@@._V1_SX300.jpg', 'Seven-year-old Sang-woo is left with his grandmother in a remote village while his mother looks for work. Born and raised in the city, Sang-woo quickly comes into conflict with his ...', 'Drama'),
(158, 'Mambo Italiano', '2003', '99', 5, 'Émile Gaudreault', '2003-09-19', '7', 'https://images-na.ssl-images-amazon.com/images/M/MV5BNDk1Mzk3NjYxOF5BMl5BanBnXkFtZTcwMjAzMDUyMQ@@._V1_SX300.jpg', 'The son of Italian immigrants to Canada struggles to find the best way to reveal to his parents that he´s gay.', 'Comedy'),
(159, 'The Butterfly Effect', '2004', '113', 13, 'Eric Bress, J. Mackye Gruber', '2004-01-23', '8', 'https://images-na.ssl-images-amazon.com/images/M/MV5BMTI1ODkxNzg2N15BMl5BanBnXkFtZTYwMzQ2MTg2._V1_SX300.jpg', 'Evan Treborn suffers blackouts during significant events of his life. As he grows up, he finds a way to remember these lost memories and a supernatural way to alter his life by reading his journal.', 'Sci-Fi'),
(160, 'Whale Rider', '2002', '101', 8, 'Niki Caro', '2003-08-29', '8', 'https://images-na.ssl-images-amazon.com/images/M/MV5BMjM3MzE2OTEwNF5BMl5BanBnXkFtZTcwNTkyMTg4NA@@._V1_SX300.jpg', 'A contemporary story of love, rejection and triumph as a young Maori girl fights to fulfill a destiny her grandfather refuses to recognize.', 'Drama'),
(161, 'Basic', '2003', '98', 1, 'John McTiernan', '2003-03-28', '7', 'https://images-na.ssl-images-amazon.com/images/M/MV5BOGFjMTZmMWYtOGRlNS00YWU5LWI4MjMtY2QzZDk4YzY4OWRmXkEyXkFqcGdeQXVyMTQxNzMzNDI@._V1_SX300.jpg', 'A DEA agent investigates the disappearance of a legendary Army ranger drill sergeant and several of his cadets during a training exercise gone severely awry.', 'Action'),
(162, 'Osama', '2003', '83', 8, 'Siddiq Barmak', '2003-06-27', '7', 'https://images-na.ssl-images-amazon.com/images/M/MV5BMTg3NTM5MDAxMF5BMl5BanBnXkFtZTcwNTk0OTQyMQ@@._V1_SX300.jpg', 'The Taliban are ruling Afghanistan, they being a repressive regime especially for women, who, among other things, are not allowed to work. This situation is especially difficult for one ...', 'Drama'),
(163, 'Shall We Dance', '2004', '106', 5, 'Peter Chelsom', '2004-10-15', '6', 'https://images-na.ssl-images-amazon.com/images/M/MV5BMTcwODUwMTMxN15BMl5BanBnXkFtZTcwNzc3MjcyMQ@@._V1_SX300.jpg', 'A romantic comedy where a bored, overworked Estate Lawyer, upon first sight of a beautiful instructor, signs up for ballroom dancing lessons.', 'Comedy'),
(164, 'The Passion of the Christ', '2004', '127', 8, 'Mel Gibson', '2004-02-25', '7', 'https://images-na.ssl-images-amazon.com/images/M/MV5BNDY1N2IyYWMtZTY4OS00OGM1LTkxNmUtOTQzYmM5MmI2YmVmXkEyXkFqcGdeQXVyNTAyODkwOQ@@._V1_SX300.jpg', 'Depicts the final twelve hours in the life of Jesus of Nazareth, on the day of his crucifixion in Jerusalem.', 'Drama'),
(165, 'Los Muertos', '2004', '78', 8, 'Lisandro Alonso', '2004-11-03', '7', 'https://images-na.ssl-images-amazon.com/images/M/MV5BMTcwNjQ2NzQyN15BMl5BanBnXkFtZTcwNjM1NzA1MQ@@._V1_SX300.jpg', 'Vargas, a 54 year old man, gets out of jail in the prvince of Corrientes, Argentina. Once released, he wants to find his now adult daughter, who lives in a swampy and remote area. To get ...', 'Drama'),
(166, 'The Polar Express', '2004', '100', 3, 'Robert Zemeckis', '2004-11-10', '7', 'https://images-na.ssl-images-amazon.com/images/M/MV5BMTM1NTU0NTE4MV5BMl5BanBnXkFtZTcwMTQ0MjEzMw@@._V1_SX300.jpg', 'A young boy embarks on a magical adventure to the North Pole on the Polar Express. During his adventure he learns about friendship, bravery, and the spirit of Christmas.', 'Animation'),
(167, 'Gothika', '2003', '98', 10, 'Mathieu Kassovitz', '2003-11-21', '6', 'https://images-na.ssl-images-amazon.com/images/M/MV5BMTYxNDA4OTAxNF5BMl5BanBnXkFtZTcwMTI5NjQzMw@@._V1_SX300.jpg', 'A repressed female psychiatrist wakes up as a patient in the asylum where she worked, with no memory of why she is there or what she has done.', 'Horror'),
(168, 'Scooby-Doo 2: Monsters Unleashed', '2004', '93', 2, 'Raja Gosnell', '2004-03-26', '5', 'https://images-na.ssl-images-amazon.com/images/M/MV5BMjEzNzk3NTE1Ml5BMl5BanBnXkFtZTYwODM1MTU3._V1_SX300.jpg', 'Mystery Inc. must save Coolsville from an attack of past unmasked monsters brought to life by an evil masked figure trying to \"unmask\" the gang.', 'Adventure'),
(169, 'Stuck on You', '2003', '118', 5, 'Bobby Farrelly, Peter Farrelly', '2003-12-12', '6', 'https://images-na.ssl-images-amazon.com/images/M/MV5BMTYwODE1MTc3NF5BMl5BanBnXkFtZTcwMjQxMzQyMQ@@._V1_SX300.jpg', 'Conjoined twins from Martha´s Vineyard move to Los Angeles so that one of them can pursue an acting career.', 'Comedy'),
(170, 'The Manchurian Candidate', '2004', '129', 8, 'Jonathan Demme', '2004-07-30', '7', 'https://images-na.ssl-images-amazon.com/images/M/MV5BZDU2YjA4MmItODk0OS00OTllLWFmNzUtMTg2ZmM3YWYzOGFmXkEyXkFqcGdeQXVyNjU0OTQ0OTY@._V1_SX300.jpg', 'In the midst of the Gulf War, soldiers are kidnapped and brainwashed for sinister purposes.', 'Drama'),
(171, 'The Terminal', '2004', '128', 5, 'Steven Spielberg', '2004-06-18', '7', 'https://images-na.ssl-images-amazon.com/images/M/MV5BMTM1MTIwNTMxOF5BMl5BanBnXkFtZTcwNjIxMjQyMw@@._V1_SX300.jpg', 'An eastern immigrant finds himself stranded in JFK airport, and must take up temporary residence there.', 'Comedy'),
(172, 'The Whole Ten Yards', '2004', '98', 5, 'Howard Deutch', '2004-04-09', '6', 'https://images-na.ssl-images-amazon.com/images/M/MV5BMTcwMDE5NDcwNl5BMl5BanBnXkFtZTcwMjg1MzUyMQ@@._V1_SX300.jpg', 'Jimmy the Tulip´s (Willis) quiet new life is shaken up by his old pal Oz (Perry), whose wife (Henstridge) has been kidnapped by a Hungarian mob. The Tulip and his wife Jill (Peet) spring into action.', 'Comedy'),
(173, 'The Village', '2004', '108', 8, 'M. Night Shyamalan', '2004-07-30', '7', 'https://images-na.ssl-images-amazon.com/images/M/MV5BMWExMWYxN2MtYmU1YS00Mjk5LWI3OTEtYTg3NDIwZTA2MTE2L2ltYWdlXkEyXkFqcGdeQXVyNTAyODkwOQ@@._V1_SX300.jpg', 'A series of events tests the beliefs of a small isolated countryside village.', 'Drama'),
(174, 'Constantine', '2005', '121', 8, 'Francis Lawrence', '2005-02-18', '7', 'https://images-na.ssl-images-amazon.com/images/M/MV5BMTE5NDk5NTUyN15BMl5BanBnXkFtZTYwNzUyMDA3._V1_SX300.jpg', 'Supernatural detective John Constantine helps a policewoman prove her sister´s death was not a suicide, but something more.', 'Drama'),
(175, 'The Interpreter', '2005', '128', 6, 'Sydney Pollack', '2005-04-22', '6', 'https://images-na.ssl-images-amazon.com/images/M/MV5BMTg3MjMxNDUzNV5BMl5BanBnXkFtZTcwNTM2NzgyMQ@@._V1_SX300.jpg', 'Political intrigue and deception unfold inside the United Nations, where a U.S. Secret Service agent is assigned to investigate an interpreter who overhears an assassination plot.', 'Crime'),
(176, 'The Life Aquatic with Steve Zissou', '2004', '119', 2, 'Wes Anderson', '2004-12-25', '7', 'https://images-na.ssl-images-amazon.com/images/M/MV5BMTYzODYzNzg2MF5BMl5BanBnXkFtZTcwMTkzOTQzMw@@._V1_SX300.jpg', 'With a plan to exact revenge on a mythical shark that killed his partner, oceanographer Steve Zissou rallies a crew that includes his estranged wife, a journalist, and a man who may or may not be his son.', 'Adventure'),
(177, 'Ray', '2004', '152', 4, 'Taylor Hackford', '2004-10-29', '8', 'https://images-na.ssl-images-amazon.com/images/M/MV5BMTQxNDQwNjQzOV5BMl5BanBnXkFtZTcwNTQxNDYyMQ@@._V1_SX300.jpg', 'The story of the life and career of the legendary rhythm and blues musician Ray Charles, from his humble beginnings in the South, where he went blind at age seven, to his meteoric rise to stardom during the 1950s and 1960s.', 'Biography'),
(178, 'Howl´s Moving Castle', '2004', '119', 3, 'Hayao Miyazaki', '2005-06-17', '8', 'https://images-na.ssl-images-amazon.com/images/M/MV5BMTY1OTg0MjE3MV5BMl5BanBnXkFtZTcwNTUxMTkyMQ@@._V1_SX300.jpg', 'When an unconfident young woman is cursed with an old body by a spiteful witch, her only chance of breaking the spell lies with a self-indulgent yet insecure young wizard and his companions in his legged, walking castle.', 'Animation'),
(179, 'De-Lovely', '2004', '125', 4, 'Irwin Winkler', '2004-08-06', '7', 'https://images-na.ssl-images-amazon.com/images/M/MV5BMjIyODgwODIyNF5BMl5BanBnXkFtZTcwMTkzMTczMw@@._V1_SX300.jpg', 'Inspecting a magical biographical stage musical, composer Cole Porter reviews his life and career with his wife, Linda.', 'Biography'),
(180, 'Duck Season', '2004', '90', 5, 'Fernando Eimbcke', '2005-01-14', '7', 'https://images-na.ssl-images-amazon.com/images/M/MV5BMTU5MDA4Mjc3Nl5BMl5BanBnXkFtZTcwMDIwNjIzMQ@@._V1_SX300.jpg', 'Flama and Moko are fourteen years old; they have been best friends since they were kids. They have everything they need to survive yet another boring Sunday: an apartment without parents, ...', 'Comedy'),
(181, 'Vanity Fair', '2004', '141', 8, 'Mira Nair', '2004-09-01', '6', 'https://images-na.ssl-images-amazon.com/images/M/MV5BMTU4OTkwNDY2OV5BMl5BanBnXkFtZTcwNDIwMzAzMw@@._V1_SX300.jpg', 'Growing up poor in London, Becky Sharp defies her poverty-stricken background and ascends the social ladder alongside her best friend, Amelia.', 'Drama'),
(182, 'Bad Santa', '2003', '91', 5, 'Terry Zwigoff', '2003-11-26', '7', 'https://images-na.ssl-images-amazon.com/images/M/MV5BMjA4Njg1MDcwN15BMl5BanBnXkFtZTYwMzAxNjM3._V1_SX300.jpg', 'A miserable conman and his partner pose as Santa and his Little Helper to rob department stores on Christmas Eve. But they run into problems when the conman befriends a troubled kid, and the security boss discovers the plot.', 'Comedy'),
(183, 'Fantastic Four', '2005', '106', 1, 'Tim Story', '2005-07-08', '6', 'https://images-na.ssl-images-amazon.com/images/M/MV5BNWU1ZjFjMTctYjA5ZC00YTBkLTkzZjUtZWEyMjgxY2MxYWM4XkEyXkFqcGdeQXVyMTQxNzMzNDI@._V1_SX300.jpg', 'A group of astronauts gain superpowers after a cosmic radiation exposure and must use them to oppose the plans of their enemy, Doctor Victor Von Doom.', 'Action'),
(184, 'If Only', '2004', '92', 5, 'Gil Junger', '2004-07-15', '7', 'https://images-na.ssl-images-amazon.com/images/M/MV5BMjAzMTQ1NTI5NV5BMl5BanBnXkFtZTcwNjQzMzMzMQ@@._V1_SX300.jpg', 'It takes a tragedy to teach the young businessman Ian to put love ahead of work and open up to his musician girlfriend Samantha.', 'Comedy'),
(185, 'Open Water 2: Adrift', '2006', '94', 2, 'Hans Horn', '2006-08-10', '5', 'https://images-na.ssl-images-amazon.com/images/M/MV5BMTk5ODA5NDgxMl5BMl5BanBnXkFtZTcwMzA1MjM0MQ@@._V1_SX300.jpg', 'When a group of friends fail to lower the ladder of their boat, they find themselves stranded in the surrounding waters and struggle to survive.', 'Adventure'),
(186, 'Hard Candy', '2005', '104', 6, 'David Slade', '2006-04-28', '7', 'https://images-na.ssl-images-amazon.com/images/M/MV5BMTc0MzgzNTI3N15BMl5BanBnXkFtZTcwNDk3MDIzMQ@@._V1_SX300.jpg', 'A teenage girl raids a man´s home in order to expose him under suspicion that he is a sex offender with pedophilia.', 'Crime'),
(187, 'Dear Wendy', '2004', '105', 5, 'Thomas Vinterberg', '2005-02-04', '7', 'https://images-na.ssl-images-amazon.com/images/M/MV5BMTkyMDIxMzY4Ml5BMl5BanBnXkFtZTcwNTE2NTgyMQ@@._V1_SX300.jpg', 'A young boy in a nameless, timeless American town establishes a gang of youthful misfits united in their love of guns and their code of honor.', 'Comedy'),
(188, 'She´s the Man', '2006', '105', 5, 'Andy Fickman', '2006-03-17', '6', 'https://images-na.ssl-images-amazon.com/images/M/MV5BMjEyMzAzMDk1Ml5BMl5BanBnXkFtZTcwNjg0OTEzMQ@@._V1_SX300.jpg', 'When her brother decides to ditch for a couple weeks, Viola heads over to his elite boarding school, disguised as him, and proceeds to fall for one of his soccer teammates, and soon learns she´s not the only one with romantic troubles.', 'Comedy'),
(189, 'Ugly Me', '2006', '118', 5, 'Claudio Dabed', '2006-10-01', '6', 'https://images-na.ssl-images-amazon.com/images/M/MV5BNzgyODQyMjc4NF5BMl5BanBnXkFtZTcwNTcyMzc1MQ@@._V1_SX300.jpg', 'A beautiful woman (Mori) decides to transform into an ugly duckling in an attempt to ward off men and avoid more romantic disappointments.', 'Comedy'),
(190, 'Triple Agent', '2004', '115', 8, 'Éric Rohmer', '2004-03-17', '7', 'https://images-na.ssl-images-amazon.com/images/M/MV5BMTI1NDYyNDA3N15BMl5BanBnXkFtZTcwNjQwOTEzMQ@@._V1_SX300.jpg', 'France, 1936-37. The Popular Front wins elections, the Spanish Civil War begins, and Hitler and Stalin are manipulating and spying. The brilliant exile, Fiodor Voronin, a general at 20, is ...', 'Drama'),
(191, 'The Saddest Music in the World', '2003', '100', 5, 'Guy Maddin', '2005-05-12', '7', 'https://images-na.ssl-images-amazon.com/images/M/MV5BMTU4OTM5MTcyNF5BMl5BanBnXkFtZTYwNDEzOTc2._V1_SX300.jpg', 'A musical of sorts set in Winnipeg during the Great Depression, where a beer baroness organizes a contest to find the saddest music in the world. Musicians from around the world descend on the city to try and win the $25,000 prize.', 'Comedy'),
(192, 'Turtles Can Fly', '2004', '98', 8, 'Bahman Ghobadi', '2005-02-23', '8', 'https://images-na.ssl-images-amazon.com/images/M/MV5BMTI5NDM2NzcwOF5BMl5BanBnXkFtZTcwNTI2MDgyMQ@@._V1_SX300.jpg', 'Near the Iraqi-Turkish border on the eve of an American invasion, refugee children like 13-year-old Kak (Ebrahim), gauge and await their fate.', 'Drama'),
(193, 'Barnyard', '2006', '90', 3, 'Steve Oedekerk', '2006-08-04', '6', 'https://images-na.ssl-images-amazon.com/images/M/MV5BMTU2NDE0ODYyNF5BMl5BanBnXkFtZTcwNjQ3NzAzMQ@@._V1_SX300.jpg', 'When the farmer´s away, all the animals play ... and sing, and dance. Eventually, though, someone has to step in and run things, a responsibility that ends up going to Otis, a carefree cow.', 'Animation'),
(194, 'An Inconvenient Truth', '2006', '96', 7, 'Davis Guggenheim', '2006-06-30', '8', 'https://images-na.ssl-images-amazon.com/images/M/MV5BOTg3NjYxMjM5OF5BMl5BanBnXkFtZTcwMzQzMDA0MQ@@._V1_SX300.jpg', 'Filmmaker Davis Guggenheim follows Al Gore on the lecture circuit, as the former presidential candidate campaigns to raise public awareness of the dangers of global warming and calls for immediate action to curb its destructive effects on the environment.', 'Documentary'),
(195, 'Mission: Impossible III', '2006', '126', 1, 'J.J. Abrams', '2006-05-05', '7', 'https://images-na.ssl-images-amazon.com/images/M/MV5BMjExMDY1MTI5MF5BMl5BanBnXkFtZTcwNDE2NTQzMw@@._V1_SX300.jpg', 'Agent Ethan Hunt comes into conflict with a dangerous and sadistic arms dealer who threatens his life and his fianceé in response .', 'Action'),
(196, 'The Jacket', '2005', '103', 8, 'John Maybury', '2005-03-04', '7', 'https://images-na.ssl-images-amazon.com/images/M/MV5BMTUyMjEwNjE4M15BMl5BanBnXkFtZTcwNzQ5MDgyMQ@@._V1_SX300.jpg', 'A Gulf war veteran is wrongly sent to a mental institution for insane criminals, where he becomes the object of a Doctor´s experiments, and his life is completely affected by them.', 'Drama'),
(197, 'Superman Returns', '2006', '154', 1, 'Bryan Singer', '2006-06-28', '6', 'https://images-na.ssl-images-amazon.com/images/M/MV5BMTU3NzA5MjI0Nl5BMl5BanBnXkFtZTcwMTEwNzMzMQ@@._V1_SX300.jpg', 'Superman reappears after a long absence, but is challenged by an old foe who uses Kryptonian technology for world domination.', 'Action'),
(198, 'World Trade Center', '2006', '129', 8, 'Oliver Stone', '2006-08-09', '6', 'https://images-na.ssl-images-amazon.com/images/M/MV5BMTIxMzE5ODEwOV5BMl5BanBnXkFtZTcwMzM3MzIzMQ@@._V1_SX300.jpg', 'Two Port Authority police officers become trapped under the rubble of the World Trade Center.', 'Drama'),
(199, 'Failure to Launch', '2006', '97', 5, 'Tom Dey', '2006-03-10', '6', 'https://images-na.ssl-images-amazon.com/images/M/MV5BMTg0OTc2MDQ3NV5BMl5BanBnXkFtZTcwNDUwMjEzMw@@._V1_SX300.jpg', 'A thirty-something, is still living at home until his parents hire an interventionist to help him graduate out of the house. That´s when the fun begins.', 'Comedy'),
(200, 'Nanny McPhee', '2005', '97', 5, 'Kirk Jones', '2006-01-27', '7', 'https://images-na.ssl-images-amazon.com/images/M/MV5BMjAwNDUxODEwMF5BMl5BanBnXkFtZTcwMzgyMTIzMQ@@._V1_SX300.jpg', 'A governess uses magic to rein in the behavior of seven ne´er-do-well children in her charge.', 'Comedy'),
(201, 'Zathura: A Space Adventure', '2005', '101', 1, 'Jon Favreau', '2005-11-11', '6', 'https://images-na.ssl-images-amazon.com/images/M/MV5BMjEyOTQ2ODg4OV5BMl5BanBnXkFtZTcwMjk2ODUzMQ@@._V1_SX300.jpg', 'Two young brothers are drawn into an intergalactic adventure when their house is hurled through the depths of space by the magical board game they are playing.', 'Action'),
(202, 'Basic Instinct 2', '2006', '114', 8, 'Michael Caton-Jones', '2006-03-31', '4', 'https://images-na.ssl-images-amazon.com/images/M/MV5BMTkzNzM3ODY3Nl5BMl5BanBnXkFtZTcwNzMyNDcyNA@@._V1_SX300.jpg', 'Novelist Catherine Tramell is once again in trouble with the law, and Scotland Yard appoints psychiatrist Dr. Michael Glass to evaluate her. Though, like Detective Nick Curran before him, Glass is entranced by Tramell and lured into a seductive game.', 'Drama'),
(203, 'La vita che vorrei', '2004', '125', 12, 'Giuseppe Piccioni', '2004-10-01', '7', 'https://images-na.ssl-images-amazon.com/images/M/MV5BMTYxNjI0MDg3Nl5BMl5BanBnXkFtZTcwMzU1NzYwNA@@._V1_SX300.jpg', 'An established and famous actor and an aspiring young actress develop a relationship while working together on films. Their mutual attraction and passion draw them together while also pulling them apart.', 'Romance'),
(204, 'Lady in the Water', '2006', '110', 8, 'M. Night Shyamalan', '2006-07-21', '6', 'https://images-na.ssl-images-amazon.com/images/M/MV5BMjEyNTc0NTk5M15BMl5BanBnXkFtZTcwMDE5NzkyMw@@._V1_SX300.jpg', 'Apartment building superintendent Cleveland Heep rescues what he thinks is a young woman from the pool he maintains. When he discovers that she is actually a character from a bedtime story who is trying to make the journey back to her home, he works with his tenants to protect his new friend from the creatures that are determined to keep her in our world.', 'Drama'),
(205, 'Valiant', '2005', '76', 3, 'Gary Chapman', '2005-08-19', '6', 'https://images-na.ssl-images-amazon.com/images/M/MV5BYWQ4ZDVhMDUtNTFjNi00YWE1LWI0NTMtYTZhZTFlZTE2NWY2XkEyXkFqcGdeQXVyNjIzODI5OTQ@._V1_SX300.jpg', 'Set in 1944, Valiant is a woodland pigeon who wants to become a great hero someday. When he hears they are hiring recruits for the Royal Homing Pigeon Service, he immediately sets out for ...', 'Animation'),
(206, 'The Beat That My Heart Skipped', '2005', '108', 1, 'Jacques Audiard', '2005-03-16', '7', 'https://images-na.ssl-images-amazon.com/images/M/MV5BMjA5NzM5OTcxMF5BMl5BanBnXkFtZTcwMTExMjAzMQ@@._V1_SX300.jpg', 'Will Thomas still lead a life of crime and cruelty, just like his thuggish father, or will he pursue his dream of becoming a pianist?', 'Action'),
(207, 'The Secret Life of Words', '2005', '115', 8, 'Isabel Coixet', '2005-10-21', '8', 'https://images-na.ssl-images-amazon.com/images/M/MV5BNTlmNjVkMDktOTQzNC00OTZiLWE4OGMtOThjNGU1NDkxYjQyXkEyXkFqcGdeQXVyMTA0MjU0Ng@@._V1_SX300.jpg', 'A hearing impaired factory worker gives up her first holiday in years and instead travels out to an oil rig, where she cares for a man suffering from severe burns.', 'Drama'),
(208, 'The Fog', '1980', '89', 10, 'John Carpenter', '1980-02-08', '7', 'https://images-na.ssl-images-amazon.com/images/M/MV5BNmMwMWM1MWMtOGJlYS00NmIyLWI0MjYtNjJkNDI5OWQ2YjE2XkEyXkFqcGdeQXVyMTQxNzMzNDI@._V1_SX300.jpg', 'Legend says that Antonio Bay was built in 1880 with blood money obtained from shipwrecked lepers, which no one believes. On the eve of the town´s centennial, many plan to attend the celebrations, including the murdered lepers.', 'Horror'),
(209, 'The Illusionist', '2006', '110', 8, 'Neil Burger', '2006-09-01', '8', 'https://images-na.ssl-images-amazon.com/images/M/MV5BMTM1MjQyMDkzN15BMl5BanBnXkFtZTcwNzAyNTQzMQ@@._V1_SX300.jpg', 'In turn-of-the-century Vienna, a magician uses his abilities to secure the love of a woman far above his social standing.', 'Drama'),
(210, 'Snakes on a Plane', '2006', '105', 1, 'David R. Ellis', '2006-08-18', '6', 'https://images-na.ssl-images-amazon.com/images/M/MV5BZDY3ODM2YTgtYTU5NC00MTE4LTkzNjktMzNhZWZmMzJjMWRjXkEyXkFqcGdeQXVyMTQxNzMzNDI@._V1_SX300.jpg', 'An FBI agent takes on a plane full of deadly and venomous snakes, deliberately released to kill a witness being flown from Honolulu to Los Angeles to testify against a mob boss.', 'Action'),
(211, 'The Shaggy Dog', '2006', '98', 5, 'Brian Robbins', '2006-03-10', '4', 'https://images-na.ssl-images-amazon.com/images/M/MV5BMTY0NzM0OTE1N15BMl5BanBnXkFtZTcwMjQ0NjIzMQ@@._V1_SX300.jpg', 'A man tries to live a normal life despite the fact that he sometimes turns into a sheepdog.', 'Comedy'),
(212, 'Prime', '2005', '105', 5, 'Ben Younger', '2005-10-28', '6', 'https://images-na.ssl-images-amazon.com/images/M/MV5BMTcxMzM2NTE3OF5BMl5BanBnXkFtZTcwMTgyMjQzMQ@@._V1_SX300.jpg', 'A career driven professional from Manhattan is wooed by a young painter, who also happens to be the son of her psychoanalyst.', 'Comedy'),
(213, 'Bambi II', '2006', '75', 3, 'Brian Pimental', '2006-01-26', '6', 'https://images-na.ssl-images-amazon.com/images/M/MV5BMTYxMTIxNTM0MF5BMl5BanBnXkFtZTcwMTQ1MDgzMQ@@._V1._CR1.883331298828125,2.5333404541015625,275,459_SX89_AL_.jpg_V1_SX300.jpg', 'The story of Bambi growing up in the care of his father, The Great Prince of the Forest.', 'Animation'),
(214, 'The Simpsons Movie', '2007', '87', 3, 'David Silverman', '2007-07-27', '7', 'https://images-na.ssl-images-amazon.com/images/M/MV5BYWJmNWU0NzYtYTM0Mi00Zjc5LWIwZjItNmM3YTVjZjc3ODcyXkEyXkFqcGdeQXVyNDQ2OTk4MzI@._V1_SX300.jpg', 'After Homer accidentally pollutes the town´s water supply, Springfield is encased in a gigantic dome by the EPA and the Simpson family are declared fugitives.', 'Animation'),
(215, 'Comedy of Power', '2006', '110', 8, 'Claude Chabrol', '2006-02-22', '6', 'https://images-na.ssl-images-amazon.com/images/M/MV5BOTU5NjU2NDY2Ml5BMl5BanBnXkFtZTcwNTc5MTM0MQ@@._V1_SX300.jpg', 'A magistrate investigates a corporate executive.', 'Drama'),
(216, 'The Brothers Grimm', '2005', '118', 2, 'Terry Gilliam', '2005-08-26', '6', 'https://images-na.ssl-images-amazon.com/images/M/MV5BMTk0OTY1NTc2M15BMl5BanBnXkFtZTcwMDkyNzEzMQ@@._V1_SX300.jpg', 'Will and Jake Grimm are traveling con-artists who encounter a genuine fairy-tale curse which requires true courage instead of their usual bogus exorcisms.', 'Adventure'),
(217, 'Evan Almighty', '2007', '96', 5, 'Tom Shadyac', '2007-06-22', '5', 'https://images-na.ssl-images-amazon.com/images/M/MV5BMTUxMTEzODYxMV5BMl5BanBnXkFtZTcwNzQ4ODU0MQ@@._V1_SX300.jpg', 'God contacts Congressman Evan Baxter and tells him to build an ark in preparation for a great flood.', 'Comedy'),
(218, 'The Holiday', '2006', '138', 5, 'Nancy Meyers', '2006-12-08', '7', 'https://images-na.ssl-images-amazon.com/images/M/MV5BMTM2MzEyNDkxNF5BMl5BanBnXkFtZTcwODE5NjkzMQ@@._V1_SX300.jpg', 'Two women troubled with guy-problems swap homes in each other´s countries, where they each meet a local guy and fall in love.', 'Comedy'),
(219, 'My Super Ex-Girlfriend', '2006', '95', 5, 'Ivan Reitman', '2006-07-21', '5', 'https://images-na.ssl-images-amazon.com/images/M/MV5BMTc4OTA4OTYyMl5BMl5BanBnXkFtZTcwMzU4NDQzMQ@@._V1_SX300.jpg', 'When a regular guy dumps a superhero for her neediness, she uses her powers to make his life a living hell.', 'Comedy'),
(220, 'After the Wedding', '2006', '120', 8, 'Susanne Bier', '2007-05-11', '8', 'https://images-na.ssl-images-amazon.com/images/M/MV5BMjIxODEyOTQ5Ml5BMl5BanBnXkFtZTcwNjE3NzI5Mw@@._V1_SX300.jpg', 'A manager of an orphanage in India is sent to Copenhagen, Denmark, where he discovers a life-altering family secret.', 'Drama'),
(221, 'Yours, Mine & Ours', '2005', '88', 5, 'Raja Gosnell', '2005-11-23', '5', 'https://images-na.ssl-images-amazon.com/images/M/MV5BNjQ2OGY1YTQtZjIwZC00ODE1LWJlZTQtNzRjNGJlNDNlMWFiL2ltYWdlXkEyXkFqcGdeQXVyMTQxNzMzNDI@._V1_SX300.jpg', 'A widowed Coast Guard Admiral and a widow handbag designer fall in love and marry, much to the dismay of her 10 and his 8 children.', 'Comedy'),
(222, 'Perfect Stranger', '2007', '109', 6, 'James Foley', '2007-04-13', '6', 'https://images-na.ssl-images-amazon.com/images/M/MV5BMTMxNDA5MzY0MV5BMl5BanBnXkFtZTcwOTAxMzM0MQ@@._V1_SX300.jpg', 'A journalist goes undercover to ferret out businessman Harrison Hill as her childhood friend´s killer. Posing as one of his temps, she enters into a game of online cat-and-mouse.', 'Crime'),
(223, 'Norbit', '2007', '102', 5, 'Brian Robbins', '2007-02-09', '4', 'https://images-na.ssl-images-amazon.com/images/M/MV5BMTI4NDE4MjgyNV5BMl5BanBnXkFtZTcwMTQwODc0MQ@@._V1_SX300.jpg', 'A mild-mannered guy, who is married to a monstrous woman, meets the woman of his dreams, and schemes to find a way to be with her.', 'Comedy'),
(224, 'Fur: An Imaginary Portrait of Diane Arbus', '2006', '122', 4, 'Steven Shainberg', '2006-10-20', '7', 'https://images-na.ssl-images-amazon.com/images/M/MV5BNjg2MTM0NTIxOF5BMl5BanBnXkFtZTcwNDkzMDgzMQ@@._V1_SX300.jpg', 'Turning her back on her wealthy, established family, Diane Arbus falls in love with Lionel Sweeney, an enigmatic mentor who introduces Arbus to the marginalized people who help her become one of the most revered photographers of the twentieth century.', 'Biography'),
(225, 'Whisper', '2007', '94', 6, 'Stewart Hendler', '2007-05-16', '6', 'https://images-na.ssl-images-amazon.com/images/M/MV5BMTM1NjgwNDExMF5BMl5BanBnXkFtZTcwNzQ4NDE5MQ@@._V1_SX300.jpg', 'Sinister things begin happening to kidnappers who are holding a young boy for ransom in a remote cabin.', 'Crime'),
(226, 'Infamous', '2006', '110', 4, 'Douglas McGrath', '2006-10-13', '7', 'https://images-na.ssl-images-amazon.com/images/M/MV5BMTY2NDg0OTc3NV5BMl5BanBnXkFtZTcwNTI3MzgzMQ@@._V1_SX300.jpg', 'While researching his novel ´In Cold Blood´, writer Truman Capote develops a close relationship with convicted murderers Dick Hickock and Perry Smith.', 'Biography'),
(227, 'Surf´s Up', '2007', '85', 3, 'Ash Brannon, Chris Buck', '2007-06-08', '7', 'https://images-na.ssl-images-amazon.com/images/M/MV5BMjE4NDE3NzcwM15BMl5BanBnXkFtZTcwMTI0ODYzMw@@._V1_SX300.jpg', 'A behind-the-scenes look at the annual Penguin World Surfing Championship, and its newest participant, up-and-comer Cody Maverick.', 'Animation'),
(228, 'XXY', '2007', '86', 8, 'Lucía Puenzo', '2008-05-02', '7', 'https://images-na.ssl-images-amazon.com/images/M/MV5BMTM2OTI4ODI3OF5BMl5BanBnXkFtZTcwNTk2OTA1Mg@@._V1_SX300.jpg', 'The story of an intersexual fifteen-year-old. She lives with her parents, who have to cope with the challenges of her medical condition.', 'Drama'),
(229, '12:08 East of Bucharest', '2006', '89', 5, 'Corneliu Porumboiu', '2006-09-29', '7', 'https://images-na.ssl-images-amazon.com/images/M/MV5BMTI0MjIwMDc2M15BMl5BanBnXkFtZTcwMTUxMTI1MQ@@._V1_SX300.jpg', 'It´s the 22nd of December. Sixteen years have passed since the revolution, and in a small town Christmas is about to come. Piscoci, an old retired man is preparing for another Christmas ...', 'Comedy'),
(230, 'Sunshine', '2007', '107', 2, 'Danny Boyle', '2007-07-27', '7', 'https://images-na.ssl-images-amazon.com/images/M/MV5BMTU5Nzg2OTk2NF5BMl5BanBnXkFtZTYwNTc1ODM3._V1_SX300.jpg', 'A team of international astronauts are sent on a dangerous mission to reignite the dying Sun with a nuclear fission bomb in 2057.', 'Adventure'),
(231, 'Tenacious D in The Pick of Destiny', '2006', '93', 2, 'Liam Lynch', '2006-11-22', '7', 'https://images-na.ssl-images-amazon.com/images/M/MV5BMTUyMDA3OTc4MV5BMl5BanBnXkFtZTcwNzE5NjkzMQ@@._V1_SX300.jpg', 'To become the greatest band of all time, two slacker, wannabe-rockers set out on a quest to steal a legendary guitar pick that gives its holders incredible guitar skills, from a maximum security Rock and Roll museum.', 'Adventure'),
(232, 'Dreamgirls', '2006', '130', 8, 'Bill Condon', '2006-12-25', '7', 'https://images-na.ssl-images-amazon.com/images/M/MV5BMTY1MzIwNDQyNl5BMl5BanBnXkFtZTcwNDEwNzYyMw@@._V1_SX300.jpg', 'A trio of black female soul singers cross over to the pop charts in the early 1960s, facing their own personal struggles along the way.', 'Drama'),
(233, 'Vitus', '2006', '123', 8, 'Fredi M. Murer', '2006-12-07', '8', 'https://images-na.ssl-images-amazon.com/images/M/MV5BMTQwOTk0MjA2NF5BMl5BanBnXkFtZTcwNjUwODY0MQ@@._V1_SX300.jpg', 'A 12-year-old piano prodigy, suffocating from his parent´s big dreams for him, decides to make his escape and with the aid of his grandfather chase his own dreams instead.', 'Drama'),
(234, 'El amor y la ciudad', '2006', '105', 8, 'María Teresa Costantini', '2007-04-19', '5', 'https://images-na.ssl-images-amazon.com/images/M/MV5BMTYxNTIxNzg4MF5BMl5BanBnXkFtZTgwMzA5OTAwMDE@._V1_SX300.jpg', 'Esta es la historia de Juana, Sebastián y Elisa. Estos tres personajes habitan el mismo edificio en una imaginaria Buenos Aires...', 'Drama'),
(235, 'El pasado', '2007', '114', 8, 'Hector Babenco', '2007-10-26', '6', 'https://images-na.ssl-images-amazon.com/images/M/MV5BMTU1Mzc0MDA1Nl5BMl5BanBnXkFtZTYwOTc4OTc3._V1_SX300.jpg', 'A couple decides to split after 12 years together. The man (Bernal) find it easy to move on, but difficult to prevent his ex from hounding him, or the new women in his life.', 'Drama'),
(236, 'Eden', '2012', '98', 6, 'Megan Griffiths', '2013-07-19', '7', 'https://images-na.ssl-images-amazon.com/images/M/MV5BNzAxNTg3NTUzN15BMl5BanBnXkFtZTcwMTMwMDcwOQ@@._V1_SX300.jpg', 'A young Korean-American girl, abducted and forced into prostitution by domestic human traffickers, cooperates with her captors in a desperate ploy to survive.', 'Crime'),
(237, 'Lights in the Dusk', '2006', '78', 6, 'Aki Kaurismäki', '2006-02-03', '7', 'https://images-na.ssl-images-amazon.com/images/M/MV5BMTY1NTIyMzQ3NF5BMl5BanBnXkFtZTcwNDUyNTY1Mw@@._V1_SX300.jpg', 'In Helsinki, a lonely night watchman is caught up in a series of misadventures with a femme fatale and a crooked businessman.', 'Crime'),
(238, 'Born and Bred', '2006', '100', 8, 'Pablo Trapero', '2006-10-19', '6', 'https://images-na.ssl-images-amazon.com/images/M/MV5BMTc0MjAzNTI0OF5BMl5BanBnXkFtZTgwMDY0MDAxMzE@._V1_SX300.jpg', 'In Patagonia, a successful interior designer´s life falls apart after he suffers a horrific accident.', 'Drama'),
(239, 'C.R.A.Z.Y.', '2005', '127', 5, 'Jean-Marc Vallée', '2006-03-03', '8', 'https://images-na.ssl-images-amazon.com/images/M/MV5BMTU3MDc2MjUwMV5BMl5BanBnXkFtZTcwNzQyMDAzMQ@@._V1_SX300.jpg', 'C.R.A.Z.Y. Extraordinary lives of ordinary people in search of love and happiness - that´s the premise of \"C.R.A.Z.Y\", a family drama unlike any other.', 'Comedy'),
(240, 'The Last Kiss', '2006', '104', 5, 'Tony Goldwyn', '2006-09-15', '7', 'https://images-na.ssl-images-amazon.com/images/M/MV5BMTMxODM2MjQxNl5BMl5BanBnXkFtZTcwMzAwNDA0MQ@@._V1_SX300.jpg', 'Michael and Jenna, having been a couple for three years, want to get married and start a family. These plans seem to be well on their way when Jenna announces that she´s pregnant. But ...', 'Comedy'),
(241, 'The Black Dahlia', '2006', '121', 6, 'Brian De Palma', '2006-09-15', '6', 'https://images-na.ssl-images-amazon.com/images/M/MV5BMTg0MDc1OTQ5NF5BMl5BanBnXkFtZTcwNzE1ODUzMQ@@._V1_SX300.jpg', 'Two policemen see their personal and professional lives fall apart in the wake of the \"Black Dahlia\" murder investigation.', 'Crime'),
(242, 'Step Up', '2006', '104', 6, 'Anne Fletcher', '2006-08-11', '7', 'https://images-na.ssl-images-amazon.com/images/M/MV5BMTIxMDM5Mjc1Nl5BMl5BanBnXkFtZTcwMDkyODQzMQ@@._V1_SX300.jpg', 'Tyler Gage receives the opportunity of a lifetime after vandalizing a performing arts school, gaining him the chance to earn a scholarship and dance with an up and coming dancer, Nora.', 'Crime'),
(243, 'Requiem', '2006', '93', 8, 'Hans-Christian Schmid', '2006-03-02', '7', 'https://images-na.ssl-images-amazon.com/images/M/MV5BMTMwMTg0MTczNV5BMl5BanBnXkFtZTcwNzEzNjgzMQ@@._V1_SX300.jpg', 'An epileptic girl suffers a breakdown during her first year at university, then decides to seek help from a priest in battling the troubles associated with her strict upbringing.', 'Drama'),
(244, 'Captain Alatriste: The Spanish Musketeer', '2006', '145', 2, 'Agustín Díaz Yanes', '2006-09-01', '6', 'https://images-na.ssl-images-amazon.com/images/M/MV5BMTM1MTc1MDQ2NV5BMl5BanBnXkFtZTcwMTQ3OTI2MQ@@._V1_SX300.jpg', 'Viggo Mortensen plays the Spanish soldier-turned-mercenary Captain Alatriste, a heroic figure from the country´s 17th century imperial wars.', 'Adventure'),
(245, 'Hollywoodland', '2006', '126', 4, 'Allen Coulter', '2006-09-08', '7', 'https://images-na.ssl-images-amazon.com/images/M/MV5BMTc4ODQ2OTI5NF5BMl5BanBnXkFtZTcwMDIyNjYzMQ@@._V1_SX300.jpg', 'A detective examines the mysterious death of George Reeves, the star of the television series Adventures of Superman (1952).', 'Biography'),
(246, 'Breaking and Entering', '2006', '120', 8, 'Anthony Minghella', '2006-11-10', '7', 'https://images-na.ssl-images-amazon.com/images/M/MV5BMTI3NzM3NDU4M15BMl5BanBnXkFtZTcwNjYzODgzMQ@@._V1_SX300.jpg', 'A landscape architect´s dealings with a young thief cause him to re-evaluate his life.', 'Drama'),
(247, 'Die Another Day', '2002', '133', 1, 'Lee Tamahori', '2002-11-22', '6', 'https://images-na.ssl-images-amazon.com/images/M/MV5BODNkYmIwYTMtYzdhNy00YWE3LThkYmEtNzA5ZTE5YmVjYzZlXkEyXkFqcGdeQXVyNTIzOTk5ODM@._V1_SX300.jpg', 'James Bond is sent to investigate the connection between a North Korean terrorist and a diamond mogul who is funding the development of an international space weapon.', 'Action'),
(248, 'Two Weeks Notice', '2002', '101', 5, 'Marc Lawrence', '2002-12-20', '6', 'https://images-na.ssl-images-amazon.com/images/M/MV5BMTk2MTYzNTk5Nl5BMl5BanBnXkFtZTYwMTUyMzE3._V1_SX300.jpg', 'A lawyer decides that she´s used too much like a nanny by her boss, so she walks out on him.', 'Comedy'),
(249, 'Gangs of New York', '2002', '167', 6, 'Martin Scorsese', '2002-12-20', '8', 'https://images-na.ssl-images-amazon.com/images/M/MV5BMTI4NTM0Mzg2NV5BMl5BanBnXkFtZTcwNjQxMDAwMQ@@._V1_SX300.jpg', 'In 1863, Amsterdam Vallon returns to the Five Points area of New York City seeking revenge against Bill the Butcher, his father´s killer.', 'Crime'),
(250, 'The League of Extraordinary Gentlemen', '2003', '110', 1, 'Stephen Norrington', '2003-07-11', '6', 'https://images-na.ssl-images-amazon.com/images/M/MV5BZTFlOTdkMjEtNGVmMS00YTA3LThlNjQtMjAzZmFjZDAzNjllL2ltYWdlL2ltYWdlXkEyXkFqcGdeQXVyMTQxNzMzNDI@._V1_SX300.jpg', 'In an alternate Victorian Age world, a group of famous contemporary fantasy, science fiction, and adventure characters team up on a secret mission.', 'Action'),
(251, 'Intolerable Cruelty', '2003', '100', 5, 'Joel Coen, Ethan Coen', '2003-10-10', '6', 'https://images-na.ssl-images-amazon.com/images/M/MV5BMTU2OTc5Mjc0N15BMl5BanBnXkFtZTYwMDYyMjg3._V1_SX300.jpg', 'A beautiful gold digger matches wits with a shrewd Beverly Hills divorce lawyer who is increasingly attracted to her.', 'Comedy'),
(252, '2 Fast 2 Furious', '2003', '107', 1, 'John Singleton', '2003-06-06', '6', 'https://images-na.ssl-images-amazon.com/images/M/MV5BMzExYjcyYWMtY2JkOC00NDUwLTg2OTgtMDI3MGY2OWQzMDE2XkEyXkFqcGdeQXVyMTQxNzMzNDI@._V1_SX300.jpg', 'Former cop Brian O´Conner is called upon to bust a dangerous criminal and he recruits the help of a former childhood friend and street racer who has a chance to redeem himself.', 'Action'),
(253, 'Sinbad: Legend of the Seven Seas', '2003', '86', 3, 'Patrick Gilmore, Tim Johnson', '2003-07-02', '7', 'https://images-na.ssl-images-amazon.com/images/M/MV5BMTU1ODc3NTA0Ml5BMl5BanBnXkFtZTcwMTEwMDAwMQ@@._V1_SX300.jpg', 'The sailor of legend is framed by the goddess Eris for the theft of the Book of Peace, and must travel to her realm at the end of the world to retrieve it and save the life of his childhood friend Prince Proteus.', 'Animation'),
(254, 'Bend It Like Beckham', '2002', '112', 5, 'Gurinder Chadha', '2003-08-01', '7', 'https://images-na.ssl-images-amazon.com/images/M/MV5BMTg1Njk5NjczM15BMl5BanBnXkFtZTYwNjc2NTQ3._V1_SX300.jpg', 'The daughter of orthodox Sikh rebels against her parents´ traditionalism and joins a football team.', 'Comedy'),
(255, 'Chicago', '2002', '113', 5, 'Rob Marshall', '2003-01-24', '7', 'https://images-na.ssl-images-amazon.com/images/M/MV5BMTIyMTg1MzMzNl5BMl5BanBnXkFtZTYwMDU0NTk5._V1_SX300.jpg', 'Murderesses Velma Kelly and Roxie Hart find themselves on death row together and fight for the fame that will keep them from the gallows in 1920s Chicago.', 'Comedy'),
(256, 'Broken Wings', '2002', '87', 8, 'Nir Bergman', '2002-10-24', '8', 'https://images-na.ssl-images-amazon.com/images/M/MV5BMTIxODkwNTAzN15BMl5BanBnXkFtZTcwMzcyOTUyMQ@@._V1_SX300.jpg', 'Daphne and her four children try to cope with the abrupt death of husband/father. As the family seems to fall apart, a sudden incident gives them a chance to heal their ´broken wings´.', 'Drama'),
(257, 'Anger Management', '2003', '106', 5, 'Peter Segal', '2003-04-11', '6', 'https://images-na.ssl-images-amazon.com/images/M/MV5BMDg1YTNiODItZGYyOC00NGIwLWI3MjYtMTY3NDQ0ZDIwYjBiXkEyXkFqcGdeQXVyMTQxNzMzNDI@._V1_SX300.jpg', 'Dave Buznik is a businessman who is wrongly sentenced to an anger-management program, where he meets an aggressive instructor.', 'Comedy'),
(258, 'White Oleander', '2002', '109', 8, 'Peter Kosminsky', '2002-10-11', '7', 'https://images-na.ssl-images-amazon.com/images/M/MV5BMTI4NzYwOTM5MF5BMl5BanBnXkFtZTYwNDM4NDg2._V1_SX300.jpg', 'A teenager journeys through a series of foster homes after her mother goes to prison for committing a crime of passion.', 'Drama'),
(259, 'The Covenant', '2006', '97', 1, 'Renny Harlin', '2006-09-08', '5', 'https://images-na.ssl-images-amazon.com/images/M/MV5BNjI1MTM1OTEwMV5BMl5BanBnXkFtZTcwODYzNzUzMQ@@._V1_SX300.jpg', 'Four young men who belong to a New England supernatural legacy are forced to battle a fifth power long thought to have died out. Meanwhile, jealousy and suspicion threaten to tear them apart.', 'Action'),
(260, 'People I Know', '2002', '100', 6, 'Daniel Algrant', '2002-11-21', '6', 'https://images-na.ssl-images-amazon.com/images/M/MV5BZjMzNjg4N2EtYmUwNi00NzMxLTkzZTQtNGZmMWYzMGY2NzE4XkEyXkFqcGdeQXVyNjUwNzk3NDc@._V1_SX300.jpg', 'A New York press agent must scramble when his major client becomes embroiled in a huge scandal.', 'Crime'),
(261, 'Paradise Now', '2005', '90', 6, 'Hany Abu-Assad', '2005-11-18', '8', 'https://images-na.ssl-images-amazon.com/images/M/MV5BNDI5ODQxNTUxMV5BMl5BanBnXkFtZTcwMTgzMDEzMQ@@._V1_SX300.jpg', 'Two childhood friends are recruited for a suicide bombing in Tel Aviv.', 'Crime'),
(262, 'Flyboys', '2006', '140', 1, 'Tony Bill', '2006-09-22', '7', 'https://images-na.ssl-images-amazon.com/images/M/MV5BMTYxMDg5NTkxMF5BMl5BanBnXkFtZTcwNjA4MDUzMQ@@._V1_SX300.jpg', 'The adventures of the Lafayette Escadrille, young Americans who volunteered for the French military before the U.S. entered World War I, and became the country´s first fighter pilots.', 'Action'),
(263, 'Charlie´s Angels: Full Throttle', '2003', '106', 1, 'McG', '2003-06-27', '5', 'https://images-na.ssl-images-amazon.com/images/M/MV5BMTM0MTg3OTU5N15BMl5BanBnXkFtZTYwMDc4MzU3._V1_SX300.jpg', 'The Angels investigate a series of murders which occur after the theft of a witness protection profile database.', 'Action'),
(264, 'The Core', '2003', '135', 1, 'Jon Amiel', '2003-03-28', '5', 'https://images-na.ssl-images-amazon.com/images/M/MV5BMTY3MTY3MzkzNl5BMl5BanBnXkFtZTYwNTAwNDk2._V1_SX300.jpg', 'The only way to save Earth from catastrophe is to drill down to the core and set it spinning again.', 'Action'),
(265, 'How to Lose a Guy in 10 Days', '2003', '116', 5, 'Donald Petrie', '2003-02-07', '6', 'https://images-na.ssl-images-amazon.com/images/M/MV5BMjE4NTA1NzExN15BMl5BanBnXkFtZTYwNjc3MjM3._V1_SX300.jpg', 'Benjamin Barry is an advertising executive and ladies´ man who, to win a big campaign, bets that he can make a woman fall in love with him in 10 days. Andie Anderson covers the \"How To\" beat for \"Composure\" magazine and is assigned to write an article on \"How to Lose a Guy in 10 days.\" They meet in a bar shortly after the bet is made.', 'Comedy'),
(266, 'Phone Booth', '2002', '81', 6, 'Joel Schumacher', '2003-04-04', '7', 'https://images-na.ssl-images-amazon.com/images/M/MV5BMTcxNDQ5MzAyOV5BMl5BanBnXkFtZTYwMjkxMTU3._V1_SX300.jpg', 'Stuart Shepard finds himself trapped in a phone booth, pinned down by an extortionist´s sniper rifle.', 'Crime'),
(267, 'Bruce Almighty', '2003', '101', 5, 'Tom Shadyac', '2003-05-23', '7', 'https://images-na.ssl-images-amazon.com/images/M/MV5BZDUxOWZjNDktMzA0Ny00ZGZiLWI4NmItY2E0OGI2NWY5YjkzXkEyXkFqcGdeQXVyNjU0OTQ0OTY@._V1_SX300.jpg', 'A guy who complains about God too often is given almighty powers to teach him how difficult it is to run the world.', 'Comedy'),
(268, 'Analyze That', '2002', '96', 5, 'Harold Ramis', '2002-12-06', '6', 'https://images-na.ssl-images-amazon.com/images/M/MV5BMTc0OTYwMzQ5OF5BMl5BanBnXkFtZTYwMzQyMDg5._V1_SX300.jpg', 'Mobster Paul Vitti is released into Dr. Ben Sobol´s care, where only more chaos ensues.', 'Comedy'),
(269, 'Mystic River', '2003', '138', 6, 'Clint Eastwood', '2003-10-15', '8', 'https://images-na.ssl-images-amazon.com/images/M/MV5BMTIzNDUyMjA4MV5BMl5BanBnXkFtZTYwNDc4ODM3._V1_SX300.jpg', 'With a childhood tragedy that overshadowed their lives, three men are reunited by circumstance when one has a family tragedy.', 'Crime');
INSERT INTO `pelicula` (`id`, `titulo`, `anio`, `duracion`, `genero_id`, `director`, `fecha_lanzamiento`, `puntuacion`, `poster`, `trama`, `genero_string`) VALUES
(270, 'Fateless', '2005', '140', 8, 'Lajos Koltai', '2005-02-10', '7', 'https://images-na.ssl-images-amazon.com/images/M/MV5BMTA3MTg1MDk4NTleQTJeQWpwZ15BbWU3MDQ1NTg1MzE@._V1_SX300.jpg', '14-year-old György´s life is torn apart in World War II Hungary as he is sent to a concentration camp where he is forced to become a man, and learns to find happiness in the midst of hatred, and what it really means to be Jewish.', 'Drama'),
(271, 'The Dancer Upstairs', '2002', '132', 8, 'John Malkovich', '2003-05-23', '7', 'https://images-na.ssl-images-amazon.com/images/M/MV5BMTIwNzQyMTE5M15BMl5BanBnXkFtZTcwNDczMzAwMQ@@._V1_SX300.jpg', 'A police detective in a South American country is dedicated to hunting down a revolutionary guerilla leader.', 'Drama'),
(272, 'Cradle Will Rock', '1999', '132', 8, 'Tim Robbins', '2000-01-21', '7', 'https://images-na.ssl-images-amazon.com/images/M/MV5BMTcwNzMzOTE2NV5BMl5BanBnXkFtZTcwMTk1OTMyMQ@@._V1_SX300.jpg', 'A true story of politics and art in the 1930s U.S., focusing on a leftist musical drama and attempts to stop its production.', 'Drama'),
(273, 'The Matrix Reloaded', '2003', '138', 1, 'Lana Wachowski, Lilly Wachowski', '2003-05-15', '7', 'https://images-na.ssl-images-amazon.com/images/M/MV5BMjA0NDM5MDY2OF5BMl5BanBnXkFtZTcwNzg5OTEzMw@@._V1_SX300.jpg', 'Neo and the rebel leaders estimate that they have 72 hours until 250,000 probes discover Zion and destroy it and its inhabitants. During this, Neo must decide how he can save Trinity from a dark fate in his dreams.', 'Action'),
(274, 'What the #$*! Do We (K)now!?', '2004', '109', 7, 'William Arntz, Betsy Chasse, Mark Vicente', '2004-10-22', '5', 'https://images-na.ssl-images-amazon.com/images/M/MV5BMTQ5MjM4NjIyNl5BMl5BanBnXkFtZTYwNTUzMjQ3._V1_SX300.jpg', '\"WHAT THE #$*! DO WE KNOW?!\" is a radical departure from convention. It demands a freedom of view and greatness of thought so far unknown, indeed, not even dreamed of since Copernicus. It´s...', 'Documentary'),
(275, 'Walk the Line', '2005', '136', 4, 'James Mangold', '2005-11-18', '8', 'https://images-na.ssl-images-amazon.com/images/M/MV5BMjIyOTU3MjUxOF5BMl5BanBnXkFtZTcwMTQ0NjYzMw@@._V1_SX300.jpg', 'A chronicle of country music legend Johnny Cash´s life, from his early days on an Arkansas cotton farm to his rise to fame with Sun Records in Memphis, where he recorded alongside Elvis Presley, Jerry Lee Lewis, and Carl Perkins.', 'Biography'),
(276, 'The Hours', '2002', '114', 8, 'Stephen Daldry', '2003-02-14', '8', 'https://images-na.ssl-images-amazon.com/images/M/MV5BMTY4MDQyNjM2OF5BMl5BanBnXkFtZTcwMjQxOTAzMw@@._V1_SX300.jpg', 'The story of how the novel \"Mrs. Dalloway\" affects three generations of women, all of whom, in one way or another, have had to deal with suicide in their lives.', 'Drama'),
(277, 'Empire', '2002', '90', 6, 'Franc. Reyes', '2002-12-06', '6', 'https://images-na.ssl-images-amazon.com/images/M/MV5BZGIzZThiMDAtNDhhZC00NDdlLThkYjctMDc2YTljZWVjZWUzXkEyXkFqcGdeQXVyMTQxNzMzNDI@._V1_SX300.jpg', 'A successful South Bronx drug dealer turns his back on his roots and gives money to a Wall Street broker to invest for him.', 'Crime'),
(278, 'Irma Vep', '1996', '99', 5, 'Olivier Assayas', '1997-04-30', '7', 'https://images-na.ssl-images-amazon.com/images/M/MV5BMjExNzc4MjkyM15BMl5BanBnXkFtZTcwNzUyNDUwMg@@._V1_SX300.jpg', 'A Chinese movie actress, in France to star in a remake of \"Les Vampires\", finds petty intrigues and clashing egos on the set.', 'Comedy'),
(279, 'Pirates of the Caribbean: The Curse of the Black Pearl', '2003', '143', 1, 'Gore Verbinski', '2003-07-09', '8', 'https://images-na.ssl-images-amazon.com/images/M/MV5BMjAyNDM4MTc2N15BMl5BanBnXkFtZTYwNDk0Mjc3._V1_SX300.jpg', 'Blacksmith Will Turner teams up with eccentric pirate \"Captain\" Jack Sparrow to save his love, the governor´s daughter, from Jack´s former pirate allies, who are now undead.', 'Action'),
(280, 'My Summer of Love', '2004', '86', 8, 'Pawel Pawlikowski', '2005-07-01', '7', 'https://images-na.ssl-images-amazon.com/images/M/MV5BMTg2NTM0NDY1NV5BMl5BanBnXkFtZTcwMjU5OTkyMQ@@._V1_SX300.jpg', 'In the Yorkshire countryside, working-class tomboy Mona meets the exotic, pampered Tamsin. Over the summer season, the two young women discover they have much to teach one another, and much to explore together.', 'Drama'),
(281, 'Final Destination 2', '2003', '90', 10, 'David R. Ellis', '2003-01-31', '6', 'https://images-na.ssl-images-amazon.com/images/M/MV5BMjExMTMyODAzN15BMl5BanBnXkFtZTYwNjc5NDQ3._V1_SX300.jpg', 'When Kimberly has a violent premonition of a highway pileup she blocks the freeway, keeping a few others meant to die, safe...Or are they? The survivors mysteriously start dying and it´s up to Kimberly to stop it before she´s next.', 'Horror'),
(282, '3-Iron', '2004', '88', 6, 'Ki-duk Kim', '2004-10-15', '8', 'https://images-na.ssl-images-amazon.com/images/M/MV5BMTM1ODIwNzM5OV5BMl5BanBnXkFtZTcwNjk5MDkyMQ@@._V1_SX300.jpg', 'A transient young man breaks into empty homes to partake of the vacationing residents´ lives for a few days.', 'Crime'),
(283, 'Vivir intentando', '2003', '95', 9, 'Tomás Yankelevich', '2003-06-19', '4', 'https://images-na.ssl-images-amazon.com/images/M/MV5BODIzODM3N2YtNjI0Ny00Y2U3LThiNjUtZTdmYTNmNTRkOTM4XkEyXkFqcGdeQXVyNjUyNjMyMTM@._V1_SX300.jpg', 'When five girls accidentally become best-of-friends, they find themselves on an ambitious quest to fame. One is in it for the romance, another for the money, another for the fame, but all are doing it for the experience.', 'Family'),
(284, 'North Country', '2005', '126', 8, 'Niki Caro', '2005-10-21', '7', 'https://images-na.ssl-images-amazon.com/images/M/MV5BNTM3OTEwODYzNl5BMl5BanBnXkFtZTcwNjM1NzUzMw@@._V1_SX300.jpg', 'A fictionalized account of the first major successful sexual harassment case in the United States -- Jenson vs. Eveleth Mines, where a woman who endured a range of abuse while working as a miner filed and won the landmark 1984 lawsuit.', 'Drama'),
(285, 'Hostel', '2005', '94', 10, 'Eli Roth', '2006-01-06', '6', 'https://images-na.ssl-images-amazon.com/images/M/MV5BMTY1NDA3ODM1OV5BMl5BanBnXkFtZTcwMDM5NzEzMQ@@._V1_SX300.jpg', 'Three backpackers head to a Slovak city that promises to meet their hedonistic expectations, with no idea of the hell that awaits them.', 'Horror'),
(286, 'Hollywood Ending', '2002', '112', 5, 'Woody Allen', '2002-05-03', '7', 'https://images-na.ssl-images-amazon.com/images/M/MV5BMjExNTgwMjk4NV5BMl5BanBnXkFtZTYwMDAxODM3._V1_SX300.jpg', 'A director is forced to work with his ex-wife, who left him for the boss of the studio bankrolling his new film. But the night before the first day of shooting, he develops a case of psychosomatic blindness.', 'Comedy'),
(287, 'Bee Season', '2005', '104', 8, 'Scott McGehee, David Siegel', '2005-11-23', '6', 'https://images-na.ssl-images-amazon.com/images/M/MV5BMTIxODcyMjI2MV5BMl5BanBnXkFtZTcwMjY0MjEzMQ@@._V1_SX300.jpg', 'A wife and mother begins a downward emotional spiral, as her husband avoids their collapsing marriage by immersing himself in his 11 year-old daughter´s quest to become a spelling bee champion.', 'Drama'),
(288, 'S.W.A.T.', '2003', '117', 1, 'Clark Johnson', '2003-08-08', '6', 'https://images-na.ssl-images-amazon.com/images/M/MV5BNmIxYTVmMDEtNWU5NS00MWJhLWJjNmQtNjkxNWI3NmY4MzJlL2ltYWdlL2ltYWdlXkEyXkFqcGdeQXVyMTQxNzMzNDI@._V1_SX300.jpg', 'An imprisoned drug kingpin offers a huge cash reward to anyone that can break him out of police custody and only the LAPD´s Special Weapons and Tactics team can prevent it.', 'Action'),
(289, 'Russian Dolls', '2005', '125', 5, 'Cédric Klapisch', '2005-06-15', '7', 'https://images-na.ssl-images-amazon.com/images/M/MV5BMTc0NjYyOTU3NV5BMl5BanBnXkFtZTcwNTE3OTM0MQ@@._V1_SX300.jpg', 'Five years after their summer together in Barcelona, Xavier, William, Wendy, Martine and Isabelle reunite.', 'Comedy'),
(290, 'The Eye', '2008', '98', 10, 'David Moreau, Xavier Palud', '2008-02-01', '5', 'https://images-na.ssl-images-amazon.com/images/M/MV5BMTMyNjg3OTQyM15BMl5BanBnXkFtZTcwMjkyMzU1MQ@@._V1_SX300.jpg', 'A woman receives an eye transplant that allows her to see into the supernatural world.', 'Horror'),
(291, 'Nowhere in Africa', '2001', '141', 4, 'Caroline Link', '2003-05-16', '8', 'https://images-na.ssl-images-amazon.com/images/M/MV5BOTg2ODkxOWUtZTNlMi00NTJlLWE4NzktMDc3ODI1Mzg4N2Q2XkEyXkFqcGdeQXVyMTQxNzMzNDI@._V1_SX300.jpg', 'A German Jewish refugee family moves to and adjusts to a farm life in 1930s Kenya.', 'Biography'),
(292, 'Deuda', '2004', '90', 7, 'Jorge Lanata, Andrés G. Schaer', '2004-10-07', '7', 'https://images-na.ssl-images-amazon.com/images/M/MV5BMTc1NTQ0Mzc1Nl5BMl5BanBnXkFtZTcwNTA2MTcyMQ@@._V1_SX300.jpg', 'DEBT is the story of a frantic pursuit: the search for the responsible for the televised cry of hunger of Barbara Flores, an eight-year-old Argentinean girl. Buenos Aires, Washington, the ...', 'Documentary'),
(293, 'Dogville', '2003', '178', 6, 'Lars von Trier', '2004-04-23', '8', 'https://images-na.ssl-images-amazon.com/images/M/MV5BMTkwNTg2MTI1NF5BMl5BanBnXkFtZTcwMDM1MzUyMQ@@._V1_SX300.jpg', 'A woman on the run from the mob is reluctantly accepted in a small Colorado town. In exchange, she agrees to work for them. As a search visits town, she finds out that their support has a price. Yet her dangerous secret is never far away...', 'Crime'),
(294, 'The Quiet American', '2002', '101', 8, 'Phillip Noyce', '2003-03-07', '7', 'https://images-na.ssl-images-amazon.com/images/M/MV5BMjE2NTUxNTE3Nl5BMl5BanBnXkFtZTYwNTczMTg5._V1_SX300.jpg', 'An older British reporter vies with a young U.S. doctor for the affections of a beautiful Vietnamese woman.', 'Drama'),
(295, 'The Aviator', '2004', '170', 4, 'Martin Scorsese', '2004-12-25', '8', 'https://images-na.ssl-images-amazon.com/images/M/MV5BZTYzMjA2M2EtYmY1OC00ZWMxLThlY2YtZGI3MTQzOWM4YjE3XkEyXkFqcGdeQXVyMTQxNzMzNDI@._V1_SX300.jpg', 'A biopic depicting the early years of legendary director and aviator Howard Hughes´ career from the late 1920s to the mid-1940s.', 'Biography'),
(296, 'Elephant', '2003', '81', 6, 'Gus Van Sant', '2003-11-14', '7', 'https://images-na.ssl-images-amazon.com/images/M/MV5BZWRhNDZkMzQtZDQ3Ny00NjdjLWJmZjAtMWQxNDQyZTYzZjU0XkEyXkFqcGdeQXVyMTQxNzMzNDI@._V1_SX300.jpg', 'Several ordinary high school students go through their daily routine as two others prepare for something more malevolent.', 'Crime'),
(297, 'Freddy vs. Jason', '2003', '97', 1, 'Ronny Yu', '2003-08-15', '6', 'https://images-na.ssl-images-amazon.com/images/M/MV5BODNlNWVjOTMtZjVjYy00MzRjLTg2MmQtNTM3MWVmZjFjYzgwXkEyXkFqcGdeQXVyMzM4MjM0Nzg@._V1_SX300.jpg', 'Freddy Krueger and Jason Voorhees return to terrorize the teenage population. Except this time, they´re out to get each other, too.', 'Action'),
(298, 'The Divorce', '2003', '117', 8, 'James Ivory', '2003-08-29', '5', 'https://images-na.ssl-images-amazon.com/images/M/MV5BMTUxMjQ0MDgzOF5BMl5BanBnXkFtZTYwNjM1MDY2._V1_SX300.jpg', 'French vs. American social customs and behaviors are observed in a story about an American visiting her Frenchman-wed sister in Paris.', 'Drama'),
(299, 'House of Sand and Fog', '2003', '126', 8, 'Vadim Perelman', '2004-01-09', '8', 'https://images-na.ssl-images-amazon.com/images/M/MV5BMTIzMjQ5NzM2M15BMl5BanBnXkFtZTYwMzU2NDY3._V1_SX300.jpg', 'An abandoned wife is evicted from her house and starts a tragic conflict with her home´s new owners.', 'Drama'),
(300, '8 Mile', '2002', '110', 8, 'Curtis Hanson', '2002-11-08', '7', 'https://images-na.ssl-images-amazon.com/images/M/MV5BOWI3MDIzZmYtN2Y3MC00YTljLWFiYmYtNWIzMjg1ZWQ1ODlhXkEyXkFqcGdeQXVyNjU0OTQ0OTY@._V1_SX300.jpg', 'A young rapper, struggling with every aspect of his life, wants to make it big but his friends and foes make this odyssey of rap harder than it may seem.', 'Drama'),
(301, 'The Lord of the Rings: The Two Towers', '2002', '179', 2, 'Peter Jackson', '2002-12-18', '9', 'https://images-na.ssl-images-amazon.com/images/M/MV5BMTAyNDU0NjY4NTheQTJeQWpwZ15BbWU2MDk4MTY2Nw@@._V1_SX300.jpg', 'While Frodo and Sam edge closer to Mordor with the help of the shifty Gollum, the divided fellowship makes a stand against Sauron´s new ally, Saruman, and his hordes of Isengard.', 'Adventure'),
(302, 'The Jungle Book 2', '2003', '72', 3, 'Steve Trenbirth', '2003-02-14', '5', 'https://images-na.ssl-images-amazon.com/images/M/MV5BNDk2NTk1NzQxN15BMl5BanBnXkFtZTYwMDMyMTg5._V1_SX300.jpg', 'Mowgli, missing the jungle and his old friends, runs away from the man village unaware of the danger he´s in by going back to the wild.', 'Animation'),
(303, 'Femme Fatale', '2002', '114', 6, 'Brian De Palma', '2002-11-06', '6', 'https://images-na.ssl-images-amazon.com/images/M/MV5BMGM5NWVhYTMtZjg5Zi00ODVkLWFmM2ItMDZkMTA5NGQzMDQxXkEyXkFqcGdeQXVyMTQxNzMzNDI@._V1_SX300.jpg', 'A woman tries to straighten out her life, even as her past as a con-woman comes back to haunt her.', 'Crime'),
(304, 'Underworld: Evolution', '2006', '106', 1, 'Len Wiseman', '2006-01-20', '7', 'https://images-na.ssl-images-amazon.com/images/M/MV5BMjEzNDY1OTQwOV5BMl5BanBnXkFtZTcwNjcxMTIzMw@@._V1_SX300.jpg', 'Picking up directly from the previous film, vampire warrior Selene and the half werewolf Michael hunt for clues to reveal the history of their races and the war between them.', 'Action'),
(305, 'The Pink Panther', '2006', '93', 2, 'Shawn Levy', '2006-02-10', '6', 'https://images-na.ssl-images-amazon.com/images/M/MV5BNGI2MjVlNzEtZDg1ZS00MGU1LWFhNTQtNzMwZDViOWRkNzhkXkEyXkFqcGdeQXVyNTIzOTk5ODM@._V1_SX300.jpg', 'Bumbling Inspector Clouseau must solve the murder of a famous soccer coach and find out who stole the infamous Pink Panther diamond.', 'Adventure'),
(306, 'The Pianist', '2002', '150', 4, 'Roman Polanski', '2003-03-28', '9', 'https://images-na.ssl-images-amazon.com/images/M/MV5BOWRiZDIxZjktMTA1NC00MDQ2LWEzMjUtMTliZmY3NjQ3ODJiXkEyXkFqcGdeQXVyNjU0OTQ0OTY@._V1_SX300.jpg', 'A Polish Jewish musician struggles to survive the destruction of the Warsaw ghetto of World War II.', 'Biography'),
(307, 'Wrong Turn', '2003', '84', 10, 'Rob Schmidt', '2003-05-30', '6', 'https://images-na.ssl-images-amazon.com/images/M/MV5BMTQwMTkyMTY4M15BMl5BanBnXkFtZTYwMDc0NDE3._V1_SX300.jpg', 'Six people find themselves trapped in the woods of West Virginia, hunted down by \"cannibalistic mountain men grossly disfigured through generations of in-breeding.\"', 'Horror'),
(308, 'Identity', '2003', '90', 11, 'James Mangold', '2003-04-25', '7', 'https://images-na.ssl-images-amazon.com/images/M/MV5BMjE2NzgyNDYzNl5BMl5BanBnXkFtZTYwODM2Nzc2._V1_SX300.jpg', 'Stranded at a desolate Nevada motel during a nasty rain-storm, ten strangers become acquainted with each other when they realize that they´re being killed off one by one.', 'Mystery'),
(309, 'Syriana', '2005', '128', 8, 'Stephen Gaghan', '2005-12-09', '7', 'https://images-na.ssl-images-amazon.com/images/M/MV5BMjA2MTQwMTg0N15BMl5BanBnXkFtZTcwOTE5NjEzMQ@@._V1_SX300.jpg', 'A politically charged epic about the state of the oil industry in the hands of those personally involved and affected by it.', 'Drama'),
(310, 'Nicholas Nickleby', '2002', '132', 8, 'Douglas McGrath', '2003-06-27', '7', 'https://images-na.ssl-images-amazon.com/images/M/MV5BMTY0MTMwNDY3OF5BMl5BanBnXkFtZTYwODUzMDM3._V1_SX300.jpg', 'A young, compassionate man struggles to save his family and friends from the abusive exploitation of his cold-heartedly grasping uncle.', 'Drama'),
(311, 'All or Nothing', '2002', '128', 8, 'Mike Leigh', '2002-10-18', '8', 'https://images-na.ssl-images-amazon.com/images/M/MV5BMjQ3NzM1NjA0NF5BMl5BanBnXkFtZTcwNjQ4MDQ3NA@@._V1_SX300.jpg', 'Penny´s love for her partner, taxi-driver Phil, has run dry. He is a gentle, philosophical guy, and she works on the checkout at a supermarket. Their daughter Rachel cleans in a home for ...', 'Drama'),
(312, 'Hellboy', '2004', '122', 1, 'Guillermo del Toro', '2004-04-02', '7', 'https://images-na.ssl-images-amazon.com/images/M/MV5BNTc1ZWY0ZTEtZTVmNi00MTg0LTg4NmQtZTI4OWNiMmQ0MWZkXkEyXkFqcGdeQXVyNTIzOTk5ODM@._V1_SX300.jpg', 'A demon, raised from infancy after being conjured by and rescued from the Nazis, grows up to become a defender against the forces of darkness.', 'Action'),
(313, 'Van Helsing', '2004', '131', 1, 'Stephen Sommers', '2004-05-07', '6', 'https://images-na.ssl-images-amazon.com/images/M/MV5BODRmY2NhNDItOWViNi00OTIyLTk3YjYtYzY0YTFlMDg1YzQ0L2ltYWdlL2ltYWdlXkEyXkFqcGdeQXVyMTQxNzMzNDI@._V1_SX300.jpg', 'The notorious monster hunter is sent to Transylvania to stop Count Dracula who is using Dr. Frankenstein´s research and a werewolf for some sinister purpose.', 'Action'),
(314, 'American Splendor', '2003', '101', 4, 'Shari Springer Berman, Robert Pulcini', '2003-09-12', '8', 'https://images-na.ssl-images-amazon.com/images/M/MV5BMjA0MjYxNjY1MV5BMl5BanBnXkFtZTcwNDkwMjAwMQ@@._V1_SX300.jpg', 'An original mix of fiction and reality illuminates the life of comic book hero everyman Harvey Pekar.', 'Biography'),
(315, 'The Other Side of the Bed', '2002', '114', 5, 'Emilio Martínez Lázaro', '2002-07-05', '7', 'https://images-na.ssl-images-amazon.com/images/M/MV5BYzI4MmFkOGYtYTFjNi00NDZjLTk3NzQtMDZhNWRkNjdhMzQxXkEyXkFqcGdeQXVyMTA0MjU0Ng@@._V1_SX300.jpg', 'Two couples entwine on their search for love.', 'Comedy'),
(316, 'The Forgotten', '2004', '91', 8, 'Joseph Ruben', '2004-09-24', '6', 'https://images-na.ssl-images-amazon.com/images/M/MV5BMjAwMjIyNjU4NV5BMl5BanBnXkFtZTcwNjE3NjYyMQ@@._V1_SX300.jpg', 'After being told that their children never existed, a man and woman soon discover there is a much bigger enemy at work.', 'Drama'),
(317, 'Something´s Gotta Give', '2003', '128', 5, 'Nancy Meyers', '2003-12-12', '7', 'https://images-na.ssl-images-amazon.com/images/M/MV5BODYyNmRlNDMtYzg1Zi00NzlhLWI4ZDMtZWUwOTQzMDZiYTQyXkEyXkFqcGdeQXVyNjE5MjUyOTM@._V1_SX300.jpg', 'A swinger on the cusp of being a senior citizen with a taste for young women falls in love with an accomplished woman closer to his age.', 'Comedy'),
(318, 'Boat Trip', '2002', '94', 5, 'Mort Nathan', '2003-03-21', '5', 'https://images-na.ssl-images-amazon.com/images/M/MV5BMjAxNzQ4MjczMV5BMl5BanBnXkFtZTYwNjEzNTk5._V1_SX300.jpg', 'Two straight men mistakenly end up on a \"gays only\" cruise.', 'Comedy'),
(319, 'Patoruzito', '2004', '75', 3, 'José Luis Massa', '2004-07-08', '5', 'https://images-na.ssl-images-amazon.com/images/M/MV5BMDlmZDk4NDgtZmZiYi00YTQ3LWIwMmItZmNkZjAwZTMyN2YyXkEyXkFqcGdeQXVyNTgwNzU4NjM@._V1_SX300.jpg', 'An animated adventure tale about a young boy and his family who live in the Patagonian outback.', 'Animation'),
(320, 'Superbad', '2007', '113', 5, 'Greg Mottola', '2007-08-17', '8', 'https://images-na.ssl-images-amazon.com/images/M/MV5BMTc0NjIyMjA2OF5BMl5BanBnXkFtZTcwMzIxNDE1MQ@@._V1_SX300.jpg', 'Two co-dependent high school seniors are forced to deal with separation anxiety after their plan to stage a booze-soaked party goes awry.', 'Comedy'),
(321, 'House of the Dead', '2003', '90', 1, 'Uwe Boll', '2003-10-10', '2', 'https://images-na.ssl-images-amazon.com/images/M/MV5BNjUzMDQyMjE0MF5BMl5BanBnXkFtZTcwOTA0NDYyMQ@@._V1_SX300.jpg', 'A group of college students travel to a mysterious island to attend a rave, which is soon taken over by bloodthirsty zombies.', 'Action'),
(322, 'Tais-toi quand tu parles!', '1981', '89', 5, 'Philippe Clair', '1981-09-02', '5', 'https://images-na.ssl-images-amazon.com/images/M/MV5BNzRjYWFmNWYtOTljOC00ZGM3LWExYzAtZDgwZDA5ZmNkOTkxXkEyXkFqcGdeQXVyMjU5OTg5NDc@._V1_SX300.jpg', 'Giacomo a une idole: James Bond. Quand il rêve, il rêve de lui, de ses aventures mirobolantes, surtout en Tunisie, et d´une femme très belle, Belle. En réalité il est au chômage, accablé ...', 'Comedy'),
(323, 'Rocky Balboa', '2006', '102', 8, 'Sylvester Stallone', '2006-12-20', '7', 'https://images-na.ssl-images-amazon.com/images/M/MV5BNWIyNmQyNjctYmVmMS00MGI4LWIxMmUtNjA0ODYzOTA0Yjk0L2ltYWdlXkEyXkFqcGdeQXVyNTAyODkwOQ@@._V1_SX300.jpg', 'Thirty years after the ring of the first bell, Rocky Balboa comes out of retirement and dons his gloves for his final fight; against the reigning heavyweight champ Mason ´The Line´ Dixon.', 'Drama'),
(324, 'Cold Mountain', '2003', '154', 2, 'Anthony Minghella', '2003-12-25', '7', 'https://images-na.ssl-images-amazon.com/images/M/MV5BMTY3NTc5NzcyOF5BMl5BanBnXkFtZTcwMDM0NjQyMQ@@._V1_SX300.jpg', 'In the waning days of the American Civil War, a wounded soldier embarks on a perilous journey back home to Cold Mountain, North Carolina to reunite with his sweetheart.', 'Adventure'),
(325, '21 Grams', '2003', '124', 6, 'Alejandro González Iñárritu', '2004-01-16', '8', 'https://images-na.ssl-images-amazon.com/images/M/MV5BMjA4MjI2OTM5N15BMl5BanBnXkFtZTcwNDA1NjUzMw@@._V1_SX300.jpg', 'A freak accident brings together a critically ill mathematician, a grieving mother, and a born-again ex-con.', 'Crime'),
(326, 'Garfield', '2004', '80', 3, 'Peter Hewitt', '2004-06-11', '5', 'https://images-na.ssl-images-amazon.com/images/M/MV5BMTIzMTc1OTUxOV5BMl5BanBnXkFtZTYwNTMxODc3._V1_SX300.jpg', 'Jon Arbuckle buys a second pet, a dog named Odie. However, Odie is then abducted and it is up to Jon´s cat, Garfield, to find and rescue the canine.', 'Animation'),
(327, 'Along Came Polly', '2004', '90', 5, 'John Hamburg', '2004-01-16', '6', 'https://images-na.ssl-images-amazon.com/images/M/MV5BMTcxMDMwODg3Nl5BMl5BanBnXkFtZTYwMTM4NTY3._V1_SX300.jpg', 'A buttoned up newlywed finds his too organized life falling into chaos when he falls in love with an old classmate.', 'Comedy'),
(328, 'Eternal Sunshine of the Spotless Mind', '2004', '108', 8, 'Michel Gondry', '2004-03-19', '8', 'https://images-na.ssl-images-amazon.com/images/M/MV5BMTY4NzcwODg3Nl5BMl5BanBnXkFtZTcwNTEwOTMyMw@@._V1_SX300.jpg', 'When their relationship turns sour, a couple undergoes a procedure to have each other erased from their memories. But it is only through the process of loss that they discover what they had to begin with.', 'Drama'),
(329, 'Ladder 49', '2004', '115', 1, 'Jay Russell', '2004-10-01', '7', 'https://images-na.ssl-images-amazon.com/images/M/MV5BMjEyNDQ0NjAzMV5BMl5BanBnXkFtZTcwMjk2OTUyMQ@@._V1_SX300.jpg', 'Under the watchful eye of his mentor Captain Mike Kennedy, probationary firefighter Jack Morrison matures into a seasoned veteran at a Baltimore fire station. Jack has reached a crossroads,...', 'Action'),
(330, 'Lost in Translation', '2003', '102', 8, 'Sofia Coppola', '2003-10-03', '8', 'https://images-na.ssl-images-amazon.com/images/M/MV5BMTI2NDI5ODk4N15BMl5BanBnXkFtZTYwMTI3NTE3._V1_SX300.jpg', 'A faded movie star and a neglected young woman form an unlikely bond after crossing paths in Tokyo.', 'Drama'),
(331, 'Reconstruction', '2003', '90', 8, 'Christoffer Boe', '2003-09-26', '7', 'https://images-na.ssl-images-amazon.com/images/M/MV5BMjA0Njk1MzgxNl5BMl5BanBnXkFtZTcwOTMzNTgyMQ@@._V1_SX300.jpg', 'A young man who thought himself already in love with a nice girl is drawn into a literary drama when he is captured by a deep and stimulating love affair.', 'Drama'),
(332, 'Godsend', '2004', '102', 8, 'Nick Hamm', '2004-04-30', '5', 'https://images-na.ssl-images-amazon.com/images/M/MV5BMTYzNzE3MTg5Ml5BMl5BanBnXkFtZTcwMTIxNDYwNQ@@._V1_SX300.jpg', 'A couple agree to have their deceased son cloned, under the supervision of an enigmatic doctor but bizarre things start to happen years after his rebirth.', 'Drama'),
(333, 'Like Mike', '2002', '99', 5, 'John Schultz', '2002-07-03', '5', 'https://images-na.ssl-images-amazon.com/images/M/MV5BMTcxNDYzNjUxNV5BMl5BanBnXkFtZTYwODM4Njk2._V1_SX300.jpg', 'A 14-year-old orphan becomes an NBA superstar after trying on a pair of sneakers with the faded initials \"M.J.\" inside.', 'Comedy'),
(334, '50 First Dates', '2004', '99', 5, 'Peter Segal', '2004-02-13', '7', 'https://images-na.ssl-images-amazon.com/images/M/MV5BMjAwMzc4MDgxNF5BMl5BanBnXkFtZTYwNjUwMzE3._V1_SX300.jpg', 'Henry Roth is a man afraid of commitment up until he meets the beautiful Lucy. They hit it off and Henry think he´s finally found the girl of his dreams, until he discovers she has short-term memory loss and forgets him the very next day.', 'Comedy'),
(335, 'The Secret Lives of Dentists', '2002', '104', 8, 'Alan Rudolph', '2003-08-29', '7', 'https://images-na.ssl-images-amazon.com/images/M/MV5BMjE3NTA5NDE0MF5BMl5BanBnXkFtZTcwMjk2MzAwMQ@@._V1_SX300.jpg', 'An introspective dentist´s suspicions about his wife´s infidelity stresses his mental well being and family life to the breaking point.', 'Drama'),
(336, 'Since Otar Left', '2003', '103', 8, 'Julie Bertuccelli', '2003-09-17', '8', 'https://images-na.ssl-images-amazon.com/images/M/MV5BMTc2OTc0OTE2N15BMl5BanBnXkFtZTcwNDczNjcyMQ@@._V1_SX300.jpg', 'The one joy in the lives of a mother and daughter comes from the regular letters sent to them from Paris from the family´s adored son, Otar. When the daughter finds out that Otar has died ...', 'Drama'),
(337, 'Blade: Trinity', '2004', '113', 1, 'David S. Goyer', '2004-12-08', '6', 'https://images-na.ssl-images-amazon.com/images/M/MV5BMjE0Nzg2MzI3MF5BMl5BanBnXkFtZTYwMjExODQ3._V1_SX300.jpg', 'Blade, now a wanted man by the FBI, must join forces with the Nightstalkers to face his most challenging enemy yet: Dracula.', 'Action'),
(338, 'Peter Pan', '1953', '77', 3, 'Clyde Geronimi, Wilfred Jackson, Hamilton Luske, Jack Kinney', '1953-02-05', '7', 'https://images-na.ssl-images-amazon.com/images/M/MV5BMzIwMzUyYTUtMjQ3My00NDc3LWIyZjQtOGUzNDJmNTFlNWUxXkEyXkFqcGdeQXVyMjA0MDQ0Mjc@._V1_SX300.jpg', 'Wendy and her brothers are whisked away to the magical world of Neverland with the hero of their stories, Peter Pan.', 'Animation'),
(339, 'The Bourne Supremacy', '2004', '108', 1, 'Paul Greengrass', '2004-07-23', '8', 'https://images-na.ssl-images-amazon.com/images/M/MV5BYTIyMDFmMmItMWQzYy00MjBiLTg2M2UtM2JiNDRhOWE4NjBhXkEyXkFqcGdeQXVyNjU0OTQ0OTY@._V1_SX300.jpg', 'When Jason Bourne is framed for a CIA operation gone awry, he is forced to resume his former life as a trained assassin to survive.', 'Action'),
(340, 'The Singer', '1978', '90', 1, 'Dean Reed', '1978-01-01', '7', 'http://ia.media-imdb.com/images/M/MV5BMTQ1OTc3NjYyOF5BMl5BanBnXkFtZTgwNDEzODk1MDE@._V1_SX300.jpg', 'Victor Jara is one of the most popular singers in Chile. In 1973 he is arrested by the military and his body is found dead.', 'Action'),
(341, 'Alpha Dog', '2006', '122', 4, 'Nick Cassavetes', '2007-01-12', '7', 'https://images-na.ssl-images-amazon.com/images/M/MV5BMjExODMyNzQzMl5BMl5BanBnXkFtZTYwNzMwNTg3._V1_SX300.jpg', 'A drama based on the life of Jesse James Hollywood, a drug dealer who became one of the youngest men ever to be on the FBI´s most wanted list.', 'Biography'),
(342, 'The Painted Veil', '2006', '125', 8, 'John Curran', '2007-01-19', '8', 'https://images-na.ssl-images-amazon.com/images/M/MV5BMTMzODg4MjU4OF5BMl5BanBnXkFtZTYwNDAzNTU3._V1_SX300.jpg', 'A British medical doctor fights a cholera epidemic in a small Chinese village, while being trapped at home in a loveless marriage to an unfaithful wife.', 'Drama'),
(343, 'Palermo Hollywood', '2004', '113', 8, 'Eduardo Pinto', '2004-10-14', '6', 'https://images-na.ssl-images-amazon.com/images/M/MV5BZTJhOThmNTQtYmZhYy00N2U0LWIxYTItNDgzYWIzODAwM2Q1XkEyXkFqcGdeQXVyMzU0NzkwMDg@._V1_SX300.jpg', 'Two petty criminal party boys get in over their heads when a kidnapping goes awry.', 'Drama'),
(344, 'Robots', '2005', '91', 3, 'Chris Wedge, Carlos Saldanha', '2005-03-11', '6', 'https://images-na.ssl-images-amazon.com/images/M/MV5BNDYyNjY1NjY1M15BMl5BanBnXkFtZTcwNjk5MDczMw@@._V1_SX300.jpg', 'In a robot world, a young idealistic inventor travels to the big city to join his inspiration´s company, only to find himself opposing its sinister new management.', 'Animation'),
(345, 'Little Children', '2006', '136', 8, 'Todd Field', '2007-02-09', '8', 'https://images-na.ssl-images-amazon.com/images/M/MV5BMTYwNzEwNTI3MV5BMl5BanBnXkFtZTcwODUyODczMQ@@._V1_SX300.jpg', 'The lives of two lovelorn spouses from separate marriages, a registered sex offender, and a disgraced ex-police officer intersect as they struggle to resist their vulnerabilities and temptations in suburban Massachusetts.', 'Drama'),
(346, 'Michael Clayton', '2007', '119', 6, 'Tony Gilroy', '2007-10-12', '7', 'https://images-na.ssl-images-amazon.com/images/M/MV5BMTc0NTU5MjI2MV5BMl5BanBnXkFtZTcwMTg5NTQzMw@@._V1_SX300.jpg', 'A law firm brings in its \"fixer\" to remedy the situation after a lawyer has a breakdown while representing a chemical company that he knows is guilty in a multibillion-dollar class action suit.', 'Crime'),
(347, 'Shrek the Third', '2007', '93', 3, 'Chris Miller, Raman Hui', '2007-05-18', '6', 'https://images-na.ssl-images-amazon.com/images/M/MV5BMDEyM2FiNzMtNjFlNi00MTViLTlkZWItMGY1NzJkZjQ0ODdjL2ltYWdlL2ltYWdlXkEyXkFqcGdeQXVyMTQxNzMzNDI@._V1_SX300.jpg', 'When his new father-in-law, King Harold falls ill, Shrek is looked at as the heir to the land of Far, Far Away. Not one to give up his beloved swamp, Shrek recruits his friends Donkey and Puss in Boots to install the rebellious Artie as the new king. Princess Fiona, however, rallies a band of royal girlfriends to fend off a coup d´etat by the jilted Prince Charming.', 'Animation'),
(348, 'Serving Sara', '2002', '99', 5, 'Reginald Hudlin', '2002-08-23', '5', 'https://images-na.ssl-images-amazon.com/images/M/MV5BNDJkN2MyMjUtMjJhNi00Mzc1LTkzYzUtNWI5NGQzZGIwOWM3XkEyXkFqcGdeQXVyMTQxNzMzNDI@._V1_SX300.jpg', 'A process server tries to serve an elusive female target.', 'Comedy'),
(349, 'Lord of War', '2005', '122', 6, 'Andrew Niccol', '2005-09-16', '8', 'https://images-na.ssl-images-amazon.com/images/M/MV5BMTYzZWE3MDAtZjZkMi00MzhlLTlhZDUtNmI2Zjg3OWVlZWI0XkEyXkFqcGdeQXVyNDk3NzU2MTQ@._V1_SX300.jpg', 'An arms dealer confronts the morality of his work as he is being chased by an Interpol agent.', 'Crime'),
(350, 'The Woodsman', '2004', '87', 8, 'Nicole Kassell', '2005-01-21', '7', 'https://images-na.ssl-images-amazon.com/images/M/MV5BMTk2NDI1NjM2OV5BMl5BanBnXkFtZTcwMjIzMTg4NA@@._V1_SX300.jpg', 'A child molester returns to his hometown after 12 years in prison and attempts to start a new life.', 'Drama'),
(351, 'The Lord of the Rings: The Return of the King', '2003', '201', 2, 'Peter Jackson', '2003-12-17', '9', 'https://images-na.ssl-images-amazon.com/images/M/MV5BYWY1ZWQ5YjMtMDE0MS00NWIzLWE1M2YtODYzYTk2OTNlYWZmXkEyXkFqcGdeQXVyNDUyOTg3Njg@._V1_SX300.jpg', 'Gandalf and Aragorn lead the World of Men against Sauron´s army to draw his gaze from Frodo and Sam as they approach Mount Doom with the One Ring.', 'Adventure'),
(352, 'Ghost Rider', '2007', '114', 1, 'Mark Steven Johnson', '2007-02-16', '5', 'https://images-na.ssl-images-amazon.com/images/M/MV5BMzIyNDE5ODI1OV5BMl5BanBnXkFtZTcwNTIyNDE0MQ@@._V1_SX300.jpg', 'Stunt motorcyclist Johnny Blaze gives up his soul to become a hellblazing vigilante, to fight against power hungry Blackheart, the son of the devil himself.', 'Action'),
(353, 'Hairspray', '2007', '117', 5, 'Adam Shankman', '2007-07-20', '7', 'https://images-na.ssl-images-amazon.com/images/M/MV5BMTIyMTMzNzIyNV5BMl5BanBnXkFtZTcwMjM1NDk0MQ@@._V1_SX300.jpg', 'Pleasantly plump teenager Tracy Turnblad teaches 1962 Baltimore a thing or two about integration after landing a spot on a local TV dance show.', 'Comedy'),
(354, 'Batman Begins', '2005', '140', 1, 'Christopher Nolan', '2005-06-15', '8', 'https://images-na.ssl-images-amazon.com/images/M/MV5BNTM3OTc0MzM2OV5BMl5BanBnXkFtZTYwNzUwMTI3._V1_SX300.jpg', 'After training with his mentor, Batman begins his fight to free crime-ridden Gotham City from the corruption that Scarecrow and the League of Shadows have cast upon it.', 'Action'),
(355, 'Zatoichi: The Blind Swordsman´s Pilgrimage', '1966', '82', 8, 'Kazuo Ikehiro', '1966-08-13', '7', 'https://images-na.ssl-images-amazon.com/images/M/MV5BMTczNTY3OTE0Ml5BMl5BanBnXkFtZTgwOTAyODIyMTE@._V1_SX300.jpg', 'Zatoichi´s trek through 88 temples to atone for his violent past is interrupted as he stumbles into a village terrorized by a violent yakuza boss.', 'Drama'),
(356, 'Ocean´s Twelve', '2004', '125', 6, 'Steven Soderbergh', '2004-12-10', '7', 'https://images-na.ssl-images-amazon.com/images/M/MV5BMTQ3NTIyMzczMF5BMl5BanBnXkFtZTYwMjgzNTg2._V1_SX300.jpg', 'Daniel Ocean recruits one more team member so he can pull off three major European heists in this sequel to Ocean´s 11.', 'Crime'),
(357, 'xXx: State of the Union', '2005', '101', 1, 'Lee Tamahori', '2005-04-29', '4', 'https://images-na.ssl-images-amazon.com/images/M/MV5BMjY4ZGQ2OGItNGQ4NC00MWVmLTgxMzktYThjNmRlNjYzYjQ0XkEyXkFqcGdeQXVyMTQxNzMzNDI@._V1_SX300.jpg', 'Darius Stone, a new agent in the xXx program, is sent to Washington, D.C. to stop a coup attempt against the President of the United States.', 'Action'),
(358, 'Million Dollar Baby', '2004', '132', 8, 'Clint Eastwood', '2005-01-28', '8', 'https://images-na.ssl-images-amazon.com/images/M/MV5BMTkxNzA1NDQxOV5BMl5BanBnXkFtZTcwNTkyMTIzMw@@._V1_SX300.jpg', 'A determined woman works with a hardened boxing trainer to become a professional.', 'Drama'),
(359, 'Four Brothers', '2005', '109', 1, 'John Singleton', '2005-08-12', '7', 'https://images-na.ssl-images-amazon.com/images/M/MV5BMTU4NzM3Njg2NV5BMl5BanBnXkFtZTcwNjU4NDczMw@@._V1_SX300.jpg', 'Four brothers look to avenge their mother´s death.', 'Action'),
(360, 'Happy Feet', '2006', '108', 3, 'George Miller, Warren Coleman, Judy Morris', '2006-11-17', '7', 'https://images-na.ssl-images-amazon.com/images/M/MV5BMTQyNTkxMjUwMV5BMl5BanBnXkFtZTcwMDQ2NTU0MQ@@._V1_SX300.jpg', 'Into the world of the Emperor Penguins, who find their soul mates through song, a penguin is born who cannot sing. But he can tap dance something fierce!', 'Animation'),
(361, 'Pirates of the Caribbean: Dead Man´s Chest', '2006', '151', 1, 'Gore Verbinski', '2006-07-07', '7', 'https://images-na.ssl-images-amazon.com/images/M/MV5BMTcwODc1MTMxM15BMl5BanBnXkFtZTYwMDg1NzY3._V1_SX300.jpg', 'Jack Sparrow races to recover the heart of Davy Jones to avoid enslaving his soul to Jones´ service, as other friends and foes seek the heart for their own agenda as well.', 'Action'),
(362, 'The Way I Spent the End of the World', '2006', '106', 8, 'Cãtãlin Mitulescu', '2006-08-30', '7', 'https://images-na.ssl-images-amazon.com/images/M/MV5BMTgyOTY5NzU5MF5BMl5BanBnXkFtZTcwMTczNDAzNA@@._V1_SX300.jpg', 'In communist era Romania, people live with hope for a new life of freedom.', 'Drama'),
(363, 'The Death of Mr. Lazarescu', '2005', '153', 8, 'Cristi Puiu', '2005-09-22', '8', 'https://images-na.ssl-images-amazon.com/images/M/MV5BMTcxNDk3MTQ3OF5BMl5BanBnXkFtZTcwODgwODczMQ@@._V1_SX300.jpg', 'Mr. Lazarescu, a 63 year old lonely man feels sick and calls the ambulance. When it arrives, the paramedic decides he should take him to the hospital but once there they decide to send him ...', 'Drama'),
(364, 'Be with Me', '2005', '93', 8, 'Eric Khoo', '2005-09-08', '7', 'https://images-na.ssl-images-amazon.com/images/M/MV5BMTgwMDgxNjk2N15BMl5BanBnXkFtZTcwNTY1NTk3OA@@._V1_SX300.jpg', '\"Be with me\" consists of three stories of love vs. solitude : 1)An aging, lonesome shopkeeper doesn´t believe in life any more since his wife died. But he is saved from desperation by ...', 'Drama'),
(365, 'Shortbus', '2006', '101', 8, 'John Cameron Mitchell', '2006-10-20', '7', 'https://images-na.ssl-images-amazon.com/images/M/MV5BZjkwMTk1OWMtZjg4ZC00YWVlLTkyZGItZTU4ZjQ5NDM0M2NkXkEyXkFqcGdeQXVyMTQxNzMzNDI@._V1_SX300.jpg', 'A group of New Yorkers caught up in their romantic-sexual milieu converge at an underground salon infamous for its blend of art, music, politics, and carnality.', 'Drama'),
(366, 'The Holy Girl', '2004', '106', 8, 'Lucrecia Martel', '2004-05-06', '7', 'https://images-na.ssl-images-amazon.com/images/M/MV5BOGU4MzYyYjYtMDViYi00NGMxLThhOGItZDJkNDNmMzdkY2E5XkEyXkFqcGdeQXVyMTA0MjU0Ng@@._V1_SX300.jpg', '16-year-old Amalia looks to save the soul a middle-aged doctor.', 'Drama'),
(367, 'Paycheck', '2003', '119', 1, 'John Woo', '2003-12-25', '6', 'https://images-na.ssl-images-amazon.com/images/M/MV5BMTczMzU5NDk4MV5BMl5BanBnXkFtZTYwNDQxNzc3._V1_SX300.jpg', 'What seemed like a breezy idea for an engineer to net him millions of dollars, leaves him on the run for his life and piecing together why he´s being chased.', 'Action'),
(368, 'The Seeker: The Dark Is Rising', '2007', '99', 2, 'David L. Cunningham', '2007-10-05', '5', 'https://images-na.ssl-images-amazon.com/images/M/MV5BMTI4ODI5MzEwM15BMl5BanBnXkFtZTYwMTg4Njk3._V1_SX300.jpg', 'A boy´s life is turned upside down when he learns that he is the last of a group of immortal warriors who have dedicated their lives to fighting the forces of the dark.', 'Adventure'),
(369, 'Knocked Up', '2007', '129', 5, 'Judd Apatow', '2007-06-01', '7', 'https://images-na.ssl-images-amazon.com/images/M/MV5BNzgzYjMzMWItNDFiYi00ZjhkLWIyMzYtZGRlY2FmNzkwNjRhL2ltYWdlXkEyXkFqcGdeQXVyMTQxNzMzNDI@._V1_SX300.jpg', 'For fun-loving party animal Ben Stone, the last thing he ever expected was for his one-night stand to show up on his doorstep eight weeks later to tell him she´s pregnant with his child.', 'Comedy'),
(370, 'Rush Hour 3', '2007', '91', 1, 'Brett Ratner', '2007-08-10', '6', 'https://images-na.ssl-images-amazon.com/images/M/MV5BMTA0Nzg5NjQ0MDBeQTJeQWpwZ15BbWU3MDE4Mzg5NDE@._V1_SX300.jpg', 'After an attempted assassination on Ambassador Han, Lee and Carter head to Paris to protect a French woman with knowledge of the Triads´ secret leaders.', 'Action'),
(371, 'Fearless', '2006', '104', 1, 'Ronny Yu', '2006-09-22', '8', 'https://images-na.ssl-images-amazon.com/images/M/MV5BZmIxOTg0NWUtYWI2NC00Y2Y3LTgyYzItOGUxNjE3ZTgwMGEyL2ltYWdlXkEyXkFqcGdeQXVyNTAyODkwOQ@@._V1_SX300.jpg', 'A biography of Chinese Martial Arts Master Huo Yuanjia, who is the founder and spiritual guru of the Jin Wu Sports Federation.', 'Action'),
(372, 'The Last King of Scotland', '2006', '123', 4, 'Kevin Macdonald', '2007-01-19', '8', 'https://images-na.ssl-images-amazon.com/images/M/MV5BMjM1NTkxNjkzMl5BMl5BanBnXkFtZTgwNDgwMDAxMzE@._V1_SX300.jpg', 'Based on the events of the brutal Ugandan dictator Idi Amin´s regime as seen by his personal physician during the 1970´s.', 'Biography'),
(373, 'Inland Empire', '2006', '180', 8, 'David Lynch', '2007-02-07', '7', 'https://images-na.ssl-images-amazon.com/images/M/MV5BMDUwODA0ZDQtZmNlNS00YTcwLWI0ZTEtMDcwN2E5MWNjOGIxL2ltYWdlXkEyXkFqcGdeQXVyMTQxNzMzNDI@._V1_SX300.jpg', 'As an actress starts to adopt the persona of her character in a film, her world starts to become nightmarish and surreal.', 'Drama'),
(374, 'Premonition', '2007', '96', 8, 'Mennan Yapo', '2007-03-16', '6', 'https://images-na.ssl-images-amazon.com/images/M/MV5BMTY1MDU1MzAwOV5BMl5BanBnXkFtZTYwMDkzNzY3._V1_SX300.jpg', 'Depressed housewife learns her husband was killed in a car accident the day previously, awakens the next morning to find him alive and well at home, and then awakens the next day after to a world in which he is still dead.', 'Drama'),
(375, 'The Contract', '2006', '96', 1, 'Bruce Beresford', '2007-04-05', '6', 'https://images-na.ssl-images-amazon.com/images/M/MV5BMjEzNTIwMjg2OV5BMl5BanBnXkFtZTcwMzMxNzg0MQ@@._V1_SX300.jpg', 'Ray Keene (John Cusack), a father who wants to redeem himself in the eyes of his son (Jamie Anderson), is trying to bring Carden (Morgan Freeman), a world-class assassin to justice. All the...', 'Action'),
(376, 'See No Evil', '2006', '84', 1, 'Gregory Dark', '2006-05-19', '5', 'https://images-na.ssl-images-amazon.com/images/M/MV5BMTg3MTgxNDI1MV5BMl5BanBnXkFtZTcwMTkzMjYzMQ@@._V1_SX300.jpg', 'A group of delinquents are sent to clean the Blackwell Hotel. Little do they know reclusive psychopath Jacob Goodnight has holed away in the rotting hotel. When one of the teens is captured, those who remain - a group that includes the cop who put a bullet in Goodnight´s head four years ago - band together to survive against the brutal killer.', 'Action'),
(377, 'The Flock', '2007', '96', 6, 'Wai-Keung Lau', '2007-08-04', '6', 'https://images-na.ssl-images-amazon.com/images/M/MV5BMjExMzE5NDM1OV5BMl5BanBnXkFtZTcwMDYxMDM0MQ@@._V1_SX300.jpg', 'This film is about a hyper-vigilant employee of the department of public safety who, while training his young female replacement, has to track down a missing girl who he is convinced is connected to a paroled sex offender he is investigating.', 'Crime'),
(378, 'El custodio', '2006', '95', 8, 'Rodrigo Moreno', '2006-04-06', '7', 'https://images-na.ssl-images-amazon.com/images/M/MV5BMTUxNDMxODE1MV5BMl5BanBnXkFtZTgwNzg1MDA2MDE@._V1_SX300.jpg', 'A bodyguard of a top politician is so dedicated that he´s in danger of losing his own identity.', 'Drama'),
(379, 'The Host', '2006', '120', 5, 'Joon Ho Bong', '2007-03-30', '7', 'https://images-na.ssl-images-amazon.com/images/M/MV5BMTc1NDQ0MDQ2N15BMl5BanBnXkFtZTgwMjE0NjQ0MDI@._V1_SX300.jpg', 'A monster emerges from Seoul´s Han River and focuses its attention on attacking people. One victim´s loving family does what it can to rescue her from its clutches.', 'Comedy'),
(380, 'Lucky Number Slevin', '2006', '110', 6, 'Paul McGuigan', '2006-04-07', '8', 'https://images-na.ssl-images-amazon.com/images/M/MV5BZjczMWI1YWMtYTZjOS00ZDc5LWE2MWItMTY3ZGUxNzFkNjJmL2ltYWdlXkEyXkFqcGdeQXVyNjU0OTQ0OTY@._V1_SX300.jpg', 'A case of mistaken identity lands Slevin into the middle of a war being plotted by two of the city´s most rival crime bosses: The Rabbi and The Boss. Slevin is under constant surveillance by relentless Detective Brikowski as well as the infamous assassin Goodkat and finds himself having to hatch his own ingenious plot to get them before they get him.', 'Crime'),
(381, 'Princesas', '2005', '109', 8, 'Fernando León de Aranoa', '2005-09-02', '7', 'https://images-na.ssl-images-amazon.com/images/M/MV5BNDQ3ODkwMGQtZmE4OC00YTUzLWI0NzMtODkyMzI0ZmQ4YTI0XkEyXkFqcGdeQXVyMTA0MjU0Ng@@._V1_SX300.jpg', 'Friendship and love in the world of prostitution in Spain.', 'Drama'),
(382, 'Thumbsucker', '2005', '96', 5, 'Mike Mills', '2005-10-07', '7', 'https://images-na.ssl-images-amazon.com/images/M/MV5BYTYyZDUzNGItMTA0Zi00ODhkLTk5NzktYTg3YjFjMWFjZmI1L2ltYWdlL2ltYWdlXkEyXkFqcGdeQXVyMTQxNzMzNDI@._V1_SX300.jpg', 'Justin throws himself and everyone around him into chaos when he attempts to break free from his addiction to his thumb.', 'Comedy'),
(383, 'The Science of Sleep', '2006', '105', 5, 'Michel Gondry', '2006-09-29', '7', 'https://images-na.ssl-images-amazon.com/images/M/MV5BMTg3NTcxNzY5NV5BMl5BanBnXkFtZTcwODk5NTQzMQ@@._V1_SX300.jpg', 'A man entranced by his dreams and imagination is love-struck with a French woman and feels he can show her his world.', 'Comedy'),
(384, 'V for Vendetta', '2005', '132', 1, 'James McTeigue', '2006-03-17', '8', 'https://images-na.ssl-images-amazon.com/images/M/MV5BYzllMjJkODAtYjMwMi00YmNhLWFhYzAtZjZjODg5YzEwOGUwXkEyXkFqcGdeQXVyNjU0OTQ0OTY@._V1_SX300.jpg', 'In a future British tyranny, a shadowy freedom fighter, known only by the alias of \"V\", plots to overthrow it with the help of a young woman.', 'Action'),
(385, 'Man to Man', '2005', '122', 8, 'Régis Wargnier', '2005-04-13', '7', 'https://images-na.ssl-images-amazon.com/images/M/MV5BMTM4NDk4MTA3Ml5BMl5BanBnXkFtZTcwODY2MTY4Mg@@._V1_SX300.jpg', 'An epic about anthropologists who hunt and capture pygmies for study back in Europe, in an attempt to illustrate the link between man and ape.', 'Drama'),
(386, 'King Kong', '2005', '187', 1, 'Peter Jackson', '2005-12-14', '7', 'https://images-na.ssl-images-amazon.com/images/M/MV5BMjYxYmRlZWYtMzAwNC00MDA1LWJjNTItOTBjMzlhNGMzYzk3XkEyXkFqcGdeQXVyMTQxNzMzNDI@._V1_SX300.jpg', 'A movie crew, travelling to a mysterious island to shoot their picture, encounter a furious gorilla, taking their leading actress and forming a special relationship with her, protecting her at all costs.', 'Action'),
(387, 'The Edukators', '2004', '127', 5, 'Hans Weingartner', '2004-11-25', '8', 'https://images-na.ssl-images-amazon.com/images/M/MV5BMTc2MDYyNjExOF5BMl5BanBnXkFtZTcwMTcyNDAzMQ@@._V1_SX300.jpg', 'Three activists cobble together a kidnapping plot after they encounter a businessman in his home.', 'Comedy'),
(388, 'Don´t Come Knocking', '2005', '122', 8, 'Wim Wenders', '2005-08-25', '7', 'https://images-na.ssl-images-amazon.com/images/M/MV5BMTA2MzI3MjM4MDReQTJeQWpwZ15BbWU3MDI2MDMyMzE@._V1_SX300.jpg', 'Howard Spence (Sam Shepard) has seen better days. Once a big Western movie star, he now drowns his disgust for his selfish and failed life with alcohol, drugs and young women. If he were to...', 'Drama'),
(389, 'The Ax', '2005', '117', 5, 'Costa-Gavras', '2005-03-02', '8', 'https://images-na.ssl-images-amazon.com/images/M/MV5BMTc3MDAzNjYxNF5BMl5BanBnXkFtZTgwOTIzMDA2MDE@._V1_SX300.jpg', 'A chemist (Garcia) loses his job to outsourcing. Two years later and still jobless, he hits on a solution: to genuinely eliminate his competition.', 'Comedy'),
(390, 'Sicko', '2007', '123', 7, 'Michael Moore', '2007-07-03', '8', 'https://images-na.ssl-images-amazon.com/images/M/MV5BMjM2Mjc4MDkyOF5BMl5BanBnXkFtZTcwNjM2MDk0MQ@@._V1_SX300.jpg', 'A documentary comparing the highly profitable American health care industry to other nations, and HMO horror stories including shotgun deaths.', 'Documentary'),
(391, 'Poseidon', '2006', '98', 1, 'Wolfgang Petersen', '2006-05-12', '6', 'https://images-na.ssl-images-amazon.com/images/M/MV5BMTIwOTMwODM2Nl5BMl5BanBnXkFtZTYwMDY5NjU3._V1_SX300.jpg', 'On New Year´s Eve, the luxury ocean liner Poseidon capsizes after being swamped by a rogue wave. The survivors are left to fight for their lives as they attempt to escape the sinking ship.', 'Action'),
(392, 'No Reservations', '2007', '104', 5, 'Scott Hicks', '2007-07-27', '6', 'https://images-na.ssl-images-amazon.com/images/M/MV5BMTI1NzQ5MzU1OV5BMl5BanBnXkFtZTcwNzExODU0MQ@@._V1_SX300.jpg', 'The life of a top chef changes when she becomes the guardian of her young niece.', 'Comedy'),
(393, 'Unleashed', '2005', '103', 1, 'Louis Leterrier', '2005-05-13', '7', 'https://images-na.ssl-images-amazon.com/images/M/MV5BMTgwNjIyNTczMF5BMl5BanBnXkFtZTcwODI5MDkyMQ@@._V1_SX300.jpg', 'A man enslaved by the mob since childhood and raised into behaving like a human attack dog escapes his captors and attempts to start a new life.', 'Action'),
(394, 'The Ant Bully', '2006', '88', 3, 'John A. Davis', '2006-07-28', '6', 'https://images-na.ssl-images-amazon.com/images/M/MV5BMjE2OTYwMzQzNl5BMl5BanBnXkFtZTcwNDM1MjMzMQ@@._V1_SX300.jpg', 'After Lucas Nickle floods an ant colony with his watergun, he´s magically shrunken down to insect size and sentenced to hard labor in the ruins.', 'Animation'),
(395, 'Far from Heaven', '2002', '107', 8, 'Todd Haynes', '2003-01-10', '7', 'https://images-na.ssl-images-amazon.com/images/M/MV5BMTE5ODI3MTM4OV5BMl5BanBnXkFtZTYwNjE5OTg2._V1_SX300.jpg', 'In 1950s Connecticut, a housewife faces a marital crisis and mounting racial tensions in the outside world.', 'Drama'),
(396, 'Everything Is Illuminated', '2005', '106', 5, 'Liev Schreiber', '2005-10-14', '8', 'https://images-na.ssl-images-amazon.com/images/M/MV5BMjExNTU2MTczNl5BMl5BanBnXkFtZTYwODYxMjY3._V1_SX300.jpg', 'A young Jewish American man endeavors to find the woman who saved his grandfather during World War II in a Ukrainian village, that was ultimately razed by the Nazis, with the help of an eccentric local.', 'Comedy'),
(397, 'Monster-in-Law', '2005', '101', 5, 'Robert Luketic', '2005-05-13', '6', 'https://images-na.ssl-images-amazon.com/images/M/MV5BYTcwYjA1NGItM2YyYy00MmE4LTkxMzItYWNiZWRkNDFjNmE5L2ltYWdlL2ltYWdlXkEyXkFqcGdeQXVyMTQxNzMzNDI@._V1_SX300.jpg', 'The love life of Charlotte is reduced to an endless string of disastrous blind dates, until she meets the perfect man, Kevin. Unfortunately, his merciless mother will do anything to destroy their relationship.', 'Comedy'),
(398, 'The Legend of Zorro', '2005', '129', 1, 'Martin Campbell', '2005-10-28', '6', 'https://images-na.ssl-images-amazon.com/images/M/MV5BMTUzNDU2NTY5M15BMl5BanBnXkFtZTcwNDM1OTYzMQ@@._V1_SX300.jpg', 'Despite trying to keep his swashbuckling to a minimum, a threat to California´s pending statehood causes the adventure-loving Alejandro de la Vega (Banderas) -- and his wife, Elena (Zeta-Jones) -- to take action.', 'Action'),
(399, 'National Treasure', '2004', '131', 1, 'Jon Turteltaub', '2004-11-19', '7', 'https://images-na.ssl-images-amazon.com/images/M/MV5BMTY3NTc4OTYxMF5BMl5BanBnXkFtZTcwMjk5NzUyMw@@._V1_SX300.jpg', 'A historian races to find the legendary Templar Treasure before a team of mercenaries.', 'Action'),
(400, 'M', '1931', '99', 6, 'Fritz Lang', '1931-08-31', '8', 'https://images-na.ssl-images-amazon.com/images/M/MV5BMTQyNjA5NzU5MV5BMl5BanBnXkFtZTgwMDk1MTA5MTE@._V1_SX300.jpg', 'When the police in a German city are unable to catch a child-murderer, other criminals join in the manhunt.', 'Crime'),
(401, 'License to Wed', '2007', '91', 5, 'Ken Kwapis', '2007-07-03', '5', 'https://images-na.ssl-images-amazon.com/images/M/MV5BMTI5MTM2MjQ5NV5BMl5BanBnXkFtZTcwOTc3MDc0MQ@@._V1_SX300.jpg', 'A reverend puts an engaged couple through a grueling marriage preparation course to see if they are meant to be married in his church.', 'Comedy'),
(402, 'The Cooler', '2003', '101', 6, 'Wayne Kramer', '2004-01-16', '7', 'https://images-na.ssl-images-amazon.com/images/M/MV5BMTQzOTI5MDcxMV5BMl5BanBnXkFtZTYwMDQwOTI3._V1_SX300.jpg', 'In an old school Las Vegas casino, its top gambling jinx breaks his curse when he falls in love, much to his boss´ consternation.', 'Crime'),
(403, 'Tsotsi', '2005', '94', 6, 'Gavin Hood', '2006-03-31', '7', 'https://images-na.ssl-images-amazon.com/images/M/MV5BMTIwNDU1NTkyMV5BMl5BanBnXkFtZTcwNDkxMDIzMQ@@._V1_SX300.jpg', 'Six days in the violent life of a young Johannesburg gang leader.', 'Crime'),
(404, 'Gone Baby Gone', '2007', '114', 6, 'Ben Affleck', '2007-10-19', '8', 'https://images-na.ssl-images-amazon.com/images/M/MV5BNDFlMzhjZDQtNmRiYi00YTgxLTllNDktOWM5YTk1ZGE5MmY3L2ltYWdlXkEyXkFqcGdeQXVyNDQzMDg4Nzk@._V1_SX300.jpg', 'Two Boston area detectives investigate a little girl´s kidnapping, which ultimately turns into a crisis both professionally and personally.', 'Crime');
INSERT INTO `pelicula` (`id`, `titulo`, `anio`, `duracion`, `genero_id`, `director`, `fecha_lanzamiento`, `puntuacion`, `poster`, `trama`, `genero_string`) VALUES
(405, 'Sideways', '2004', '126', 5, 'Alexander Payne', '2005-01-21', '8', 'https://images-na.ssl-images-amazon.com/images/M/MV5BMTU0Mjg3MzkxOV5BMl5BanBnXkFtZTYwNDU1OTY3._V1_SX300.jpg', 'Two men reaching middle age with not much to show but disappointment embark on a week-long road trip through California´s wine country, just as one is about to take a trip down the aisle.', 'Comedy'),
(406, 'The 11th Hour', '2007', '95', 7, 'Leila Conners, Nadia Conners', '2007-10-10', '7', 'https://images-na.ssl-images-amazon.com/images/M/MV5BMTc3MjE1NDc1MV5BMl5BanBnXkFtZTcwMzU0MDE1MQ@@._V1_SX300.jpg', 'A look at the state of the global environment including visionary and practical solutions for restoring the planet´s ecosystems.', 'Documentary'),
(407, 'The In-Laws', '2003', '98', 1, 'Andrew Fleming', '2003-05-23', '6', 'https://images-na.ssl-images-amazon.com/images/M/MV5BMTQ1MDQ0MTA3NV5BMl5BanBnXkFtZTYwMDQxNDA3._V1_SX300.jpg', 'Right before his daughter´s wedding, a mild-mannered foot doctor discovers that his future son-in-law´s father is a free-wheeling international spy.', 'Action'),
(408, 'Stealth', '2005', '121', 1, 'Rob Cohen', '2005-07-29', '5', 'https://images-na.ssl-images-amazon.com/images/M/MV5BNzMzNTY0NTYwOV5BMl5BanBnXkFtZTcwMTExNjgyMQ@@._V1_SX300.jpg', 'Deeply ensconced in a top-secret military program, three pilots struggle to bring an artificial intelligence program under control before it initiates the next world war.', 'Action'),
(409, 'Duplex', '2003', '89', 5, 'Danny DeVito', '2003-09-26', '6', 'https://images-na.ssl-images-amazon.com/images/M/MV5BODAzNmI0MTYtMzZlNi00Yjk5LThhMjItOTFkMDRhNjdhYjUxXkEyXkFqcGdeQXVyMTQxNzMzNDI@._V1_SX300.jpg', 'A young couple has a chance to move into a gorgeous duplex in the perfect New York neighborhood. All they have to do is bump off the current tenant, a cute little old lady.', 'Comedy'),
(410, 'Read My Lips', '2001', '115', 6, 'Jacques Audiard', '2002-07-26', '7', 'https://images-na.ssl-images-amazon.com/images/M/MV5BMTU3NDY0MzQ5N15BMl5BanBnXkFtZTcwOTA3ODkxMQ@@._V1_SX300.jpg', 'She is almost deaf and she lip-reads. He is an ex-convict. She wants to help him. He thinks no one can help except himself.', 'Crime'),
(411, 'Hulk', '2003', '138', 1, 'Ang Lee', '2003-06-20', '6', 'https://images-na.ssl-images-amazon.com/images/M/MV5BMTQxNzUxNTE4Nl5BMl5BanBnXkFtZTYwMjcyNTk5._V1_SX300.jpg', 'Bruce Banner, a genetics researcher with a tragic past, suffers an accident that causes him to transform into a raging green monster when he gets angry.', 'Action'),
(412, 'Daredevil', '2003', '103', 1, 'Mark Steven Johnson', '2003-02-14', '5', 'https://images-na.ssl-images-amazon.com/images/M/MV5BMjYwZDNhMTgtNjEwNS00Y2Y0LTkxYjMtY2MyYTM0NDE1N2ZlXkEyXkFqcGdeQXVyMTQxNzMzNDI@._V1_SX300.jpg', 'A man blinded by toxic waste which also enhanced his remaining senses fights crime as an acrobatic martial arts superhero.', 'Action'),
(413, 'Dreamcatcher', '2003', '134', 8, 'Lawrence Kasdan', '2003-03-21', '6', 'https://images-na.ssl-images-amazon.com/images/M/MV5BMTk1MjQwMTQyMV5BMl5BanBnXkFtZTcwODcxMjEzMw@@._V1_SX300.jpg', 'Friends on a camping trip discover that the town they´re vacationing in is being plagued in an unusual fashion by parasitic aliens from outer space.', 'Drama'),
(414, 'American Wedding', '2003', '96', 5, 'Jesse Dylan', '2003-08-01', '6', 'https://images-na.ssl-images-amazon.com/images/M/MV5BMTAwNTIzNDk1MDVeQTJeQWpwZ15BbWU3MDMwNzAwMDE@._V1_SX300.jpg', 'It´s the wedding of Jim and Michelle and the gathering of their families and friends, including Jim´s old friends from high school and Michelle´s little sister.', 'Comedy'),
(415, 'City by the Sea', '2002', '108', 6, 'Michael Caton-Jones', '2002-09-06', '6', 'https://images-na.ssl-images-amazon.com/images/M/MV5BMTIwMjc1MzI3MF5BMl5BanBnXkFtZTYwMjUwMjY3._V1_SX300.jpg', 'Vincent Lamarca, whose father was executed for a 1950s kidnapping of a child, grew up to become a police officer, only to see his own son become a murderer.', 'Crime'),
(416, 'Bad Boys II', '2003', '147', 1, 'Michael Bay', '2003-07-18', '7', 'https://images-na.ssl-images-amazon.com/images/M/MV5BZmU4NzVkZjEtZmQxMi00ZDY5LWI3ZDYtMWRmZjE5YmYwZjQzXkEyXkFqcGdeQXVyMTQxNzMzNDI@._V1_SX300.jpg', 'Two loose-cannon narcotics cops investigate the flow of Ecstasy into Florida.', 'Action'),
(417, 'Love Actually', '2003', '135', 5, 'Richard Curtis', '2003-11-14', '8', 'https://images-na.ssl-images-amazon.com/images/M/MV5BMTY4NjQ5NDc0Nl5BMl5BanBnXkFtZTYwNjk5NDM3._V1_SX300.jpg', 'Follows the lives of eight very different couples in dealing with their love lives in various loosely interrelated tales all set during a frantic month before Christmas in London, England.', 'Comedy'),
(418, 'Mondays in the Sun', '2002', '113', 5, 'Fernando León de Aranoa', '2002-09-27', '8', 'https://images-na.ssl-images-amazon.com/images/M/MV5BYTYzYTAxYTMtOGI3Ni00MTk0LWFjMzEtYzc2MjdlZWY2MzlhXkEyXkFqcGdeQXVyMTA0MjU0Ng@@._V1_SX300.jpg', 'This is the story of those who live as if every day was a constant Sunday, those who spend their Mondays in the sun. The story of people who worked in a dockyard but are now unemployed.', 'Comedy'),
(419, 'Rugrats Go Wild', '2003', '80', 3, 'John Eng, Norton Virgien', '2003-06-13', '6', 'https://images-na.ssl-images-amazon.com/images/M/MV5BOTYzMTAwNTI3MV5BMl5BanBnXkFtZTYwMzU3NTM3._V1_SX300.jpg', 'The Rugrats get tangled in an exotic adventure, where they´re helped by the Thornberrys, a family that travels the world making nature documentaries.', 'Animation'),
(420, 'Torque', '2004', '84', 1, 'Joseph Kahn', '2004-01-16', '4', 'https://images-na.ssl-images-amazon.com/images/M/MV5BMjAxNDY3OTY2OV5BMl5BanBnXkFtZTcwMjYzMTQyMQ@@._V1_SX300.jpg', 'Biker Cary Ford is framed by an old rival and biker gang leader for the murder of another gang member who happens to be the brother of Trey (Ice Cube), leader of the most feared biker gang ...', 'Action'),
(421, 'Meet the Fockers', '2004', '115', 5, 'Jay Roach', '2004-12-22', '6', 'https://images-na.ssl-images-amazon.com/images/M/MV5BMWZjODQxMWMtZmIzYS00YjMwLWFiZTctYmFiZmJiNjljYWVmL2ltYWdlL2ltYWdlXkEyXkFqcGdeQXVyMTQxNzMzNDI@._V1_SX300.jpg', 'All hell breaks loose when the Byrnes family meets the Focker family for the first time.', 'Comedy'),
(422, 'The Ladykillers', '2004', '104', 5, 'Ethan Coen, Joel Coen', '2004-03-26', '6', 'https://images-na.ssl-images-amazon.com/images/M/MV5BMTYwNjUxMTYzM15BMl5BanBnXkFtZTYwNjgwMjY3._V1_SX300.jpg', 'An eccentric, if not charming Southern professor and his crew pose as a classical ensemble in order to rob a casino, all under the nose of his unsuspecting but sharp old landlady.', 'Comedy'),
(423, 'Casomai', '2002', '114', 5, 'Alessandro D´Alatri', '2002-04-30', '7', 'https://images-na.ssl-images-amazon.com/images/M/MV5BMTgwMzk0NzA0Ml5BMl5BanBnXkFtZTcwMzEzNDQzMQ@@._V1_SX300.jpg', 'Stefania and Tommaso are to marry and want their wedding to be special. They travel to Stefania´s childhood church and there meet a priest who rises to the challenge. In the ceremony the ...', 'Comedy'),
(424, 'Maria Full of Grace', '2004', '101', 6, 'Joshua Marston', '2004-08-06', '8', 'https://images-na.ssl-images-amazon.com/images/M/MV5BMjAyMTM0MDA4NV5BMl5BanBnXkFtZTcwNTY0OTUyMQ@@._V1_SX300.jpg', 'A pregnant Colombian teenager becomes a drug mule to make some desperately needed money for her family.', 'Crime'),
(425, 'Star Wars: Episode III - Revenge of the Sith', '2005', '140', 1, 'George Lucas', '2005-05-19', '8', 'https://images-na.ssl-images-amazon.com/images/M/MV5BNTc4MTc3NTQ5OF5BMl5BanBnXkFtZTcwOTg0NjI4NA@@._V1_SX300.jpg', 'Three years into the Clone Wars, the Jedi rescue Palpatine from Count Dooku. As Obi-Wan pursues a new threat, Anakin acts as a double agent between the Jedi Council and Palpatine and is lured into a sinister plan to rule the galaxy.', 'Action'),
(426, '25th Hour', '2002', '135', 8, 'Spike Lee', '2003-01-10', '8', 'https://images-na.ssl-images-amazon.com/images/M/MV5BNmE0YjdlYTktMTU4Ni00Mjk2LWI3NWMtM2RjNmFiOTk4YjYxL2ltYWdlXkEyXkFqcGdeQXVyNTAyODkwOQ@@._V1_SX300.jpg', 'Cornered by the DEA, convicted New York drug dealer Montgomery Brogan reevaluates his life in the 24 remaining hours before facing a seven-year jail term.', 'Drama'),
(427, 'Dawn of the Dead', '2004', '101', 1, 'Zack Snyder', '2004-03-19', '7', 'https://images-na.ssl-images-amazon.com/images/M/MV5BN2M2ZmU2OGQtNmU5Yi00MTIyLTgwNWMtYjljMzZlYTdiNjBhXkEyXkFqcGdeQXVyNTAyODkwOQ@@._V1_SX300.jpg', 'A nurse, a policeman, a young married couple, a salesman, and other survivors of a worldwide plague that is producing aggressive, flesh-eating zombies, take refuge in a mega Midwestern shopping mall.', 'Action'),
(428, 'Anacondas: The Hunt for the Blood Orchid', '2004', '97', 1, 'Dwight H. Little', '2004-08-27', '5', 'https://images-na.ssl-images-amazon.com/images/M/MV5BNjQwMGJiMjAtY2E0Mi00ZjFhLWE1ZTMtZjUzZTdkN2FmMTIxXkEyXkFqcGdeQXVyMTQxNzMzNDI@._V1_SX300.jpg', 'A scientific expedition sets out for Borneo to seek a flower called the Blood Orchid, which could grant longer life. Meanwhile, they run afoul of snakes and each other.', 'Action'),
(429, 'Catwoman', '2004', '104', 1, 'Pitof', '2004-07-23', '3', 'https://images-na.ssl-images-amazon.com/images/M/MV5BMjA4MzM0NDAzOF5BMl5BanBnXkFtZTcwMDY3MDYyMQ@@._V1_SX300.jpg', 'A shy woman, endowed with the speed, reflexes, and senses of a cat, walks a thin line between criminal and hero, even as a detective doggedly pursues her, fascinated by both of her personas.', 'Action'),
(430, 'War of the Worlds', '2005', '116', 2, 'Steven Spielberg', '2005-06-29', '7', 'https://images-na.ssl-images-amazon.com/images/M/MV5BNDUyODAzNDI1Nl5BMl5BanBnXkFtZTcwMDA2NDAzMw@@._V1_SX300.jpg', 'As Earth is invaded by alien tripod fighting machines, one family fights for survival.', 'Adventure'),
(431, 'Calendar Girls', '2003', '108', 5, 'Nigel Cole', '2004-01-01', '7', 'https://images-na.ssl-images-amazon.com/images/M/MV5BMjE3NzcxMDU2MV5BMl5BanBnXkFtZTYwOTgyNTc2._V1_SX300.jpg', 'A Women´s Institute chapter´s fundraising effort for a local hospital by posing nude for a calendar becomes a media sensation.', 'Comedy'),
(432, 'Harry Potter and the Goblet of Fire', '2005', '157', 2, 'Mike Newell', '2005-11-18', '8', 'https://images-na.ssl-images-amazon.com/images/M/MV5BMTI1NDMyMjExOF5BMl5BanBnXkFtZTcwOTc4MjQzMQ@@._V1_SX300.jpg', 'Harry finds himself mysteriously selected as an under-aged competitor in a dangerous tournament between three schools of magic.', 'Adventure'),
(433, 'The Man Without a Past', '2002', '97', 5, 'Aki Kaurismäki', '2002-11-06', '8', 'https://images-na.ssl-images-amazon.com/images/M/MV5BMTM2MDY5NzUzM15BMl5BanBnXkFtZTYwNzQxNzk5._V1_SX300.jpg', 'The second part of Aki Kaurismäki´s \"Finland\" trilogy, the film follows a man who arrives in Helsinki and gets beaten up so severely he develops amnesia. Unable to remember his name or ...', 'Comedy'),
(434, 'Twin Sisters', '2002', '137', 8, 'Ben Sombogaart', '2002-12-12', '8', 'https://images-na.ssl-images-amazon.com/images/M/MV5BMTgyNjcwODg5OV5BMl5BanBnXkFtZTcwMzE1MzMzMQ@@._V1_SX300.jpg', 'Twin Sisters is an epic love story based on the Dutch bestseller by Tessa de Loo that has been read by more than 3.5 million readers in Holland and Germany.', 'Drama'),
(435, 'A Cinderella Story', '2004', '95', 5, 'Mark Rosman', '2004-07-16', '6', 'https://images-na.ssl-images-amazon.com/images/M/MV5BMTA1NDI0OTkwNDNeQTJeQWpwZ15BbWU3MDQ3Nzc1MjE@._V1_SX300.jpg', 'Routinely exploited by her wicked stepmother, the downtrodden Sam Montgomery is excited about the prospect of meeting her Internet beau at the school´s Halloween dance.', 'Comedy'),
(436, 'Caterina in the Big City', '2003', '107', 5, 'Paolo Virzì', '2003-10-24', '7', 'https://images-na.ssl-images-amazon.com/images/M/MV5BMTk5OTc4OTUzN15BMl5BanBnXkFtZTcwOTA2ODc4Mw@@._V1_SX300.jpg', 'When her father, Giancarlo is transferred to Rome from the small country town of Montalto Di Castro, Caterina, a 12 years old girl, will discover her new classmates, a totally new world, an...', 'Comedy'),
(437, 'The Emperor´s Club', '2002', '109', 8, 'Michael Hoffman', '2002-11-22', '7', 'https://images-na.ssl-images-amazon.com/images/M/MV5BNmZiMTY3OTctNDlkMC00Njk0LWE0NTAtODViNzk3OTFhMzI3XkEyXkFqcGdeQXVyMTQxNzMzNDI@._V1_SX300.jpg', 'An idealistic prep school teacher attempts to redeem an incorrigible student.', 'Drama'),
(438, 'Take My Eyes', '2003', '109', 8, 'Icíar Bollaín', '2003-10-10', '8', 'https://images-na.ssl-images-amazon.com/images/M/MV5BMTg5MjIxNDkzN15BMl5BanBnXkFtZTcwODI5NTAwMQ@@._V1_SX300.jpg', 'One winter night, Pilar runs away from home. With her, she takes only a few belongings and her son, Juan. Antonio soon sets out to look for her. He says Pilar is his sunshine, and what´s more, \"She gave him her eyes\"...', 'Drama'),
(439, 'Shaun of the Dead', '2004', '99', 5, 'Edgar Wright', '2004-09-24', '8', 'https://images-na.ssl-images-amazon.com/images/M/MV5BMTU2NjA0NDk0NV5BMl5BanBnXkFtZTcwOTA0OTQzMw@@._V1_SX300.jpg', 'A man decides to turn his moribund life around by winning back his ex-girlfriend, reconciling his relationship with his mother, and dealing with an entire community that has returned from the dead to eat the living.', 'Comedy'),
(440, 'The Chronicles of Riddick', '2004', '119', 1, 'David Twohy', '2004-06-11', '7', 'https://images-na.ssl-images-amazon.com/images/M/MV5BYzU0ODM5NmQtYjhlMi00MTJhLThlNzItOTg1Mjc5Y2VhY2NmXkEyXkFqcGdeQXVyNjU0OTQ0OTY@._V1_SX300.jpg', 'The wanted criminal Riddick arrives on a planet called Helion Prime, and finds himself up against an invading empire called the Necromongers, an army that plans to convert or kill all humans in the universe.', 'Action'),
(441, 'Taking Lives', '2004', '103', 6, 'D.J. Caruso', '2004-03-19', '6', 'https://images-na.ssl-images-amazon.com/images/M/MV5BMTA3NDMyNzI5NTdeQTJeQWpwZ15BbWU3MDQxNDEyMzM@._V1_SX300.jpg', 'An FBI profiler is called in by French Canadian police to catch a serial killer who takes on the identity of each new victim.', 'Crime'),
(442, 'Killing Me Softly', '2002', '100', 8, 'Kaige Chen', '2002-06-21', '6', 'https://images-na.ssl-images-amazon.com/images/M/MV5BMTM0NTcxNjI1MV5BMl5BanBnXkFtZTYwNDIyNDg5._V1_SX300.jpg', 'A woman faces deadly consequences for abandoning her loving relationship with her boyfriend to pursue exciting sexual scenarios with a mysterious celebrity mountaineer.', 'Drama'),
(443, 'Noel', '2004', '96', 8, 'Chazz Palminteri', '2004-11-26', '6', 'https://images-na.ssl-images-amazon.com/images/M/MV5BOTAxMzY1MDUzNl5BMl5BanBnXkFtZTcwNzk4NTcyMQ@@._V1_SX300.jpg', 'Five New Yorkers come together on Christmas Eve, seeking a miracle.', 'Drama'),
(444, 'It´s All About Love', '2003', '104', 8, 'Thomas Vinterberg', '2003-01-10', '6', 'https://images-na.ssl-images-amazon.com/images/M/MV5BMTQzMzc1MDI3NV5BMl5BanBnXkFtZTcwNDQyMzcyMQ@@._V1_SX300.jpg', 'It´s All About Love is the story of two lovers and their attempts to save their relationship in a near-future world on the brink of cosmic collapse. John, and world-famous ice skating star,...', 'Drama'),
(445, 'Mean Girls', '2004', '97', 5, 'Mark Waters', '2004-04-30', '7', 'https://images-na.ssl-images-amazon.com/images/M/MV5BMjE1MDQ4MjI1OV5BMl5BanBnXkFtZTcwNzcwODAzMw@@._V1_SX300.jpg', 'Cady Heron is a hit with The Plastics, the A-list girl clique at her new school, until she makes the mistake of falling for Aaron Samuels, the ex-boyfriend of alpha Plastic Regina George.', 'Comedy'),
(446, 'Saraband', '2003', '107', 8, 'Ingmar Bergman', '2003-12-01', '8', 'https://images-na.ssl-images-amazon.com/images/M/MV5BMTI1MTgwNzcwOF5BMl5BanBnXkFtZTcwNjExNDAzMQ@@._V1_SX300.jpg', 'Marianne, some thirty years after divorcing Johan, decides to visit her ex-husband at his summer home. She arrives in the middle of a family drama between Johan´s son from another marriage and his granddaughter.', 'Drama'),
(447, 'King Arthur', '2004', '126', 1, 'Antoine Fuqua', '2004-07-07', '6', 'https://images-na.ssl-images-amazon.com/images/M/MV5BMTk4MTk1NjI0OV5BMl5BanBnXkFtZTcwNDQxOTUyMQ@@._V1_SX300.jpg', 'A demystified take on the tale of King Arthur and the Knights of the Round Table.', 'Action'),
(448, 'Shark Tale', '2004', '90', 3, 'Bibo Bergeron, Vicky Jenson, Rob Letterman', '2004-10-01', '6', 'https://images-na.ssl-images-amazon.com/images/M/MV5BMTMxMjY0NzE2M15BMl5BanBnXkFtZTcwNTc3ODcyMw@@._V1_SX300.jpg', 'When a son of a gangster shark boss is accidentally killed while on the hunt, his would-be prey and his vegetarian brother both decide to use the incident to their own advantage.', 'Animation'),
(449, 'Troy', '2004', '163', 2, 'Wolfgang Petersen', '2004-05-14', '7', 'https://images-na.ssl-images-amazon.com/images/M/MV5BMTk5MzU1MDMwMF5BMl5BanBnXkFtZTcwNjczODMzMw@@._V1_SX300.jpg', 'An adaptation of Homer´s great epic, the film follows the assault on Troy by the united Greek forces and chronicles the fates of the men involved.', 'Adventure'),
(450, 'Collateral', '2004', '120', 6, 'Michael Mann', '2004-08-06', '8', 'https://images-na.ssl-images-amazon.com/images/M/MV5BMjE3NjM5OTMxMV5BMl5BanBnXkFtZTcwOTIzMTQyMw@@._V1_SX300.jpg', 'A cab driver finds himself the hostage of an engaging contract killer as he makes his rounds from hit to hit during one night in Los Angeles.', 'Crime'),
(451, 'Home on the Range', '2004', '76', 3, 'Will Finn, John Sanford', '2004-04-02', '5', 'https://images-na.ssl-images-amazon.com/images/M/MV5BMTUzNzI3NzI0OV5BMl5BanBnXkFtZTcwMTM3NDQyMQ@@._V1_SX300.jpg', 'To save their farm, the resident animals go bounty hunting for a notorious outlaw.', 'Animation'),
(452, 'Harry Potter and the Prisoner of Azkaban', '2004', '142', 2, 'Alfonso Cuarón', '2004-06-04', '8', 'https://images-na.ssl-images-amazon.com/images/M/MV5BMTY4NTIwODg0N15BMl5BanBnXkFtZTcwOTc0MjEzMw@@._V1_SX300.jpg', 'It´s Harry´s third year at Hogwarts; not only does he have a new \"Defense Against the Dark Arts\" teacher, but there is also trouble brewing. Convicted murderer Sirius Black has escaped the Wizards´ Prison and is coming after Harry.', 'Adventure'),
(453, 'The Chronicles of Narnia: The Lion, the Witch and the Wardrobe', '2005', '143', 2, 'Andrew Adamson', '2005-12-09', '7', 'https://images-na.ssl-images-amazon.com/images/M/MV5BMTc0NTUwMTU5OV5BMl5BanBnXkFtZTcwNjAwNzQzMw@@._V1_SX300.jpg', 'Four kids travel through a wardrobe to the land of Narnia and learn of their destiny to free it with the guidance of a mystical lion.', 'Adventure'),
(454, 'Breakfast on Pluto', '2005', '128', 5, 'Neil Jordan', '2006-01-06', '7', 'https://images-na.ssl-images-amazon.com/images/M/MV5BMTIyMDg3Nzk4Ml5BMl5BanBnXkFtZTcwMzI0NDczMQ@@._V1_SX300.jpg', 'In the 1970s, a young trans woman, Patrick \"Kitten\" Braden, comes of age by leaving her Irish town for London, in part to look for her mother and in part because her gender identity is beyond the town´s understanding.', 'Comedy'),
(455, 'Exorcist: The Beginning', '2004', '114', 10, 'Renny Harlin', '2004-08-20', '5', 'https://images-na.ssl-images-amazon.com/images/M/MV5BMjI0NzY1MzQ0MV5BMl5BanBnXkFtZTcwOTM1MTEzMw@@._V1_SX300.jpg', 'Years before Father Lankester Merrin helped save Regan MacNeil´s soul, he first encounters the demon Pazuzu in East Africa. This is the tale of Father Merrin´s initial battle with Pazuzu and the rediscovery of his faith.', 'Horror'),
(456, 'The Day After Tomorrow', '2004', '124', 1, 'Roland Emmerich', '2004-05-28', '6', 'https://images-na.ssl-images-amazon.com/images/M/MV5BMTU1NTA3NzMwOV5BMl5BanBnXkFtZTcwNzEzMTEzMw@@._V1_SX300.jpg', 'Jack Hall, paleoclimatologist, must make a daring trek across America to reach his son, trapped in the cross-hairs of a sudden international storm which plunges the planet into a new Ice Age.', 'Action'),
(457, 'The Last Samurai', '2003', '154', 1, 'Edward Zwick', '2003-12-05', '8', 'https://images-na.ssl-images-amazon.com/images/M/MV5BMzkyNzQ1Mzc0NV5BMl5BanBnXkFtZTcwODg3MzUzMw@@._V1_SX300.jpg', 'An American military advisor embraces the Samurai culture he was hired to destroy after he is captured in battle.', 'Action'),
(458, 'Scary Movie 3', '2003', '84', 5, 'David Zucker', '2003-10-24', '6', 'https://images-na.ssl-images-amazon.com/images/M/MV5BNDE2NTIyMjg2OF5BMl5BanBnXkFtZTYwNDEyMTg3._V1_SX300.jpg', 'Cindy must investigate mysterious crop circles and video tapes, and help the President in preventing an alien invasion.', 'Comedy'),
(459, 'La mujer de mi hermano', '2005', '89', 8, 'Ricardo de Montreuil', '2006-04-21', '6', 'https://images-na.ssl-images-amazon.com/images/M/MV5BMTIwMTMzMDE2M15BMl5BanBnXkFtZTcwMjc0NzEzMQ@@._V1_SX300.jpg', 'Unable to get intimate with her husband of 10 years, a woman embarks on a steamy affair with his brother.', 'Drama'),
(460, 'Man on Fire', '2004', '146', 1, 'Tony Scott', '2004-04-23', '8', 'https://images-na.ssl-images-amazon.com/images/M/MV5BODFlMmEwMDgtYjhmZi00ZTE5LTk2NWQtMWE1Y2M0NjkzOGYxXkEyXkFqcGdeQXVyNjU0OTQ0OTY@._V1_SX300.jpg', 'In Mexico City, a former assassin swears vengeance on those who committed an unspeakable act against the family he was hired to protect.', 'Action'),
(461, 'Before Sunset', '2004', '80', 8, 'Richard Linklater', '2004-07-30', '8', 'https://images-na.ssl-images-amazon.com/images/M/MV5BMTQ1MjAwNTM5Ml5BMl5BanBnXkFtZTYwNDM0MTc3._V1_SX300.jpg', 'Nine years after Jesse and Celine first met, they encounter each other again on the French leg of Jesse´s book tour.', 'Drama'),
(462, 'Hidalgo', '2004', '136', 1, 'Joe Johnston', '2004-03-05', '7', 'https://images-na.ssl-images-amazon.com/images/M/MV5BMTgyNjg5MjcxMl5BMl5BanBnXkFtZTcwNDQxMzQyMQ@@._V1_SX300.jpg', 'In 1890, a down-and-out cowboy and his horse travel to Arabia to compete in a deadly cross desert horse race.', 'Action'),
(463, 'Mona Lisa Smile', '2003', '117', 8, 'Mike Newell', '2003-12-19', '6', 'https://images-na.ssl-images-amazon.com/images/M/MV5BZTAxMjdjNzMtNTk1OC00YzkwLTgyMWYtYzc3NTFjYWRiNzNmL2ltYWdlL2ltYWdlXkEyXkFqcGdeQXVyMTQxNzMzNDI@._V1_SX300.jpg', 'A free-thinking art professor teaches conservative 1950s Wellesley girls to question their traditional social roles.', 'Drama'),
(464, 'Bad Education', '2004', '106', 6, 'Pedro Almodóvar', '2005-02-11', '8', 'https://images-na.ssl-images-amazon.com/images/M/MV5BMmFjNWU1YjMtOWVhZC00OGI4LTgwN2UtNDQ1ODMxZGZmZTFmXkEyXkFqcGdeQXVyMTA0MjU0Ng@@._V1_SX300.jpg', 'An examination on the effect of Franco-era religious schooling and sexual abuse on the lives of two longtime friends.', 'Crime'),
(465, 'Monster', '2003', '109', 4, 'Patty Jenkins', '2004-01-30', '7', 'https://images-na.ssl-images-amazon.com/images/M/MV5BMTI4NzI5NzEwNl5BMl5BanBnXkFtZTcwNjc1NjQyMQ@@._V1_SX300.jpg', 'Based on the life of Aileen Wuornos, a Daytona Beach prostitute who became a serial killer.', 'Biography'),
(466, 'Resident Evil: Apocalypse', '2004', '94', 1, 'Alexander Witt', '2004-09-10', '6', 'https://images-na.ssl-images-amazon.com/images/M/MV5BMTc1NTUxMzk0Nl5BMl5BanBnXkFtZTcwNDQ1MDIzMw@@._V1_SX300.jpg', 'Alice awakes in Raccoon City, only to find it has become infested with zombies and monsters. With the help of Jill Valentine and Carlos Olivera, Alice must find a way out of the city before it is destroyed by a nuclear missile.', 'Action'),
(467, 'The Haunted Mansion', '2003', '88', 5, 'Rob Minkoff', '2003-11-26', '5', 'https://images-na.ssl-images-amazon.com/images/M/MV5BMTA3NDUwNzAxNzZeQTJeQWpwZ15BbWU3MDQyMTUwMDE@._V1_SX300.jpg', 'A realtor and his wife and children are summoned to a mansion, which they soon discover is haunted, and while they attempt to escape, he learns an important lesson about the family he has neglected.', 'Comedy'),
(468, 'Lost Embrace', '2004', '99', 5, 'Daniel Burman', '2004-03-25', '7', 'https://images-na.ssl-images-amazon.com/images/M/MV5BMTI4OTM3Mzg0Ml5BMl5BanBnXkFtZTcwNDkyNDMzMQ@@._V1_SX300.jpg', 'In Buenos Aires, the twenty and something year old Jewish-Argentinean Ariel Makaroff has left the University of Architecture and spends his time wandering through the downtown gallery where...', 'Comedy'),
(469, 'The Notebook', '2004', '123', 8, 'Nick Cassavetes', '2004-06-25', '8', 'https://images-na.ssl-images-amazon.com/images/M/MV5BMTk3OTM5Njg5M15BMl5BanBnXkFtZTYwMzA0ODI3._V1_SX300.jpg', 'A poor yet passionate young man falls in love with a rich young woman, giving her a sense of freedom, but they are soon separated because of their social differences.', 'Drama'),
(470, 'Kingdom of Heaven', '2005', '144', 1, 'Ridley Scott', '2005-05-06', '7', 'https://images-na.ssl-images-amazon.com/images/M/MV5BMjE2MTIwNjg0MV5BMl5BanBnXkFtZTcwNjAxODIzMw@@._V1_SX300.jpg', 'Balian of Ibelin travels to Jerusalem during the crusades of the 12th century, and there he finds himself as the defender of the city and its people.', 'Action'),
(471, 'Flightplan', '2005', '98', 8, 'Robert Schwentke', '2005-09-23', '6', 'https://images-na.ssl-images-amazon.com/images/M/MV5BNGJkYTNiZjUtOTBhMi00NjY5LTkwZWEtNjBkNmE1YTZlMDc4XkEyXkFqcGdeQXVyMTQxNzMzNDI@._V1_SX300.jpg', 'A bereaved woman and her daughter are flying home from Berlin to America. At 30,000 feet, the child vanishes, and nobody will admit she was ever on the plane.', 'Drama'),
(472, 'Secret Window', '2004', '96', 11, 'David Koepp', '2004-03-12', '7', 'https://images-na.ssl-images-amazon.com/images/M/MV5BNmI5MWNlMjYtZTAxNy00N2Q3LTkwZDgtMWRjOWQ1ZjJiN2Y4XkEyXkFqcGdeQXVyNDQ2MTMzODA@._V1_SX300.jpg', 'A writer is accused of plagiarism by a strange man, who then starts haunting him for \"justice.\"', 'Mystery'),
(473, 'The Clearing', '2004', '95', 8, 'Pieter Jan Brugge', '2004-07-16', '6', 'https://images-na.ssl-images-amazon.com/images/M/MV5BMTQ3MjA2NDAzNF5BMl5BanBnXkFtZTcwOTM0MDcyMQ@@._V1_SX300.jpg', 'As an executive is held captive by an employee, it´s up to his wife to deliver the ransom.', 'Drama'),
(474, 'Cars', '2006', '117', 3, 'John Lasseter, Joe Ranft', '2006-06-09', '7', 'https://images-na.ssl-images-amazon.com/images/M/MV5BMTg5NzY0MzA2MV5BMl5BanBnXkFtZTYwNDc3NTc2._V1_SX300.jpg', 'A hot-shot race-car named Lightning McQueen gets waylaid in Radiator Springs, where he finds the true meaning of friendship and family.', 'Animation'),
(475, 'Ice Age: The Meltdown', '2006', '91', 3, 'Carlos Saldanha', '2006-03-31', '7', 'https://images-na.ssl-images-amazon.com/images/M/MV5BMjAwODg3OTAxMl5BMl5BanBnXkFtZTcwMjg2NjYyMw@@._V1_SX300.jpg', 'Manny, Sid, and Diego discover that the ice age is coming to an end, and join everybody for a journey to higher ground. On the trip, they discover that Manny, in fact, is not the last of the woolly mammoths.', 'Animation'),
(476, 'Out of Time', '2003', '105', 6, 'Carl Franklin', '2003-10-03', '7', 'https://images-na.ssl-images-amazon.com/images/M/MV5BN2UzM2IzYzAtNjUyYi00Zjk4LWI3ZjAtYjQyYzZiYjlkNGI4L2ltYWdlL2ltYWdlXkEyXkFqcGdeQXVyMTQxNzMzNDI@._V1_SX300.jpg', 'A Florida police chief must solve a vicious double homicide before he himself falls under suspicion.', 'Crime'),
(477, 'Laws of Attraction', '2004', '90', 5, 'Peter Howitt', '2004-04-30', '6', 'https://images-na.ssl-images-amazon.com/images/M/MV5BMjEzODg4MjM1NF5BMl5BanBnXkFtZTYwNzQzNTI3._V1_SX300.jpg', 'Amidst a sea of litigation, two New York City divorce lawyers find love.', 'Comedy'),
(478, 'Chicken Little', '2005', '81', 3, 'Mark Dindal', '2005-11-04', '6', 'https://images-na.ssl-images-amazon.com/images/M/MV5BMTcwMjMwNTA3MV5BMl5BanBnXkFtZTcwMjk4OTgyMQ@@._V1_SX300.jpg', 'After ruining his reputation with the town, a courageous chicken must come to the rescue of his fellow citizens when aliens start an invasion.', 'Animation'),
(479, 'Charlie and the Chocolate Factory', '2005', '115', 2, 'Tim Burton', '2005-07-15', '7', 'https://images-na.ssl-images-amazon.com/images/M/MV5BNjcxMjg1Njg2NF5BMl5BanBnXkFtZTcwMjQ4NzMzMw@@._V1_SX300.jpg', 'A young boy wins a tour through the most magnificent chocolate factory in the world, led by the world´s most unusual candy maker.', 'Adventure'),
(480, 'Under the Tuscan Sun', '2003', '113', 5, 'Audrey Wells', '2003-09-26', '7', 'https://images-na.ssl-images-amazon.com/images/M/MV5BOGY5ZjQ4M2ItMjQ0NC00NjY4LWIwYmEtMTIxNzFmNjA4YmJlXkEyXkFqcGdeQXVyNDk3NzU2MTQ@._V1_SX300.jpg', 'A writer impulsively buys a villa in Tuscany in order to change her life.', 'Comedy'),
(481, 'The Grudge', '2004', '91', 10, 'Takashi Shimizu', '2004-10-22', '6', 'https://images-na.ssl-images-amazon.com/images/M/MV5BMjIxODg1Nzc3NF5BMl5BanBnXkFtZTcwMjM0MjEzMw@@._V1_SX300.jpg', 'An American nurse living and working in Tokyo is exposed to a mysterious supernatural curse, one that locks a person in a powerful rage before claiming their life and spreading to another victim.', 'Horror'),
(482, 'The Pacifier', '2005', '95', 1, 'Adam Shankman', '2005-03-04', '6', 'https://images-na.ssl-images-amazon.com/images/M/MV5BMTQ2MTYxNzM3M15BMl5BanBnXkFtZTcwNTEzNTgyMQ@@._V1_SX300.jpg', 'Disgraced Navy SEAL Shane Wolfe is handed a new assignment: Protect the five Plummer kids from enemies of their recently deceased father -- a government scientist whose top-secret experiment remains in the kids´ house.', 'Action'),
(483, 'Facing Windows', '2003', '102', 8, 'Ferzan Ozpetek', '2004-06-18', '7', 'https://images-na.ssl-images-amazon.com/images/M/MV5BMTU3OTA4NzI0Ml5BMl5BanBnXkFtZTcwMTk2MDYyMQ@@._V1_SX300.jpg', 'Overburdened and stuck in a greying marriage, Giovanna takes to caring for the Jewish Holocaust survivor her husband brings home. As she begins to reflect on her life, she turns to the man who lives across from her ...', 'Drama'),
(484, 'Boogeyman', '2005', '89', 8, 'Stephen Kay', '2005-02-04', '4', 'https://images-na.ssl-images-amazon.com/images/M/MV5BZWE1MDkyNzQtMTNjMC00OTU4LWE5NTctM2M0N2Y1OTE5NDAyXkEyXkFqcGdeQXVyMTQxNzMzNDI@._V1_SX300.jpg', 'A young man tries to deal with the childhood terror that has affected his life.', 'Drama'),
(485, 'Sin City', '2005', '124', 6, 'Frank Miller, Robert Rodriguez, Quentin Tarantino', '2005-04-01', '8', 'https://images-na.ssl-images-amazon.com/images/M/MV5BODZmYjMwNzEtNzVhNC00ZTRmLTk2M2UtNzE1MTQ2ZDAxNjc2XkEyXkFqcGdeQXVyMTQxNzMzNDI@._V1_SX300.jpg', 'A film that explores the dark and miserable town, Basin City, and tells the story of three different people, all caught up in violent corruption.', 'Crime'),
(486, 'Mr. & Mrs. Smith', '2005', '120', 1, 'Doug Liman', '2005-06-10', '7', 'https://images-na.ssl-images-amazon.com/images/M/MV5BMTUxMzcxNzQzOF5BMl5BanBnXkFtZTcwMzQxNjUyMw@@._V1_SX300.jpg', 'A bored married couple is surprised to learn that they are both assassins hired by competing agencies to kill each other.', 'Action'),
(487, 'Stranger Than Fiction', '2006', '113', 5, 'Marc Forster', '2006-11-10', '8', 'https://images-na.ssl-images-amazon.com/images/M/MV5BMTY5MjA3MTY2Ml5BMl5BanBnXkFtZTcwNTMzNzYzMw@@._V1_SX300.jpg', 'An IRS auditor suddenly finds himself the subject of narration only he can hear: narration that begins to affect his entire life, from his work, to his love-interest, to his death.', 'Comedy'),
(488, 'The Final Cut', '2004', '95', 1, 'Omar Naim', '2004-10-15', '6', 'https://images-na.ssl-images-amazon.com/images/M/MV5BMjkxNjA4NjM0M15BMl5BanBnXkFtZTcwMTU3MDcyMQ@@._V1_SX300.jpg', 'Set in a world with memory recording implants, Alan Hakman is a cutter, someone with the power of final edit over people´s recorded histories. His latest assignment is one that puts him in danger.', 'Action'),
(489, 'Transporter 2', '2005', '87', 1, 'Louis Leterrier', '2005-09-02', '6', 'https://images-na.ssl-images-amazon.com/images/M/MV5BMTQ5MDM0MTI2N15BMl5BanBnXkFtZTcwNTM5NDczMw@@._V1_SX300.jpg', 'Mercenary Frank Martin, who specializes moving goods of all kinds, surfaces again this time in Miami, Florida when he´s implicated in the kidnapping of the young son of a powerful USA official.', 'Action'),
(490, 'Crank', '2006', '88', 1, 'Mark Neveldine, Brian Taylor', '2006-09-01', '7', 'https://images-na.ssl-images-amazon.com/images/M/MV5BMjg0NjAxNDY4MV5BMl5BanBnXkFtZTcwODA5MjMzMw@@._V1_SX300.jpg', 'Professional assassin Chev Chelios learns his rival has injected him with a poison that will kill him if his heart rate drops.', 'Action'),
(491, 'Sahara', '2005', '124', 1, 'Breck Eisner', '2005-04-08', '6', 'https://images-na.ssl-images-amazon.com/images/M/MV5BMjExOTM4NDUzNV5BMl5BanBnXkFtZTcwOTgzNzczMw@@._V1_SX300.jpg', 'Master explorer Dirk Pitt goes on the adventure of a lifetime of seeking out a lost Civil War battleship known as the \"Ship of Death\" in the deserts of West Africa while helping a WHO doctor being hounded by a ruthless dictator.', 'Action'),
(492, 'Lonely Hearts', '2006', '108', 6, 'Todd Robinson', '2006-10-21', '7', 'https://images-na.ssl-images-amazon.com/images/M/MV5BYTIxNGNjZTMtMGM5Ny00MmQ5LWEwODQtYTZkNGY2MjQ1MGM3XkEyXkFqcGdeQXVyNTIzOTk5ODM@._V1_SX300.jpg', 'Based on the true story, two homicide detectives track Martha Beck and Raymond Martinez Fernandez, a murderous pair known as the \"Lonely Hearts Killers\" who lured their victims through the personals.', 'Crime'),
(493, 'Saw', '2004', '103', 10, 'James Wan', '2004-10-29', '8', 'https://images-na.ssl-images-amazon.com/images/M/MV5BMjE4MDYzNDE1OV5BMl5BanBnXkFtZTcwNDY2OTYwNA@@._V1_SX300.jpg', 'Two strangers awaken in a room with no recollection of how they got there or why, and soon discover they are pawns in a deadly game perpetrated by a notorious serial killer.', 'Horror'),
(494, 'Sky High', '2005', '100', 2, 'Mike Mitchell', '2005-07-29', '6', 'https://images-na.ssl-images-amazon.com/images/M/MV5BZjA2NmY1OTQtMjE4Mi00NGRkLWFmODUtM2Q3ZTRlYjZhNWYwXkEyXkFqcGdeQXVyMTQxNzMzNDI@._V1_SX300.jpg', 'Set in an era where superheroes are commonly known and accepted, young William Stronghold, the son of the Commander and Jetstream, tries to find a balance between being a normal teenager and an extraordinary being.', 'Adventure'),
(495, 'In Her Shoes', '2005', '130', 5, 'Curtis Hanson', '2005-10-07', '7', 'https://images-na.ssl-images-amazon.com/images/M/MV5BMjA1NTc5MTA2NF5BMl5BanBnXkFtZTcwMTk1NTAzMQ@@._V1_SX300.jpg', 'Strait-laced Rose breaks off relations with her party girl sister, Maggie, over an indiscretion involving Rose´s boyfriend. The chilly atmosphere is broken with the arrival of Ella, the grandmother neither sister knew existed.', 'Comedy'),
(496, 'The Door in the Floor', '2004', '111', 5, 'Tod Williams', '2004-08-06', '7', 'https://images-na.ssl-images-amazon.com/images/M/MV5BMTk0MDY2MzQ0MV5BMl5BanBnXkFtZTcwMDc1ODUyMQ@@._V1_SX300.jpg', 'A writer´s young assistant becomes both pawn and catalyst in his boss´s disintegrating household.', 'Comedy'),
(497, 'Bridget Jones: The Edge of Reason', '2004', '108', 5, 'Beeban Kidron', '2004-11-19', '6', 'https://images-na.ssl-images-amazon.com/images/M/MV5BOTJlNWQxZjctYmE3ZS00OTc0LWE2M2ItNzQwNmYyMjU4NDNmXkEyXkFqcGdeQXVyMTQxNzMzNDI@._V1_SX300.jpg', 'After finding love, Bridget Jones questions if she really has everything she´s dreamed of having.', 'Comedy'),
(498, 'The Princess Diaries 2: Royal Engagement', '2004', '113', 5, 'Garry Marshall', '2004-08-11', '6', 'https://images-na.ssl-images-amazon.com/images/M/MV5BODljNTU2ZGMtMWI5Yy00MGNkLTg2MTktN2NhZjY0NDcwMDhiL2ltYWdlL2ltYWdlXkEyXkFqcGdeQXVyMTQxNzMzNDI@._V1_SX300.jpg', 'Now settled in Genovia, Princess Mia faces a new revelation: she is being primed for an arranged marriage to an English suitor.', 'Comedy'),
(499, 'After the Sunset', '2004', '97', 1, 'Brett Ratner', '2004-11-12', '6', 'https://images-na.ssl-images-amazon.com/images/M/MV5BN2YyMmE1MTUtNTg2OS00ZWRiLWFhZTQtZDViM2MyOGJhZDY3XkEyXkFqcGdeQXVyMTQxNzMzNDI@._V1_SX300.jpg', 'The story of what happens after a master thief achieves his last big score, when the FBI agent who promised he´d capture him is about to do just that.', 'Action'),
(500, 'Curse of the Golden Flower', '2006', '114', 1, 'Yimou Zhang', '2007-01-12', '7', 'https://images-na.ssl-images-amazon.com/images/M/MV5BYjdmN2E4YmEtZTIzMy00ZDA1LTllY2UtNjQ5NTgyNjkxYWUyL2ltYWdlXkEyXkFqcGdeQXVyNTAyODkwOQ@@._V1_SX300.jpg', 'During China´s Tang dynasty the emperor has taken the princess of a neighboring province as wife. She has borne him two sons and raised his eldest. Now his control over his dominion is complete, including the royal family itself.', 'Action'),
(501, '2046', '2004', '129', 8, 'Kar-Wai Wong', '2004-09-29', '8', 'https://images-na.ssl-images-amazon.com/images/M/MV5BMzY1MjkzNDY4MF5BMl5BanBnXkFtZTcwMzE1NzAzMQ@@._V1_SX300.jpg', 'The women who enter a science fiction author´s life, over the course of a few years, after the author loses the woman he considers his one true love.', 'Drama'),
(502, 'Primeval', '2007', '93', 1, 'Michael Katleman', '2007-01-12', '5', 'https://images-na.ssl-images-amazon.com/images/M/MV5BMTI1NzUzNjY3Ml5BMl5BanBnXkFtZTcwOTY2ODA0MQ@@._V1_SX300.jpg', 'A news team is sent to Burundi to capture and bring home a legendary 25-foot crocodile. Their difficult task turns potentially deadly when a warlord targets them for death.', 'Action'),
(503, 'The Phantom of the Opera', '2004', '143', 8, 'Joel Schumacher', '2004-12-22', '7', 'https://images-na.ssl-images-amazon.com/images/M/MV5BNDczNzg4OTM3MV5BMl5BanBnXkFtZTcwOTQzMTEzMw@@._V1_SX300.jpg', 'A young soprano becomes the obsession of a disfigured musical genius who lives beneath the Paris Opéra House. He kidnaps the soprano and forces the owners of the play to keep her as the lead role of the play.', 'Drama'),
(504, 'A Prairie Home Companion', '2006', '105', 5, 'Robert Altman', '2006-06-09', '7', 'https://images-na.ssl-images-amazon.com/images/M/MV5BMTYwOTgzMTA3NF5BMl5BanBnXkFtZTcwMjYxMDMzMQ@@._V1_SX300.jpg', 'A look at what goes on backstage during the last broadcast of America´s most celebrated radio show, where singing cowboys Dusty and Lefty, a country music siren, and a host of others hold court.', 'Comedy'),
(505, 'Wolf Creek', '2005', '99', 10, 'Greg McLean', '2005-12-25', '6', 'https://images-na.ssl-images-amazon.com/images/M/MV5BMTIzMjYwNTU4N15BMl5BanBnXkFtZTcwMjk0OTgzMQ@@._V1_SX300.jpg', 'Three backpackers stranded in the Australian outback are befriended by a local who turns out to be a sadistic psychopath and will plunge them into a hellish nightmare of insufferable torture.', 'Horror'),
(506, 'A Year Without Love', '2005', '95', 8, 'Anahí Berneri', '2005-03-24', '6', 'https://images-na.ssl-images-amazon.com/images/M/MV5BMTIxMTE2NjM5MF5BMl5BanBnXkFtZTcwMTkzOTIzMQ@@._V1_SX300.jpg', 'A writer dying of AIDS searches for a cure and human interaction in the hospitals and sex clubs of Buenos Aires.', 'Drama'),
(507, 'Around the Bend', '2004', '85', 5, 'Jordan Roberts', '2005-01-20', '7', 'https://images-na.ssl-images-amazon.com/images/M/MV5BMTc4OTEyMTk3N15BMl5BanBnXkFtZTYwMjU2NTY2._V1_SX300.jpg', 'In Los Angeles, Jason Lair is recently separated, living with his grandfather and his son; he´s a banker, tense, with a limp. Grandfather Henry, an archaeologist, wants to take the family ...', 'Comedy'),
(508, 'Whisky', '2004', '94', 5, 'Juan Pablo Rebella, Pablo Stoll', '2004-12-10', '7', 'https://images-na.ssl-images-amazon.com/images/M/MV5BMTU0MTU2MzQwNV5BMl5BanBnXkFtZTcwNzQ0NDMzMQ@@._V1_SX300.jpg', 'When his long-lost brother resurfaces, Jacobo, desperate to prove his life has added up to something, looks to scrounge up a wife. He turns to Marta, an employee at his sock factory, with ...', 'Comedy'),
(509, 'Oldboy', '2003', '120', 8, 'Chan-wook Park', '2003-11-21', '8', 'https://images-na.ssl-images-amazon.com/images/M/MV5BMTI3NTQyMzU5M15BMl5BanBnXkFtZTcwMTM2MjgyMQ@@._V1_SX300.jpg', 'After being kidnapped and imprisoned for fifteen years, Oh Dae-Su is released, only to find that he must find his captor in five days.', 'Drama'),
(510, 'Kung Fu Hustle', '2004', '99', 1, 'Stephen Chow', '2005-04-22', '8', 'https://images-na.ssl-images-amazon.com/images/M/MV5BYmNhNzE2YjEtMDNmNS00ZGNkLTljZjktYTdlNGNmYzBmNjIyL2ltYWdlXkEyXkFqcGdeQXVyNTAyODkwOQ@@._V1_SX300.jpg', 'In Shanghai, China in the 1940s, a wannabe gangster aspires to join the notorious \"Axe Gang\" while residents of a housing complex exhibit extraordinary powers in defending their turf.', 'Action'),
(511, 'Goal!', '2012', '5', 14, 'Colin Cunningham', '2012-10-01', '8', 'https://images-na.ssl-images-amazon.com/images/M/MV5BYjAyYWY0MWYtZjIzZC00NjA5LWFhOTktMDExZjhkMjhhMWUyXkEyXkFqcGdeQXVyMDAyMTY3Nw@@._V1_SX300.jpg', 'A young boy must overcome his fears to win a prized soccer ball and win the championship game of his dreams.', 'Short'),
(512, 'Oliver Twist', '2005', '130', 6, 'Roman Polanski', '2005-09-30', '7', 'https://images-na.ssl-images-amazon.com/images/M/MV5BMTU5OTMwNDg3Ml5BMl5BanBnXkFtZTcwMzEyMDEzMQ@@._V1_SX300.jpg', 'An adaptation of the classic Dickens tale, where an orphan meets a pickpocket on the streets of London. From there, he joins a household of boys who are trained to steal for their master.', 'Crime'),
(513, 'Birth', '2004', '100', 8, 'Jonathan Glazer', '2004-10-29', '6', 'https://images-na.ssl-images-amazon.com/images/M/MV5BNzUzNzI4MzU4NV5BMl5BanBnXkFtZTcwMjcxMzcyMQ@@._V1_SX300.jpg', 'A young boy attempts to convince a woman that he is her dead husband reborn.', 'Drama'),
(514, 'Look at Me', '2004', '110', 5, 'Agnès Jaoui', '2005-05-20', '7', 'http://ia.media-imdb.com/images/M/MV5BMjE5MjcwODQ0Ml5BMl5BanBnXkFtZTcwMDUxNzgyMQ@@._V1_SX300.jpg', 'A french girl gifted with a great voice, has a complex about her weight and her appearance.', 'Comedy'),
(515, 'Because I Said So', '2007', '102', 5, 'Michael Lehmann', '2007-02-02', '6', 'https://images-na.ssl-images-amazon.com/images/M/MV5BMjAyNjU4NTMzNl5BMl5BanBnXkFtZTcwNzk3NzI0MQ@@._V1_SX300.jpg', 'A meddling mother tries to set her daughter up with the right man so her kid won´t follow in her footsteps.', 'Comedy'),
(516, 'The Cave', '2005', '97', 2, 'Bruce Hunt', '2005-08-26', '5', 'https://images-na.ssl-images-amazon.com/images/M/MV5BMTI4MTQ1NjQ2Ml5BMl5BanBnXkFtZTcwNTkzMTMzMQ@@._V1_SX300.jpg', 'Bloodthirsty creatures await a pack of divers who become trapped in an underwater cave network.', 'Adventure'),
(517, 'A Good Lawyer´s Wife', '2003', '105', 8, 'Sang-soo Im', '2003-08-15', '7', 'https://images-na.ssl-images-amazon.com/images/M/MV5BMTY5MTAwMDcxM15BMl5BanBnXkFtZTgwNzEyOTM4MzE@._V1_SX300.jpg', 'Bored, horny, and frustrated, a woman begins an affair with a teenage boy.', 'Drama'),
(518, 'Millions', '2004', '98', 5, 'Danny Boyle', '2005-04-29', '7', 'https://images-na.ssl-images-amazon.com/images/M/MV5BNTI3Y2RjOTMtNmM0OC00OGI4LTgxOGQtMjFhZTVjODdkNWEwXkEyXkFqcGdeQXVyNDk3NzU2MTQ@._V1_SX300.jpg', 'Ethics, being human and the soul come to the fore when a 7-year old finds a bag of Pounds just days before the currency is switched to Euros and learns what we are really made of.', 'Comedy'),
(519, 'The Texas Chainsaw Massacre: The Beginning', '2006', '91', 10, 'Jonathan Liebesman', '2006-10-06', '6', 'https://images-na.ssl-images-amazon.com/images/M/MV5BMzUzZmZhZmQtYjNiMS00N2UwLTk0NzQtYmJjYWVkZjMwMWVkXkEyXkFqcGdeQXVyNTIzOTk5ODM@._V1_SX300.jpg', 'Before being sent to serve in Vietnam, two brothers and their girlfriends take one last road trip, but when they get into an accident, a terrifying experience will take them to a secluded house of horrors, with a chainsaw-wielding killer.', 'Horror'),
(520, 'Heading South', '2005', '108', 8, 'Laurent Cantet', '2006-01-25', '6', 'https://images-na.ssl-images-amazon.com/images/M/MV5BMjAxNTI2NjU0Ml5BMl5BanBnXkFtZTcwOTg5OTMzMQ@@._V1_SX300.jpg', 'Three female tourists have their eyes opened while visiting the poverty-stricken and dangerous world of 1980s Haiti.', 'Drama'),
(521, 'A Good Year', '2006', '117', 5, 'Ridley Scott', '2006-11-10', '7', 'https://images-na.ssl-images-amazon.com/images/M/MV5BODE4NDY3MjUxNV5BMl5BanBnXkFtZTYwMTMwODI3._V1_SX300.jpg', 'A British investment broker inherits his uncle´s chateau and vineyard in Provence, where he spent much of his childhood. He discovers a new laid-back lifestyle as he tries to renovate the estate to be sold.', 'Comedy'),
(522, '24 Hour Party People', '2002', '117', 4, 'Michael Winterbottom', '2002-09-20', '7', 'https://images-na.ssl-images-amazon.com/images/M/MV5BM2YxZDgyNzMtODVmNi00NDE2LWI0MTQtNDIzMWQ0MmEzMmZjXkEyXkFqcGdeQXVyNDk3NzU2MTQ@._V1_SX300.jpg', 'In 1976, Tony Wilson sets up Factory Records and brings Manchester´s music to the world.', 'Biography'),
(523, 'The Squid and the Whale', '2005', '81', 5, 'Noah Baumbach', '2005-12-16', '7', 'https://images-na.ssl-images-amazon.com/images/M/MV5BMTg1NTE4NTc3NV5BMl5BanBnXkFtZTgwNDA1NDI1MDE@._V1_SX300.jpg', 'Follows two young boys dealing with their parents´ divorce in Brooklyn in the 1980s.', 'Comedy'),
(524, 'Japanese Story', '2003', '110', 8, 'Sue Brooks', '2003-09-25', '7', 'https://images-na.ssl-images-amazon.com/images/M/MV5BMTU0NTc4MDY3MF5BMl5BanBnXkFtZTcwNjczMzUyMQ@@._V1_SX300.jpg', 'Against the background of an Australian desert, Sandy, a geologist, and Hiromitsu, a Japanese businessman, play out a story of human inconsequence in the face of the blistering universe. ...', 'Drama'),
(525, 'The Taste of Tea', '2004', '143', 5, 'Katsuhito Ishii', '2005-04-20', '8', 'https://images-na.ssl-images-amazon.com/images/M/MV5BMjA1ODQ3NTI2MF5BMl5BanBnXkFtZTcwOTkxMjUxMw@@._V1_SX300.jpg', 'A spell of time of a rural family´s slightly surreal life.', 'Comedy'),
(526, 'The Da Vinci Code', '2006', '149', 11, 'Ron Howard', '2006-05-19', '7', 'https://images-na.ssl-images-amazon.com/images/M/MV5BMjIxMjQyMTc3Nl5BMl5BanBnXkFtZTcwMTA1MDUzMw@@._V1_SX300.jpg', 'A murder inside the Louvre and clues in Da Vinci paintings lead to the discovery of a religious mystery protected by a secret society for two thousand years -- which could shake the foundations of Christianity.', 'Mystery'),
(527, 'Take the Lead', '2006', '118', 8, 'Liz Friedlander', '2006-04-07', '7', 'https://images-na.ssl-images-amazon.com/images/M/MV5BMjAwODMxMjk2OF5BMl5BanBnXkFtZTYwNDEwMTY2._V1_SX300.jpg', 'The real story of a dance teacher who believed in the talent of a group of problem kids.', 'Drama'),
(528, 'Transamerica', '2005', '103', 2, 'Duncan Tucker', '2006-03-03', '7', 'https://images-na.ssl-images-amazon.com/images/M/MV5BMTQwMjExNzkzMV5BMl5BanBnXkFtZTcwMjczNjEzMQ@@._V1_SX300.jpg', 'A pre-operative male-to-female transgender takes an unexpected journey when she learns that she fathered a son, now a teenage runaway hustling on the streets of New York.', 'Adventure'),
(529, 'The Hills Have Eyes', '2006', '107', 10, 'Alexandre Aja', '2006-03-10', '6', 'https://images-na.ssl-images-amazon.com/images/M/MV5BMzk0MTg5MzEyOF5BMl5BanBnXkFtZTcwNDUyMzIzMQ@@._V1_SX300.jpg', 'A suburban American family is being stalked by a group of psychotic people who live in the desert, far away from civilization.', 'Horror'),
(530, 'Saw II', '2005', '93', 10, 'Darren Lynn Bousman', '2005-10-28', '7', 'https://images-na.ssl-images-amazon.com/images/M/MV5BOTRjMDNmNjctNjg4ZC00N2ZkLThkMzMtOWRmYTFhMzA1ZDZlXkEyXkFqcGdeQXVyNTIzOTk5ODM@._V1_SX300.jpg', 'A detective and his team must rescue eight people trapped in a factory by the twisted serial killer known as Jigsaw.', 'Horror'),
(531, 'Final Destination 3', '2006', '93', 10, 'James Wong', '2006-02-10', '6', 'https://images-na.ssl-images-amazon.com/images/M/MV5BMTg2MzI0MzczOF5BMl5BanBnXkFtZTcwNzAyODExMw@@._V1_SX300.jpg', 'A student´s premonition of a deadly rollercoaster ride saves her life and a lucky few, but not from Death itself, which seeks out those who escaped their fate.', 'Horror'),
(532, 'The Break-Up', '2006', '106', 5, 'Peyton Reed', '2006-06-02', '6', 'https://images-na.ssl-images-amazon.com/images/M/MV5BOTM1YjVhNTMtZTEyZi00ODk3LWI4NDItZWUyZTA1ODM3Zjk4XkEyXkFqcGdeQXVyNDk3NzU2MTQ@._V1_SX300.jpg', 'In a bid to keep their luxurious condo from their significant other, a couple´s break-up proceeds to get uglier and nastier by the moment.', 'Comedy'),
(533, 'Match Point', '2005', '124', 8, 'Woody Allen', '2006-01-20', '8', 'https://images-na.ssl-images-amazon.com/images/M/MV5BMTMzNzY4MzE5NF5BMl5BanBnXkFtZTcwMzQ1MDMzMQ@@._V1_SX300.jpg', 'At a turning point in his life, a former tennis pro falls for an actress who happens to be dating his friend and soon-to-be brother-in-law.', 'Drama'),
(534, 'Saw III', '2006', '108', 10, 'Darren Lynn Bousman', '2006-10-27', '6', 'https://images-na.ssl-images-amazon.com/images/M/MV5BMTg3MzI5NjYxMl5BMl5BanBnXkFtZTcwOTA0NDkzMQ@@._V1_SX300.jpg', 'Jigsaw kidnaps a doctor to keep him alive while he watches his new apprentice put an unlucky citizen through a brutal test.', 'Horror'),
(535, 'Inside Man', '2006', '129', 6, 'Spike Lee', '2006-03-24', '8', 'https://images-na.ssl-images-amazon.com/images/M/MV5BYjc4MjA2ZDgtOGY3YS00NDYzLTlmNTEtYWMxMzcwZjgzYWNjXkEyXkFqcGdeQXVyMTQxNzMzNDI@._V1_SX300.jpg', 'A police detective, a bank robber, and a high-power broker enter high-stakes negotiations after the criminal´s brilliant heist spirals into a hostage situation.', 'Crime'),
(536, 'Spider-Man 3', '2007', '139', 1, 'Sam Raimi', '2007-05-04', '6', 'https://images-na.ssl-images-amazon.com/images/M/MV5BYTk3MDljOWQtNGI2My00OTEzLTlhYjQtOTQ4ODM2MzUwY2IwXkEyXkFqcGdeQXVyNTIzOTk5ODM@._V1_SX300.jpg', 'A strange black entity from another world bonds with Peter Parker and causes inner turmoil as he contends with new villains, temptations, and revenge.', 'Action'),
(537, 'Pulse', '2006', '90', 10, 'Jim Sonzero', '2006-08-11', '5', 'https://images-na.ssl-images-amazon.com/images/M/MV5BMTMyOTg5MjY1OF5BMl5BanBnXkFtZTcwNTM1ODYzMQ@@._V1_SX300.jpg', 'When their computer hacker friend accidentally channels a mysterious wireless signal, a group of co-eds rally to stop a terrifying evil from taking over the world.', 'Horror'),
(538, 'Cheaper by the Dozen 2', '2005', '94', 2, 'Adam Shankman', '2005-12-21', '5', 'https://images-na.ssl-images-amazon.com/images/M/MV5BOWFhMjQ5ZDgtZTUwZC00Mjg0LTk1OGYtYTA2ZDMxZmE4ZjYzXkEyXkFqcGdeQXVyNTIzOTk5ODM@._V1_SX300.jpg', 'The Bakers, while on vacation, find themselves competing with a rival family of eight children.', 'Adventure'),
(539, 'Eight Below', '2006', '120', 2, 'Frank Marshall', '2006-02-17', '7', 'https://images-na.ssl-images-amazon.com/images/M/MV5BMjExMjAwNzE0N15BMl5BanBnXkFtZTYwMDY4NDk2._V1_SX300.jpg', 'Brutal cold forces two Antarctic explorers to leave their team of sled dogs behind as they fend for their survival.', 'Adventure');
INSERT INTO `pelicula` (`id`, `titulo`, `anio`, `duracion`, `genero_id`, `director`, `fecha_lanzamiento`, `puntuacion`, `poster`, `trama`, `genero_string`) VALUES
(540, 'United 93', '2006', '111', 8, 'Paul Greengrass', '2006-04-28', '8', 'https://images-na.ssl-images-amazon.com/images/M/MV5BMTI1Nzc3NjAwOF5BMl5BanBnXkFtZTcwNzYzMjYzMQ@@._V1_SX300.jpg', 'A real-time account of the events on United Flight 93, one of the planes hijacked on September 11th, 2001 that crashed near Shanksville, Pennsylvania when passengers foiled the terrorist plot.', 'Drama'),
(541, 'Pirates of the Caribbean: At World´s End', '2007', '169', 1, 'Gore Verbinski', '2007-05-25', '7', 'https://images-na.ssl-images-amazon.com/images/M/MV5BMjIyNjkxNzEyMl5BMl5BanBnXkFtZTYwMjc3MDE3._V1_SX300.jpg', 'Captain Barbossa, Will Turner and Elizabeth Swann must sail off the edge of the map, navigate treachery and betrayal, find Jack Sparrow, and make their final alliances for one last decisive battle.', 'Action'),
(542, 'Broken Flowers', '2005', '106', 5, 'Jim Jarmusch', '2005-08-26', '7', 'https://images-na.ssl-images-amazon.com/images/M/MV5BMTQ4OTk1MTYxM15BMl5BanBnXkFtZTcwMTYwNjAzMQ@@._V1_SX300.jpg', 'As the extremely withdrawn Don Johnston is dumped by his latest woman, he receives an anonymous letter from a former lover informing him that he has a son who may be looking for him. A freelance sleuth neighbor moves Don to embark on a cross-country search for his old flames in search of answers.', 'Comedy'),
(543, 'Harry Potter and the Order of the Phoenix', '2007', '138', 2, 'David Yates', '2007-07-11', '8', 'https://images-na.ssl-images-amazon.com/images/M/MV5BMTM0NTczMTUzOV5BMl5BanBnXkFtZTYwMzIxNTg3._V1_SX300.jpg', 'With their warning about Lord Voldemort´s return scoffed at, Harry and Dumbledore are targeted by the Wizard authorities as an authoritarian bureaucrat slowly seizes power at Hogwarts.', 'Adventure'),
(544, 'An Unfinished Life', '2005', '108', 8, 'Lasse Hallström', '2005-09-16', '7', 'https://images-na.ssl-images-amazon.com/images/M/MV5BMjc3MzEzMTQ3OF5BMl5BanBnXkFtZTcwNDEwMzYzMQ@@._V1_SX300.jpg', 'Desperate to provide care for her daughter, down-on-her-luck Jean moves in with her father in-law from whom she is estranged. Through time, they learn to forgive each other and heal old wounds.', 'Drama'),
(545, 'The Method', '2005', '115', 5, 'Marcelo Piñeyro', '2005-09-23', '7', 'https://images-na.ssl-images-amazon.com/images/M/MV5BMTc4Mjg3OTIxMV5BMl5BanBnXkFtZTcwMjg3MTg0MQ@@._V1_SX300.jpg', 'During IMF & World Bank Summit and demonstrations which upset Madrid, like other capitals, major corporation Dekia holds interviews to recruit a top executive from seven applicants. Their ...', 'Comedy'),
(546, 'The Fast and the Furious: Tokyo Drift', '2006', '104', 1, 'Justin Lin', '2006-06-16', '6', 'https://images-na.ssl-images-amazon.com/images/M/MV5BMTQ2NTMxODEyNV5BMl5BanBnXkFtZTcwMDgxMjA0MQ@@._V1_SX300.jpg', 'A teenager becomes a major competitor in the world of drift racing after moving in with his father in Tokyo to avoid a jail sentence in America.', 'Action'),
(547, 'Ratatouille', '2007', '111', 3, 'Brad Bird, Jan Pinkava', '2007-06-29', '8', 'https://images-na.ssl-images-amazon.com/images/M/MV5BMTMzODU0NTkxMF5BMl5BanBnXkFtZTcwMjQ4MzMzMw@@._V1_SX300.jpg', 'A rat who can cook makes an unusual alliance with a young kitchen worker at a famous restaurant.', 'Animation'),
(548, 'The Queen', '2006', '103', 4, 'Stephen Frears', '2006-11-17', '7', 'https://images-na.ssl-images-amazon.com/images/M/MV5BMTQ3NTMxODg1Ml5BMl5BanBnXkFtZTcwMjEyMjczMQ@@._V1_SX300.jpg', 'After the death of Princess Diana, Queen Elizabeth II struggles with her reaction to a sequence of events nobody could have predicted.', 'Biography'),
(549, 'Music and Lyrics', '2007', '96', 5, 'Marc Lawrence', '2007-02-14', '7', 'https://images-na.ssl-images-amazon.com/images/M/MV5BNDY5MTQwODI3OV5BMl5BanBnXkFtZTcwODM2MjEzMw@@._V1_SX300.jpg', 'A washed up singer is given a couple days to compose a chart-topping hit for an aspiring teen sensation. Though he´s never written a decent lyric in his life, he sparks with an offbeat younger woman with a flair for words.', 'Comedy'),
(550, 'The Number 23', '2007', '101', 11, 'Joel Schumacher', '2007-02-23', '6', 'https://images-na.ssl-images-amazon.com/images/M/MV5BMjcwNzczNDQ0MV5BMl5BanBnXkFtZTcwMTE0NzA0MQ@@._V1_SX300.jpg', 'Walter Sparrow becomes obsessed with a novel that he believes was written about him. As his obsession increases, more and more similarities seem to arise.', 'Mystery'),
(551, 'The Lives of Others', '2006', '137', 8, 'Florian Henckel von Donnersmarck', '2007-03-30', '9', 'https://images-na.ssl-images-amazon.com/images/M/MV5BNDUzNjYwNDYyNl5BMl5BanBnXkFtZTcwNjU3ODQ0MQ@@._V1_SX300.jpg', 'In 1984 East Berlin, an agent of the secret police, conducting surveillance on a writer and his lover, finds himself becoming increasingly absorbed by their lives.', 'Drama'),
(552, 'Beowulf', '2007', '115', 3, 'Robert Zemeckis', '2007-11-16', '6', 'https://images-na.ssl-images-amazon.com/images/M/MV5BMTUzMjM0MTc3MF5BMl5BanBnXkFtZTcwNzU0ODMyMw@@._V1_SX300.jpg', 'The warrior Beowulf must fight and defeat the monster Grendel who is terrorizing Denmark, and later, Grendel´s mother, who begins killing out of revenge.', 'Animation'),
(553, 'Saw IV', '2007', '93', 10, 'Darren Lynn Bousman', '2007-10-26', '6', 'https://images-na.ssl-images-amazon.com/images/M/MV5BNjc0NjUyNzg3MF5BMl5BanBnXkFtZTYwODMxOTM3._V1_SX300.jpg', 'Despite Jigsaw´s death, and in order to save the lives of two of his colleagues, Lieutenant Rigg is forced to take part in a new game, which promises to test him to the limit.', 'Horror'),
(554, 'Apocalypto', '2006', '139', 1, 'Mel Gibson', '2006-12-08', '8', 'https://images-na.ssl-images-amazon.com/images/M/MV5BMzhmNGMzMDMtZDM0Yi00MmVmLWExYjAtZDhjZjcxZDM0MzJhXkEyXkFqcGdeQXVyNjU0OTQ0OTY@._V1_SX300.jpg', 'As the Mayan kingdom faces its decline, the rulers insist the key to prosperity is to build more temples and offer human sacrifices. Jaguar Paw, a young man captured for sacrifice, flees to avoid his fate.', 'Action'),
(555, 'Blood Diamond', '2006', '143', 2, 'Edward Zwick', '2006-12-08', '8', 'https://images-na.ssl-images-amazon.com/images/M/MV5BMTY5MTYyNjkwNV5BMl5BanBnXkFtZTcwODE3MTI0MQ@@._V1_SX300.jpg', 'A fisherman, a smuggler, and a syndicate of businessmen match wits over the possession of a priceless diamond.', 'Adventure'),
(556, 'Seal Team Six: The Raid on Osama Bin Laden', '2012', '90', 1, 'John Stockwell', '2012-11-04', '6', 'https://images-na.ssl-images-amazon.com/images/M/MV5BODMzNTYyMTIxNl5BMl5BanBnXkFtZTcwMjY1Mjg3OA@@._V1_SX300.jpg', 'A group of Navy SEALs come to learn the identity of their target: Osama bin Laden.', 'Action'),
(557, 'Underdog', '2007', '84', 1, 'Frederik Du Chau', '2007-08-03', '5', 'https://images-na.ssl-images-amazon.com/images/M/MV5BMTk5NjkyNzEwOV5BMl5BanBnXkFtZTcwODc5NDI1MQ@@._V1_SX300.jpg', 'A Beagle must use his newly-bestowed superpowers to defend Capitol City from mad scientist Simon Barsinister.', 'Action'),
(558, 'The Heartbreak Kid', '2007', '116', 5, 'Bobby Farrelly, Peter Farrelly', '2007-10-05', '6', 'https://images-na.ssl-images-amazon.com/images/M/MV5BMjExNTM2NTE2NF5BMl5BanBnXkFtZTcwOTI5MDUzMw@@._V1_SX300.jpg', 'A newly wed man who believes he´s just gotten hitched to the perfect woman encounters another lady on his honeymoon.', 'Comedy'),
(559, 'Eragon', '2006', '104', 1, 'Stefen Fangmeier', '2006-12-15', '5', 'https://images-na.ssl-images-amazon.com/images/M/MV5BNzMyMGI1N2UtNzc5YS00OGNkLTg1OTktMTNkMmY2Zjk1NTQxXkEyXkFqcGdeQXVyNTIzOTk5ODM@._V1_SX300.jpg', 'In his homeland of Alagaesia, a farm boy happens upon a dragon´s egg -- a discovery that leads him on a predestined journey where he realizes he´s the one person who can defend his home against an evil king.', 'Action'),
(560, 'Ocean´s Thirteen', '2007', '122', 6, 'Steven Soderbergh', '2007-06-08', '7', 'https://images-na.ssl-images-amazon.com/images/M/MV5BMTMyNTc1NzY5MV5BMl5BanBnXkFtZTcwNDM4NTQzMw@@._V1_SX300.jpg', 'Danny Ocean rounds up the boys for a third heist, after casino owner Willy Bank double-crosses one of the original eleven, Reuben Tishkoff.', 'Crime'),
(561, 'Live Free or Die Hard', '2007', '128', 1, 'Len Wiseman', '2007-06-27', '7', 'https://images-na.ssl-images-amazon.com/images/M/MV5BNDQxMDE1OTg4NV5BMl5BanBnXkFtZTcwMTMzOTQzMw@@._V1_SX300.jpg', 'John McClane and a young hacker join forces to take down master cyber-terrorist Thomas Gabriel in Washington D.C.', 'Action'),
(562, 'Time to Leave', '2005', '81', 8, 'François Ozon', '2005-11-30', '7', 'https://images-na.ssl-images-amazon.com/images/M/MV5BMTc4NzA5OTc2Ml5BMl5BanBnXkFtZTcwNTM3OTA5MQ@@._V1_SX300.jpg', 'A fashion photographer with terminal cancer elects to die alone, preparing others to live past him rather than prolong the inevitable with chemotherapy or be smothered in sympathy by those who know him.', 'Drama'),
(563, 'Anything Else', '2003', '108', 5, 'Woody Allen', '2003-09-19', '6', 'https://images-na.ssl-images-amazon.com/images/M/MV5BNjkyNjYyMzAzNV5BMl5BanBnXkFtZTYwMTMxNDU3._V1_SX300.jpg', 'Jerry Falk learns a lesson the hard way when he falls head over heels in love with a beautiful but flighty girl, Amanda.', 'Comedy'),
(564, 'Hero', '2002', '99', 1, 'Yimou Zhang', '2004-08-27', '8', 'https://images-na.ssl-images-amazon.com/images/M/MV5BMWQ2MjQ0OTctMWE1OC00NjZjLTk3ZDAtNTk3NTZiYWMxYTlmXkEyXkFqcGdeQXVyMTQxNzMzNDI@._V1_SX300.jpg', 'A defense officer, Nameless, was summoned by the King of Qin regarding his success of terminating three warriors.', 'Action'),
(565, 'Swimming Pool', '2003', '102', 6, 'François Ozon', '2003-08-01', '7', 'https://images-na.ssl-images-amazon.com/images/M/MV5BMTk2Mjg2MTE3NV5BMl5BanBnXkFtZTcwNDA0MTAwMQ@@._V1_SX300.jpg', 'A British mystery author visits her publisher´s home in the South of France, where her interaction with his unusual daughter sets off some touchy dynamics.', 'Crime'),
(566, 'Fracture', '2007', '113', 6, 'Gregory Hoblit', '2007-04-20', '7', 'https://images-na.ssl-images-amazon.com/images/M/MV5BMzIzNjQyMzkwM15BMl5BanBnXkFtZTcwOTg5ODQ0MQ@@._V1_SX300.jpg', 'An attorney, intent on climbing the career ladder toward success, finds an unlikely opponent in a manipulative criminal he is trying to prosecute.', 'Crime'),
(567, 'Friends with Money', '2006', '88', 5, 'Nicole Holofcener', '2006-04-21', '6', 'https://images-na.ssl-images-amazon.com/images/M/MV5BMjE3Mjc3NjQ5NV5BMl5BanBnXkFtZTYwMjY5MjE3._V1_SX300.jpg', 'After she quits her lucrative job, Olivia finds herself unsure about her future and her relationships with her successful and wealthy friends.', 'Comedy'),
(568, 'The Island', '2005', '136', 1, 'Michael Bay', '2005-07-22', '7', 'https://images-na.ssl-images-amazon.com/images/M/MV5BMTAwNjk0NjM1ODReQTJeQWpwZ15BbWU3MDc1NjIxMzM@._V1_SX300.jpg', 'Lincoln Six Echo is just like everyone else - he´s waiting to go to the Island, the only place left in the world to actually live a life. Thousands of people stay at a facility waiting to ...', 'Action'),
(569, 'All the King´s Men', '2006', '128', 8, 'Steven Zaillian', '2006-09-22', '6', 'https://images-na.ssl-images-amazon.com/images/M/MV5BMzY1MTIyNDg4MF5BMl5BanBnXkFtZTcwODQ4MTEzMw@@._V1_SX300.jpg', 'Based on the Robert Penn Warren novel. The life of populist Southerner Willie Stark, a political creature loosely based on Governor Huey Long of Louisiana.', 'Drama'),
(570, 'La dignidad de los nadies', '2005', '120', 7, 'Fernando E. Solanas', '2005-09-15', '8', 'http://ia.media-imdb.com/images/M/MV5BNjQ2NjhiODYtMDU3Zi00MjFiLWFhYjYtYTk2Yzc1YTQ0NjU0XkEyXkFqcGdeQXVyMTMyMTkzODA@._V1_SX300.jpg', 'The degraded socio-economic condition of Argentina leading to the December 2001 rebellions, and its consequent social chaos analyzed by focusing on real people from Buenos Aires poorest ...', 'Documentary'),
(571, 'Black Book', '2006', '145', 8, 'Paul Verhoeven', '2007-05-18', '8', 'https://images-na.ssl-images-amazon.com/images/M/MV5BODFlNTI0ZWQtOTcxNC00OTc0LTkwZDUtMmNkM2I1ZWFlYzZkXkEyXkFqcGdeQXVyNTIzOTk5ODM@._V1_SX300.jpg', 'In the Nazi-occupied Netherlands during World War II, a Jewish singer infiltrates the regional Gestapo headquarters for the Dutch resistance.', 'Drama'),
(572, 'Spanglish', '2004', '131', 5, 'James L. Brooks', '2004-12-17', '6', 'https://images-na.ssl-images-amazon.com/images/M/MV5BMTg2MjkwOTExMV5BMl5BanBnXkFtZTcwNTc4MzcyMQ@@._V1_SX300.jpg', 'A woman and her daughter emigrate from Mexico for a better life in America, where they start working for a family where the patriarch is a newly celebrated chef with an insecure wife.', 'Comedy'),
(573, 'Be Cool', '2005', '118', 5, 'F. Gary Gray', '2005-03-04', '6', 'https://images-na.ssl-images-amazon.com/images/M/MV5BMTUxNDc4MzAyNV5BMl5BanBnXkFtZTYwMzQ1NDc2._V1_SX300.jpg', 'Disenchanted with the movie industry, Chili Palmer tries the music industry, meeting and romancing a widow of a music executive on the way.', 'Comedy'),
(574, 'Super Size Me', '2004', '100', 7, 'Morgan Spurlock', '2004-06-11', '7', 'https://images-na.ssl-images-amazon.com/images/M/MV5BMTYyOTk4MjIxOF5BMl5BanBnXkFtZTcwMzk1NTUyMQ@@._V1_SX300.jpg', 'While examining the influence of the fast food industry, Morgan Spurlock personally explores the consequences on his health of a diet of solely McDonald´s food for one month.', 'Documentary'),
(575, 'Open Water', '2003', '79', 2, 'Chris Kentis', '2004-08-20', '6', 'https://images-na.ssl-images-amazon.com/images/M/MV5BNjQ5ODAyOTk3OF5BMl5BanBnXkFtZTcwNzQ1NjYyMQ@@._V1_SX300.jpg', 'Based on the true story of two scuba divers accidentally stranded in shark infested waters after their tour boat has left.', 'Adventure'),
(576, 'Piratas en el Callao', '2005', '78', 3, 'Eduardo Schuldt', '2005-08-05', '4', 'https://images-na.ssl-images-amazon.com/images/M/MV5BNjMxNzkzNDctZGRjMS00YjU1LTg5Y2QtNzgzMjFmOWNlYmMyXkEyXkFqcGdeQXVyMjQ4NDAyMDI@._V1_SX300.jpg', 'A young boy travels back to the 17th century to battle pirates off the coast of Peru.', 'Animation'),
(577, 'Bewitched', '2005', '102', 5, 'Nora Ephron', '2005-06-24', '5', 'https://images-na.ssl-images-amazon.com/images/M/MV5BNmNmYzJhODQtZWEyMS00NzUyLWFmYTAtZjYzMDNlNWU3NzVjXkEyXkFqcGdeQXVyNTUyMzE4Mzg@._V1_SX300.jpg', 'Thinking he can overshadow an unknown actress in the part, an egocentric actor unknowingly gets a witch cast in an upcoming television remake of the classic sitcom Bewitched (1964).', 'Comedy'),
(578, 'The Assassination of Richard Nixon', '2004', '95', 4, 'Niels Mueller', '2004-10-22', '7', 'https://images-na.ssl-images-amazon.com/images/M/MV5BNDUxNzYxNjk5Nl5BMl5BanBnXkFtZTcwNDg5NTcyMQ@@._V1_SX300.jpg', 'Based on real life events, Assassination is set in 1974 and centers on a businessman who decides to take extreme measures to achieve his American dream.', 'Biography'),
(579, 'Rent', '2005', '135', 8, 'Chris Columbus', '2005-11-23', '7', 'https://images-na.ssl-images-amazon.com/images/M/MV5BOTNmZWI2NzItNmNmMC00ZGY2LWE4ZTAtNjMxZTJiZWUwMzAyL2ltYWdlL2ltYWdlXkEyXkFqcGdeQXVyMTQxNzMzNDI@._V1_SX300.jpg', 'This is the film version of the Pulitzer and Tony Award winning musical about Bohemians in the East Village of New York City struggling with life, love and AIDS, and the impacts they have on America.', 'Drama'),
(580, 'Brothers', '2009', '105', 8, 'Jim Sheridan', '2009-12-04', '7', 'https://images-na.ssl-images-amazon.com/images/M/MV5BMTkyMTY5MTcxOV5BMl5BanBnXkFtZTcwMTI3MDE3Mg@@._V1_SX300.jpg', 'A young man comforts his older brother´s wife and children after he goes missing in Afghanistan.', 'Drama'),
(581, 'The Producers', '1967', '88', 5, 'Mel Brooks', '1968-11-10', '8', 'https://images-na.ssl-images-amazon.com/images/M/MV5BMjI4YTQzZjAtODkzZi00ZWNiLTlkNDItNzJiY2RkNjBkYTk4L2ltYWdlL2ltYWdlXkEyXkFqcGdeQXVyNjc1NTYyMjg@._V1_SX300.jpg', 'Producers Max Bialystock and Leo Bloom make money by producing a sure-fire flop.', 'Comedy'),
(582, 'The Best of Youth', '2003', '366', 8, 'Marco Tullio Giordana', '2003-06-20', '9', 'https://images-na.ssl-images-amazon.com/images/M/MV5BMzRhZmQ1OTItZTMwNC00MmRmLTgxNWEtNDg4YmMxZTI5NGI0XkEyXkFqcGdeQXVyMzIwNDY4NDI@._V1_SX300.jpg', 'An Italian epic that follows the lives of two brothers, from the 1960s to the 2000s.', 'Drama'),
(583, 'The Good Shepherd', '2006', '167', 8, 'Robert De Niro', '2006-12-22', '7', 'https://images-na.ssl-images-amazon.com/images/M/MV5BMTU5MjExMzA1Nl5BMl5BanBnXkFtZTgwMzIxNzQxMTE@._V1_SX300.jpg', 'The tumultuous early history of the Central Intelligence Agency is viewed through the prism of one man´s life.', 'Drama'),
(584, 'Seraphim Falls', '2006', '115', 1, 'David Von Ancken', '2007-04-13', '7', 'https://images-na.ssl-images-amazon.com/images/M/MV5BMTIzNTcyODE4MF5BMl5BanBnXkFtZTcwMzY3ODM0MQ@@._V1_SX300.jpg', 'At the end of the Civil War, a colonel hunts down a man with whom he has a grudge.', 'Action'),
(585, 'Scoop', '2006', '96', 5, 'Woody Allen', '2006-07-28', '7', 'https://images-na.ssl-images-amazon.com/images/M/MV5BMTM2MjYzOTMwNV5BMl5BanBnXkFtZTcwMjM0NTQzMQ@@._V1_SX300.jpg', 'An American journalism student in London scoops a big story, and begins an affair with an aristocrat as the incident unfurls.', 'Comedy'),
(586, 'Dreamer: Inspired by a True Story', '2005', '106', 8, 'John Gatins', '2005-10-21', '7', 'https://images-na.ssl-images-amazon.com/images/M/MV5BMTIxNjYwOTc0MV5BMl5BanBnXkFtZTcwMzcyODAzMQ@@._V1_SX300.jpg', 'Cale Crane catalyzes the rescue and rehabilitation of Sonador, a race horse with a broken leg.', 'Drama'),
(587, '...en fin, el mar', '2005', '95', 8, 'Jorge Dyszel', '2005-01-27', '5', 'http://ia.media-imdb.com/images/M/MV5BMTc0NjU1Mzc0MV5BMl5BanBnXkFtZTcwNjE4MTIzMQ@@._V1_SX300.jpg', 'Tony is a Cuban-American Metals trader. One sunny morning, while fishing off Key West-Florida, he finds the wreck of a makeshift raft floating close to the beach. The rafters names were ...', 'Drama'),
(588, 'The 40-Year-Old Virgin', '2005', '116', 5, 'Judd Apatow', '2005-08-19', '7', 'https://images-na.ssl-images-amazon.com/images/M/MV5BMTU5MzU2MzY2Nl5BMl5BanBnXkFtZTgwOTM4NzMxMDE@._V1_SX300.jpg', 'Goaded by his buddies, a nerdy guy who´s never \"done the deed\" only finds the pressure mounting when he meets a single mother.', 'Comedy'),
(589, 'Son of the Mask', '2005', '94', 5, 'Lawrence Guterman', '2005-02-18', '2', 'https://images-na.ssl-images-amazon.com/images/M/MV5BMTI3Mjg5NjI3OV5BMl5BanBnXkFtZTcwNDkwODcyMQ@@._V1_SX300.jpg', 'Tim Avery, an aspiring cartoonist, finds himself in a predicament when his dog stumbles upon the mask of Loki. Then after conceiving an infant son \"born of the mask\", he discovers just how looney child raising can be.', 'Comedy'),
(590, 'Melinda and Melinda', '2004', '99', 5, 'Woody Allen', '2005-04-08', '7', 'https://images-na.ssl-images-amazon.com/images/M/MV5BMTI5MDM3NTEzMl5BMl5BanBnXkFtZTcwODA2MjgyMQ@@._V1_SX300.jpg', 'Two alternating stories, one comedy and the other tragedy, about Melinda´s attempts to straighten out her life.', 'Comedy'),
(591, 'En la ciudad sin límites', '2002', '125', 8, 'Antonio Hernández', '2002-03-01', '7', 'https://images-na.ssl-images-amazon.com/images/M/MV5BMTc2NjA0NzQ0Ml5BMl5BanBnXkFtZTcwOTkwNTAzMQ@@._V1_SX300.jpg', 'Victor is a man who gets to Paris to join his family around their seriously ill father, Max. As the chance of selling the family business begins to disrupt the family relationships, Victor ...', 'Drama'),
(592, 'Code 46', '2003', '93', 8, 'Michael Winterbottom', '2004-09-17', '6', 'https://images-na.ssl-images-amazon.com/images/M/MV5BMTgwMzU4OTk0NF5BMl5BanBnXkFtZTYwMjg5MzI3._V1_SX300.jpg', 'A futuristic Brief Encounter (1945), this is a love story in which the romance is doomed by genetic incompatibility.', 'Drama'),
(593, 'Saved!', '2004', '92', 5, 'Brian Dannelly', '2004-06-11', '7', 'https://images-na.ssl-images-amazon.com/images/M/MV5BMTQ1ODM1ODU1N15BMl5BanBnXkFtZTcwMjI5MzA3NA@@._V1_SX300.jpg', 'When a girl attending a Christian high school becomes pregnant, she finds herself ostracized and demonized, as all of her former friends turn on her.', 'Comedy'),
(594, 'La Vie en Rose', '2007', '140', 4, 'Olivier Dahan', '2007-07-20', '8', 'https://images-na.ssl-images-amazon.com/images/M/MV5BMjExMjIzNjM5OV5BMl5BanBnXkFtZTcwMjc0OTg0MQ@@._V1_SX300.jpg', 'Biopic of the iconic French singer Édith Piaf. Raised by her grandmother in a brothel, she was discovered while singing on a street corner at the age of 19. Despite her success, Piaf´s life was filled with tragedy.', 'Biography'),
(595, 'Dear Frankie', '2004', '105', 8, 'Shona Auerbach', '2005-04-15', '8', 'https://images-na.ssl-images-amazon.com/images/M/MV5BMjE4ODgwMjI5N15BMl5BanBnXkFtZTcwODMxMTcyMQ@@._V1_SX300.jpg', 'After having responded to her son´s numerous letters in the guise of his father, a woman hires a stranger to pose as his dad when meeting him.', 'Drama'),
(596, 'Possession', '2002', '102', 8, 'Neil LaBute', '2002-08-30', '6', 'https://images-na.ssl-images-amazon.com/images/M/MV5BMTk2NTIzNTU2NF5BMl5BanBnXkFtZTYwNTgwMDg5._V1_SX300.jpg', 'A pair of literary sleuths unearth the amorous secret of two Victorian poets only to find themselves falling under a passionate spell.', 'Drama'),
(597, 'Night at the Museum', '2006', '108', 2, 'Shawn Levy', '2006-12-22', '6', 'https://images-na.ssl-images-amazon.com/images/M/MV5BMTQyOTM4MDMxN15BMl5BanBnXkFtZTcwODg5NTQzMw@@._V1_SX300.jpg', 'A newly recruited night security guard at the Museum of Natural History discovers that an ancient curse causes the animals and exhibits on display to come to life and wreak havoc.', 'Adventure'),
(598, 'The Dreamers', '2003', '115', 8, 'Bernardo Bertolucci', '2004-02-20', '7', 'https://images-na.ssl-images-amazon.com/images/M/MV5BMjA4MDU3ODM3OV5BMl5BanBnXkFtZTYwMDE0Njc2._V1_SX300.jpg', 'A young American studying in Paris in 1968 strikes up a friendship with a French brother and sister. Set against the background of the ´68 Paris student riots.', 'Drama'),
(599, 'Elling', '2001', '89', 5, 'Petter Næss', '2001-03-16', '8', 'https://images-na.ssl-images-amazon.com/images/M/MV5BMzczMzg1NzM3Nl5BMl5BanBnXkFtZTYwNjQ5ODc5._V1_SX300.jpg', 'When his mother, who has sheltered him his entire 40 years, dies, Elling, a sensitive, would-be poet, is sent to live in a state institution. There he meets Kjell Bjarne, a gentle giant and...', 'Comedy'),
(600, 'Wonderland', '2003', '104', 6, 'James Cox', '2003-10-24', '7', 'https://images-na.ssl-images-amazon.com/images/M/MV5BOTNiNTAxOWItMjJmMS00YzJlLTg5NTMtOThiNzIyODQ3MmVkL2ltYWdlXkEyXkFqcGdeQXVyMTQxNzMzNDI@._V1_SX300.jpg', 'In the police investigation of a brutal crime scene, one man was at the center of it all: legendary porn star John Holmes.', 'Crime'),
(601, 'The Cat in the Hat', '1971', '30', 3, 'Hawley Pratt', '1971-03-10', '8', 'https://images-na.ssl-images-amazon.com/images/M/MV5BMTgzOTY4MjIyMF5BMl5BanBnXkFtZTcwNzg0NTMyMQ@@._V1_SX300.jpg', 'Two children left home alone for a short while one afternoon are visited by a very interesting yet troublesome cat wearing a tall striped hat. The cat succeeds in creating a huge mess in ...', 'Animation'),
(602, 'In America', '2002', '105', 8, 'Jim Sheridan', '2004-02-06', '8', 'https://images-na.ssl-images-amazon.com/images/M/MV5BOGY1YmUzN2MtNDQ3NC00Nzc4LWI5M2EtYzUwMGQ4NWM4NjE1XkEyXkFqcGdeQXVyMTQxNzMzNDI@._V1_SX300.jpg', 'A family of Irish immigrants adjust to life on the mean streets of Hell´s Kitchen while also grieving the death of a child.', 'Drama'),
(603, 'Strayed', '2003', '95', 8, 'André Téchiné', '2003-08-20', '7', 'https://images-na.ssl-images-amazon.com/images/M/MV5BMTM1MTM5NDcwM15BMl5BanBnXkFtZTcwMTEyOTUyMQ@@._V1_SX300.jpg', 'Emmanuelle Béart stars as a widowed schoolteacher who flees Nazi-occupied Paris with her children. A teenaged boy comes to their rescue by leading them into the forest -- their best shot at survival.', 'Drama'),
(604, 'Beyond Borders', '2003', '127', 2, 'Martin Campbell', '2003-10-24', '7', 'https://images-na.ssl-images-amazon.com/images/M/MV5BMTI0NDk2MzMyM15BMl5BanBnXkFtZTYwMTY3Njk2._V1_SX300.jpg', 'Beyond Borders is an epic tale of the turbulent romance between two star-crossed lovers set against the backdrop of the world´s most dangerous hot spots. Academy Award winner Angelina Jolie...', 'Adventure'),
(605, 'Nathalie...', '2003', '100', 8, 'Anne Fontaine', '2004-01-07', '6', 'https://images-na.ssl-images-amazon.com/images/M/MV5BMjExOTg3NDA5OV5BMl5BanBnXkFtZTcwOTM0NzIzMQ@@._V1_SX300.jpg', 'Nathalie is the name a Parisian prostitute assumes for a special mission or \"private investigation.\" She is engaged in this unusual and secretive task by a professional, upper-middle-class ...', 'Drama'),
(606, 'The Tiger and the Snow', '2005', '110', 5, 'Roberto Benigni', '2005-10-14', '7', 'https://images-na.ssl-images-amazon.com/images/M/MV5BMTA0OTYyMDQzMDReQTJeQWpwZ15BbWU3MDk0OTU0NDE@._V1_SX300.jpg', 'A love-struck Italian poet is stuck in Iraq at the onset of an American invasion.', 'Comedy'),
(607, 'Creep', '2004', '85', 10, 'Christopher Smith', '2005-01-28', '6', 'https://images-na.ssl-images-amazon.com/images/M/MV5BNTgzODgyOTQ3OF5BMl5BanBnXkFtZTcwMjI0MjgyMQ@@._V1_SX300.jpg', 'Trapped in a London subway station, a woman who´s being pursued by a potential attacker heads into the unknown labyrinth of tunnels beneath the city´s streets.', 'Horror'),
(608, 'Madagascar', '2005', '86', 3, 'Eric Darnell, Tom McGrath', '2005-05-27', '7', 'https://images-na.ssl-images-amazon.com/images/M/MV5BN2I5YzFlYWEtZjRhNy00ZmQzLWJhNTktZGIwYjFjODdmNDgxXkEyXkFqcGdeQXVyMTQxNzMzNDI@._V1_SX300.jpg', 'Spoiled by their upbringing and unaware of what wildlife really is, four animals from the New York Central Zoo escape, unwittingly assisted by four absconding penguins, and find themselves in Madagascar.', 'Animation'),
(609, 'Machuca', '2004', '121', 4, 'Andrés Wood', '2004-06-11', '8', 'https://images-na.ssl-images-amazon.com/images/M/MV5BMTgzOTQ0MTQzNV5BMl5BanBnXkFtZTcwNDUzNDMzMQ@@._V1_SX300.jpg', 'Two boys observe a political coup in their native Chile.', 'Biography'),
(610, 'Cocalero', '2007', '86', 7, 'Alejandro Landes', '2007-11-09', '7', 'https://images-na.ssl-images-amazon.com/images/M/MV5BNDIwODFlN2YtZWViYS00MGU5LWI4MzAtM2M3ZjRiYmE3MjhkXkEyXkFqcGdeQXVyMTY3MTIwMTg@._V1_SX300.jpg', 'A documentary centered on the union formed by Bolivian farmers in response to their government´s (which was urged by the U.S.) effort eradicate coca crops, and the man who would come to represent them, Evo Morales.', 'Documentary'),
(611, 'Finding Neverland', '2004', '106', 4, 'Marc Forster', '2004-12-17', '8', 'https://images-na.ssl-images-amazon.com/images/M/MV5BMTMxNzYzNzUzMV5BMl5BanBnXkFtZTYwNjcwMjE3._V1_SX300.jpg', 'The story of J.M. Barrie´s friendship with a family who inspired him to create Peter Pan.', 'Biography'),
(612, 'Rendition', '2007', '122', 8, 'Gavin Hood', '2007-10-19', '7', 'https://images-na.ssl-images-amazon.com/images/M/MV5BMTk2MzcwMTIwOV5BMl5BanBnXkFtZTcwMDc4MjI1MQ@@._V1_SX300.jpg', 'A CIA analyst questions his assignment after witnessing an unorthodox interrogation at a secret detention facility outside the US.', 'Drama'),
(613, 'Alexander', '2004', '175', 1, 'Oliver Stone', '2004-11-24', '6', 'https://images-na.ssl-images-amazon.com/images/M/MV5BMTA1NDQ3OTY2NDVeQTJeQWpwZ15BbWU3MDI5MDc0MzM@._V1_SX300.jpg', 'Alexander, the King of Macedonia and one of the greatest military leaders in the history of warfare, conquers much of the known world.', 'Action'),
(614, 'Kinsey', '2004', '118', 4, 'Bill Condon', '2005-01-07', '7', 'https://images-na.ssl-images-amazon.com/images/M/MV5BMTA0MjA1MjA4MDNeQTJeQWpwZ15BbWU3MDQxMDQ2MjE@._V1_SX300.jpg', 'A look at the life of Alfred Kinsey, a pioneer in the area of human sexuality research, whose 1948 publication \"Sexual Behavior in the Human Male\" was one of the first recorded works that saw science address sexual behavior.', 'Biography'),
(615, 'Premonition', '2007', '96', 8, 'Mennan Yapo', '2007-03-16', '6', 'https://images-na.ssl-images-amazon.com/images/M/MV5BMTY1MDU1MzAwOV5BMl5BanBnXkFtZTYwMDkzNzY3._V1_SX300.jpg', 'Depressed housewife learns her husband was killed in a car accident the day previously, awakens the next morning to find him alive and well at home, and then awakens the next day after to a world in which he is still dead.', 'Drama'),
(616, 'Miami Vice', '2006', '134', 1, 'Michael Mann', '2006-07-28', '6', 'https://images-na.ssl-images-amazon.com/images/M/MV5BMTM4MDQ5MTkxMV5BMl5BanBnXkFtZTcwMTU4MzUzMQ@@._V1_SX300.jpg', 'Based on the 1980s TV action/drama, this update focuses on vice detectives Crockett and Tubbs as their respective personal and professional lives become dangerously intertwined.', 'Action'),
(617, 'Firewall', '2006', '105', 6, 'Richard Loncraine', '2006-02-10', '6', 'https://images-na.ssl-images-amazon.com/images/M/MV5BMTkwOTAyMTkwOV5BMl5BanBnXkFtZTYwMjY2MTM3._V1_SX300.jpg', 'A security specialist is forced into robbing the bank that he´s protecting, as a bid to pay off his family´s ransom.', 'Crime'),
(618, 'Yesterday', '2004', '90', 8, 'Darrell Roodt', '2004-09-03', '8', 'https://images-na.ssl-images-amazon.com/images/M/MV5BODA5NzQ5NDc4Nl5BMl5BanBnXkFtZTcwOTI4OTQzMQ@@._V1_SX300.jpg', 'After falling ill, Yesterday learns that she is HIV positive. With her husband in denial and young daughter to tend to, Yesterday´s one goal is to live long enough to see her child go to school.', 'Drama'),
(619, 'Resident Evil: Extinction', '2007', '94', 1, 'Russell Mulcahy', '2007-09-21', '6', 'https://images-na.ssl-images-amazon.com/images/M/MV5BNDQ0MWI3MmEtMzM0OC00Y2ViLWE4MDItMzNhNmY1ZTdjMWE2XkEyXkFqcGdeQXVyMTQxNzMzNDI@._V1_SX300.jpg', 'Survivors of the Raccoon City catastrophe travel across the Nevada desert, hoping to make it to Alaska. Alice joins the caravan and their fight against the evil Umbrella Corp.', 'Action'),
(620, 'Assault on Precinct 13', '2005', '109', 1, 'Jean-François Richet', '2005-01-19', '6', 'https://images-na.ssl-images-amazon.com/images/M/MV5BMTk4OTM3ODU4NF5BMl5BanBnXkFtZTcwNTM0NjcyMQ@@._V1_SX300.jpg', 'A police sergeant must rally the cops and prisoners together to protect themselves on New Year´s Eve, just as corrupt policeman surround the station with the intent of killing all to keep their deception in the ranks.', 'Action'),
(621, 'Good Night, and Good Luck.', '2005', '93', 4, 'George Clooney', '2005-11-04', '8', 'https://images-na.ssl-images-amazon.com/images/M/MV5BMTY0NzQ2NDg2Ml5BMl5BanBnXkFtZTYwMzcwOTY2._V1_SX300.jpg', 'Broadcast journalist Edward R. Murrow looks to bring down Senator Joseph McCarthy.', 'Biography'),
(622, 'Hide and Seek', '2005', '101', 8, 'John Polson', '2005-01-28', '6', 'https://images-na.ssl-images-amazon.com/images/M/MV5BMjA1MDkxNDY4OV5BMl5BanBnXkFtZTYwMzE4ODc3._V1_SX300.jpg', 'As a widower tries to piece together his life in the wake of his wife´s suicide, his daughter finds solace -- at first -- in her imaginary friend.', 'Drama'),
(623, 'The SpongeBob SquarePants Movie', '2004', '87', 3, 'Stephen Hillenburg, Mark Osborne', '2004-11-19', '7', 'https://images-na.ssl-images-amazon.com/images/M/MV5BZjM5YjI0NmQtOTk4OS00NTNiLThkNzQtNTZlNGE4Y2VmNmU3XkEyXkFqcGdeQXVyMTQxNzMzNDI@._V1_SX300.jpg', 'SpongeBob SquarePants takes leave from the town of Bikini Bottom in order to track down King Neptune´s stolen crown.', 'Animation'),
(624, 'The Exorcism of Emily Rose', '2005', '119', 8, 'Scott Derrickson', '2005-09-09', '7', 'https://images-na.ssl-images-amazon.com/images/M/MV5BMTI2NTM5MjQ0Nl5BMl5BanBnXkFtZTcwNDAxNjAzMQ@@._V1_SX300.jpg', 'A lawyer takes on a negligent homicide case involving a priest who performed an exorcism on a young girl.', 'Drama'),
(625, 'The Skeleton Key', '2005', '104', 10, 'Iain Softley', '2005-08-12', '7', 'https://images-na.ssl-images-amazon.com/images/M/MV5BMTMxNDYzODE3NF5BMl5BanBnXkFtZTcwMDc1NDAzMQ@@._V1_SX300.jpg', 'A hospice nurse working at a spooky New Orleans plantation home finds herself entangled in a mystery involving the house´s dark past.', 'Horror'),
(626, 'White Noise', '2005', '101', 8, 'Geoffrey Sax', '2005-01-07', '6', 'https://images-na.ssl-images-amazon.com/images/M/MV5BNWVkNGY2NTgtNWVhNi00NWU3LWE4NWMtNDFjMzA1N2QzMjQyXkEyXkFqcGdeQXVyMTQxNzMzNDI@._V1_SX300.jpg', 'An architect´s desire to speak with his wife from beyond the grave, becomes an obsession with supernatural repercussions.', 'Drama'),
(627, 'Downfall', '2004', '156', 4, 'Oliver Hirschbiegel', '2005-04-08', '8', 'https://images-na.ssl-images-amazon.com/images/M/MV5BMTM1OTI1MjE2Nl5BMl5BanBnXkFtZTcwMTEwMzc4NA@@._V1_SX300.jpg', 'Traudl Junge, the final secretary for Adolf Hitler, tells of the Nazi dictator´s final days in his Berlin bunker at the end of WWII.', 'Biography'),
(628, 'Cinderella Man', '2005', '144', 4, 'Ron Howard', '2005-06-03', '8', 'https://images-na.ssl-images-amazon.com/images/M/MV5BODEyYmQxZjUtZGQ0NS00ZTAwLTkwOGQtNGY2NzEwMWE0MDc3XkEyXkFqcGdeQXVyMTQxNzMzNDI@._V1_SX300.jpg', 'The story of James Braddock, a supposedly washed-up boxer who came back to become a champion and an inspiration in the 1930s.', 'Biography'),
(629, 'Closer', '2004', '104', 8, 'Mike Nichols', '2004-12-03', '7', 'https://images-na.ssl-images-amazon.com/images/M/MV5BN2I0Y2JmZjQtNjEyOC00ODhkLWE5YWUtOWFkOGQwMGYyODRiXkEyXkFqcGdeQXVyNDk3NzU2MTQ@._V1_SX300.jpg', 'The relationships of two couples become complicated and deceitful when the man from one couple meets the woman of the other.', 'Drama'),
(630, 'Being Julia', '2004', '104', 5, 'István Szabó', '2005-02-18', '7', 'https://images-na.ssl-images-amazon.com/images/M/MV5BODQ2NDIxMjcwN15BMl5BanBnXkFtZTYwODMzOTI3._V1_SX300.jpg', 'Set in ´30s London, the film involves stage actors and their experiences with love and revenge.', 'Comedy'),
(631, 'Hitch', '2005', '118', 5, 'Andy Tennant', '2005-02-11', '7', 'https://images-na.ssl-images-amazon.com/images/M/MV5BNzYyNzM2NzM2NF5BMl5BanBnXkFtZTcwNjg5NTQzMw@@._V1_SX300.jpg', 'While helping his latest client woo the fine lady of his dreams, a professional \"date doctor\" finds that his game doesn´t quite work on the gossip columnist with whom he´s smitten.', 'Comedy'),
(632, 'The Constant Gardener', '2005', '129', 8, 'Fernando Meirelles', '2005-08-31', '8', 'https://images-na.ssl-images-amazon.com/images/M/MV5BOWZkODhlZjQtMzdiYi00MDg2LTgxZDItN2IxMDZhMWE0MDdmXkEyXkFqcGdeQXVyMTQxNzMzNDI@._V1_SX300.jpg', 'A widower is determined to get to the bottom of a potentially explosive secret involving his wife´s murder, big business, and corporate corruption.', 'Drama'),
(633, 'House of Wax', '2005', '108', 10, 'Jaume Collet-Serra', '2005-05-06', '5', 'https://images-na.ssl-images-amazon.com/images/M/MV5BNDA4Nzg1NjQ2NV5BMl5BanBnXkFtZTcwMDYwNTgyMQ@@._V1_SX300.jpg', 'A group of unwitting teens are stranded near a strange wax museum and soon must fight to survive and keep from becoming the next exhibit.', 'Horror'),
(634, 'Seed of Chucky', '2004', '87', 5, 'Don Mancini', '2004-11-12', '5', 'https://images-na.ssl-images-amazon.com/images/M/MV5BMTIwMTczMjc3M15BMl5BanBnXkFtZTcwODcxMzcyMQ@@._V1_SX300.jpg', 'Chucky and Tiffany are resurrected by their innocent son, Glen, and hit Hollywood, where a movie depicting the killer dolls´ murder spree is underway.', 'Comedy'),
(635, 'Crash', '2004', '112', 6, 'Paul Haggis', '2005-05-06', '8', 'https://images-na.ssl-images-amazon.com/images/M/MV5BOTk1OTA1MjIyNV5BMl5BanBnXkFtZTcwODQxMTkyMQ@@._V1_SX300.jpg', 'Los Angeles citizens with vastly separate lives collide in interweaving stories of race, loss and redemption.', 'Crime'),
(636, 'A Series of Unfortunate Events', '2004', '108', 2, 'Brad Silberling', '2004-12-17', '7', 'https://images-na.ssl-images-amazon.com/images/M/MV5BMjE3MDM4NTg0NV5BMl5BanBnXkFtZTcwNjI4MTczMw@@._V1_SX300.jpg', 'When a massive fire kills their parents, three children are delivered to the custody of cousin and stage actor Count Olaf, who is secretly plotting to steal their parents´ vast fortune.', 'Adventure'),
(637, 'Head-On', '2004', '121', 8, 'Fatih Akin', '2004-03-11', '8', 'https://images-na.ssl-images-amazon.com/images/M/MV5BODBiNzYxNzYtMjkyMi00MjUyLWJkM2YtZjNkMDhhYmEwMTRiL2ltYWdlXkEyXkFqcGdeQXVyNTAyODkwOQ@@._V1_SX300.jpg', 'With the intention to break free from the strict familial restrictions, a suicidal young woman sets up a marriage of convenience with a forty-year-old addict, an act that will lead to an outburst of envious love.', 'Drama'),
(638, '5x2', '2004', '90', 8, 'François Ozon', '2004-09-01', '7', 'https://images-na.ssl-images-amazon.com/images/M/MV5BMTIzMjc3OTQ1N15BMl5BanBnXkFtZTcwODE5MTAzMQ@@._V1_SX300.jpg', 'Five stages in the romance between a woman and a man.', 'Drama'),
(639, 'Into the Blue', '2005', '110', 1, 'John Stockwell', '2005-09-30', '6', 'https://images-na.ssl-images-amazon.com/images/M/MV5BMmVlM2FhODYtOWFhZi00YmE5LWIwNWUtZDMxNTlkNDgxNTA0XkEyXkFqcGdeQXVyMTQxNzMzNDI@._V1_SX300.jpg', 'A group of divers find themselves in deep trouble with a drug lord after they come upon the illicit cargo of a sunken airplane.', 'Action'),
(640, 'Must Love Dogs', '2005', '98', 5, 'Gary David Goldberg', '2005-07-29', '6', 'https://images-na.ssl-images-amazon.com/images/M/MV5BOTU0ODA0NTM1OF5BMl5BanBnXkFtZTcwODE0MTkyMQ@@._V1_SX300.jpg', 'A forty-something preschool teacher looks to the personals for a change of pace and a relationship, with hilarious results.', 'Comedy'),
(641, 'Doom', '2005', '105', 1, 'Andrzej Bartkowiak', '2005-10-21', '5', 'https://images-na.ssl-images-amazon.com/images/M/MV5BMTgzNTEyNjAyNV5BMl5BanBnXkFtZTcwODk0ODIzMQ@@._V1_SX300.jpg', 'Space Marines are sent to investigate strange events at a research facility on Mars but find themselves at the mercy of genetically enhanced killing machines.', 'Action'),
(642, 'The Libertine', '2004', '114', 8, 'Laurence Dunmore', '2006-03-10', '6', 'https://images-na.ssl-images-amazon.com/images/M/MV5BMTE5MTQ4ODQzNl5BMl5BanBnXkFtZTYwMDIxNTQ3._V1_SX300.jpg', 'The story of John Wilmot, a.k.a. the Earl of Rochester, a 17th century poet who famously drank and debauched his way to an early grave, only to earn posthumous critical acclaim for his life´s work.', 'Drama'),
(643, 'The Bridesmaid', '2004', '111', 15, 'Claude Chabrol', '2004-11-17', '7', 'https://images-na.ssl-images-amazon.com/images/M/MV5BMjA0OTMyODQzMl5BMl5BanBnXkFtZTcwNDc1NTE0MQ@@._V1_SX300.jpg', 'A hard-working young man meets and falls in love with his sister´s bridesmaid. He soon finds out how disturbed she really is.', 'Thriller'),
(644, 'We Don´t Live Here Anymore', '2004', '101', 8, 'John Curran', '2004-09-03', '6', 'https://images-na.ssl-images-amazon.com/images/M/MV5BMTY2MTA4MjAyMl5BMl5BanBnXkFtZTcwNjYyNjYyMQ@@._V1_SX300.jpg', 'An indiscretion between two close friends tears down their respective marriages.', 'Drama'),
(645, 'Vera Drake', '2004', '125', 6, 'Mike Leigh', '2005-02-04', '8', 'https://images-na.ssl-images-amazon.com/images/M/MV5BZTk1ZmNhNjEtMDZjZi00MTY1LTgwMmYtZDRiNmI4ZDRiNzQ5XkEyXkFqcGdeQXVyMTAwMzUyOTc@._V1_SX300.jpg', 'Abortionist Vera Drake finds her beliefs and practices clash with the mores of 1950s Britain--a conflict that leads to tragedy for her family.', 'Crime'),
(646, 'Racing Stripes', '2005', '102', 2, 'Frederik Du Chau', '2005-01-14', '5', 'https://images-na.ssl-images-amazon.com/images/M/MV5BMjE0NDA2MTQwM15BMl5BanBnXkFtZTcwMzYxNDcyMQ@@._V1_SX300.jpg', 'An abandoned zebra grows up believing he is a racehorse, and, with the help of his barnyard friends and a teenage girl, sets out to achieve his dream of racing with thoroughbreds.', 'Adventure'),
(647, 'Big Momma´s House 2', '2006', '99', 5, 'John Whitesell', '2006-01-27', '5', 'https://images-na.ssl-images-amazon.com/images/M/MV5BZjZmYTQ3OTktODkzYy00YmQxLTgxMjEtY2ZkZDY4MDYzNDNmXkEyXkFqcGdeQXVyNTIzOTk5ODM@._V1_SX300.jpg', 'An FBI agent reprises his disguise as a corpulent old lady and takes a job as a nanny in a crime suspect´s house.', 'Comedy'),
(648, 'In Good Company', '2004', '109', 5, 'Paul Weitz', '2005-01-14', '7', 'https://images-na.ssl-images-amazon.com/images/M/MV5BMTQ4Nzc4NTc0NV5BMl5BanBnXkFtZTcwMTkyNjcyMQ@@._V1_SX300.jpg', 'A middle-aged ad exec is faced with a new boss who´s nearly half his age... and who also happens to be sleeping with his daughter.', 'Comedy'),
(649, 'Private', '2004', '90', 8, 'Saverio Costanzo', '2005-01-14', '7', 'https://images-na.ssl-images-amazon.com/images/M/MV5BMjM1NDg4NDM4OF5BMl5BanBnXkFtZTcwMzAyNTMzMQ@@._V1_SX300.jpg', 'A Palestinian family is trapped inside a house commandeered by Israeli soldiers.', 'Drama'),
(650, 'Shutter', '2004', '97', 10, 'Banjong Pisanthanakun, Parkpoom Wongpoom', '2004-09-09', '7', 'https://images-na.ssl-images-amazon.com/images/M/MV5BYjYwN2E3ZDAtYTM1OC00MWI1LWI5OTItMTEyYWMzYmYzZTNlXkEyXkFqcGdeQXVyNTAyODkwOQ@@._V1_SX300.jpg', 'A young photographer and his girlfriend discover mysterious shadows in their photographs after a tragic accident. They soon learn that you can not escape your past.', 'Horror'),
(651, 'Cry Wolf', '1947', '83', 6, 'Peter Godfrey', '1947-08-19', '7', 'https://images-na.ssl-images-amazon.com/images/M/MV5BYzNlYTg3NjMtN2EzNC00NGVhLTk0YjgtYWE5ODk3ZGVmYzBlXkEyXkFqcGdeQXVyMzE3NzIwODk@._V1_SX300.jpg', 'Recently widowed Sandra Demarest arrives at the isolated home of her late husband for his wake, but his uncle will not allow her to view the corpse.', 'Crime'),
(652, 'The Matador', '2005', '96', 5, 'Richard Shepard', '2006-01-27', '7', 'https://images-na.ssl-images-amazon.com/images/M/MV5BMTIwNjE3MzgwM15BMl5BanBnXkFtZTcwMzk5OTQzMQ@@._V1_SX300.jpg', 'A globetrotting hitman and a crestfallen businessman meet in a hotel bar in Mexico City in an encounter that draws them together in a way neither expected.', 'Comedy'),
(653, 'The Departed', '2006', '151', 6, 'Martin Scorsese', '2006-10-06', '9', 'https://images-na.ssl-images-amazon.com/images/M/MV5BMTI1MTY2OTIxNV5BMl5BanBnXkFtZTYwNjQ4NjY3._V1_SX300.jpg', 'An undercover cop and a mole in the police attempt to identify each other while infiltrating an Irish gang in South Boston.', 'Crime'),
(654, 'The New World', '2005', '135', 4, 'Terrence Malick', '2006-01-20', '7', 'https://images-na.ssl-images-amazon.com/images/M/MV5BMTdjNjQ5ZTAtODJlZi00MzcyLWJjY2UtNDZhNTJkYjlkNGY5XkEyXkFqcGdeQXVyMTQxNzMzNDI@._V1_SX300.jpg', 'The story of the English exploration of Virginia, and of the changing world and loves of Pocahontas.', 'Biography'),
(655, 'Thank You for Smoking', '2005', '92', 5, 'Jason Reitman', '2006-04-14', '8', 'https://images-na.ssl-images-amazon.com/images/M/MV5BMTcwYmI0YWUtNGQzMy00NTBkLTk4YjQtYWM1ZmU1ZGEwODFkXkEyXkFqcGdeQXVyNDk3NzU2MTQ@._V1_SX300.jpg', 'Satirical comedy follows the machinations of Big Tobacco´s chief spokesman, Nick Naylor, who spins on behalf of cigarettes while trying to remain a role model for his twelve-year-old son.', 'Comedy'),
(656, 'Mi mejor enemigo', '2005', '100', 5, 'Alex Bowen', '2005-05-05', '7', 'https://images-na.ssl-images-amazon.com/images/M/MV5BNTc1MTczNTc5OV5BMl5BanBnXkFtZTcwMDM4MDg5MQ@@._V1_SX300.jpg', 'During the almost war between Chile and Argentina during the 70´s, a Chilean patrol is lost in the limit whit Argentina. Soon they find that an Argentinean patrol is near them in the same ...', 'Comedy'),
(657, 'Over the Hedge', '2006', '83', 3, 'Tim Johnson, Karey Kirkpatrick', '2006-05-19', '7', 'https://images-na.ssl-images-amazon.com/images/M/MV5BMTQwMTQxNTcwOF5BMl5BanBnXkFtZTcwMzQ1NzUzMQ@@._V1_SX300.jpg', 'A scheming raccoon fools a mismatched family of forest creatures into helping him repay a debt of food, by invading the new suburban sprawl that popped up while they were hibernating...and learns a lesson about family himself.', 'Animation'),
(658, 'Monster House', '2006', '91', 3, 'Gil Kenan', '2006-07-21', '7', 'https://images-na.ssl-images-amazon.com/images/M/MV5BMTIzNjE1NDg1N15BMl5BanBnXkFtZTcwOTg2NTMzMQ@@._V1_SX300.jpg', 'Three teens discover that their neighbor´s house is really a living, breathing, scary monster.', 'Animation'),
(659, 'Chronicle of an Escape', '2006', '103', 6, 'Israel Adrián Caetano', '2006-04-27', '7', 'https://images-na.ssl-images-amazon.com/images/M/MV5BMTgwOTQ4MTg1OV5BMl5BanBnXkFtZTcwOTA4MTQ4MQ@@._V1_SX300.jpg', 'The goalkeeper of a little-known soccer team is kidnapped by a Argentinean government squad and sent to a detention center. After months of torture, he plots his escape with three other young men.', 'Crime'),
(660, 'Open Season', '2006', '86', 3, 'Roger Allers, Jill Culton, Anthony Stacchi', '2006-09-29', '6', 'https://images-na.ssl-images-amazon.com/images/M/MV5BMTQwOTg2MjU0OV5BMl5BanBnXkFtZTcwMzIzNTQzMQ@@._V1_SX300.jpg', 'Boog, a domesticated 900lb. Grizzly bear, finds himself stranded in the woods 3 days before Open Season. Forced to rely on Elliot, a fast-talking mule deer, the two form an unlikely friendship and must quickly rally other forest animals if they are to form a rag-tag army against the hunters.', 'Animation'),
(661, 'Nobody Knows', '2004', '141', 8, 'Hirokazu Koreeda', '2004-10-21', '8', 'https://images-na.ssl-images-amazon.com/images/M/MV5BNzMzNzA5ODgzNF5BMl5BanBnXkFtZTcwMjI2MDgyMQ@@._V1_SX300.jpg', 'In a small Tokyo apartment, twelve-year-old Akira must care for his younger siblings after their mother leaves them and shows no sign of returning.', 'Drama'),
(662, 'The Sentinel', '2006', '108', 1, 'Clark Johnson', '2006-04-21', '6', 'https://images-na.ssl-images-amazon.com/images/M/MV5BMTQ4OTcyODc1N15BMl5BanBnXkFtZTcwNDE0MjYzMQ@@._V1_SX300.jpg', 'A Secret Service agent is framed as the mole in an assassination attempt on the President. He must clear his name and foil another assassination attempt while on the run from a Secret Service Protective Intelligence Division agent.', 'Action'),
(663, 'X-Men: The Last Stand', '2006', '104', 1, 'Brett Ratner', '2006-05-26', '7', 'https://images-na.ssl-images-amazon.com/images/M/MV5BMjI1NTg2ODA2Nl5BMl5BanBnXkFtZTcwMDc2MjEzMw@@._V1_SX300.jpg', 'When a cure is found to treat mutations, lines are drawn amongst the X-Men, led by Professor Charles Xavier, and the Brotherhood, a band of powerful mutants organized under Xavier´s former ally, Magneto.', 'Action'),
(664, 'Tarnation', '2003', '88', 7, 'Jonathan Caouette', '2004-11-10', '7', 'https://images-na.ssl-images-amazon.com/images/M/MV5BMTM5NzczNDE5M15BMl5BanBnXkFtZTcwNDcxMzcyMQ@@._V1_SX300.jpg', 'Filmmaker Jonathan Caouette´s documentary on growing up with his schizophrenic mother -- a mixture of snapshots, Super-8, answering machine messages, video diaries, early short films, and more -- culled from 19 years of his life.', 'Documentary'),
(665, 'Munich', '2005', '164', 6, 'Steven Spielberg', '2006-01-06', '8', 'https://images-na.ssl-images-amazon.com/images/M/MV5BMTcwNzYzMzMwMF5BMl5BanBnXkFtZTcwMzMzODczMQ@@._V1_SX300.jpg', 'Based on the true story of the Black September aftermath, about the five men chosen to eliminate the ones responsible for that fateful day.', 'Crime'),
(666, 'You, Me and Dupree', '2006', '110', 5, 'Anthony Russo, Joe Russo', '2006-07-14', '6', 'https://images-na.ssl-images-amazon.com/images/M/MV5BMTUxOTg0MzczOV5BMl5BanBnXkFtZTcwODk1MTQzMQ@@._V1_SX300.jpg', 'A best man (Wilson) stays on as a houseguest with the newlyweds, much to the couple´s annoyance.', 'Comedy'),
(667, 'The Lake House', '2006', '99', 8, 'Alejandro Agresti', '2006-06-16', '7', 'https://images-na.ssl-images-amazon.com/images/M/MV5BMTYxMTgxNDI3MV5BMl5BanBnXkFtZTcwMzIxMTIzMw@@._V1_SX300.jpg', 'A lonely doctor who once occupied an unusual lakeside home begins exchanging love letters with its former resident, a frustrated architect. They must try to unravel the mystery behind their extraordinary romance before it´s too late.', 'Drama'),
(668, 'The Prestige', '2006', '130', 8, 'Christopher Nolan', '2006-10-20', '9', 'https://images-na.ssl-images-amazon.com/images/M/MV5BMjA4NDI0MTIxNF5BMl5BanBnXkFtZTYwNTM0MzY2._V1_SX300.jpg', 'Two stage magicians engage in competitive one-upmanship in an attempt to create the ultimate stage illusion.', 'Drama'),
(669, 'Click', '2006', '107', 5, 'Frank Coraci', '2006-06-23', '6', 'https://images-na.ssl-images-amazon.com/images/M/MV5BMjEyODM5MzY2N15BMl5BanBnXkFtZTcwNjcyMTIzMQ@@._V1_SX300.jpg', 'A workaholic architect finds a universal remote that allows him to fast-forward and rewind to different parts of his life. Complications arise when the remote starts to overrule his choices.', 'Comedy'),
(670, 'The Devil Wears Prada', '2006', '109', 5, 'David Frankel', '2006-06-30', '7', 'https://images-na.ssl-images-amazon.com/images/M/MV5BMTMyNjk4Njc3NV5BMl5BanBnXkFtZTcwNDkyMTEzMw@@._V1_SX300.jpg', 'A smart but sensible new graduate lands a job as an assistant to Miranda Priestly, the demanding editor-in-chief of a high fashion magazine.', 'Comedy'),
(671, 'Garfield 2', '2006', '86', 3, 'Tim Hill', '2006-06-16', '5', 'https://images-na.ssl-images-amazon.com/images/M/MV5BMTQwNTcyOTQ5MV5BMl5BanBnXkFtZTYwMTY2NjU3._V1_SX300.jpg', 'Jon and Garfield visit the United Kingdom, where a case of mistaken cat identity finds Garfield ruling over a castle. His reign is soon jeopardized by the nefarious Lord Dargis, who has designs on the estate.', 'Animation'),
(672, 'The Omen', '1976', '111', 10, 'Richard Donner', '1976-06-25', '8', 'https://images-na.ssl-images-amazon.com/images/M/MV5BODE2ODQ5MzYyNl5BMl5BanBnXkFtZTgwODc1Mjc1MDE@._V1_SX300.jpg', 'Mysterious deaths surround an American ambassador. Could the child that he is raising actually be the Antichrist? The Devil´s own son?', 'Horror'),
(673, 'The Bourne Ultimatum', '2007', '115', 1, 'Paul Greengrass', '2007-08-03', '8', 'https://images-na.ssl-images-amazon.com/images/M/MV5BNGNiNmU2YTMtZmU4OS00MjM0LTlmYWUtMjVlYjAzYjE2N2RjXkEyXkFqcGdeQXVyNDk3NzU2MTQ@._V1_SX300.jpg', 'Jason Bourne dodges a ruthless CIA official and his agents from a new assassination program while searching for the origins of his life as a trained killer.', 'Action'),
(674, 'I Am Legend', '2007', '101', 8, 'Francis Lawrence', '2007-12-14', '7', 'https://images-na.ssl-images-amazon.com/images/M/MV5BYTE1ZTBlYzgtNmMyNS00ZTQ2LWE4NjEtZjUxNDJkNTg2MzlhXkEyXkFqcGdeQXVyNjU0OTQ0OTY@._V1_SX300.jpg', 'Years after a plague kills most of humanity and transforms the rest into monsters, the sole survivor in New York City struggles valiantly to find a cure.', 'Drama');
INSERT INTO `pelicula` (`id`, `titulo`, `anio`, `duracion`, `genero_id`, `director`, `fecha_lanzamiento`, `puntuacion`, `poster`, `trama`, `genero_string`) VALUES
(675, 'Bee Movie', '2007', '91', 3, 'Steve Hickner, Simon J. Smith', '2007-11-02', '6', 'https://images-na.ssl-images-amazon.com/images/M/MV5BMjE1MDYxOTA4MF5BMl5BanBnXkFtZTcwMDE0MDUzMw@@._V1_SX300.jpg', 'Barry B. Benson, a bee just graduated from college, is disillusioned at his lone career choice: making honey. On a special trip outside the hive, Barry´s life is saved by Vanessa, a florist in New York City. As their relationship blossoms, he discovers humans actually eat honey, and subsequently decides to sue them.', 'Animation'),
(676, 'The Golden Compass', '2007', '113', 2, 'Chris Weitz', '2007-12-07', '6', 'https://images-na.ssl-images-amazon.com/images/M/MV5BMTM2NDkxMjQxMV5BMl5BanBnXkFtZTYwNTMxMDM4._V1_SX300.jpg', 'In a parallel universe, young Lyra Belacqua journeys to the far North to save her best friend and other kidnapped children from terrible experiments by a mysterious organization.', 'Adventure'),
(677, 'Derailed', '2005', '108', 6, 'Mikael Håfström', '2005-11-11', '7', 'https://images-na.ssl-images-amazon.com/images/M/MV5BZDI3OTdhOTAtZWIxOC00MDYxLTkxN2QtYjg3ODdlOTA4MGM1XkEyXkFqcGdeQXVyMTQxNzMzNDI@._V1_SX300.jpg', 'When two married business executives having an affair are blackmailed by a violent criminal, the two must turn the tables on him to save their families.', 'Crime'),
(678, 'Scary Movie 4', '2006', '83', 5, 'David Zucker', '2006-04-14', '5', 'https://images-na.ssl-images-amazon.com/images/M/MV5BZmFkMzc2NTctN2U1Ni00MzE5LWJmMzMtYWQ4NjQyY2MzYmM1XkEyXkFqcGdeQXVyNTIzOTk5ODM@._V1_SX300.jpg', 'Cindy finds out the house she lives in is haunted by a little boy and goes on a quest to find out who killed him and why. Also, Alien \"Tr-iPods\" are invading the world and she has to uncover the secret in order to stop them.', 'Comedy'),
(679, 'Flushed Away', '2006', '85', 3, 'David Bowers, Sam Fell', '2006-11-03', '7', 'https://images-na.ssl-images-amazon.com/images/M/MV5BMTI1MzE1MDk2N15BMl5BanBnXkFtZTYwMjEwMzI3._V1_SX300.jpg', 'The story of an uptown rat that gets flushed down the toilet from his penthouse apartment, ending in the sewers of London, where he has to learn a whole new and different way of life.', 'Animation'),
(680, 'Deja Vu', '2006', '126', 1, 'Tony Scott', '2006-11-22', '7', 'https://images-na.ssl-images-amazon.com/images/M/MV5BZWUyNzk1OTEtODhlZC00NGMwLTk5MWMtZGY0YTIwMmY0MjFmXkEyXkFqcGdeQXVyNDk3NzU2MTQ@._V1_SX300.jpg', 'After a ferry is bombed in New Orleans, an A.T.F. agent joins a unique investigation using experimental surveillance technology to find the bomber, but soon finds himself becoming obsessed with one of the victims.', 'Action'),
(681, 'Meet the Robinsons', '2007', '95', 3, 'Stephen J. Anderson', '2007-03-30', '7', 'https://images-na.ssl-images-amazon.com/images/M/MV5BMTg0NTU4MDY5OV5BMl5BanBnXkFtZTcwMzY0MjM0MQ@@._V1_SX300.jpg', 'Lewis is a brilliant inventor who meets mysterious stranger named Wilbur Robinson, whisking Lewis away in a time machine and together they team up to track down Bowler Hat Guy in a showdown that ends with an unexpected twist of fate.', 'Animation'),
(682, 'Venus', '2006', '95', 5, 'Roger Michell', '2007-02-16', '7', 'https://images-na.ssl-images-amazon.com/images/M/MV5BMTQ1ODQ4MDg0OV5BMl5BanBnXkFtZTcwOTk5NDQ0MQ@@._V1_SX300.jpg', 'Life for a pair of veteran actors gets turned upside down after they meet a brash teenager.', 'Comedy'),
(683, 'Flags of our Fathers', '2006', '135', 8, 'Clint Eastwood', '2006-10-20', '7', 'https://images-na.ssl-images-amazon.com/images/M/MV5BMTU2MjYxMjMyMF5BMl5BanBnXkFtZTYwMzAwMDc3._V1_SX300.jpg', 'The life stories of the six men who raised the flag at the Battle of Iwo Jima, a turning point in World War II.', 'Drama'),
(684, 'Pathfinder', '2007', '99', 1, 'Marcus Nispel', '2007-04-13', '5', 'https://images-na.ssl-images-amazon.com/images/M/MV5BMTk5MDY0NTA1OV5BMl5BanBnXkFtZTcwNjE0MDM0MQ@@._V1_SX300.jpg', 'A Viking boy is left behind after his clan battles a Native American tribe. Raised within the tribe, he ultimately becomes their savior in a fight against the Norsemen.', 'Action'),
(685, 'Epic Movie', '2007', '86', 2, 'Jason Friedberg, Aaron Seltzer', '2007-01-26', '2', 'https://images-na.ssl-images-amazon.com/images/M/MV5BMTA3NDM5ODU3NzleQTJeQWpwZ15BbWU3MDgyMjgyNDE@._V1_SX300.jpg', 'A comedic satire of films that are large in scope, reputation and popularity.', 'Adventure'),
(686, 'Trust the Man', '2005', '103', 5, 'Bart Freundlich', '2006-09-01', '6', 'https://images-na.ssl-images-amazon.com/images/M/MV5BMTkyMTA1NTMzNF5BMl5BanBnXkFtZTcwODA4MjQzMQ@@._V1_SX300.jpg', 'After much drama, cheating, and trial separations, two men fight to save their respective relationships.', 'Comedy'),
(687, 'Shooter', '2007', '124', 1, 'Antoine Fuqua', '2007-03-23', '7', 'https://images-na.ssl-images-amazon.com/images/M/MV5BMjA1NTU0Mzk4OF5BMl5BanBnXkFtZTcwNTc4MTY0MQ@@._V1_SX300.jpg', 'A marksman living in exile is coaxed back into action after learning of a plot to kill the President. Ultimately double-crossed and framed for the attempt, he goes on the run to find the real killer and the reason he was set up.', 'Action'),
(688, 'Volver', '2006', '121', 5, 'Pedro Almodóvar', '2007-01-26', '8', 'https://images-na.ssl-images-amazon.com/images/M/MV5BMjA0NTUxMjY1OV5BMl5BanBnXkFtZTcwNjI2OTMzMQ@@._V1_SX300.jpg', 'After her death, a mother returns to her home town in order to fix the situations she couldn´t resolve during her life.', 'Comedy'),
(689, 'Incorregibles', '2007', '91', 1, 'Rodolfo Ledo', '2007-07-04', '4', 'https://images-na.ssl-images-amazon.com/images/M/MV5BMDI0MjJjZjktOTFhMy00Y2U3LTk4MDYtZDRjMjk5NDlmOTRlXkEyXkFqcGdeQXVyMzU1ODUxOTk@._V1_SX300.jpg', 'Pedro, an inexperienced conman, decides to rob a bank. When he tries to escape, the branch is surrounded by police. His hostage turns out to be Pablo, the husband of the daughter of the ...', 'Action'),
(690, 'The Wicker Man', '2006', '102', 10, 'Neil LaBute', '2006-09-01', '4', 'https://images-na.ssl-images-amazon.com/images/M/MV5BMTI3NzQ3NjgzN15BMl5BanBnXkFtZTYwMjk4NTU3._V1_SX300.jpg', 'A sheriff investigating the disappearance of a young girl from a small island discovers there´s a larger mystery to solve among the island´s secretive, neo-pagan community.', 'Horror'),
(691, 'Notes on a Scandal', '2006', '92', 6, 'Richard Eyre', '2007-01-26', '7', 'https://images-na.ssl-images-amazon.com/images/M/MV5BMTI2NTcyMjE3NF5BMl5BanBnXkFtZTcwNDAyNzkzMQ@@._V1_SX300.jpg', 'A veteran high school teacher befriends a younger art teacher, who is having an affair with one of her 15-year-old students. However, her intentions with this new \"friend\" also go well beyond platonic friendship.', 'Crime'),
(692, 'The Grudge 2', '2006', '102', 10, 'Takashi Shimizu', '2006-10-13', '5', 'https://images-na.ssl-images-amazon.com/images/M/MV5BMjE3NDIxMDc2MF5BMl5BanBnXkFtZTcwMTg2MTkzMQ@@._V1_SX300.jpg', 'Three interwoven stories about a terrible curse. A young woman encounters a malevolent supernatural force while searching for her missing sister in Tokyo; a mean high school prank goes horribly wrong; a woman with a deadly secret moves into a Chicago apartment building.', 'Horror'),
(693, 'Pan´s Labyrinth', '2006', '118', 8, 'Guillermo del Toro', '2007-01-19', '8', 'https://images-na.ssl-images-amazon.com/images/M/MV5BMTU3ODg2NjQ5NF5BMl5BanBnXkFtZTcwMDEwODgzMQ@@._V1_SX300.jpg', 'In the falangist Spain of 1944, the bookish young stepdaughter of a sadistic army officer escapes into an eerie but captivating fantasy world.', 'Drama'),
(694, 'Copying Beethoven', '2006', '104', 4, 'Agnieszka Holland', '2007-03-08', '7', 'https://images-na.ssl-images-amazon.com/images/M/MV5BNTIyNDk5MjE0N15BMl5BanBnXkFtZTcwOTMxNTkzMQ@@._V1_SX300.jpg', 'A fictionalized account of the last year of Beethoven´s life.', 'Biography'),
(695, 'Mr. Bean´s Holiday', '2007', '90', 5, 'Steve Bendelack', '2007-08-24', '6', 'https://images-na.ssl-images-amazon.com/images/M/MV5BMTM2NzQ1Mzc4M15BMl5BanBnXkFtZTcwNTk3NjA1MQ@@._V1_SX300.jpg', 'Mr. Bean wins a trip to Cannes where he unwittingly separates a young boy from his father and must help the two come back together. On the way he discovers France, bicycling, and true love, among other things.', 'Comedy'),
(696, 'Transformers', '2007', '144', 1, 'Michael Bay', '2007-07-03', '7', 'https://images-na.ssl-images-amazon.com/images/M/MV5BNDg1NTU2OWEtM2UzYi00ZWRmLWEwMTktZWNjYWQ1NWM1OThjXkEyXkFqcGdeQXVyMTQxNzMzNDI@._V1_SX300.jpg', 'An ancient struggle between two Cybertronian races, the heroic Autobots and the evil Decepticons, comes to Earth, with a clue to the ultimate power held by a teenager.', 'Action'),
(697, 'Borat: Cultural Learnings of America for Make Benefit Glorious Nation of Kazakhstan', '2006', '84', 5, 'Larry Charles', '2006-11-03', '7', 'https://images-na.ssl-images-amazon.com/images/M/MV5BMTk0MTQ3NDQ4Ml5BMl5BanBnXkFtZTcwOTQ3OTQzMw@@._V1_SX300.jpg', 'Kazakh TV talking head Borat is dispatched to the United States to report on the greatest country in the world. With a documentary crew in tow, Borat becomes more interested in locating and marrying Pamela Anderson.', 'Comedy'),
(698, 'Happily N´Ever After', '2006', '87', 3, 'Paul Bolger, Yvette Kaplan, Greg Tiernan', '2007-01-05', '5', 'https://images-na.ssl-images-amazon.com/images/M/MV5BNzA3MTA0Mjk1M15BMl5BanBnXkFtZTcwNTE0NTQ0MQ@@._V1_SX300.jpg', 'An alliance of evil-doers, led by Frieda, looks to take over Fairy Tale Land. But when Ella realizes her stepmother is out to ruin her storybook existence, she takes a dramatic turn and blossoms into the leader of the resistance effort.', 'Animation'),
(699, 'Halloween', '1978', '91', 10, 'John Carpenter', '1978-10-25', '8', 'https://images-na.ssl-images-amazon.com/images/M/MV5BNzk1OGU2NmMtNTdhZC00NjdlLWE5YTMtZTQ0MGExZTQzOGQyXkEyXkFqcGdeQXVyMTQxNzMzNDI@._V1_SX300.jpg', 'Fifteen years after murdering his sister on Halloween night 1963, Michael Myers escapes from a mental hospital and returns to the small town of Haddonfield to kill again.', 'Horror'),
(700, 'Paris, je t´aime', '2006', '120', 5, 'Olivier Assayas, Frédéric Auburtin, Emmanuel Benbihy, Gurinder Chadha, Sylvain Chomet, Ethan Coen, Joel Coen, Isabel Coixet, Wes Craven, Alfonso Cuarón, Gérard Depardieu, Christopher Doyle, Richard LaGravenese, Vincenzo Natali, Alexander Payne, Bruno Podalydès, Walter Salles, Oliver Schmitz, Nobuhiro Suwa, Daniela Thomas, Tom Tykwer, Gus Van Sant', '2007-06-15', '7', 'https://images-na.ssl-images-amazon.com/images/M/MV5BMTc1MDgwNDE4MF5BMl5BanBnXkFtZTcwMTQzMzc0MQ@@._V1_SX300.jpg', 'Through the neighborhoods of Paris, love is veiled, revealed, imitated, sucked dry, reinvented and awakened.', 'Comedy'),
(701, 'Letters from Iwo Jima', '2006', '141', 8, 'Clint Eastwood', '2007-02-02', '8', 'https://images-na.ssl-images-amazon.com/images/M/MV5BMjE0NzgwODI4M15BMl5BanBnXkFtZTcwNjg3OTA0MQ@@._V1_SX300.jpg', 'The story of the battle of Iwo Jima between the United States and Imperial Japan during World War II, as told from the perspective of the Japanese who fought it.', 'Drama'),
(702, 'The Messengers', '2007', '90', 10, 'Danny Pang, Oxide Chun Pang', '2007-02-02', '5', 'https://images-na.ssl-images-amazon.com/images/M/MV5BMTMxMjMzMTMwOF5BMl5BanBnXkFtZTcwNDA4MDIzMw@@._V1_SX300.jpg', 'An ominous darkness invades a seemingly serene sunflower farm in North Dakota, and the Solomon family is torn apart by suspicion, mayhem and murder.', 'Horror'),
(703, 'The Pursuit of Happyness', '2006', '117', 4, 'Gabriele Muccino', '2006-12-15', '8', 'https://images-na.ssl-images-amazon.com/images/M/MV5BMTQ5NjQ0NDI3NF5BMl5BanBnXkFtZTcwNDI0MjEzMw@@._V1_SX300.jpg', 'A struggling salesman takes custody of his son as he´s poised to begin a life-changing professional career.', 'Biography'),
(704, 'Charlotte´s Web', '2006', '97', 5, 'Gary Winick', '2006-12-15', '6', 'https://images-na.ssl-images-amazon.com/images/M/MV5BMTQ5MTUzMTAzMl5BMl5BanBnXkFtZTcwNTE0NTcyMw@@._V1_SX300.jpg', 'Wilbur the pig is scared of the end of the season, because he knows that come that time, he will end up on the dinner table. He hatches a plan with Charlotte, a spider that lives in his pen, to ensure that this will never happen.', 'Comedy'),
(705, 'Next', '2007', '96', 1, 'Lee Tamahori', '2007-04-27', '6', 'https://images-na.ssl-images-amazon.com/images/M/MV5BMTg3MjgyNjE1Nl5BMl5BanBnXkFtZTcwNTY1NDU0MQ@@._V1_SX300.jpg', 'A Las Vegas magician who can see into the future is pursued by FBI agents seeking to use his abilities to prevent a nuclear terrorist attack.', 'Action'),
(706, 'Avenue Montaigne', '2006', '106', 5, 'Danièle Thompson', '2007-04-27', '7', 'https://images-na.ssl-images-amazon.com/images/M/MV5BMTc3MDY0ODYyNF5BMl5BanBnXkFtZTcwMjA1MDI0MQ@@._V1_SX300.jpg', 'A young woman arrives in Paris where she finds a job as a waitress in bar next on Avenue Montaigne that caters to the surrounding theaters and the wealthy inhabitants of the area. She will meet a pianist, a famous actress and a great art collector, and become acquainted with the \"luxurious\" world her grandmother has told her about since her childhood.', 'Comedy'),
(707, 'The Wild', '2006', '82', 3, 'Steve ´Spaz´ Williams', '2006-04-14', '5', 'https://images-na.ssl-images-amazon.com/images/M/MV5BMTQ5ODgzNjQ3OF5BMl5BanBnXkFtZTcwNTYyMTQzMQ@@._V1_SX300.jpg', 'An adolescent lion is accidentally shipped from the New York Zoo to Africa. Now running free, his zoo pals must put aside their differences to help bring him back.', 'Animation'),
(708, 'TMNT', '2007', '87', 3, 'Kevin Munroe', '2007-03-23', '6', 'https://images-na.ssl-images-amazon.com/images/M/MV5BMjE1MzcwNTE5OV5BMl5BanBnXkFtZTcwMTIxNzQ0MQ@@._V1_SX300.jpg', 'When the world is threatened by an ancient evil, the four adolescent turtles must reunite and overcome their faults in order to stand against it.', 'Animation'),
(709, 'Zodiac', '2007', '157', 6, 'David Fincher', '2007-03-02', '8', 'https://images-na.ssl-images-amazon.com/images/M/MV5BMTQxNjc2NzAwNF5BMl5BanBnXkFtZTcwMDg3NzMzMw@@._V1_SX300.jpg', 'In the late 1960s/early 1970s, a San Francisco cartoonist becomes an amateur detective obsessed with tracking down the Zodiac Killer, an unidentified individual who terrorizes Northern California with a killing spree.', 'Crime'),
(710, 'Priceless', '2006', '106', 5, 'Pierre Salvadori', '2008-04-11', '7', 'https://images-na.ssl-images-amazon.com/images/M/MV5BMTMxNzg3MzU5OF5BMl5BanBnXkFtZTcwMjI3Mzc4MQ@@._V1_SX300.jpg', 'Through a set of wacky circumstances, a young gold digger mistakenly woos a mild-mannered bartender thinking he´s a wealthy suitor.', 'Comedy'),
(711, 'Stardust', '2007', '127', 2, 'Matthew Vaughn', '2007-08-10', '8', 'https://images-na.ssl-images-amazon.com/images/M/MV5BMjkyMTE1OTYwNF5BMl5BanBnXkFtZTcwMDIxODYzMw@@._V1_SX300.jpg', 'In a countryside town bordering on a magical land, a young man makes a promise to his beloved that he´ll retrieve a fallen star by venturing into the magical realm.', 'Adventure'),
(712, 'Wild Hogs', '2007', '100', 1, 'Walt Becker', '2007-03-02', '6', 'https://images-na.ssl-images-amazon.com/images/M/MV5BMTQ4MTE5MjY5OV5BMl5BanBnXkFtZTcwNDEwMzUzMw@@._V1_SX300.jpg', 'A group of suburban biker wannabes looking for adventure hit the open road, but get more than they bargained for when they encounter a New Mexico gang called the Del Fuegos.', 'Action'),
(713, 'The Reaping', '2007', '99', 10, 'Stephen Hopkins', '2007-04-05', '6', 'https://images-na.ssl-images-amazon.com/images/M/MV5BMTkwODE2NTYzMV5BMl5BanBnXkFtZTcwOTIxMjI0MQ@@._V1_SX300.jpg', 'A former Christian missionary, who specializes in debunking religious phenomena, investigates a small town which seems to be suffering from the 10 biblical plagues.', 'Horror'),
(714, 'The Invasion', '2007', '99', 13, 'Oliver Hirschbiegel, James McTeigue', '2007-08-17', '6', 'https://images-na.ssl-images-amazon.com/images/M/MV5BMTQ1NzM0NjI4M15BMl5BanBnXkFtZTcwOTg2NjUzMw@@._V1_SX300.jpg', 'As a Washington psychiatrist unearths the origin of an alien epidemic, she also discovers her son might be the only way it can be stopped.', 'Sci-Fi'),
(715, 'Marie Antoinette', '2006', '123', 4, 'Sofia Coppola', '2006-10-20', '6', 'https://images-na.ssl-images-amazon.com/images/M/MV5BMTIzOTk1NzY5NV5BMl5BanBnXkFtZTcwOTMzNDgzMQ@@._V1_SX300.jpg', 'The retelling of France´s iconic but ill-fated queen, Marie Antoinette. From her betrothal and marriage to Louis XVI at 15 to her reign as queen at 19 and to the end of her reign as queen, and ultimately the fall of Versailles.', 'Biography'),
(716, 'Babel', '2006', '143', 8, 'Alejandro González Iñárritu', '2006-11-10', '8', 'https://images-na.ssl-images-amazon.com/images/M/MV5BMjEzMzg4NTIyOF5BMl5BanBnXkFtZTcwNjM3MzgzMQ@@._V1_SX300.jpg', 'Tragedy strikes a married couple on vacation in the Moroccan desert, touching off an interlocking story involving four different families.', 'Drama'),
(717, 'The Hitcher', '2007', '84', 10, 'Dave Meyers', '2007-01-19', '6', 'https://images-na.ssl-images-amazon.com/images/M/MV5BMTIwOTA3NzI4NF5BMl5BanBnXkFtZTcwNjY2ODA0MQ@@._V1_SX300.jpg', 'A serial killer pins his crimes on two college students who gave him a ride.', 'Horror'),
(718, 'Darkness', '2002', '88', 10, 'Jaume Balagueró', '2004-12-25', '5', 'https://images-na.ssl-images-amazon.com/images/M/MV5BYjE1NTI3ZjItYzVjMi00NWY3LThjNTctNjhhNzU5ZjEwZTZkXkEyXkFqcGdeQXVyMTQxNzMzNDI@._V1_SX300.jpg', 'A teenage girl moves into a remote countryside house with her family, only to discover that their gloomy new home has a horrifying past that threatens to destroy the family.', 'Horror'),
(719, 'The Triplets of Belleville', '2003', '78', 3, 'Sylvain Chomet', '2004-02-13', '8', 'https://images-na.ssl-images-amazon.com/images/M/MV5BMjAzMzUxNzc5M15BMl5BanBnXkFtZTgwODc2NDE2MDE@._V1_SX300.jpg', 'When her grandson is kidnapped during the Tour de France, Madame Souza and her beloved pooch Bruno team up with the Belleville Sisters--an aged song-and-dance team from the days of Fred Astaire--to rescue him.', 'Animation'),
(720, 'Open Hearts', '2002', '113', 8, 'Susanne Bier', '2002-09-06', '8', 'https://images-na.ssl-images-amazon.com/images/M/MV5BMTY3NzYzMTQ5Ml5BMl5BanBnXkFtZTcwMzk1NDMzMQ@@._V1_SX300.jpg', 'A Dogme film about an engaged couple that is torn apart after the man is paralyzed in an accident, and the woman falls in love with the husband of the woman who caused the accident.', 'Drama'),
(721, 'Roger Dodger', '2002', '106', 5, 'Dylan Kidd', '2002-11-22', '7', 'https://images-na.ssl-images-amazon.com/images/M/MV5BNzk1MDgyODQzMl5BMl5BanBnXkFtZTYwNTI4MjE3._V1_SX300.jpg', 'After breaking up with his lover and boss, a smooth-talking man takes his teenaged nephew out on the town in search of sex.', 'Comedy'),
(722, 'Rolling Family', '2004', '103', 5, 'Pablo Trapero', '2004-09-30', '7', 'https://images-na.ssl-images-amazon.com/images/M/MV5BMTA1MTI2MTU0MDZeQTJeQWpwZ15BbWU3MDIzMTkyNDE@._V1_SX300.jpg', 'A wedding invite from an estranged sibiling inspires a grandmother to assemble her family and embark on a roadtrip in a broken down caravan.', 'Comedy'),
(723, 'Jersey Girl', '2004', '102', 5, 'Kevin Smith', '2004-03-26', '6', 'https://images-na.ssl-images-amazon.com/images/M/MV5BZTYxMTZlNTEtMjlmZS00ODFiLTg5ODUtYzJkMzc1MGNhYjVkXkEyXkFqcGdeQXVyMTQxNzMzNDI@._V1_SX300.jpg', 'After his career is sidelined by an unexpected tragedy and a personal blowup, a single man must take care of his precocious daughter.', 'Comedy'),
(724, 'A History of Violence', '2005', '96', 6, 'David Cronenberg', '2005-09-30', '8', 'https://images-na.ssl-images-amazon.com/images/M/MV5BMTczMzIzMTQ1OV5BMl5BanBnXkFtZTYwMDQwNjk2._V1_SX300.jpg', 'A mild-mannered man becomes a local hero through an act of violence, which sets off repercussions that will shake his family to its very core.', 'Crime'),
(725, 'Pooh´s Heffalump Movie', '2005', '68', 3, 'Frank Nissen', '2005-02-11', '6', 'https://images-na.ssl-images-amazon.com/images/M/MV5BMTUyOTk5MDM4N15BMl5BanBnXkFtZTcwMTM0NDcyMQ@@._V1_SX300.jpg', 'A heffalump is heard trumpeting in the hundred acre woods. Winnie the Pooh, Tigger, and Piglet are scared and rush to Rabbit´s house for advice. Roo joins them and they all agree that ...', 'Animation'),
(726, 'Wedding Crashers', '2005', '119', 5, 'David Dobkin', '2005-07-15', '7', 'https://images-na.ssl-images-amazon.com/images/M/MV5BZmJkNzViYjYtZWZlNy00OGE4LWI2MzUtYTcwNjY3Y2MyODIwXkEyXkFqcGdeQXVyNDk3NzU2MTQ@._V1_SX300.jpg', 'John Beckwith and Jeremy Grey, a pair of committed womanizers who sneak into weddings to take advantage of the romantic tinge in the air, find themselves at odds with one another when John meets and falls for Claire Cleary.', 'Comedy'),
(727, 'The Amityville Horror', '2005', '90', 8, 'Andrew Douglas', '2005-04-15', '6', 'https://images-na.ssl-images-amazon.com/images/M/MV5BOTAxMzAzOTczNF5BMl5BanBnXkFtZTcwNzUwNzgyMQ@@._V1_SX300.jpg', 'Newlyweds are terrorized by demonic forces after moving into a large house that was the site of a grisly mass murder a year before.', 'Drama'),
(728, 'El Crimen Perfecto (The Perfect Crime)', '2004', '105', 5, 'Álex de la Iglesia', '2004-10-22', '7', 'https://images-na.ssl-images-amazon.com/images/M/MV5BMjA4MzcwNjAyOF5BMl5BanBnXkFtZTcwNDc1MzMzMQ@@._V1_SX300.jpg', 'An ambitious salesman will do anything for that big promotion he´s been chasing, but inevitably he will learn that there is no such thing as the perfect crime.', 'Comedy'),
(729, 'The Chorus', '2004', '97', 8, 'Christophe Barratier', '2004-03-17', '8', 'https://images-na.ssl-images-amazon.com/images/M/MV5BMTgyNTk5MDI1Ml5BMl5BanBnXkFtZTcwODc5NzcyMQ@@._V1_SX300.jpg', 'The new teacher at a severely administered boys´ boarding school works to positively affect the students´ lives through music.', 'Drama'),
(730, 'The Man', '2005', '83', 1, 'Les Mayfield', '2005-09-09', '6', 'https://images-na.ssl-images-amazon.com/images/M/MV5BMTQ2NjgzMjgyMV5BMl5BanBnXkFtZTcwODkxOTAzMQ@@._V1_SX300.jpg', 'Special Agent Derrick Vann is a man out to get the man who killed his partner but a case of mistaken identity leads him to Andy Fidler, a salesman with too many questions and a knack of getting in Vanns way.', 'Action'),
(731, 'Jarhead', '2005', '125', 1, 'Sam Mendes', '2005-11-04', '7', 'https://images-na.ssl-images-amazon.com/images/M/MV5BYmMyNGM4NWItYjgwYS00N2Q2LWJmY2YtY2ViNWYwMzRhODlmXkEyXkFqcGdeQXVyMTQxNzMzNDI@._V1_SX300.jpg', 'A psychological study of operations desert shield and desert storm during the gulf war; through the eyes of a U.S marine sniper who struggles to cope with the possibility his girlfriend may be cheating on him back home.', 'Action'),
(732, 'Keeping Mum', '2005', '99', 5, 'Niall Johnson', '2006-10-06', '7', 'https://images-na.ssl-images-amazon.com/images/M/MV5BNTA4OTc2MDc4Nl5BMl5BanBnXkFtZTYwNjUyODY2._V1_SX300.jpg', 'A pastor preoccupied with writing the perfect sermon fails to realize that his wife is having an affair and his children are up to no good.', 'Comedy'),
(733, 'Tapas', '2005', '94', 5, 'José Corbacho, Juan Cruz', '2005-05-13', '7', 'https://images-na.ssl-images-amazon.com/images/M/MV5BMTQ2NDk1NzcxNl5BMl5BanBnXkFtZTgwODA3NTAzMTE@._V1_SX300.jpg', 'The small, everyday stories of a group of neighbours who live in a suburb of Barcelona, and the little secrets that they hide.', 'Comedy'),
(734, 'Ballets Russes', '2005', '118', 7, 'Daniel Geller, Dayna Goldfine', '2006-04-19', '8', 'https://images-na.ssl-images-amazon.com/images/M/MV5BMTIyNDU2MzY0Nl5BMl5BanBnXkFtZTcwNDE0NTQzMQ@@._V1_SX300.jpg', 'Ballets Russes is an intimate portrait of a group of pioneering artists -- now in their 70s, 80s and 90s -- who gave birth to modern ballet.', 'Documentary'),
(735, 'The Texas Chainsaw Massacre', '2003', '98', 10, 'Marcus Nispel', '2003-10-17', '6', 'https://images-na.ssl-images-amazon.com/images/M/MV5BZDg2NDJkOGYtMjM3My00Mzc2LWJiYjktODFlMzBjNmQwMTEyXkEyXkFqcGdeQXVyMTQxNzMzNDI@._V1_SX300.jpg', 'After picking up a traumatized young hitchhiker, five friends find themselves stalked and hunted by a deformed chainsaw-wielding killer and his family of equally psychopathic killers.', 'Horror'),
(736, 'The World´s Fastest Indian', '2005', '127', 4, 'Roger Donaldson', '2006-03-24', '8', 'https://images-na.ssl-images-amazon.com/images/M/MV5BMjE1MjA0MDA3MV5BMl5BanBnXkFtZTcwOTU0MjMzMQ@@._V1_SX300.jpg', 'The story of New Zealander Burt Munro, who spent years rebuilding a 1920 Indian motorcycle, which helped him set the land speed world record at Utah´s Bonneville Salt Flats in 1967.', 'Biography'),
(737, 'Casanova', '2005', '112', 2, 'Lasse Hallström', '2006-01-06', '7', 'https://images-na.ssl-images-amazon.com/images/M/MV5BZTM2MGFmMjctM2EyNi00MmI4LTkyYjItMDhjZWQ4MjUyNGJhXkEyXkFqcGdeQXVyMTQxNzMzNDI@._V1_SX300.jpg', 'Heath Ledger plays the fabled romantic as a man who, after failing to win the affection of a particular Venetian woman, strives to discover the real meaning of love.', 'Adventure'),
(738, 'Time', '2006', '97', 8, 'Ki-duk Kim', '2006-08-10', '7', 'https://images-na.ssl-images-amazon.com/images/M/MV5BMjA1NjU5OTcxNl5BMl5BanBnXkFtZTcwNTMyNjYzMQ@@._V1_SX300.jpg', 'To save her relationship, a woman puts herself through extensive plastic surgery.', 'Drama'),
(739, 'Dark Water', '2005', '105', 8, 'Walter Salles', '2005-07-08', '6', 'https://images-na.ssl-images-amazon.com/images/M/MV5BOTcyMDQ3MjEtNjZkOS00ZDQ0LWE1YWMtYTNkNmNiZjU0MzhhXkEyXkFqcGdeQXVyMTQxNzMzNDI@._V1_SX300.jpg', 'A mother and daughter, still wounded from a bitter custody dispute, hole up in a run-down apartment building. Adding further drama to their plight, they are targeted by the ghost of former resident.', 'Drama'),
(740, 'Iluminados por el fuego', '2005', '100', 2, 'Tristán Bauer', '2005-09-08', '7', 'https://images-na.ssl-images-amazon.com/images/M/MV5BMTgwMTE3MzY1M15BMl5BanBnXkFtZTcwOTEyNjc0MQ@@._V1_SX300.jpg', 'The suicide of an old soldier buddy brings up some old memories for an Argentinian man.', 'Adventure'),
(741, 'Fun with Dick and Jane', '2005', '90', 5, 'Dean Parisot', '2005-12-21', '6', 'https://images-na.ssl-images-amazon.com/images/M/MV5BZDAyZGU4YWUtNjRhYy00MGE2LWE3YTktZDMwNjA3NGRkODQ2XkEyXkFqcGdeQXVyMTQxNzMzNDI@._V1_SX300.jpg', 'When an affluent couple lose all their money following a series of blunders, they turn to a life of crime to make ends meet.', 'Comedy'),
(742, 'Brokeback Mountain', '2005', '134', 8, 'Ang Lee', '2006-01-13', '8', 'https://images-na.ssl-images-amazon.com/images/M/MV5BMTY5NTAzNTc1NF5BMl5BanBnXkFtZTYwNDY4MDc3._V1_SX300.jpg', 'The story of a forbidden and secretive relationship between two cowboys, and their lives over the years.', 'Drama'),
(743, 'The Story of the Weeping Camel', '2003', '93', 7, 'Byambasuren Davaa, Luigi Falorni', '2004-07-16', '8', 'https://images-na.ssl-images-amazon.com/images/M/MV5BMTcwOTk3NjI2Nl5BMl5BanBnXkFtZTcwODQxOTUyMQ@@._V1_SX300.jpg', 'When a Mongolian nomadic family´s newest camel colt is rejected by its mother, a musician is needed for a ritual to change her mind.', 'Documentary');

-- --------------------------------------------------------

--
-- Table structure for table `pelicula_ofrecida`
--

CREATE TABLE `pelicula_ofrecida` (
  `id` int(11) NOT NULL,
  `competencia_id` int(11) NOT NULL,
  `pelicula_id` int(11) UNSIGNED NOT NULL
) ENGINE=InnoDB DEFAULT CHARSET=latin1;

--
-- Dumping data for table `pelicula_ofrecida`
--

INSERT INTO `pelicula_ofrecida` (`id`, `competencia_id`, `pelicula_id`) VALUES
(1, 1, 704),
(2, 1, 99),
(3, 2, 560),
(4, 2, 356),
(5, 2, 356),
(6, 2, 560),
(7, 2, 356),
(8, 2, 560),
(9, 2, 560),
(10, 2, 251),
(11, 1, 495),
(12, 1, 733),
(13, 2, 356),
(14, 2, 560),
(15, 2, 251),
(16, 2, 560),
(17, 2, 356),
(18, 2, 560),
(19, 1, 315),
(20, 1, 267),
(21, 9, 227),
(22, 9, 151);

-- --------------------------------------------------------

--
-- Table structure for table `voto`
--

CREATE TABLE `voto` (
  `id` int(11) NOT NULL,
  `competencia_id` int(11) NOT NULL,
  `pelicula_id` int(11) UNSIGNED NOT NULL
) ENGINE=InnoDB DEFAULT CHARSET=latin1;

--
-- Dumping data for table `voto`
--

INSERT INTO `voto` (`id`, `competencia_id`, `pelicula_id`) VALUES
(1, 1, 704),
(2, 2, 560),
(3, 2, 356),
(4, 2, 560),
(5, 2, 560),
(6, 1, 495),
(7, 2, 356),
(8, 2, 251),
(9, 1, 267);

--
-- Indexes for dumped tables
--

--
-- Indexes for table `actor`
--
ALTER TABLE `actor`
  ADD PRIMARY KEY (`id`);

--
-- Indexes for table `actor_pelicula`
--
ALTER TABLE `actor_pelicula`
  ADD PRIMARY KEY (`id`),
  ADD KEY `ap_actor_id` (`actor_id`),
  ADD KEY `ap_pelicula_id` (`pelicula_id`);

--
-- Indexes for table `competencia`
--
ALTER TABLE `competencia`
  ADD PRIMARY KEY (`id`),
  ADD KEY `actor_id` (`actor_id`),
  ADD KEY `director_id` (`director_id`),
  ADD KEY `genero_id` (`genero_id`);

--
-- Indexes for table `director`
--
ALTER TABLE `director`
  ADD PRIMARY KEY (`id`),
  ADD UNIQUE KEY `nombre` (`nombre`);

--
-- Indexes for table `director_pelicula`
--
ALTER TABLE `director_pelicula`
  ADD PRIMARY KEY (`id`),
  ADD UNIQUE KEY `director_id_2` (`director_id`,`pelicula_id`),
  ADD KEY `director_id` (`director_id`),
  ADD KEY `pelicula_director_id` (`pelicula_id`);

--
-- Indexes for table `genero`
--
ALTER TABLE `genero`
  ADD PRIMARY KEY (`id`);

--
-- Indexes for table `pelicula`
--
ALTER TABLE `pelicula`
  ADD PRIMARY KEY (`id`),
  ADD KEY `pelicula_genero` (`genero_id`);

--
-- Indexes for table `pelicula_ofrecida`
--
ALTER TABLE `pelicula_ofrecida`
  ADD PRIMARY KEY (`id`),
  ADD KEY `competencia_id` (`competencia_id`),
  ADD KEY `pelicula_id` (`pelicula_id`);

--
-- Indexes for table `voto`
--
ALTER TABLE `voto`
  ADD PRIMARY KEY (`id`),
  ADD KEY `competencia_id` (`competencia_id`),
  ADD KEY `pelicula_id` (`pelicula_id`);

--
-- AUTO_INCREMENT for dumped tables
--

--
-- AUTO_INCREMENT for table `actor`
--
ALTER TABLE `actor`
  MODIFY `id` int(11) UNSIGNED NOT NULL AUTO_INCREMENT, AUTO_INCREMENT=2089;
--
-- AUTO_INCREMENT for table `actor_pelicula`
--
ALTER TABLE `actor_pelicula`
  MODIFY `id` int(11) UNSIGNED NOT NULL AUTO_INCREMENT, AUTO_INCREMENT=2965;
--
-- AUTO_INCREMENT for table `competencia`
--
ALTER TABLE `competencia`
  MODIFY `id` int(11) NOT NULL AUTO_INCREMENT, AUTO_INCREMENT=11;
--
-- AUTO_INCREMENT for table `director`
--
ALTER TABLE `director`
  MODIFY `id` int(11) UNSIGNED NOT NULL AUTO_INCREMENT, AUTO_INCREMENT=4333;
--
-- AUTO_INCREMENT for table `director_pelicula`
--
ALTER TABLE `director_pelicula`
  MODIFY `id` int(11) UNSIGNED NOT NULL AUTO_INCREMENT, AUTO_INCREMENT=1024;
--
-- AUTO_INCREMENT for table `genero`
--
ALTER TABLE `genero`
  MODIFY `id` int(11) UNSIGNED NOT NULL AUTO_INCREMENT, AUTO_INCREMENT=16;
--
-- AUTO_INCREMENT for table `pelicula`
--
ALTER TABLE `pelicula`
  MODIFY `id` int(11) UNSIGNED NOT NULL AUTO_INCREMENT, AUTO_INCREMENT=744;
--
-- AUTO_INCREMENT for table `pelicula_ofrecida`
--
ALTER TABLE `pelicula_ofrecida`
  MODIFY `id` int(11) NOT NULL AUTO_INCREMENT, AUTO_INCREMENT=23;
--
-- AUTO_INCREMENT for table `voto`
--
ALTER TABLE `voto`
  MODIFY `id` int(11) NOT NULL AUTO_INCREMENT, AUTO_INCREMENT=10;
--
-- Constraints for dumped tables
--

--
-- Constraints for table `actor_pelicula`
--
ALTER TABLE `actor_pelicula`
  ADD CONSTRAINT `ap_actor_id` FOREIGN KEY (`actor_id`) REFERENCES `actor` (`id`),
  ADD CONSTRAINT `ap_pelicula_id` FOREIGN KEY (`pelicula_id`) REFERENCES `pelicula` (`id`);

--
-- Constraints for table `competencia`
--
ALTER TABLE `competencia`
  ADD CONSTRAINT `competencia_ibfk_1` FOREIGN KEY (`actor_id`) REFERENCES `actor` (`id`),
  ADD CONSTRAINT `competencia_ibfk_2` FOREIGN KEY (`director_id`) REFERENCES `director` (`id`),
  ADD CONSTRAINT `competencia_ibfk_3` FOREIGN KEY (`genero_id`) REFERENCES `genero` (`id`);

--
-- Constraints for table `director_pelicula`
--
ALTER TABLE `director_pelicula`
  ADD CONSTRAINT `director_id` FOREIGN KEY (`director_id`) REFERENCES `director` (`id`),
  ADD CONSTRAINT `pelicula_director_id` FOREIGN KEY (`pelicula_id`) REFERENCES `pelicula` (`id`);

--
-- Constraints for table `pelicula`
--
ALTER TABLE `pelicula`
  ADD CONSTRAINT `pelicula_genero` FOREIGN KEY (`genero_id`) REFERENCES `genero` (`id`);

--
-- Constraints for table `pelicula_ofrecida`
--
ALTER TABLE `pelicula_ofrecida`
  ADD CONSTRAINT `pelicula_ofrecida_ibfk_1` FOREIGN KEY (`competencia_id`) REFERENCES `competencia` (`id`),
  ADD CONSTRAINT `pelicula_ofrecida_ibfk_2` FOREIGN KEY (`pelicula_id`) REFERENCES `pelicula` (`id`);

--
-- Constraints for table `voto`
--
ALTER TABLE `voto`
  ADD CONSTRAINT `voto_ibfk_1` FOREIGN KEY (`competencia_id`) REFERENCES `competencia` (`id`),
  ADD CONSTRAINT `voto_ibfk_2` FOREIGN KEY (`pelicula_id`) REFERENCES `pelicula` (`id`);

/*!40101 SET CHARACTER_SET_CLIENT=@OLD_CHARACTER_SET_CLIENT */;
/*!40101 SET CHARACTER_SET_RESULTS=@OLD_CHARACTER_SET_RESULTS */;
/*!40101 SET COLLATION_CONNECTION=@OLD_COLLATION_CONNECTION */;
