-- phpMyAdmin SQL Dump
-- version 4.7.0
-- https://www.phpmyadmin.net/
--
-- Host: 127.0.0.1:3307
-- Generation Time: Jun 26, 2018 at 11:12 AM
-- Server version: 10.1.26-MariaDB
-- PHP Version: 7.1.8

SET SQL_MODE = "NO_AUTO_VALUE_ON_ZERO";
SET AUTOCOMMIT = 0;
START TRANSACTION;
SET time_zone = "+00:00";


/*!40101 SET @OLD_CHARACTER_SET_CLIENT=@@CHARACTER_SET_CLIENT */;
/*!40101 SET @OLD_CHARACTER_SET_RESULTS=@@CHARACTER_SET_RESULTS */;
/*!40101 SET @OLD_COLLATION_CONNECTION=@@COLLATION_CONNECTION */;
/*!40101 SET NAMES utf8mb4 */;

--
-- Database: `prediksi`
--

-- --------------------------------------------------------

--
-- Table structure for table `setting`
--

CREATE TABLE `setting` (
  `id_setting` int(11) NOT NULL,
  `minsupport` int(11) NOT NULL,
  `minconfiden` int(11) NOT NULL
) ENGINE=InnoDB DEFAULT CHARSET=latin1;

--
-- Dumping data for table `setting`
--

INSERT INTO `setting` (`id_setting`, `minsupport`, `minconfiden`) VALUES
(1, 20, 20);

-- --------------------------------------------------------

--
-- Table structure for table `tb_admin`
--

CREATE TABLE `tb_admin` (
  `id_admin` int(11) NOT NULL,
  `username` varchar(50) DEFAULT NULL,
  `password` varchar(200) DEFAULT NULL,
  `nama_lengkap` varchar(100) DEFAULT NULL
) ENGINE=InnoDB DEFAULT CHARSET=latin1;

--
-- Dumping data for table `tb_admin`
--

INSERT INTO `tb_admin` (`id_admin`, `username`, `password`, `nama_lengkap`) VALUES
(1, 'admin', 'admin', 'Admin Toko 1');

-- --------------------------------------------------------

--
-- Table structure for table `tb_belanja`
--

CREATE TABLE `tb_belanja` (
  `id_belanja` int(11) NOT NULL,
  `id_menu` int(11) DEFAULT NULL,
  `no_faktur` varchar(11) DEFAULT NULL,
  `nama` varchar(30) DEFAULT NULL,
  `tanggal` date DEFAULT NULL,
  `jumlah` int(11) DEFAULT NULL,
  `harga` int(11) DEFAULT NULL
) ENGINE=InnoDB DEFAULT CHARSET=latin1;

--
-- Dumping data for table `tb_belanja`
--

INSERT INTO `tb_belanja` (`id_belanja`, `id_menu`, `no_faktur`, `nama`, `tanggal`, `jumlah`, `harga`) VALUES
(4, 3, '10009', ' WALLS PADDLE POP JELLY WAVE ', '2018-06-09', 2, 3500),
(5, 4, '10009', ' WALLS POPULAIRE CHOCOLATE 90 ', '2018-06-09', 3, 4300);

-- --------------------------------------------------------

--
-- Table structure for table `tb_cart`
--

CREATE TABLE `tb_cart` (
  `id_cart` int(11) NOT NULL,
  `id_menu` int(11) DEFAULT NULL,
  `jml` int(11) DEFAULT NULL
) ENGINE=InnoDB DEFAULT CHARSET=latin1;

-- --------------------------------------------------------

--
-- Table structure for table `tb_kategori`
--

CREATE TABLE `tb_kategori` (
  `id_kategori` int(11) NOT NULL,
  `kategori` varchar(50) DEFAULT NULL
) ENGINE=InnoDB DEFAULT CHARSET=latin1;

--
-- Dumping data for table `tb_kategori`
--

INSERT INTO `tb_kategori` (`id_kategori`, `kategori`) VALUES
(1, 'makanan pokok'),
(3, 'makanan ringan'),
(4, 'minuman'),
(7, 'pakaian'),
(8, 'alat kantor'),
(9, 'alat tulis');

-- --------------------------------------------------------

--
-- Table structure for table `tb_menu`
--

CREATE TABLE `tb_menu` (
  `id_menu` int(11) NOT NULL,
  `id_kategori` int(11) NOT NULL,
  `nama_menu` varchar(50) DEFAULT NULL,
  `harga` int(11) DEFAULT NULL
) ENGINE=InnoDB DEFAULT CHARSET=latin1;

--
-- Dumping data for table `tb_menu`
--

INSERT INTO `tb_menu` (`id_menu`, `id_kategori`, `nama_menu`, `harga`) VALUES
(1, 3, 'WALLS BUAVITA SMOOTHIES BANA', 8000),
(2, 3, 'WALLS VAN CHOCCHIP&CHO 400 M', 15000),
(3, 3, 'WALLS PADDLE POP JELLY WAVE', 3500),
(4, 3, 'WALLS POPULAIRE CHOCOLATE 90', 4300),
(5, 3, 'WALLS POPULAIRE STRAWBERRY 100', 3000),
(6, 3, 'WALLS TRI CHOCO 350 ML', 2000),
(7, 3, 'WALLS PADDLE POP SHAKY SHAKE', 3500),
(8, 3, 'WALLS PADDLE POP WOLF & WHAL', 3500),
(9, 3, 'WALLS PADDLE POP CHOCO MAGMA', 3500),
(10, 3, 'WALLS  CORNETTO CLASSICO TIR', 8500),
(11, 3, 'WALLS MINI CORNETTO CHO &VAN', 21500),
(12, 3, 'WALLS TRIPLE TWIST  350 ML', 23000),
(13, 3, 'WALLS PADDLE POP STRAW SPRIN', 3500),
(14, 3, 'WALLS CHOCKY ROCKY', 23000),
(15, 3, 'WALLS PADDLE POP FRUITY ZAP', 3500),
(16, 3, 'WALLS CORNETTO DISC STRAWBER', 8500),
(17, 3, 'WALLS SELECTION COOKIE CRM O', 29900),
(18, 3, 'WALLS FEAST CHOCOLATE 65 ML', 5000),
(19, 3, 'WALLS CORNETTO DISC CHOCOLAT', 8500),
(20, 3, 'WALLS MAGNUM ALMOND 90 ML', 9000),
(21, 3, 'WALLS MAGNUM  CLASIK 90 ML', 9000),
(22, 3, 'WALLS VIENNETTA BRONIE CHOCO', 24250),
(23, 3, 'WALLS CHOC VAN & CHOCHOCIP', 23000),
(24, 3, 'WALLS TRIPLE FRUITS 350 ML', 2000),
(25, 3, 'WALLS PADDLE POP COLA FIRE 5', 3500),
(26, 3, 'WALLS CORNETTO CLASSICO CHOC', 5000),
(27, 3, 'WALLS SELECTION COOKIES & CR', 29900),
(28, 3, 'WALLA SELECTION MOCHA CRUMBL', 29900),
(29, 3, 'WALLS SELECTION FRUIT SALAD', 29900),
(30, 3, 'WALLS PADLE POP STK TORNADO', 3500),
(31, 3, 'WALLS MAGNUM CHOCO TRUFFLE 9', 9000),
(32, 3, 'WALLS SELECTION DOUBLE DUTCH', 29900),
(33, 3, 'WALLS BUAVITA STRAWBERRY', 8000),
(34, 3, 'WALLS MAGNUM CHOCO CAPUCCINO', 9000),
(35, 3, 'WALLS VIENNETTA TRIPLE CHOCC', 24250),
(36, 3, 'WALLS CORNETTO DISC VANILLA', 8500),
(37, 3, 'WALLS  VIENNETTA BRONIE TIRA', 24250),
(38, 3, 'WALLS MINI CORNETTO CCREAM &', 21500),
(39, 3, 'WALLS MINI CORNETTO STRAW VA', 21500),
(40, 3, 'WALLS CORNETTO ROYAL SWETERB', 8500),
(41, 3, 'WALLS PADDLE POP RAINBOW PEA', 3500),
(42, 3, 'WALLS MOO STICK 70 ML', 3500),
(43, 3, 'WALLS CORNETTO MINI BISCOTCH', 8500),
(44, 3, 'WALLS FEAST VANILLA 65 ML', 5000),
(45, 3, 'WALLS CONELLO HASELNUT MOCHA', 8500),
(46, 3, 'WALLS BUAVITA RED GRAPE', 8000),
(47, 3, 'WALLS CORNETTO BLACK & WHITE', 8500),
(48, 3, 'WALLS MINI CORNETTO BF & CC', 21500),
(49, 3, 'WALLS BUAVITA KIWI 60 ML', 8000),
(50, 3, 'WALLS MAGNUM CHOCO BROWNIE 9', 9000),
(51, 3, 'WALLS PADDLE POP DRACOLA', 3500),
(52, 3, 'WALLS PADDLE POP COLOUR POPP', 3500),
(53, 3, 'WALLS MAGNUM CHOCO STRW 90 M', 12000),
(54, 3, 'WALLS CORNETTO MINI ECER', 1800),
(55, 3, 'WALLS MAGNUM INFNTY CHOC CRML', 12000),
(56, 3, 'WALL\'S CORNETTO BLCKFRST 135', 8500),
(57, 3, 'WALL`S PADLE POP TRICO', 2000),
(58, 3, 'YAKULT/PACK', 8000),
(59, 3, 'SOZZIS AYAM ISI 3 75GR', 3000),
(60, 3, 'VIDA SOSIS AYAM ISI 3', 3500),
(61, 3, 'FIESTA SHOESTRING 500GR', 32050),
(62, 3, 'VIDA SOSIS SAPI ISI 6', 6500),
(63, 3, 'CHAMP NUGGET 250GR', 13425),
(64, 3, 'VIDA BASO SAPI', 8100),
(65, 3, 'VIDA SOSIS AYAM ISI 6', 7000),
(66, 3, 'SOSIS CHAMP ISI 3', 3000),
(67, 3, 'SOSIS CHAMP ISI 6', 6000),
(68, 3, 'SO GOOD BASO KUAH 8 S 120G', 16000),
(69, 3, 'SOZZIS SAPI ISI 3 75 GR', 6500),
(70, 3, 'FIESTA NUGGET 500 GR', 32050),
(71, 3, 'WALLS DUNG-DUNG NANGKA 700ML', 4000),
(72, 3, 'FIESTA HAPPY STAR 500GR', 33800),
(73, 3, 'CHAMP STIK 250GR', 15000),
(74, 3, 'CHAMP COIN 250GR', 15000),
(75, 3, 'CHAMP ABC 250GR', 17000),
(76, 3, 'CHAMP SOZIS AYM 3', 6000),
(77, 3, 'CHAMP SOZIS AYM 6', 12000),
(78, 3, 'FIESTA NUGGET 250GR', 16000),
(79, 3, 'FIESTA HAPPY STAR 250GR', 16500),
(80, 3, 'FIESTA CHEESE 123 250GR', 16000),
(81, 3, 'FIESTA KARAGE 250GR', 16000),
(82, 3, 'FIESTA SIOMAY 180GR', 13000),
(83, 3, 'GF BUTTER COATED 500GR', 30250),
(84, 3, 'GF SHOESTRING 500GR', 30250),
(85, 3, 'MINAKU TEMPURA 200GR', 5500),
(86, 3, 'MINAKU OTAK2 200GR', 6500),
(87, 3, 'MINAKU KAKI NAGA 200GR', 7000),
(88, 3, 'WALLS BUAVITA MANGO 60ML', 8000),
(89, 3, 'WALLS CORNETTO BLACKBERY AND', 8500),
(90, 3, 'WALLS CORNETTO ROYALE FRUIT', 8500),
(91, 3, 'WALLS MINI CORNETTO MANGO&BE', 1800),
(92, 3, 'WALLS FRUITY DELIGHT 350ML', 8500),
(93, 3, 'WALL\'S MAGNUM GLDN HAZELNUT', 12000),
(94, 3, 'WALLS DREAMY CREAMY VANILA 8', 8500),
(95, 3, 'WALL\'S BUAVITA LYCHEE 60ML', 8000),
(96, 3, 'FIESTA BAKSO KUAH 100GR', 14000),
(97, 3, 'CHAMP SOSIS SAPI 6', 12000),
(98, 3, 'WALLS PADLLE POP MOO STICK 7', 8500),
(99, 3, 'WALLS CORNETTO ROYAL DOUBLE', 8500),
(100, 3, 'WALLS DUNG DUNF ES TELER', 4000),
(101, 3, 'FIESTA STIK 250GR', 20500),
(102, 3, 'CHAMP BAKSO AYAM 200GR', 12000),
(103, 3, 'FIESTA NUGGET DINO', 32000),
(104, 3, 'FIESTA CRISPY CRUNCH 300', 20500),
(105, 3, 'WALL\'S MAGNUM GOLD 90ML', 12000),
(106, 3, 'FIESTA STIKIE 500 GR', 20700),
(107, 3, 'CHAMP NUGGET 500', 32000),
(108, 3, 'CHAMP STIKIE 500', 32000),
(109, 3, 'CHAMP COIN 500', 32000),
(110, 3, 'CHAMP ABC 500', 32000),
(111, 3, 'WALL\'S CORNETTO CHOC&TIRAMSU', 8500),
(112, 3, 'WALL\'S SELECTION STRAW CHEES', 8500),
(113, 3, 'WALL\'S PADDL PP BOLA MOO STR', 3500),
(114, 3, 'WALL\'S SELECTION CHOCO ALMON', 8500),
(115, 3, 'WALL\'S BUAVITA MARKISA 60ML', 8000),
(116, 3, 'BELFOODS ENAAK NUGGET 500GR', 19000),
(117, 3, 'BELFOODS ENAAK NUGGET 250 GR', 11500),
(118, 3, 'WALL\'S DISC STRW GLEE', 8500),
(119, 3, 'WALL\'S DISC CHOC GLEE', 8500),
(120, 3, 'WALL\'S CORNETTO MINI CCRM BF', 21000),
(121, 3, 'WALL\'S CORNETTO MINI BBERY M', 21000),
(122, 3, 'WALL\'S CORNETTO MINI CHO VAN', 21000),
(123, 3, 'WALL\'S CORNETTO BSCTH CCHC', 8500),
(124, 3, 'WALL\'S CORNETO RYL FRUITY', 8500),
(125, 3, 'WALL\'S CORNETO MNI DISC CHTR', 1800),
(126, 3, 'WALL`S PADDLE POP DINO FREEZ', 3500),
(127, 3, 'WALL\'S CORNTO MINI STRW VAN', 21500),
(128, 3, 'NUTRIVE BENECOL STRW 100 ML', 11900),
(129, 3, 'NUTRIVE BENECOL BC 100ML', 11900),
(130, 3, 'NUTRIVE BENECOL ORANGE 100ML', 11900),
(131, 3, 'WALL\'S MAGNUM MINI 45ML ECER', 9000),
(132, 3, 'WALL\'S SELECTION HERSHEY\'S', 8500),
(133, 3, 'WALL\'S KLP MUDA CUP 80 ML', 7500),
(134, 3, 'WALL\'S MINI CLSC ALMND BROW', 21000),
(135, 3, 'WALL\'S MINI CLSC BBERRY CRM', 21000),
(136, 3, 'WALL\'S MAGNUM MINI ALMOND 6\'', 17000),
(137, 3, 'WALL\'S MAGNUM MINI CLSC ALMD', 17000),
(138, 3, 'MINAKU BOLA UDANG 200GR', 11000),
(139, 3, 'CHAMP SOZIS AYAM ECER', 1500),
(140, 3, 'WALL\'S SELECTION COOKIE CRM', 8500),
(141, 3, 'WALL`S PADDLEPOP STK ROCKETJ', 3500),
(142, 3, 'CHAMP SOZIS SAPI ECER', 1000),
(143, 3, 'FIESTA BUTTER COATED 500', 30000),
(144, 3, 'BINTANG BEER BTL 320 ML', 18000),
(145, 3, 'FANTA STRAWBERY CAN 250ML', 5500),
(146, 3, 'CALPICO MINI STRW 90ML', 4500),
(147, 3, 'CALPICO SODA GRAPE 320 ML', 13000),
(148, 3, 'CALPICO SODA CAN 330 ML PLAI', 14000),
(149, 3, 'ERDINGER CHAMP 330 ML', 37500),
(150, 3, 'FN SODA WATER 330 ML', 38000),
(151, 3, 'PEPSI COLA 1000', 10200),
(152, 3, 'BIG STRAWBERRY 3.2 LITER', 13900),
(153, 3, 'GUINNESS BEER 330 ML', 22000),
(154, 3, 'PEPSI COLA 500', 5300),
(155, 3, 'PEPSI BLUE  1500', 11300),
(156, 3, 'CALPICO SODA CAN 330 ML  STR', 14000),
(157, 3, 'F&N TOIC WATER 330 ML', 14500),
(158, 3, 'COCA COLA 330 ML', 4400),
(159, 3, 'SPRITE 1.5 LITER', 9900),
(160, 3, 'BIG COLA 3.2 LITER', 13900),
(161, 3, 'FANTA STRWBERY 330 ML', 4400),
(162, 3, 'SOSRO TEBS CAN 330 ML', 4400),
(163, 3, 'CRUZZ LEMON LIME 330 ML', 4400),
(164, 3, 'FILMA MINYAK GORENG NON KOLESTEROL 1LTR (REFIL)', 13000),
(165, 3, 'FILMA REFIL 2 LTR (MINYAK GORENG KEMASAN ISI ULANG', 26000),
(166, 3, 'SANIA MINYAK GORENG 1LTR ? POUCH', 13800),
(167, 3, 'SANIA MINYAK GORENG 2L TR ? PER POUCH', 25000),
(168, 3, 'SANIA MINYAK GORENG 5LTR', 67000),
(169, 3, 'SANIA MINYAK GORENG NON KOLESTEROL 2LTR', 25000),
(170, 3, 'HEMART MINYAK GORENG 2000 ML', 21000),
(171, 3, 'BERAS IR. I (IR64)/KG', 11477),
(172, 3, 'BERAS IR. II (IR64) RAMOS/KG', 10576),
(173, 3, 'BERAS IR. III (IR64)/KG', 11821),
(174, 3, 'BERAS MUNCUL. I/KG', 11443),
(175, 3, 'BERAS IR. 42 PERA/KG', 12210),
(176, 3, 'BERAS KETAN HITAM CURAH / LITER', 6500),
(177, 3, 'BERAS KETAN PUTIH CURAH / LITER', 9000),
(178, 3, 'BIG COLA 535 ML', 3000),
(179, 3, 'BIG LEMON 535 ML', 3000),
(180, 3, 'BIG ORANGE 500 ML', 3000),
(181, 3, 'BIG STRAWBERRY 535 ML', 3000),
(182, 3, 'BIG COLA 1.5 L', 8900),
(183, 3, 'BIG COLA LIME 1.5 L', 8900),
(184, 3, 'BIG COLA STRW 1.5 L', 8900),
(185, 3, 'BUAVITA MINI GUAVA 125 ML', 4400),
(186, 3, 'BUAVITA MINI MANGO JUICE 125', 4400),
(187, 3, 'BUAVITA MINI ORANGE JUICE 12', 4400),
(188, 3, 'BUAVITA MINI GRAPE 125ML', 4400),
(189, 3, 'BUAVITA MANGGA 250 ML', 7700),
(190, 3, 'BUAVITA MINI APPLE 125 ML', 4400),
(191, 3, 'BUAVITA MINI LYCHEE 125 ML', 4400),
(192, 3, 'BUAVITA ORANGE-MANDARIN 200', 4400),
(193, 3, 'BUAVITA 2GO ORANGE BLST BTL', 4400),
(194, 3, 'BUAVITA ORANGE 250 ML', 7700),
(195, 3, 'BUAVITA ORANGE 200 ML', 5400),
(196, 3, 'BUAVITA GRAPE 250ML', 7700),
(197, 3, 'BUAVITA MINI STRAWBERY 125 M', 4400),
(198, 3, 'BUAVITA ORANGE MANDARIN 250', 7700),
(199, 3, 'BUAVITA ORANGE UNSWEET 1000', 27900),
(200, 3, 'BUAVITA SIRSAK/SOURSOP 250 M', 7700),
(201, 3, 'BUAVITA GUAVA HI-CAL 1000 ML', 27900),
(202, 3, 'BUAVITA GUAVA/JAMBU 250 ML', 7700),
(203, 3, 'BUAVITA APEL 250 ML', 7700),
(204, 3, 'BUAVITA LECI 250 ML', 7700),
(205, 3, 'REMEN CAMILAN POTEL BAWANG', 6800),
(206, 3, 'REMEN CAMILAN POTEL KEJU', 6800),
(207, 3, 'REMEN CAMILAN POTEL PEDAS', 6900),
(208, 3, 'REMEN CAMILAN RING BALADO', 7000),
(209, 3, 'REMEN CAMILAN SINGKONG BAKAR', 4500),
(210, 3, 'REMEN CAMILAN SINGKONG KEJU', 4500),
(211, 3, 'REMEN CAMILAN STICK BALADO', 5200),
(212, 3, 'REMEN CAMILAN STICK COKLAT D', 5100),
(213, 3, 'REMEN CAMILAN STICK COKLAT K', 5100),
(214, 3, 'REMEN CAMILANSTICK TELA ASIN', 4500),
(215, 3, 'REMEN CAMILAN STICK TELA PED', 4990),
(216, 3, 'REMEN CAMILAN SUS SAYUR', 8770),
(217, 3, 'REMEN CAMILAN TELUR IKAN', 7600),
(218, 3, 'BUAVITA RYL MIXBERRIES 250ML', 7700),
(219, 3, 'DANCOW BALITA 150 GR', 9750),
(220, 3, 'SGM 0-6 BLN', 11200),
(221, 3, 'LACTOGEN PBIO 1 180GR', 16700),
(222, 3, 'LACTOGEN PBIO 2 180GR', 16700),
(223, 3, 'NUTRILON 1TB 200GR', 37500),
(224, 3, 'NUTRILON 2TB 200GR', 36000),
(225, 3, 'MILO ACTIGEN 150GR', 9150),
(226, 3, 'SGM 3 150GR VANILLA', 10350),
(227, 3, 'BENDERA F1 120GR', 11400),
(228, 3, 'BENDERA F2 120GR', 11400),
(229, 3, 'BENDERA F1 300GR', 26850),
(230, 3, 'BENDERA F2 300GR', 24850),
(231, 3, 'DANCOW 1+ 400GR CHOCO', 29200),
(232, 3, 'DANCOW 1+ 400GR MADU', 30500),
(233, 3, 'DANCOW 3+ 400GR MADU', 29950),
(234, 3, 'DANCOW 3+ 400GR CHOCO', 29750),
(235, 3, 'BENDERA 123 300GR VANILLA', 24600),
(236, 3, 'BENDERA 123 300GR MADU', 24600),
(237, 3, 'BENDERA 123 300GR CHOCO', 23700),
(238, 3, 'CHIL KID THP3 200GR MADU', 27150),
(239, 3, 'CHIL KID THP3 200GR VANILA', 27150),
(240, 3, 'CHIL MIL THAP2 200GR', 31300),
(241, 3, 'BMT BOX 200GR LACTO', 35200),
(242, 3, 'ANDEC BONETO 350GR CHOCO', 29650),
(243, 3, 'BENDERA INST 400GR', 27300),
(244, 3, 'BENDERA FC 400GR', 28000),
(245, 3, 'BENDERA UHT BTL 800GR FULL CREAM', 10500),
(246, 3, 'BENDERA UHT BTL 800GR CHOCO', 10500),
(247, 3, 'ULTRA LF 1000ML COKLAT', 12500),
(248, 3, 'ULTRA 1000ML PLAIN', 11350),
(249, 3, 'BEAR BRAND 189ML', 6250),
(250, 3, 'BEAR BRAND 140ML THE PUTIH', 6350),
(251, 3, 'BEAR BRAND 140ML MALT PUTIH', 6350),
(252, 3, 'TROPICANA SWTNR 20\'S DIABET', 13800),
(253, 3, 'MILNA 9+ 120GR ATI AYAM ', 11550),
(254, 3, 'MILNA 9+ 120GR SUP AYAM JAGUNG MANIS', 11550),
(255, 3, 'MILNA 6+ 120GR SUP AYAM WORTEL ', 11550),
(256, 3, 'MILNA 6+ 120GR TIM HATI AYAM BAY', 11550),
(257, 3, 'MILNA 6+ 120GR CAH DADING KCNG POLONG ', 11550),
(258, 3, 'MILNA 9+ 120GR SEMUR DGNG KCNG POLONG', 11500),
(259, 3, 'MILNA BISC 65GR APEL+JERUK', 5050),
(260, 3, 'MILNA BISC 65GR  K. HIJAU', 5050),
(261, 3, 'MILNA BISC 65GR JERUK', 5050),
(262, 3, 'MILNA BISC 65GR BERAS MERAH', 5050),
(263, 3, 'MILNA BISC 65GR ORIGINAL', 5050),
(264, 3, 'MILNA BISC 65GR PISANG', 5050),
(265, 3, 'MILNA BISC 130GR PISANG', 10000),
(266, 3, 'MILNA BISC 130GR ORIGINAL', 10000),
(267, 3, 'MILNA BISC 130GR K. HIJAU', 10000),
(268, 3, 'MILNA BISC 130GR BERSA MERAH', 10000),
(269, 3, 'SUN BUBUR 120GR PISANG', 4650),
(270, 3, 'SUN BUBUR 120GR TOMAT WORTEL', 4650),
(271, 3, 'SUN BUBUR 120GR BUAH', 4650),
(272, 3, 'SUN BUBUR 120GR B.MERAH', 4650),
(273, 3, 'CERELAC 120GR BERAS PUTIH', 10200),
(274, 3, 'CERELAC 120GR BERAS MERAH', 10200),
(275, 3, 'CERELAC 120GR PISANG&SUSU', 10200),
(276, 3, 'CERELAC SOYA 120GR KCNG HIJAU', 6150),
(277, 3, 'CERELAC SOYA 120GR BERAS MERAH', 6150),
(278, 3, 'CERELAC SOYA 120GR BUAH-BUAHAN', 6700),
(279, 3, 'PROMINA 120GR PISANG', 7350),
(280, 3, 'PROMINA 120GR K. HIJAU', 7350),
(281, 3, 'PROMINA 120GR BERAS MERAH', 7350),
(282, 3, 'PROMINA 120GR BM + AYAM', 7350),
(283, 3, 'ANMUM 200ML PLAIN', 30750),
(284, 3, 'LACTAMIL IH 185GR (SEMUA RASA)', 7350),
(285, 3, 'PRENAGEN MOMMY IH 200GR CHOCO', 29850),
(286, 3, 'PRENAGEN EMESIS 200GR CHOCO', 32900),
(287, 3, 'PRENAGEN MOMMY IH 200GR CHOCO', 29850),
(288, 3, 'PRENAGEN MOMMY IH 200GR VANILA', 29850),
(289, 3, 'TROPICANA SWEET 2.5X25\'S CLSC', 11950),
(290, 3, 'L-MEN G MASS 225GR BANANA', 33200),
(291, 3, 'HILO TEEN 250GR COKLAT ', 21650),
(292, 3, 'HILO GOLD 250GR COKLAT', 25500),
(293, 3, 'ANLENE ACTIFIT 250GR VANILA ', 23500),
(294, 3, 'ANLENE ACTIFIT 250GR COKLAT', 25200),
(295, 3, 'MILO BALLS 170GR ', 16100),
(296, 3, 'NESTLE COCO KRUCH 170 GR', 14950),
(297, 3, 'NESTLE HONEY STAR 150 GR', 15100),
(298, 3, 'NUTRISARI 250 GR JERUK MANIS', 11200),
(299, 3, 'NUTRISARI 250 GR JERUK MANDARIN', 11850),
(300, 3, 'NESTLE COOKIE CRIPS 20 GR ', 2950),
(301, 3, 'MILO BALLS 25 GR ', 3000),
(302, 3, 'NESTLE HONEY STAR 20 GR', 2750),
(303, 3, 'NESTLE KOKO KRUNCH 25 GR', 2850),
(304, 3, 'SIMBA CHOCO RILLAS 20 GR PUTIH', 4850),
(305, 3, 'SIMBA CHOCO CHIP 20 GR PUTIH', 4850),
(306, 3, 'FRUIT TEA APEL PET 500 ML', 8900),
(307, 3, 'FRUIT TEA STRW  PET 500 ML', 8900),
(308, 3, 'FRUIT TEA X-TREME PET 500 ML', 8900),
(309, 3, 'FRUIT TEA LITE BC 500 ML', 8900),
(310, 3, 'FRUIT TEA GUAVA PET 500 ML', 8900),
(311, 3, 'FRUIT TEA FUSION 500 ML', 8900),
(312, 3, 'FRUIT TEA BC PET 500 ML', 8900),
(313, 3, 'SOSRO TEH LESS SGR 500', 5700),
(314, 3, 'FRUIT TEA SENSASI WOW 300ML', 5000),
(315, 3, 'MILO UHT 115 ML', 2300),
(316, 3, 'CLEVO SUSU UHT CHO 125', 2500),
(317, 3, 'CLEVO SUSU UHT WHT STRAW 125', 2500),
(318, 3, 'VITAMILK PREB STRW 180ML', 2300),
(319, 3, 'VITAMILK PREB CKLT 180ML', 2300),
(320, 3, 'VITAMILK PREB VNL 180ML', 2300),
(321, 3, 'INDOMILK UHT CHO 200 ML', 6000),
(322, 3, 'BEAR BRAND 189ML', 5300),
(323, 3, 'FRUIT TEA APEL 200 ML', 4500),
(324, 3, 'FRUIT TEA STROBERI 200 ML', 4500),
(325, 3, 'FRUIT TEA GUAVA 200 ML', 4500),
(326, 3, 'NESCAFE MOCACHINO UHT 200ML', 10800),
(327, 3, 'FRUIT TEA FUSION 200 ML', 4500),
(328, 3, 'FRUIT TEA X-TREME 200 ML', 4500),
(329, 3, 'FRUIT TEA BLACK CURRANT 200M', 4500),
(330, 3, 'SANIA MINYAK GORENG 1LTR ? POUCH', 13800),
(331, 3, 'SANIA MINYAK GORENG 2L TR ? PER POUCH', 25000),
(332, 3, 'SANIA MINYAK GORENG 5LTR', 67000),
(333, 3, 'SANIA MINYAK GORENG NON KOLESTEROL 2LTR', 25000),
(334, 3, 'HEMART MINYAK GORENG 2000 ML', 21000),
(335, 3, 'BERAS IR. I (IR64)/KG', 11477),
(336, 3, 'BERAS IR. II (IR64) RAMOS/KG', 10576),
(337, 3, 'BERAS IR. III (IR64)/KG', 11821),
(338, 3, 'BERAS MUNCUL. I/KG', 11443),
(339, 3, 'BERAS IR. 42 PERA/KG', 12210),
(340, 3, 'BERAS KETAN HITAM CURAH / LITER', 6500),
(341, 3, 'BERAS KETAN PUTIH CURAH / LITER', 9000),
(342, 3, 'GULA PASIR /KG', 14662),
(343, 3, 'GULA MERAH CURAH 1/2 KG', 4200),
(344, 3, 'GULA MERAH CURAH 1/4 KG', 2500),
(345, 3, 'BERAS KETAN PUTIH CURAH / LITER', 9000),
(346, 3, 'ROSE BRAND TEPUNG BERAS 250GR', 2200),
(347, 3, 'ROSE BRAND TEPUNG BERAS 500GR', 4200),
(348, 3, 'TELUR AYAM RAS/ KG', 20046),
(349, 3, 'REMEN CAMILAN MINITOS', 4500),
(350, 3, 'REMEN CAMILAN BALOK ASIN', 5600),
(351, 3, 'REMEN CAMILAN BALOK BALADO', 5800),
(352, 3, 'REMEN CAMILAN CIPIR', 4500),
(353, 3, 'REMEN CAMILAN COIN PEDAS', 4500),
(354, 3, 'REMEN CAMILAN CRIPING TELO', 4500),
(355, 3, 'REMEN CAMILAN SAKURA', 4500),
(356, 3, 'REMEN CAMILAN KOKO 2 IN 1', 4500),
(357, 3, 'REMEN CAMILAN KRIPIK TEMPE', 4500),
(358, 3, 'REMEN CAMILAN KRUNCH COKLAT', 5600),
(359, 3, 'REMEN CAMILAN KUPING GAJAH', 4500),
(360, 3, 'REMEN CAMILAN MACARONI MINI', 4000),
(361, 3, 'REMEN CAMILAN MACARONI PEDAS', 4700),
(362, 3, 'REMEN CAMILAN OPAK', 4500),
(363, 3, 'REMEN CAMILAN PANG - PANG', 6000),
(364, 3, 'REMEN CAMILAN PEANUT KEJU', 5700),
(365, 3, 'REMEN CAMILAN PILLOW KEJU', 5600),
(366, 3, 'REMEN CAMILAN PILUS', 5700),
(367, 3, 'REMEN CAMILAN POTATO KEJU', 4500),
(368, 3, 'REMEN CAMILAN POTATO PEDAS', 4500),
(369, 3, 'ANKAS PEDAS', 18000),
(370, 3, 'KIRANTI PEGAL LINU 150 ML', 6500),
(371, 3, 'KIRANTI DATANG BULAN 150 ML', 6500),
(372, 3, 'KIRANTI JUICE 150 ML', 6500),
(373, 3, 'MADU MULTI S SPECIAL KLGKG 6', 89000),
(374, 3, 'MADU MULTI SARI 100ML', 32500),
(375, 3, 'MADU MULTI SARI 250 ML', 77387),
(376, 3, 'MADU RASA 150G', 8900),
(377, 3, 'LARUTAN K.320ML JAMBU CAP BDK', 4590),
(378, 3, 'LARUTAN K.320ML JERUK CAP BDK', 4590),
(379, 3, 'LARUTAN K.320ML LECI CAP BDK', 4590),
(380, 3, 'LARUTAN K.320ML MELON CAP BDK', 4590),
(381, 3, 'LARUTAN K.320ML ANGGUR CAP BDK', 4590),
(382, 3, 'LASEGAR ESPE RASBERRY', 3300),
(383, 3, 'LARUTAN CAP K.3 APEL 320ML', 5100),
(384, 3, 'LARUTAN CAP K.3 JERUK 320ML', 5100),
(385, 3, 'LARUTAN CAP K.3 ANGGUR 320ML', 5100),
(386, 3, 'LARUTAN PENYEGAR CAP BDK 200', 5100),
(387, 3, 'TEMPAT BUMBU HOYA B ISI 3', 18000),
(388, 3, 'LARUTAN CAP K.3 JAMBU 320ML', 5100),
(389, 3, 'LARUTAN CAP KAKITIGA 320MLCA', 5100),
(390, 3, 'LARUTAN CAP K.3 MELON 320ML', 5100),
(391, 3, 'LASEGAR ESPE SIRSAK 240ML', 3300),
(392, 3, 'LARUTAN CAP K.3 STROBERI 320ML', 4590),
(393, 3, 'LIANG TEH CAP PANDA CAN 310', 5100),
(394, 3, 'REXONA WOMEN AP STICK  NATUR', 6700),
(395, 3, 'LARUTAN PENYEGAR K-3 200 ML', 4590),
(396, 3, 'LARUTAN K.320ML APEL CAP BDK', 4590),
(397, 3, 'LARUTAN K.320ML STRAWBERY CAP BDK', 4590),
(398, 3, 'ADEM SARI FRESH SCT', 10000),
(399, 3, 'ADEM SARI DUS 6\'S', 10000),
(400, 3, 'MEIJI HELLO PANDA CHEESE CRE', 7490),
(401, 3, 'MEIJI HELLO PANDA CHOCO PEAN', 7490),
(402, 3, 'MEIJI HELLO PANDA CHOCO 18', 3500),
(403, 3, 'MEIJI HELLO PANDA COKLAT 45', 3500),
(404, 3, 'MEIJI HELLO PANDA COOKIES CR', 7490),
(405, 3, 'MEIJI HELLO PANDA SAVORY BBQ', 7490),
(406, 3, 'MEIJI HELLO PANDA STRAWBERY', 7490),
(407, 3, 'MEIJI HELLO PANDA STRAWBERY', 7490),
(408, 3, 'MEIJI HELLO PANDA TIN CHOC 1', 7490),
(409, 3, 'MEIJI HELLO PANDA VANILA 45', 7490),
(410, 3, 'MEIJI HELLO PANDA VANILLA 18', 3500),
(411, 3, 'MEIJI HELLO PANDA CHEESE 45', 7490),
(412, 3, 'PIATTOS AYAM PANGGANG 12 G', 5600),
(413, 3, 'PIATTOS AYAM PGG 50G', 8500),
(414, 3, 'PIATTOS BARBEQUE 12 G', 5600),
(415, 3, 'PIATTOS BARBEQUE 60 G', 8500),
(416, 3, 'PIATTOS KEJU 12 G', 5600),
(417, 3, 'PIATTOS KEJU 60 G', 8700),
(418, 3, 'PIATTOS SAPI PANGGANG 12 G', 5600),
(419, 3, 'PIATTOS SAPI PANGGANG 60 G', 8700),
(420, 3, 'ROLLER COASTER BBQ 18 G', 2000),
(421, 3, 'ROLLER COASTER BBQ 70 G', 3200),
(422, 3, 'ROLLER COASTER CHEESE 18 G', 2000),
(423, 3, 'ROLLER COASTER CHEESE 75 G', 3200),
(424, 3, 'SEA CRUNCH LOBSTER BKR/SS 18', 3800),
(425, 3, 'SEA CRUNCH RS CUMI BAKAR 45/', 4300),
(426, 3, 'SEA CRUNCH RS CUMI BKR 18 G/', 3800),
(427, 3, 'KAPAL API SPECIAL 65 GR', 5500),
(428, 3, 'KAPAL API SPECIAL MERAH 35 G', 3200),
(429, 3, 'KAPAL API SPESIAL MERAH 165', 11000),
(430, 3, 'GOOD DAY MOCCACINO SCHT 20 G', 57000),
(431, 3, 'GOOD DAY CHOCOCINO SCHT 20 G', 57000),
(432, 3, 'BETADINE SOLUTION 15 ML', 14300),
(433, 3, 'BETADINE SOLUTION 30 ML', 29000),
(434, 3, 'BETADINE SOLUTION 60 ML', 37000),
(435, 3, 'CURCUMA PLUS 120 ML', 19518),
(436, 3, 'CURCUMA PLUS 60 ML', 17214),
(437, 3, 'CURCUMA PLUS PRE DHA EPA STR', 19518),
(438, 3, 'BISOLVON EXTRA 60 ML', 39000),
(439, 3, 'BISOLVON SYRUP FLU  60 ML', 35000),
(440, 3, 'BISOLVON ELIKSIR SYRUP 60 ML', 36000),
(441, 3, 'QTELA BALADO 60 G', 5600),
(442, 3, 'QTELA BARBEQUE 60 GR', 5600),
(443, 3, 'QTELA GRILLED CHEESE 60 GR', 5600),
(444, 3, 'QTELA TEMPE 70 GR', 9000),
(445, 3, 'QUAKER COOKING 200 GR ( BIRU', 37450),
(446, 3, 'QUAKER INSTANT OATS 200GR', 12000),
(447, 3, 'QUAKER QUAKES COKLAT 12', 12000),
(448, 3, 'QUAKER QUAKES COKLAT 21G', 12000),
(449, 3, 'QUAKER QUAKES COKLAT QC5', 12000),
(450, 3, 'QUAKER QUAKES STRAO QS5', 14500),
(451, 3, 'QUAKER QUAKES STRAWB 21G', 16000),
(452, 3, 'MASTER P BALADO 20 GR', 27000),
(453, 3, 'MASTER P BALADO 25 GR', 27000),
(454, 3, 'MASTER P BALADO 40 GR', 40000),
(455, 3, 'MASTER P BALADO 80 GR', 27000),
(456, 3, 'MASTER P GARLIC 20 GR', 27000),
(457, 3, 'MASTER P GARLIC 40 GR', 40000),
(458, 3, 'MASTER P GARLIC 80 GR', 67000),
(459, 3, 'MASTER P MADU 20 GR', 20000),
(460, 3, 'COUNTRY LIGHT', 10250),
(461, 3, 'BETADINE PLESTER JUNIOR 10\'S', 2700),
(462, 3, 'BETADINE PLESTER AMPLOP  10\'', 3000),
(463, 3, 'BETADINE PLASTER JNR ECER', 200),
(464, 3, 'BETADINE YUNIOR AMP 10\'S', 3000),
(465, 3, 'BETADINE PLESTER PCS', 250),
(466, 3, 'GULA LOS ', 11000),
(467, 3, 'GULA RAGULA HIJAU 1KG', 10000),
(468, 3, 'TROPICANA GULA TEBU 400GR', 15000),
(469, 3, 'GULAKU PUTIH 1KG', 14000),
(470, 3, 'GULA GUPALAS', 12900),
(471, 3, 'GULAKU POUCH 750GR', 9700),
(472, 3, 'GULA RAJAGULA 1KG', 12000),
(473, 3, 'TROPICANA GULA JAWA 350ML', 34400),
(474, 3, 'BERAS ZEBRA 5 KG', 42900),
(475, 3, 'BERAS DUA ANAK 5 KG', 44800),
(476, 3, 'BERAS COBRA 25 KG', 214600),
(477, 3, 'BERAS COBRA 5 KG', 44000),
(478, 3, 'BERAS DUA ANAK 10 KG', 89200),
(479, 3, 'BERAS MACAN 5KG', 40600),
(480, 3, 'BERAS MACAN 25 KG', 200),
(481, 3, 'BERAS KELINCI 2.5KG', 20000),
(482, 3, 'BERAS COBRA 2.5KG', 22),
(483, 3, 'BERAS ZEBRA 10 KG', 85),
(484, 3, 'SAKATONIK ABC JERUK 30 TAB', 14100),
(485, 3, 'SAKATONIK ABC STRAWBERRY 30', 14100),
(486, 3, 'SAKATONIK LIVER 310ML', 24745),
(487, 3, 'SAKATONIK LIVER 100 ML', 10499),
(488, 3, 'REDOXON EFF 10\'S', 38000),
(489, 3, 'REDOXON TP 20\'S', 29000),
(490, 3, 'REDOXON FORTIMUN FCT 6\'S', 38000),
(491, 3, 'SEA CRUNCH RS LOBSTER BAKAR', 4300),
(492, 3, 'SEA CRUNCH RS RUMPUT LAUT 45', 4300),
(493, 3, 'SEA CRUNCH RS UDANG M/P PRAW', 3800),
(494, 3, 'SEA CRUNCH UDANG MNS PRAWN 1', 3800),
(495, 3, 'LAYS AYAM PANGGANG PAPRIKA 1', 4200),
(496, 3, 'LAYS AYAM PANGGANG PAPRIKA 7', 4200),
(497, 3, 'LAYS CHEEZY PIZZA 18 G', 2250),
(498, 3, 'LAYS CHEEZY PIZZA 40 G', 4200),
(499, 3, 'LAYS FIESTA BBQ 18 GR', 2250),
(500, 3, 'LAYS FIESTA BBQ 40 G', 4200);

-- --------------------------------------------------------

--
-- Table structure for table `tb_transaksi`
--

CREATE TABLE `tb_transaksi` (
  `id_transaksi` int(11) NOT NULL,
  `no_faktur` varchar(11) DEFAULT NULL,
  `tgl_transaksi` date DEFAULT NULL
) ENGINE=InnoDB DEFAULT CHARSET=latin1;

--
-- Dumping data for table `tb_transaksi`
--

INSERT INTO `tb_transaksi` (`id_transaksi`, `no_faktur`, `tgl_transaksi`) VALUES
(1, '10001', '2017-10-11'),
(4, '10002', '2017-11-04'),
(7, '10003', '2017-12-14'),
(11, '10004', '2018-01-01'),
(12, '10005', '2018-02-02'),
(19, '10006', '2018-03-02'),
(22, '10007', '2018-04-01'),
(24, '10008', '2018-05-01'),
(25, '10009', '2018-06-06'),
(26, '10010', '2018-06-08'),
(32, '10012', '2018-06-25'),
(33, '10013', '2017-06-25'),
(34, '10014', '2017-01-26'),
(35, '10015', '2017-02-26'),
(36, '10016', '2017-03-26'),
(37, '10017', '2017-04-26'),
(38, '10018', '2017-05-26'),
(39, '10019', '2017-06-26'),
(40, '10020', '2017-07-26'),
(41, '10021', '2017-08-26'),
(42, '10022', '2017-09-26'),
(43, '10023', '2017-10-26'),
(44, '10024', '2017-11-26'),
(45, '10025', '2017-12-26'),
(46, '10026', '2018-01-26'),
(47, '10027', '2018-02-26'),
(48, '10028', '2018-03-26'),
(50, '10030', '2018-05-26'),
(51, '10031', '2018-06-26');

-- --------------------------------------------------------

--
-- Table structure for table `tb_transaksi_detail`
--

CREATE TABLE `tb_transaksi_detail` (
  `id_transaksi_detail` int(11) NOT NULL,
  `id_transaksi` int(11) DEFAULT NULL,
  `id_menu` int(11) DEFAULT NULL,
  `jumlah` int(5) DEFAULT NULL
) ENGINE=InnoDB DEFAULT CHARSET=latin1;

--
-- Dumping data for table `tb_transaksi_detail`
--

INSERT INTO `tb_transaksi_detail` (`id_transaksi_detail`, `id_transaksi`, `id_menu`, `jumlah`) VALUES
(1, 1, 5, 1),
(2, 1, 6, 1),
(3, 4, 7, 1),
(4, 4, 6, 1),
(5, 4, 4, 1),
(6, 7, 1, 1),
(7, 7, 6, 1),
(8, 7, 9, 1),
(9, 11, 2, 1),
(10, 11, 4, 1),
(11, 12, 2, 20),
(12, 19, 2, 10),
(13, 19, 4, 2),
(14, 19, 12, 19),
(15, 19, 13, 5),
(16, 22, 1, 10),
(17, 22, 3, 20),
(18, 22, 14, 25),
(19, 24, 1, 3),
(20, 24, 3, 4),
(21, 24, 10, 5),
(22, 24, 477, 1),
(23, 24, 353, 5),
(24, 25, 2, 6),
(25, 25, 3, 2),
(26, NULL, 4, 3),
(27, 26, 1, 2),
(28, 26, 3, 5),
(29, 32, 2, 1),
(30, 32, 4, 1),
(31, 33, 477, 1),
(32, 33, 353, 7),
(33, 34, 59, 11),
(34, 35, 59, 12),
(35, 36, 59, 13),
(36, 37, 59, 14),
(37, 38, 59, 20),
(38, 39, 59, 16),
(39, 40, 59, 17),
(40, 41, 59, 22),
(41, 42, 59, 22),
(42, 43, 59, 21),
(43, 44, 59, 25),
(44, 45, 59, 26),
(45, 46, 59, 28),
(46, 47, 59, 30),
(47, 48, 59, 31),
(48, 49, 59, 38),
(49, 50, 59, 37),
(50, 51, 59, 35);

--
-- Indexes for dumped tables
--

--
-- Indexes for table `setting`
--
ALTER TABLE `setting`
  ADD PRIMARY KEY (`id_setting`);

--
-- Indexes for table `tb_admin`
--
ALTER TABLE `tb_admin`
  ADD PRIMARY KEY (`id_admin`);

--
-- Indexes for table `tb_belanja`
--
ALTER TABLE `tb_belanja`
  ADD PRIMARY KEY (`id_belanja`);

--
-- Indexes for table `tb_cart`
--
ALTER TABLE `tb_cart`
  ADD PRIMARY KEY (`id_cart`);

--
-- Indexes for table `tb_kategori`
--
ALTER TABLE `tb_kategori`
  ADD PRIMARY KEY (`id_kategori`);

--
-- Indexes for table `tb_menu`
--
ALTER TABLE `tb_menu`
  ADD PRIMARY KEY (`id_menu`);

--
-- Indexes for table `tb_transaksi`
--
ALTER TABLE `tb_transaksi`
  ADD PRIMARY KEY (`id_transaksi`);

--
-- Indexes for table `tb_transaksi_detail`
--
ALTER TABLE `tb_transaksi_detail`
  ADD PRIMARY KEY (`id_transaksi_detail`);

--
-- AUTO_INCREMENT for dumped tables
--

--
-- AUTO_INCREMENT for table `setting`
--
ALTER TABLE `setting`
  MODIFY `id_setting` int(11) NOT NULL AUTO_INCREMENT, AUTO_INCREMENT=2;
--
-- AUTO_INCREMENT for table `tb_admin`
--
ALTER TABLE `tb_admin`
  MODIFY `id_admin` int(11) NOT NULL AUTO_INCREMENT, AUTO_INCREMENT=2;
--
-- AUTO_INCREMENT for table `tb_belanja`
--
ALTER TABLE `tb_belanja`
  MODIFY `id_belanja` int(11) NOT NULL AUTO_INCREMENT, AUTO_INCREMENT=6;
--
-- AUTO_INCREMENT for table `tb_cart`
--
ALTER TABLE `tb_cart`
  MODIFY `id_cart` int(11) NOT NULL AUTO_INCREMENT, AUTO_INCREMENT=5;
--
-- AUTO_INCREMENT for table `tb_kategori`
--
ALTER TABLE `tb_kategori`
  MODIFY `id_kategori` int(11) NOT NULL AUTO_INCREMENT, AUTO_INCREMENT=10;
--
-- AUTO_INCREMENT for table `tb_menu`
--
ALTER TABLE `tb_menu`
  MODIFY `id_menu` int(11) NOT NULL AUTO_INCREMENT, AUTO_INCREMENT=501;
--
-- AUTO_INCREMENT for table `tb_transaksi`
--
ALTER TABLE `tb_transaksi`
  MODIFY `id_transaksi` int(11) NOT NULL AUTO_INCREMENT, AUTO_INCREMENT=52;
--
-- AUTO_INCREMENT for table `tb_transaksi_detail`
--
ALTER TABLE `tb_transaksi_detail`
  MODIFY `id_transaksi_detail` int(11) NOT NULL AUTO_INCREMENT, AUTO_INCREMENT=51;COMMIT;

/*!40101 SET CHARACTER_SET_CLIENT=@OLD_CHARACTER_SET_CLIENT */;
/*!40101 SET CHARACTER_SET_RESULTS=@OLD_CHARACTER_SET_RESULTS */;
/*!40101 SET COLLATION_CONNECTION=@OLD_COLLATION_CONNECTION */;
