-- phpMyAdmin SQL Dump
-- version 4.1.14
-- http://www.phpmyadmin.net
--
-- Client :  127.0.0.1
-- Généré le :  Sam 30 Septembre 2017 à 03:46
-- Version du serveur :  5.6.17
-- Version de PHP :  5.5.12

SET SQL_MODE = "NO_AUTO_VALUE_ON_ZERO";
SET time_zone = "+00:00";


/*!40101 SET @OLD_CHARACTER_SET_CLIENT=@@CHARACTER_SET_CLIENT */;
/*!40101 SET @OLD_CHARACTER_SET_RESULTS=@@CHARACTER_SET_RESULTS */;
/*!40101 SET @OLD_COLLATION_CONNECTION=@@COLLATION_CONNECTION */;
/*!40101 SET NAMES utf8 */;

--
-- Base de données :  `autoplusbd`
--
CREATE DATABASE IF NOT EXISTS `autoplusbd` DEFAULT CHARACTER SET latin1 COLLATE latin1_swedish_ci;
USE `autoplusbd`;

-- --------------------------------------------------------

--
-- Structure de la table `annonce`
--

CREATE TABLE IF NOT EXISTS `annonce` (
  `id` int(11) NOT NULL AUTO_INCREMENT,
  `description` varchar(255) COLLATE utf8_unicode_ci NOT NULL,
  `dateCreation` datetime NOT NULL,
  `kilometrage` int(11) DEFAULT NULL,
  `prixAnnonce` int(11) NOT NULL,
  `activer` tinyint(1) NOT NULL,
  `age` int(11) NOT NULL,
  `user_Id` int(11) DEFAULT NULL,
  `titre` varchar(255) COLLATE utf8_unicode_ci NOT NULL,
  `ville` int(11) DEFAULT NULL,
  `type` int(11) DEFAULT NULL,
  `modele` int(11) DEFAULT NULL,
  `vehicule` int(11) DEFAULT NULL,
  `region` int(11) DEFAULT NULL,
  `marque` int(11) DEFAULT NULL,
  `roleannonce` varchar(255) COLLATE utf8_unicode_ci NOT NULL,
  PRIMARY KEY (`id`),
  UNIQUE KEY `UNIQ_F65593E5292FFF1D` (`vehicule`),
  KEY `IDX_F65593E532EAF737` (`user_Id`),
  KEY `IDX_F65593E543C3D9C3` (`ville`),
  KEY `IDX_F65593E58CDE5729` (`type`),
  KEY `IDX_F65593E510028558` (`modele`),
  KEY `IDX_F65593E5F62F176` (`region`),
  KEY `IDX_F65593E55A6F91CE` (`marque`)
) ENGINE=InnoDB  DEFAULT CHARSET=utf8 COLLATE=utf8_unicode_ci AUTO_INCREMENT=16 ;

--
-- Contenu de la table `annonce`
--

INSERT INTO `annonce` (`id`, `description`, `dateCreation`, `kilometrage`, `prixAnnonce`, `activer`, `age`, `user_Id`, `titre`, `ville`, `type`, `modele`, `vehicule`, `region`, `marque`, `roleannonce`) VALUES
(13, 'Le Lorem Ipsum est simplement du faux texte employé dans la composition et la mise en page avant impression. Le Lorem Ipsum est le faux texte standard de l''imprimerie depuis les années 1500, quand un peintre anonyme assembla', '2017-09-25 21:17:10', 170000, 22000, 1, 5, 28, 'Ford fiesta à vendre', 24, 35, 6, 8, 2, 9, 'pro'),
(15, 'Le Lorem Ipsum est simplement du faux texte employé dans la composition et la mise en page avant impression. Le Lorem Ipsum est le faux texte standard de l''imprimerie depuis les années 1500, quand un peintre anonyme assembla ensemble des morceaux de texte', '2017-09-25 21:28:07', 223000, 23000, 1, 8, 28, 'Ford ranger ', 15, 35, 7, 9, 4, 9, 'pro');

-- --------------------------------------------------------

--
-- Structure de la table `article`
--

CREATE TABLE IF NOT EXISTS `article` (
  `id` int(11) NOT NULL AUTO_INCREMENT,
  `categorie` int(11) DEFAULT NULL,
  `contenu` longtext COLLATE utf8_unicode_ci NOT NULL,
  `dateCreation` datetime NOT NULL,
  `user_Id` int(11) DEFAULT NULL,
  `titre` varchar(150) COLLATE utf8_unicode_ci NOT NULL,
  `image_name` varchar(255) COLLATE utf8_unicode_ci DEFAULT NULL,
  `updated_at` datetime DEFAULT NULL,
  `description` longtext COLLATE utf8_unicode_ci NOT NULL,
  PRIMARY KEY (`id`),
  KEY `IDX_23A0E6632EAF737` (`user_Id`),
  KEY `IDX_23A0E66497DD634` (`categorie`)
) ENGINE=InnoDB  DEFAULT CHARSET=utf8 COLLATE=utf8_unicode_ci AUTO_INCREMENT=41 ;

--
-- Contenu de la table `article`
--

INSERT INTO `article` (`id`, `categorie`, `contenu`, `dateCreation`, `user_Id`, `titre`, `image_name`, `updated_at`, `description`) VALUES
(40, 3, '<ol><li><img src="data:image/png;base64,iVBORw0KGgoAAAANSUhEUgAAAbwAAAEBCAYAAAAD5BB0AAAABGdBTUEAALGOfPtRkwAAACBjSFJNAACHDwAAjA8AAP1SAACBQAAAfXkAAOmLAAA85QAAGcxzPIV3AAAKOWlDQ1BQaG90b3Nob3AgSUNDIHByb2ZpbGUAAEjHnZZ3VFTXFofPvXd6oc0wAlKG3rvAANJ7k15FYZgZYCgDDjM0sSGiAhFFRJoiSFDEgNFQJFZEsRAUVLAHJAgoMRhFVCxvRtaLrqy89/Ly++Osb+2z97n77L3PWhcAkqcvl5cGSwGQyhPwgzyc6RGRUXTsAIABHmCAKQBMVka6X7B7CBDJy82FniFyAl8EAfB6WLwCcNPQM4BOB/+fpFnpfIHomAARm7M5GSwRF4g4JUuQLrbPipgalyxmGCVmvihBEcuJOWGRDT77LLKjmNmpPLaIxTmns1PZYu4V8bZMIUfEiK+ICzO5nCwR3xKxRoowlSviN+LYVA4zAwAUSWwXcFiJIjYRMYkfEuQi4uUA4EgJX3HcVyzgZAvEl3JJS8/hcxMSBXQdli7d1NqaQffkZKVwBALDACYrmcln013SUtOZvBwAFu/8WTLi2tJFRbY0tba0NDQzMv2qUP91829K3NtFehn4uWcQrf+L7a/80hoAYMyJarPziy2uCoDOLQDI3fti0zgAgKSobx3Xv7oPTTwviQJBuo2xcVZWlhGXwzISF/QP/U+Hv6GvvmckPu6P8tBdOfFMYYqALq4bKy0lTcinZ6QzWRy64Z+H+B8H/nUeBkGceA6fwxNFhImmjMtLELWbx+YKuGk8Opf3n5r4D8P+pMW5FonS+BFQY4yA1HUqQH7tBygKESDR+8Vd/6NvvvgwIH554SqTi3P/7zf9Z8Gl4iWDm/A5ziUohM4S8jMX98TPEqABAUgCKpAHykAd6ABDYAasgC1wBG7AG/iDEBAJVgMWSASpgA+yQB7YBApBMdgJ9oBqUAcaQTNoBcdBJzgFzoNL4Bq4AW6D+2AUTIBnYBa8BgsQBGEhMkSB5CEVSBPSh8wgBmQPuUG+UBAUCcVCCRAPEkJ50GaoGCqDqqF6qBn6HjoJnYeuQIPQXWgMmoZ+h97BCEyCqbASrAUbwwzYCfaBQ+BVcAK8Bs6FC+AdcCXcAB+FO+Dz8DX4NjwKP4PnEIAQERqiihgiDMQF8UeikHiEj6xHipAKpAFpRbqRPuQmMorMIG9RGBQFRUcZomxRnqhQFAu1BrUeVYKqRh1GdaB6UTdRY6hZ1Ec0Ga2I1kfboL3QEegEdBa6EF2BbkK3oy+ib6Mn0K8xGAwNo42xwnhiIjFJmLWYEsw+TBvmHGYQM46Zw2Kx8lh9rB3WH8vECrCF2CrsUexZ7BB2AvsGR8Sp4Mxw7rgoHA+Xj6vAHcGdwQ3hJnELeCm8Jt4G749n43PwpfhGfDf+On4Cv0CQJmgT7AghhCTCJkIloZVwkfCA8JJIJKoRrYmBRC5xI7GSeIx4mThGfEuSIemRXEjRJCFpB+kQ6RzpLuklmUzWIjuSo8gC8g5yM/kC+RH5jQRFwkjCS4ItsUGiRqJDYkjiuSReUlPSSXK1ZK5kheQJyeuSM1J4KS0pFymm1HqpGqmTUiNSc9IUaVNpf+lU6RLpI9JXpKdksDJaMm4ybJkCmYMyF2TGKQhFneJCYVE2UxopFykTVAxVm+pFTaIWU7+jDlBnZWVkl8mGyWbL1sielh2lITQtmhcthVZKO04bpr1borTEaQlnyfYlrUuGlszLLZVzlOPIFcm1yd2WeydPl3eTT5bfJd8p/1ABpaCnEKiQpbBf4aLCzFLqUtulrKVFS48vvacIK+opBimuVTyo2K84p6Ss5KGUrlSldEFpRpmm7KicpFyufEZ5WoWiYq/CVSlXOavylC5Ld6Kn0CvpvfRZVUVVT1Whar3qgOqCmrZaqFq+WpvaQ3WCOkM9Xr1cvUd9VkNFw08jT6NF454mXpOhmai5V7NPc15LWytca6tWp9aUtpy2l3audov2Ax2yjoPOGp0GnVu6GF2GbrLuPt0berCehV6iXo3edX1Y31Kfq79Pf9AAbWBtwDNoMBgxJBk6GWYathiOGdGMfI3yjTqNnhtrGEcZ7zLuM/5oYmGSYtJoct9UxtTbNN+02/R3Mz0zllmN2S1zsrm7+QbzLvMXy/SXcZbtX3bHgmLhZ7HVosfig6WVJd+y1XLaSsMq1qrWaoRBZQQwShiXrdHWztYbrE9Zv7WxtBHYHLf5zdbQNtn2iO3Ucu3lnOWNy8ft1OyYdvV2o/Z0+1j7A/ajDqoOTIcGh8eO6o5sxybHSSddpySno07PnU2c+c7tzvMuNi7rXM65Iq4erkWuA24ybqFu1W6P3NXcE9xb3Gc9LDzWepzzRHv6eO7yHPFS8mJ5NXvNelt5r/Pu9SH5BPtU+zz21fPl+3b7wX7efrv9HqzQXMFb0ekP/L38d/s/DNAOWBPwYyAmMCCwJvBJkGlQXlBfMCU4JvhI8OsQ55DSkPuhOqHC0J4wybDosOaw+XDX8LLw0QjjiHUR1yIVIrmRXVHYqLCopqi5lW4r96yciLaILoweXqW9KnvVldUKq1NWn46RjGHGnIhFx4bHHol9z/RnNjDn4rziauNmWS6svaxnbEd2OXuaY8cp40zG28WXxU8l2CXsTphOdEisSJzhunCruS+SPJPqkuaT/ZMPJX9KCU9pS8Wlxqae5Mnwknm9acpp2WmD6frphemja2zW7Fkzy/fhN2VAGasyugRU0c9Uv1BHuEU4lmmfWZP5Jiss60S2dDYvuz9HL2d7zmSue+63a1FrWWt78lTzNuWNrXNaV78eWh+3vmeD+oaCDRMbPTYe3kTYlLzpp3yT/LL8V5vDN3cXKBVsLBjf4rGlpVCikF84stV2a9021DbutoHt5turtn8sYhddLTYprih+X8IqufqN6TeV33zaEb9joNSydP9OzE7ezuFdDrsOl0mX5ZaN7/bb3VFOLy8qf7UnZs+VimUVdXsJe4V7Ryt9K7uqNKp2Vr2vTqy+XeNc01arWLu9dn4fe9/Qfsf9rXVKdcV17w5wD9yp96jvaNBqqDiIOZh58EljWGPft4xvm5sUmoqbPhziHRo9HHS4t9mqufmI4pHSFrhF2DJ9NProje9cv+tqNWytb6O1FR8Dx4THnn4f+/3wcZ/jPScYJ1p/0Pyhtp3SXtQBdeR0zHYmdo52RXYNnvQ+2dNt293+o9GPh06pnqo5LXu69AzhTMGZT2dzz86dSz83cz7h/HhPTM/9CxEXbvUG9g5c9Ll4+ZL7pQt9Tn1nL9tdPnXF5srJq4yrndcsr3X0W/S3/2TxU/uA5UDHdavrXTesb3QPLh88M+QwdP6m681Lt7xuXbu94vbgcOjwnZHokdE77DtTd1PuvriXeW/h/sYH6AdFD6UeVjxSfNTws+7PbaOWo6fHXMf6Hwc/vj/OGn/2S8Yv7ycKnpCfVEyqTDZPmU2dmnafvvF05dOJZ+nPFmYKf5X+tfa5zvMffnP8rX82YnbiBf/Fp99LXsq/PPRq2aueuYC5R69TXy/MF72Rf3P4LeNt37vwd5MLWe+x7ys/6H7o/ujz8cGn1E+f/gUDmPP8usTo0wAAAAlwSFlzAAALEwAACxMBAJqcGAAAemdJREFUeF7tnQdgVMXWx//pvfdOQoAQeu9dBAsoKAoi9ordZ9dnw+/ZsGDvIjYEFBsoAtJ7Db0lIQnpvbfd7HfO7F0MMaHl3puEnZ9vX9jZdu+U0+bMjI2JgEQikUgkFzi2yl+JRCKRSC5opMKTSCQSiVUgFZ5EIpFIrAKp8CQSiURiFUiFJ5FIJBKrQCo8iUQikVgFUuFJJBKJxCqQCk8ikUgkVoFUeBKJRCKxCqTCk0gkEolVIBWeRCKRSKwCqfAkEolEYhVIhSeRSCQSq0AqPIlEIpFYBVLhSSQSicQqkApPIpFIJFaBVHgSiUQisQqkwpNIJBKJVSAVnkQikUisAqnwJBKJRGIVSIUnkUgkEqtAKjyJRCKRWAVS4UkkEonEKpAKTyKRSCRWgVR4EolEIrEKpMKTSCQSiVUgFZ5EIpFIrAKp8CQSiURiFUiFJ5FIJBKrQCo8iUQikVgFUuFJJBKJxCqQCk8ikUgkVoFUeBKJRCKxCqTCk0gkEolVIBWeRCKRSKwCqfAkEolEYhVIhSeRSCQSq0AqPIlEIpFYBVLhSSQSicQqkApPIpFIJFaBVHgSiUQisQqkwpNIJBKJVSAVnkQikUisAqnwJBKJRGIVSIUnkUgkEqtAKjyJRCKRWAVS4UkkEonEKpAKTyKRSCRWgY2JUP4taQZJJ3Ix7/cNeOHN+YC7i1IqkUgkkkapqyMNZIOecVHY9f0LSqG2SA9PJV76/De8Oncp4OqklEgkEomkSYyk8Mjd6t05SinQHqnwVKCyugbzflmHqspqqlFZpRKJRHJGao2k8Oow9eIBSoH2SOmsAmt3HoGxxgDYyeqUSCSSs4I9vFoDusaGKQXaIyV0M6irM6GotAIPv/E94GCnlEokEonkTHgGeqNTXBRC/L2VEu2RCq8Z2NgAn/+8DkdSssxPJBKJRHJWBAZ4Y1TfzsozfZAKrxms3nEYa3YehoFdc4lEIpGcNW7OjogI8lWe6YNUeM3g1he+wF/rdivPJBKJRHK2BPh4YGivjsozfZAK7zw5dDwTyUfTUF1epZRIJBKJ5GwJC/BBbESg8kwfpMI7TwbMeBFwdQZc5Lo7iUQiOSdqatGjU4Tw8vREKrxzxGisw9HUbJSWVyolEolEIjknagwY0LU97Gz1TfaTCu8c4E3Yth88jjtfmiv+LZFIJJLzgDy8+JhQ2Oic3S4V3jlQZ6rDsk37sGrLfrkMQSKRSJqBt4erVHitlZpaA46n5+O9L5eQspPVJpFIJOdFXR18w/VNVrEgJfdZUlxWiS37EpGblkO1Jr07iUQiOS/qTAgPD1Ce6ItUeGfJF7+sw30vzwN8PZUSyQUBH1FiNIo9/VBdC1TV8G7gQHkVbE02sCdv3uEMDydbO4AMIlRUmT9bQ9/DD96QgL9fIpH8A423diH+yhN9kefhnQGuHg5nOsdPBzzdlNLm4+RgDztbW3MMuwVaoI7uy0Adr5aF/YWMpXvTX1s7Ozja28HJ0QHeXm6wcXLC0Kgw+Pl4YmivDggJ8EaAnyc6tg867zna/PxS7D2YJvZZ/XnVLpSVV2JbYgpKy8pRQEq0usZAutUIE9c7RwrO8DuOdM129LDl98qR2jhKFVZU18BE9W557ubspHmd2VC7VFRVU3uTYdNC8/p2drZwcXDQLpFOua3ySjLoVLhHGzIKX3tqBh6ZcYlSoh9S4Z0B3hz6y1/X4+FXvgZISakCDZAPnroVXh6ucKSOamwBL6CGPJnl2w7g619XAS7OSukFAndp9tTI+3LzcENksB86xASjW3Q4wn290DkmDCMGxylv1o8/Vu3FoeMZyCooRsLRVGxMSBSKEEbyLvlYKVLEp0CC4aYJIzGgWywpZXdIX7FxbEkIsxi+8cXPUFFBnjY9cSBl9+1zt3P0TFN4e6yZs79GGrUnvNyVUp0guWFnY4eh/eLx4ORRqCZDSgu4bjOyC/HQG/MAut9mQdcYGxOKr2fdjoHd2iuF+iEV3hnYdeg4Hnj9O6zbdVQpUYHqWhj3kgJtYT5fvAZ3PPa+/gNVD0gY+Hq4o2tkKC4e3B1TJ/RHu/AAGrz0H41gvbPDGPaq2eMw0X+7D6Ti8dkLsDMtE4UFhWYl3fAsxaJSfPn6A7h8RE/4+l6AbaQyzv1uQ21tLQlVAzx9vVG4lvq2xnA36jrlGRzYvB8I9FFKdcJohKezG+66agRefvRaTb3Z1ZsPYsxtL1ElN3OjDfLCLxndB3dcNRJXjuytFOqHnMNrApY/5WRhT7j/bWzek6iUNhP6UhsyOS8Z0VuEqFr6ERZCCsCevIq2bvOQcnOyt4ePmwu6tA/H6EHdsX3u88hf9z7WfPs0nr5nAtpHBokQMt93Syg7hj0R/n2+jj5d22HF3MdQsPItrP3oKbz34Ay08/OCB3vbSnvYGOowYUwv+Pt7nNJu8nHqg6muqUUtCVPYk0irMcDd1anR96r92Lv/BHILysjVa4Edl2oNGNi1Pfp3jT3Zt7R6ZOSSUUZjrNmQsX/JkO6IiwpRCvRFKrwm4DV36TmFyMkqgIHDY2pAgtmWhF336HCloGVxtbeDLVtsLRBSVQ1WDiTsovx8MbJrHD54bAY+fmI6OnfS71DJ5tK7axSunTgAD11/CbpH0XVze9B9OXp70T/buDGiAzWk4JJTc8yxN/4/eu7i1CA8rBGZeUXU/cirbOid64HRhIhgH0QEae9ZlogpgmYaityVqW8Hk2Hn7tYy0yhS4TXBii37MfXJj1BLHdlEikENbKoNCI0Kxov3T1JKWhZfTzcE8+GLbVDhcYs4OtjD08Mds2ZOw+E/XsVPH96P4f06ig1pXV2aOdegI27kHfj7eiA+NhyGevMw3Tu3E/coOT05BSVYsfGQWSBzFMXVBeHB+mQBHk3NQhVn96rh/ZwrZOiNHhKP/n20nwtLTMumQdd8dcFTCleO6o1wvcO/ClLhNcHGvUlIzcznOFTzLRvGWAdvstgHxETAUSfr80yI0J4a96Yn7NGVlqN3TBRmXjkaHzw+HVMvH6C82LapNhmQlJNn9haoXfy9PWHfEp5DG6Oishop6bnmvkz9w8vTA+3I49eD/PJKkXXbIh4e/aavt/abL1dX1SI3v1R5dv5waNQ31N8sd1oIOZoagS3GF1/8EvkFzW9kC+4uzvj6lbux8I27lZKWJzYiAL07RwLUoVs1rOQqyZrtEYf/TBuPHT++hq2LnsdbT07D9MsGIbZdy+zaoDbvfbUC+aUVJ42Qqy7pA1fXtuOpthS5xWVYvGGn2QOpNWBYvzhMHddfeVU7Nm4/hs17j6GOs2xV8H7OlXbtIxEd5Kc8047jGXn4Y8Me5dn5Y29vh5GDuor51pZCKrwG8DqpBX9tBQK8qROrZImQwB4/oBsuHtxFKWgduLg6ISTYh29aKWlFWKqezxssq8aCN+/HD7NnYvZjU9G7ezvlxQuL7YdSYOLFB6zgjUbEcFJRW/PAdYaX9GzYfpSUnmKcVtdiWP9OJFg7m59ryO+rdyNRzB22jBjt0C4IgX7ab4RRWlODvKx85dn540AKr2+Xlg3TS4XXgKLScjz1wU8nrWxVKC7Hh8/dCAdHdeYC1SQ+LAQhURHKs1ZEJSlhstYfu3USNi98CVeP7wd/P33PztKbvORUoevE/9G9B/uR0SU5LZywsmRNAmpqjcJIsPd0R4ewQDg7az9tsH7nIaRm5v1jnOlMn67R8PFWbzOMxqiqqkHCgRTA0HyvjDcCmHJRP6H4Wgqp8OrBoczf1yegNLtQKVEBgxFunh4iKaE14uHqDG+PVrbGi4R9bGQobp00EtdPGIR+3aIveE+ntJQXTFvukRRenQke8nDhM8JrG3nciuXExjq4ubjAy81VeVVbjuYXoUal3UfOGeofATqsn83JLUHqCSWXoTlQ84QH+bR41rFUeAp8sOsnP63GE7O/532/lNJmwoOw2oBJlw1SCloffERHkA5hkbOCx1RJGQksd6z44gm899QN6NY5ArYtMD+iN7sPpgHuSqq2kfpNRRVCgqWHdyZsbG2RnJwmtskze8WeCNMhA5CzaXMKi2AyGJQSnamtRSx5slqz60Aatu8/Djg2MwxZV4dhvTuikjNaWxCp8BRKScCs2HoQeRl5gFoud00tOnaKxkX94pWC1keQnxeiw1pm5/JTYIFVUol+fbrgtkkjEBXqp0tYqrWQmVsE2Cn9jjwGG0dHsUei5PTkkndXW1Fp9vBICXm6u4ht2LRGZGbycp7mej7nCxnoAT7aG6q84Pw4h21V6Ivtgv3JA2/ZqIUcUQrLNu/Dhk37OManlKhATR2+fO4mXDOun1LQ+ugWF4ahfTsoz1oIEhyhvr6Yef14/Pz2g5j9+FTlBeshMTPn5F6tTiQUOnSMFv+WNE1eXilWbThI9caGAiseW0RHBsJPh23YOLlNLKRuqfko8pQ6RWu/W0kCec9HDhxr/jpDUtAXDYwnJd2y0ydS4REVVTWY9tC7MHCjqrSeJirQD1++dg8G9oqFSyteBO3p6YqLh3VTnulMVbXIEJ08sh/SV72N98k4CA2xvjDewt+34s8Ne0/OBfl7uYvlFpLTs3H3MXyykDc/J6+Bqq53zziM7al9dibDp4yIvVH1zjhUNolw9PCAr6+2CSsZ2UXYsi8JBu6WzZyntHd2RNfYcHi6uSglLYNUeMQvq3eaQyLNa9N/MBjx1fO3YQp5drzYsrVj1xKT7rUG+AcG4I6rxuKLF29VCq2TFaTsDidnmed8CTcfT4wf2V38W9I0WUXFSDicdFLp9I5rhx4dtc84Liwsx9oth8xP9B47JFt4e8LOsdrfZ3pWAfJ4LbLwoJuHr3frSIyzaoXHYYljaTlYsn4PoNZ8kcEAW3s7DO/fCW6ubSPLjgeQ3tg4OWLqpYNx65XD4eXZslZfS3MwPRtFRf9scuDn4Qa/ViIgWjOpWfmoKC+nDmxWOl06hiE8RPsdVrJzS7Bj73Hlmc6Qh8d3q0diDh+NVlJeqUrUS6+9Tc+E1So8To/duOcYpj/9MRb/sdkcj2829CWVtYiPDBMHQ7YVnJqbgXWuVFbjmVuvwLuPXYv+vWOUQuuDQ2K8LdaOlAxUl5SZw1XUhQZHh8PJVuc2aYOs33bUfFwNR/moLscMjkeIDiHx5Ixc7DlyQnmmM2Sk8/FSI8ig1pqsohKUFBSrErZ1ae45eiphtQqPd2hYueUAdh1KQUURCRs1MNbBJ8APw7u3cBLIOSIWgirhNM2hOnJwcsK9k4YrBdaL0WhCemYhbDm1nXf1EWuUTGgXHqi/EdIGKSwl747tSu679LBTbU7i9BSUlCOdj8tpCehWnRwc0CkmWCnQjoJikoucPa1C2Lal5+4sWK3CO3Q8E698+isMBjIPPVXIzCQFakcC7IlbL8X//jNFKWwbOPFJ23ooPM4sCw/CY3dOQqBcY0Z9z4BVmw6adwnhkE8tKT4yCC4f0QNeHtYd5j0bjp/IMYfb6sxLBDx0OnLmYFomdh9S6YzMc4HGqKOPF/q2j4KXq/b9Y9naff8+hf9cof7MjOnfOpZmWa3CW7ZpH+oqqkR4QJWJZz5l2dsDvTu1g0cbE1b2fGimHhiMuH7iMNx2qcxAZIzk0WUXFJOsJqEgBLfZ6IiI8IOD9PDOSCmHgXnssrFGdadX2KykrJL6csssoPZ2c0VUsJ/YjF5rivk+mysauG8zNjoY1GeBjUmkJ1oPNWRFJ2fkIW7CY6quoXn9vqm4dmw/RIRrN2meX1Am9s7TIvPzijvfwq8bdpjj9WpmnrGFR1+3dM6jGNa3A9xb4mTo00G9n48+2XnwOIorKnH0eBb2H0nHoZQsHEhKF6eTV/Du7gUNQlisoLw84UoWsIuTI+JiwtC9Uxgiw/wRHx0GPw9XDOnbUXlz48z7eQPe+PZP7DmW9k+ds4DIKzb/W2UcgwNw/UUD8fkr2mfFpqUXIDLuWqojDVPnSfBzfdlSlfl4eSBvzTvKC9qx73AaRt/+OnILqT/ovSSBDMbpVwzHnIevhR8fC6S+GDgFmw5TgeYa7yXlgLsrCta9Dx8PbZdRnA1W5+FVVNZg855EdReMks0wekCcpsqOd3bYsisRtRz20oAgcRCsBraP0QhHR0eMHhTX+pQdcSgxA6s2H8Tz7/+M+1/5Fs98+CO+X7UVu5JSUQ0jKupI2bFc46y4+g9/LxJ4NqgwGZBfVYENB47iwx//xtMf/IQn3lqIt79cZj4Y9DTsP5JB3kIV/aue5GJF2vC3VHp0iAxCv676LGhPyygASPk3dh2qPRTvgUPyUb76hMgrqE1LyirM7aQ3ZBR5ernDz0d7ZSeoUecUFRs721ah7BirUngcOnr7++X4z+zvlBIVIGXnTHoiPiZUKdCGBUu34IF3vkdpZbVSoi6De8SKsCx7PKpB9R0WFICZE0e2miSMsvIqJJCVPvam19Fx3KPoPGomrn1wNjaTwsouJM+qOYKMPst97GBKGhat2QKX+Omw6307Hvnfd/hlxU5UN1CAyzbtRXY+/aYewovoEB2EG68ZpjzTFvaY9dqFJNDXCyN1mCPiYFhWcSmqi7if6NRo9XBxcUK/KG3ljIWEfWnmeeXmQPXlRl74iN7aZ5SeLVal8Hjd3YbdR1GUo2KGFXkw0cHBcHLSVqD//ncCAnzd4aBRGEWshVOyBFWBI+WGOowd0g33Xn+RUtjyJBxIxX2vzsfmw8eQWlgE+Hry6bzmvQLVEmK8Jya3E31vHXmJX/2xHk+8uxDHU/KUN5hJzisgJajTWYSmOni7uKC2xqgUaAvvcamLUqBu5kzGVDC3o8bwUURZ4iQVui81w/5niZ2tHdx0mLtjMvPoPlXYP9Pfyw3BHA1pJViNwjOSYvr4pzVYsXoXjCpObttVGfHzRw9S/9duACSn5mD+srUoK6vG78t3KqXqMml8X7HGRy19Z1tSjp5dY/DOI9PQvl2QUqo/vN4yK7cE9z33FZz63oahM57Dul37UUaKplosByDlxF6d2u3H3ycEhgl55ZU4lJaF+GlP4+UPfkXSiVwYao0oyS9EXa1OyQ9kfHSNDNMlEse2ztZjyZwNpZRoiQmx5Lnecf0o5bl2bNmVbF7710LnWnp7uGBAd33WrR5LyW5++1FHCAnwxtBerWeZltUovG0HjmPzviTzaFRLuNFXRYQHkwWj7fzBD0u3CKFcZ6xDZZV2HoGtu5s4bkUNfP39MDg+tsUzVisrqvD6Z0vw67qdLXd2mUIdKdl5Szbg/rcX4vCRTLoWKtTreurqEBLoQ91I+yHPXqt5blJj6J7Y0Az28oS9Ct7ImUjLyhcPNTyf84GzqYMC9fGW8itUmKck+ehBHmlUiL9S0PJYRZZmda0BHkPvQm0FKQsV9oVj7EnxrPriOfToEklCXZswQ3lFNWa9/wtmz/8TRmomPw93jOjeCT++e6/yDvXgbjD+9jew8WAiylgxnC8khBxMtqjZ/UWLKBfOws3OK0H0+EdgFAkn1N4tqORaDYWlMCUvUp5oyy/Ld+L6/36Cshpt5ptPQsaMi7cHlrz5MAb3bW9eT6oh4+6Zjb8WrwOCtd++7F8YjXj6+ol46dGrlQLteG/uCnyxZB12JaYqJeeHs5MDnr19Ip685XKlpOVpGVNFZ46kZMHACQMqrjcL8vVF9y4RcHXVbu3PX+v2YcuhZOrryloWMpnYy9MGG3GWWLOXPJDCiQ4JbDElk5Sci88Xb6A6o/ZmS1wqOxHVsHHV5xRwhg2mSj1CtTQW7Ki/dmgXqMvZgWXsteq1ZrUhdSaEhfgpT7QlM6+Y2rD5xoojGZuhAT7Ks9bBBa3wLM7r9Kc/gclGJeGnfOfrT18PTw8XTQfa3a9/g7Vb9lErma+7tKwSBxI12sOPfiI2LIA6aXPj9nb45YMHlSf68tfavRh2+//w0kcLebQ1PyRzoUB9Nipcv3nUzKISGMsrlGcaQkPR1s0V4aG+5MhrP6+WllkIuOqTNPIvDEYM76PPXNj6XYeQyoe+NhMXZydxJFBr4gKXCDY4npGLI8ezhEBXhTrysOjRJ76dUqANx5KykZ1XdEpSA6tareLPXD19ukfDyakZgoO8uy4dIsRp5Xozd9FavPP9CuTlFsDIySiSfyCF56PmwcanISU1D8lpueoYl2fAwdUF7f308yDE/HlLGVHk4UWG6zOujpDcEfPdzYQ9PP8WPvC1IReuwiPNcDwzF4+8vQDVaoZXKmpga++A2IhApUAbZr79g1kL1TsS31BVjdR0Ut4a0TEmGH7eXkJAnjNkBMSGBuOJmy8VsXs94QXe987+FkvW7+QcdfMO+pJ/IGEZHalP4sDKTQex+0CqanPlpyMgwAcDO0Ypz7SngBec67S28BRobNlSn9Y6AYwzmnmtaF5REUwqyMzQAG9EBrXAfOdpuGAVHu9m/svq3eJUZNUgReDl54Vx/bo0f67rDOw+kmJWePUsSpPRiOqKSuWZ+tjQf7xW67yoqMLkMX0wsGcsGffaW/f1+eLHtSjnEFoLZc+1ahTjhTM09SD5RI7YH1QPD8/Pyx3tw7U1POtTxzuPtISHR+PeVYdQqsFgJO88T8yNNnsNJfW7QF9P3WXBmbhgJcS83zfgide+QVZWgVLSTMjK4v1Prxs/GHN1OKG7sLHF8SzQHe2Rlp6vFKiLO1mRvdtHnLuHR3Xj6eqBZ++dhFgd19xxMs/nC9bgnpfnmRd6yzm7f0N1ZO/ogPhIfXbo2HAgESknsnVpi37dY3D9lYOVZ9qSmET3RP28JXZY4amCYF/tlyNwyJa32eNzGpu9Tyj1u9Y2f8dckBKCt2t6avZ3qKZBZ1Ipq8oFdrhocE988PyNCAzQaFcH6me/rtqFTpc9AT7m8V/wYCOlt22PNqcte3m4YmivjjSwz0Hh0eCwrzLg108f0fWE99v++wXce92K2176nAanVHRNQl6Jv7cn+nbWds6Zycsvxf7j6TDwKeRaW/akBAbFx+i2Lu3db5c3XwmcLzS++nbXfg9UAyn05dv3ifN0m32vNQbcOXmk8qT1cMFJCo5Dvzt/peqx9ruuH4dPnrxeeaYNfFTRnK+X42gWWZONwVYzPQ4lazOPx1mnowd3JmFylvF7lmnVtbh4TF/07aLPpsRMRVkVvlmyHlW8zk6GMU9PRTV8vFzRI548d43ZsjvJnNihxzE9BgNidAxnJhzPMBucemM0ICQyDF0iwpQC7dixLxlH03PMEZ7mGiz08ZZIXjsTF5y0KC6rwPKt+0nhqWiN1dRi7MAuaBeh3cR/ba0RiSk52J5wVMylNQm9VFauzTwe71bh4+MGm7OtOzIubGxsMaBbjK7e3brtR8xzmbzQuJXNEbQ6bO3g6+UGJx0SiTJzi8Q8kC6hZfqdsCB95iV5eVMmbyzeEhjrEBHkh3CNd3Ni9h5OF6fJNBvyFO11lAfnwgWl8ApLyvH7ugTsSFAzUYUeVQaM6K3tGpjte5Lw5BsLUVJaYo6hN4ZYS2iL9ByV5iWbwN/3LAVJZTUCg3xx+eDuSoH2nMgsxEOcwVove1XSBEYjPIIC0LOd9t4dk5CSgSqODuiRyUhjslP7YOWJdnDUJT2jEHmFJS1jXBnq0DkmBB3aaX+vG3YeRVFpM9dPsuyqMSBUp0Xy58oFpfAOJmdixeb9MDY4hqU58P51EVGhcNXYYtl5MAXrdh3m1ZpKSSPweKNHflGZ+blGhHmf5RwleaVhgT6IDNUn5Z2P3tm06xhSsvNbRvi0NUj2BHl7IMhH+5MEmJzycph4/lfrtiGhauuoz+nmXIdpmQX1djvSGTJa2kcGITRQew/veHoOKqtUkJ0GAzxaaoH+GbhgFF5peRVufeFzzPtxtTrWP1sqJGDjo8LwyQs3K4Xa8eEPK5Gdn3fmOSkSJiW1KoQdTkOfLjFioJ8WEgAePt4Y3icO/v4eSqG2LPl7N+b88BcqSrVV+BcMBiPiO4Shjw6HvhaXVOIEb/DAHUdrhUdKICxa+zkthsXAvmPpZzzMVxPox22MwJUX90Z0uwClUDsOJKehsrKZ0yUsN0hpButkZJ0rF4zC++GvLTiWlkN3pNJgqzUAlTX4+KkbMaKPtgcYpqYXYP++o6f37hgWJPQ4mtP8bX9OR2QQhyPOoPEqqnDdxCG45fIhSoG2FBaW4+E3f8Dm7YdaLluurVFdg9GD4zFyYJxSoB3HUrKRSp6Q5sqOIYXXtb0+Ke+83nYvKYJqlU7/Pif4DMPQQDjqsG1aFSmpas6u5aUXzYHb39EBA7q3VwpaF21e4RnI0ygpr8QDL39tnjBXacf0QT3isPSjJzGwd3u4uGgXPiksKseMZz8F+Nj+s6S2sqrpeT4VuGvGmc8W8/D3xcxrRqNbZ33mhx549VskZuXAyDt46CFULwDcA/zQOzZS83A8czwrF+mZOmwpxv3eYMLUy/srBdry5aJ12LQnkX5Wu/HWJDUGjO4Xp0tyTlpGPuBMBnczs55dnB1x+eWDENHKdlix0OYVXq3BgKy8YlSUqLj2h5Ro/87tMKCX9lbKgWMZOJyUoTw7O+qMJk0HIG/6SpVpFi5N0C7EH55u+sXpj6Rnm++5JVLD2yhuLk5CAOlBfmk5THqc3s59wMkJfh5uSoG2sNdaUlHdMkYW3WqAv6cuW/VV1dSatUEz75M9Yn9vDzG33xpp8wrvaGo2Hp2zQNX9E+3Jsnr7mevF+iWt4Enw7OwifLNiK7LZMj4HjBx20E7fwZ46vT1n2hnJY24M+u0R/TpqukyjIXsPp7WM0GnDhAf76rKlGJ/isXRlgtgFSHPIwA3280Kgjz4Lzv/evB8n+NDXFsDTzxe949qZx6LGZHIWKi9H4kzwZsBG1riBXc0bWLRC2rzC+3PTXhxMylTP8idl4uNvFhJa7gPHJ0L/uXYfdu89fs47hXAYV8uQpg3Vpbj3pn6DysPEOVf6KaAqFXZvtzb8vd3h56W9J2Qw1KGIlJ4uBonRBE8PV7jrFF3ILSkzez8tYGyFeXnA3UkfD72EN8ZmmnmbrPD4JBk9oz/nQptVeLyjShE10uP/+wZHk9KV0mZCyo4XfV89UftEjIXLtuDJTxdh84adpPDOLWShoa4T2NLgtufFw6RYG6W2Ft14z00dyM0vxfxfNoNUvFIiOSuok0THhMLZRftwWEVVDY4cJ6NTj11v+IDhMH9EhmjvuXIU5mDqCdSVlisl+tKncztEBGo/F7ZrTwpWbTioPGsGVF9x0SEoJuPHTo/NB86DNqvw9iWewDWPf0jKgtx9tQZaRTU6RIbgiakXKwXa8cwbC0iYlwDnYYFXGwwkz7TTenZ2dnDkeq1pIqRZVY1ecZHKE23JKyrF98u30UXJzMxzwmhEt2DtU9mZ4vJKZKby1lsaixPq8/aOTojvFAk3HTyIFWv2m+/JqQX6Hg3vaZcNRNeO2mejbth1BGvp0Wyozw3uEQsfT/1O1z9X2qzC27ovCdv3JytxZxXCDaY62Ds7o2tUCEJDtbUeWVcV5OebDyo9j5RjrYMrPPEsTnJvag6v1qjbpr3lZNEf4GUYMlnl3CBr20+ntVC8w5HoK1qH/erq4OnpAX/OJtSBbJ7XYlognMkar3e3dnS/2p6Bx5SUVtJDhRPq60wI8feCUyteNtQmFV55ZTXufupj80BTqS+62jngh9n3Yv6b94g9JbWC98x87t2fYPR0g+k819eworRT6RSIxuDx3TE0GHbu5H2SIVAfntvzjwg3K0SN4eScl975GVnpTWymLWmaskpcOba38kQ7/t5wEO/NW0EDSPulDxxZuO6SwbhEp63sFq7ebh4MOhxm2xCOsvB8mNbnbvLOOH8mHERqogonsFD7TL9kEEICtN8V5nxpkwrvvR9WwKBmujW5XKNH9iYB0QcOGnfuotJyzPnmL+XZ+WKD7XuSzesONaJvpygE8/yBoaHCAzq1C1GeaQt7whsTjrTMLhdtFUuo28mJ/qe9pZ2YmoXdhznxSgervqoWl4zuhp7d9AmnJ2cp2dPNzFw8H9jo1tLwtnA8NQ+5OcXUX5o/1ztgaA84Ozq02vk7ps0pvA27j2HzvmR1Q1w1tRjTs5NI1tCSrJwSrNx0ECVFzdx5nS4zPbMQ5eXVSoH6cCo0W5kkQc0FClxDAb76bCXGA76osFgkD0jODacz7dqjEuklZUjnvU31EHIkTNl70OsU7TJef9dC8D3a6qBoC0srRNKRGu0XEdw6N4yuT5tReJykUVVdg9tnfYmlSzY2lMPnB1vD4ntscefVw0WRlvy4agfufvkbwLn51nA2WWW8tEErBnePRUxYADgNvD58HNCgXjHKM+3gLNwDx9JRW1FJzSQV3lnDxkFdHTrqsNckh8MOp2SglI/O0cEb8Qv0h7e7fgkRPLfVUtja2cBRh3WNKRm5yOG5ShU89N6d9PG8m0ObUXhs8exPzMCRlCzUVKpkeXFIsKYGUWGBcHHWNn27utogEm2KsnLMiTbN5EROodgwWytiIgPg5+MmhGd9eF7N3097D6+ysgZp6ew5KAWSs0NprwBf7RNWKipqUFhQSm2kj8cV5OdFTp4OoVOFal5/1xKQIR7s5UUyT3muIQVl5ajmNa7nmU9QH14u0tppM+Jk16FUvPHNnzSeaUCfw76Tp8PO1g4hvr548DrtlyFs3p+ExUvJM3VVZ+4xM68YZRXaKbz4TmEID/UFONzBsDfMnkNwAIJ02OUiPasQ2xKSzbt36BTCuiDgTc9rDBjWV/udLlKz8pGYlqvK/M/ZEB8bBi937bMWLVRWtUBIk+UbeekD47Q/4YKjRPuT0mEy8LZizR9jYwZ0Uf7VemkTCo/DmTc8+yl+XLHdHIFUSQD27N0R3795L+6aNlop0Y5XPv4dpWxJqXESO93/niOpyC7Q7hRm3oOxU1gQQiPCzGEyhtrBx80VjrbaW9m8eDWFt3RqxRPgrRJHRwT6+6F9RKBSoB35hWUi0qCGd3A2DOzVXpeT9TlUm5KRR39PjW7oAhuWRiO6d4pSCrTjt78TsHl3UvPDmSQfbGmcOumxtVwzaRPS5PDxbOwjAV9DlqtahPl4Y9kb92F4306ab86650Aq/ly1FVAxs/RITj5yy7WdYwgP8EU876jC6wXZ0jAY0bVDpNiySmvyikpwkHfQ4X0EpYd3dpCwjAwNxNSxA9A1WvsFyxv3HEVVYZG5jbSGPNcukaHUFbTvC/uPpuPtL/5qGWOL58yrDXjw5rFKgXb8sHIrduw5RvfZzParroGDnS3pTanwVGHpxj3mzmenUmcny21krzj4+XpoLkvZWty8l6wolY8YKi0tQ1WttnMMrNgiQ/3+8fAIFydHXdbgVZNxU1xeIZXdOeLu6owoajM9drs4lpqrj7JjTHXkQegTOuWsxYwcUuR6Q3LJlrxlVw93Xe41Ja8ANRU8xpSC84XlA43T1rwcwUKrvkKeo+JDXZ96/VtzgYhnNhPuVPTnjUenmp9rzNeL1+PTn9eoLxiMRhQXlopwr1Z06RCOUQM6iWUbFjhpRcvftMALbu11CpVdMFCzhAZ7Y8KYngjTYa/JXQdT9FF43N9qjQgVG5ZrT0llJbYcTqROqLOxZTDClQyWnp3aKQXaYaL/8jk7k2+xWUYltQ0pOn8fd/N2hK2cVq3wCorLsTHhKKp5RxW1IM/Bw9MDQUHaJ17w+rEFy7Zi36FUdZR1fWgwZuYWa7r4nA8ODQnyPsXDk7RuArw9EBMVqPkGCkyGmL/TSSkY6uDrrf3JD7wTUlZBMTKKlG3F9ISMWJ4HC9fj8FS2IVh2NHf+jr7HztMVkW1gDR7TqhXe7+sTcOf/fQV4qZQGT4Lb08kJ44f1Ugq0gz2hX5btxJJ1O1GVnQPwXnVqPsoqkJySK5Y7aIW9gy16xEXBrgU2bmYvUpz7JzlrHEhY9omJgLHB7jhakXEiiySITla9wQB3N+0TVtZtOUzjdhd3QKVER8qr4Uee0tTLBigF2sFzoZWcga2CwouPCcWArtqvzVUDGxIsLdCyZ4ZPMe93zX9xooAsLTVCC/wVxRV47j/X4ZYJQxAZru2aET6vbuPOo9ibdEIpURn6/g7hwRjRL05Taz6/qAxdJj6N7JJiNn8xc8p43HHNCPSI13aR6erNB/Hm3D/x2/od5kEp5/LOiLuzExb97x6MGdoF9hrutcqUllbCs8t1PNGrlGgIi6jicpiSFioF2vHOl3/h81/WYf+JDN0NLucqAyaMG4D3n70RASotvWqKzNwihI59gMYV9ZPmDK1aAyaO7YeHp4/DiD6dlMLWS6tVeD+v2olJt74MqJURSO67M3kqy794EkN7dVAKJWeCN+juf82LOJaVravC256QjE8XrMYni5cDfAimVHhnxMvNBes/eQqdO4Zqnlh0JDELnS4hganHzifU9HY1dTDs/Uop0I5n3liEL35dh5zyMt0VXrivD266ZDDuv+liBPhpu3HAio37MXbma+RMNLOfkMK7+7qx+O/tV4iTElo7rTKkWVhSgUl3vKKesiM6hYXg7Uevl8ruHHF2cEC/FghXBNKA796Rl0RoN0d5QUF2a0RIALp21ucki22ceazTadx25IV4uWu/FIZZf+gYMo8db5Fw+pSxfXHz5GHw8tDeiHjz8z+bb0TWGODu5Y7uHSLahLJjWp3CKymvxJodhwA1G52EwSf/dyvuvE77BeYXGo6OdugcG2x+QuODTy7QYzPniDBfjB3RVQyqFplPaWtQHQ2I0ecUeiYpN1+3JQlO9Ds9Omq/T+ORY5lI4e3sdDhc9l+Qgr14aHfERAdpuocmB/R4PfMfO/c1X+FVV8PHwwW9O2u/SF4tWp3CO5qWLZJVhHRVizoTIvXIfLoAsbW1Q3REgLk5bG2RnVeEch22XOJJdXO2GndRFfvChQoJMm+ytvWAk2JKdFwjyeaOltnIForKKlHDW7O1wHFA5FKKOVit4XrMzi1Rx4ikfsB7mwbpdNCwGrQqhVdZXYPH3lqIz+eRu60W1JGCA/zQrg1sbNoaYZkWyB1ahHhskFNUQu2kz6a6nKLdvlM0Wbz6LDhu05BRd+Uo7Q98Zb79eRM270hUnukDb12lNVlszPGRQBon/DRKZTV5Stp7sTxd9PUvG1SxIXk5wvDenRAV2nZka6tReKUVVfh760FsTjiizma0ZMHY0MOusga/vn6vUig5H7xcXMwKz9YG205kIr9Kn2NTePH5VRf3g4vKu9RccLCxTobd0IHabxjNbEo4hsQTOcoz7WEvokcn7cO12fnFKFfp5IBzgtrOzdtbrHvVmpyCEvy1bb8q3vnQAV3QKVqfw6DVotUovGxqCFZ4lWUkTB1UUHgkoPkAU19/X8THaX822IWMMycnkAfBOFC92qoRDjkLOKzZs3MEnJu7VuhCh40RNcbMWZKRU4AiXguqF9QPHHSYL+StsfTYq/NfGI2IDQ9SnmhLcnoucorVWVTv7+WO6Dbk3TGtRuGNvO1lvPXZrzBx+EqFPufv5o5rR/bH8i8eh5uL9pbThUxUmJ9IP2alZ6TB+cWCdcor2jN2YBfMvvvaU7Y3kzSA6oZ3WNEaXltaWFiONUcSUVlUqJTqQ0voIX0g45GG1pcv364815YX3v0FKRn5yrNmQLLg8RsvwTVj+ysFbYNWofDyi8uRnl0Ek1qnCZDFe9f0sfj0xZvQPa71n8Lb2vH2cgV43o4EHjt3R5IzlVe0x9/XA9MnD4K9owxrNkl1DYICtF8Aztm52/eloJb7gvS61cFQh6vGD0SsDsc5HUrKwM49B1FRocKUBPW5tmiFtLjCyy8uw29rlK181KrAymoM7d4BLq5OMr9PJezd3Ki32FEzmZCTr7d1bwMvD/p9fSKp2sIdkvt6jQGB3p7qnOBdVQNXlQ4WPh3c9rkFJWRP0vXrkESiNxwJEkfccPvohcGELh3D4arDPPXu/amiDVWh1tAmI2ct2mt5TdfcX9fjvpfn0ZWopJpMnFzhiDGDOisFEjUIDQ4QezUyFcXFKCvVJ3HFwuRhvc32EHkZbRaWNUXlZB0b8c2smSjKLURtc+fCSPk4B/ihe6T289RG+q1jKZkwcBvosLhdbyJC/OHJ6385fK8HZRW4f9p4XDWqjy6bBXzww9/mNYZq/JadHTpGKetz2xAt1mvZ0uBTrd/4ZhnKeBNTlbApq8JbT02HvU6LYq2F+Pbh4iw8gaMDdpC1qCefvHQzfAL9YFPVdufyPEnYfPD8nSjY+CEmjeuNGjLOTM019IwGdGwXhm6x2h/4ymu4tien0l9SCG3gsM9zpV/3aIQGeguPWQ/8AwIw+8mp6N5Z+wxUDkdvOZpszkBtbiSN6ueKywfBvg0aPS12xWWV1Vi/+whyT+Q2vwEs8I7qnh7o2UnO26mNt6frPx3cwR4ncgvM/9aRKYN7IogXo+tlgasBd+2KKrH58f1XX4TLR/eEj7c7KngejPt9c/t+XR3CAn0RTg+t2bn3OPIKypRn+sEhbVVCv2eAN2F3cyUPiEO2WkPNPqJvnC7Zp0x1Ta3ZM1cDGn96ZZWqTYspvDnf/YVbnv4YBrUWeXJs2mDC1ZcPxtA2sGt3WyMm1B/OlgXgJHzW7j6s3nzAWfL2Y9fiy1l3wUut46K0hhVzUTlGDemDea8/gGfvuRIRnPFKFBaR4mADorlWco0RA3vHYNgA7dfg/bYqAZnZfBK4SgbqWVJDwnrzniTlmbZMHdEXvft1F0sUNMNoFElgz919hVKgPbVkGNXx8pXmwOOdhzx9z7hBXc1lbYwWUXg8d/fSnEUoqawxu9hqUFGLbfNn4cOnZrRJV7u1c/M1wxFp2a2GOv5Xi9Yg4XCa+blOODs7YPyIrkiY/yI8eBumgmLh1bcaOHOthBSZjT1GdY/Dvh9fQfGur/D3549gxuQhJ49xYkNhfcJRGn3UT5sjWEnw2Dg5Y1ifOM1312e+W7EFaVkckVEKdII9kxPZKqTSnwUzZ4zBJy/ejGljB2szX0zeY3BYMD589lZ0i9Nn79NFf27HwKmzlGfNgJcG1dTgyiuHY2C39kph26JFNMO+xBOo5tRYFd352Pbh6NoxDE5q7NIi+Tdk2YkdVxSqyyuw+1Aqiop1XICsEBXuj0kj+iA0IoSEL3VhnT3Nf8G/X1UNTy9PdOsZhzuuGonbJ41AF+qPnp7/1Fl9Dh9TYWkHKTx3D1e46bRkI6ugEEZW6jrD6/+KyvTrZ7HhAbj5skHq9ysOY9N3Xju2H6ZdMlAp1Baeu0s4moojx9OVkmYgqsMGPTpGiF2Q2iK6Kzzeh/HZDxfzDL5KHYq+w2jEf++YKJWdhrg4OqBHuzBzm7Hl6+KI/769CO/N/1t5h7588uxNWDjnYbz04FTYm6gba2GNnw4OV/Im2iUkiI02uP+Gy/DdyzOx7P3/4OOnpmPaFU0LNI4sbdmTrDxrBgYjOkQEISRA+6NZamuNMJF1r0g9XeHNDopz9Jsz9vJyxeih8QgP9DNHENSY06NGjwoNxF3XXoy377sKXh6NG0Jqk5VbjG+WbKKfb34kxNvPC/16d8TofvFtdjMP3Q+AXbB8K2Y886l5V3I1YEFXVIaKw9/DRa2F66ehsKgCRxMzsXlvkphMbw1U1xhw05Qh8PZw0yycyyef/7YyATfP+tQsBHg+r7gMffp3xR/vPoQA/5bbMT3hYCp6X/8i6vIKAQ9nzj6gnq1y2/AwYU3FYZ1qAzp1ikF4sD/umj4KMWEBwuo929RyHnKuvW9DlU0zlXRRKaZdcxG+/r87NE9rzybBGTzmPnM96L3onH+zoBSVh76Hs477qh48lo5xt7+OtMxcwMnu/Kdf2Du1d0TiX28hjIwTvQzznKxifPfHZjz08peAe/MVbL8u0eKg1z6doxCqw0YHWqCrwktKz8Erc//Ap/NXqDZobMnFDnJ1Rcb695QSbdl75AQ+/P5vbNpzjH65dSi8mspq/PLBQyIhQqtstuLSCqzdfAQTH32bFB4JfQ6jVVbB398PP895AEN6t+zBuv95YwEOHDuBLQnHUFhcao5diBRs+nu+yo8VHFv3/NdIf52cEBPijyA/D0y7aACCA30w5dJ+ypvPHj4VxLXz9WQyuykl50lxBe69YyLefXy6UqAdx0/kIfryR8zKR+85cv7NskqcWPsRwkJ8lEJ9ePXj37Fi6wGs2LLXfIrCucy58vIGMsi7d41Fzw4R+OqVO5QX9OGPlbsx5/sVWLZ+O+DaTIVHbTDj8iGYNXOyUHZ6ZZeqja4Kb8xdr2HHtoMoZuHR3BgwXzYJsh7R4fjvnVfiqov7KC9oByfb3DXra3z121oSgip5qGpAA2v+G//BJaO6w1OjUInBUIei4nIEjJppHsjuygG9JLynXj4Cnz93ky67fZwOE/WrNdsOITkzD3PmLUdCYqrZurahvsKGAPc5Vn48WE/p9fTEct4a/2UlR0aEV0QoPN1cEBsVjOsmDIKvhys6hgeJtVq+vud39lxxSQU2bD+Ky26bRQqvedmmYV4+eOK2y3Dv9DFKiXYcPJ6F+MlPnhx3ukP9bO2Xz2JYf/0zsHn/0AWrd+KuF8hTIq8aDqT0uA9xn+Kq4L7Ef9kwqqX+w1mYNUZcPXkMBvRsjymj+yAqQv9Nlifc8xZ+/2sLjVXn5rdZRTV+/uhRXDGyl1LQNtHNVOOjN9ZsP4zi3KLmKzuGQ5nUsS7q0xnD++jjXXBYb8X6PeZa47BZa3k4OSIjr0i9dTaNYE/WrT95NrbsNZnqtR8N/M07DiOL2relsbGzwciBnXHzpGG44bLBmDiqD7oP7YGI2Aj4BfvDy9cb7l4esLN3gL2j+eFAD0fy3DzpNW8/HwRHhoj3dxvUDdeM6YdpFw/EbVeMwG30nZMv6oOuceHnreyY7LwSbOf5OxU88diQAITocPgm67hCy44wLaHsGOp3WQUt08d8fNxwJ7X/JOpPPQZ2QVBkELz9fUTfsbf0Jfrr4uoKvyA/hLYLQ69BXXH31aPwyI3jWkTZMfuSM6jxSCao0WYkazuR4WdgZd6G0c3D6zH1Wew5TBa3SgMmwNMTo3p0wg9zyOPQgfm/bcY73yzHpn2HhIJpVZBleceEEXjxgasQ5K9tAkOfSf/FvrQM1LA1a8FgQKiPL5JXvElyvIWOWGkj/LZyJ56Zswh7Uk40e0nO7LuvwZTx/RCpsUDdsTsZX/6yHu//0jIJShaGde2IH9++FwG+bWQdZguRk1eK3/7ejdte/Ng8195cDEaMHNQFqz5+XClou2ju4XFaLJ+GsGdvknrWIVkZE8f2wyf/d7NSoD3v//g3Nm3ZzYfDKSWti4qaWpG+rTXdYiPh59lA4NjbIyMrC9Of+BSrNh9WCiUN4U2XD53Ixp6klGYrO2bapEGaKztm+8FkrN5Ohl4Ls37bAaTn6LtxeVvkm6Ub8fDHi9QxzKnP2pHYnjy6r1LQttFU4fEAP5FTgGfe/1HFiW4S6hXV+O+McfBSIfPoTPA9lJZUYf2WA4APCXp9HOJzw9YWx7Jz6Y/2Eeq4diFim7F/4eaKRcs24IE3vkMB7yIi+RclpRX4c/UecxhaDXiuUQeOZeQg8Rgp6RbGVFuNT35Yjb0H9d3woK1QW2PE0cQsPPby1yjJK2q+rGL/JL8YIaGBmHpx2zr3rik0lZCcjbaFPLsVrCzUUnjkMTq4uyMqMkAp0JYacuf3HqIBZjKq56FqAfXtEj4tXmPaRwbCi3eUbwxHe+w7kIwtOm0D1daorjUgI0+9eShxlI3G8IxHVlEJqkpbgRHj4oTl6/fi7y0HW6Xd2dIkn8jDor92wGjkfVqVwuZAdWxHfYwX4vvyuukLAM0UHq+z+2jhKtz30lwknchRR1lQL3eFHe66apRSoD37Dp/As58sFoOtNcPrpBYt2ao8046xI7ogLNS8H2Sj2NvgqgfmoJp3lZCcAhtPqSeylWfN5+TpFRqSk1eCw+Q1gDdVbmkcHXAsMRkfLV6FLBna/Bf/eWcBnvrgB3MGtRrRnvJKTJwyCi/dMxl6HF+kB5rdRUVVDdbtOoK8jHzUqZXZY+CjUMIxsFuMUqA9v6zcJdLcW7V3R9jZ2eiy8N6VD8nkecymTGx7O1SThZmYQkaO5BSqSeFVir021elLehyBVVBcjiLO0GwNAo/7nLsLUjLycCxV9q+GrNy4j9x+FftErRGDu0ajV6copaDto1kvXrZpH35ZtRN1PM+m0tySk9EGP33wAK67YrBSoh2c4p+VXYiXPl+MpFQV9j3UmPyicizftF95ph08T9gzOFCElpuijgTx4Otn4a7/zkUlr9mTCH7+cxtMzd1dhSHB7+jmBmcn7UOavIyCt6dSVZA2B3t7VFZW4q4Xv6JqkHFNhtfIzv7sD1RWlCsl6tB7UFfcPnmkLqex64UmCo9DN9MeeNscR1ZjzR117K4RYfjtsycQbdmxX2N+Xr0LPW99hQYYVZFGu5eoSVlFFfYnaT+Zz80Zz4eNnmFruGJDNT7+bRVixj+KO578Qim1buYv3dr8LF8W8tW1uHG49hstMGn5BSjNyxeKptXg6IADqemY9cEvKNVh3ro18+fqfbjm4Q/x6Jtfq7MEwUJ5Fb6ZdbsuiYF6orrCq6iswaIVZMlyuEWl0I0NDfK5L9yCwT1ilRLtuevJz5DHe+i18lCmhVqjEfnFOiQWUH30io8U4eUzQt5gVkEBPv19FX5fvRuZ7ClYMTv2H22+8cQKj4yNEX2133FkxZr9WPznDnUFqVrY2eK5dxai7zXPI7/QOrOCF/2xHVc/+S4W0/iCi4pzrMY6hLcPQ+eYUKXgwkF1hZeRV4gNu2hgqzi/wNlonTuFw0VH17o4Px/NPjBRT0gBVfAekhpjSwovKNCLY75KyRng9WbUF576YDG+W7JZKbRSamuab0BxFI/qPiJM+xPOkzPykMVZpTosdzkv7G2QXliE5Wv3KQXWxTvf/YXKyiqAs6bVCu9y/6yuwei+cUrBhYWqPZnXrN3w388w97f16nhGSiPGdowScWS9zmD6/rfNMLg7w6TGPehInalO7NWoVt9vCnGQqd1Zeipch/TYeywVj/zvS1x6+5vCa9D6GlsbJzILxbKNZkPKx8bNFcP7ay+QEg6n4HBKJrV1Kx0HTg4oJ+F806zP0O3yp8QmFxc6BjJ2jiRl4vm3F2Pdrv2oY2NEhU0MBDwoK6tx2/SL8ewdE5XCCwtVFR4vMucBUlGs0uQpd2DysvrH6HMyMFNba0DCkVT1OpFesGKxs8XRpCxUUKfVGrvTZWo2Br/X3hab9x/FnO//UsUeakuIuSYVMh3tSMD5epz/Xp7nQnZJGUpLaSy38saqJqV3JCMbBxMzlJILlzVbD+GVz5dg/sot6sso3sigpBwzLhuMYD/tz1hsCVRTeNkFJXjq/R9FGrNqGV01tbB3dML7T2t//ImFrPwSzPnuL+VZG4KFEgnDpLR8VFRonxnp60MD4lx2+uDrIyVZWFmJNQmH0WnKc9i6M1F58cKnqLxCleQnZ/IS46LDlGfacjAtA7WlfNSSqnax+pC8qUEdht44CxfdMwclRRdmIsu9L36LKx+ag7l/bsThE1mqKzxXV2c8/NC1GNqzY5s94PVMqNaTl27Yi+37j5ufqDFAyCPw8/fBxME9dEuLzc0rxeqth1FVVKKUtCVIoZBSYS+b10BqjfP5LnpmxUf/O3IgGbO/XUbGxQpk57bF+j57Nm4/ih//2m6+92biQEozKuQ0C/9VpLyimsZy869ZL4pzCskD2o/XvlyKlesvrHm9I8lZ+GX1dpQVlsDE65pV6EunYKzDiL5xuHR4D92mjloCVU5L4OxA/143mXcjUWn3ByfyBn7+v7sxflQPpURbysurMemR97B8+Vagsb0iWzucYMNzqOOG4uFbxqNH50jlBW247rGP8P2S9WIepVnwdVfW4J7pl6JvzxiM6NUJIQFecHZuhZmBZ0FefikOHc9EYVkl7p81D8d5ZxWTgV0zVSzy7rHhmP/qTHSODlFKtMNj8F0oKyEPjw/7bUtwn6qpxZCeXfD43RMQ5uuF3l3a3uLp7/7cik3bDuO9b/+gMUJeq59Gp4yXV8InNAAFq95VCi5cVFF43y/bguue+Mj8RA3jgDrs+CG98cf7DygF2rNk3V5Mvu9N1PDBrq1pzdHZws1Ij2FdO+GVh6dgsMYnkD/xziK8+sGP6m05VVHFayvQvWccYiOD8NDUixDfIaxZZ8/pyWcL1mD7oWQcTs7Exr1JqOG5LydScKzk1LLGTXW4btQgPHvflegUHawUaodtz5tg4rTQ1h7SbIpqzoq1Q6CfD66ZOBhPTR+HkGCNlIYK1FYbsP9IuthJZvG6nfhq0WqSheTNudEY4zZovqg+Fe6XxeUYNrQbbp40AjdfMUx54cKl2QqPTwGPGnMfcjj8oQZ8OST4qnZ8Aafmeg/nwIBps7B17+HWueboHAj198aC12aSdautwvth6RZc//RHMLA1rea2UyJRyYQAPy94kafdPTYKHUMC8PKjU5Q3tA6+WbwJ2TmFWLh9HyqKSnEkJQvVVcoY4PpQO+TEGIz48tk7cc1l/TQP8ycez0bsxEdVXV7UIiiGIOvtmPBAeHl5ICLQB9NG9cXUKwYpb2pZTIY6fPrDGryzeCUKCspE5mlJcYn2soiUXZeesfjhtXtE3bjoKG9bimYpvPLKamzbfxyjrnwcoE6kCkYjHO3scfDnV1FUopyyrDEOJKD6XvssamxJ2LZVa1bB1dkRr9wzBUN6aKvwlm3Yh2c/XQxDDVnRWgjF8koyfMjbdvdAeIAPHr3tUnSODIa3uyuC/bwREa79OrT68CbifBpFbnEZCsrKMe+nDcgvKMHe/cc4tRfwcjPXgxaKzgIpvHcevgHd4yLg4a7dZs681nLr7kTc+dpcdY2ZloTFHG/MQEOcN1ce068Lbp02Gj4uzmgX4g8vDxeEBOnn/bHY3b7nOFJy8oVHt+iPbdi8NcEcEeDlKzpsDB7h44GrJwzB/909SZeNyFsD563wysma/X1NAh5/cz5SeHNltYQeWfeO1ODB3l70z/PWxeeEPXWy4+lZqmTRtTQsrHzd3eCssXXIVmhhGRkkJpIgWgp5ZW4SVTVwJuucFV4IebEXDYxHsJcnXJwdEOTng/iYELRvFwQHDiOeJ8baOiSl5JCTWYcdB1KQmJ6NUrrP1Kw8bNt7HCXlFcjns/6Ekle8OK2VXH1oPIT7a6/o+cT6mhoDstnL0OnWdIX7ExspJhs4KAqPz3gc1qsDYoIC4ObqRIajE7p1CEd0VECz5pPLy6qQkV2EXPLc9hxOQV5JOQ5n5aKktBzbdichkxSe2LWIM9v1jC6R8fTb+/9Bvy7RCPL1VAovfM5b4e04mIx35/+NrziFn89KUlM58XeJ+Lt+gkRszaPmPbQUfAsGGsw8qLWEPWG9DQQapBwB4L82Ts6I8POFm4sjIoL90Se+HbrGhSOufQhsbG3gThbr2TQnG1VVJPw4WpGWXoCDR9JFmHb19sPYn3wCxbyTBQt+EoLini0KTq++2ZAaFtQaty1/P99rGw/vnxG+TzaouE45lO7ghE4RIeQ9u8DDzRkDusWic8cQRIb6kYhzgRspwTO1OncLYZ8pferQsQykpOUhPbcYm3YfQVZBMQpI4Ykv4rA0jyG9o0p0346Ojqjc9DH9dAv14xbivBXe8NtfxpZth1EjBr9SKJHohfD86MG9l5VgLStCspTJM+GkI7cA37PS+TX0GSNnIvJ3cPhORCqoQ3NYyaLc2niYW3KWcIfhfsAikR/cl4SRRf2Myp3I+7MjBXE6icn6w0DfU81Lm9iL5D7E0QBhQCjKTeX1c+dErUFkwL9472Q8duOlSqH1cF4K70hqNjpNUCa0z/nTEolEItEVEvMcunz1wWtx1UV94X6BLiw/E+ek8Dj8w/H9QTfOwpY9SdKzk0gkktYOJ/+Rd/nzB4/gipG9lELr5JxiNbw5a2FJGbbsOCKVnUQikbR2yElxdnNGRFSw1Ss75pwU3tHUbMz8Hx802PazGSUSieRChjO2eRu6T/53J/7+5HGl1Lo5J4W3MeEYEo5of6q2RCKRSJoHbwA9rE8cRvfrjOhQf6XUujnrOby84jIEDL/H/ORCWYwqkUgkFwosyul/Tg528CFlt3LuM4i/AE8tbw5nrbnW7zqirAFSCiQSiUTSejDU8V6PiAwLwMM3X4boMOnVNeSMHl6twYjisgoEjnmADAip7SQSiaRVUGuAA3lyfh6u6BAdgp9m3wd/77ax2XpLcUYPj89W42QVk9Y7d0gkEonk7OAs+Ypq+Hi6YcKo3rj3mjHwcncxvyZpkjN6eF8v2YgHXv8WhTpt5CyRSCSSxuF10PZ2trA3mvD2UzMwql9ndIgMUl6VnInTengGYx2Wbz2AwvwL+0RqiUQiafUUlgplx0rukVsuw+j+nRERrO+pIW2dJj08DmGu2XkYF9/8P9Tayf0EJRKJRFdYNPM+nnzWqIsTPn/pdsRHh4rMSz5RRusTUS5EmtRiB5Iz8Ou6BNRWUmVLZSeRSCTawxui8zmQZZVwc3VGB1Jwd998KW6dMkqsp+tMys7T3UUqu/OkSQ/PacAdqOGjUcTu8RKJRCJpFiLxjx6WBEASvV3iohAe5It+XdphWK+O9OhE/oUN7MjJ4PClRF0aVXgrtx3ARVP+q8upuxKJRHJhQKKUjxOySFQ+K8jNWRwHxCeKR4X6wcnBAe3oLz+PCPRBr85R4qy9kABvsRsKZ11KtKNRhff5z2uxdW8ibKSFIZFIJGeFg70dOoQHwZ2UXB15cQXF5YgJ90dsRBDpPFtxgCx7b7zlF3tw7q5OcNT7EGUrp1GFx3tmllZUyQMRJBKJ5CyxJ4UXGeQHN1dHkfRXXlmD8GAf4c1JWgdNzuFJJBKJRHIhIWOWEolEIrEKpMKTSCQSiVUgFZ5EIpFIrAKp8CQSiURiFUiFJ5FIJBKrQCo8iUQikVgFUuFJJBKJxCqQ6/DOk1XbDiE1qwAO9jaYPKbvyc1c+Uglo9Eodlrghai8+4KkdcE9vrK6RmyswDtgcBvxOWPlldVYsnY3qmoMmDp+gOa7YJSWV6GgpBwbdh+Bt7sryqtq4O3hirEDuyjvaHtUVdfiSGo2du1PwsgBXRAV4qe80vaoNRhhoAcLSCfqC9xXJG0bqfDOk/4zXsS2TfsQGhuO/QtfEoKK2bD7KP5YvRNVVKuTRvXGoO6xYjshSevhRE4h3vj0V9i7OGEIb9jbuyP8vNyRnJGLmK4zAF9PlOyZBw9XZ+UT6sPD7s4Xv8T2A8exa80u8L6LdmEBuGJkL/z4+r3Ku9oea3cexrvzV2LR+z9i96656NExQnml7fHZT2twOCULhtIKPHDbBLQL9VdekbRV2qzJkpVfjJ2HUvDxolWiY+oJmwhp5N25BPpgypg+J727QrLWP1j4N97+YolQfFE0QKSya32s3nYQny5chY/pEeTrJTy8wymZWLBsG5vycAvyFRa9VrCy+5j67Ge/rUdeQQl2rH4PBzZ8DMO2zzH/5buVdzVNckYevlm6CTn02dbGjyu34+DxDMDfs00rO4bH8ic/rcY3q3chUh60ekHQZhXeyq0HMPN/X+Pt75bj6IlspVQvTCLcYWtjAz9vj5NKraqmFj7k6bWPi0TPTpHILSwV5ZLWRU2tEbGdItCpfRgCfT1I4dmTAVNInl8BYGMr2pNDnFpRRwqP96t1pN+dPmEIOkQEISbM7D3wpsKng/vdV79vwONzFsDIZ6e1MjLyilBYWgl7fx+lpO0SGeKHLjFhGNG7E0rKq5RSSVumzYY0r3rkPfy6ZhdCA3ww6+5JuIEEh15wjbkPuRO+nu5Y8/kTJKwClFckbZW3vl2GRSu2Y9OqXYjuFoPE315TXlEX7jt1pKjs46/DxEsH46Onb0CIv7fy6pmZR8rupU9/w9G0bBSQZ9iajpNhUdJ3+gvYuXonLrlqJJa++7DyikTSOmizHl5mfrGYTA7y88TQXh3NhTrBxn91dQ0ign1RViEtvwsBHw83HE7LgVeoH8I1DF/V1BrMocjKanSMCoars5PyytnBUYNag0H828PNRfxtLZRVVCO/uBzkepIhevZKXCLRC7vnCeXfp2XTnmMopM7M4SAv96YHGmdppecUIjOvWJz31FSW4oGkDKRk5aOWBIAl4cPC/sR0pGUXwsnengSCI2kYc1bdiewCHM/IR1VVDZ54/VsY6b3tIwLRPjxAHMXBysdA1rO7ixO27k9GflGZ2RtzdcbfWw/CztYOxzPzUFRSDn8fD/OPKaTRd5eUV2IbfS6Gvq8pDEYj3VuRSHqYPmGoCF0G+nqK1wqKy3DgeJaYlwny8xJl9dl1KEVY81v3JYl75yxAvtam2HUoFRlUj2V0XX7e7qLOjqZmI4/ui7PHDiVniNOSz4dDxzPh7+2BbQeOIzuvRIT2mppv3Jd4AqlUP1n0vozcQqTStTf1u2UkyI/wRD/VE4cKOVO1MXYdTqP7KEFxqfneikorqG3zROYrh/y4n/GxKtsPJCO7oBReHi6wt+NsSuULTsOuw1RvuUUi5MdtUt8L4pBgcnouCkoq4OBgd3Ku7uUvlmA7eSade8RiTL/OGNM/XpSfiSxqn+pqA7VTIdVpljCCGiKUXGEJktJysS8pHYuWb8O6bQdxzYQhdD98blqFSKThxJnGTrnmzx4+nk3KpBT/9/nv5nFD9zF5dG9k55eKe2Vlw+OSPT8OzxaWlCHAxxOrtx+Cp5sz9h47gbDAU8OMf2zYS33QgX6/FMdI2Td8vSlKyirFod08j550Iuekh7p1XyK+XroRlVQnN067GAO7tRfl9dlH1yHaOjNfXNfZZMJyX+d6Pkx9n2VFUzKF+3TiiVySQTXU9iYhOw6nZCOdZEl2QTGCaUyu33UEzk4Ooq0O0njypDoTMqYRdtL4K6usEqFnJ8d/X2deUamod26byurq03rbbOQcoPGak19ysr4O0zVwLgD3D84Q5oNgT0dBUTmNxXQyesoQ7P9v+SI5M6cNaaZQp3zmg59E2nTykRPmeAxZb6BO99lzt6Brh3B0iw0/pcO8+e0yfL1kI9zJcl30+j2NCn5O3XcIvAyIDMKbj1yHh6ZfLBp+9faDeObDxUilTku9liQFWbIk4SZMHIrunSLw1a8bcIIGjIA7F18PdRbxoA7TZ1gPfPrMTejRMRJ27mNgG98ON5FS6t4hAg++8AWPHICURdTALkj67XXc/9o32EiK/AgNinIS5GIU0+95hfpj8ex70Y0+50/CuD6sGNfvPILr7nsLv375FPrRb/BAMtI97Th4HAOG3wNEB8O040vlE2aG3PgSNu46CpLwoBFH9UjqmgZSOL139oPX4uqx/U6ZvxF1FDeNpR1ueXgq+tLvzHzuM7pX+hxLff48DdZXH5yKgT3aY3jvTsonm4aXSizfsl8InUf+7yuABissbUdCZcqUUXidroVTyY9SnexLOoHf1u7GvN82wlhKljuj1NHLT1yPay7uLxRffaH10aJVuPulufju1bsxbdxApfRUsklQBneYil7j++O6SwbhkRnj8dVvG/DCx78gmRTcXbdNwE6qy63r9gCklMT9Uvt2H9xNJAndN20sKcBTjSTOdkwgRffYOwtQwP2HlbeRu7YJHbrGYPmHj4r74qy7qU9+CF/qP1zvveKixOeH3vJ/2PD3DkycNBJ3XT0SlwzpLsobwsKJBfbT7/8oDJIdWw5QnVBbkDLm63QjpfHEjZeI7NwxA8xK8yAJurm/rsdr7/8knpMEBUlQcU9iPHE/JsVsyv7d/Ho92MBhJffV3CX0OQfQYOOJPvNneF6J/7q74uLBXbHknQfhED1FJN4E0Nh67MZL8ejL8+h3akTfX/DFU7iK+tkzdO1b9yVjJSl46hRcRYJ4Uvb/u/cqdKUx3T480FyowEbI5z+twd+kqOdzkhgZndw2tmQ4jurbGR88OUMonKlPfoRqkhvHN31yUvmzgcFGy0V3v4ZyGueiPflB/f3xmZNw6ZAeGNIrtsn5ywr6rYfe+A4/rtiB9V8+jbh2wcorp+I9fCaK9ybi0edvxT1TRiOM+mb7yx5B6vEMjB/bH3nkHW8nY5NlANcRXQRs3J3x8PXjcNHArhg/qKv4Hh4nbLA5tbsKE68dg4dJPo3oEyfanpeRbEw4il/XJOCrb/401z/3f/qMR7Afnr7lMvTtEo1hvTqeMi5e+XIJnnx3EUaTMXXrlcPxIY2T9at3kQygezZQG3i64pe3H8Aoet2SHcxGDRvhb32zDEs37MGuzfvpt+i6+TepTp589Do8dtOl/3IYJE3TeA9T4PAJZxsmJ2eZBQ8PNFZEZRXk4fyC75ZtIeGZrrzbTC51bAMJGk7m8PZo3OLhk4D5u1zJu+lHnYN5ijrDq+Q1pZN1SmaVWSCwJVdTS1ZbjrDSalhhcUe1DBh+kPARf+n7OtIgZ7I5ZESdxpE+zx2XhTB/D8j7JFNKWHgm+m/NjsNIOJJGgzAfcKFOxgqWBHsx3TdnaG2iwdOQSupoWfz9JCjCSbi5KBmaHMph75A7MJ9sXB8eQLtYMJKlLpSzC90bXQdfE9/XS6TkeTDVhwenEHCkkGzp3uZ885f5+jiEygOJBSXV86ffL8f3y7Yqnzozr85dik9/WmtWnFwnLO34++j32cK3rDV68r1FeP69H/EneQFGvlZuD37w71Odfj5/BVbQPTVMzGFvja+rX3yMUvJvirl9qQ7YM46LChFl7DUaWXE4OwiFuIcEsmVgi+sjuB/Mpfvdn5ghntfn8TkL8cYnv5j7FtcNXyvfG10v13+IYhEXU98to+/sQcYMhxQtcGSC+xF7HTwv3BTcv9krXrougSz0TOpTdH02VGd8rSSgyun35i74WxiKFtjrKOR+KsYPvZ+VI18j929WfjS2PNqZ66EhieR5ibA59ynxWfoO7u+s7Lh/0Hew99s3PlpENMT1UH1xSPGzxdzO1Gd43FAb2lM527fcbtvIsBDXzN/LSo+uL4kU06tz/8DKbYeUX/+Haqqft77+U2S48n2KvkP3UUdjYSN5TfOpDx5KzqSfr4UnCX72Si0sI0H94OvfoZzqToxtNkb43um6fvhjE54gI4VUj/Luf8ORHfaO2bhyEYqqcdgW43bnJJMQun/2ljPJ2KAKE1EeNjyEvGBjke+brtVE4+Cnv3fiy9/Wi+9gKkjGHU/PE9cYQb/pLPoS256lInL0Ahkuf23ca5YnrKT5darLUqrjz75bjuc/+tk8fuvBp6CzweVNhtZrXy0Vcsfc/nQ/St+Z+/tGrOL6VeBDuH9ZtRPfUh2xNyjan2UH9xmqLh57Z0pykjSAPbym2HvshOm7PzbR3zSlxGSiDm1KycwzeQy924TgCSZ0vd6061CK8qrJFHzRAyZETTZ99dt6peTfvDt/OX32clPHK58wrdt1RJSh100mxF5jWrIuwVRSVinKqEFNadn5psS0bPHcwsLl20wIv4JM92tMJAxMtQaD8oqZN77+w4Qu15vQ4wYToq82DZjxoom8GlNWXrGJBrWJBKqptLzK9PnPa02b9x4z5RSUiM+RIBZ/l6zbTfdwlQkRV5pWbT9oyisqFeXM7sOppnaXPWIKG3WfUmKG7+mS+940IfAyU/TljyilZmggiGsmZWki70ApNZmSTuSYPliw0uQ9+E7T/z7/zVRQXKa8YjJ98tMqc510nUH3eqXp5uc/M20/kCyum0k4kmp6+I3vTQ59bzEh5moTCbt/1UN9pj39scmWvy/+OlEvW/YmmmhQnryeY2k5plylHsbNnG1C5+tMkeMfNg256SXT2p3mNmLI4jSRJ2vypGvmdo6/6inTnqOp4rWt+5JMEx54m9rlWir7p880ZH/iCXEdX/36Tx+JveIJk9PA203oTdcYOdn06eI1ol9Z6j6R2s1rOPU56iO+I+8RZaTIBMPpGtGOrmXSE6YPF/4tro/h+uS+RIpJPCejwrRm+2ETwiaa3pu/QvRlC870uw69bjZ9s3STUvJvtu5NMrkNuI2ub5JpyM3/Z3ruo8UmEsaiP5GiFdf76ldLTV5DqG563mh68+s/TfsS05VPm0zlldWm939YaUL3GaaISx5WSs+exau2m9B+iqifpesTlNJ/mD2P+j3Vj+g31P/H3v26aTX13yOpWTSOCpR3mUwf/bjK9NfmfabCknLxvFjpA0+9+6O5f1Afnr9siyjj8fXch4tN7UbdS9853TT8hllizPJnuT75/rlvh49/yIRu1Fc7TTWNvet1Ufc/rdxu6n/102RtkJyImybGDmPpp39t2mfypX5k0/Mm0yBqw6Z4/O0FNKYeNd3/2jdiLDXEQBY2Xyf3u5BxD5l+XrVTlP+6ZpcY/6Dv5/qY9/sG0S/Tssx1sZf+TZ4jtQfJibArTOShivIt1I8ffnO+CaFX0HvzxfczLv1vJZkwyTwuqP353i2yg/vp/9EY9uBxQeOrC923hWUb94m2QOdpVL/TaXy9bvr0p9WmCuoPDHnApiffXSiuIYK++/Wv/hDlUZc+YnLsT/2N2vzWF7442U4Myw5L+0nOntOaB/HRoZg2fiC6tg9XStggsUckWXD+Xuy9meBAXhqHMjgEl0sWZhFZ0Gw5NRbKtEANRV/kSN8bhr6d2wnXXUCWZnlllTBgGQ4nhgf6IqZBeMWDrCVPss679ugAN/p9ntupTy2HCOja2KLt0DUa3718F7rQb3GCS3Sov/As3MhSuuWKYRjQtT0ClPk8tu6Z9hHkKbJV7O6KPUdPmD0Sgr3F9buPICUjDxeP6CnKLPA9CeuMLDiL12qBr/Hqi/oKz7L+/Gd0WICwzKMiAkUdcrjUwrZ9x83/qK3FqHED8MZDU9GH6ornRRkO047p3xleHNolS5NDLdwGTbHoh5XC0+nfJw5/fPio+F32xizXw/OgNKzx86odWLZmN1yofR+aMQ4LXrsHw3p1EO9hONzSOy4KF3H4hyxbnnPbtCdJvLYh4ajZsqe6Y++3MdiY3bw3Ce5U53XsgSkkHjyOara+q2ox8cphuP7SQWJ+lOe1mBhqtzH9u8CNLPeCQvJkBCb8snoX1lK9T548EnMenyHCRXx9DM+pcF+xeHLsgazcxiFIkjsxocI65jrjeceqnCL4+XtSvz41hG3hd/Lo3vlhOcrJg7Shvr3g1Zl48pbLhVfM/cnH01Vc7y0ThuKSYdQ3qA54rd0G8n4ssBe/ajt5T+QRcp84VxYt32H2dum7R/aNU0r/YTNHJNhr4EqmfvPj7HsxpGdHseyhfnvcSXU1dkCXk6Ewnsdipo7rz52cvAgn8kBSRRmPzc/J+zlO3vWMSSPx9pM3YGjPDifn0vj+Lx/eAzfTfQuPh9ovJiJAeDIvfPortu4+imEkQ755476T6/Is45V3lLloWHc4kMfCY6opdh1NQzF5T5NG9Wm03tir50gUX7sf/W60ssRj4+5jwntmudKzawxmXDZYTMGEB5nrgsffTROHmT0+uqYT2YWinD2xzXvosz4kf3iumuQRj4vK0krYUP/7z42XiPbne7fIDu6nLE8uGtRFeNWpmfminBHjIr8EznRtnagO5s26A7dNGgEXZTqBF7TPuHSw8Hx57jEly1wXpRWV1Ix0bXRfpNBPthPD1y5DmefOaRUeJzFw/PxYWrZY98bzOT/9vQM/k5Dhckuoid/HyoA7LSlRlkOnzdLiuUEf6pTcWVgJnIQ65oJlW4VwaQqewObf8fL2EHOIjZHO83E1BpHFdsXovo0uG+B1VizsyIITE8F/btyLxat2YtHK7WJi++S90fsswRZOpEjNLAC5FoimQVEfvqcqEv7+kSxcTk1c4N/ibaR2kxDZsi8Rv5JCEfVIv7eeBirH6bkO+bcsFJeT8Gfoc1dd3L/RCXEWOHb8GRok/O+mwkKJabmope+xsbPFxSRkRpLSayxBhRM4NvMcB712Eb2P50KbakcW7hzO4WQiTmJgOOxSzKG2GmOTE/A8ec+ChbMTLW3P7UBmv2h/FxrUY4d0O7mYvz4conZho4QMKp7kZ0OEl6ZwW3EdsTBrKqGB4SQLfrBCYIHB7cIhuDRqUw4xcrgskIyixuBEI1E39D5fMhS4XhpbnM6hM6FwaQxwKI7n+yzwmBEZmkTDueGzgRNEbMnI8KFr54SehvCWXiKuR9cY3yVGGCeNJcEwOQWlYleUZZv2ifHMC8bX7TpsVpjU/jyOed6OE2RyWHjbUx2P6YN2ijKpD9eDGIvUfjYkxHt3ihI9MZHn2+m5K10HKwdWohxKJU8Y5O2Jf/MUgRAZZrHRKIfoc+Vk0HH7cJs1pJSMZKFg6L69qf9YlBAbY+JLqY3HDOgsyurDL7nwnBhD9cYGMUOelJAL0WQkM2wYbUggBUgyjr+7O91rY+PCi/p8Txoz/MU8LixwMlZZVTWiw4NwMRmKliS3+jhxf6dr4NvjZC+Gv0skp1CbcN1ZFLLk/GlS4a2hwcAT81MenIPrnvoY1z7xIa557ANMf/pjTHvyQ7MlT9YWd8C4dqFiMC9dn0B9gntuHZU1PifBWXPb9h9Hj24xiCXPhuFBefnwngikzyz6cTXumvWl2EmiMf4mC3nl1oMIpo43flA3pfQfeB5j54EU+NAAmzSmNx69cbzyyqm8+c0yXHXfW2KS/fqnP8GUx97HdfTvGc98gnte+ZrcMhKs1AE7R4ectKx4noeVP1vofeLbiTILfE+cHDCAPMo4+owFHtAr6HqvfeQ98d3T6Df4t/g3uV557pIz1oaQt9qpXp0lncgTQiOoXTBuamKNISf6VLGiIDhBwJGt2UZYtYM8TxJKrDDYyuW/jcHJBX+s3ysG2BsPTkX/Bp5qfdi7FBYpedM1ihBngyGZBFlk56iTc4ENWbvjsJhLYW+6H3mZTE4BKSGel6D6vWPKKJEl2Ri7D6egjO7Zx9dDCAj2qFlg25BAuoqsf4vAagr2gHby3AlZ82xVs9JnxcmZoCwsee61qTWVPJd5jIUevZ8TlZqClfhFnKxCw6CcBCcrVAu+5DXvSDhC12sjoifnAht6h1Oz4E6e5KiRvZTSU9mneHjONC5n3XOVUvoPWeRlzFuyEZPufwvXUh/kvshjeiqNbe6bD87+nkM4bKGJuVU2ZJasTUANzxW5OmECjdHGvAqWARx9YE+kA9UNjw2eXyrLo3alfsdtfssLn+Oaxz/A9dTn+feupX/z7y+leq0lhWVZalGfajJa2UBIJYO0mv7yxg6NwVGKTWRIoroa/Wn88e45zLL1u6lBHGBP7fr0rRNEWX14PItdYXgOts4oks8y84uEMcp1NbK3ebkTG7p/Uj/jth/cPfZkv20Ie2yclMLa2yCiTGa475xIycKtVwzFc3dcoZSeCidTsbxxJUPGkpTz4VM3kPy6RCQJHtp2iOrwC7PilZw3jUolXhi7khqYrb6lpIC2rd8jOgcLfrYaOZWeLTIWEjyywwK9hUXOiRv8WQdy75uytDPzSoT1E0AWbiyHDgkeMGw9jh7cDY7U6YpJqP1KVien/zfcTeIYDXpWtu4uzuhUL+nAAlvUPOkcQ51mYNf28HQ91dNgy5Xv5ZfVO/HrgpXYSJ07gTw6tqo83Z3F/XEasrhBsug41GdJQuGkGQ7bMlEhp1q6IunB3lYsRueJboaF3Z8b9+Gvtbvwx09rSCAlCSuNByiHJkV4krQaT5yzsK5fZ4VKVmQHUh6NWfMMb3JcTQrVgYSg8ETp0Ric0s1CjJUQW9psuTcGJy1wqjV/T4eooNOG3TJy6Tu5begnA0jZ8r3mUnuxYOrQhOfNsMfAv8P1HKRYuiJkzEKH7uei/l3+1WYMe4Hcv6pIEMXGhCEzt0hsscWQ/iAF+G9vqyHcN1JJsDjWs7BrSEhzwgx/CSuk+iHn+ggDj4wLF1K2HNJvCq5bEWEgHEgAsjK2wAqkPIdeo/oVyT3nAHumFWRQsVETpfSv+nCEpY76gjPdQ0cynBoureF+v4wM0j9oLP9M/X41GZT5ZHyy0jf3R2fh8QioP3IYmJOERN+hVzjBjN/bWA/j7+bkK842jCdjj8cse7es7BgeN7yciDNOedmE5ZF0Ild4h57eHlT3/64PXhIgFAGPC1IGvMyiMXjscXTBlWRHiL+PuE6+pny6Bke6rwgyrBuLkLAc4gxtcVP0fv5cCl0nL6viMWBJ/bej8jzyiF3p99lQampc8JQBLxGxVCQ/Z6WdR0q0mgwAznxtqt25Pvga2BDsEGmWa9wGo/rFYWCPWBE5Wk4ya+na3WJahQ01ybnTqMLj9TmzXv0Wh8ka7jeuP667bizmzbpdxK3nv3I3Vn3yuPmDNJhD/b1F/Jqtr1wSlnU08GK7xYrvaYzk9ByhyOKjwzGq3jwELx9448Fr8cZj1+HKiUOx8Nd1mPyf90Q6bn227EtGKnXIgeQhcvpvQ47RIM0rKReWGKeWN1SYvJZtzvd/Ye2m/Ygd0g3XTh2L+2+7HN//7y5xbz+9cR9ef+haeqcNXEiRtAsNOBl6YyG9n2P7NEDqZ/gxPMfAgmxEn07CW2M27UnE5AfewutvfI/+F/fD0/dejY+fuUnU4w+v3o3f5jyIO68aJTLHikrNYUELFdShedyM7NmxUctWZIuSEKwiQRypzFk1hVjmQYKSFScP1sbCXPxbbNXyXx74Yp71NPy0aocQQqxohg7sItZdsufE9IxtfA9FNoY27T2GbeTxcv2xkGXEXxZq9F08wMOUOZb67D2WZg6j0xWyB3g0LUusa+I1VyycOCx8Onj+jPtnDnmJ8eQFWGBhz98TSEq6PxlITSG6Ef1OPPUrb+oXTcGKZ9FKqht6b+eYUBob/whaHleoNgjdzv3zXNh9OE0Icc4K7t/l3xmwYsE3KY84EpY3kBfPYbj6sFK/6fZXMf/ntfCPj8HEq0fhE+qL3/7fndQX7xL9ked1uQPYujiiP40vDqMlZ5JRQWUcrmsKbpc/eJwaanEpjTlepsRRCzYY+d+8RGAOjetPnrkZnz57i3h8Ro93H5+ON/8zFa/cfzXefHjqv5QpG0Jb2GvlfkXK1JJp25Af/tqKnQdTMGRkb9gpRqMwQKmuQsjbmzyqtyhriBtdG2ddUmWJ/VN5qQrPBR48nin66pUj+oj3sQFDVY8uPWPh5tq48cnwfOdiXupBVS8MMLohzhg38fWTwWbp743B0QtX6vcc5RlCCs4ChzU/f/ZmzHv9HlEP/3v1Gwyb/gKe+/hn5R2Sc+Hfko+4//VvRSfo2CECv7/zED56+kZMHt1HCHN22avJAmRrMjw2DIN7moU7d8zDyZlCCDa10eqOA8n4kTpEGXlJPNHdcC0Vx8Vvv3IEvqFByN+zizrBrc9/obxqhhelp1LnDgnwaVRws1LKIsufd53nifqG1tgXP6/DO9+vgLuPO5bQvX3+/C2YNXMyxg3uKtYT8YQ8h2N86FoG11t8LEJKNBAKUjJZltFg/GduhsknJewe5k/34CMSJXje7HMSLmwUkFmHZR88gidvuQw3kzLnhANWiuyl8EJ4DgU1DAHz4nJOh+YwUmMLY5duSDAnKRjJwz7j1lQ0WmnEWhQnC86GsLDxII/TxvzW0y6iZZb8tU14ZOzp1tFg5jkZ8UF6dKV+0Rjbqd3W7TwKEympCGUOlK+EPT4HEiRxpNybsp43JiSKNmDBwXOQbD3Xv48zLdplz1IsZyDvvWPEP8bKQeqzbAT1IiHT2PyUBW5zvlj2ek63WDqvsAw/L90ovP1JJIBFqE+BkxfYk+TVF5Zxc7bwmkhOaGAPg093aIhYHkLjgecgJ4zoSQaFOXpiYRkZeOC5Lfr9ha/NxHdk3N1w+RBcOrQ71Wdn0fd5UwFHMu560hg3K0yzp8Q331Q4keH3fkdKh99/+bAeInLDXhF7xBy1uJ4U8H3XXoTbJg3HrVcMEw9O8LjnmjHC4LubFOJl9LmGmOe9T4j74spvrE+yB/XavD+EF9mZxlBvnlsmhAFK18VLNpraiekAtT2H13lzhL50/0xhSQU2kUHGEYWwIG/RPz1JpnD78+L8hkuO6sMG6JLlNC4cHMQcMfdXkcjGdUhtx0l6jcHh3APUN3v27iTkQP15XyY+JgxjB8Tj1UemmUP/JBc+/VHfDfMvFBpVeGJylDpZOxJK1dRpWYkw7Jnxgsm+k59kDYDuseGYOm6AeI0Fjsi2pE62ffshs2tfj09+WoO+Vz2NuV8uFY3PA4E7BFuHRZZFzUR1be1JoceDzRJ+Y0+NOxxPABtI2fh7n9r52YLfcei4WMBcyxlRPBfRCLlFJUI4cNKELV0r/xZfO4fyOHHligfexn9fnieUr+XeGF5wy/dOJiRMpGTqz2WwdWkoKUM0WdchSnYqe0is0Ng1cCUByQLacl8cJhp1wyxMemgOfvl1vVB4vTubvTQODXJIpbagFNPG9xf13xjf/UlWLc9HGQ1iIvx0XDqilwhTcQjnvte+aXIeYCK9b9KYPmTMVIu5Hd5dh4Ugw83AiQ6zv/4Tfac/jxIqH3/5YLz+4DUiA5ZDwuzd82DnNrB4XJbBe+l9b2LCzNnI5e+jur9qtNnq5j6wmDwiDpNPuagvOQWneuQWDpDA5+3c/MgL4UX4g7p3ENmGkcH+5FgYxXwzezFmL/AfRJIKwddxlMNj9DuT6R4tfPzjKqrvIowf2FV4Rk1x9di+iKTfLUrNxocL/hb9m7M7LfBc04AZLyJsxD0o5nAvtdtzd15JXuM/3thX81fCq304hvfuILyJc2Hl2gS6z1rE0+ctmav1BSPvWGRP/fiasf2F9yySIOohEot4jpckN4fqHJUQMI8rzkS+86WvkJqeJ6IZE0gJ8ljmzOIbSSmygM2jPvvt0k1C6VpgZTPz5a8xiPpDKn1HD/Kk+FUee+zp2bi7ori4DPeSV/IB1ZkylE+Bd4ARRl8jcKRBjGP+TRpDleS1WSI27NFOefR9RIx7ENlkMHG/ueWKoWLBN8PRDBsyOoaQYcFKuDEWkpLOpvtihT2qbydRn7+v240KDpWTR+lAHhXbOZxxOokM/kLqP7welg3NDA5NK7A84QhHu9H3oVQZ87MfulaMeZ5j5tv2CQ84GSJtCG8CwBnaw+hap1zcj2SL27/kJ4ezTxp49Lcxo1VyZhpVeBZvg+PKHKpIp8pnIcwJDW9/swyOPFipg3G4JjrUPFfAO4uL86Kok+ZTh+FOwQuIWeBwPP+d7/6CAykJe85uosHEE8SszLbsS8L6XUfpvSXi/WyFr9lxyByOIM9ldD+zl8WzB67ODuaGZqW6/7hQgPw53paJwx+cbcfzEjxAmgp/hAX6Cg+U03x/WbNTxP65s24iD+Kd75bj1yUb4UDXxuGH+p5qHn2v6IQ0iOxJWNRfCsHp7vybPCdnCXcF+nmYs7HIcKigz27ZmyTqgq+XM1430kBgD9WOrG578ggtISi2anlrLh40vONFoJJx1pDUrDzkkwHiRHXE84yng1PwHdydUUeD+Oe/d4nkIla6PFC57jhTlGGFOIK8B3uq+4W/r8eXpIzX7TwiQjo7yZjg5I43SOHtoDZzdnfBtHH9xY4iTHuyaB049EttxDvmsCDjet1NSpm98j/+3oEcqj9bFrSkGFlRMRw64h32ed6U5504oaMx2Atjb5aPXOL5NF5WwvUzVCyZMIkz2Ob+sk4cGcXtxAt7OXPvBGfqEbbUf0pJKdmRxV8/MSWTlBMbS8FUjxbDrjGGkkc+lBMSSGHm0/dzhiMbBKzo+D6/pX6zVYS7SUhTe4aT0uHwpgUWfjXktQeQBxbJ4+QcseONEei799B98dji3+X5LW6zyqpaUd/sefI87cllPvUQoVW+HvqOhcu3iuvneuLs0y8Wr8EnP6wQWbzcJ3melz00NgQ5G9eJ+yCN97dpDP+5fo/wcvmzvBsOZ8nuprHDConn5S3eL3tN4SxH6Fp2HDiOd+avwLb9SeK6+cFjgcfeJjK+isiragxuD7GUgcc8KbDf1+4WG13wb/N3cSJJLhnnDqRYmYggP6EkuU9xvXCom5VVfYO6Prx9IXuGbKzFRAQKA5Xrkscs96n6RsNIUoi8OUU2GVVf/rIea3cfUdqe6nB/MubxwnX6HGcZt48OQb+u0Sgnw5GnHphI6qtNwTKBjQeeG+YsUHs7GzHWeNyw3OW62kPtO3/ZFhGhYEO9qQx1yemxIQXyL1OBlx9MfvBtGKghSLKIjEd2u8tIQHYmC7NjbBj+WL4dH8y6Tax7ssBu+bSnPsLBo2morahGx7goEQrhXQccSY5dTlYSC8B9q3fiwJZPhUIIHfcQauhzUf3jhZLZz6nRJEBCB3TBM7dPwOQG2XdXPPQO1q1LQCEpLDfqHLzuJjMjF8f+fAvvLVgp5kn2rdyO6qzfGg09sTXLguquxz+gZzZwCfQWnSyVLHdONulAHZOVAQvSj5++0fwh4sOFf+OJ2d+jnIRjt46R2DX/BeUVYOb/5uHDOQtw892TRYjUIrK500576mMcY4VIHg9vccX1kUb3ezXVWxpZtgeOpaED1emOr58Vn9lDdcdh1zmzv8OhLZ+J7MuGIU0Otzj0vAk0GnDlLZeJDEUOG52Oe1/7Fqu37Mf+Q6kcj0UYXQsLlEwyRsromvgsNgsPvfE93p73J41EsmLpZkJJqfEuEqWppIipTl3JaHjt4am47YphJBT+qeNH3voB6xOOYsuWA3CjtuWwzj66H1Dd9hs/EAFkhCwnIVVbUAzTsYXKpwD/oXcjKipIhJjZEGqMjlc+gaMknK+5ahTef3KGSOtnwc5JJ5w1/NuSTexWwykmTMwB5uSVIIT67YdPzRDhuifeXYjX/+8rhJIHMPfF28Q6NMar/20oIcs+ccWcM556wXOyD735PXmpRUgiQwD0OzERQULIHiNF4MK7t7QLxi2ThmNk705iraQFNiwi+tyCgeRd3k6v33LFP+PmbOD+N5O3g+NlHyREY6h/Xja0hwiR15Ii+3bJZnxKimvdF08KJWUxoCxwBu6gqc+KfVNJCou1hJw0xHtMejo6Iq5juDDK2Dha9v5/Tu6Vyl7Pu6SsfiTjJ4GzWYvKEdG/s1Ake8lw6j2yl1j+s4YU/p0zJ2M29QvL/rA/kuf+6U9rsHzzXtQVlsGOfo+NYlbKHMlI2bgPdz92HT548gbx/oaw4uK+Puau15FMxnc6eUIh1G85THmIFGUc9cv49qFYS3WfR9e159dX0Y0UAWdS/0oe8X+ozy/76FHh5TUWKvfoe6vw0ruQ5/77Ow9iK93/HVTHxdxnyUAw7v9OtK2FATfOEkbb8Z0cmgZi+saRfU9tz32B5FGvi/vjtskjhdHIUY/3SR69NvcPkSg1ldrp+5fvUr7pVN77YSXue/FLHFoyG52UDM32Ex9DEo2bQDLE/H3cxc4vFfTb8V2i0b1zO9x77RhxX5Jzo1EPj+P6key58RoVEmiFJCDLSioRGxuB6ycOEy53ZEyIebskBdab3FiXDOmGCBYcZOkfSckkK5saitN5e8eJ172ps7IXaPGQxOAgyyaFlNZ+Ev5UQKZaALqRUmVlF+B7qofDYaw+1NH4uspp8KeStckhTPYM2OLiDE22BpuaZ+E4+jgOAfLr5PVUkmJOFdl+NphEHfZkWIvuh8OcFnj+oISUQzAJUcv8kwWRwUevcyev75/0po7J4TdPL7JA6b44pJaWkU+WoiPumjxChF1K2eqnz1rgEKbIBKX6YUXf2PwdCwI7ql/eZi3QW/Ekz8DVZGxM5DAiKygSdul0L7z5dDHVnXODuuLU6UD2xNlLDvBCRk4BSjkkxllyZE23J2v4cuojlrCYhZlTRolwmB3VK2+xJZQdh6PCA3Er3W9PUgB87c71zkrjfsPZdLwVnfCgm0CEOslrYK/Dsv6Nw+KuVAdP3nyZud+QcOAtsJJ4Oy7qmyz8WImxp8Wb/HKbc+o4r9WywG3KXsjpftsCLzm5/pJBGMchMqoXjlXx2rhjJJjIFRcbJFx1UV9cMbzXKZs1MCKrjuqLT2WwZCefC5NH9yXvkH6Txwv1C75HVk7ch3gpDm/4wMZHANVjY7mUrGj69eoEO/I+4eUOE9VJFrWribz+0TRm76BxxYqIU/o5omPBi9qbM6hnTBkt2h5h/mKN2t4jqbChccshxJF9OgoPUGx+XU/R8vKMF++eZN6o3cMVRqrnRFJGR45nmheakxfMKf9NZRyyJ8Pe1/1Tx6A7z83RfWfmFuIQe/tUD9fSeOV9WPM4IkK3bNmUgeuDo0W2DnYiQsLf0xhlfP4h1QMbSBzWZmNU9DMyBB2pneorO+b6SwbiYqorMS6or3EbiLbn8Ufj5Zpx/ckI6Y7OypIT9szYsxfZ2/WSlxrCmxZwCJy9OQuWZQ059B0HyKutoP5rQ++7jAwMXqrAfVty7jTq4TEcQuL4OS9N4D3deJ6IEzqYr8h9547KlmTDXUUYDif9TF4cCzcOW7KV9tB1F5PrnyTc9/1J6Xjz4Wnivbzej7sV70DBgol/kzOVrh7TV7zeGDyPN2/JBpioM/GcQ8fIYBFjf+u7v8Q6vxA/b8y8hgboaeBwF6+34bkmDj0M6BKDyfSbnIzCIQvutJwcYFE4C5ZvFRsUswDlyfERrHQVeG88FsRdSAANa2QTZ96xft3uI6Lzh9HA4MQW3iSWQ0tcV7yr/JSx/cR7OVX7z417xBzFf2+fKMoawkrx1blLxAQ7z7FwujMnypwNvME1CwS+Hg75sJcXHeIvNq+uD3vltdRuvEh43a4j4vvD6Lo5IYI9YBa2TbGZPKHf1u0WRg39hJi7uHPyKPrtZCpPENlxvLExw/sTvvLF77iEBAUvWG4qbZv3AOUw9LUkVBoqE4Z3quFdKX5buwsVpPRY+PHuFRye4zAx90dOguJw/XRSWiwEuR7emb9c1AMLTsuC5TPBhhXP2/IaLg6ls6d5Pf0W93c2ehqDw2XvLlgh1o6ezUbfjcFe9rzfNwpDk8fKA9PGijbikPoBGlMcnrt/6ljl3f+GN0fgBCMOBRaUlJl3OaLvuXxYTzE39tJnv4m+zUqM96KsD8uAZRv2iqxNbgc2NnrHtROeEwtzTtDiOWC+t4bJZLzHLHvkHJLjvsv1xdmx/N7GTlRoCg6xHyfDmCUWp+8/csMlQp68Mvd3cR3cp3gc7iVDi6dG+GDop265XLRv/U0dGA41PvvRYnGtlw/rJcbuduqfvL8ue6wcnr35imHKu/+BlRjLHQ6d88J5vhdeHjWwW+y/EoUW/LVVzE+WV9YII3twvexLC5wvwclMPGXw1M0ThPfKcJ9lGcc7KHG/5uvk6R1zCF9yvjSp8CQSiUQiuZBo3NeXSCQSieQCQyo8iUQikVgFUuFJJBKJxCqQCk8ikUgkVoFUeBKJRCKxCqTCk0gkEolVIBWeRCKRSKwCqfAkEolEYhVIhSeRSCQSq0AqPIlEIpFYBVLhSSQSicQqkApPIpFIJFaBVHgSiUQisQqkwpNIJBKJVSAVnkQikUisAqnwJBKJRGIVSIUnkUgkEqtAKjyJRCKRWAVS4UkkEonEKpAKTyKRSCRWgVR4EolEIrEKpMKTSCQSiVUgFZ5EIpFIrAKp8CQSiURiFUiFJ5FIJBKrQCo8iUQikVgFUuFJJBKJxCqQCk8ikUgkVoFUeBKJRCKxCqTCk0gkEolVIBWeRCKRSKwCqfAkEolEYhVIhSeRSCQSq0AqPIlEIpFYBVLhSSQSicQqkApPIpFIJFaBVHgSiUQisQqkwpNIJBKJVSAVnkQikUisAqnwJBKJRGIVSIUnkUgkEqtAKjyJRCKRWAHA/wPT8XpS4/YuWgAAAABJRU5ErkJggg=="><br></li><li><font color="#4986e7">Sed ut perspiciatis unde omnis iste natus error sit voluptatem accusantium doloremque laudantium, totam rem aperiam, eaque ipsa quae ab illo inventore veritatis et quasi architecto beatae vitae dicta sunt explicabo. Nemo enim ipsam voluptatem quia voluptas sit aspernatur aut odit aut fugit, sed quia consequuntur magni dolores eos qui ratione voluptatem sequi nesciunt. Neque porro quisquam est, qui dolorem ipsum quia dolor sit amet, consectetur, adipisci velit, sed quia non numquam eius modi tempora incidunt ut labore et dolore magnam aliquam quaerat voluptatem. Ut enim ad minima veniam, quis nostrum exercitationem ullam corporis suscipit laboriosam, nisi ut aliquid ex ea commodi consequatur? Quis autem vel eum iure reprehenderit qui in ea voluptate velit esse quam nihil molestiae consequatur, vel illum qui dolorem eum fugiat quo voluptas nulla pariatur? ,</font><br></li></ol>', '2017-09-28 00:20:53', 19, 'Le Truc de Hier', '59cc3255e95e2.png', '2017-09-28 01:20:53', 'Sed ut perspiciatis unde omnis iste natus error sit voluptatem accusantium doloremque laudantium, totam rem aperiam, eaque ipsa quae ab ...');

-- --------------------------------------------------------

--
-- Structure de la table `categorie_article`
--

CREATE TABLE IF NOT EXISTS `categorie_article` (
  `id` int(11) NOT NULL AUTO_INCREMENT,
  `LibelleCat` varchar(255) COLLATE utf8_unicode_ci NOT NULL,
  `image_name` varchar(255) COLLATE utf8_unicode_ci NOT NULL,
  `updated_at` datetime NOT NULL,
  PRIMARY KEY (`id`)
) ENGINE=InnoDB  DEFAULT CHARSET=utf8 COLLATE=utf8_unicode_ci AUTO_INCREMENT=4 ;

--
-- Contenu de la table `categorie_article`
--

INSERT INTO `categorie_article` (`id`, `LibelleCat`, `image_name`, `updated_at`) VALUES
(3, 'automobile', '59c850f55397e.jpg', '2017-09-28 01:20:53');

-- --------------------------------------------------------

--
-- Structure de la table `image_annonce`
--

CREATE TABLE IF NOT EXISTS `image_annonce` (
  `id` int(11) NOT NULL AUTO_INCREMENT,
  `annonce_id` int(11) DEFAULT NULL,
  `image_name` varchar(255) COLLATE utf8_unicode_ci NOT NULL,
  `updated_at` datetime NOT NULL,
  PRIMARY KEY (`id`),
  KEY `IDX_6345C4398805AB2F` (`annonce_id`)
) ENGINE=InnoDB  DEFAULT CHARSET=utf8 COLLATE=utf8_unicode_ci AUTO_INCREMENT=27 ;

--
-- Contenu de la table `image_annonce`
--

INSERT INTO `image_annonce` (`id`, `annonce_id`, `image_name`, `updated_at`) VALUES
(23, 13, '59c96446b2ff7.jpg', '2017-09-25 22:17:10'),
(24, 13, '59c96446b4d29.JPG', '2017-09-25 22:17:10'),
(26, 15, '59c966d78f2e2.jpg', '2017-09-25 22:28:07');

-- --------------------------------------------------------

--
-- Structure de la table `image_neuf`
--

CREATE TABLE IF NOT EXISTS `image_neuf` (
  `id` int(11) NOT NULL AUTO_INCREMENT,
  `vehiculeneuf` int(11) DEFAULT NULL,
  `image_name` varchar(255) COLLATE utf8_unicode_ci NOT NULL,
  `updated_at` datetime NOT NULL,
  `typeimage` varchar(20) COLLATE utf8_unicode_ci NOT NULL,
  PRIMARY KEY (`id`),
  KEY `IDX_B002F5A7E7D0497` (`vehiculeneuf`)
) ENGINE=InnoDB  DEFAULT CHARSET=utf8 COLLATE=utf8_unicode_ci AUTO_INCREMENT=9 ;

--
-- Contenu de la table `image_neuf`
--

INSERT INTO `image_neuf` (`id`, `vehiculeneuf`, `image_name`, `updated_at`, `typeimage`) VALUES
(1, 2, '59c83761b72cf.jpg', '2017-09-25 00:53:21', 'interieur'),
(2, 2, '59c83761b8ed4.jpg', '2017-09-25 00:53:21', 'exterieur'),
(3, 2, '59c83761bada5.jpg', '2017-09-25 00:53:21', 'interieur'),
(4, 2, '59c83761bc57b.jpg', '2017-09-25 00:53:21', 'interieur'),
(5, 2, '59c83761bdceb.jpg', '2017-09-25 00:53:21', 'interieur'),
(6, 2, '59c83761bf6ad.jpg', '2017-09-25 00:53:21', 'exterieur'),
(7, 2, '59c83761c0e9d.jpg', '2017-09-25 00:53:21', 'exterieur'),
(8, 2, '59c83761c2659.jpg', '2017-09-25 00:53:21', 'exterieur');

-- --------------------------------------------------------

--
-- Structure de la table `marque`
--

CREATE TABLE IF NOT EXISTS `marque` (
  `id` int(11) NOT NULL AUTO_INCREMENT,
  `libelle` varchar(255) COLLATE utf8_unicode_ci NOT NULL,
  `image_name` varchar(255) COLLATE utf8_unicode_ci DEFAULT NULL,
  `updated_at` datetime DEFAULT NULL,
  PRIMARY KEY (`id`)
) ENGINE=InnoDB  DEFAULT CHARSET=utf8 COLLATE=utf8_unicode_ci AUTO_INCREMENT=12 ;

--
-- Contenu de la table `marque`
--

INSERT INTO `marque` (`id`, `libelle`, `image_name`, `updated_at`) VALUES
(9, 'Ford ', '59c9623800cc9.png', '2017-09-25 22:28:07'),
(10, 'bmw', '59c96d32004d2.png', '2017-09-25 22:55:14'),
(11, 'Alfa Romeo', '59ceec8f3c052.png', '2017-09-30 03:18:21');

-- --------------------------------------------------------

--
-- Structure de la table `modele`
--

CREATE TABLE IF NOT EXISTS `modele` (
  `id` int(11) NOT NULL AUTO_INCREMENT,
  `marque` int(11) DEFAULT NULL,
  `libelle` varchar(255) COLLATE utf8_unicode_ci NOT NULL,
  `vehicule_neuf_id` int(11) DEFAULT NULL,
  `image_name` varchar(255) COLLATE utf8_unicode_ci DEFAULT NULL,
  `updated_at` datetime DEFAULT NULL,
  PRIMARY KEY (`id`),
  UNIQUE KEY `UNIQ_100285589348D84C` (`vehicule_neuf_id`),
  KEY `IDX_100285585A6F91CE` (`marque`)
) ENGINE=InnoDB  DEFAULT CHARSET=utf8 COLLATE=utf8_unicode_ci AUTO_INCREMENT=10 ;

--
-- Contenu de la table `modele`
--

INSERT INTO `modele` (`id`, `marque`, `libelle`, `vehicule_neuf_id`, `image_name`, `updated_at`) VALUES
(6, 9, 'fiesta', NULL, '59c9627ce31e8.png', '2017-09-25 22:17:10'),
(7, 9, 'ranger', NULL, '59c9630c60d27.png', '2017-09-25 22:28:07'),
(9, 11, 'Mito', 2, '59cef0ddde85c.png', '2017-09-30 03:18:21');

-- --------------------------------------------------------

--
-- Structure de la table `piece`
--

CREATE TABLE IF NOT EXISTS `piece` (
  `id` int(11) NOT NULL AUTO_INCREMENT,
  `annonce_id` int(11) DEFAULT NULL,
  `libelle` varchar(255) COLLATE utf8_unicode_ci NOT NULL,
  PRIMARY KEY (`id`),
  UNIQUE KEY `UNIQ_44CA0B238805AB2F` (`annonce_id`)
) ENGINE=InnoDB DEFAULT CHARSET=utf8 COLLATE=utf8_unicode_ci AUTO_INCREMENT=1 ;

-- --------------------------------------------------------

--
-- Structure de la table `region`
--

CREATE TABLE IF NOT EXISTS `region` (
  `id` int(11) NOT NULL AUTO_INCREMENT,
  `nom` varchar(255) COLLATE utf8_unicode_ci NOT NULL,
  PRIMARY KEY (`id`)
) ENGINE=InnoDB  DEFAULT CHARSET=utf8 COLLATE=utf8_unicode_ci AUTO_INCREMENT=25 ;

--
-- Contenu de la table `region`
--

INSERT INTO `region` (`id`, `nom`) VALUES
(1, 'Ariana'),
(2, 'Ben Arous'),
(3, 'Bizerte'),
(4, 'Beja'),
(5, 'Gabes'),
(6, 'Gafsa'),
(7, 'Jendouba'),
(8, 'Kairouan'),
(9, 'Kasserine'),
(10, 'Kef'),
(11, 'Kebili'),
(12, 'La Manouba'),
(13, 'Mahdia'),
(14, 'Monastir'),
(15, 'Medenine'),
(16, 'Nabeul'),
(17, 'Sfax'),
(18, 'Sidi Bouzid'),
(19, 'Siliana'),
(20, 'Sousse'),
(21, 'Tataouine'),
(22, 'Tozeur'),
(23, 'Tunis'),
(24, 'Zaghouan');

-- --------------------------------------------------------

--
-- Structure de la table `sous_categorie`
--

CREATE TABLE IF NOT EXISTS `sous_categorie` (
  `id` int(11) NOT NULL AUTO_INCREMENT,
  `categorie` int(11) DEFAULT NULL,
  `LibelleSc` varchar(255) COLLATE utf8_unicode_ci NOT NULL,
  PRIMARY KEY (`id`),
  KEY `IDX_52743D7B497DD634` (`categorie`)
) ENGINE=InnoDB DEFAULT CHARSET=utf8 COLLATE=utf8_unicode_ci AUTO_INCREMENT=1 ;

-- --------------------------------------------------------

--
-- Structure de la table `type`
--

CREATE TABLE IF NOT EXISTS `type` (
  `id` int(11) NOT NULL AUTO_INCREMENT,
  `libelle` varchar(255) COLLATE utf8_unicode_ci NOT NULL,
  PRIMARY KEY (`id`)
) ENGINE=InnoDB  DEFAULT CHARSET=utf8 COLLATE=utf8_unicode_ci AUTO_INCREMENT=38 ;

--
-- Contenu de la table `type`
--

INSERT INTO `type` (`id`, `libelle`) VALUES
(31, 'Motos'),
(35, 'Voitures'),
(36, 'Piéces de rechange');

-- --------------------------------------------------------

--
-- Structure de la table `user`
--

CREATE TABLE IF NOT EXISTS `user` (
  `id` int(11) NOT NULL AUTO_INCREMENT,
  `username` varchar(180) COLLATE utf8_unicode_ci NOT NULL,
  `username_canonical` varchar(180) COLLATE utf8_unicode_ci NOT NULL,
  `email` varchar(180) COLLATE utf8_unicode_ci NOT NULL,
  `email_canonical` varchar(180) COLLATE utf8_unicode_ci NOT NULL,
  `enabled` tinyint(1) NOT NULL,
  `salt` varchar(255) COLLATE utf8_unicode_ci DEFAULT NULL,
  `password` varchar(255) COLLATE utf8_unicode_ci NOT NULL,
  `last_login` datetime DEFAULT NULL,
  `confirmation_token` varchar(180) COLLATE utf8_unicode_ci DEFAULT NULL,
  `password_requested_at` datetime DEFAULT NULL,
  `roles` longtext COLLATE utf8_unicode_ci NOT NULL COMMENT '(DC2Type:array)',
  `gendre` varchar(255) COLLATE utf8_unicode_ci NOT NULL,
  `nom` varchar(255) COLLATE utf8_unicode_ci NOT NULL,
  `prenom` varchar(255) COLLATE utf8_unicode_ci NOT NULL,
  `numtel` int(11) NOT NULL,
  `numvisible` tinyint(1) NOT NULL,
  `adresse` int(11) DEFAULT NULL,
  `region` int(11) DEFAULT NULL,
  `image_name` varchar(255) COLLATE utf8_unicode_ci DEFAULT NULL,
  `updated_at` datetime DEFAULT NULL,
  PRIMARY KEY (`id`),
  UNIQUE KEY `UNIQ_8D93D64992FC23A8` (`username_canonical`),
  UNIQUE KEY `UNIQ_8D93D649A0D96FBF` (`email_canonical`),
  UNIQUE KEY `UNIQ_8D93D649C05FB297` (`confirmation_token`),
  KEY `IDX_8D93D649C35F0816` (`adresse`),
  KEY `IDX_8D93D649F62F176` (`region`)
) ENGINE=InnoDB  DEFAULT CHARSET=utf8 COLLATE=utf8_unicode_ci AUTO_INCREMENT=30 ;

--
-- Contenu de la table `user`
--

INSERT INTO `user` (`id`, `username`, `username_canonical`, `email`, `email_canonical`, `enabled`, `salt`, `password`, `last_login`, `confirmation_token`, `password_requested_at`, `roles`, `gendre`, `nom`, `prenom`, `numtel`, `numvisible`, `adresse`, `region`, `image_name`, `updated_at`) VALUES
(19, 'admin', 'admin', 'admin@autoplus.tn', 'admin@autoplus.tn', 1, NULL, '$2y$13$3ptH0v.KxZiCDM2NHCjigOmE7BLZ5NzX5b645lFdRE2emtJpfv6KG', '2017-09-30 03:41:01', NULL, NULL, 'a:1:{i:0;s:10:"ROLE_ADMIN";}', 'homme', 'admin', 'admin', 0, 0, NULL, NULL, '', '0000-00-00 00:00:00'),
(28, 'mousmous', 'mousmous', 'belabed.medousama@gmail.com', 'belabed.medousama@gmail.com', 1, NULL, '$2y$13$6G5dKthO0Z6qKIcO9d2B9eDOZqI0385kcvX3WDAPDDUgsZ8MdH7/K', '2017-09-25 22:05:37', 'VwVveqSIbQt5gfaTJSUC0NQ9qPXlR9Ui9McbtFuTJR8', NULL, 'a:1:{i:0;s:8:"ROLE_PRO";}', 'homme', 'belabed', 'med oussama', 58141956, 1, 349, 23, NULL, NULL),
(29, 'masterx', 'masterx', 'belloumi007@hotmail.fr', 'belloumi007@hotmail.fr', 1, NULL, '$2y$13$.6rex8iQ8oDAuBYPtTJ/iOBcoYXPTWsPyouT1IQtC.rZUMLCeiNyS', '2017-09-25 22:39:14', NULL, NULL, 'a:1:{i:0;s:16:"ROLE_PARTICULIER";}', 'homme', 'belloumi', 'monta', 24188378, 0, 24, 2, NULL, NULL);

-- --------------------------------------------------------

--
-- Structure de la table `vehicule`
--

CREATE TABLE IF NOT EXISTS `vehicule` (
  `id` int(11) NOT NULL AUTO_INCREMENT,
  `annonce_id` int(11) DEFAULT NULL,
  `modele` int(11) DEFAULT NULL,
  `type` varchar(255) COLLATE utf8_unicode_ci NOT NULL,
  `nbrePlaces` int(11) DEFAULT NULL,
  `nbreCylindres` int(11) DEFAULT NULL,
  `energie` varchar(255) COLLATE utf8_unicode_ci NOT NULL,
  `puissance` int(11) NOT NULL,
  `TypeBoite` varchar(255) COLLATE utf8_unicode_ci NOT NULL,
  `dateMiseEnCirculation` date NOT NULL,
  `poids` int(11) DEFAULT NULL,
  `couleur` varchar(255) COLLATE utf8_unicode_ci DEFAULT NULL,
  PRIMARY KEY (`id`),
  UNIQUE KEY `UNIQ_292FFF1D8805AB2F` (`annonce_id`),
  KEY `IDX_292FFF1D10028558` (`modele`)
) ENGINE=InnoDB  DEFAULT CHARSET=utf8 COLLATE=utf8_unicode_ci AUTO_INCREMENT=10 ;

--
-- Contenu de la table `vehicule`
--

INSERT INTO `vehicule` (`id`, `annonce_id`, `modele`, `type`, `nbrePlaces`, `nbreCylindres`, `energie`, `puissance`, `TypeBoite`, `dateMiseEnCirculation`, `poids`, `couleur`) VALUES
(8, 13, NULL, 'Voitures', 3, NULL, 'essence', 5, 'manuel', '2012-02-01', 60, NULL),
(9, 15, NULL, 'Voitures', 6, NULL, 'diesel', 12, 'automatique', '2008-04-05', 300, NULL);

-- --------------------------------------------------------

--
-- Structure de la table `vehicule_neuf`
--

CREATE TABLE IF NOT EXISTS `vehicule_neuf` (
  `id` int(11) NOT NULL AUTO_INCREMENT,
  `marque` varchar(50) COLLATE utf8_unicode_ci NOT NULL,
  `modele` varchar(255) COLLATE utf8_unicode_ci NOT NULL,
  `nbporte` int(11) NOT NULL,
  `annee` int(11) NOT NULL,
  `carburant` varchar(50) COLLATE utf8_unicode_ci NOT NULL,
  `moteur` int(11) NOT NULL,
  `cvdin` int(11) NOT NULL,
  `transmission` varchar(20) COLLATE utf8_unicode_ci NOT NULL,
  `exterieur` varchar(50) COLLATE utf8_unicode_ci NOT NULL,
  `interieur` varchar(50) COLLATE utf8_unicode_ci NOT NULL,
  `prix` int(11) NOT NULL,
  `description` longtext COLLATE utf8_unicode_ci NOT NULL,
  `equipements` longtext COLLATE utf8_unicode_ci NOT NULL,
  PRIMARY KEY (`id`)
) ENGINE=InnoDB  DEFAULT CHARSET=utf8 COLLATE=utf8_unicode_ci AUTO_INCREMENT=3 ;

--
-- Contenu de la table `vehicule_neuf`
--

INSERT INTO `vehicule_neuf` (`id`, `marque`, `modele`, `nbporte`, `annee`, `carburant`, `moteur`, `cvdin`, `transmission`, `exterieur`, `interieur`, `prix`, `description`, `equipements`) VALUES
(2, 'Alfa Romeo', 'Mito', 4, 2015, 'Gaz', 1500, 1750, 'Auto', 'black', 'cuire', 55000, 'The Alfa Romeo MiTo (Type 955) is a three-door supermini officially introduced on June 19, 2008, at Castello Sforzesco in Milan, Italy[6] with an international introduction at the British Motor Show in 2008. The car was available in all Alfa''s major markets in stages from July.[7] The three-door hatchback is front-wheel drive and will be sold to compete with the MINI and the newer Audi A1.[8] Designed by Centro Stile Alfa Romeo, the design is believed to be inspired by the 8C Competizione.', '<li>Pompe a Eau</li>\r\n<li>Equipement 2 </li>');

-- --------------------------------------------------------

--
-- Structure de la table `version`
--

CREATE TABLE IF NOT EXISTS `version` (
  `id` int(11) NOT NULL AUTO_INCREMENT,
  `modele` int(11) DEFAULT NULL,
  `libelle` varchar(255) COLLATE utf8_unicode_ci NOT NULL,
  PRIMARY KEY (`id`),
  KEY `IDX_BF1CD3C310028558` (`modele`)
) ENGINE=InnoDB DEFAULT CHARSET=utf8 COLLATE=utf8_unicode_ci AUTO_INCREMENT=1 ;

-- --------------------------------------------------------

--
-- Structure de la table `ville`
--

CREATE TABLE IF NOT EXISTS `ville` (
  `id` int(11) NOT NULL AUTO_INCREMENT,
  `nom` varchar(255) COLLATE utf8_unicode_ci NOT NULL,
  `idregion` int(11) DEFAULT NULL,
  PRIMARY KEY (`id`),
  KEY `IDX_43C3D9C36BDF5CDA` (`idregion`)
) ENGINE=InnoDB  DEFAULT CHARSET=utf8 COLLATE=utf8_unicode_ci AUTO_INCREMENT=385 ;

--
-- Contenu de la table `ville`
--

INSERT INTO `ville` (`id`, `nom`, `idregion`) VALUES
(1, 'Ariana Ville', 1),
(2, 'Ettadhamen', 1),
(3, 'Kalaat El Andalous', 1),
(4, 'La Soukra', 1),
(5, 'Mnihla', 1),
(6, 'Raoued', 1),
(7, 'Sidi Thabet', 1),
(8, 'Borj Louzir', 1),
(9, 'Chotrana', 1),
(10, 'Ennasr', 1),
(11, 'Ghazela', 1),
(12, 'Jardins D el Menzah', 1),
(13, 'Manar', 1),
(14, 'Menzah1', 1),
(15, 'Amdoun', 4),
(16, 'Beja Nord', 4),
(17, 'Beja Sud', 4),
(18, 'Goubellat', 4),
(19, 'Medjez el-Bab', 4),
(20, 'Nefza', 4),
(21, 'Teboursouk', 4),
(22, 'Testour', 4),
(23, 'Thibar', 4),
(24, 'Ben Arous', 2),
(25, 'Borj Cedria', 2),
(26, 'Boumhel', 2),
(27, 'El Mourouj', 2),
(28, 'Ezzahra', 2),
(29, 'Fouchana', 2),
(30, 'Hammam Chott', 2),
(31, 'Hammam Lif', 2),
(32, 'Mohamedia', 2),
(33, 'Medina Jedida', 2),
(34, 'Megrine', 2),
(35, 'Mornag', 2),
(36, 'Rades', 2),
(37, 'Bizerte Nord', 3),
(38, 'Bizerte Sud', 3),
(39, 'Djoumime', 3),
(40, 'El Alia', 3),
(41, 'Ghar El Melh', 3),
(42, 'Ghezala', 3),
(43, 'Mateur', 3),
(44, 'Menzel Bourguiba', 3),
(45, 'Menzel Jemil', 3),
(46, 'Ras Jebel', 3),
(47, 'Sejenane', 3),
(48, 'Tinja', 3),
(49, 'Utique', 3),
(50, 'Zarzouna', 3),
(51, 'Gabès Medina', 5),
(52, 'Gabès Ouest', 5),
(53, 'Gabès Sud', 5),
(54, 'Ghanouch', 5),
(55, 'El Hamma', 5),
(56, 'Matmata', 5),
(57, 'Mareth', 5),
(58, 'Menzel El Habib', 5),
(59, 'Metouia', 5),
(60, 'Nouvelle Matmata', 5),
(61, 'Belkhir', 6),
(62, 'El Guettar', 6),
(63, 'El Ksar', 6),
(64, 'Gafsa Nord', 6),
(65, 'Gafsa Sud', 6),
(66, 'Mdhila', 6),
(67, 'Metlaoui', 6),
(68, 'Oum El Araies', 6),
(69, 'Redeyef', 6),
(70, 'Sidi Aich', 6),
(71, 'Sened', 6),
(72, 'Ain Draham', 7),
(73, 'Balta-Bou Aouane', 7),
(74, 'Bou Salem', 7),
(75, 'Fernana', 7),
(76, 'Ghardimaou', 7),
(77, 'Jendouba', 7),
(78, 'Jendouba Nord', 7),
(79, 'Oued Meliz', 7),
(80, 'Tabarka', 7),
(81, 'Bouhajla', 8),
(82, 'Chebika', 8),
(83, 'Echrarda', 8),
(84, 'El Alaa', 8),
(85, 'El Ouslatia', 8),
(86, 'Haffouz', 8),
(87, 'Hajeb El Ayoun', 8),
(88, 'Kairouan Nord', 8),
(89, 'Kairouan Sud', 8),
(90, 'Nasrallah', 8),
(91, 'Sbikha', 8),
(92, 'Djedeliane', 9),
(93, 'El Ayoun', 9),
(94, 'Ezzouhour', 9),
(95, 'Feriana', 9),
(96, 'Foussana', 9),
(97, 'Hassi Ferid', 9),
(98, 'Hidra', 9),
(99, 'Kasserine Nord', 9),
(100, 'Kasserine Sud', 9),
(101, 'Majel Bel Abbes', 9),
(102, 'Sbeitla', 9),
(103, 'Sbiba', 9),
(104, 'Thala', 9),
(105, 'Douz Nord', 11),
(106, 'Douz Sud', 11),
(107, 'Faouar', 11),
(108, 'Kebili Nord', 11),
(109, 'Kebili Sud', 11),
(110, 'Souk Lahad', 11),
(111, 'Dahmani', 10),
(112, 'Djerissa', 10),
(113, 'El Ksour', 10),
(114, 'Es-Sers', 10),
(115, 'Kalaat Khasbah', 10),
(116, 'Kalaat Snan', 10),
(117, 'Kef Est', 10),
(118, 'Kef Ouest', 10),
(119, 'Nebeur', 10),
(120, 'Sakiet Sidi Youssef', 10),
(121, 'Tajerouine', 10),
(122, 'Borj El Amri', 12),
(123, 'Djedeida', 12),
(124, 'Douar Hicher', 12),
(125, 'El Battan', 12),
(126, 'Mornaguia', 12),
(127, 'Oued Ellil', 12),
(128, 'Tebourba', 12),
(129, 'Manouba Ville', 12),
(130, 'Denden', 12),
(131, 'Ksar Said', 12),
(132, 'Bou Merdes', 13),
(133, 'Chebba', 13),
(134, 'Chorbane', 13),
(135, 'El Jem', 13),
(136, 'Essouassi', 13),
(137, 'Hebira', 13),
(138, 'Ksour Essef', 13),
(139, 'Mahdia', 13),
(140, 'Mellouleche', 13),
(141, 'Ouled Chamekh', 13),
(142, 'Sidi Alouane', 13),
(143, 'Bekalta', 14),
(144, 'Bembla', 14),
(145, 'Beni Hassen', 14),
(146, 'Jemmal', 14),
(147, 'Ksar Hellal', 14),
(148, 'Ksibet el-Mediouni', 14),
(149, 'Moknine', 14),
(150, 'Monastir', 14),
(151, 'Ouerdanine', 14),
(152, 'Sahline', 14),
(153, 'Teboulba', 14),
(154, 'Zeramdine', 14),
(155, 'Ben Gardane', 15),
(156, 'Beni Khedech', 15),
(157, 'Djerba - Ajim', 15),
(158, 'Djerba-Houmt Souk', 15),
(159, 'Djerba - Midoun', 15),
(160, 'Medenine Nord', 15),
(161, 'Médenine Sud', 15),
(162, 'Sidi Makhloulf', 15),
(163, 'Zarzis', 15),
(164, 'Beni Khalled', 16),
(165, 'Beni Khiar', 16),
(166, 'Bou Argoub', 16),
(167, 'El Haouaria', 16),
(168, 'El Mida', 16),
(169, 'Grombalia', 16),
(170, 'Hammam Ghezeze', 16),
(171, 'Hammamet', 16),
(172, 'Kelibia', 16),
(173, 'Korba', 16),
(174, 'Menzel Bouzelfa', 16),
(175, 'Menzel Temime', 16),
(176, 'Nabeul', 16),
(177, 'Soliman', 16),
(178, 'Takelsa', 16),
(179, 'Hammamet Centre', 16),
(180, 'Hammamet Nord', 16),
(181, 'Hammamet Sud', 16),
(182, 'Mrezga', 16),
(183, 'Agareb', 17),
(184, 'Bir Ali Ben Khalifa', 17),
(185, 'Jebiniana', 17),
(186, 'El Amra', 17),
(187, 'El Hencha', 17),
(188, 'Ghraiba', 17),
(189, 'Kerkennah', 17),
(190, 'Mahres', 17),
(191, 'Menzel Chaker', 17),
(192, 'Sakiet Eddaier', 17),
(193, 'Sakiet Ezzit', 17),
(194, 'Sfax Ville', 17),
(195, 'Skhira', 17),
(196, 'Thyna', 17),
(197, 'Sfax Medina', 17),
(198, 'Route el Ain', 17),
(199, 'Route el Afrane', 17),
(200, 'Route Gremda', 17),
(201, 'Route Menzel Chaker', 17),
(202, 'Route Matar', 17),
(203, 'Route Soukra', 17),
(204, 'Route Tunis', 17),
(205, 'Route Mehdia', 17),
(206, 'Route Teniour', 17),
(207, 'Bir El Hafey', 18),
(208, 'Cebbala Ouled Asker', 18),
(209, 'Jilma', 18),
(210, 'Meknassy', 18),
(211, 'Menzel Bouzaiane', 18),
(212, 'Mezzouna', 18),
(213, 'Ouled Haffouz', 18),
(214, 'Regueb', 18),
(215, 'Sidi Ali Ben Aoun', 18),
(216, 'Sidi Bouzid Est', 18),
(217, 'Sidi Bouzid Ouest', 18),
(218, 'Souk Jedid', 18),
(219, 'Bou Merdes', 13),
(220, 'Chebba', 13),
(221, 'Chorbane', 13),
(222, 'El Jem', 13),
(223, 'Essouassi', 13),
(224, 'Hebira', 13),
(225, 'Ksour Essef', 13),
(226, 'Mahdia', 13),
(227, 'Mellouleche', 13),
(228, 'Ouled Chamekh', 13),
(229, 'Sidi Alouane', 13),
(230, 'Bekalta', 14),
(231, 'Bembla', 14),
(232, 'Beni Hassen', 14),
(233, 'Jemmal', 14),
(234, 'Ksar Hellal', 14),
(235, 'Ksibet el-Mediouni', 14),
(236, 'Moknine', 14),
(237, 'Monastir', 14),
(238, 'Ouerdanine', 14),
(239, 'Sahline', 14),
(240, 'Sayada-Lamta-Bou Hajar', 14),
(241, 'Teboulba', 14),
(242, 'Zeramdine', 14),
(243, 'Ben Gardane', 15),
(244, 'Beni Khedech', 15),
(245, 'Djerba - Ajim', 15),
(246, 'Djerba-Houmt Souk', 15),
(247, 'Djerba - Midoun', 15),
(248, 'Medenine Nord', 15),
(249, 'Médenine Sud', 15),
(250, 'Sidi Makhloulf', 15),
(251, 'Zarzis', 15),
(252, 'Beni Khalled', 16),
(253, 'Beni Khiar', 16),
(254, 'Bou Argoub', 16),
(255, 'Dar Chaabane El Fehri', 16),
(256, 'El Haouaria', 16),
(257, 'El Mida', 16),
(258, 'Grombalia', 16),
(259, 'Hammam Ghezeze', 16),
(260, 'Hammamet', 16),
(261, 'Kelibia', 16),
(262, 'Korba', 16),
(263, 'Menzel Bouzelfa', 16),
(264, 'Menzel Temime', 16),
(265, 'Nabeul', 16),
(266, 'Soliman', 16),
(267, 'Takelsa', 16),
(268, 'Hammamet Centre', 16),
(269, 'Hammamet Nord', 16),
(270, 'Hammamet Sud', 16),
(271, 'Mrezga', 16),
(272, 'Agareb', 17),
(273, 'Bir Ali Ben Khalifa', 17),
(274, 'Jebiniana', 17),
(275, 'El Amra', 17),
(276, 'El Hencha', 17),
(277, 'Ghraiba', 17),
(278, 'Kerkennah', 17),
(279, 'Mahres', 17),
(280, 'Menzel Chaker', 17),
(281, 'Sakiet Eddaier', 17),
(282, 'Sakiet Ezzit', 17),
(283, 'Sfax Ville', 17),
(284, 'Skhira', 17),
(285, 'Thyna', 17),
(286, 'Sfax Medina', 17),
(287, 'Route el Ain', 17),
(288, 'Route el Afrane', 17),
(289, 'Route Gremda', 17),
(290, 'Route Menzel Chaker', 17),
(291, 'Route Matar', 17),
(292, 'Route Soukra', 17),
(293, 'Route Tunis', 17),
(294, 'Route Mehdia', 17),
(295, 'Route Teniour', 17),
(296, 'Bir El Hafey', 18),
(297, 'Cebbala Ouled Asker', 18),
(298, 'Jilma', 18),
(299, 'Meknassy', 18),
(300, 'Menzel Bouzaiane', 18),
(301, 'Mezzouna', 18),
(302, 'Ouled Haffouz', 18),
(303, 'Regueb', 18),
(304, 'Sidi Ali Ben Aoun', 18),
(305, 'Sidi Bouzid Est', 18),
(306, 'Sidi Bouzid Ouest', 18),
(307, 'Souk Jedid', 18),
(308, 'Bargou', 19),
(309, 'Bou Arada', 19),
(310, 'Sidi Bou Rouis', 19),
(311, 'El Aroussa', 19),
(312, 'El Krib', 19),
(313, 'Rouhia', 19),
(314, 'Gaafour', 19),
(315, 'Kesra', 19),
(316, 'Makthar', 19),
(317, 'Siliana Nord', 19),
(318, 'Siliana Sud', 19),
(319, 'Akouda', 20),
(320, 'Bouficha', 20),
(321, 'Enfidha', 20),
(322, 'Hammam Sousse', 20),
(323, 'Hergla', 20),
(324, 'Kalaa Kebira', 20),
(325, 'Kalaa Sghira', 20),
(326, 'Kondar', 20),
(327, 'Msaken', 20),
(328, 'Sidi Bou Ali', 20),
(329, 'Sidi El Heni', 20),
(330, 'Sousse Jawhara', 20),
(331, 'Sousse Medina', 20),
(332, 'Sousse Riadh', 20),
(333, 'Sousse Sidi Abdelhamid', 20),
(334, 'Zaouit-Ksibat Thrayett', 20),
(335, 'Sahloul', 20),
(336, 'Kantaoui', 20),
(337, 'Bir Lahmar', 21),
(338, 'Dehiba', 21),
(339, 'Ghomrassen', 21),
(340, 'Remada', 21),
(341, 'Smar', 21),
(342, 'Tataouine Nord', 21),
(343, 'Tataouine Sud', 21),
(344, 'Degache', 22),
(345, 'Hazoua', 22),
(346, 'Nefta', 22),
(347, 'Tameghza', 22),
(348, 'Tozeur', 22),
(349, 'Carthage', 23),
(350, 'Cite El Khadra', 23),
(351, 'Djebel Jelloud', 23),
(352, 'El Kabaria', 23),
(353, 'El Omrane', 23),
(354, 'El Omrane superieur', 23),
(355, 'El Ouardia', 23),
(356, 'Ettahrir', 23),
(357, 'Ezzouhour', 23),
(358, 'Hrairia', 23),
(359, 'La Goulette', 23),
(360, 'La Marsa', 23),
(361, 'Le Bardo', 23),
(362, 'Le Kram', 23),
(363, 'Medina', 23),
(364, 'Sejoumi', 23),
(365, 'Sidi El Bechir', 23),
(366, 'Sidi Hassine', 23),
(367, 'Agba', 23),
(368, 'Ain Zaghouan', 23),
(369, 'Centre Urbain Nord', 23),
(370, 'Centre Ville - Lafayette', 23),
(371, 'Cite Olympique', 23),
(372, 'Gammarth', 23),
(373, 'Jardin De Carthage', 23),
(374, 'L aouina', 23),
(375, 'Les Berges Du Lac', 23),
(376, 'Mutuelleville', 23),
(377, 'Sidi Bou Said', 23),
(378, 'Sidi Daoud', 23),
(379, 'Bir Mchergua', 24),
(380, 'El Fahs', 24),
(381, 'En-Nadhour', 24),
(382, 'Ez-Zeriba', 24),
(383, 'Saouaf', 24),
(384, 'Zaghouan', 24);

--
-- Contraintes pour les tables exportées
--

--
-- Contraintes pour la table `annonce`
--
ALTER TABLE `annonce`
  ADD CONSTRAINT `FK_F65593E510028558` FOREIGN KEY (`modele`) REFERENCES `modele` (`id`) ON DELETE CASCADE,
  ADD CONSTRAINT `FK_F65593E5292FFF1D` FOREIGN KEY (`vehicule`) REFERENCES `vehicule` (`id`) ON DELETE CASCADE,
  ADD CONSTRAINT `FK_F65593E532EAF737` FOREIGN KEY (`user_Id`) REFERENCES `user` (`id`) ON DELETE CASCADE,
  ADD CONSTRAINT `FK_F65593E543C3D9C3` FOREIGN KEY (`ville`) REFERENCES `ville` (`id`),
  ADD CONSTRAINT `FK_F65593E55A6F91CE` FOREIGN KEY (`marque`) REFERENCES `marque` (`id`) ON DELETE CASCADE,
  ADD CONSTRAINT `FK_F65593E58CDE5729` FOREIGN KEY (`type`) REFERENCES `type` (`id`),
  ADD CONSTRAINT `FK_F65593E5F62F176` FOREIGN KEY (`region`) REFERENCES `region` (`id`);

--
-- Contraintes pour la table `article`
--
ALTER TABLE `article`
  ADD CONSTRAINT `FK_23A0E6632EAF737` FOREIGN KEY (`user_Id`) REFERENCES `user` (`id`),
  ADD CONSTRAINT `FK_23A0E66497DD634` FOREIGN KEY (`categorie`) REFERENCES `categorie_article` (`id`) ON DELETE CASCADE;

--
-- Contraintes pour la table `image_annonce`
--
ALTER TABLE `image_annonce`
  ADD CONSTRAINT `FK_6345C4398805AB2F` FOREIGN KEY (`annonce_id`) REFERENCES `annonce` (`id`) ON DELETE CASCADE;

--
-- Contraintes pour la table `image_neuf`
--
ALTER TABLE `image_neuf`
  ADD CONSTRAINT `FK_B002F5A7E7D0497` FOREIGN KEY (`vehiculeneuf`) REFERENCES `vehicule_neuf` (`id`) ON DELETE CASCADE;

--
-- Contraintes pour la table `modele`
--
ALTER TABLE `modele`
  ADD CONSTRAINT `FK_100285585A6F91CE` FOREIGN KEY (`marque`) REFERENCES `marque` (`id`) ON DELETE CASCADE,
  ADD CONSTRAINT `FK_100285589348D84C` FOREIGN KEY (`vehicule_neuf_id`) REFERENCES `vehicule_neuf` (`id`);

--
-- Contraintes pour la table `piece`
--
ALTER TABLE `piece`
  ADD CONSTRAINT `FK_44CA0B238805AB2F` FOREIGN KEY (`annonce_id`) REFERENCES `annonce` (`id`);

--
-- Contraintes pour la table `sous_categorie`
--
ALTER TABLE `sous_categorie`
  ADD CONSTRAINT `FK_52743D7B497DD634` FOREIGN KEY (`categorie`) REFERENCES `categorie_article` (`id`);

--
-- Contraintes pour la table `user`
--
ALTER TABLE `user`
  ADD CONSTRAINT `FK_8D93D649C35F0816` FOREIGN KEY (`adresse`) REFERENCES `ville` (`id`),
  ADD CONSTRAINT `FK_8D93D649F62F176` FOREIGN KEY (`region`) REFERENCES `region` (`id`);

--
-- Contraintes pour la table `vehicule`
--
ALTER TABLE `vehicule`
  ADD CONSTRAINT `FK_292FFF1D10028558` FOREIGN KEY (`modele`) REFERENCES `modele` (`id`),
  ADD CONSTRAINT `FK_292FFF1D8805AB2F` FOREIGN KEY (`annonce_id`) REFERENCES `annonce` (`id`) ON DELETE CASCADE;

--
-- Contraintes pour la table `version`
--
ALTER TABLE `version`
  ADD CONSTRAINT `FK_BF1CD3C310028558` FOREIGN KEY (`modele`) REFERENCES `modele` (`id`);

--
-- Contraintes pour la table `ville`
--
ALTER TABLE `ville`
  ADD CONSTRAINT `FK_43C3D9C36BDF5CDA` FOREIGN KEY (`idregion`) REFERENCES `region` (`id`) ON DELETE CASCADE;

/*!40101 SET CHARACTER_SET_CLIENT=@OLD_CHARACTER_SET_CLIENT */;
/*!40101 SET CHARACTER_SET_RESULTS=@OLD_CHARACTER_SET_RESULTS */;
/*!40101 SET COLLATION_CONNECTION=@OLD_COLLATION_CONNECTION */;
