-- phpMyAdmin SQL Dump
-- version 4.6.4
-- https://www.phpmyadmin.net/
--
-- Хост: localhost
-- Время создания: Окт 31 2016 г., 13:57
-- Версия сервера: 10.2.1-MariaDB
-- Версия PHP: 7.1.0beta3

SET SQL_MODE = "NO_AUTO_VALUE_ON_ZERO";
SET time_zone = "+00:00";


/*!40101 SET @OLD_CHARACTER_SET_CLIENT=@@CHARACTER_SET_CLIENT */;
/*!40101 SET @OLD_CHARACTER_SET_RESULTS=@@CHARACTER_SET_RESULTS */;
/*!40101 SET @OLD_COLLATION_CONNECTION=@@COLLATION_CONNECTION */;
/*!40101 SET NAMES utf8mb4 */;

--
-- База данных: `test_task`
--

-- --------------------------------------------------------

--
-- Структура таблицы `couriers`
--

CREATE TABLE `couriers` (
  `id` int(3) NOT NULL,
  `name` varchar(100) NOT NULL
) ENGINE=InnoDB DEFAULT CHARSET=utf8;

--
-- Дамп данных таблицы `couriers`
--

INSERT INTO `couriers` (`id`, `name`) VALUES
(1, 'Солдатов Валерий Константинович'),
(2, 'Петров Андрей Анатольевич'),
(3, 'Сидоров Алексей Дмитриевич'),
(4, 'Шестаков Геннадий Александрович');

-- --------------------------------------------------------

--
-- Структура таблицы `regions`
--

CREATE TABLE `regions` (
  `id` int(5) UNSIGNED NOT NULL,
  `name` varchar(30) NOT NULL,
  `delivery_time` int(2) NOT NULL
) ENGINE=InnoDB DEFAULT CHARSET=utf8;

--
-- Дамп данных таблицы `regions`
--

INSERT INTO `regions` (`id`, `name`, `delivery_time`) VALUES
(1, 'Санкт-Петербург', 2),
(2, 'Уфа', 5),
(3, 'Нижний Новгород', 3),
(4, 'Владимир', 4),
(5, 'Кострома', 6),
(6, 'Екатеринбург', 3),
(7, 'Ковров', 2),
(8, 'Воронеж', 6),
(9, 'Самара', 1),
(10, 'Астрахань', 4);

-- --------------------------------------------------------

--
-- Структура таблицы `schedule`
--

CREATE TABLE `schedule` (
  `id` int(10) NOT NULL,
  `target_region_id` int(2) NOT NULL,
  `courier_id` int(3) NOT NULL,
  `departure_date` datetime NOT NULL
) ENGINE=InnoDB DEFAULT CHARSET=utf8;

--
-- Дамп данных таблицы `schedule`
--

INSERT INTO `schedule` (`id`, `target_region_id`, `courier_id`, `departure_date`) VALUES
(1, 8, 1, '2015-06-07 00:00:00'),
(2, 9, 1, '2015-06-10 00:00:00'),
(3, 5, 1, '2015-06-18 00:00:00'),
(4, 1, 1, '2015-06-22 00:00:00'),
(5, 5, 1, '2015-06-30 00:00:00'),
(6, 5, 1, '2015-07-08 00:00:00'),
(7, 4, 1, '2015-07-14 00:00:00'),
(8, 6, 1, '2015-07-19 00:00:00'),
(9, 9, 1, '2015-07-22 00:00:00'),
(10, 8, 1, '2015-07-30 00:00:00'),
(11, 5, 1, '2015-08-07 00:00:00'),
(12, 4, 1, '2015-08-13 00:00:00'),
(13, 9, 1, '2015-08-16 00:00:00'),
(14, 10, 1, '2015-08-22 00:00:00'),
(15, 2, 1, '2015-08-29 00:00:00'),
(16, 6, 1, '2015-09-03 00:00:00'),
(17, 8, 1, '2015-09-11 00:00:00'),
(18, 9, 1, '2015-09-14 00:00:00'),
(19, 10, 1, '2015-09-20 00:00:00'),
(20, 3, 1, '2015-09-25 00:00:00'),
(21, 10, 1, '2015-10-01 00:00:00'),
(22, 6, 1, '2015-10-06 00:00:00'),
(23, 4, 1, '2015-10-12 00:00:00'),
(24, 10, 1, '2015-10-18 00:00:00'),
(25, 3, 1, '2015-10-23 00:00:00'),
(26, 5, 1, '2015-10-31 00:00:00'),
(27, 3, 1, '2015-11-05 00:00:00'),
(28, 8, 1, '2015-11-13 00:00:00'),
(29, 1, 1, '2015-11-17 00:00:00'),
(30, 6, 1, '2015-11-22 00:00:00'),
(31, 8, 1, '2015-11-30 00:00:00'),
(32, 9, 1, '2015-12-03 00:00:00'),
(33, 3, 1, '2015-12-08 00:00:00'),
(34, 2, 1, '2015-12-15 00:00:00'),
(35, 10, 1, '2015-12-21 00:00:00'),
(36, 1, 1, '2015-12-25 00:00:00'),
(37, 7, 1, '2015-12-29 00:00:00'),
(38, 2, 1, '2016-01-05 00:00:00'),
(39, 10, 1, '2016-01-11 00:00:00'),
(40, 4, 1, '2016-01-17 00:00:00'),
(41, 7, 1, '2016-01-21 00:00:00'),
(42, 3, 1, '2016-01-26 00:00:00'),
(43, 9, 1, '2016-01-29 00:00:00'),
(44, 8, 1, '2016-02-06 00:00:00'),
(45, 6, 1, '2016-02-11 00:00:00'),
(46, 3, 1, '2016-02-16 00:00:00'),
(47, 2, 1, '2016-02-23 00:00:00'),
(48, 3, 1, '2016-02-28 00:00:00'),
(49, 7, 1, '2016-03-03 00:00:00'),
(50, 7, 1, '2016-03-07 00:00:00'),
(51, 8, 1, '2016-03-15 00:00:00'),
(52, 5, 1, '2016-03-23 00:00:00'),
(53, 9, 1, '2016-03-26 00:00:00'),
(54, 5, 1, '2016-04-03 00:00:00'),
(55, 4, 1, '2016-04-09 00:00:00'),
(56, 1, 1, '2016-04-13 00:00:00'),
(57, 9, 1, '2016-04-16 00:00:00'),
(58, 2, 1, '2016-04-23 00:00:00'),
(59, 1, 1, '2016-04-27 00:00:00'),
(60, 7, 1, '2016-05-01 00:00:00'),
(61, 8, 1, '2016-05-09 00:00:00'),
(62, 1, 1, '2016-05-13 00:00:00'),
(63, 5, 1, '2016-05-21 00:00:00'),
(64, 3, 1, '2016-05-26 00:00:00'),
(65, 10, 1, '2016-06-01 00:00:00'),
(66, 4, 1, '2016-06-07 00:00:00'),
(67, 1, 1, '2016-06-11 00:00:00'),
(68, 3, 1, '2016-06-16 00:00:00'),
(69, 1, 1, '2016-06-20 00:00:00'),
(70, 9, 1, '2016-06-23 00:00:00'),
(71, 1, 1, '2016-06-27 00:00:00'),
(72, 9, 1, '2016-06-30 00:00:00'),
(73, 5, 1, '2016-07-08 00:00:00'),
(74, 2, 1, '2016-07-15 00:00:00'),
(75, 6, 1, '2016-07-20 00:00:00'),
(76, 9, 1, '2016-07-23 00:00:00'),
(77, 10, 1, '2016-07-29 00:00:00'),
(78, 2, 1, '2016-08-05 00:00:00'),
(79, 1, 1, '2016-08-09 00:00:00'),
(80, 3, 1, '2016-08-14 00:00:00'),
(81, 6, 1, '2016-08-19 00:00:00'),
(82, 3, 1, '2016-08-24 00:00:00'),
(83, 4, 1, '2016-08-30 00:00:00'),
(84, 7, 1, '2016-09-03 00:00:00'),
(85, 3, 1, '2016-09-08 00:00:00'),
(86, 5, 1, '2016-09-16 00:00:00'),
(87, 9, 1, '2016-09-19 00:00:00'),
(88, 10, 1, '2016-09-25 00:00:00'),
(89, 1, 1, '2016-09-29 00:00:00'),
(90, 6, 1, '2016-10-04 00:00:00'),
(91, 10, 1, '2016-10-10 00:00:00'),
(92, 8, 1, '2016-10-18 00:00:00'),
(93, 5, 1, '2016-10-26 00:00:00'),
(94, 5, 1, '2016-11-03 00:00:00'),
(95, 9, 2, '2015-06-02 00:00:00'),
(96, 2, 2, '2015-06-09 00:00:00'),
(97, 2, 2, '2015-06-16 00:00:00'),
(98, 5, 2, '2015-06-24 00:00:00'),
(99, 2, 2, '2015-07-01 00:00:00'),
(100, 9, 2, '2015-07-04 00:00:00'),
(101, 3, 2, '2015-07-09 00:00:00'),
(102, 2, 2, '2015-07-16 00:00:00'),
(103, 1, 2, '2015-07-20 00:00:00'),
(104, 8, 2, '2015-07-28 00:00:00'),
(105, 9, 2, '2015-07-31 00:00:00'),
(106, 10, 2, '2015-08-06 00:00:00'),
(107, 3, 2, '2015-08-11 00:00:00'),
(108, 3, 2, '2015-08-16 00:00:00'),
(109, 7, 2, '2015-08-20 00:00:00'),
(110, 8, 2, '2015-08-28 00:00:00'),
(111, 10, 2, '2015-09-03 00:00:00'),
(112, 3, 2, '2015-09-08 00:00:00'),
(113, 9, 2, '2015-09-11 00:00:00'),
(114, 4, 2, '2015-09-17 00:00:00'),
(115, 4, 2, '2015-09-23 00:00:00'),
(116, 4, 2, '2015-09-29 00:00:00'),
(117, 9, 2, '2015-10-02 00:00:00'),
(118, 2, 2, '2015-10-09 00:00:00'),
(119, 9, 2, '2015-10-12 00:00:00'),
(120, 2, 2, '2015-10-19 00:00:00'),
(121, 9, 2, '2015-10-22 00:00:00'),
(122, 4, 2, '2015-10-28 00:00:00'),
(123, 9, 2, '2015-10-31 00:00:00'),
(124, 1, 2, '2015-11-04 00:00:00'),
(125, 6, 2, '2015-11-09 00:00:00'),
(126, 3, 2, '2015-11-14 00:00:00'),
(127, 6, 2, '2015-11-19 00:00:00'),
(128, 10, 2, '2015-11-25 00:00:00'),
(129, 10, 2, '2015-12-01 00:00:00'),
(130, 7, 2, '2015-12-05 00:00:00'),
(131, 8, 2, '2015-12-13 00:00:00'),
(132, 7, 2, '2015-12-17 00:00:00'),
(133, 8, 2, '2015-12-25 00:00:00'),
(134, 5, 2, '2016-01-02 00:00:00'),
(135, 7, 2, '2016-01-06 00:00:00'),
(136, 6, 2, '2016-01-11 00:00:00'),
(137, 7, 2, '2016-01-15 00:00:00'),
(138, 8, 2, '2016-01-23 00:00:00'),
(139, 5, 2, '2016-01-31 00:00:00'),
(140, 1, 2, '2016-02-04 00:00:00'),
(141, 7, 2, '2016-02-08 00:00:00'),
(142, 10, 2, '2016-02-14 00:00:00'),
(143, 4, 2, '2016-02-20 00:00:00'),
(144, 10, 2, '2016-02-26 00:00:00'),
(145, 7, 2, '2016-03-01 00:00:00'),
(146, 2, 2, '2016-03-08 00:00:00'),
(147, 7, 2, '2016-03-12 00:00:00'),
(148, 9, 2, '2016-03-15 00:00:00'),
(149, 8, 2, '2016-03-23 00:00:00'),
(150, 3, 2, '2016-03-28 00:00:00'),
(151, 9, 2, '2016-03-31 00:00:00'),
(152, 10, 2, '2016-04-06 00:00:00'),
(153, 8, 2, '2016-04-14 00:00:00'),
(154, 7, 2, '2016-04-18 00:00:00'),
(155, 1, 2, '2016-04-22 00:00:00'),
(156, 2, 2, '2016-04-29 00:00:00'),
(157, 6, 2, '2016-05-04 00:00:00'),
(158, 2, 2, '2016-05-11 00:00:00'),
(159, 8, 2, '2016-05-19 00:00:00'),
(160, 1, 2, '2016-05-23 00:00:00'),
(161, 3, 2, '2016-05-28 00:00:00'),
(162, 1, 2, '2016-06-01 00:00:00'),
(163, 9, 2, '2016-06-04 00:00:00'),
(164, 4, 2, '2016-06-10 00:00:00'),
(165, 10, 2, '2016-06-16 00:00:00'),
(166, 5, 2, '2016-06-24 00:00:00'),
(167, 9, 2, '2016-06-27 00:00:00'),
(168, 10, 2, '2016-07-03 00:00:00'),
(169, 7, 2, '2016-07-07 00:00:00'),
(170, 1, 2, '2016-07-11 00:00:00'),
(171, 7, 2, '2016-07-15 00:00:00'),
(172, 10, 2, '2016-07-21 00:00:00'),
(173, 8, 2, '2016-07-29 00:00:00'),
(174, 3, 2, '2016-08-03 00:00:00'),
(175, 8, 2, '2016-08-11 00:00:00'),
(176, 3, 2, '2016-08-16 00:00:00'),
(177, 6, 2, '2016-08-21 00:00:00'),
(178, 5, 2, '2016-08-29 00:00:00'),
(179, 5, 2, '2016-09-06 00:00:00'),
(180, 7, 2, '2016-09-10 00:00:00'),
(181, 2, 2, '2016-09-17 00:00:00'),
(182, 1, 2, '2016-09-21 00:00:00'),
(183, 3, 2, '2016-09-26 00:00:00'),
(184, 2, 2, '2016-10-03 00:00:00'),
(185, 5, 2, '2016-10-11 00:00:00'),
(186, 2, 2, '2016-10-18 00:00:00'),
(187, 8, 2, '2016-10-26 00:00:00'),
(188, 1, 2, '2016-10-30 00:00:00'),
(189, 2, 3, '2015-06-06 00:00:00'),
(190, 10, 3, '2015-06-12 00:00:00'),
(191, 5, 3, '2015-06-20 00:00:00'),
(192, 3, 3, '2015-06-25 00:00:00'),
(193, 6, 3, '2015-06-30 00:00:00'),
(194, 10, 3, '2015-07-06 00:00:00'),
(195, 3, 3, '2015-07-11 00:00:00'),
(196, 10, 3, '2015-07-17 00:00:00'),
(197, 8, 3, '2015-07-25 00:00:00'),
(198, 1, 3, '2015-07-29 00:00:00'),
(199, 8, 3, '2015-08-06 00:00:00'),
(200, 9, 3, '2015-08-09 00:00:00'),
(201, 7, 3, '2015-08-13 00:00:00'),
(202, 6, 3, '2015-08-18 00:00:00'),
(203, 4, 3, '2015-08-24 00:00:00'),
(204, 5, 3, '2015-09-01 00:00:00'),
(205, 10, 3, '2015-09-07 00:00:00'),
(206, 5, 3, '2015-09-15 00:00:00'),
(207, 10, 3, '2015-09-21 00:00:00'),
(208, 3, 3, '2015-09-26 00:00:00'),
(209, 7, 3, '2015-09-30 00:00:00'),
(210, 1, 3, '2015-10-04 00:00:00'),
(211, 4, 3, '2015-10-10 00:00:00'),
(212, 4, 3, '2015-10-16 00:00:00'),
(213, 9, 3, '2015-10-19 00:00:00'),
(214, 1, 3, '2015-10-23 00:00:00'),
(215, 10, 3, '2015-10-29 00:00:00'),
(216, 8, 3, '2015-11-06 00:00:00'),
(217, 2, 3, '2015-11-13 00:00:00'),
(218, 5, 3, '2015-11-21 00:00:00'),
(219, 1, 3, '2015-11-25 00:00:00'),
(220, 2, 3, '2015-12-02 00:00:00'),
(221, 6, 3, '2015-12-07 00:00:00'),
(222, 10, 3, '2015-12-13 00:00:00'),
(223, 9, 3, '2015-12-16 00:00:00'),
(224, 5, 3, '2015-12-24 00:00:00'),
(225, 10, 3, '2015-12-30 00:00:00'),
(226, 2, 3, '2016-01-06 00:00:00'),
(227, 2, 3, '2016-01-13 00:00:00'),
(228, 1, 3, '2016-01-17 00:00:00'),
(229, 6, 3, '2016-01-22 00:00:00'),
(230, 9, 3, '2016-01-25 00:00:00'),
(231, 2, 3, '2016-02-01 00:00:00'),
(232, 10, 3, '2016-02-07 00:00:00'),
(233, 8, 3, '2016-02-15 00:00:00'),
(234, 3, 3, '2016-02-20 00:00:00'),
(235, 10, 3, '2016-02-26 00:00:00'),
(236, 2, 3, '2016-03-04 00:00:00'),
(237, 10, 3, '2016-03-10 00:00:00'),
(238, 7, 3, '2016-03-14 00:00:00'),
(239, 7, 3, '2016-03-18 00:00:00'),
(240, 5, 3, '2016-03-26 00:00:00'),
(241, 4, 3, '2016-04-01 00:00:00'),
(242, 6, 3, '2016-04-06 00:00:00'),
(243, 1, 3, '2016-04-10 00:00:00'),
(244, 9, 3, '2016-04-13 00:00:00'),
(245, 10, 3, '2016-04-19 00:00:00'),
(246, 2, 3, '2016-04-26 00:00:00'),
(247, 1, 3, '2016-04-30 00:00:00'),
(248, 10, 3, '2016-05-06 00:00:00'),
(249, 3, 3, '2016-05-11 00:00:00'),
(250, 4, 3, '2016-05-17 00:00:00'),
(251, 2, 3, '2016-05-24 00:00:00'),
(252, 8, 3, '2016-06-01 00:00:00'),
(253, 7, 3, '2016-06-05 00:00:00'),
(254, 10, 3, '2016-06-11 00:00:00'),
(255, 2, 3, '2016-06-18 00:00:00'),
(256, 9, 3, '2016-06-21 00:00:00'),
(257, 4, 3, '2016-06-27 00:00:00'),
(258, 3, 3, '2016-07-02 00:00:00'),
(259, 5, 3, '2016-07-10 00:00:00'),
(260, 4, 3, '2016-07-16 00:00:00'),
(261, 6, 3, '2016-07-21 00:00:00'),
(262, 2, 3, '2016-07-28 00:00:00'),
(263, 6, 3, '2016-08-02 00:00:00'),
(264, 8, 3, '2016-08-10 00:00:00'),
(265, 1, 3, '2016-08-14 00:00:00'),
(266, 10, 3, '2016-08-20 00:00:00'),
(267, 7, 3, '2016-08-24 00:00:00'),
(268, 1, 3, '2016-08-28 00:00:00'),
(269, 7, 3, '2016-09-01 00:00:00'),
(270, 1, 3, '2016-09-05 00:00:00'),
(271, 6, 3, '2016-09-10 00:00:00'),
(272, 2, 3, '2016-09-17 00:00:00'),
(273, 5, 3, '2016-09-25 00:00:00'),
(274, 3, 3, '2016-09-30 00:00:00'),
(275, 4, 3, '2016-10-06 00:00:00'),
(276, 6, 3, '2016-10-11 00:00:00'),
(277, 5, 3, '2016-10-19 00:00:00'),
(278, 4, 3, '2016-10-25 00:00:00'),
(279, 9, 3, '2016-10-28 00:00:00'),
(280, 6, 3, '2016-11-02 00:00:00'),
(281, 9, 4, '2015-06-02 00:00:00'),
(282, 9, 4, '2015-06-05 00:00:00'),
(283, 10, 4, '2015-06-11 00:00:00'),
(284, 1, 4, '2015-06-15 00:00:00'),
(285, 9, 4, '2015-06-18 00:00:00'),
(286, 1, 4, '2015-06-22 00:00:00'),
(287, 1, 4, '2015-06-26 00:00:00'),
(288, 6, 4, '2015-07-01 00:00:00'),
(289, 8, 4, '2015-07-09 00:00:00'),
(290, 2, 4, '2015-07-16 00:00:00'),
(291, 8, 4, '2015-07-24 00:00:00'),
(292, 1, 4, '2015-07-28 00:00:00'),
(293, 9, 4, '2015-07-31 00:00:00'),
(294, 9, 4, '2015-08-03 00:00:00'),
(295, 8, 4, '2015-08-11 00:00:00'),
(296, 7, 4, '2015-08-15 00:00:00'),
(297, 4, 4, '2015-08-21 00:00:00'),
(298, 1, 4, '2015-08-25 00:00:00'),
(299, 7, 4, '2015-08-29 00:00:00'),
(300, 5, 4, '2015-09-06 00:00:00'),
(301, 8, 4, '2015-09-14 00:00:00'),
(302, 10, 4, '2015-09-20 00:00:00'),
(303, 8, 4, '2015-09-28 00:00:00'),
(304, 2, 4, '2015-10-05 00:00:00'),
(305, 3, 4, '2015-10-10 00:00:00'),
(306, 7, 4, '2015-10-14 00:00:00'),
(307, 1, 4, '2015-10-18 00:00:00'),
(308, 10, 4, '2015-10-24 00:00:00'),
(309, 5, 4, '2015-11-01 00:00:00'),
(310, 1, 4, '2015-11-05 00:00:00'),
(311, 5, 4, '2015-11-13 00:00:00'),
(312, 5, 4, '2015-11-21 00:00:00'),
(313, 10, 4, '2015-11-27 00:00:00'),
(314, 3, 4, '2015-12-02 00:00:00'),
(315, 7, 4, '2015-12-06 00:00:00'),
(316, 6, 4, '2015-12-11 00:00:00'),
(317, 6, 4, '2015-12-16 00:00:00'),
(318, 4, 4, '2015-12-22 00:00:00'),
(319, 8, 4, '2015-12-30 00:00:00'),
(320, 10, 4, '2016-01-05 00:00:00'),
(321, 9, 4, '2016-01-08 00:00:00'),
(322, 9, 4, '2016-01-11 00:00:00'),
(323, 4, 4, '2016-01-17 00:00:00'),
(324, 2, 4, '2016-01-24 00:00:00'),
(325, 6, 4, '2016-01-29 00:00:00'),
(326, 6, 4, '2016-02-03 00:00:00'),
(327, 6, 4, '2016-02-08 00:00:00'),
(328, 2, 4, '2016-02-15 00:00:00'),
(329, 8, 4, '2016-02-23 00:00:00'),
(330, 3, 4, '2016-02-28 00:00:00'),
(331, 10, 4, '2016-03-05 00:00:00'),
(332, 7, 4, '2016-03-09 00:00:00'),
(333, 9, 4, '2016-03-12 00:00:00'),
(334, 5, 4, '2016-03-20 00:00:00'),
(335, 7, 4, '2016-03-24 00:00:00'),
(336, 4, 4, '2016-03-30 00:00:00'),
(337, 1, 4, '2016-04-03 00:00:00'),
(338, 2, 4, '2016-04-10 00:00:00'),
(339, 2, 4, '2016-04-17 00:00:00'),
(340, 1, 4, '2016-04-21 00:00:00'),
(341, 1, 4, '2016-04-25 00:00:00'),
(342, 4, 4, '2016-05-01 00:00:00'),
(343, 4, 4, '2016-05-07 00:00:00'),
(344, 2, 4, '2016-05-14 00:00:00'),
(345, 9, 4, '2016-05-17 00:00:00'),
(346, 2, 4, '2016-05-24 00:00:00'),
(347, 1, 4, '2016-05-28 00:00:00'),
(348, 3, 4, '2016-06-02 00:00:00'),
(349, 4, 4, '2016-06-08 00:00:00'),
(350, 2, 4, '2016-06-15 00:00:00'),
(351, 8, 4, '2016-06-23 00:00:00'),
(352, 7, 4, '2016-06-27 00:00:00'),
(353, 6, 4, '2016-07-02 00:00:00'),
(354, 1, 4, '2016-07-06 00:00:00'),
(355, 3, 4, '2016-07-11 00:00:00'),
(356, 8, 4, '2016-07-19 00:00:00'),
(357, 4, 4, '2016-07-25 00:00:00'),
(358, 3, 4, '2016-07-30 00:00:00'),
(359, 9, 4, '2016-08-02 00:00:00'),
(360, 6, 4, '2016-08-07 00:00:00'),
(361, 8, 4, '2016-08-15 00:00:00'),
(362, 5, 4, '2016-08-23 00:00:00'),
(363, 8, 4, '2016-08-31 00:00:00'),
(364, 6, 4, '2016-09-05 00:00:00'),
(365, 5, 4, '2016-09-13 00:00:00'),
(366, 7, 4, '2016-09-17 00:00:00'),
(367, 8, 4, '2016-09-25 00:00:00'),
(368, 7, 4, '2016-09-29 00:00:00'),
(369, 10, 4, '2016-10-05 00:00:00'),
(370, 1, 4, '2016-10-09 00:00:00'),
(371, 4, 4, '2016-10-15 00:00:00'),
(372, 5, 4, '2016-10-23 00:00:00'),
(373, 8, 4, '2016-10-31 00:00:00'),
(374, 1, 1, '2016-11-23 00:00:00');

--
-- Индексы сохранённых таблиц
--

--
-- Индексы таблицы `couriers`
--
ALTER TABLE `couriers`
  ADD PRIMARY KEY (`id`);

--
-- Индексы таблицы `regions`
--
ALTER TABLE `regions`
  ADD PRIMARY KEY (`id`);

--
-- Индексы таблицы `schedule`
--
ALTER TABLE `schedule`
  ADD PRIMARY KEY (`id`);

--
-- AUTO_INCREMENT для сохранённых таблиц
--

--
-- AUTO_INCREMENT для таблицы `couriers`
--
ALTER TABLE `couriers`
  MODIFY `id` int(3) NOT NULL AUTO_INCREMENT, AUTO_INCREMENT=5;
--
-- AUTO_INCREMENT для таблицы `regions`
--
ALTER TABLE `regions`
  MODIFY `id` int(5) UNSIGNED NOT NULL AUTO_INCREMENT, AUTO_INCREMENT=11;
--
-- AUTO_INCREMENT для таблицы `schedule`
--
ALTER TABLE `schedule`
  MODIFY `id` int(10) NOT NULL AUTO_INCREMENT, AUTO_INCREMENT=375;
/*!40101 SET CHARACTER_SET_CLIENT=@OLD_CHARACTER_SET_CLIENT */;
/*!40101 SET CHARACTER_SET_RESULTS=@OLD_CHARACTER_SET_RESULTS */;
/*!40101 SET COLLATION_CONNECTION=@OLD_COLLATION_CONNECTION */;
