INSERT INTO apps(app_database_id, app_id, valid_from, valid_to, transaction_ddl, safe_deposit_ddl)
VALUES (1, 'uc2App', '2024-03-01 00:00:00', '9999-12-30 00:00:00', 'create table input.input
(
    id           uuid      not null
        constraint input_pk
            primary key,
    created_at   timestamp not null,
    created_by   text,
    file_content bytea       not null,
    file_type    text,
    dataset_id uuid not null,
    CONSTRAINT unique_dataset_file_type UNIQUE (dataset_id, file_type)
);

comment on column input.input.id is ''UUID generated by BUC'';

comment on column input.input.created_by is ''Identifier of the uploading entity (e.g. the bank)'';

comment on column input.input.file_content is ''Binary Data Types (https://www.postgresql.org/docs/current/datatype-binary.html)'';

comment on column input.input.file_type is ''expected values: [banks, clients, accounts, transactions] '';

create table output.output
(
    id            uuid      not null
        constraint output_pk
            primary key,
    created_at    timestamp not null,
    recipient_id text      not null,
    file_content  bytea   not null,
    report_type     text,
    dataset_id uuid not null,
    CONSTRAINT unique_dataset_report_type UNIQUE (dataset_id, report_type)
);
comment on column output.output.id is ''UUID generated by UC'';

comment on column output.output.recipient_id is ''Identifier of the recipient (can match an uploading organization id) or a 3rd party (e.g. FIU)'';

comment on column output.output.file_content is ''Binary Data Types (https://www.postgresql.org/docs/current/datatype-binary.html)'';
', 'create table safedeposit.input
(
    id           uuid      not null
        constraint input_pk
            primary key,
    created_at   timestamp not null,
    created_by   text,
    file_content bytea       not null,
    file_type    text,
    dataset_id uuid not null,
    CONSTRAINT unique_dataset_file_type UNIQUE (dataset_id, file_type)
);');

INSERT INTO apps(app_database_id, app_id, valid_from, valid_to, transaction_ddl, safe_deposit_ddl)
VALUES (2, 'uc2AppMock', '2024-03-01 00:00:00', '9999-12-30 00:00:00', 'create table input.input
(
    id           uuid      not null
        constraint input_pk
            primary key,
    created_at   timestamp not null,
    created_by   text,
    file_content bytea       not null,
    file_type    text,
    dataset_id uuid not null,
    CONSTRAINT unique_dataset_file_type UNIQUE (dataset_id, file_type)
);

comment on column input.input.id is ''UUID generated by BUC'';

comment on column input.input.created_by is ''Identifier of the uploading entity (e.g. the bank)'';

comment on column input.input.file_content is ''Binary Data Types (https://www.postgresql.org/docs/current/datatype-binary.html)'';

comment on column input.input.file_type is ''expected values: [banks, clients, accounts, transactions] '';

create table output.output
(
    id            uuid      not null
        constraint output_pk
            primary key,
    created_at    timestamp not null,
    recipient_id text      not null,
    file_content  bytea   not null,
    report_type     text,
    dataset_id uuid not null,
    participant_identifier text,
    CONSTRAINT unique_dataset_report_type UNIQUE (dataset_id, report_type)
);

comment on column output.output.id is ''UUID generated by UC'';

comment on column output.output.recipient_id is ''Identifier of the recipient (can match an uploading organization id) or a 3rd party (e.g. FIU)'';

comment on column output.output.file_content is ''Binary Data Types (https://www.postgresql.org/docs/current/datatype-binary.html)'';', 'create table safedeposit.input
(
    id           uuid      not null
        constraint input_pk
            primary key,
    created_at   timestamp not null,
    created_by   text,
    file_content bytea       not null,
    file_type    text,
    dataset_id uuid not null,
    CONSTRAINT unique_dataset_file_type UNIQUE (dataset_id, file_type)
);');

INSERT INTO apps(app_database_id, app_id, valid_from, valid_to, transaction_ddl, safe_deposit_ddl)
VALUES (3, 'uc3App', '2024-03-01 00:00:00', '9999-12-30 00:00:00', 'create table input.input
(
    input_id integer not null primary key,
    poll_id integer,
    submission_key varchar,
    submission_value float,
    vote_for_finish boolean,
    participant_identifier text not null,
    created_at    timestamp not null default NOW()
);

comment on column input.input.input_id is ''the tables primary key'';

comment on column input.input.poll_id is ''the submission round number'';

comment on column input.input.submission_key is ''the submission key of the participant'';

comment on column input.input.submission_value is ''the submission value of the participant'';

comment on column input.input.vote_for_finish is ''the participants vote to end the process'';

comment on column input.input.participant_identifier is ''the participants identifier'';

comment on column input.input.created_at is ''the timestamp when the record was created'';

create schema if not exists output;
create table output.output
(
    output_id integer not null primary key,
    poll_id integer,
    result_key varchar,
    result_value float,
    participant_identifier text not null,
    created_at    timestamp not null default NOW()
);

ALTER TABLE output.output ENABLE ROW LEVEL SECURITY;

comment on column output.output.output_id is ''the tables primary key'';

comment on column output.output.poll_id is ''the submission round number'';

comment on column output.output.result_key is ''the key of the result'';

comment on column output.output.result_value is ''the value of the result'';

comment on column output.output.participant_identifier is ''the participants identifier'';

comment on column output.output.created_at is ''the timestamp when the record was created'';', '');

INSERT INTO apps(app_database_id, app_id, valid_from, valid_to, transaction_ddl, safe_deposit_ddl)
VALUES (4, 'uc3AppMock', '2024-03-01 00:00:00', '9999-12-30 00:00:00', 'create table input.input
(
    input_id integer not null primary key,
    poll_id integer,
    submission integer,
    participant_identifier text not null,
    created_at    timestamp not null default NOW()
);

comment on column input.input.input_id is ''the tables primary key'';

comment on column input.input.poll_id is ''the submission round number'';

comment on column input.input.submission is ''the submission of the participant'';

comment on column input.input.participant_identifier is ''the participants identifier'';

comment on column input.input.created_at is ''the timestamp when the record was created'';

create table output.output
(
    output_id integer not null primary key,
    poll_id integer,
    result integer,
    submission integer,
    participant_identifier text not null,
    created_at    timestamp not null default NOW()
);

ALTER TABLE output.output ENABLE ROW LEVEL SECURITY;

comment on column output.output.output_id is ''the tables primary key'';

comment on column output.output.poll_id is ''the submission round number'';

comment on column output.output.result is ''the sum of the submissions'';

comment on column output.output.submission is ''the submission of the participant'';

comment on column output.output.participant_identifier is ''the participants identifier'';

comment on column output.output.created_at is ''the timestamp when the record was created'';', '');

INSERT INTO apps(app_database_id, app_id, valid_from, valid_to, transaction_ddl, safe_deposit_ddl)
VALUES (5, 'uc4App', '2024-03-01 00:00:00', '9999-12-30 00:00:00', '', 'SET default_tablespace = '''';


CREATE TABLE safedeposit.pds_alembic_revisions (
                                              version_num character varying(32) NOT NULL
);


CREATE TABLE safedeposit.pds_bankaccount_result (
                                               id integer NOT NULL,
                                               balance double precision,
                                               monthly_savings_plan_contribution double precision,
                                               monthly_pension_from_portfolio_default double precision,
                                               portfolio_at_retirement double precision,
                                               share_taxable_portfolio integer,
                                               user_id integer
);


CREATE SEQUENCE safedeposit.pds_bankaccount_result_id_seq
    AS integer
    START WITH 1
    INCREMENT BY 1
    NO MINVALUE
    NO MAXVALUE
    CACHE 1;


ALTER SEQUENCE safedeposit.pds_bankaccount_result_id_seq OWNED BY safedeposit.pds_bankaccount_result.id;



CREATE TABLE safedeposit.pds_clriester_result (
                                             almost_certain_achievable_capital double precision,
                                             predicted_achievable_capital double precision,
                                             almost_certain_achieved_capital double precision,
                                             predicted_achieved_capital double precision,
                                             current_acquisitions_sales_costs double precision,
                                             current_cost_for_administration double precision,
                                             current_allowance double precision,
                                             previous_allowances_received double precision,
                                             almost_certain_achievable_pension_with_future_allowance double precision,
                                             predicted_achievable_pension_with_future_allowance double precision,
                                             almost_certain_achievable_pension_with_30_capital_payout double precision,
                                             predicted_achievable_pension_with_30_capital_payout double precision,
                                             insurance_company character varying,
                                             insurance_contract character varying,
                                             contribution_start_date date,
                                             status_announcement_date date,
                                             default_pension_start_date date,
                                             current_contribution_yearly double precision,
                                             wealth_past_contributions double precision,
                                             wealth_past_contributions_surplus double precision,
                                             surrender_value double precision,
                                             death_benefit double precision,
                                             disability_benefit double precision,
                                             pension_guarantee_period double precision,
                                             disability_contribution_suspension double precision,
                                             dynamic_contribution_rate double precision,
                                             dynamic_payout_rate double precision,
                                             almost_certain_achievable_pension integer,
                                             predicted_achievable_pension integer,
                                             almost_certain_achieved_pension integer,
                                             predicted_achieved_pension integer,
                                             pv_almost_certain_achievable_pension integer,
                                             pv_predicted_achievable_pension integer,
                                             pv_almost_certain_achieved_pension integer,
                                             pv_predicted_achieved_pension integer,
                                             irr_almost_certain_achievable_pension double precision,
                                             irr_predicted_achievable_pension double precision,
                                             irr_almost_certain_achieved_pension double precision,
                                             irr_predicted_achieved_pension double precision,
                                             id integer NOT NULL,
                                             user_id integer
);


CREATE SEQUENCE safedeposit.pds_clriester_result_id_seq
    AS integer
    START WITH 1
    INCREMENT BY 1
    NO MINVALUE
    NO MAXVALUE
    CACHE 1;


ALTER SEQUENCE safedeposit.pds_clriester_result_id_seq OWNED BY safedeposit.pds_clriester_result.id;



CREATE TABLE safedeposit.pds_double_clpp_result (
                                               almost_certain_achievable_capital double precision,
                                               predicted_achievable_capital double precision,
                                               almost_certain_achieved_capital double precision,
                                               predicted_achieved_capital double precision,
                                               insurance_company character varying,
                                               insurance_contract character varying,
                                               contribution_start_date date,
                                               status_announcement_date date,
                                               default_pension_start_date date,
                                               current_contribution_yearly double precision,
                                               wealth_past_contributions double precision,
                                               wealth_past_contributions_surplus double precision,
                                               surrender_value double precision,
                                               death_benefit double precision,
                                               disability_benefit double precision,
                                               pension_guarantee_period double precision,
                                               disability_contribution_suspension double precision,
                                               dynamic_contribution_rate double precision,
                                               dynamic_payout_rate double precision,
                                               almost_certain_achievable_pension integer,
                                               predicted_achievable_pension integer,
                                               almost_certain_achieved_pension integer,
                                               predicted_achieved_pension integer,
                                               pv_almost_certain_achievable_pension integer,
                                               pv_predicted_achievable_pension integer,
                                               pv_almost_certain_achieved_pension integer,
                                               pv_predicted_achieved_pension integer,
                                               irr_almost_certain_achievable_pension double precision,
                                               irr_predicted_achievable_pension double precision,
                                               irr_almost_certain_achieved_pension double precision,
                                               irr_predicted_achieved_pension double precision,
                                               p_taxable_income_share integer,
                                               id integer NOT NULL,
                                               user_id integer
);


CREATE SEQUENCE safedeposit.pds_double_clpp_result_id_seq
    AS integer
    START WITH 1
    INCREMENT BY 1
    NO MINVALUE
    NO MAXVALUE
    CACHE 1;


ALTER SEQUENCE safedeposit.pds_double_clpp_result_id_seq OWNED BY safedeposit.pds_double_clpp_result.id;



CREATE TABLE safedeposit.pds_double_fbpp_result (
                                               insurance_company character varying,
                                               insurance_contract character varying,
                                               contribution_start_date date,
                                               status_announcement_date date,
                                               default_pension_start_date date,
                                               current_contribution_yearly double precision,
                                               wealth_past_contributions double precision,
                                               wealth_past_contributions_surplus double precision,
                                               surrender_value double precision,
                                               death_benefit double precision,
                                               disability_benefit double precision,
                                               pension_guarantee_period double precision,
                                               disability_contribution_suspension double precision,
                                               dynamic_contribution_rate double precision,
                                               dynamic_payout_rate double precision,
                                               almost_certain_achievable_pension integer,
                                               predicted_achievable_pension integer,
                                               almost_certain_achieved_pension integer,
                                               predicted_achieved_pension integer,
                                               pv_almost_certain_achievable_pension integer,
                                               pv_predicted_achievable_pension integer,
                                               pv_almost_certain_achieved_pension integer,
                                               pv_predicted_achieved_pension integer,
                                               irr_almost_certain_achievable_pension double precision,
                                               irr_predicted_achievable_pension double precision,
                                               irr_almost_certain_achieved_pension double precision,
                                               irr_predicted_achieved_pension double precision,
                                               p_taxable_income_share integer,
                                               id integer NOT NULL,
                                               user_id integer
);


CREATE SEQUENCE safedeposit.pds_double_fbpp_result_id_seq
    AS integer
    START WITH 1
    INCREMENT BY 1
    NO MINVALUE
    NO MAXVALUE
    CACHE 1;


ALTER SEQUENCE safedeposit.pds_double_fbpp_result_id_seq OWNED BY safedeposit.pds_double_fbpp_result.id;



CREATE TABLE safedeposit.pds_double_msp_result (
                                              id integer NOT NULL,
                                              almost_certain_achievable_pension double precision,
                                              predicted_achievable_pension_one_percent double precision,
                                              almost_certain_achieved_pension double precision,
                                              predicted_achieved_pension_one_percent double precision,
                                              contribution_start date,
                                              default_retirement_date date,
                                              acquired_income_points integer,
                                              user_id integer
);


CREATE SEQUENCE safedeposit.pds_double_msp_result_id_seq
    AS integer
    START WITH 1
    INCREMENT BY 1
    NO MINVALUE
    NO MAXVALUE
    CACHE 1;


ALTER SEQUENCE safedeposit.pds_double_msp_result_id_seq OWNED BY safedeposit.pds_double_msp_result.id;



CREATE TABLE safedeposit.pds_doubleuser (
                                       id integer NOT NULL,
                                       double_id integer NOT NULL,
                                       first_name character varying,
                                       last_name character varying,
                                       birth_date date,
                                       p_gross_oth_inc integer,
                                       p_gross_cap_inc integer,
                                       p_gross_income integer,
                                       p_lab_inc integer,
                                       p_cap_inc integer,
                                       p_oth_inc integer,
                                       p_income integer,
                                       p_liv_exp integer,
                                       p_house_exp integer,
                                       p_trav_exp integer,
                                       p_insur_exp integer,
                                       p_leis_exp integer,
                                       p_oth_exp integer,
                                       p_expenses integer,
                                       p_inv_sav integer,
                                       p_bank_sav double precision,
                                       p_oth_sav integer,
                                       p_pens_sav double precision,
                                       p_prop_sav double precision,
                                       p_holding_bank_deposits_2023 double precision,
                                       p_gross_lab_inc integer
);


CREATE SEQUENCE safedeposit.pds_doubleuser_id_seq
    AS integer
    START WITH 1
    INCREMENT BY 1
    NO MINVALUE
    NO MAXVALUE
    CACHE 1;

ALTER SEQUENCE safedeposit.pds_doubleuser_id_seq OWNED BY safedeposit.pds_doubleuser.id;



CREATE TABLE safedeposit.pds_fbriester_result (
                                             current_acquisitions_sales_costs double precision,
                                             current_cost_for_administration double precision,
                                             current_allowance double precision,
                                             previous_allowances_received double precision,
                                             almost_certain_achievable_pension_with_future_allowance double precision,
                                             predicted_achievable_pension_with_future_allowance double precision,
                                             almost_certain_achievable_pension_with_30_capital_payout double precision,
                                             predicted_achievable_pension_with_30_capital_payout double precision,
                                             insurance_company character varying,
                                             insurance_contract character varying,
                                             contribution_start_date date,
                                             status_announcement_date date,
                                             default_pension_start_date date,
                                             current_contribution_yearly double precision,
                                             wealth_past_contributions double precision,
                                             wealth_past_contributions_surplus double precision,
                                             surrender_value double precision,
                                             death_benefit double precision,
                                             disability_benefit double precision,
                                             pension_guarantee_period double precision,
                                             disability_contribution_suspension double precision,
                                             dynamic_contribution_rate double precision,
                                             dynamic_payout_rate double precision,
                                             almost_certain_achievable_pension integer,
                                             predicted_achievable_pension integer,
                                             almost_certain_achieved_pension integer,
                                             predicted_achieved_pension integer,
                                             pv_almost_certain_achievable_pension integer,
                                             pv_predicted_achievable_pension integer,
                                             pv_almost_certain_achieved_pension integer,
                                             pv_predicted_achieved_pension integer,
                                             irr_almost_certain_achievable_pension double precision,
                                             irr_predicted_achievable_pension double precision,
                                             irr_almost_certain_achieved_pension double precision,
                                             irr_predicted_achieved_pension double precision,
                                             id integer NOT NULL,
                                             fund_share double precision,
                                             fund_balance double precision,
                                             certain_achievable_pension double precision,
                                             certain_achieved_pension double precision,
                                             certain_achievable_capital double precision,
                                             certain_achieved_capital double precision,
                                             user_id integer
);

CREATE SEQUENCE safedeposit.pds_fbriester_result_id_seq
    AS integer
    START WITH 1
    INCREMENT BY 1
    NO MINVALUE
    NO MAXVALUE
    CACHE 1;


ALTER SEQUENCE safedeposit.pds_fbriester_result_id_seq OWNED BY safedeposit.pds_fbriester_result.id;



CREATE TABLE safedeposit.pds_iacc_backward_result (
                                                 id integer NOT NULL,
                                                 isin character varying,
                                                 market_value double precision,
                                                 total_portfolio_value double precision,
                                                 past_year_portfolio_return double precision,
                                                 past_year_benchmark_return double precision,
                                                 portfolio_cost double precision,
                                                 benchmark_cost double precision,
                                                 portfolio_risk double precision,
                                                 benchmark_risk double precision,
                                                 expected_portfolio_return_after_cost double precision,
                                                 expected_benchmark_return_after_cost double precision,
                                                 benchmark_historical_daily_return double precision[],
                                                 portfolio_historical_daily_return double precision[],
                                                 user_id integer
);


CREATE SEQUENCE safedeposit.pds_iacc_backward_result_id_seq
    AS integer
    START WITH 1
    INCREMENT BY 1
    NO MINVALUE
    NO MAXVALUE
    CACHE 1;


ALTER SEQUENCE safedeposit.pds_iacc_backward_result_id_seq OWNED BY safedeposit.pds_iacc_backward_result.id;



CREATE TABLE safedeposit.pds_iacc_forward_result (
                                                id integer NOT NULL,
                                                isin character varying,
                                                market_value double precision,
                                                monthly_pension_from_portfolio double precision,
                                                portfolio_at_retirement double precision,
                                                share_taxable_portfolio double precision,
                                                user_id integer
);


CREATE SEQUENCE safedeposit.pds_iacc_forward_result_id_seq
    AS integer
    START WITH 1
    INCREMENT BY 1
    NO MINVALUE
    NO MAXVALUE
    CACHE 1;

ALTER SEQUENCE safedeposit.pds_iacc_forward_result_id_seq OWNED BY safedeposit.pds_iacc_forward_result.id;



CREATE TABLE safedeposit.pds_lifeinsurance_result (
                                                 almost_certain_achievable_capital double precision,
                                                 predicted_achievable_capital double precision,
                                                 almost_certain_achieved_capital double precision,
                                                 predicted_achieved_capital double precision,
                                                 insurance_company character varying,
                                                 insurance_contract character varying,
                                                 contribution_start_date date,
                                                 status_announcement_date date,
                                                 default_pension_start_date date,
                                                 current_contribution_yearly double precision,
                                                 wealth_past_contributions double precision,
                                                 wealth_past_contributions_surplus double precision,
                                                 surrender_value double precision,
                                                 death_benefit double precision,
                                                 disability_benefit double precision,
                                                 pension_guarantee_period double precision,
                                                 disability_contribution_suspension double precision,
                                                 dynamic_contribution_rate double precision,
                                                 dynamic_payout_rate double precision,
                                                 almost_certain_achievable_pension integer,
                                                 predicted_achievable_pension integer,
                                                 almost_certain_achieved_pension integer,
                                                 predicted_achieved_pension integer,
                                                 pv_almost_certain_achievable_pension integer,
                                                 pv_predicted_achievable_pension integer,
                                                 pv_almost_certain_achieved_pension integer,
                                                 pv_predicted_achieved_pension integer,
                                                 irr_almost_certain_achievable_pension double precision,
                                                 irr_predicted_achievable_pension double precision,
                                                 irr_almost_certain_achieved_pension double precision,
                                                 irr_predicted_achieved_pension double precision,
                                                 id integer NOT NULL,
                                                 taxable_income_share_continue integer,
                                                 taxable_income_share_stop integer,
                                                 sum_contributions_stop integer,
                                                 sum_contributions_continue integer,
                                                 user_id integer
);

CREATE SEQUENCE safedeposit.pds_lifeinsurance_result_id_seq
    AS integer
    START WITH 1
    INCREMENT BY 1
    NO MINVALUE
    NO MAXVALUE
    CACHE 1;

ALTER SEQUENCE safedeposit.pds_lifeinsurance_result_id_seq OWNED BY safedeposit.pds_lifeinsurance_result.id;



CREATE TABLE safedeposit.pds_prop_result (
                                        id integer NOT NULL,
                                        calculated_pension double precision,
                                        current_value_property double precision,
                                        current_rent double precision,
                                        future_value_of_property double precision,
                                        future_value_of_monthly_rent double precision,
                                        outstanding_mortgage_at_retirement_date integer,
                                        user_id integer
);

CREATE SEQUENCE safedeposit.pds_prop_result_id_seq
    AS integer
    START WITH 1
    INCREMENT BY 1
    NO MINVALUE
    NO MAXVALUE
    CACHE 1;

ALTER SEQUENCE safedeposit.pds_prop_result_id_seq OWNED BY safedeposit.pds_prop_result.id;



ALTER TABLE ONLY safedeposit.pds_bankaccount_result ALTER COLUMN id SET DEFAULT nextval(''safedeposit.pds_bankaccount_result_id_seq''::regclass);



ALTER TABLE ONLY safedeposit.pds_clriester_result ALTER COLUMN id SET DEFAULT nextval(''safedeposit.pds_clriester_result_id_seq''::regclass);



ALTER TABLE ONLY safedeposit.pds_double_clpp_result ALTER COLUMN id SET DEFAULT nextval(''safedeposit.pds_double_clpp_result_id_seq''::regclass);



ALTER TABLE ONLY safedeposit.pds_double_fbpp_result ALTER COLUMN id SET DEFAULT nextval(''safedeposit.pds_double_fbpp_result_id_seq''::regclass);



ALTER TABLE ONLY safedeposit.pds_double_msp_result ALTER COLUMN id SET DEFAULT nextval(''safedeposit.pds_double_msp_result_id_seq''::regclass);



ALTER TABLE ONLY safedeposit.pds_doubleuser ALTER COLUMN id SET DEFAULT nextval(''safedeposit.pds_doubleuser_id_seq''::regclass);



ALTER TABLE ONLY safedeposit.pds_fbriester_result ALTER COLUMN id SET DEFAULT nextval(''safedeposit.pds_fbriester_result_id_seq''::regclass);



ALTER TABLE ONLY safedeposit.pds_iacc_backward_result ALTER COLUMN id SET DEFAULT nextval(''safedeposit.pds_iacc_backward_result_id_seq''::regclass);



ALTER TABLE ONLY safedeposit.pds_iacc_forward_result ALTER COLUMN id SET DEFAULT nextval(''safedeposit.pds_iacc_forward_result_id_seq''::regclass);



ALTER TABLE ONLY safedeposit.pds_lifeinsurance_result ALTER COLUMN id SET DEFAULT nextval(''safedeposit.pds_lifeinsurance_result_id_seq''::regclass);



ALTER TABLE ONLY safedeposit.pds_prop_result ALTER COLUMN id SET DEFAULT nextval(''safedeposit.pds_prop_result_id_seq''::regclass);


ALTER TABLE ONLY safedeposit.pds_alembic_revisions
    ADD CONSTRAINT pds_alembic_revisions_pkc PRIMARY KEY (version_num);



ALTER TABLE ONLY safedeposit.pds_bankaccount_result
    ADD CONSTRAINT pds_bankaccount_result_pkey PRIMARY KEY (id);



ALTER TABLE ONLY safedeposit.pds_clriester_result
    ADD CONSTRAINT pds_clriester_result_pkey PRIMARY KEY (id);



ALTER TABLE ONLY safedeposit.pds_double_clpp_result
    ADD CONSTRAINT pds_double_clpp_result_pkey PRIMARY KEY (id);



ALTER TABLE ONLY safedeposit.pds_double_fbpp_result
    ADD CONSTRAINT pds_double_fbpp_result_pkey PRIMARY KEY (id);



ALTER TABLE ONLY safedeposit.pds_double_msp_result
    ADD CONSTRAINT pds_double_msp_result_pkey PRIMARY KEY (id);



ALTER TABLE ONLY safedeposit.pds_doubleuser
    ADD CONSTRAINT pds_doubleuser_pkey PRIMARY KEY (id);



ALTER TABLE ONLY safedeposit.pds_fbriester_result
    ADD CONSTRAINT pds_fbriester_result_pkey PRIMARY KEY (id);



ALTER TABLE ONLY safedeposit.pds_iacc_backward_result
    ADD CONSTRAINT pds_iacc_backward_result_pkey PRIMARY KEY (id);



ALTER TABLE ONLY safedeposit.pds_iacc_forward_result
    ADD CONSTRAINT pds_iacc_forward_result_pkey PRIMARY KEY (id);



ALTER TABLE ONLY safedeposit.pds_lifeinsurance_result
    ADD CONSTRAINT pds_lifeinsurance_result_pkey PRIMARY KEY (id);



ALTER TABLE ONLY safedeposit.pds_prop_result
    ADD CONSTRAINT pds_prop_result_pkey PRIMARY KEY (id);



CREATE INDEX ix_pds_bankaccount_result_id ON safedeposit.pds_bankaccount_result USING btree (id);



CREATE INDEX ix_pds_clriester_result_id ON safedeposit.pds_clriester_result USING btree (id);



CREATE INDEX ix_pds_double_clpp_result_id ON safedeposit.pds_double_clpp_result USING btree (id);



CREATE INDEX ix_pds_double_fbpp_result_id ON safedeposit.pds_double_fbpp_result USING btree (id);



CREATE INDEX ix_pds_double_msp_result_id ON safedeposit.pds_double_msp_result USING btree (id);



CREATE INDEX ix_pds_doubleuser_id ON safedeposit.pds_doubleuser USING btree (id);



CREATE INDEX ix_pds_fbriester_result_id ON safedeposit.pds_fbriester_result USING btree (id);



CREATE INDEX ix_pds_iacc_backward_result_id ON safedeposit.pds_iacc_backward_result USING btree (id);



CREATE INDEX ix_pds_iacc_forward_result_id ON safedeposit.pds_iacc_forward_result USING btree (id);



CREATE INDEX ix_pds_lifeinsurance_result_id ON safedeposit.pds_lifeinsurance_result USING btree (id);



CREATE INDEX ix_pds_prop_result_id ON safedeposit.pds_prop_result USING btree (id);



ALTER TABLE ONLY safedeposit.pds_bankaccount_result
    ADD CONSTRAINT pds_bankaccount_result_user_id_fkey FOREIGN KEY (user_id) REFERENCES safedeposit.pds_doubleuser(id);



ALTER TABLE ONLY safedeposit.pds_clriester_result
    ADD CONSTRAINT pds_clriester_result_user_id_fkey FOREIGN KEY (user_id) REFERENCES safedeposit.pds_doubleuser(id);



ALTER TABLE ONLY safedeposit.pds_double_clpp_result
    ADD CONSTRAINT pds_double_clpp_result_user_id_fkey FOREIGN KEY (user_id) REFERENCES safedeposit.pds_doubleuser(id);



ALTER TABLE ONLY safedeposit.pds_double_fbpp_result
    ADD CONSTRAINT pds_double_fbpp_result_user_id_fkey FOREIGN KEY (user_id) REFERENCES safedeposit.pds_doubleuser(id);



ALTER TABLE ONLY safedeposit.pds_double_msp_result
    ADD CONSTRAINT pds_double_msp_result_user_id_fkey FOREIGN KEY (user_id) REFERENCES safedeposit.pds_doubleuser(id);



ALTER TABLE ONLY safedeposit.pds_fbriester_result
    ADD CONSTRAINT pds_fbriester_result_user_id_fkey FOREIGN KEY (user_id) REFERENCES safedeposit.pds_doubleuser(id);



ALTER TABLE ONLY safedeposit.pds_iacc_backward_result
    ADD CONSTRAINT pds_iacc_backward_result_user_id_fkey FOREIGN KEY (user_id) REFERENCES safedeposit.pds_doubleuser(id);



ALTER TABLE ONLY safedeposit.pds_iacc_forward_result
    ADD CONSTRAINT pds_iacc_forward_result_user_id_fkey FOREIGN KEY (user_id) REFERENCES safedeposit.pds_doubleuser(id);



ALTER TABLE ONLY safedeposit.pds_lifeinsurance_result
    ADD CONSTRAINT pds_lifeinsurance_result_user_id_fkey FOREIGN KEY (user_id) REFERENCES safedeposit.pds_doubleuser(id);



ALTER TABLE ONLY safedeposit.pds_prop_result
    ADD CONSTRAINT pds_prop_result_user_id_fkey FOREIGN KEY (user_id) REFERENCES safedeposit.pds_doubleuser(id);');

INSERT INTO apps(app_database_id, app_id, valid_from, valid_to, transaction_ddl, safe_deposit_ddl)
VALUES (6, 'safeAMLApp', '2024-03-01 00:00:00', '9999-12-30 00:00:00', 'CREATE EXTENSION IF NOT EXISTS "uuid-ossp";

-- Define input transaction types enum
CREATE TYPE input.transaction_types AS ENUM(''CASH'', ''WIRE'');

-- Create input transactions table
CREATE TABLE input.input_transactions
(
    transaction_id UUID DEFAULT uuid_generate_v4 () PRIMARY KEY,
    transaction_timestamp TIMESTAMP NOT NULL,
    sender_bic TEXT,
    recipient_bic TEXT,
    sender_iban TEXT ,
    recipient_iban TEXT,
    amount FLOAT NOT NULL,
    sender_currency TEXT ,
    recipient_currency TEXT ,
    transaction_type input.transaction_types NOT NULL,
    is_seed BOOLEAN NOT NULL,
    request_id INT,
    main_party_account TEXT NOT NULL
);

-- Add comments for input transactions columns
COMMENT ON COLUMN input.input_transactions.transaction_id IS ''UUID generated by safeAML'';
COMMENT ON COLUMN input.input_transactions.transaction_timestamp IS ''the timestamp when the transaction occurred'';
COMMENT ON COLUMN input.input_transactions.sender_bic IS ''the BIC of the account holding party'';
COMMENT ON COLUMN input.input_transactions.recipient_bic IS ''the BIC of the counterparty'';
COMMENT ON COLUMN input.input_transactions.sender_iban IS ''the IBAN of the originator party'';
COMMENT ON COLUMN input.input_transactions.recipient_iban IS ''the IBAN of the counterparty'';
COMMENT ON COLUMN input.input_transactions.amount IS ''the transaction amount'';
COMMENT ON COLUMN input.input_transactions.sender_currency IS ''the currency used by the sender'';
COMMENT ON COLUMN input.input_transactions.recipient_currency IS ''the currency used by the recipient'';
COMMENT ON COLUMN input.input_transactions.transaction_type IS ''the transaction type of this transaction'';
COMMENT ON COLUMN input.input_transactions.is_seed IS ''the particular transaction is a seed transaction for AML case'';
COMMENT ON COLUMN input.input_transactions.request_id IS ''the request id generated by graph orchestrator'';
COMMENT ON COLUMN input.input_transactions.main_party_account IS ''the IBAN of the main party'';

-- Define intermediate transaction types enum
CREATE TYPE intermediate.transaction_types AS ENUM(''CASH'', ''WIRE'');

-- Create intermediate transactions table
CREATE TABLE intermediate.intermediate_transactions
(
    transaction_id UUID NOT NULL PRIMARY KEY,
    transaction_timestamp TIMESTAMP NOT NULL,
    sender_bic TEXT,
    recipient_bic TEXT,
    sender_iban TEXT,
    recipient_iban TEXT,
    amount FLOAT NOT NULL,
    sender_currency TEXT,
    recipient_currency TEXT,
    transaction_type intermediate.transaction_types NOT NULL,
    is_seed BOOLEAN NOT NULL
);

-- Add comments for intermediate transactions columns
COMMENT ON COLUMN intermediate.intermediate_transactions.transaction_id IS ''UUID generated by safeAML'';
COMMENT ON COLUMN intermediate.intermediate_transactions.transaction_timestamp IS ''the timestamp when the transaction occurred'';
COMMENT ON COLUMN intermediate.intermediate_transactions.sender_bic IS ''the BIC of the account holding party'';
COMMENT ON COLUMN intermediate.intermediate_transactions.recipient_bic IS ''the BIC of the counterparty'';
COMMENT ON COLUMN intermediate.intermediate_transactions.sender_iban IS ''the IBAN of the originator party'';
COMMENT ON COLUMN intermediate.intermediate_transactions.recipient_iban IS ''the IBAN of the counterparty'';
COMMENT ON COLUMN intermediate.intermediate_transactions.amount IS ''the transaction amount'';
COMMENT ON COLUMN intermediate.intermediate_transactions.sender_currency IS ''the currency used by the sender'';
COMMENT ON COLUMN intermediate.intermediate_transactions.recipient_currency IS ''the currency used by the recipient'';
COMMENT ON COLUMN intermediate.intermediate_transactions.transaction_type IS ''the transaction type of this transaction'';
COMMENT ON COLUMN intermediate.intermediate_transactions.is_seed IS ''the particular transaction is a seed transaction for AML case'';

-- Create intermediate pattern types table
CREATE TABLE intermediate.intermediate_pattern_types
(
    type INTEGER NOT NULL PRIMARY KEY,
    name TEXT NOT NULL,
    description TEXT
);

-- Add comments for intermediate pattern types columns
COMMENT ON COLUMN intermediate.intermediate_pattern_types.type IS ''the type id of the pattern'';
COMMENT ON COLUMN intermediate.intermediate_pattern_types.name IS ''the name of the pattern'';
COMMENT ON COLUMN intermediate.intermediate_pattern_types.description IS ''the description of the pattern'';

-- Create intermediate detected patterns table
CREATE TABLE intermediate.intermediate_detected_patterns
(
    id UUID DEFAULT uuid_generate_v4 () PRIMARY KEY,
    transaction_id UUID NOT NULL,
    pattern_id INTEGER NOT NULL,
    pattern_type INTEGER NOT NULL,
    FOREIGN KEY (transaction_id) REFERENCES intermediate.intermediate_transactions(transaction_id),
    FOREIGN KEY (pattern_type) REFERENCES intermediate.intermediate_pattern_types(type)
);

-- Add comments for intermediate detected patterns columns
COMMENT ON COLUMN intermediate.intermediate_detected_patterns.id IS ''UUID key of the table'';
COMMENT ON COLUMN intermediate.intermediate_detected_patterns.transaction_id IS ''the referenced transaction id'';
COMMENT ON COLUMN intermediate.intermediate_detected_patterns.pattern_id IS ''identifier of the detected pattern'';
COMMENT ON COLUMN intermediate.intermediate_detected_patterns.pattern_type IS ''the pattern type (cyclic payment, fan-out-fan-in, etc)'';

CREATE TABLE intermediate.request_status (
                                             request_id int4 NULL,
                                             bank_descriptor text NULL,
                                             status text NULL
);

COMMENT ON COLUMN intermediate.request_status.request_id IS ''Identifier associated with the request generated by the orchestrator'';
COMMENT ON COLUMN intermediate.request_status.bank_descriptor IS ''Descriptor for the bank (e.g., bank name or code)'';
COMMENT ON COLUMN intermediate.request_status.status IS ''Current status of the request'';

-- Define output transaction types enum
CREATE TYPE output.transaction_types AS ENUM(''CASH'', ''WIRE'');

-- Create output transactions table
CREATE TABLE output.output_transactions
(
    transaction_id UUID NOT NULL,
    transaction_timestamp TIMESTAMP NOT NULL,
    sender_bic TEXT,
    recipient_bic TEXT,
    sender_iban TEXT,
    recipient_iban TEXT,
    amount FLOAT NOT NULL,
    sender_currency TEXT,
    recipient_currency TEXT,
    transaction_type output.transaction_types NOT NULL,
    is_seed BOOLEAN NOT NULL,
    bank_descriptor TEXT NOT NULL,
    PRIMARY KEY (bank_descriptor, transaction_id)

);

-- Add comments for output transactions columns
COMMENT ON COLUMN output.output_transactions.transaction_id IS ''UUID generated by safeAML'';
COMMENT ON COLUMN output.output_transactions.transaction_timestamp IS ''the timestamp when the transaction occurred'';
COMMENT ON COLUMN output.output_transactions.sender_bic IS ''the BIC of the account holding party'';
COMMENT ON COLUMN output.output_transactions.recipient_bic IS ''the BIC of the counterparty'';
COMMENT ON COLUMN output.output_transactions.sender_iban IS ''the IBAN of the originator party (can be null)'';
COMMENT ON COLUMN output.output_transactions.recipient_iban IS ''the IBAN of the counterparty (can be null)'';
COMMENT ON COLUMN output.output_transactions.amount IS ''the transaction amount'';
COMMENT ON COLUMN output.output_transactions.sender_currency IS ''the currency used by the sender'';
COMMENT ON COLUMN output.output_transactions.recipient_currency IS ''the currency used by the recipient'';
COMMENT ON COLUMN output.output_transactions.transaction_type IS ''the transaction type of this transaction'';
COMMENT ON COLUMN output.output_transactions.is_seed IS ''the particular transaction is a seed transaction for AML case'';
COMMENT ON COLUMN output.output_transactions.bank_descriptor IS ''column which is used for row level security'';

-- Create output pattern types table
CREATE TABLE output.output_pattern_types
(
    type INTEGER NOT NULL PRIMARY KEY,
    name TEXT NOT NULL,
    description TEXT
);

-- Add comments for output pattern types columns
COMMENT ON COLUMN output.output_pattern_types.type IS ''the type id of the pattern'';
COMMENT ON COLUMN output.output_pattern_types.name IS ''the name of the pattern'';
COMMENT ON COLUMN output.output_pattern_types.description IS ''the description of the pattern'';

-- Create output detected patterns table
CREATE TABLE output.output_detected_patterns
(
    id UUID DEFAULT uuid_generate_v4 (),
    transaction_id UUID NOT NULL,
    bank_descriptor TEXT NOT NULL,
    pattern_id INTEGER NOT NULL,
    pattern_type INTEGER NOT NULL,
    PRIMARY KEY (bank_descriptor, transaction_id, pattern_id),
    FOREIGN KEY (bank_descriptor, transaction_id) REFERENCES output.output_transactions(bank_descriptor, transaction_id),
    FOREIGN KEY (pattern_type) REFERENCES output.output_pattern_types(type)
);

-- Add comments for output detected patterns columns
COMMENT ON COLUMN output.output_detected_patterns.id IS ''UUID key of the table'';
COMMENT ON COLUMN output.output_detected_patterns.transaction_id IS ''the referenced transaction id'';
COMMENT ON COLUMN output.output_detected_patterns.bank_descriptor IS ''column which is used for row level security'';
COMMENT ON COLUMN output.output_detected_patterns.pattern_id IS ''identifier of the detected pattern'';
COMMENT ON COLUMN output.output_detected_patterns.pattern_type IS ''the pattern type (cyclic payment, fan-out-fan-in, etc)'';

ALTER TABLE output.output_transactions ENABLE ROW LEVEL SECURITY;


CREATE TABLE output.request_params (
                                       bank_descriptor text NULL,
                                       iban text NULL,
                                       begin_date timestamptz NULL,
                                       end_date timestamptz NULL,
                                       request_id int4 NULL,
                                       amount float8 NULL
);

-- Enable row-level security on the table
ALTER TABLE output.request_params ENABLE ROW LEVEL SECURITY;

COMMENT ON COLUMN output.request_params.bank_descriptor IS ''Descriptor for the bank (e.g., bank name or code)'';
COMMENT ON COLUMN output.request_params.iban IS ''International Bank Account Number'';
COMMENT ON COLUMN output.request_params.begin_date IS ''Start date for the request'';
COMMENT ON COLUMN output.request_params.end_date IS ''End date for the request'';
COMMENT ON COLUMN output.request_params.request_id IS ''Identifier for the request generated by graph orchestrator'';
COMMENT ON COLUMN output.request_params.amount IS ''Amount associated with the request'';', '');

INSERT INTO apps(app_database_id, app_id, valid_from, valid_to, transaction_ddl, safe_deposit_ddl)
VALUES (7, 'safeAMLAppMock', '2024-03-01 00:00:00', '9999-12-30 00:00:00', 'create type input.transaction_types as enum(''CASH'', ''BANK_TRANSFER'', ''TRANSFER'');

create table input.input_transactions
(
    transaction_id uuid not null primary key,
    bank_transaction_id text not null,
    transaction_timestamp timestamp not null,
    created_at    timestamp not null,
    originating_bank_bic text not null,
    counterparty_bank_bic text not null,
    originator_iban text not null,
    counterparty_iban text not null,
    amount float not null,
    currency text not null,
    transaction_type input.transaction_types
);

comment on column input.input_transactions.transaction_id is ''UUID generated by safeAML'';

comment on column input.input_transactions.bank_transaction_id is ''the ID of the transaction in the bank system'';

comment on column input.input_transactions.transaction_timestamp is ''the timestamp when the transaction occured'';

comment on column input.input_transactions.created_at is ''the timestamp when the record was created'';

comment on column input.input_transactions.originating_bank_bic is ''the BIC of the account holding party'';

comment on column input.input_transactions.counterparty_bank_bic is ''the BIC of the counterparty'';

comment on column input.input_transactions.originator_iban is ''the IBAN of the originator party'';

comment on column input.input_transactions.counterparty_iban is ''the IBAN of the counterparty'';

comment on column input.input_transactions.amount is ''the transaction amount'';

comment on column input.input_transactions.currency is ''the currency in which the transaction occurs'';

comment on column input.input_transactions.transaction_type is ''the transaction type of this transaction'';

create type intermediate.transaction_types as enum(''CASH'', ''BANK_TRANSFER'', ''TRANSFER'');


create table intermediate.intermediate_transactions
(
    transaction_id uuid not null primary key,
    bank_transaction_id text,
    created_at    timestamp not null,
    originator_bank_bic text not null,
    beneficiary_bank_bic text not null,
    originator_iban text not null,
    beneficiary_iban text not null,
    amount float not null,
    currency text not null,
    transaction_type intermediate.transaction_types
);

comment on column intermediate.intermediate_transactions.transaction_id is ''UUID generated by safeAML'';

comment on column intermediate.intermediate_transactions.bank_transaction_id is ''the ID of the transaction in the bank system. can be null if this information would not be available for the bank for which we return this information'';

comment on column intermediate.intermediate_transactions.originator_bank_bic is ''the BIC of the account holding party'';

comment on column intermediate.intermediate_transactions.beneficiary_bank_bic is ''the BIC of the counterparty'';

comment on column intermediate.intermediate_transactions.originator_iban is ''the IBAN of the originator party.'';

comment on column intermediate.intermediate_transactions.beneficiary_iban is ''the IBAN of the counterparty.'';

comment on column intermediate.intermediate_transactions.amount is ''the transaction amount'';

comment on column intermediate.intermediate_transactions.currency is ''the currency in which the transaction occurs'';

comment on column intermediate.intermediate_transactions.transaction_type is ''the transaction type of this transaction'';

create type output.transaction_types as enum(''CASH'', ''BANK_TRANSFER'', ''TRANSFER'');

create table output.output_transactions
(
    transaction_id uuid not null,
    bank_transaction_id text,
    transaction_timestamp timestamp not null,
    created_at    timestamp not null default NOW(),
    originating_bank_bic text not null,
    counterparty_bank_bic text not null,
    originator_iban text,
    counterparty_iban text,
    amount float not null,
    currency text not null,
    transaction_type output.transaction_types,
    security_column text not null,
    CONSTRAINT primary_key_output PRIMARY KEY (transaction_id, security_column)
);

ALTER TABLE output.output_transactions ENABLE ROW LEVEL SECURITY;

comment on column output.output_transactions.transaction_id is ''UUID generated by safeAML'';

comment on column output.output_transactions.bank_transaction_id is ''the ID of the transaction in the bank system. can be null if this information would not be available for the bank for which we return this information'';

comment on column output.output_transactions.transaction_timestamp is ''the timestamp when the transaction occured'';

comment on column output.output_transactions.created_at is ''the timestamp when the record was created'';

comment on column output.output_transactions.originating_bank_bic is ''the BIC of the account holding party'';

comment on column output.output_transactions.counterparty_bank_bic is ''the BIC of the counterparty'';

comment on column output.output_transactions.originator_iban is ''the IBAN of the originator party. can be null if this information would not be available for the bank for which we return this information'';

comment on column output.output_transactions.counterparty_iban is ''the IBAN of the counterparty. can be null if this information would not be available for the bank for which we return this information'';

comment on column output.output_transactions.amount is ''the transaction amount'';

comment on column output.output_transactions.currency is ''the currency in which the transaction occurs'';

comment on column output.output_transactions.transaction_type is ''the transaction type of this transaction'';
', 'create table safedeposit.input_transactions
(
    transaction_id uuid not null primary key,
    bank_transaction_id text not null
);
');

INSERT INTO apps(app_database_id, app_id, valid_from, valid_to, transaction_ddl, safe_deposit_ddl)
VALUES (8, 'rlsMock', '2024-03-01 00:00:00', '9999-12-30 00:00:00', 'create table output.output_first
(
    transaction_id int not null primary key,
    name text,
    security_column text not null
);

ALTER TABLE output.output_first ENABLE ROW LEVEL SECURITY;

create table output.output_second
(
    transaction_id int not null primary key,
    name text,
    security_column text not null
);

ALTER TABLE output.output_second ENABLE ROW LEVEL SECURITY;', '');

INSERT INTO apps(app_database_id, app_id, valid_from, valid_to, transaction_ddl, safe_deposit_ddl)
VALUES (9, 'safeDepositDBAppMock', '2024-03-01 00:00:00', '9999-12-30 00:00:00', '', 'create table safedeposit.input_transactions
(
    transaction_id uuid not null primary key,
    bank_transaction_id text not null
);');

INSERT INTO workflows(workflow_database_id, workflow_id, resource_name, entry_point, app_database_id)
VALUES (1, 'start-uc2', 'uc2-workflow', 'start-workflow', 1);

INSERT INTO workflows(workflow_database_id, workflow_id, resource_name, entry_point, app_database_id)
VALUES (2, 'start-uc2', 'uc2-workflow-mock', 'start-mock-workflow', 1);

INSERT INTO workflows(workflow_database_id, workflow_id, resource_name, entry_point, app_database_id)
VALUES (3, 'start-uc2', 'mock-uc2-workflow', 'start-workflow', 2);

INSERT INTO workflows(workflow_database_id, workflow_id, resource_name, entry_point, app_database_id)
VALUES (4, 'dataAggregation', 'uc3-workflow', 'start-workflow', 3);

INSERT INTO workflows(workflow_database_id, workflow_id, resource_name, entry_point, app_database_id)
VALUES (5, 'dataAggregationMock', 'mock-uc3-workflow', 'start-workflow', 4);

INSERT INTO workflows(workflow_database_id, workflow_id, resource_name, entry_point, app_database_id)
VALUES (6, 'investigationWorkflow', 'safeaml-all', 'do-all-together', 6);

INSERT INTO workflows(workflow_database_id, workflow_id, resource_name, entry_point, app_database_id)
VALUES (7, 'helloWorld', 'log-helloworld', 'whalesay', 7);

INSERT INTO workflows(workflow_database_id, workflow_id, resource_name, entry_point, app_database_id)
VALUES (8, 'investigationWorkflow', 'safeaml-mock-all', 'do-all-together', 7);

INSERT INTO workflows(workflow_database_id, workflow_id, resource_name, entry_point, app_database_id)
VALUES (9, 'startRLS', 'mock-rls', 'start-rls', 8);

INSERT INTO workflows(workflow_database_id, workflow_id, resource_name, entry_point, app_database_id)
VALUES (10, 'helloWorld', 'log-helloworld', 'whalesay', 9);

INSERT INTO table_security_mapping(security_mapping_database_id, row_base_output_security_column, table_name, app_database_id)
VALUES (1, 'recipient_id', 'output', 1);

INSERT INTO table_security_mapping(security_mapping_database_id, row_base_output_security_column, table_name, app_database_id)
VALUES (2, 'participant_identifier', 'output', 2);

INSERT INTO table_security_mapping(security_mapping_database_id, row_base_output_security_column, table_name, app_database_id)
VALUES (3, 'participant_identifier', 'output', 3);

INSERT INTO table_security_mapping(security_mapping_database_id, row_base_output_security_column, table_name, app_database_id)
VALUES (4, 'participant_identifier', 'output', 4);

INSERT INTO table_security_mapping(security_mapping_database_id, row_base_output_security_column, table_name, app_database_id)
VALUES (5, 'bank_descriptor', 'output_transactions', 6);

INSERT INTO table_security_mapping(security_mapping_database_id, row_base_output_security_column, table_name, app_database_id)
VALUES (6, 'bank_descriptor', 'request_params', 6);

INSERT INTO table_security_mapping(security_mapping_database_id, row_base_output_security_column, table_name, app_database_id)
VALUES (7, 'security_column', 'output_transactions', 7);

INSERT INTO table_security_mapping(security_mapping_database_id, row_base_output_security_column, table_name, app_database_id)
VALUES (8, 'security_column', 'output_first', 8);

INSERT INTO table_security_mapping(security_mapping_database_id, row_base_output_security_column, table_name, app_database_id)
VALUES (9, 'security_column', 'output_second', 8);

INSERT INTO table_security_mapping(security_mapping_database_id, row_base_output_security_column, table_name, app_database_id)
VALUES (10, 'security_column', 'output_transactions', 9);
