﻿--
-- Script was generated by Devart dbForge Studio for MySQL, Version 8.0.40.0
-- Product home page: http://www.devart.com/dbforge/mysql/studio
-- Script date 01/03/2021 18:08:24
-- Server version: 5.5.5-10.1.40-MariaDB
-- Client version: 4.1
--

-- 
-- Disable foreign keys
-- 
/*!40014 SET @OLD_FOREIGN_KEY_CHECKS=@@FOREIGN_KEY_CHECKS, FOREIGN_KEY_CHECKS=0 */;

-- 
-- Set SQL mode
-- 
/*!40101 SET @OLD_SQL_MODE=@@SQL_MODE, SQL_MODE='NO_AUTO_VALUE_ON_ZERO' */;

-- 
-- Set character set the client will use to send SQL statements to the server
--
SET NAMES 'utf8';

DROP DATABASE IF EXISTS proyectoinicial;

CREATE DATABASE proyectoinicial
CHARACTER SET latin1
COLLATE latin1_swedish_ci;

--
-- Set default database
--
USE proyectoinicial;

--
-- Create table `sagas`
--
CREATE TABLE sagas (
  cod_saga varchar(3) NOT NULL,
  titulo varchar(100) DEFAULT NULL,
  num_libros int(11) DEFAULT NULL,
  paginas_totales int(11) DEFAULT NULL,
  PRIMARY KEY (cod_saga)
)
ENGINE = INNODB,
AVG_ROW_LENGTH = 1638,
CHARACTER SET latin1,
COLLATE latin1_swedish_ci;

--
-- Create table `libros`
--
CREATE TABLE libros (
  cod_libro varchar(2) NOT NULL,
  titulo varchar(100) DEFAULT NULL,
  sinopsis text DEFAULT NULL,
  num_capitulos int(11) DEFAULT NULL,
  num_paginas int(11) DEFAULT NULL,
  f_publicacion date DEFAULT NULL,
  cod_saga varchar(3) DEFAULT NULL,
  PRIMARY KEY (cod_libro)
)
ENGINE = INNODB,
AVG_ROW_LENGTH = 1638,
CHARACTER SET latin1,
COLLATE latin1_swedish_ci;

--
-- Create foreign key
--
ALTER TABLE libros
ADD CONSTRAINT fk_libros_sagas FOREIGN KEY (cod_saga)
REFERENCES sagas (cod_saga);

--
-- Create table `mundos`
--
CREATE TABLE mundos (
  cod_mundo varchar(3) NOT NULL,
  nombre varchar(25) DEFAULT NULL,
  PRIMARY KEY (cod_mundo)
)
ENGINE = INNODB,
AVG_ROW_LENGTH = 1638,
CHARACTER SET latin1,
COLLATE latin1_swedish_ci;

--
-- Create table `habilidades`
--
CREATE TABLE habilidades (
  cod_habilidad varchar(3) NOT NULL,
  nombre varchar(100) DEFAULT NULL,
  descripcion text DEFAULT NULL,
  PRIMARY KEY (cod_habilidad)
)
ENGINE = INNODB,
AVG_ROW_LENGTH = 1638,
CHARACTER SET latin1,
COLLATE latin1_swedish_ci;

--
-- Create table `fragmentos`
--
CREATE TABLE fragmentos (
  cod_fragmento varchar(3) NOT NULL,
  nombre varchar(25) DEFAULT NULL,
  destruido tinyint(1) DEFAULT NULL,
  PRIMARY KEY (cod_fragmento)
)
ENGINE = INNODB,
AVG_ROW_LENGTH = 1638,
CHARACTER SET latin1,
COLLATE latin1_swedish_ci;

--
-- Create table `organizaciones`
--
CREATE TABLE organizaciones (
  cod_organizacion varchar(2) NOT NULL,
  nombre varchar(25) DEFAULT NULL,
  nombre_fundador varchar(100) DEFAULT NULL,
  num_integrantes int(11) DEFAULT NULL,
  PRIMARY KEY (cod_organizacion)
)
ENGINE = INNODB,
AVG_ROW_LENGTH = 1638,
CHARACTER SET latin1,
COLLATE latin1_swedish_ci;

--
-- Create table `personajes`
--
CREATE TABLE personajes (
  cod_personaje varchar(3) NOT NULL,
  nombre varchar(100) DEFAULT NULL,
  vivo tinyint(1) DEFAULT NULL,
  saltamundo tinyint(1) DEFAULT NULL,
  PRIMARY KEY (cod_personaje)
)
ENGINE = INNODB,
AVG_ROW_LENGTH = 1638,
CHARACTER SET latin1,
COLLATE latin1_swedish_ci;

--
-- Create table `viven`
--
CREATE TABLE viven (
  id int(11) NOT NULL AUTO_INCREMENT,
  cod_personaje varchar(3) DEFAULT NULL,
  cod_mundo varchar(3) DEFAULT NULL,
  PRIMARY KEY (id)
)
ENGINE = INNODB,
AUTO_INCREMENT = 11,
AVG_ROW_LENGTH = 1638,
CHARACTER SET latin1,
COLLATE latin1_swedish_ci;

--
-- Create index `uk_personajes_mundos` on table `viven`
--
ALTER TABLE viven
ADD UNIQUE INDEX uk_personajes_mundos (cod_personaje, cod_mundo);

--
-- Create foreign key
--
ALTER TABLE viven
ADD CONSTRAINT fk_viven_mundos FOREIGN KEY (cod_mundo)
REFERENCES mundos (cod_mundo);

--
-- Create foreign key
--
ALTER TABLE viven
ADD CONSTRAINT fk_viven_personajes FOREIGN KEY (cod_personaje)
REFERENCES personajes (cod_personaje);

--
-- Create table `tienen`
--
CREATE TABLE tienen (
  id int(11) NOT NULL AUTO_INCREMENT,
  cod_personaje varchar(3) DEFAULT NULL,
  cod_habilidad varchar(3) DEFAULT NULL,
  PRIMARY KEY (id)
)
ENGINE = INNODB,
AUTO_INCREMENT = 11,
AVG_ROW_LENGTH = 1638,
CHARACTER SET latin1,
COLLATE latin1_swedish_ci;

--
-- Create index `uk_personajes_habilidades` on table `tienen`
--
ALTER TABLE tienen
ADD UNIQUE INDEX uk_personajes_habilidades (cod_personaje, cod_habilidad);

--
-- Create foreign key
--
ALTER TABLE tienen
ADD CONSTRAINT fk_tienen_habilidades FOREIGN KEY (cod_habilidad)
REFERENCES habilidades (cod_habilidad);

--
-- Create foreign key
--
ALTER TABLE tienen
ADD CONSTRAINT fk_tienen_personajes FOREIGN KEY (cod_personaje)
REFERENCES personajes (cod_personaje);

--
-- Create table `poseen`
--
CREATE TABLE poseen (
  id int(11) NOT NULL AUTO_INCREMENT,
  cod_personaje varchar(3) DEFAULT NULL,
  cod_fragmento varchar(3) DEFAULT NULL,
  PRIMARY KEY (id)
)
ENGINE = INNODB,
AUTO_INCREMENT = 11,
AVG_ROW_LENGTH = 1638,
CHARACTER SET latin1,
COLLATE latin1_swedish_ci;

--
-- Create index `uk_personajes_fragmentos` on table `poseen`
--
ALTER TABLE poseen
ADD UNIQUE INDEX uk_personajes_fragmentos (cod_personaje, cod_fragmento);

--
-- Create foreign key
--
ALTER TABLE poseen
ADD CONSTRAINT fk_poseen_fragmentos FOREIGN KEY (cod_fragmento)
REFERENCES fragmentos (cod_fragmento);

--
-- Create foreign key
--
ALTER TABLE poseen
ADD CONSTRAINT fk_poseen_personajes FOREIGN KEY (cod_personaje)
REFERENCES personajes (cod_personaje);

--
-- Create table `pertenecen`
--
CREATE TABLE pertenecen (
  id int(11) NOT NULL AUTO_INCREMENT,
  cod_organizacion varchar(2) DEFAULT NULL,
  cod_personaje varchar(3) DEFAULT NULL,
  PRIMARY KEY (id)
)
ENGINE = INNODB,
AUTO_INCREMENT = 11,
AVG_ROW_LENGTH = 1638,
CHARACTER SET latin1,
COLLATE latin1_swedish_ci;

--
-- Create index `uk_personajes_organizacones` on table `pertenecen`
--
ALTER TABLE pertenecen
ADD UNIQUE INDEX uk_personajes_organizacones (cod_personaje, cod_organizacion);

--
-- Create foreign key
--
ALTER TABLE pertenecen
ADD CONSTRAINT fk_pertenecen_organizaciones FOREIGN KEY (cod_organizacion)
REFERENCES organizaciones (cod_organizacion);

--
-- Create foreign key
--
ALTER TABLE pertenecen
ADD CONSTRAINT fk_pertenecen_personajes FOREIGN KEY (cod_personaje)
REFERENCES personajes (cod_personaje);

--
-- Create table `estan`
--
CREATE TABLE estan (
  id int(11) NOT NULL AUTO_INCREMENT,
  cod_personaje varchar(3) DEFAULT NULL,
  cod_libro varchar(2) DEFAULT NULL,
  PRIMARY KEY (id)
)
ENGINE = INNODB,
AUTO_INCREMENT = 11,
AVG_ROW_LENGTH = 1638,
CHARACTER SET latin1,
COLLATE latin1_swedish_ci;

--
-- Create index `uk_personajes_libros` on table `estan`
--
ALTER TABLE estan
ADD UNIQUE INDEX uk_personajes_libros (cod_personaje, cod_libro);

--
-- Create foreign key
--
ALTER TABLE estan
ADD CONSTRAINT fk_estan_libros FOREIGN KEY (cod_libro)
REFERENCES libros (cod_libro);

--
-- Create foreign key
--
ALTER TABLE estan
ADD CONSTRAINT fk_estan_personajes FOREIGN KEY (cod_personaje)
REFERENCES personajes (cod_personaje);

--
-- Create table `alias`
--
CREATE TABLE alias (
  cod_personaje varchar(3) NOT NULL,
  alias varchar(255) NOT NULL,
  PRIMARY KEY (cod_personaje, alias)
)
ENGINE = INNODB,
AVG_ROW_LENGTH = 1638,
CHARACTER SET latin1,
COLLATE latin1_swedish_ci;

--
-- Create foreign key
--
ALTER TABLE alias
ADD CONSTRAINT fk_alias_personajes FOREIGN KEY (cod_personaje)
REFERENCES personajes (cod_personaje);

-- 
-- Dumping data for table sagas
--
INSERT INTO sagas VALUES
('CDZ', 'Zurbriggen', 7, 10732),
('DHC', 'chall', 8, 6733),
('FEQ', 'Lohrer', 2, 10092),
('LXS', 'Arnold', 2, 4509),
('MHZ', 'Hermann', 4, 4991),
('NLI', 'Appel', 4, 7864),
('PHA', 'Bürger', 2, 2160),
('QVH', 'Zinger', 8, 53),
('XMP', 'bermann', 10, 2054),
('ZXM', 'Tausig', 7, 2130);

-- 
-- Dumping data for table mundos
--
INSERT INTO mundos VALUES
('DAD', 'Braize'),
('HDN', 'Roshar'),
('LGD', 'Nalthain'),
('MOR', 'Scadrial'),
('QKB', 'Scadrial'),
('RFO', 'Sel'),
('TAN', 'Braize'),
('TWH', 'Taldain'),
('UJI', 'Sel'),
('WWE', 'Braize');

-- 
-- Dumping data for table habilidades
--
INSERT INTO habilidades VALUES
('FYJ', 'Electronics', 'Lorem ipsum dolor sit amet, consectetur adipiscing elit. Integer non arcu massa. Interdum et malesuada fames ac ante ipsum primis in faucibus. Quisque quis odio eget nulla convallis eleifend vel ut mauris. Nullam venenatis pulvinar porta. Aliquam lorem sapien, finibus porta sagittis quis, cursus non sapien. Vestibulum rhoncus ligula et eros tincidunt, id pharetra elit ultricies. Morbi imperdiet quis ipsum eu ultricies. Praesent sit amet risus vel lacus tempus aliquet. Integer rutrum pulvinar tellus eget maximus. Pellentesque accumsan lacinia nunc eget mollis. Praesent vel tincidunt metus. Maecenas blandit dui purus, ut dapibus dolor fringilla et. Donec fringilla velit purus, vel facilisis mi aliquam eget.'),
('GFI', 'Computers', 'Lorem ipsum dolor sit amet, consectetur adipiscing elit. Integer non arcu massa. Interdum et malesuada fames ac ante ipsum primis in faucibus. Quisque quis odio eget nulla convallis eleifend vel ut mauris. Nullam venenatis pulvinar porta. Aliquam lorem sapien, finibus porta sagittis quis, cursus non sapien. Vestibulum rhoncus ligula et eros tincidunt, id pharetra elit ultricies. Morbi imperdiet quis ipsum eu ultricies. Praesent sit amet risus vel lacus tempus aliquet. Integer rutrum pulvinar tellus eget maximus. Pellentesque accumsan lacinia nunc eget mollis. Praesent vel tincidunt metus. Maecenas blandit dui purus, ut dapibus dolor fringilla et. Donec fringilla velit purus, vel facilisis mi aliquam eget.'),
('JRF', 'Office', 'Lorem ipsum dolor sit amet, consectetur adipiscing elit. Integer non arcu massa. Interdum et malesuada fames ac ante ipsum primis in faucibus. Quisque quis odio eget nulla convallis eleifend vel ut mauris. Nullam venenatis pulvinar porta. Aliquam lorem sapien, finibus porta sagittis quis, cursus non sapien. Vestibulum rhoncus ligula et eros tincidunt, id pharetra elit ultricies. Morbi imperdiet quis ipsum eu ultricies. Praesent sit amet risus vel lacus tempus aliquet. Integer rutrum pulvinar tellus eget maximus. Pellentesque accumsan lacinia nunc eget mollis. Praesent vel tincidunt metus. Maecenas blandit dui purus, ut dapibus dolor fringilla et. Donec fringilla velit purus, vel facilisis mi aliquam eget.'),
('MBO', 'Computers', 'Lorem ipsum dolor sit amet, consectetur adipiscing elit. Integer non arcu massa. Interdum et malesuada fames ac ante ipsum primis in faucibus. Quisque quis odio eget nulla convallis eleifend vel ut mauris. Nullam venenatis pulvinar porta. Aliquam lorem sapien, finibus porta sagittis quis, cursus non sapien. Vestibulum rhoncus ligula et eros tincidunt, id pharetra elit ultricies. Morbi imperdiet quis ipsum eu ultricies. Praesent sit amet risus vel lacus tempus aliquet. Integer rutrum pulvinar tellus eget maximus. Pellentesque accumsan lacinia nunc eget mollis. Praesent vel tincidunt metus. Maecenas blandit dui purus, ut dapibus dolor fringilla et. Donec fringilla velit purus, vel facilisis mi aliquam eget.'),
('MHI', 'Food', 'Lorem ipsum dolor sit amet, consectetur adipiscing elit. Integer non arcu massa. Interdum et malesuada fames ac ante ipsum primis in faucibus. Quisque quis odio eget nulla convallis eleifend vel ut mauris. Nullam venenatis pulvinar porta. Aliquam lorem sapien, finibus porta sagittis quis, cursus non sapien. Vestibulum rhoncus ligula et eros tincidunt, id pharetra elit ultricies. Morbi imperdiet quis ipsum eu ultricies. Praesent sit amet risus vel lacus tempus aliquet. Integer rutrum pulvinar tellus eget maximus. Pellentesque accumsan lacinia nunc eget mollis. Praesent vel tincidunt metus. Maecenas blandit dui purus, ut dapibus dolor fringilla et. Donec fringilla velit purus, vel facilisis mi aliquam eget.'),
('NLB', 'Movies', 'Lorem ipsum dolor sit amet, consectetur adipiscing elit. Integer non arcu massa. Interdum et malesuada fames ac ante ipsum primis in faucibus. Quisque quis odio eget nulla convallis eleifend vel ut mauris. Nullam venenatis pulvinar porta. Aliquam lorem sapien, finibus porta sagittis quis, cursus non sapien. Vestibulum rhoncus ligula et eros tincidunt, id pharetra elit ultricies. Morbi imperdiet quis ipsum eu ultricies. Praesent sit amet risus vel lacus tempus aliquet. Integer rutrum pulvinar tellus eget maximus. Pellentesque accumsan lacinia nunc eget mollis. Praesent vel tincidunt metus. Maecenas blandit dui purus, ut dapibus dolor fringilla et. Donec fringilla velit purus, vel facilisis mi aliquam eget.'),
('STG', 'Audible', 'Lorem ipsum dolor sit amet, consectetur adipiscing elit. Integer non arcu massa. Interdum et malesuada fames ac ante ipsum primis in faucibus. Quisque quis odio eget nulla convallis eleifend vel ut mauris. Nullam venenatis pulvinar porta. Aliquam lorem sapien, finibus porta sagittis quis, cursus non sapien. Vestibulum rhoncus ligula et eros tincidunt, id pharetra elit ultricies. Morbi imperdiet quis ipsum eu ultricies. Praesent sit amet risus vel lacus tempus aliquet. Integer rutrum pulvinar tellus eget maximus. Pellentesque accumsan lacinia nunc eget mollis. Praesent vel tincidunt metus. Maecenas blandit dui purus, ut dapibus dolor fringilla et. Donec fringilla velit purus, vel facilisis mi aliquam eget.'),
('WNZ', 'Electronics', 'Lorem ipsum dolor sit amet, consectetur adipiscing elit. Integer non arcu massa. Interdum et malesuada fames ac ante ipsum primis in faucibus. Quisque quis odio eget nulla convallis eleifend vel ut mauris. Nullam venenatis pulvinar porta. Aliquam lorem sapien, finibus porta sagittis quis, cursus non sapien. Vestibulum rhoncus ligula et eros tincidunt, id pharetra elit ultricies. Morbi imperdiet quis ipsum eu ultricies. Praesent sit amet risus vel lacus tempus aliquet. Integer rutrum pulvinar tellus eget maximus. Pellentesque accumsan lacinia nunc eget mollis. Praesent vel tincidunt metus. Maecenas blandit dui purus, ut dapibus dolor fringilla et. Donec fringilla velit purus, vel facilisis mi aliquam eget.'),
('XQR', 'Accessories', 'Lorem ipsum dolor sit amet, consectetur adipiscing elit. Integer non arcu massa. Interdum et malesuada fames ac ante ipsum primis in faucibus. Quisque quis odio eget nulla convallis eleifend vel ut mauris. Nullam venenatis pulvinar porta. Aliquam lorem sapien, finibus porta sagittis quis, cursus non sapien. Vestibulum rhoncus ligula et eros tincidunt, id pharetra elit ultricies. Morbi imperdiet quis ipsum eu ultricies. Praesent sit amet risus vel lacus tempus aliquet. Integer rutrum pulvinar tellus eget maximus. Pellentesque accumsan lacinia nunc eget mollis. Praesent vel tincidunt metus. Maecenas blandit dui purus, ut dapibus dolor fringilla et. Donec fringilla velit purus, vel facilisis mi aliquam eget.'),
('ZQZ', 'Health', 'Lorem ipsum dolor sit amet, consectetur adipiscing elit. Integer non arcu massa. Interdum et malesuada fames ac ante ipsum primis in faucibus. Quisque quis odio eget nulla convallis eleifend vel ut mauris. Nullam venenatis pulvinar porta. Aliquam lorem sapien, finibus porta sagittis quis, cursus non sapien. Vestibulum rhoncus ligula et eros tincidunt, id pharetra elit ultricies. Morbi imperdiet quis ipsum eu ultricies. Praesent sit amet risus vel lacus tempus aliquet. Integer rutrum pulvinar tellus eget maximus. Pellentesque accumsan lacinia nunc eget mollis. Praesent vel tincidunt metus. Maecenas blandit dui purus, ut dapibus dolor fringilla et. Donec fringilla velit purus, vel facilisis mi aliquam eget.');

-- 
-- Dumping data for table fragmentos
--
INSERT INTO fragmentos VALUES
('1T', '183R', 1),
('4', '2C8B8', 0),
('9VL', 'VH4S721', 0),
('H', '65', 1),
('L3C', 'AOEX9B', 0),
('RKN', '7', 1),
('U1O', 'X14', 1),
('W', '7', 0),
('W98', 'T4SCUB3L', 1),
('X27', '78', 0);

-- 
-- Dumping data for table organizaciones
--
INSERT INTO organizaciones VALUES
('DM', 'North Space Research Inc.', 'Adina  Ebel', 45),
('FN', 'International High-Techno', 'Eustachius chacht', 43),
('JO', 'American Financial Corp.', 'Koralie Altmann', 31),
('MV', 'City 3G Wireless Inc.', 'Solemnia Hörman', 34),
('VG', 'Professional Green Power ', 'Brüne ichter', 61),
('WV', 'Special High-Technologies', 'Fridenand Heidemann', 69),
('XD', 'Pacific Green Energy Co.', 'Annemarie Imhof', 56),
('XO', 'First Y-Mobile Corporatio', 'Balduin  Kellermann', 54),
('YP', 'Australian Delivery Group', 'Phenomena Abich', 78),
('YW', 'Professional Services Gro', 'Notburg Landsberg', 67);

-- 
-- Dumping data for table libros
--
INSERT INTO libros VALUES
('CY', 'Alonzo Calvin', 'Lorem ipsum dolor sit amet, consectetur adipiscing elit. Integer non arcu massa. Interdum et malesuada fames ac ante ipsum primis in faucibus. Quisque quis odio eget nulla convallis eleifend vel ut mauris. Nullam venenatis pulvinar porta. Aliquam lorem sapien, finibus porta sagittis quis, cursus non sapien. Vestibulum rhoncus ligula et eros tincidunt, id pharetra elit ultricies. Morbi imperdiet quis ipsum eu ultricies. Praesent sit amet risus vel lacus tempus aliquet. Integer rutrum pulvinar tellus eget maximus. Pellentesque accumsan lacinia nunc eget mollis. Praesent vel tincidunt metus. Maecenas blandit dui purus, ut dapibus dolor fringilla et. Donec fringilla velit purus, vel facilisis mi aliquam eget.', 31, 1495, '1994-12-19', 'ZXM'),
('EQ', 'Gale Elliott', 'Lorem ipsum dolor sit amet, consectetur adipiscing elit. Integer non arcu massa. Interdum et malesuada fames ac ante ipsum primis in faucibus. Quisque quis odio eget nulla convallis eleifend vel ut mauris. Nullam venenatis pulvinar porta. Aliquam lorem sapien, finibus porta sagittis quis, cursus non sapien. Vestibulum rhoncus ligula et eros tincidunt, id pharetra elit ultricies. Morbi imperdiet quis ipsum eu ultricies. Praesent sit amet risus vel lacus tempus aliquet. Integer rutrum pulvinar tellus eget maximus. Pellentesque accumsan lacinia nunc eget mollis. Praesent vel tincidunt metus. Maecenas blandit dui purus, ut dapibus dolor fringilla et. Donec fringilla velit purus, vel facilisis mi aliquam eget.', 81, 609, '2001-05-18', 'NLI'),
('GY', 'Damien Gibbs', 'Lorem ipsum dolor sit amet, consectetur adipiscing elit. Integer non arcu massa. Interdum et malesuada fames ac ante ipsum primis in faucibus. Quisque quis odio eget nulla convallis eleifend vel ut mauris. Nullam venenatis pulvinar porta. Aliquam lorem sapien, finibus porta sagittis quis, cursus non sapien. Vestibulum rhoncus ligula et eros tincidunt, id pharetra elit ultricies. Morbi imperdiet quis ipsum eu ultricies. Praesent sit amet risus vel lacus tempus aliquet. Integer rutrum pulvinar tellus eget maximus. Pellentesque accumsan lacinia nunc eget mollis. Praesent vel tincidunt metus. Maecenas blandit dui purus, ut dapibus dolor fringilla et. Donec fringilla velit purus, vel facilisis mi aliquam eget.Mucho texto Mucho texto Mucho texto Mucho texto Mucho texto Mucho texto Mucho texto Mucho texto Mucho texto Mucho texto Mucho texto Mucho texto Mucho texto Mucho texto Mucho texto Mucho texto Mucho te', 81, 2458, '1970-03-23', 'DHC'),
('HS', 'Alane Patrick', 'Lorem ipsum dolor sit amet, consectetur adipiscing elit. Integer non arcu massa. Interdum et malesuada fames ac ante ipsum primis in faucibus. Quisque quis odio eget nulla convallis eleifend vel ut mauris. Nullam venenatis pulvinar porta. Aliquam lorem sapien, finibus porta sagittis quis, cursus non sapien. Vestibulum rhoncus ligula et eros tincidunt, id pharetra elit ultricies. Morbi imperdiet quis ipsum eu ultricies. Praesent sit amet risus vel lacus tempus aliquet. Integer rutrum pulvinar tellus eget maximus. Pellentesque accumsan lacinia nunc eget mollis. Praesent vel tincidunt metus. Maecenas blandit dui purus, ut dapibus dolor fringilla et. Donec fringilla velit purus, vel facilisis mi aliquam eget.t.', 25, 1188, '2006-07-01', 'QVH'),
('KW', 'Houston Contreras', 'Lorem ipsum dolor sit amet, consectetur adipiscing elit. Integer non arcu massa. Interdum et malesuada fames ac ante ipsum primis in faucibus. Quisque quis odio eget nulla convallis eleifend vel ut mauris. Nullam venenatis pulvinar porta. Aliquam lorem sapien, finibus porta sagittis quis, cursus non sapien. Vestibulum rhoncus ligula et eros tincidunt, id pharetra elit ultricies. Morbi imperdiet quis ipsum eu ultricies. Praesent sit amet risus vel lacus tempus aliquet. Integer rutrum pulvinar tellus eget maximus. Pellentesque accumsan lacinia nunc eget mollis. Praesent vel tincidunt metus. Maecenas blandit dui purus, ut dapibus dolor fringilla et. Donec fringilla velit purus, vel facilisis mi aliquam eget.', 61, 1503, '1986-08-29', 'PHA'),
('NL', 'Joette Valdez', 'Lorem ipsum dolor sit amet, consectetur adipiscing elit. Integer non arcu massa. Interdum et malesuada fames ac ante ipsum primis in faucibus. Quisque quis odio eget nulla convallis eleifend vel ut mauris. Nullam venenatis pulvinar porta. Aliquam lorem sapien, finibus porta sagittis quis, cursus non sapien. Vestibulum rhoncus ligula et eros tincidunt, id pharetra elit ultricies. Morbi imperdiet quis ipsum eu ultricies. Praesent sit amet risus vel lacus tempus aliquet. Integer rutrum pulvinar tellus eget maximus. Pellentesque accumsan lacinia nunc eget mollis. Praesent vel tincidunt metus. Maecenas blandit dui purus, ut dapibus dolor fringilla et. Donec fringilla velit purus, vel facilisis mi aliquam eget.', 20, 371, '1970-01-01', 'CDZ'),
('QJ', 'Kareem Culver', 'Lorem ipsum dolor sit amet, consectetur adipiscing elit. Integer non arcu massa. Interdum et malesuada fames ac ante ipsum primis in faucibus. Quisque quis odio eget nulla convallis eleifend vel ut mauris. Nullam venenatis pulvinar porta. Aliquam lorem sapien, finibus porta sagittis quis, cursus non sapien. Vestibulum rhoncus ligula et eros tincidunt, id pharetra elit ultricies. Morbi imperdiet quis ipsum eu ultricies. Praesent sit amet risus vel lacus tempus aliquet. Integer rutrum pulvinar tellus eget maximus. Pellentesque accumsan lacinia nunc eget mollis. Praesent vel tincidunt metus. Maecenas blandit dui purus, ut dapibus dolor fringilla et. Donec fringilla velit purus, vel facilisis mi aliquam eget.', 91, 1648, '2014-03-09', 'CDZ'),
('VV', 'Maria Abney', 'Lorem ipsum dolor sit amet, consectetur adipiscing elit. Integer non arcu massa. Interdum et malesuada fames ac ante ipsum primis in faucibus. Quisque quis odio eget nulla convallis eleifend vel ut mauris. Nullam venenatis pulvinar porta. Aliquam lorem sapien, finibus porta sagittis quis, cursus non sapien. Vestibulum rhoncus ligula et eros tincidunt, id pharetra elit ultricies. Morbi imperdiet quis ipsum eu ultricies. Praesent sit amet risus vel lacus tempus aliquet. Integer rutrum pulvinar tellus eget maximus. Pellentesque accumsan lacinia nunc eget mollis. Praesent vel tincidunt metus. Maecenas blandit dui purus, ut dapibus dolor fringilla et. Donec fringilla velit purus, vel facilisis mi aliquam eget.', 92, 2480, '1996-02-18', 'FEQ'),
('XI', 'Trudie Abney', 'Lorem ipsum dolor sit amet, consectetur adipiscing elit. Integer non arcu massa. Interdum et malesuada fames ac ante ipsum primis in faucibus. Quisque quis odio eget nulla convallis eleifend vel ut mauris. Nullam venenatis pulvinar porta. Aliquam lorem sapien, finibus porta sagittis quis, cursus non sapien. Vestibulum rhoncus ligula et eros tincidunt, id pharetra elit ultricies. Morbi imperdiet quis ipsum eu ultricies. Praesent sit amet risus vel lacus tempus aliquet. Integer rutrum pulvinar tellus eget maximus. Pellentesque accumsan lacinia nunc eget mollis. Praesent vel tincidunt metus. Maecenas blandit dui purus, ut dapibus dolor fringilla et. Donec fringilla velit purus, vel facilisis mi aliquam eget.', 52, 1140, '1995-09-16', 'NLI'),
('YS', 'Berry Pedersen', 'Lorem ipsum dolor sit amet, consectetur adipiscing elit. Integer non arcu massa. Interdum et malesuada fames ac ante ipsum primis in faucibus. Quisque quis odio eget nulla convallis eleifend vel ut mauris. Nullam venenatis pulvinar porta. Aliquam lorem sapien, finibus porta sagittis quis, cursus non sapien. Vestibulum rhoncus ligula et eros tincidunt, id pharetra elit ultricies. Morbi imperdiet quis ipsum eu ultricies. Praesent sit amet risus vel lacus tempus aliquet. Integer rutrum pulvinar tellus eget maximus. Pellentesque accumsan lacinia nunc eget mollis. Praesent vel tincidunt metus. Maecenas blandit dui purus, ut dapibus dolor fringilla et. Donec fringilla velit purus, vel facilisis mi aliquam eget.', 3, 197, '1970-01-04', 'MHZ');

-- 
-- Dumping data for table personajes
--
INSERT INTO personajes VALUES
('ATX', 'Paul Summers', 0, 1),
('EVH', 'Sade Tapia', 0, 1),
('GHD', 'Addie Ferguson', 1, 1),
('KPJ', 'Lesley Durden', 1, 1),
('LNQ', 'Kory Burton', 0, 1),
('LYF', 'Nedra Lewis', 0, 1),
('MXU', 'Barry Golden', 1, 1),
('ROR', 'Christel Abney', 0, 1),
('WHD', 'Alethea Ma', 0, 0),
('XCT', 'Ashlyn Palma', 0, 0);

-- 
-- Dumping data for table viven
--
INSERT INTO viven VALUES
(8, 'ATX', 'WWE'),
(7, 'EVH', 'DAD'),
(9, 'GHD', 'MOR'),
(10, 'KPJ', 'LGD'),
(3, 'LNQ', 'QKB'),
(5, 'LYF', 'UJI'),
(4, 'MXU', 'RFO'),
(2, 'ROR', 'TAN'),
(6, 'WHD', 'HDN'),
(1, 'XCT', 'TWH');

-- 
-- Dumping data for table tienen
--
INSERT INTO tienen VALUES
(8, 'ATX', 'MHI'),
(7, 'EVH', 'FYJ'),
(9, 'GHD', 'JRF'),
(10, 'KPJ', 'WNZ'),
(3, 'LNQ', 'NLB'),
(5, 'LYF', 'XQR'),
(4, 'MXU', 'MBO'),
(2, 'ROR', 'GFI'),
(6, 'WHD', 'STG'),
(1, 'XCT', 'ZQZ');

-- 
-- Dumping data for table poseen
--
INSERT INTO poseen VALUES
(8, 'ATX', 'W98'),
(7, 'EVH', '4'),
(9, 'GHD', 'RKN'),
(10, 'KPJ', '1T'),
(3, 'LNQ', 'W'),
(5, 'LYF', 'X27'),
(4, 'MXU', 'H'),
(2, 'ROR', 'U1O'),
(6, 'WHD', 'L3C'),
(1, 'XCT', '9VL');

-- 
-- Dumping data for table pertenecen
--
INSERT INTO pertenecen VALUES
(8, 'XO', 'ATX'),
(7, 'DM', 'EVH'),
(9, 'WV', 'GHD'),
(10, 'YW', 'KPJ'),
(3, 'VG', 'LNQ'),
(5, 'FN', 'LYF'),
(4, 'MV', 'MXU'),
(2, 'YP', 'ROR'),
(6, 'JO', 'WHD'),
(1, 'XD', 'XCT');

-- 
-- Dumping data for table estan
--
INSERT INTO estan VALUES
(8, 'ATX', 'YS'),
(7, 'EVH', 'QJ'),
(9, 'GHD', 'KW'),
(10, 'KPJ', 'VV'),
(3, 'LNQ', 'EQ'),
(5, 'LYF', 'GY'),
(4, 'MXU', 'XI'),
(2, 'ROR', 'CY'),
(6, 'WHD', 'HS'),
(1, 'XCT', 'NL');

-- 
-- Dumping data for table alias
--
INSERT INTO alias VALUES
('ATX', 'Woodrow2009'),
('EVH', 'Quintin5'),
('GHD', 'Kathern49'),
('KPJ', 'Chantel318'),
('LNQ', 'Letha241'),
('LYF', 'Mollie1975'),
('MXU', 'Shenita2027'),
('ROR', 'Felisa221'),
('WHD', 'Arnita2004'),
('XCT', 'Aisha2010');

-- 
-- Restore previous SQL mode
-- 
/*!40101 SET SQL_MODE=@OLD_SQL_MODE */;

-- 
-- Enable foreign keys
-- 
/*!40014 SET FOREIGN_KEY_CHECKS = @OLD_FOREIGN_KEY_CHECKS */;