/*
 Navicat Premium Data Transfer

 Source Server         : natali_sis
 Source Server Type    : MySQL
 Source Server Version : 100136
 Source Host           : localhost:3306
 Source Schema         : dev_sis

 Target Server Type    : MySQL
 Target Server Version : 100136
 File Encoding         : 65001

 Date: 07/12/2018 11:27:37
*/

SET NAMES utf8mb4;
SET FOREIGN_KEY_CHECKS = 0;

-- ----------------------------
-- Table structure for departamento
-- ----------------------------
DROP TABLE IF EXISTS `departamento`;
CREATE TABLE `departamento`  (
  `idDepartamento` int(11) NOT NULL AUTO_INCREMENT,
  `idPais` int(11) NULL DEFAULT NULL,
  `departamento` varchar(255) CHARACTER SET latin1 COLLATE latin1_swedish_ci NOT NULL,
  PRIMARY KEY (`idDepartamento`) USING BTREE
) ENGINE = InnoDB AUTO_INCREMENT = 97 CHARACTER SET = utf8 COLLATE = utf8_general_ci ROW_FORMAT = Compact;

-- ----------------------------
-- Records of departamento
-- ----------------------------
INSERT INTO `departamento` VALUES (1, 175, 'AMAZONAS');
INSERT INTO `departamento` VALUES (2, 175, 'ANCASH');
INSERT INTO `departamento` VALUES (3, 175, 'APURIMAC');
INSERT INTO `departamento` VALUES (4, 175, 'AREQUIPA');
INSERT INTO `departamento` VALUES (5, 175, 'AYACUCHO');
INSERT INTO `departamento` VALUES (6, 175, 'CAJAMARCA');
INSERT INTO `departamento` VALUES (7, 175, 'REGION CALLAO');
INSERT INTO `departamento` VALUES (8, 175, 'CUSCO');
INSERT INTO `departamento` VALUES (9, 175, 'HUANCAVELICA');
INSERT INTO `departamento` VALUES (10, 175, 'HUANUCO');
INSERT INTO `departamento` VALUES (11, 175, 'ICA');
INSERT INTO `departamento` VALUES (12, 175, 'JUNIN');
INSERT INTO `departamento` VALUES (13, 175, 'LA LIBERTAD');
INSERT INTO `departamento` VALUES (14, 175, 'LAMBAYEQUE');
INSERT INTO `departamento` VALUES (15, 175, 'LIMA');
INSERT INTO `departamento` VALUES (16, 175, 'LORETO');
INSERT INTO `departamento` VALUES (17, 175, 'MADRE DE DIOS');
INSERT INTO `departamento` VALUES (18, 175, 'MOQUEGUA');
INSERT INTO `departamento` VALUES (19, 175, 'PASCO');
INSERT INTO `departamento` VALUES (20, 175, 'PIURA');
INSERT INTO `departamento` VALUES (21, 175, 'PUNO');
INSERT INTO `departamento` VALUES (22, 175, 'SAN MARTIN');
INSERT INTO `departamento` VALUES (23, 175, 'TACNA');
INSERT INTO `departamento` VALUES (24, 175, 'TUMBES');
INSERT INTO `departamento` VALUES (25, 175, 'UCAYALI');
INSERT INTO `departamento` VALUES (26, 0, 'NO DETERMINADO');
INSERT INTO `departamento` VALUES (27, 238, 'Alabama');
INSERT INTO `departamento` VALUES (28, 238, 'Alaska');
INSERT INTO `departamento` VALUES (29, 238, 'Arizona');
INSERT INTO `departamento` VALUES (30, 238, 'Arkansas');
INSERT INTO `departamento` VALUES (31, 238, 'California');
INSERT INTO `departamento` VALUES (32, 238, 'Carolina del Norte');
INSERT INTO `departamento` VALUES (33, 238, 'Carolina del Sur');
INSERT INTO `departamento` VALUES (34, 238, 'Colorado');
INSERT INTO `departamento` VALUES (35, 238, 'Connecticut');
INSERT INTO `departamento` VALUES (36, 238, 'Dakota del Norte');
INSERT INTO `departamento` VALUES (37, 238, 'Dakota del Sur');
INSERT INTO `departamento` VALUES (38, 238, 'Delaware');
INSERT INTO `departamento` VALUES (39, 238, 'Florida');
INSERT INTO `departamento` VALUES (40, 238, 'Georgia');
INSERT INTO `departamento` VALUES (41, 238, 'Hawái');
INSERT INTO `departamento` VALUES (42, 238, 'Idaho');
INSERT INTO `departamento` VALUES (43, 238, 'Illinois');
INSERT INTO `departamento` VALUES (44, 238, 'Indiana');
INSERT INTO `departamento` VALUES (45, 238, 'Iowa');
INSERT INTO `departamento` VALUES (46, 238, 'Kansas');
INSERT INTO `departamento` VALUES (47, 238, 'Kentucky');
INSERT INTO `departamento` VALUES (74, 238, 'Maine');
INSERT INTO `departamento` VALUES (75, 238, 'Maryland');
INSERT INTO `departamento` VALUES (76, 238, 'Massachusetts');
INSERT INTO `departamento` VALUES (77, 238, 'Minnesota');
INSERT INTO `departamento` VALUES (78, 238, 'Misuri');
INSERT INTO `departamento` VALUES (79, 238, 'Montana');
INSERT INTO `departamento` VALUES (80, 238, 'Nebraska');
INSERT INTO `departamento` VALUES (81, 238, 'Nevada');
INSERT INTO `departamento` VALUES (82, 238, 'Nueva York');
INSERT INTO `departamento` VALUES (83, 238, 'Nuevo Hampshire');
INSERT INTO `departamento` VALUES (84, 238, 'Ohio');
INSERT INTO `departamento` VALUES (85, 238, 'Oklahoma');
INSERT INTO `departamento` VALUES (86, 238, 'Pensilvania');
INSERT INTO `departamento` VALUES (87, 238, 'Rhode Island');
INSERT INTO `departamento` VALUES (88, 238, 'Tennessee');
INSERT INTO `departamento` VALUES (89, 238, 'Texas');
INSERT INTO `departamento` VALUES (90, 238, 'Utah');
INSERT INTO `departamento` VALUES (91, 238, 'Vermont');
INSERT INTO `departamento` VALUES (92, 238, 'Virginia');
INSERT INTO `departamento` VALUES (93, 238, 'Virginia Occidental');
INSERT INTO `departamento` VALUES (94, 238, 'Washington');
INSERT INTO `departamento` VALUES (95, 238, 'Wisconsin');
INSERT INTO `departamento` VALUES (96, 238, 'Wyoming');

-- ----------------------------
-- Table structure for distrito
-- ----------------------------
DROP TABLE IF EXISTS `distrito`;
CREATE TABLE `distrito`  (
  `idDistrito` int(11) NOT NULL,
  `idProvincia` int(11) NOT NULL,
  `distrito` text CHARACTER SET utf8 COLLATE utf8_spanish_ci NOT NULL,
  `ordenar` int(11) NOT NULL DEFAULT 0
) ENGINE = InnoDB CHARACTER SET = utf8 COLLATE = utf8_general_ci ROW_FORMAT = Compact;

-- ----------------------------
-- Records of distrito
-- ----------------------------
INSERT INTO `distrito` VALUES (1, 1, 'CHACHAPOYAS', 0);
INSERT INTO `distrito` VALUES (2, 1, 'ASUNCION', 0);
INSERT INTO `distrito` VALUES (3, 1, 'BALSAS', 0);
INSERT INTO `distrito` VALUES (4, 1, 'CHETO', 0);
INSERT INTO `distrito` VALUES (5, 1, 'CHILIQUIN', 0);
INSERT INTO `distrito` VALUES (6, 1, 'CHUQUIBAMBA', 0);
INSERT INTO `distrito` VALUES (7, 1, 'GRANADA', 0);
INSERT INTO `distrito` VALUES (8, 1, 'HUANCAS', 0);
INSERT INTO `distrito` VALUES (9, 1, 'LA JALCA', 0);
INSERT INTO `distrito` VALUES (10, 1, 'LEIMEBAMBA', 0);
INSERT INTO `distrito` VALUES (11, 1, 'LEVANTO', 0);
INSERT INTO `distrito` VALUES (12, 1, 'MAGDALENA', 0);
INSERT INTO `distrito` VALUES (13, 1, 'MARISCAL CASTILLA', 0);
INSERT INTO `distrito` VALUES (14, 1, 'MOLINOPAMPA', 0);
INSERT INTO `distrito` VALUES (15, 1, 'MONTEVIDEO', 0);
INSERT INTO `distrito` VALUES (16, 1, 'OLLEROS', 0);
INSERT INTO `distrito` VALUES (17, 1, 'QUINJALCA', 0);
INSERT INTO `distrito` VALUES (18, 1, 'SAN FCO DE DAGUAS', 0);
INSERT INTO `distrito` VALUES (19, 1, 'SAN ISIDRO DE MAINO', 0);
INSERT INTO `distrito` VALUES (20, 1, 'SOLOCO', 0);
INSERT INTO `distrito` VALUES (21, 1, 'SONCHE', 0);
INSERT INTO `distrito` VALUES (33, 2, 'LA PECA', 0);
INSERT INTO `distrito` VALUES (34, 2, 'ARAMANGO', 0);
INSERT INTO `distrito` VALUES (35, 2, 'COPALLIN', 0);
INSERT INTO `distrito` VALUES (36, 2, 'EL PARCO', 0);
INSERT INTO `distrito` VALUES (37, 2, 'IMAZA', 0);
INSERT INTO `distrito` VALUES (38, 2, 'BAGUA', 0);
INSERT INTO `distrito` VALUES (40, 3, 'JUMBILLA', 0);
INSERT INTO `distrito` VALUES (41, 3, 'COROSHA', 0);
INSERT INTO `distrito` VALUES (42, 3, 'CUISPES', 0);
INSERT INTO `distrito` VALUES (43, 3, 'CHISQUILLA', 0);
INSERT INTO `distrito` VALUES (44, 3, 'CHURUJA', 0);
INSERT INTO `distrito` VALUES (45, 3, 'FLORIDA', 0);
INSERT INTO `distrito` VALUES (46, 3, 'RECTA', 0);
INSERT INTO `distrito` VALUES (47, 3, 'SAN CARLOS', 0);
INSERT INTO `distrito` VALUES (48, 3, 'SHIPASBAMBA', 0);
INSERT INTO `distrito` VALUES (49, 3, 'VALERA', 0);
INSERT INTO `distrito` VALUES (50, 3, 'YAMBRASBAMBA', 0);
INSERT INTO `distrito` VALUES (51, 3, 'JAZAN', 0);
INSERT INTO `distrito` VALUES (55, 4, 'NIEVA', 0);
INSERT INTO `distrito` VALUES (56, 4, 'RIO SANTIAGO', 0);
INSERT INTO `distrito` VALUES (57, 4, 'EL CENEPA', 0);
INSERT INTO `distrito` VALUES (58, 5, 'LAMUD', 0);
INSERT INTO `distrito` VALUES (59, 5, 'CAMPORREDONDO', 0);
INSERT INTO `distrito` VALUES (60, 5, 'COCABAMBA', 0);
INSERT INTO `distrito` VALUES (61, 5, 'COLCAMAR', 0);
INSERT INTO `distrito` VALUES (62, 5, 'CONILA', 0);
INSERT INTO `distrito` VALUES (63, 5, 'INGUILPATA', 0);
INSERT INTO `distrito` VALUES (64, 5, 'LONGUITA', 0);
INSERT INTO `distrito` VALUES (65, 5, 'LONYA CHICO', 0);
INSERT INTO `distrito` VALUES (66, 5, 'LUYA', 0);
INSERT INTO `distrito` VALUES (67, 5, 'LUYA VIEJO', 0);
INSERT INTO `distrito` VALUES (68, 5, 'MARIA', 0);
INSERT INTO `distrito` VALUES (69, 5, 'OCALLI', 0);
INSERT INTO `distrito` VALUES (70, 5, 'OCUMAL', 0);
INSERT INTO `distrito` VALUES (71, 5, 'PISUQUIA', 0);
INSERT INTO `distrito` VALUES (72, 5, 'SAN CRISTOBAL', 0);
INSERT INTO `distrito` VALUES (73, 5, 'SAN FRANCISCO DE YESO', 0);
INSERT INTO `distrito` VALUES (74, 5, 'SAN JERONIMO', 0);
INSERT INTO `distrito` VALUES (75, 5, 'SAN JUAN DE LOPECANCHA', 0);
INSERT INTO `distrito` VALUES (76, 5, 'SANTA CATALINA', 0);
INSERT INTO `distrito` VALUES (77, 5, 'SANTO TOMAS', 0);
INSERT INTO `distrito` VALUES (78, 5, 'TINGO', 0);
INSERT INTO `distrito` VALUES (79, 5, 'TRITA', 0);
INSERT INTO `distrito` VALUES (80, 5, 'PROVIDENCIA', 0);
INSERT INTO `distrito` VALUES (89, 6, 'SAN NICOLAS', 0);
INSERT INTO `distrito` VALUES (90, 6, 'COCHAMAL', 0);
INSERT INTO `distrito` VALUES (91, 6, 'CHIRIMOTO', 0);
INSERT INTO `distrito` VALUES (92, 6, 'HUAMBO', 0);
INSERT INTO `distrito` VALUES (93, 6, 'LIMABAMBA', 0);
INSERT INTO `distrito` VALUES (94, 6, 'LONGAR', 0);
INSERT INTO `distrito` VALUES (95, 6, 'MILPUC', 0);
INSERT INTO `distrito` VALUES (96, 6, 'MCAL BENAVIDES', 0);
INSERT INTO `distrito` VALUES (97, 6, 'OMIA', 0);
INSERT INTO `distrito` VALUES (98, 4, 'NIEVA', 0);
INSERT INTO `distrito` VALUES (99, 4, 'RIO SANTIAGO', 0);
INSERT INTO `distrito` VALUES (100, 4, 'EL CENEPA', 0);
INSERT INTO `distrito` VALUES (101, 7, 'BAGUA GRANDE', 0);
INSERT INTO `distrito` VALUES (102, 7, 'CAJARURO', 0);
INSERT INTO `distrito` VALUES (103, 7, 'CUMBA', 0);
INSERT INTO `distrito` VALUES (104, 7, 'EL MILAGRO', 0);
INSERT INTO `distrito` VALUES (105, 7, 'JAMALCA', 0);
INSERT INTO `distrito` VALUES (106, 7, 'LONYA GRANDE', 0);
INSERT INTO `distrito` VALUES (107, 7, 'YAMON', 0);
INSERT INTO `distrito` VALUES (108, 6, 'SANTA ROSA', 0);
INSERT INTO `distrito` VALUES (109, 6, 'TOTORA', 0);
INSERT INTO `distrito` VALUES (110, 6, 'VISTA ALEGRE', 0);
INSERT INTO `distrito` VALUES (120, 8, 'HUARAZ', 0);
INSERT INTO `distrito` VALUES (121, 8, 'INDEPENDENCIA', 0);
INSERT INTO `distrito` VALUES (122, 8, 'COCHABAMBA', 0);
INSERT INTO `distrito` VALUES (123, 8, 'COLCABAMBA', 0);
INSERT INTO `distrito` VALUES (124, 8, 'HUANCHAY', 0);
INSERT INTO `distrito` VALUES (125, 8, 'JANGAS', 0);
INSERT INTO `distrito` VALUES (126, 8, 'LA LIBERTAD', 0);
INSERT INTO `distrito` VALUES (127, 8, 'OLLEROS', 0);
INSERT INTO `distrito` VALUES (128, 8, 'PAMPAS', 0);
INSERT INTO `distrito` VALUES (129, 9, 'AIJA', 0);
INSERT INTO `distrito` VALUES (130, 9, 'CORIS', 0);
INSERT INTO `distrito` VALUES (131, 9, 'HUACLLAN', 0);
INSERT INTO `distrito` VALUES (132, 9, 'LA MERCED', 0);
INSERT INTO `distrito` VALUES (133, 9, 'SUCCHA', 0);
INSERT INTO `distrito` VALUES (134, 12, 'CHIQUIAN', 0);
INSERT INTO `distrito` VALUES (135, 12, 'A PARDO LEZAMETA', 0);
INSERT INTO `distrito` VALUES (136, 12, 'AQUIA', 0);
INSERT INTO `distrito` VALUES (137, 12, 'CAJACAY', 0);
INSERT INTO `distrito` VALUES (138, 13, 'CARHUAZ', 0);
INSERT INTO `distrito` VALUES (139, 13, 'ACOPAMPA', 0);
INSERT INTO `distrito` VALUES (140, 13, 'AMASHCA', 0);
INSERT INTO `distrito` VALUES (141, 13, 'ANTA', 0);
INSERT INTO `distrito` VALUES (142, 13, 'ATAQUERO', 0);
INSERT INTO `distrito` VALUES (143, 13, 'MARCARA', 0);
INSERT INTO `distrito` VALUES (144, 13, 'PARIAHUANCA', 0);
INSERT INTO `distrito` VALUES (145, 13, 'SAN MIGUEL DE ACO', 0);
INSERT INTO `distrito` VALUES (146, 13, 'SHILLA', 0);
INSERT INTO `distrito` VALUES (147, 15, 'CASMA', 0);
INSERT INTO `distrito` VALUES (148, 15, 'BUENA VISTA ALTA', 0);
INSERT INTO `distrito` VALUES (149, 15, 'C', 0);
INSERT INTO `distrito` VALUES (150, 15, 'YAUTAN', 0);
INSERT INTO `distrito` VALUES (151, 16, 'CORONGO', 0);
INSERT INTO `distrito` VALUES (152, 16, 'ACO', 0);
INSERT INTO `distrito` VALUES (153, 16, 'BAMBAS', 0);
INSERT INTO `distrito` VALUES (154, 16, 'CUSCA', 0);
INSERT INTO `distrito` VALUES (155, 16, 'LA PAMPA', 0);
INSERT INTO `distrito` VALUES (156, 16, 'YANAC', 0);
INSERT INTO `distrito` VALUES (157, 16, 'YUPAN', 0);
INSERT INTO `distrito` VALUES (158, 19, 'CARAZ', 0);
INSERT INTO `distrito` VALUES (159, 19, 'HUALLANCA', 0);
INSERT INTO `distrito` VALUES (160, 19, 'HUATA', 0);
INSERT INTO `distrito` VALUES (161, 19, 'HUAYLAS', 0);
INSERT INTO `distrito` VALUES (162, 19, 'MATO', 0);
INSERT INTO `distrito` VALUES (163, 19, 'PAMPAROMAS', 0);
INSERT INTO `distrito` VALUES (164, 19, 'PUEBLO LIBRE', 0);
INSERT INTO `distrito` VALUES (165, 19, 'SANTA CRUZ', 0);
INSERT INTO `distrito` VALUES (166, 19, 'YURACMARCA', 0);
INSERT INTO `distrito` VALUES (167, 17, 'HUARI', 0);
INSERT INTO `distrito` VALUES (168, 17, 'CAJAY', 0);
INSERT INTO `distrito` VALUES (169, 17, 'CHAVIN DE HUANTAR', 0);
INSERT INTO `distrito` VALUES (170, 17, 'HUACACHI', 0);
INSERT INTO `distrito` VALUES (171, 17, 'HUACHIS', 0);
INSERT INTO `distrito` VALUES (172, 17, 'HUACCHIS', 0);
INSERT INTO `distrito` VALUES (173, 17, 'HUANTAR', 0);
INSERT INTO `distrito` VALUES (174, 17, 'MASIN', 0);
INSERT INTO `distrito` VALUES (175, 17, 'PAUCAS', 0);
INSERT INTO `distrito` VALUES (176, 20, 'PISCOBAMBA', 0);
INSERT INTO `distrito` VALUES (177, 20, 'CASCA', 0);
INSERT INTO `distrito` VALUES (178, 20, 'LUCMA', 0);
INSERT INTO `distrito` VALUES (179, 20, 'FIDEL OLIVAS ESCUDERO', 0);
INSERT INTO `distrito` VALUES (180, 20, 'LLAMA', 0);
INSERT INTO `distrito` VALUES (181, 20, 'LLUMPA', 0);
INSERT INTO `distrito` VALUES (182, 20, 'MUSGA', 0);
INSERT INTO `distrito` VALUES (183, 20, 'ELEAZAR GUZMAN BARRON', 0);
INSERT INTO `distrito` VALUES (184, 8, 'PARIACOTO', 0);
INSERT INTO `distrito` VALUES (185, 8, 'PIRA', 0);
INSERT INTO `distrito` VALUES (186, 8, 'TARICA', 0);
INSERT INTO `distrito` VALUES (187, 12, 'HUAYLLACAYAN', 0);
INSERT INTO `distrito` VALUES (188, 12, 'HUASTA', 0);
INSERT INTO `distrito` VALUES (189, 12, 'MANGAS', 0);
INSERT INTO `distrito` VALUES (190, 12, 'PACLLON', 0);
INSERT INTO `distrito` VALUES (191, 12, 'SAN MIGUEL DE CORPANQUI', 0);
INSERT INTO `distrito` VALUES (192, 12, 'TICLLOS', 0);
INSERT INTO `distrito` VALUES (193, 12, 'ANTONIO RAIMONDI', 0);
INSERT INTO `distrito` VALUES (194, 12, 'CANIS', 0);
INSERT INTO `distrito` VALUES (195, 12, 'COLQUIOC', 0);
INSERT INTO `distrito` VALUES (196, 12, 'LA PRIMAVERA', 0);
INSERT INTO `distrito` VALUES (197, 12, 'HUALLANCA', 0);
INSERT INTO `distrito` VALUES (198, 13, 'TINCO', 0);
INSERT INTO `distrito` VALUES (199, 13, 'YUNGAR', 0);
INSERT INTO `distrito` VALUES (200, 19, 'SANTO TORIBIO', 0);
INSERT INTO `distrito` VALUES (201, 17, 'PONTO', 0);
INSERT INTO `distrito` VALUES (202, 17, 'RAHUAPAMPA', 0);
INSERT INTO `distrito` VALUES (203, 17, 'RAPAYAN', 0);
INSERT INTO `distrito` VALUES (204, 17, 'SAN MARCOS', 0);
INSERT INTO `distrito` VALUES (205, 17, 'SAN PEDRO DE CHANA', 0);
INSERT INTO `distrito` VALUES (206, 17, 'UCO', 0);
INSERT INTO `distrito` VALUES (207, 17, 'ANRA', 0);
INSERT INTO `distrito` VALUES (208, 22, 'CABANA', 0);
INSERT INTO `distrito` VALUES (209, 22, 'BOLOGNESI', 0);
INSERT INTO `distrito` VALUES (210, 22, 'CONCHUCOS', 0);
INSERT INTO `distrito` VALUES (211, 22, 'HUACASCHUQUE', 0);
INSERT INTO `distrito` VALUES (212, 22, 'HUANDOVAL', 0);
INSERT INTO `distrito` VALUES (213, 22, 'LACABAMBA', 0);
INSERT INTO `distrito` VALUES (214, 22, 'LLAPO', 0);
INSERT INTO `distrito` VALUES (215, 22, 'PALLASCA', 0);
INSERT INTO `distrito` VALUES (216, 22, 'PAMPAS', 0);
INSERT INTO `distrito` VALUES (217, 23, 'POMABAMBA', 0);
INSERT INTO `distrito` VALUES (218, 23, 'HUAYLLAN', 0);
INSERT INTO `distrito` VALUES (219, 23, 'PAROBAMBA', 0);
INSERT INTO `distrito` VALUES (220, 23, 'QUINUABAMBA', 0);
INSERT INTO `distrito` VALUES (221, 24, 'RECUAY', 0);
INSERT INTO `distrito` VALUES (222, 24, 'COTAPARACO', 0);
INSERT INTO `distrito` VALUES (223, 24, 'HUAYLLAPAMPA', 0);
INSERT INTO `distrito` VALUES (224, 24, 'MARCA', 0);
INSERT INTO `distrito` VALUES (225, 24, 'PAMPAS CHICO', 0);
INSERT INTO `distrito` VALUES (226, 24, 'PARARIN', 0);
INSERT INTO `distrito` VALUES (227, 24, 'TAPACOCHA', 0);
INSERT INTO `distrito` VALUES (228, 24, 'TICAPAMPA', 0);
INSERT INTO `distrito` VALUES (229, 24, 'LLACLLIN', 0);
INSERT INTO `distrito` VALUES (230, 25, 'CHIMBOTE', 0);
INSERT INTO `distrito` VALUES (231, 25, 'CACERES DEL PERU', 0);
INSERT INTO `distrito` VALUES (232, 25, 'MACATE', 0);
INSERT INTO `distrito` VALUES (233, 25, 'MORO', 0);
INSERT INTO `distrito` VALUES (234, 25, 'NEPE', 0);
INSERT INTO `distrito` VALUES (235, 25, 'SAMANCO', 0);
INSERT INTO `distrito` VALUES (236, 25, 'SANTA', 0);
INSERT INTO `distrito` VALUES (237, 25, 'COISHCO', 0);
INSERT INTO `distrito` VALUES (238, 25, 'NUEVO CHIMBOTE', 0);
INSERT INTO `distrito` VALUES (239, 26, 'SIHUAS', 0);
INSERT INTO `distrito` VALUES (240, 26, 'ALFONSO UGARTE', 0);
INSERT INTO `distrito` VALUES (241, 26, 'CHINGALPO', 0);
INSERT INTO `distrito` VALUES (242, 26, 'HUAYLLABAMBA', 0);
INSERT INTO `distrito` VALUES (243, 26, 'QUICHES', 0);
INSERT INTO `distrito` VALUES (244, 26, 'SICSIBAMBA', 0);
INSERT INTO `distrito` VALUES (245, 26, 'ACOBAMBA', 0);
INSERT INTO `distrito` VALUES (246, 26, 'CASHAPAMPA', 0);
INSERT INTO `distrito` VALUES (247, 26, 'RAGASH', 0);
INSERT INTO `distrito` VALUES (248, 27, 'YUNGAY', 0);
INSERT INTO `distrito` VALUES (249, 27, 'CASCAPARA', 0);
INSERT INTO `distrito` VALUES (250, 27, 'MANCOS', 0);
INSERT INTO `distrito` VALUES (251, 27, 'MATACOTO', 0);
INSERT INTO `distrito` VALUES (252, 27, 'QUILLO', 0);
INSERT INTO `distrito` VALUES (253, 27, 'RANRAHIRCA', 0);
INSERT INTO `distrito` VALUES (254, 27, 'SHUPLUY', 0);
INSERT INTO `distrito` VALUES (255, 27, 'YANAMA', 0);
INSERT INTO `distrito` VALUES (256, 258, 'LLAMELLIN', 0);
INSERT INTO `distrito` VALUES (257, 258, 'ACZO', 0);
INSERT INTO `distrito` VALUES (258, 258, 'CHACCHO', 0);
INSERT INTO `distrito` VALUES (259, 258, 'CHINGAS', 0);
INSERT INTO `distrito` VALUES (260, 258, 'MIRGAS', 0);
INSERT INTO `distrito` VALUES (261, 258, 'SAN JUAN DE RONTOY', 0);
INSERT INTO `distrito` VALUES (262, 14, 'SAN LUIS', 0);
INSERT INTO `distrito` VALUES (263, 14, 'YAUYA', 0);
INSERT INTO `distrito` VALUES (264, 14, 'SAN NICOLAS', 0);
INSERT INTO `distrito` VALUES (265, 11, 'CHACAS', 0);
INSERT INTO `distrito` VALUES (266, 11, 'ACOCHACA', 0);
INSERT INTO `distrito` VALUES (267, 18, 'HUARMEY', 0);
INSERT INTO `distrito` VALUES (268, 18, 'COCHAPETI', 0);
INSERT INTO `distrito` VALUES (269, 18, 'HUAYAN', 0);
INSERT INTO `distrito` VALUES (270, 18, 'MALVAS', 0);
INSERT INTO `distrito` VALUES (271, 18, 'CULEBRAS', 0);
INSERT INTO `distrito` VALUES (272, 21, 'ACAS', 0);
INSERT INTO `distrito` VALUES (273, 21, 'CAJAMARQUILLA', 0);
INSERT INTO `distrito` VALUES (274, 21, 'CARHUAPAMPA', 0);
INSERT INTO `distrito` VALUES (275, 21, 'COCHAS', 0);
INSERT INTO `distrito` VALUES (276, 21, 'CONGAS', 0);
INSERT INTO `distrito` VALUES (277, 21, 'LLIPA', 0);
INSERT INTO `distrito` VALUES (278, 21, 'OCROS', 0);
INSERT INTO `distrito` VALUES (279, 21, 'SAN CRISTOBAL DE RAJAN', 0);
INSERT INTO `distrito` VALUES (280, 21, 'SAN PEDRO', 0);
INSERT INTO `distrito` VALUES (281, 22, 'SANTA ROSA', 0);
INSERT INTO `distrito` VALUES (282, 22, 'TAUCA', 0);
INSERT INTO `distrito` VALUES (283, 24, 'CATAC', 0);
INSERT INTO `distrito` VALUES (284, 26, 'SAN JUAN', 0);
INSERT INTO `distrito` VALUES (285, 21, 'SANTIAGO DE CHILCAS', 0);
INSERT INTO `distrito` VALUES (375, 39, 'ABANCAY', 0);
INSERT INTO `distrito` VALUES (376, 39, 'CIRCA', 0);
INSERT INTO `distrito` VALUES (377, 39, 'CURAHUASI', 0);
INSERT INTO `distrito` VALUES (378, 39, 'CHACOCHE', 0);
INSERT INTO `distrito` VALUES (379, 39, 'HUANIPACA', 0);
INSERT INTO `distrito` VALUES (380, 39, 'LAMBRAMA', 0);
INSERT INTO `distrito` VALUES (381, 39, 'PICHIRHUA', 0);
INSERT INTO `distrito` VALUES (382, 39, 'SAN PEDRO DE CACHORA', 0);
INSERT INTO `distrito` VALUES (383, 39, 'TAMBURCO', 0);
INSERT INTO `distrito` VALUES (384, 42, 'CHALHUANCA', 0);
INSERT INTO `distrito` VALUES (385, 42, 'CAPAYA', 0);
INSERT INTO `distrito` VALUES (386, 42, 'CARAYBAMBA', 0);
INSERT INTO `distrito` VALUES (387, 42, 'COLCABAMBA', 0);
INSERT INTO `distrito` VALUES (388, 42, 'COTARUSE', 0);
INSERT INTO `distrito` VALUES (389, 42, 'CHAPIMARCA', 0);
INSERT INTO `distrito` VALUES (390, 42, 'IHUAYLLO', 0);
INSERT INTO `distrito` VALUES (391, 42, 'LUCRE', 0);
INSERT INTO `distrito` VALUES (392, 42, 'POCOHUANCA', 0);
INSERT INTO `distrito` VALUES (393, 40, 'ANDAHUAYLAS', 0);
INSERT INTO `distrito` VALUES (394, 40, 'ANDARAPA', 0);
INSERT INTO `distrito` VALUES (395, 40, 'CHIARA', 0);
INSERT INTO `distrito` VALUES (396, 40, 'HUANCARAMA', 0);
INSERT INTO `distrito` VALUES (397, 40, 'HUANCARAY', 0);
INSERT INTO `distrito` VALUES (398, 40, 'KISHUARA', 0);
INSERT INTO `distrito` VALUES (399, 40, 'PACOBAMBA', 0);
INSERT INTO `distrito` VALUES (400, 40, 'PAMPACHIRI', 0);
INSERT INTO `distrito` VALUES (401, 40, 'SAN ANTONIO DE CACHI', 0);
INSERT INTO `distrito` VALUES (402, 41, 'ANTABAMBA', 0);
INSERT INTO `distrito` VALUES (403, 41, 'EL ORO', 0);
INSERT INTO `distrito` VALUES (404, 41, 'HUAQUIRCA', 0);
INSERT INTO `distrito` VALUES (405, 41, 'JUAN ESPINOZA MEDRANO', 0);
INSERT INTO `distrito` VALUES (406, 41, 'OROPESA', 0);
INSERT INTO `distrito` VALUES (407, 41, 'PACHACONAS', 0);
INSERT INTO `distrito` VALUES (408, 41, 'SABAINO', 0);
INSERT INTO `distrito` VALUES (409, 43, 'TAMBOBAMBA', 0);
INSERT INTO `distrito` VALUES (410, 43, 'COYLLURQUI', 0);
INSERT INTO `distrito` VALUES (411, 43, 'COTABAMBAS', 0);
INSERT INTO `distrito` VALUES (412, 43, 'HAQUIRA', 0);
INSERT INTO `distrito` VALUES (413, 43, 'MARA', 0);
INSERT INTO `distrito` VALUES (414, 43, 'CHALLHUAHUACHO', 0);
INSERT INTO `distrito` VALUES (415, 45, 'CHUQUIBAMBILLA', 0);
INSERT INTO `distrito` VALUES (416, 45, 'CURPAHUASI', 0);
INSERT INTO `distrito` VALUES (417, 45, 'HUAILLATI', 0);
INSERT INTO `distrito` VALUES (418, 45, 'MAMARA', 0);
INSERT INTO `distrito` VALUES (419, 45, 'MARISCAL GAMARRA', 0);
INSERT INTO `distrito` VALUES (420, 45, 'MICAELA BASTIDAS', 0);
INSERT INTO `distrito` VALUES (421, 45, 'PROGRESO', 0);
INSERT INTO `distrito` VALUES (422, 45, 'PATAYPAMPA', 0);
INSERT INTO `distrito` VALUES (423, 45, 'SAN ANTONIO', 0);
INSERT INTO `distrito` VALUES (424, 44, 'CHINCHEROS', 0);
INSERT INTO `distrito` VALUES (425, 44, 'ONGOY', 0);
INSERT INTO `distrito` VALUES (426, 44, 'OCOBAMBA', 0);
INSERT INTO `distrito` VALUES (427, 44, 'COCHARCAS', 0);
INSERT INTO `distrito` VALUES (428, 44, 'ANCO HUALLO', 0);
INSERT INTO `distrito` VALUES (429, 44, 'HUACCANA', 0);
INSERT INTO `distrito` VALUES (430, 44, 'URANMARCA', 0);
INSERT INTO `distrito` VALUES (431, 44, 'RANRACANCHA', 0);
INSERT INTO `distrito` VALUES (432, 42, 'SA', 0);
INSERT INTO `distrito` VALUES (433, 42, 'SORAYA', 0);
INSERT INTO `distrito` VALUES (434, 42, 'TAPAIRIHUA', 0);
INSERT INTO `distrito` VALUES (435, 42, 'TINTAY', 0);
INSERT INTO `distrito` VALUES (436, 42, 'TORAYA', 0);
INSERT INTO `distrito` VALUES (437, 42, 'YANACA', 0);
INSERT INTO `distrito` VALUES (438, 42, 'SAN JUAN DE CHAC', 0);
INSERT INTO `distrito` VALUES (439, 42, 'JUSTO APU SAHUARAURA', 0);
INSERT INTO `distrito` VALUES (440, 40, 'SAN JERONIMO', 0);
INSERT INTO `distrito` VALUES (441, 40, 'TALAVERA', 0);
INSERT INTO `distrito` VALUES (442, 40, 'TURPO', 0);
INSERT INTO `distrito` VALUES (443, 40, 'PACUCHA', 0);
INSERT INTO `distrito` VALUES (444, 40, 'POMACOCHA', 0);
INSERT INTO `distrito` VALUES (445, 40, 'STA MARIA DE CHICMO', 0);
INSERT INTO `distrito` VALUES (446, 40, 'TUMAY HUARACA', 0);
INSERT INTO `distrito` VALUES (447, 40, 'HUAYANA', 0);
INSERT INTO `distrito` VALUES (448, 40, 'SAN MIGUEL DE CHACCRAMPA', 0);
INSERT INTO `distrito` VALUES (449, 40, 'KAQUIABAMBA', 0);
INSERT INTO `distrito` VALUES (450, 45, 'TURPAY', 0);
INSERT INTO `distrito` VALUES (451, 45, 'VILCABAMBA', 0);
INSERT INTO `distrito` VALUES (452, 45, 'VIRUNDO', 0);
INSERT INTO `distrito` VALUES (453, 45, 'SANTA ROSA', 0);
INSERT INTO `distrito` VALUES (454, 45, 'CURASCO', 0);
INSERT INTO `distrito` VALUES (502, 46, 'AREQUIPA', 0);
INSERT INTO `distrito` VALUES (503, 46, 'CAYMA', 0);
INSERT INTO `distrito` VALUES (504, 46, 'CERRO COLORADO', 0);
INSERT INTO `distrito` VALUES (505, 46, 'CHARACATO', 0);
INSERT INTO `distrito` VALUES (506, 46, 'CHIGUATA', 0);
INSERT INTO `distrito` VALUES (507, 46, 'LA JOYA', 0);
INSERT INTO `distrito` VALUES (508, 46, 'MIRAFLORES', 0);
INSERT INTO `distrito` VALUES (509, 46, 'MOLLEBAYA', 0);
INSERT INTO `distrito` VALUES (510, 46, 'PAUCARPATA', 0);
INSERT INTO `distrito` VALUES (511, 50, 'CHIVAY', 0);
INSERT INTO `distrito` VALUES (512, 50, 'ACHOMA', 0);
INSERT INTO `distrito` VALUES (513, 50, 'CABANACONDE', 0);
INSERT INTO `distrito` VALUES (514, 50, 'CAYLLOMA', 0);
INSERT INTO `distrito` VALUES (515, 50, 'CALLALLI', 0);
INSERT INTO `distrito` VALUES (516, 50, 'COPORAQUE', 0);
INSERT INTO `distrito` VALUES (517, 50, 'HUAMBO', 0);
INSERT INTO `distrito` VALUES (518, 50, 'HUANCA', 0);
INSERT INTO `distrito` VALUES (519, 50, 'ICHUPAMPA', 0);
INSERT INTO `distrito` VALUES (520, 47, 'JOSE MARIA QUIMPER', 0);
INSERT INTO `distrito` VALUES (521, 47, 'MARIANO N VALCARCEL', 0);
INSERT INTO `distrito` VALUES (522, 47, 'MARISCAL CACERES', 0);
INSERT INTO `distrito` VALUES (523, 47, 'NICOLAS DE PIEROLA', 0);
INSERT INTO `distrito` VALUES (524, 47, 'OCO', 0);
INSERT INTO `distrito` VALUES (525, 47, 'QUILCA', 0);
INSERT INTO `distrito` VALUES (526, 47, 'SAMUEL PASTOR', 0);
INSERT INTO `distrito` VALUES (527, 48, 'CARAVELI', 0);
INSERT INTO `distrito` VALUES (528, 48, 'ACARI', 0);
INSERT INTO `distrito` VALUES (529, 48, 'ATICO', 0);
INSERT INTO `distrito` VALUES (530, 48, 'ATIQUIPA', 0);
INSERT INTO `distrito` VALUES (531, 48, 'BELLA UNION', 0);
INSERT INTO `distrito` VALUES (532, 48, 'CAHUACHO', 0);
INSERT INTO `distrito` VALUES (533, 48, 'CHALA', 0);
INSERT INTO `distrito` VALUES (534, 48, 'CHAPARRA', 0);
INSERT INTO `distrito` VALUES (535, 48, 'HUANUHUANU', 0);
INSERT INTO `distrito` VALUES (536, 49, 'APLAO', 0);
INSERT INTO `distrito` VALUES (537, 49, 'ANDAGUA', 0);
INSERT INTO `distrito` VALUES (538, 49, 'AYO', 0);
INSERT INTO `distrito` VALUES (539, 49, 'CHACHAS', 0);
INSERT INTO `distrito` VALUES (540, 49, 'CHILCAYMARCA', 0);
INSERT INTO `distrito` VALUES (541, 49, 'CHOCO', 0);
INSERT INTO `distrito` VALUES (542, 49, 'HUANCARQUI', 0);
INSERT INTO `distrito` VALUES (543, 49, 'MACHAGUAY', 0);
INSERT INTO `distrito` VALUES (544, 49, 'ORCOPAMPA', 0);
INSERT INTO `distrito` VALUES (545, 51, 'CHUQUIBAMBA', 0);
INSERT INTO `distrito` VALUES (546, 51, 'ANDARAY', 0);
INSERT INTO `distrito` VALUES (547, 51, 'CAYARANI', 0);
INSERT INTO `distrito` VALUES (548, 51, 'CHICHAS', 0);
INSERT INTO `distrito` VALUES (549, 51, 'IRAY', 0);
INSERT INTO `distrito` VALUES (550, 51, 'SALAMANCA', 0);
INSERT INTO `distrito` VALUES (551, 51, 'YANAQUIHUA', 0);
INSERT INTO `distrito` VALUES (552, 51, 'RIO GRANDE', 0);
INSERT INTO `distrito` VALUES (553, 52, 'MOLLENDO', 0);
INSERT INTO `distrito` VALUES (554, 52, 'COCACHACRA', 0);
INSERT INTO `distrito` VALUES (555, 52, 'DEAN VALDIVIA', 0);
INSERT INTO `distrito` VALUES (556, 52, 'ISLAY', 0);
INSERT INTO `distrito` VALUES (557, 52, 'MEJIA', 0);
INSERT INTO `distrito` VALUES (558, 52, 'PUNTA DE BOMBON', 0);
INSERT INTO `distrito` VALUES (559, 53, 'COTAHUASI', 0);
INSERT INTO `distrito` VALUES (560, 53, 'ALCA', 0);
INSERT INTO `distrito` VALUES (561, 53, 'CHARCANA', 0);
INSERT INTO `distrito` VALUES (562, 53, 'HUAYNACOTAS', 0);
INSERT INTO `distrito` VALUES (563, 53, 'PAMPAMARCA', 0);
INSERT INTO `distrito` VALUES (564, 53, 'PUYCA', 0);
INSERT INTO `distrito` VALUES (565, 53, 'QUECHUALLA', 0);
INSERT INTO `distrito` VALUES (566, 53, 'SAYLA', 0);
INSERT INTO `distrito` VALUES (567, 53, 'TAURIA', 0);
INSERT INTO `distrito` VALUES (568, 46, 'POCSI', 0);
INSERT INTO `distrito` VALUES (569, 46, 'POLOBAYA', 0);
INSERT INTO `distrito` VALUES (570, 46, 'QUEQUE', 0);
INSERT INTO `distrito` VALUES (571, 46, 'SABANDIA', 0);
INSERT INTO `distrito` VALUES (572, 46, 'SACHACA', 0);
INSERT INTO `distrito` VALUES (573, 46, 'SAN JUAN DE SIGUAS', 0);
INSERT INTO `distrito` VALUES (574, 46, 'SAN JUAN DE TARUCANI', 0);
INSERT INTO `distrito` VALUES (575, 46, 'SANTA ISABEL DE SIGUAS', 0);
INSERT INTO `distrito` VALUES (576, 46, 'STA RITA DE SIGUAS', 0);
INSERT INTO `distrito` VALUES (577, 46, 'SOCABAYA', 0);
INSERT INTO `distrito` VALUES (578, 46, 'TIABAYA', 0);
INSERT INTO `distrito` VALUES (579, 46, 'UCHUMAYO', 0);
INSERT INTO `distrito` VALUES (580, 46, 'VITOR', 0);
INSERT INTO `distrito` VALUES (581, 46, 'YANAHUARA', 0);
INSERT INTO `distrito` VALUES (582, 46, 'YARABAMBA', 0);
INSERT INTO `distrito` VALUES (583, 46, 'YURA', 0);
INSERT INTO `distrito` VALUES (584, 46, 'MARIANO MELGAR', 0);
INSERT INTO `distrito` VALUES (585, 46, 'JACOBO HUNTER', 0);
INSERT INTO `distrito` VALUES (586, 46, 'ALTO SELVA ALEGRE', 0);
INSERT INTO `distrito` VALUES (587, 46, 'JOSE LUIS BUSTAMANTE Y RIVERO', 0);
INSERT INTO `distrito` VALUES (588, 50, 'LARI', 0);
INSERT INTO `distrito` VALUES (589, 50, 'LLUTA', 0);
INSERT INTO `distrito` VALUES (590, 50, 'MACA', 0);
INSERT INTO `distrito` VALUES (591, 50, 'MADRIGAL', 0);
INSERT INTO `distrito` VALUES (592, 50, 'SAN ANTONIO DE CHUCA', 0);
INSERT INTO `distrito` VALUES (593, 50, 'SIBAYO', 0);
INSERT INTO `distrito` VALUES (594, 50, 'TAPAY', 0);
INSERT INTO `distrito` VALUES (595, 50, 'TISCO', 0);
INSERT INTO `distrito` VALUES (596, 50, 'TUTI', 0);
INSERT INTO `distrito` VALUES (597, 50, 'YANQUE', 0);
INSERT INTO `distrito` VALUES (598, 50, 'MAJES', 0);
INSERT INTO `distrito` VALUES (599, 48, 'JAQUI', 0);
INSERT INTO `distrito` VALUES (600, 48, 'LOMAS', 0);
INSERT INTO `distrito` VALUES (601, 48, 'QUICACHA', 0);
INSERT INTO `distrito` VALUES (602, 48, 'YAUCA', 0);
INSERT INTO `distrito` VALUES (603, 49, 'PAMPACOLCA', 0);
INSERT INTO `distrito` VALUES (604, 49, 'TIPAN', 0);
INSERT INTO `distrito` VALUES (605, 49, 'URACA', 0);
INSERT INTO `distrito` VALUES (606, 49, 'U', 0);
INSERT INTO `distrito` VALUES (607, 49, 'VIRACO', 0);
INSERT INTO `distrito` VALUES (608, 53, 'TOMEPAMPA', 0);
INSERT INTO `distrito` VALUES (609, 53, 'TORO', 0);
INSERT INTO `distrito` VALUES (629, 61, 'AYACUCHO', 0);
INSERT INTO `distrito` VALUES (630, 61, 'ACOS VINCHOS', 0);
INSERT INTO `distrito` VALUES (631, 61, 'CARMEN ALTO', 0);
INSERT INTO `distrito` VALUES (632, 61, 'CHIARA', 0);
INSERT INTO `distrito` VALUES (633, 61, 'QUINUA', 0);
INSERT INTO `distrito` VALUES (634, 61, 'SAN JOSE DE TICLLAS', 0);
INSERT INTO `distrito` VALUES (635, 61, 'SAN JUAN BAUTISTA', 0);
INSERT INTO `distrito` VALUES (636, 61, 'SANTIAGO DE PISCHA', 0);
INSERT INTO `distrito` VALUES (637, 61, 'VINCHOS', 0);
INSERT INTO `distrito` VALUES (638, 62, 'CANGALLO', 0);
INSERT INTO `distrito` VALUES (639, 62, 'CHUSCHI', 0);
INSERT INTO `distrito` VALUES (640, 62, 'LOS MOROCHUCOS', 0);
INSERT INTO `distrito` VALUES (641, 62, 'PARAS', 0);
INSERT INTO `distrito` VALUES (642, 62, 'TOTOS', 0);
INSERT INTO `distrito` VALUES (643, 64, 'HUANTA', 0);
INSERT INTO `distrito` VALUES (644, 64, 'AYAHUANCO', 0);
INSERT INTO `distrito` VALUES (645, 64, 'HUAMANGUILLA', 0);
INSERT INTO `distrito` VALUES (646, 64, 'IGUAIN', 0);
INSERT INTO `distrito` VALUES (647, 64, 'LURICOCHA', 0);
INSERT INTO `distrito` VALUES (648, 64, 'SANTILLANA', 0);
INSERT INTO `distrito` VALUES (649, 64, 'SIVIA', 0);
INSERT INTO `distrito` VALUES (650, 64, 'LLOCHEGUA', 0);
INSERT INTO `distrito` VALUES (651, 65, 'SAN MIGUEL', 0);
INSERT INTO `distrito` VALUES (652, 65, 'ANCO', 0);
INSERT INTO `distrito` VALUES (653, 65, 'AYNA', 0);
INSERT INTO `distrito` VALUES (654, 65, 'CHILCAS', 0);
INSERT INTO `distrito` VALUES (655, 65, 'CHUNGUI', 0);
INSERT INTO `distrito` VALUES (656, 65, 'TAMBO', 0);
INSERT INTO `distrito` VALUES (657, 65, 'LUIS CARRANZA', 0);
INSERT INTO `distrito` VALUES (658, 65, 'SANTA ROSA', 0);
INSERT INTO `distrito` VALUES (659, 66, 'PUQUIO', 0);
INSERT INTO `distrito` VALUES (660, 66, 'AUCARA', 0);
INSERT INTO `distrito` VALUES (661, 66, 'CABANA', 0);
INSERT INTO `distrito` VALUES (662, 66, 'CARMEN SALCEDO', 0);
INSERT INTO `distrito` VALUES (663, 66, 'CHAVI', 0);
INSERT INTO `distrito` VALUES (664, 66, 'CHIPAO', 0);
INSERT INTO `distrito` VALUES (665, 67, 'CORACORA', 0);
INSERT INTO `distrito` VALUES (666, 67, 'CORONEL CASTA', 0);
INSERT INTO `distrito` VALUES (667, 67, 'CHUMPI', 0);
INSERT INTO `distrito` VALUES (668, 67, 'PACAPAUSA', 0);
INSERT INTO `distrito` VALUES (669, 70, 'HUANCAPI', 0);
INSERT INTO `distrito` VALUES (670, 70, 'ALCAMENCA', 0);
INSERT INTO `distrito` VALUES (671, 70, 'APONGO', 0);
INSERT INTO `distrito` VALUES (672, 70, 'CANARIA', 0);
INSERT INTO `distrito` VALUES (673, 70, 'CAYARA', 0);
INSERT INTO `distrito` VALUES (674, 70, 'COLCA', 0);
INSERT INTO `distrito` VALUES (675, 70, 'HUAYA', 0);
INSERT INTO `distrito` VALUES (676, 70, 'HUAMANQUIQUIA', 0);
INSERT INTO `distrito` VALUES (677, 63, 'SANCOS', 0);
INSERT INTO `distrito` VALUES (678, 63, 'SACSAMARCA', 0);
INSERT INTO `distrito` VALUES (679, 63, 'SANTIAGO DE LUCANAMARCA', 0);
INSERT INTO `distrito` VALUES (680, 63, 'CARAPO', 0);
INSERT INTO `distrito` VALUES (681, 71, 'VILCAS HUAMAN', 0);
INSERT INTO `distrito` VALUES (682, 71, 'VISCHONGO', 0);
INSERT INTO `distrito` VALUES (683, 71, 'ACCOMARCA', 0);
INSERT INTO `distrito` VALUES (684, 71, 'CARHUANCA', 0);
INSERT INTO `distrito` VALUES (685, 71, 'CONCEPCION', 0);
INSERT INTO `distrito` VALUES (686, 71, 'HUAMBALPA', 0);
INSERT INTO `distrito` VALUES (687, 71, 'SAURAMA', 0);
INSERT INTO `distrito` VALUES (688, 71, 'INDEPENDENCIA', 0);
INSERT INTO `distrito` VALUES (689, 61, 'TAMBILLO', 0);
INSERT INTO `distrito` VALUES (690, 61, 'ACOCRO', 0);
INSERT INTO `distrito` VALUES (691, 61, 'SOCOS', 0);
INSERT INTO `distrito` VALUES (692, 61, 'OCROS', 0);
INSERT INTO `distrito` VALUES (693, 61, 'PACAYCASA', 0);
INSERT INTO `distrito` VALUES (694, 61, 'JESUS NAZARENO', 0);
INSERT INTO `distrito` VALUES (695, 62, 'MARIA PARADO DE BELLIDO', 0);
INSERT INTO `distrito` VALUES (696, 66, 'HUAC-HUAS', 0);
INSERT INTO `distrito` VALUES (697, 66, 'LARAMATE', 0);
INSERT INTO `distrito` VALUES (698, 66, 'LEONCIO PRADO', 0);
INSERT INTO `distrito` VALUES (699, 66, 'LUCANAS', 0);
INSERT INTO `distrito` VALUES (700, 66, 'LLAUTA', 0);
INSERT INTO `distrito` VALUES (701, 66, 'OCA', 0);
INSERT INTO `distrito` VALUES (702, 66, 'OTOCA', 0);
INSERT INTO `distrito` VALUES (703, 66, 'SANCOS', 0);
INSERT INTO `distrito` VALUES (704, 66, 'SAN JUAN', 0);
INSERT INTO `distrito` VALUES (705, 66, 'SAN PEDRO', 0);
INSERT INTO `distrito` VALUES (706, 66, 'STA ANA DE HUAYCAHUACHO', 0);
INSERT INTO `distrito` VALUES (707, 66, 'SANTA LUCIA', 0);
INSERT INTO `distrito` VALUES (708, 66, 'SAISA', 0);
INSERT INTO `distrito` VALUES (709, 66, 'SAN PEDRO DE PALCO', 0);
INSERT INTO `distrito` VALUES (710, 66, 'SAN CRISTOBAL', 0);
INSERT INTO `distrito` VALUES (711, 67, 'PULLO', 0);
INSERT INTO `distrito` VALUES (712, 67, 'PUYUSCA', 0);
INSERT INTO `distrito` VALUES (713, 67, 'SAN FCO DE RAVACAYCO', 0);
INSERT INTO `distrito` VALUES (714, 67, 'UPAHUACHO', 0);
INSERT INTO `distrito` VALUES (715, 70, 'HUANCARAYLLA', 0);
INSERT INTO `distrito` VALUES (716, 70, 'SARHUA', 0);
INSERT INTO `distrito` VALUES (717, 70, 'VILCANCHOS', 0);
INSERT INTO `distrito` VALUES (718, 70, 'ASQUIPATA', 0);
INSERT INTO `distrito` VALUES (719, 68, 'PAUSA', 0);
INSERT INTO `distrito` VALUES (720, 68, 'COLTA', 0);
INSERT INTO `distrito` VALUES (721, 68, 'CORCULLA', 0);
INSERT INTO `distrito` VALUES (722, 68, 'LAMPA', 0);
INSERT INTO `distrito` VALUES (723, 68, 'MARCABAMBA', 0);
INSERT INTO `distrito` VALUES (724, 68, 'OYOLO', 0);
INSERT INTO `distrito` VALUES (725, 68, 'PARARCA', 0);
INSERT INTO `distrito` VALUES (726, 68, 'SAN JAVIER DE ALPABAMBA', 0);
INSERT INTO `distrito` VALUES (727, 68, 'SAN JOSE DE USHUA', 0);
INSERT INTO `distrito` VALUES (728, 69, 'QUEROBAMBA', 0);
INSERT INTO `distrito` VALUES (729, 69, 'BELEN', 0);
INSERT INTO `distrito` VALUES (730, 69, 'CHALCOS', 0);
INSERT INTO `distrito` VALUES (731, 69, 'SAN SALVADOR DE QUIJE', 0);
INSERT INTO `distrito` VALUES (732, 69, 'PAICO', 0);
INSERT INTO `distrito` VALUES (733, 69, 'SANTIAGO DE PAUCARAY', 0);
INSERT INTO `distrito` VALUES (734, 69, 'SAN PEDRO DE LARCAY', 0);
INSERT INTO `distrito` VALUES (735, 69, 'SORAS', 0);
INSERT INTO `distrito` VALUES (736, 69, 'HUACA', 0);
INSERT INTO `distrito` VALUES (737, 68, 'SARA SARA', 0);
INSERT INTO `distrito` VALUES (738, 69, 'CHILCAYOC', 0);
INSERT INTO `distrito` VALUES (739, 69, 'MORCOLLA', 0);
INSERT INTO `distrito` VALUES (756, 76, 'CAJAMARCA', 0);
INSERT INTO `distrito` VALUES (757, 76, 'ASUNCION', 0);
INSERT INTO `distrito` VALUES (758, 76, 'COSPAN', 0);
INSERT INTO `distrito` VALUES (759, 76, 'CHETILLA', 0);
INSERT INTO `distrito` VALUES (760, 76, 'ENCA', 0);
INSERT INTO `distrito` VALUES (761, 76, 'JESUS', 0);
INSERT INTO `distrito` VALUES (762, 76, 'LOS BA', 0);
INSERT INTO `distrito` VALUES (763, 76, 'LLACANORA', 0);
INSERT INTO `distrito` VALUES (764, 76, 'MAGDALENA', 0);
INSERT INTO `distrito` VALUES (765, 77, 'CAJABAMBA', 0);
INSERT INTO `distrito` VALUES (766, 77, 'CACHACHI', 0);
INSERT INTO `distrito` VALUES (767, 77, 'CONDEBAMBA', 0);
INSERT INTO `distrito` VALUES (768, 77, 'SITACOCHA', 0);
INSERT INTO `distrito` VALUES (769, 78, 'CELENDIN', 0);
INSERT INTO `distrito` VALUES (770, 78, 'CORTEGANA', 0);
INSERT INTO `distrito` VALUES (771, 78, 'CHUMUCH', 0);
INSERT INTO `distrito` VALUES (772, 78, 'HUASMIN', 0);
INSERT INTO `distrito` VALUES (773, 78, 'JORGE CHAVEZ', 0);
INSERT INTO `distrito` VALUES (774, 78, 'JOSE GALVEZ', 0);
INSERT INTO `distrito` VALUES (775, 78, 'MIGUEL IGLESIAS', 0);
INSERT INTO `distrito` VALUES (776, 78, 'OXAMARCA', 0);
INSERT INTO `distrito` VALUES (777, 78, 'SOROCHUCO', 0);
INSERT INTO `distrito` VALUES (778, 80, 'CONTUMAZA', 0);
INSERT INTO `distrito` VALUES (779, 80, 'CHILETE', 0);
INSERT INTO `distrito` VALUES (780, 80, 'GUZMANGO', 0);
INSERT INTO `distrito` VALUES (781, 80, 'SAN BENITO', 0);
INSERT INTO `distrito` VALUES (782, 80, 'CUPISNIQUE', 0);
INSERT INTO `distrito` VALUES (783, 80, 'TANTARICA', 0);
INSERT INTO `distrito` VALUES (784, 80, 'YONAN', 0);
INSERT INTO `distrito` VALUES (785, 80, 'STA CRUZ DE TOLEDO', 0);
INSERT INTO `distrito` VALUES (786, 81, 'CUTERVO', 0);
INSERT INTO `distrito` VALUES (787, 81, 'CALLAYUC', 0);
INSERT INTO `distrito` VALUES (788, 81, 'CUJILLO', 0);
INSERT INTO `distrito` VALUES (789, 81, 'CHOROS', 0);
INSERT INTO `distrito` VALUES (790, 81, 'LA RAMADA', 0);
INSERT INTO `distrito` VALUES (791, 81, 'PIMPINGOS', 0);
INSERT INTO `distrito` VALUES (792, 81, 'QUEROCOTILLO', 0);
INSERT INTO `distrito` VALUES (793, 81, 'SAN ANDRES DE CUTERVO', 0);
INSERT INTO `distrito` VALUES (794, 81, 'SAN JUAN DE CUTERVO', 0);
INSERT INTO `distrito` VALUES (795, 79, 'CHOTA', 0);
INSERT INTO `distrito` VALUES (796, 79, 'ANGUIA', 0);
INSERT INTO `distrito` VALUES (797, 79, 'COCHABAMBA', 0);
INSERT INTO `distrito` VALUES (798, 79, 'CONCHAN', 0);
INSERT INTO `distrito` VALUES (799, 79, 'CHADIN', 0);
INSERT INTO `distrito` VALUES (800, 79, 'CHIGUIRIP', 0);
INSERT INTO `distrito` VALUES (801, 79, 'CHIMBAN', 0);
INSERT INTO `distrito` VALUES (802, 79, 'HUAMBOS', 0);
INSERT INTO `distrito` VALUES (803, 79, 'LAJAS', 0);
INSERT INTO `distrito` VALUES (804, 82, 'BAMBAMARCA', 0);
INSERT INTO `distrito` VALUES (805, 82, 'CHUGUR', 0);
INSERT INTO `distrito` VALUES (806, 82, 'HUALGAYOC', 0);
INSERT INTO `distrito` VALUES (807, 83, 'JAEN', 0);
INSERT INTO `distrito` VALUES (808, 83, 'BELLAVISTA', 0);
INSERT INTO `distrito` VALUES (809, 83, 'COLASAY', 0);
INSERT INTO `distrito` VALUES (810, 83, 'CHONTALI', 0);
INSERT INTO `distrito` VALUES (811, 83, 'POMAHUACA', 0);
INSERT INTO `distrito` VALUES (812, 83, 'PUCARA', 0);
INSERT INTO `distrito` VALUES (813, 83, 'SALLIQUE', 0);
INSERT INTO `distrito` VALUES (814, 83, 'SAN FELIPE', 0);
INSERT INTO `distrito` VALUES (815, 83, 'SAN JOSE DEL ALTO', 0);
INSERT INTO `distrito` VALUES (816, 88, 'SANTA CRUZ', 0);
INSERT INTO `distrito` VALUES (817, 88, 'CATACHE', 0);
INSERT INTO `distrito` VALUES (818, 88, 'CHANCAIBA', 0);
INSERT INTO `distrito` VALUES (819, 88, 'LA ESPERANZA', 0);
INSERT INTO `distrito` VALUES (820, 88, 'NINABAMBA', 0);
INSERT INTO `distrito` VALUES (821, 88, 'PULAN', 0);
INSERT INTO `distrito` VALUES (822, 88, 'SEXI', 0);
INSERT INTO `distrito` VALUES (823, 88, 'UTICYACU', 0);
INSERT INTO `distrito` VALUES (824, 88, 'YAUYUCAN', 0);
INSERT INTO `distrito` VALUES (825, 76, 'MATARA', 0);
INSERT INTO `distrito` VALUES (826, 76, 'NAMORA', 0);
INSERT INTO `distrito` VALUES (827, 76, 'SAN JUAN', 0);
INSERT INTO `distrito` VALUES (828, 78, 'SUCRE', 0);
INSERT INTO `distrito` VALUES (829, 78, 'UTCO', 0);
INSERT INTO `distrito` VALUES (830, 78, 'LA LIBERTAD DE PALLAN', 0);
INSERT INTO `distrito` VALUES (831, 81, 'SAN LUIS DE LUCMA', 0);
INSERT INTO `distrito` VALUES (832, 81, 'SANTA CRUZ', 0);
INSERT INTO `distrito` VALUES (833, 81, 'SANTO DOMINGO DE LA CAPILLA', 0);
INSERT INTO `distrito` VALUES (834, 81, 'SANTO TOMAS', 0);
INSERT INTO `distrito` VALUES (835, 81, 'SOCOTA', 0);
INSERT INTO `distrito` VALUES (836, 81, 'TORIBIO CASANOVA', 0);
INSERT INTO `distrito` VALUES (837, 79, 'LLAMA', 0);
INSERT INTO `distrito` VALUES (838, 79, 'MIRACOSTA', 0);
INSERT INTO `distrito` VALUES (839, 79, 'PACCHA', 0);
INSERT INTO `distrito` VALUES (840, 79, 'PION', 0);
INSERT INTO `distrito` VALUES (841, 79, 'QUEROCOTO', 0);
INSERT INTO `distrito` VALUES (842, 79, 'TACABAMBA', 0);
INSERT INTO `distrito` VALUES (843, 79, 'TOCMOCHE', 0);
INSERT INTO `distrito` VALUES (844, 79, 'SAN JUAN DE LICUPIS', 0);
INSERT INTO `distrito` VALUES (845, 79, 'CHOROPAMPA', 0);
INSERT INTO `distrito` VALUES (846, 79, 'CHALAMARCA', 0);
INSERT INTO `distrito` VALUES (847, 83, 'SANTA ROSA', 0);
INSERT INTO `distrito` VALUES (848, 83, 'LAS PIRIAS', 0);
INSERT INTO `distrito` VALUES (849, 83, 'HUABAL', 0);
INSERT INTO `distrito` VALUES (850, 88, 'ANDABAMBA', 0);
INSERT INTO `distrito` VALUES (851, 88, 'SAUCEPAMPA', 0);
INSERT INTO `distrito` VALUES (852, 86, 'SAN MIGUEL', 0);
INSERT INTO `distrito` VALUES (853, 86, 'CALQUIS', 0);
INSERT INTO `distrito` VALUES (854, 86, 'LA FLORIDA', 0);
INSERT INTO `distrito` VALUES (855, 86, 'LLAPA', 0);
INSERT INTO `distrito` VALUES (856, 86, 'NANCHOC', 0);
INSERT INTO `distrito` VALUES (857, 86, 'NIEPOS', 0);
INSERT INTO `distrito` VALUES (858, 86, 'SAN GREGORIO', 0);
INSERT INTO `distrito` VALUES (859, 86, 'SAN SILVESTRE DE COCHAN', 0);
INSERT INTO `distrito` VALUES (860, 86, 'EL PRADO', 0);
INSERT INTO `distrito` VALUES (861, 84, 'SAN IGNACIO', 0);
INSERT INTO `distrito` VALUES (862, 84, 'CHIRINOS', 0);
INSERT INTO `distrito` VALUES (863, 84, 'HUARANGO', 0);
INSERT INTO `distrito` VALUES (864, 84, 'NAMBALLE', 0);
INSERT INTO `distrito` VALUES (865, 84, 'LA COIPA', 0);
INSERT INTO `distrito` VALUES (866, 84, 'SAN JOSE DE LOURDES', 0);
INSERT INTO `distrito` VALUES (867, 84, 'TABACONAS', 0);
INSERT INTO `distrito` VALUES (868, 85, 'PEDRO GALVEZ', 0);
INSERT INTO `distrito` VALUES (869, 85, 'ICHOCAN', 0);
INSERT INTO `distrito` VALUES (870, 85, 'GREGORIO PITA', 0);
INSERT INTO `distrito` VALUES (871, 85, 'JOSE MANUEL QUIROZ', 0);
INSERT INTO `distrito` VALUES (872, 85, 'EDUARDO VILLANUEVA', 0);
INSERT INTO `distrito` VALUES (873, 85, 'JOSE SABOGAL', 0);
INSERT INTO `distrito` VALUES (874, 85, 'CHANCAY', 0);
INSERT INTO `distrito` VALUES (875, 87, 'SAN PABLO', 0);
INSERT INTO `distrito` VALUES (876, 87, 'SAN BERNARDINO', 0);
INSERT INTO `distrito` VALUES (877, 87, 'SAN LUIS', 0);
INSERT INTO `distrito` VALUES (878, 87, 'TUMBADEN', 0);
INSERT INTO `distrito` VALUES (879, 86, 'UNION AGUA BLANCA', 0);
INSERT INTO `distrito` VALUES (880, 86, 'TONGOD', 0);
INSERT INTO `distrito` VALUES (881, 86, 'CATILLUC', 0);
INSERT INTO `distrito` VALUES (882, 86, 'BOLIVAR', 0);
INSERT INTO `distrito` VALUES (883, 91, 'CUSCO', 0);
INSERT INTO `distrito` VALUES (884, 91, 'CCORCA', 0);
INSERT INTO `distrito` VALUES (885, 91, 'POROY', 0);
INSERT INTO `distrito` VALUES (886, 91, 'SAN JERONIMO', 0);
INSERT INTO `distrito` VALUES (887, 91, 'SAN SEBASTIAN', 0);
INSERT INTO `distrito` VALUES (888, 91, 'SANTIAGO', 0);
INSERT INTO `distrito` VALUES (889, 91, 'SAYLLA', 0);
INSERT INTO `distrito` VALUES (890, 91, 'WANCHAQ', 0);
INSERT INTO `distrito` VALUES (891, 92, 'ACOMAYO', 0);
INSERT INTO `distrito` VALUES (892, 92, 'ACOPIA', 0);
INSERT INTO `distrito` VALUES (893, 92, 'ACOS', 0);
INSERT INTO `distrito` VALUES (894, 92, 'POMACANCHI', 0);
INSERT INTO `distrito` VALUES (895, 92, 'RONDOCAN', 0);
INSERT INTO `distrito` VALUES (896, 92, 'SANGARARA', 0);
INSERT INTO `distrito` VALUES (897, 92, 'MOSOC LLACTA', 0);
INSERT INTO `distrito` VALUES (898, 93, 'ANTA', 0);
INSERT INTO `distrito` VALUES (899, 93, 'CHINCHAYPUJIO', 0);
INSERT INTO `distrito` VALUES (900, 93, 'HUAROCONDO', 0);
INSERT INTO `distrito` VALUES (901, 93, 'LIMATAMBO', 0);
INSERT INTO `distrito` VALUES (902, 93, 'MOLLEPATA', 0);
INSERT INTO `distrito` VALUES (903, 93, 'PUCYURA', 0);
INSERT INTO `distrito` VALUES (904, 93, 'ZURITE', 0);
INSERT INTO `distrito` VALUES (905, 93, 'CACHIMAYO', 0);
INSERT INTO `distrito` VALUES (906, 93, 'ANCAHUASI', 0);
INSERT INTO `distrito` VALUES (907, 94, 'CALCA', 0);
INSERT INTO `distrito` VALUES (908, 94, 'COYA', 0);
INSERT INTO `distrito` VALUES (909, 94, 'LAMAY', 0);
INSERT INTO `distrito` VALUES (910, 94, 'LARES', 0);
INSERT INTO `distrito` VALUES (911, 94, 'PISAC', 0);
INSERT INTO `distrito` VALUES (912, 94, 'SAN SALVADOR', 0);
INSERT INTO `distrito` VALUES (913, 94, 'TARAY', 0);
INSERT INTO `distrito` VALUES (914, 94, 'YANATILE', 0);
INSERT INTO `distrito` VALUES (915, 95, 'YANAOCA', 0);
INSERT INTO `distrito` VALUES (916, 95, 'CHECCA', 0);
INSERT INTO `distrito` VALUES (917, 95, 'KUNTURKANKI', 0);
INSERT INTO `distrito` VALUES (918, 95, 'LANGUI', 0);
INSERT INTO `distrito` VALUES (919, 95, 'LAYO', 0);
INSERT INTO `distrito` VALUES (920, 95, 'PAMPAMARCA', 0);
INSERT INTO `distrito` VALUES (921, 95, 'QUEHUE', 0);
INSERT INTO `distrito` VALUES (922, 95, 'TUPAC AMARU', 0);
INSERT INTO `distrito` VALUES (923, 96, 'SICUANI', 0);
INSERT INTO `distrito` VALUES (924, 96, 'COMBAPATA', 0);
INSERT INTO `distrito` VALUES (925, 96, 'CHECACUPE', 0);
INSERT INTO `distrito` VALUES (926, 96, 'MARANGANI', 0);
INSERT INTO `distrito` VALUES (927, 96, 'PITUMARCA', 0);
INSERT INTO `distrito` VALUES (928, 96, 'SAN PABLO', 0);
INSERT INTO `distrito` VALUES (929, 96, 'SAN PEDRO', 0);
INSERT INTO `distrito` VALUES (930, 96, 'TINTA', 0);
INSERT INTO `distrito` VALUES (931, 97, 'SANTO TOMAS', 0);
INSERT INTO `distrito` VALUES (932, 97, 'CAPACMARCA', 0);
INSERT INTO `distrito` VALUES (933, 97, 'COLQUEMARCA', 0);
INSERT INTO `distrito` VALUES (934, 97, 'CHAMACA', 0);
INSERT INTO `distrito` VALUES (935, 97, 'LIVITACA', 0);
INSERT INTO `distrito` VALUES (936, 97, 'LLUSCO', 0);
INSERT INTO `distrito` VALUES (937, 97, 'QUI', 0);
INSERT INTO `distrito` VALUES (938, 97, 'VELILLE', 0);
INSERT INTO `distrito` VALUES (939, 98, 'ESPINAR', 0);
INSERT INTO `distrito` VALUES (940, 98, 'CONDOROMA', 0);
INSERT INTO `distrito` VALUES (941, 98, 'COPORAQUE', 0);
INSERT INTO `distrito` VALUES (942, 98, 'OCORURO', 0);
INSERT INTO `distrito` VALUES (943, 98, 'PALLPATA', 0);
INSERT INTO `distrito` VALUES (944, 98, 'PICHIGUA', 0);
INSERT INTO `distrito` VALUES (945, 98, 'SUYKUTAMBO', 0);
INSERT INTO `distrito` VALUES (946, 98, 'ALTO PICHIGUA', 0);
INSERT INTO `distrito` VALUES (947, 99, 'SANTA ANA', 0);
INSERT INTO `distrito` VALUES (948, 99, 'ECHARATE', 0);
INSERT INTO `distrito` VALUES (949, 99, 'HUAYOPATA', 0);
INSERT INTO `distrito` VALUES (950, 99, 'MARANURA', 0);
INSERT INTO `distrito` VALUES (951, 99, 'OCOBAMBA', 0);
INSERT INTO `distrito` VALUES (952, 99, 'SANTA TERESA', 0);
INSERT INTO `distrito` VALUES (953, 99, 'VILCABAMBA', 0);
INSERT INTO `distrito` VALUES (954, 99, 'QUELLOUNO', 0);
INSERT INTO `distrito` VALUES (955, 99, 'KIMBIRI', 0);
INSERT INTO `distrito` VALUES (956, 99, 'PICHARI', 0);
INSERT INTO `distrito` VALUES (957, 100, 'PARURO', 0);
INSERT INTO `distrito` VALUES (958, 100, 'ACCHA', 0);
INSERT INTO `distrito` VALUES (959, 100, 'CCAPI', 0);
INSERT INTO `distrito` VALUES (960, 100, 'COLCHA', 0);
INSERT INTO `distrito` VALUES (961, 100, 'HUANOQUITE', 0);
INSERT INTO `distrito` VALUES (962, 100, 'OMACHA', 0);
INSERT INTO `distrito` VALUES (963, 100, 'YAURISQUE', 0);
INSERT INTO `distrito` VALUES (964, 100, 'PACCARITAMBO', 0);
INSERT INTO `distrito` VALUES (965, 100, 'PILLPINTO', 0);
INSERT INTO `distrito` VALUES (966, 101, 'PAUCARTAMBO', 0);
INSERT INTO `distrito` VALUES (967, 101, 'CAICAY', 0);
INSERT INTO `distrito` VALUES (968, 101, 'COLQUEPATA', 0);
INSERT INTO `distrito` VALUES (969, 101, 'CHALLABAMBA', 0);
INSERT INTO `distrito` VALUES (970, 101, 'COS', 0);
INSERT INTO `distrito` VALUES (971, 101, 'HUANCARANI', 0);
INSERT INTO `distrito` VALUES (972, 102, 'URCOS', 0);
INSERT INTO `distrito` VALUES (973, 102, 'ANDAHUAYLILLAS', 0);
INSERT INTO `distrito` VALUES (974, 102, 'CAMANTI', 0);
INSERT INTO `distrito` VALUES (975, 102, 'CCARHUAYO', 0);
INSERT INTO `distrito` VALUES (976, 102, 'CCATCA', 0);
INSERT INTO `distrito` VALUES (977, 102, 'CUSIPATA', 0);
INSERT INTO `distrito` VALUES (978, 102, 'HUARO', 0);
INSERT INTO `distrito` VALUES (979, 102, 'LUCRE', 0);
INSERT INTO `distrito` VALUES (980, 102, 'MARCAPATA', 0);
INSERT INTO `distrito` VALUES (981, 103, 'URUBAMBA', 0);
INSERT INTO `distrito` VALUES (982, 103, 'CHINCHERO', 0);
INSERT INTO `distrito` VALUES (983, 103, 'HUAYLLABAMBA', 0);
INSERT INTO `distrito` VALUES (984, 103, 'MACHUPICCHU', 0);
INSERT INTO `distrito` VALUES (985, 103, 'MARAS', 0);
INSERT INTO `distrito` VALUES (986, 103, 'OLLANTAYTAMBO', 0);
INSERT INTO `distrito` VALUES (987, 103, 'YUCAY', 0);
INSERT INTO `distrito` VALUES (988, 102, 'OCONGATE', 0);
INSERT INTO `distrito` VALUES (989, 102, 'OROPESA', 0);
INSERT INTO `distrito` VALUES (990, 102, 'QUIQUIJANA', 0);
INSERT INTO `distrito` VALUES (1010, 254, 'HUANCAVELICA', 0);
INSERT INTO `distrito` VALUES (1011, 254, 'ACOBAMBILLA', 0);
INSERT INTO `distrito` VALUES (1012, 254, 'ACORIA', 0);
INSERT INTO `distrito` VALUES (1013, 254, 'CONAYCA', 0);
INSERT INTO `distrito` VALUES (1014, 254, 'CUENCA', 0);
INSERT INTO `distrito` VALUES (1015, 254, 'HUACHOCOLPA', 0);
INSERT INTO `distrito` VALUES (1016, 254, 'HUAYLLAHUARA', 0);
INSERT INTO `distrito` VALUES (1017, 254, 'IZCUCHACA', 0);
INSERT INTO `distrito` VALUES (1018, 255, 'ACOBAMBA', 0);
INSERT INTO `distrito` VALUES (1019, 255, 'ANTA', 0);
INSERT INTO `distrito` VALUES (1020, 255, 'ANDABAMBA', 0);
INSERT INTO `distrito` VALUES (1021, 255, 'CAJA', 0);
INSERT INTO `distrito` VALUES (1022, 255, 'MARCAS', 0);
INSERT INTO `distrito` VALUES (1023, 255, 'PAUCARA', 0);
INSERT INTO `distrito` VALUES (1024, 255, 'POMACOCHA', 0);
INSERT INTO `distrito` VALUES (1025, 255, 'ROSARIO', 0);
INSERT INTO `distrito` VALUES (1026, 256, 'LIRCAY', 0);
INSERT INTO `distrito` VALUES (1027, 256, 'ANCHONGA', 0);
INSERT INTO `distrito` VALUES (1028, 256, 'CALLANMARCA', 0);
INSERT INTO `distrito` VALUES (1029, 256, 'CONGALLA', 0);
INSERT INTO `distrito` VALUES (1030, 256, 'CHINCHO', 0);
INSERT INTO `distrito` VALUES (1031, 256, 'HUAYLLAY GRANDE', 0);
INSERT INTO `distrito` VALUES (1032, 256, 'HUANCA HUANCA', 0);
INSERT INTO `distrito` VALUES (1033, 256, 'JULCAMARCA', 0);
INSERT INTO `distrito` VALUES (1034, 256, 'SAN ANTONIO DE ANTAPARCO', 0);
INSERT INTO `distrito` VALUES (1035, 257, 'CASTROVIRREYNA', 0);
INSERT INTO `distrito` VALUES (1036, 257, 'ARMA', 0);
INSERT INTO `distrito` VALUES (1037, 257, 'AURAHUA', 0);
INSERT INTO `distrito` VALUES (1038, 257, 'CAPILLAS', 0);
INSERT INTO `distrito` VALUES (1039, 257, 'COCAS', 0);
INSERT INTO `distrito` VALUES (1040, 257, 'CHUPAMARCA', 0);
INSERT INTO `distrito` VALUES (1041, 257, 'HUACHOS', 0);
INSERT INTO `distrito` VALUES (1042, 259, 'PAMPAS', 0);
INSERT INTO `distrito` VALUES (1043, 259, 'ACOSTAMBO', 0);
INSERT INTO `distrito` VALUES (1044, 259, 'ACRAQUIA', 0);
INSERT INTO `distrito` VALUES (1045, 259, 'AHUAYCHA', 0);
INSERT INTO `distrito` VALUES (1046, 259, 'COLCABAMBA', 0);
INSERT INTO `distrito` VALUES (1047, 259, 'DANIEL HERNANDEZ', 0);
INSERT INTO `distrito` VALUES (1048, 260, 'AYAVI', 0);
INSERT INTO `distrito` VALUES (1049, 260, 'CORDOVA', 0);
INSERT INTO `distrito` VALUES (1050, 260, 'HUAYACUNDO ARMA', 0);
INSERT INTO `distrito` VALUES (1051, 260, 'HUAYTARA', 0);
INSERT INTO `distrito` VALUES (1052, 260, 'LARAMARCA', 0);
INSERT INTO `distrito` VALUES (1053, 260, 'OCOYO', 0);
INSERT INTO `distrito` VALUES (1054, 260, 'PILPICHACA', 0);
INSERT INTO `distrito` VALUES (1055, 260, 'QUERCO', 0);
INSERT INTO `distrito` VALUES (1056, 260, 'QUITO ARMA', 0);
INSERT INTO `distrito` VALUES (1057, 261, 'CHURCAMPA', 0);
INSERT INTO `distrito` VALUES (1058, 261, 'ANCO', 0);
INSERT INTO `distrito` VALUES (1059, 261, 'CHINCHIHUASI', 0);
INSERT INTO `distrito` VALUES (1060, 261, 'EL CARMEN', 0);
INSERT INTO `distrito` VALUES (1061, 261, 'LA MERCED', 0);
INSERT INTO `distrito` VALUES (1062, 261, 'LOCROJA', 0);
INSERT INTO `distrito` VALUES (1063, 261, 'PAUCARBAMBA', 0);
INSERT INTO `distrito` VALUES (1064, 261, 'SAN MIGUEL DE MAYOC', 0);
INSERT INTO `distrito` VALUES (1065, 261, 'SAN PEDRO DE CORIS', 0);
INSERT INTO `distrito` VALUES (1066, 254, 'LARIA', 0);
INSERT INTO `distrito` VALUES (1067, 254, 'MANTA', 0);
INSERT INTO `distrito` VALUES (1068, 254, 'MARISCAL CACERES', 0);
INSERT INTO `distrito` VALUES (1069, 254, 'MOYA', 0);
INSERT INTO `distrito` VALUES (1070, 254, 'NUEVO OCCORO', 0);
INSERT INTO `distrito` VALUES (1071, 254, 'PALCA', 0);
INSERT INTO `distrito` VALUES (1072, 254, 'PILCHACA', 0);
INSERT INTO `distrito` VALUES (1073, 254, 'VILCA', 0);
INSERT INTO `distrito` VALUES (1074, 254, 'YAULI', 0);
INSERT INTO `distrito` VALUES (1075, 254, 'ASCENSION', 0);
INSERT INTO `distrito` VALUES (1076, 254, 'HUANDO', 0);
INSERT INTO `distrito` VALUES (1077, 256, 'STO TOMAS DE PATA', 0);
INSERT INTO `distrito` VALUES (1078, 256, 'SECCLLA', 0);
INSERT INTO `distrito` VALUES (1079, 256, 'CCOCHACCASA', 0);
INSERT INTO `distrito` VALUES (1080, 257, 'HUAMATAMBO', 0);
INSERT INTO `distrito` VALUES (1081, 257, 'MOLLEPAMPA', 0);
INSERT INTO `distrito` VALUES (1082, 257, 'SAN JUAN', 0);
INSERT INTO `distrito` VALUES (1083, 257, 'TANTARA', 0);
INSERT INTO `distrito` VALUES (1084, 257, 'TICRAPO', 0);
INSERT INTO `distrito` VALUES (1085, 257, 'SANTA ANA', 0);
INSERT INTO `distrito` VALUES (1086, 259, 'HUACHOCOLPA', 0);
INSERT INTO `distrito` VALUES (1087, 259, 'HUARIBAMBA', 0);
INSERT INTO `distrito` VALUES (1088, 259, 'ÑAHUIMPUQUIO', 0);
INSERT INTO `distrito` VALUES (1089, 259, 'PAZOS', 0);
INSERT INTO `distrito` VALUES (1090, 259, 'QUISHUAR', 0);
INSERT INTO `distrito` VALUES (1091, 259, 'SALCABAMBA', 0);
INSERT INTO `distrito` VALUES (1092, 259, 'SAN MARCOS DE ROCCHAC', 0);
INSERT INTO `distrito` VALUES (1093, 259, 'SURCUBAMBA', 0);
INSERT INTO `distrito` VALUES (1094, 259, 'TINTAY PUNCU', 0);
INSERT INTO `distrito` VALUES (1095, 259, 'SALCAHUASI', 0);
INSERT INTO `distrito` VALUES (1096, 260, 'SAN ANTONIO DE CUSICANCHA', 0);
INSERT INTO `distrito` VALUES (1097, 260, 'SAN FRANCISCO DE SANGAYAICO', 0);
INSERT INTO `distrito` VALUES (1098, 260, 'SAN ISIDRO', 0);
INSERT INTO `distrito` VALUES (1099, 260, 'SANTIAGO DE CHOCORVOS', 0);
INSERT INTO `distrito` VALUES (1100, 260, 'SANTIAGO DE QUIRAHUARA', 0);
INSERT INTO `distrito` VALUES (1101, 260, 'SANTO DOMINGO DE CAPILLAS', 0);
INSERT INTO `distrito` VALUES (1102, 260, 'TAMBO', 0);
INSERT INTO `distrito` VALUES (1103, 261, 'PACHAMARCA', 0);
INSERT INTO `distrito` VALUES (1137, 106, 'HUANUCO', 0);
INSERT INTO `distrito` VALUES (1138, 106, 'CHINCHAO', 0);
INSERT INTO `distrito` VALUES (1139, 106, 'CHURUBAMBA', 0);
INSERT INTO `distrito` VALUES (1140, 106, 'MARGOS', 0);
INSERT INTO `distrito` VALUES (1141, 106, 'QUISQUI', 0);
INSERT INTO `distrito` VALUES (1142, 106, 'SAN FCO DE CAYRAN', 0);
INSERT INTO `distrito` VALUES (1143, 106, 'SAN PEDRO DE CHAULAN', 0);
INSERT INTO `distrito` VALUES (1144, 106, 'STA MARIA DEL VALLE', 0);
INSERT INTO `distrito` VALUES (1145, 106, 'YARUMAYO', 0);
INSERT INTO `distrito` VALUES (1146, 107, 'AMBO', 0);
INSERT INTO `distrito` VALUES (1147, 107, 'CAYNA', 0);
INSERT INTO `distrito` VALUES (1148, 107, 'COLPAS', 0);
INSERT INTO `distrito` VALUES (1149, 107, 'CONCHAMARCA', 0);
INSERT INTO `distrito` VALUES (1150, 107, 'HUACAR', 0);
INSERT INTO `distrito` VALUES (1151, 107, 'SAN FRANCISCO', 0);
INSERT INTO `distrito` VALUES (1152, 107, 'SAN RAFAEL', 0);
INSERT INTO `distrito` VALUES (1153, 107, 'TOMAY KICHWA', 0);
INSERT INTO `distrito` VALUES (1154, 108, 'LA UNION', 0);
INSERT INTO `distrito` VALUES (1155, 108, 'CHUQUIS', 0);
INSERT INTO `distrito` VALUES (1156, 110, 'LLATA', 0);
INSERT INTO `distrito` VALUES (1157, 110, 'ARANCAY', 0);
INSERT INTO `distrito` VALUES (1158, 110, 'CHAVIN DE PARIARCA', 0);
INSERT INTO `distrito` VALUES (1159, 110, 'JACAS GRANDE', 0);
INSERT INTO `distrito` VALUES (1160, 110, 'JIRCAN', 0);
INSERT INTO `distrito` VALUES (1161, 110, 'MIRAFLORES', 0);
INSERT INTO `distrito` VALUES (1162, 110, 'MONZON', 0);
INSERT INTO `distrito` VALUES (1163, 110, 'PUNCHAO', 0);
INSERT INTO `distrito` VALUES (1164, 110, 'PU', 0);
INSERT INTO `distrito` VALUES (1165, 112, 'HUACRACHUCO', 0);
INSERT INTO `distrito` VALUES (1166, 112, 'CHOLON', 0);
INSERT INTO `distrito` VALUES (1167, 112, 'SAN BUENAVENTURA', 0);
INSERT INTO `distrito` VALUES (1168, 111, 'RUPA RUPA', 0);
INSERT INTO `distrito` VALUES (1169, 111, 'DANIEL ALOMIA ROBLES', 0);
INSERT INTO `distrito` VALUES (1170, 111, 'HERMILIO VALDIZAN', 0);
INSERT INTO `distrito` VALUES (1171, 111, 'LUYANDO', 0);
INSERT INTO `distrito` VALUES (1172, 111, 'MARIANO DAMASO BERAUN', 0);
INSERT INTO `distrito` VALUES (1173, 111, 'JOSE CRESPO Y CASTILLO', 0);
INSERT INTO `distrito` VALUES (1174, 113, 'PANAO', 0);
INSERT INTO `distrito` VALUES (1175, 113, 'CHAGLLA', 0);
INSERT INTO `distrito` VALUES (1176, 113, 'MOLINO', 0);
INSERT INTO `distrito` VALUES (1177, 113, 'UMARI', 0);
INSERT INTO `distrito` VALUES (1178, 114, 'HONORIA', 0);
INSERT INTO `distrito` VALUES (1179, 114, 'PUERTO INCA', 0);
INSERT INTO `distrito` VALUES (1180, 114, 'CODO DEL POZUZO', 0);
INSERT INTO `distrito` VALUES (1181, 114, 'TOURNAVISTA', 0);
INSERT INTO `distrito` VALUES (1182, 114, 'YUYAPICHIS', 0);
INSERT INTO `distrito` VALUES (1183, 109, 'HUACAYBAMBA', 0);
INSERT INTO `distrito` VALUES (1184, 109, 'PINRA', 0);
INSERT INTO `distrito` VALUES (1185, 109, 'CANCHABAMBA', 0);
INSERT INTO `distrito` VALUES (1186, 109, 'COCHABAMBA', 0);
INSERT INTO `distrito` VALUES (1187, 106, 'AMARILIS', 0);
INSERT INTO `distrito` VALUES (1188, 106, 'PILLCO MARCA', 0);
INSERT INTO `distrito` VALUES (1189, 108, 'MARIAS', 0);
INSERT INTO `distrito` VALUES (1190, 108, 'PACHAS', 0);
INSERT INTO `distrito` VALUES (1191, 108, 'QUIVILLA', 0);
INSERT INTO `distrito` VALUES (1192, 108, 'RIPAN', 0);
INSERT INTO `distrito` VALUES (1193, 108, 'SHUNQUI', 0);
INSERT INTO `distrito` VALUES (1194, 108, 'SILLAPATA', 0);
INSERT INTO `distrito` VALUES (1195, 108, 'YANAS', 0);
INSERT INTO `distrito` VALUES (1196, 110, 'SINGA', 0);
INSERT INTO `distrito` VALUES (1197, 110, 'TANTAMAYO', 0);
INSERT INTO `distrito` VALUES (1198, 115, 'JESUS', 0);
INSERT INTO `distrito` VALUES (1199, 115, 'BA', 0);
INSERT INTO `distrito` VALUES (1200, 115, 'SAN FRANCISCO DE ASIS', 0);
INSERT INTO `distrito` VALUES (1201, 115, 'QUEROPALCA', 0);
INSERT INTO `distrito` VALUES (1202, 115, 'SAN MIGUEL DE CAURI', 0);
INSERT INTO `distrito` VALUES (1203, 115, 'RONDOS', 0);
INSERT INTO `distrito` VALUES (1204, 115, 'JIVIA', 0);
INSERT INTO `distrito` VALUES (1205, 116, 'CHAVINILLO', 0);
INSERT INTO `distrito` VALUES (1206, 116, 'APARICIO POMARES (CHUPAN);', 0);
INSERT INTO `distrito` VALUES (1207, 116, 'CAHUAC', 0);
INSERT INTO `distrito` VALUES (1208, 116, 'CHACABAMBA', 0);
INSERT INTO `distrito` VALUES (1209, 116, 'JACAS CHICO', 0);
INSERT INTO `distrito` VALUES (1210, 116, 'OBAS', 0);
INSERT INTO `distrito` VALUES (1211, 116, 'PAMPAMARCA', 0);
INSERT INTO `distrito` VALUES (1212, 116, 'CHORAS', 0);
INSERT INTO `distrito` VALUES (1264, 121, 'ICA', 0);
INSERT INTO `distrito` VALUES (1265, 121, 'LA TINGUI', 0);
INSERT INTO `distrito` VALUES (1266, 121, 'LOS AQUIJES', 0);
INSERT INTO `distrito` VALUES (1267, 121, 'PARCONA', 0);
INSERT INTO `distrito` VALUES (1268, 121, 'PUEBLO NUEVO', 0);
INSERT INTO `distrito` VALUES (1269, 121, 'SALAS', 0);
INSERT INTO `distrito` VALUES (1270, 121, 'SAN JOSE DE LOS MOLINOS', 0);
INSERT INTO `distrito` VALUES (1271, 121, 'SAN JUAN BAUTISTA', 0);
INSERT INTO `distrito` VALUES (1272, 121, 'SANTIAGO', 0);
INSERT INTO `distrito` VALUES (1273, 122, 'CHINCHA ALTA', 0);
INSERT INTO `distrito` VALUES (1274, 122, 'CHAVIN', 0);
INSERT INTO `distrito` VALUES (1275, 122, 'CHINCHA BAJA', 0);
INSERT INTO `distrito` VALUES (1276, 122, 'EL CARMEN', 0);
INSERT INTO `distrito` VALUES (1277, 122, 'GROCIO PRADO', 0);
INSERT INTO `distrito` VALUES (1278, 122, 'SAN PEDRO DE HUACARPANA', 0);
INSERT INTO `distrito` VALUES (1279, 122, 'SUNAMPE', 0);
INSERT INTO `distrito` VALUES (1280, 122, 'TAMBO DE MORA', 0);
INSERT INTO `distrito` VALUES (1281, 122, 'ALTO LARAN', 0);
INSERT INTO `distrito` VALUES (1282, 123, 'NAZCA', 0);
INSERT INTO `distrito` VALUES (1283, 123, 'CHANGUILLO', 0);
INSERT INTO `distrito` VALUES (1284, 123, 'EL INGENIO', 0);
INSERT INTO `distrito` VALUES (1285, 123, 'MARCONA', 0);
INSERT INTO `distrito` VALUES (1286, 123, 'VISTA ALEGRE', 0);
INSERT INTO `distrito` VALUES (1287, 125, 'PISCO', 0);
INSERT INTO `distrito` VALUES (1288, 125, 'HUANCANO', 0);
INSERT INTO `distrito` VALUES (1289, 125, 'HUMAY', 0);
INSERT INTO `distrito` VALUES (1290, 125, 'INDEPENDENCIA', 0);
INSERT INTO `distrito` VALUES (1291, 125, 'PARACAS', 0);
INSERT INTO `distrito` VALUES (1292, 125, 'SAN ANDRES', 0);
INSERT INTO `distrito` VALUES (1293, 125, 'SAN CLEMENTE', 0);
INSERT INTO `distrito` VALUES (1294, 125, 'TUPAC AMARU INCA', 0);
INSERT INTO `distrito` VALUES (1295, 124, 'PALPA', 0);
INSERT INTO `distrito` VALUES (1296, 124, 'LLIPATA', 0);
INSERT INTO `distrito` VALUES (1297, 124, 'RIO GRANDE', 0);
INSERT INTO `distrito` VALUES (1298, 124, 'SANTA CRUZ', 0);
INSERT INTO `distrito` VALUES (1299, 124, 'TIBILLO', 0);
INSERT INTO `distrito` VALUES (1300, 121, 'SUBTANJALLA', 0);
INSERT INTO `distrito` VALUES (1301, 121, 'YAUCA DEL ROSARIO', 0);
INSERT INTO `distrito` VALUES (1302, 121, 'TATE', 0);
INSERT INTO `distrito` VALUES (1303, 121, 'PACHACUTEC', 0);
INSERT INTO `distrito` VALUES (1304, 121, 'OCUCAJE', 0);
INSERT INTO `distrito` VALUES (1305, 122, 'PUEBLO NUEVO', 0);
INSERT INTO `distrito` VALUES (1306, 122, 'SAN JUAN DE YANAC', 0);
INSERT INTO `distrito` VALUES (1327, 128, 'HUANCAYO', 0);
INSERT INTO `distrito` VALUES (1328, 128, 'CARHUACALLANGA', 0);
INSERT INTO `distrito` VALUES (1329, 128, 'COLCA', 0);
INSERT INTO `distrito` VALUES (1330, 128, 'CULLHUAS', 0);
INSERT INTO `distrito` VALUES (1331, 128, 'CHACAPAMPA', 0);
INSERT INTO `distrito` VALUES (1332, 128, 'CHICCHE', 0);
INSERT INTO `distrito` VALUES (1333, 128, 'CHILCA', 0);
INSERT INTO `distrito` VALUES (1334, 128, 'CHONGOS ALTO', 0);
INSERT INTO `distrito` VALUES (1335, 129, 'CONCEPCION', 0);
INSERT INTO `distrito` VALUES (1336, 129, 'ACO', 0);
INSERT INTO `distrito` VALUES (1337, 129, 'ANDAMARCA', 0);
INSERT INTO `distrito` VALUES (1338, 129, 'COMAS', 0);
INSERT INTO `distrito` VALUES (1339, 129, 'COCHAS', 0);
INSERT INTO `distrito` VALUES (1340, 129, 'CHAMBARA', 0);
INSERT INTO `distrito` VALUES (1341, 129, 'HEROINAS TOLEDO', 0);
INSERT INTO `distrito` VALUES (1342, 129, 'MANZANARES', 0);
INSERT INTO `distrito` VALUES (1343, 129, 'MCAL CASTILLA', 0);
INSERT INTO `distrito` VALUES (1344, 131, 'JAUJA', 0);
INSERT INTO `distrito` VALUES (1345, 131, 'ACOLLA', 0);
INSERT INTO `distrito` VALUES (1346, 131, 'APATA', 0);
INSERT INTO `distrito` VALUES (1347, 131, 'ATAURA', 0);
INSERT INTO `distrito` VALUES (1348, 131, 'CANCHAILLO', 0);
INSERT INTO `distrito` VALUES (1349, 131, 'EL MANTARO', 0);
INSERT INTO `distrito` VALUES (1350, 131, 'HUAMALI', 0);
INSERT INTO `distrito` VALUES (1351, 131, 'HUARIPAMPA', 0);
INSERT INTO `distrito` VALUES (1352, 131, 'HUERTAS', 0);
INSERT INTO `distrito` VALUES (1353, 132, 'JUNIN', 0);
INSERT INTO `distrito` VALUES (1354, 132, 'CARHUAMAYO', 0);
INSERT INTO `distrito` VALUES (1355, 132, 'ONDORES', 0);
INSERT INTO `distrito` VALUES (1356, 132, 'ULCUMAYO', 0);
INSERT INTO `distrito` VALUES (1357, 134, 'TARMA', 0);
INSERT INTO `distrito` VALUES (1358, 134, 'ACOBAMBA', 0);
INSERT INTO `distrito` VALUES (1359, 134, 'HUARICOLCA', 0);
INSERT INTO `distrito` VALUES (1360, 134, 'HUASAHUASI', 0);
INSERT INTO `distrito` VALUES (1361, 134, 'LA UNION', 0);
INSERT INTO `distrito` VALUES (1362, 134, 'PALCA', 0);
INSERT INTO `distrito` VALUES (1363, 134, 'PALCAMAYO', 0);
INSERT INTO `distrito` VALUES (1364, 134, 'SAN PEDRO DE CAJAS', 0);
INSERT INTO `distrito` VALUES (1365, 134, 'TAPO', 0);
INSERT INTO `distrito` VALUES (1366, 135, 'LA OROYA', 0);
INSERT INTO `distrito` VALUES (1367, 135, 'CHACAPALPA', 0);
INSERT INTO `distrito` VALUES (1368, 135, 'HUAY HUAY', 0);
INSERT INTO `distrito` VALUES (1369, 135, 'MARCAPOMACOCHA', 0);
INSERT INTO `distrito` VALUES (1370, 135, 'MOROCOCHA', 0);
INSERT INTO `distrito` VALUES (1371, 135, 'PACCHA', 0);
INSERT INTO `distrito` VALUES (1372, 135, 'STA BARBARA DE CARHUACAYAN', 0);
INSERT INTO `distrito` VALUES (1373, 135, 'SUITUCANCHA', 0);
INSERT INTO `distrito` VALUES (1374, 135, 'YAULI', 0);
INSERT INTO `distrito` VALUES (1375, 133, 'SATIPO', 0);
INSERT INTO `distrito` VALUES (1376, 133, 'COVIRIALI', 0);
INSERT INTO `distrito` VALUES (1377, 133, 'LLAYLLA', 0);
INSERT INTO `distrito` VALUES (1378, 133, 'MAZAMARI', 0);
INSERT INTO `distrito` VALUES (1379, 133, 'PAMPA HERMOSA', 0);
INSERT INTO `distrito` VALUES (1380, 133, 'PANGOA', 0);
INSERT INTO `distrito` VALUES (1381, 133, 'RIO NEGRO', 0);
INSERT INTO `distrito` VALUES (1382, 133, 'RIO TAMBO', 0);
INSERT INTO `distrito` VALUES (1383, 130, 'CHANCHAMAYO', 0);
INSERT INTO `distrito` VALUES (1384, 130, 'SAN RAMON', 0);
INSERT INTO `distrito` VALUES (1385, 130, 'VITOC', 0);
INSERT INTO `distrito` VALUES (1386, 130, 'SAN LUIS DE SHUARO', 0);
INSERT INTO `distrito` VALUES (1387, 130, 'PICHANAQUI', 0);
INSERT INTO `distrito` VALUES (1388, 130, 'PERENE', 0);
INSERT INTO `distrito` VALUES (1389, 136, 'CHUPACA', 0);
INSERT INTO `distrito` VALUES (1390, 136, 'AHUAC', 0);
INSERT INTO `distrito` VALUES (1391, 136, 'CHONGOS BAJO', 0);
INSERT INTO `distrito` VALUES (1392, 136, 'HUACHAC', 0);
INSERT INTO `distrito` VALUES (1393, 136, 'HUAMANCACA CHICO', 0);
INSERT INTO `distrito` VALUES (1394, 136, 'SAN JUAN DE ISCOS', 0);
INSERT INTO `distrito` VALUES (1395, 136, 'SAN JUAN DE JARPA', 0);
INSERT INTO `distrito` VALUES (1396, 136, 'TRES DE DICIEMBRE', 0);
INSERT INTO `distrito` VALUES (1397, 136, 'YANACANCHA', 0);
INSERT INTO `distrito` VALUES (1398, 128, 'CHUPURO', 0);
INSERT INTO `distrito` VALUES (1399, 128, 'EL TAMBO', 0);
INSERT INTO `distrito` VALUES (1400, 128, 'HUACRAPUQUIO', 0);
INSERT INTO `distrito` VALUES (1401, 128, 'HUALHUAS', 0);
INSERT INTO `distrito` VALUES (1402, 128, 'HUANCAN', 0);
INSERT INTO `distrito` VALUES (1403, 128, 'HUASICANCHA', 0);
INSERT INTO `distrito` VALUES (1404, 128, 'HUAYUCACHI', 0);
INSERT INTO `distrito` VALUES (1405, 128, 'INGENIO', 0);
INSERT INTO `distrito` VALUES (1406, 128, 'PARIAHUANCA', 0);
INSERT INTO `distrito` VALUES (1407, 128, 'PILCOMAYO', 0);
INSERT INTO `distrito` VALUES (1408, 128, 'PUCARA', 0);
INSERT INTO `distrito` VALUES (1409, 128, 'QUICHUAY', 0);
INSERT INTO `distrito` VALUES (1410, 128, 'QUILCAS', 0);
INSERT INTO `distrito` VALUES (1411, 128, 'SAN AGUSTIN', 0);
INSERT INTO `distrito` VALUES (1412, 128, 'SAN JERONIMO DE TUNAN', 0);
INSERT INTO `distrito` VALUES (1413, 128, 'STO DOMINGO DE ACOBAMBA', 0);
INSERT INTO `distrito` VALUES (1414, 128, 'SA', 0);
INSERT INTO `distrito` VALUES (1415, 128, 'SAPALLANGA', 0);
INSERT INTO `distrito` VALUES (1416, 128, 'SICAYA', 0);
INSERT INTO `distrito` VALUES (1417, 128, 'VIQUES', 0);
INSERT INTO `distrito` VALUES (1418, 129, 'MATAHUASI', 0);
INSERT INTO `distrito` VALUES (1419, 129, 'MITO', 0);
INSERT INTO `distrito` VALUES (1420, 129, 'NUEVE DE JULIO', 0);
INSERT INTO `distrito` VALUES (1421, 129, 'ORCOTUNA', 0);
INSERT INTO `distrito` VALUES (1422, 129, 'STA ROSA DE OCOPA', 0);
INSERT INTO `distrito` VALUES (1423, 129, 'SAN JOSE DE QUERO', 0);
INSERT INTO `distrito` VALUES (1424, 131, 'JANJAILLO', 0);
INSERT INTO `distrito` VALUES (1425, 131, 'JULCAN', 0);
INSERT INTO `distrito` VALUES (1426, 131, 'LEONOR ORDO', 0);
INSERT INTO `distrito` VALUES (1427, 131, 'LLOCLLAPAMPA', 0);
INSERT INTO `distrito` VALUES (1428, 131, 'MARCO', 0);
INSERT INTO `distrito` VALUES (1429, 131, 'MASMA', 0);
INSERT INTO `distrito` VALUES (1430, 131, 'MOLINOS', 0);
INSERT INTO `distrito` VALUES (1431, 131, 'MONOBAMBA', 0);
INSERT INTO `distrito` VALUES (1432, 131, 'MUQUI', 0);
INSERT INTO `distrito` VALUES (1433, 131, 'MUQUIYAUYO', 0);
INSERT INTO `distrito` VALUES (1434, 131, 'PACA', 0);
INSERT INTO `distrito` VALUES (1435, 131, 'PACCHA', 0);
INSERT INTO `distrito` VALUES (1436, 131, 'PANCAN', 0);
INSERT INTO `distrito` VALUES (1437, 131, 'PARCO', 0);
INSERT INTO `distrito` VALUES (1438, 131, 'POMACANCHA', 0);
INSERT INTO `distrito` VALUES (1439, 131, 'RICRAN', 0);
INSERT INTO `distrito` VALUES (1440, 131, 'SAN LORENZO', 0);
INSERT INTO `distrito` VALUES (1441, 131, 'SAN PEDRO DE CHUNAN', 0);
INSERT INTO `distrito` VALUES (1442, 131, 'SINCOS', 0);
INSERT INTO `distrito` VALUES (1443, 131, 'TUNAN MARCA', 0);
INSERT INTO `distrito` VALUES (1444, 131, 'YAULI', 0);
INSERT INTO `distrito` VALUES (1445, 131, 'CURICACA', 0);
INSERT INTO `distrito` VALUES (1446, 131, 'MASMA CHICCHE', 0);
INSERT INTO `distrito` VALUES (1447, 131, 'SAUSA', 0);
INSERT INTO `distrito` VALUES (1448, 131, 'YAUYOS', 0);
INSERT INTO `distrito` VALUES (1449, 135, 'STA ROSA DE SACCO', 0);
INSERT INTO `distrito` VALUES (1454, 143, 'TRUJILLO', 0);
INSERT INTO `distrito` VALUES (1455, 143, 'HUANCHACO', 0);
INSERT INTO `distrito` VALUES (1456, 143, 'LAREDO', 0);
INSERT INTO `distrito` VALUES (1457, 143, 'MOCHE', 0);
INSERT INTO `distrito` VALUES (1458, 143, 'SALAVERRY', 0);
INSERT INTO `distrito` VALUES (1459, 143, 'SIMBAL', 0);
INSERT INTO `distrito` VALUES (1460, 143, 'VICTOR LARCO HERRERA', 0);
INSERT INTO `distrito` VALUES (1461, 143, 'POROTO', 0);
INSERT INTO `distrito` VALUES (1462, 145, 'BOLIVAR', 0);
INSERT INTO `distrito` VALUES (1463, 145, 'BAMBAMARCA', 0);
INSERT INTO `distrito` VALUES (1464, 145, 'CONDORMARCA', 0);
INSERT INTO `distrito` VALUES (1465, 145, 'LONGOTEA', 0);
INSERT INTO `distrito` VALUES (1466, 145, 'UCUNCHA', 0);
INSERT INTO `distrito` VALUES (1467, 145, 'UCHUMARCA', 0);
INSERT INTO `distrito` VALUES (1468, 151, 'HUAMACHUCO', 0);
INSERT INTO `distrito` VALUES (1469, 151, 'COCHORCO', 0);
INSERT INTO `distrito` VALUES (1470, 151, 'CURGOS', 0);
INSERT INTO `distrito` VALUES (1471, 151, 'CHUGAY', 0);
INSERT INTO `distrito` VALUES (1472, 151, 'MARCABAL', 0);
INSERT INTO `distrito` VALUES (1473, 151, 'SANAGORAN', 0);
INSERT INTO `distrito` VALUES (1474, 151, 'SARIN', 0);
INSERT INTO `distrito` VALUES (1475, 151, 'SARTIMBAMBA', 0);
INSERT INTO `distrito` VALUES (1476, 148, 'OTUZCO', 0);
INSERT INTO `distrito` VALUES (1477, 148, 'AGALLPAMPA', 0);
INSERT INTO `distrito` VALUES (1478, 148, 'CHARAT', 0);
INSERT INTO `distrito` VALUES (1479, 148, 'HUARANCHAL', 0);
INSERT INTO `distrito` VALUES (1480, 148, 'LA CUESTA', 0);
INSERT INTO `distrito` VALUES (1481, 148, 'PARANDAY', 0);
INSERT INTO `distrito` VALUES (1482, 148, 'SALPO', 0);
INSERT INTO `distrito` VALUES (1483, 149, 'SAN PEDRO DE LLOC', 0);
INSERT INTO `distrito` VALUES (1484, 149, 'GUADALUPE', 0);
INSERT INTO `distrito` VALUES (1485, 149, 'JEQUETEPEQUE', 0);
INSERT INTO `distrito` VALUES (1486, 149, 'PACASMAYO', 0);
INSERT INTO `distrito` VALUES (1487, 149, 'SAN JOSE', 0);
INSERT INTO `distrito` VALUES (1488, 150, 'TAYABAMBA', 0);
INSERT INTO `distrito` VALUES (1489, 150, 'BULDIBUYO', 0);
INSERT INTO `distrito` VALUES (1490, 150, 'CHILLIA', 0);
INSERT INTO `distrito` VALUES (1491, 150, 'HUAYLILLAS', 0);
INSERT INTO `distrito` VALUES (1492, 150, 'HUANCASPATA', 0);
INSERT INTO `distrito` VALUES (1493, 150, 'HUAYO', 0);
INSERT INTO `distrito` VALUES (1494, 150, 'ONGON', 0);
INSERT INTO `distrito` VALUES (1495, 150, 'PARCOY', 0);
INSERT INTO `distrito` VALUES (1496, 150, 'PATAZ', 0);
INSERT INTO `distrito` VALUES (1497, 152, 'SANTIAGO DE CHUCO', 0);
INSERT INTO `distrito` VALUES (1498, 152, 'CACHICADAN', 0);
INSERT INTO `distrito` VALUES (1499, 152, 'MOLLEBAMBA', 0);
INSERT INTO `distrito` VALUES (1500, 152, 'MOLLEPATA', 0);
INSERT INTO `distrito` VALUES (1501, 152, 'QUIRUVILCA', 0);
INSERT INTO `distrito` VALUES (1502, 152, 'SANTA CRUZ DE CHUCA', 0);
INSERT INTO `distrito` VALUES (1503, 152, 'SITABAMBA', 0);
INSERT INTO `distrito` VALUES (1504, 152, 'ANGASMARCA', 0);
INSERT INTO `distrito` VALUES (1505, 144, 'ASCOPE', 0);
INSERT INTO `distrito` VALUES (1506, 144, 'CHICAMA', 0);
INSERT INTO `distrito` VALUES (1507, 144, 'CHOCOPE', 0);
INSERT INTO `distrito` VALUES (1508, 144, 'SANTIAGO DE CAO', 0);
INSERT INTO `distrito` VALUES (1509, 144, 'MAGDALENA DE CAO', 0);
INSERT INTO `distrito` VALUES (1510, 144, 'PAIJAN', 0);
INSERT INTO `distrito` VALUES (1511, 144, 'RAZURI', 0);
INSERT INTO `distrito` VALUES (1512, 144, 'CASA GRANDE', 0);
INSERT INTO `distrito` VALUES (1513, 146, 'CHEPEN', 0);
INSERT INTO `distrito` VALUES (1514, 146, 'PACANGA', 0);
INSERT INTO `distrito` VALUES (1515, 146, 'PUEBLO NUEVO', 0);
INSERT INTO `distrito` VALUES (1516, 143, 'EL PORVENIR', 0);
INSERT INTO `distrito` VALUES (1517, 143, 'LA ESPERANZA', 0);
INSERT INTO `distrito` VALUES (1518, 143, 'FLORENCIA DE MORA', 0);
INSERT INTO `distrito` VALUES (1519, 148, 'SINSICAP', 0);
INSERT INTO `distrito` VALUES (1520, 148, 'USQUIL', 0);
INSERT INTO `distrito` VALUES (1521, 148, 'MACHE', 0);
INSERT INTO `distrito` VALUES (1522, 150, 'PIAS', 0);
INSERT INTO `distrito` VALUES (1523, 150, 'TAURIJA', 0);
INSERT INTO `distrito` VALUES (1524, 150, 'URPAY', 0);
INSERT INTO `distrito` VALUES (1525, 150, 'SANTIAGO DE CHALLAS', 0);
INSERT INTO `distrito` VALUES (1526, 147, 'JULCAN', 0);
INSERT INTO `distrito` VALUES (1527, 147, 'CARABAMBA', 0);
INSERT INTO `distrito` VALUES (1528, 147, 'CALAMARCA', 0);
INSERT INTO `distrito` VALUES (1529, 147, 'HUASO', 0);
INSERT INTO `distrito` VALUES (1530, 153, 'CASCAS', 0);
INSERT INTO `distrito` VALUES (1531, 153, 'LUCMA', 0);
INSERT INTO `distrito` VALUES (1532, 153, 'MARMOT', 0);
INSERT INTO `distrito` VALUES (1533, 153, 'SAYAPULLO', 0);
INSERT INTO `distrito` VALUES (1534, 154, 'VIRU', 0);
INSERT INTO `distrito` VALUES (1535, 154, 'CHAO', 0);
INSERT INTO `distrito` VALUES (1536, 154, 'GUADALUPITO', 0);
INSERT INTO `distrito` VALUES (1581, 158, 'CHICLAYO', 0);
INSERT INTO `distrito` VALUES (1582, 158, 'CHONGOYAPE', 0);
INSERT INTO `distrito` VALUES (1583, 158, 'ETEN', 0);
INSERT INTO `distrito` VALUES (1584, 158, 'ETEN PUERTO', 0);
INSERT INTO `distrito` VALUES (1585, 158, 'LAGUNAS', 0);
INSERT INTO `distrito` VALUES (1586, 158, 'MONSEFU', 0);
INSERT INTO `distrito` VALUES (1587, 158, 'NUEVA ARICA', 0);
INSERT INTO `distrito` VALUES (1588, 158, 'OYOTUN', 0);
INSERT INTO `distrito` VALUES (1589, 158, 'PICSI', 0);
INSERT INTO `distrito` VALUES (1590, 159, 'FERRE', 0);
INSERT INTO `distrito` VALUES (1591, 159, 'INCAHUASI', 0);
INSERT INTO `distrito` VALUES (1592, 159, 'CA', 0);
INSERT INTO `distrito` VALUES (1593, 159, 'PITIPO', 0);
INSERT INTO `distrito` VALUES (1594, 159, 'PUEBLO NUEVO', 0);
INSERT INTO `distrito` VALUES (1595, 159, 'MANUEL ANTONIO MESONES MURO', 0);
INSERT INTO `distrito` VALUES (1596, 160, 'LAMBAYEQUE', 0);
INSERT INTO `distrito` VALUES (1597, 160, 'CHOCHOPE', 0);
INSERT INTO `distrito` VALUES (1598, 160, 'ILLIMO', 0);
INSERT INTO `distrito` VALUES (1599, 160, 'JAYANCA', 0);
INSERT INTO `distrito` VALUES (1600, 160, 'MOCHUMI', 0);
INSERT INTO `distrito` VALUES (1601, 160, 'MORROPE', 0);
INSERT INTO `distrito` VALUES (1602, 160, 'MOTUPE', 0);
INSERT INTO `distrito` VALUES (1603, 160, 'OLMOS', 0);
INSERT INTO `distrito` VALUES (1604, 160, 'PACORA', 0);
INSERT INTO `distrito` VALUES (1605, 158, 'PIMENTEL', 0);
INSERT INTO `distrito` VALUES (1606, 158, 'REQUE', 0);
INSERT INTO `distrito` VALUES (1607, 158, 'JOSE LEONARDO ORTIZ', 0);
INSERT INTO `distrito` VALUES (1608, 158, 'SANTA ROSA', 0);
INSERT INTO `distrito` VALUES (1609, 158, 'SA', 0);
INSERT INTO `distrito` VALUES (1610, 158, 'LA VICTORIA', 0);
INSERT INTO `distrito` VALUES (1611, 158, 'CAYALTI', 0);
INSERT INTO `distrito` VALUES (1612, 158, 'PATAPO', 0);
INSERT INTO `distrito` VALUES (1613, 158, 'POMALCA', 0);
INSERT INTO `distrito` VALUES (1614, 158, 'PUCALA', 0);
INSERT INTO `distrito` VALUES (1615, 158, 'TUMAN', 0);
INSERT INTO `distrito` VALUES (1616, 160, 'SALAS', 0);
INSERT INTO `distrito` VALUES (1617, 160, 'SAN JOSE', 0);
INSERT INTO `distrito` VALUES (1618, 160, 'TUCUME', 0);
INSERT INTO `distrito` VALUES (1644, 161, 'LIMA', 0);
INSERT INTO `distrito` VALUES (1645, 161, 'ANCON', 0);
INSERT INTO `distrito` VALUES (1646, 161, 'ATE', 8);
INSERT INTO `distrito` VALUES (1647, 161, 'BRE', 0);
INSERT INTO `distrito` VALUES (1648, 161, 'CARABAYLLO', 0);
INSERT INTO `distrito` VALUES (1649, 161, 'COMAS', 0);
INSERT INTO `distrito` VALUES (1650, 161, 'CHACLACAYO', 0);
INSERT INTO `distrito` VALUES (1651, 161, 'CHORRILLOS', 5);
INSERT INTO `distrito` VALUES (1652, 161, 'LA VICTORIA', 0);
INSERT INTO `distrito` VALUES (1653, 163, 'CAJATAMBO', 0);
INSERT INTO `distrito` VALUES (1654, 163, 'COPA', 0);
INSERT INTO `distrito` VALUES (1655, 163, 'GORGOR', 0);
INSERT INTO `distrito` VALUES (1656, 163, 'HUANCAPON', 0);
INSERT INTO `distrito` VALUES (1657, 163, 'MANAS', 0);
INSERT INTO `distrito` VALUES (1658, 164, 'CANTA', 0);
INSERT INTO `distrito` VALUES (1659, 164, 'ARAHUAY', 0);
INSERT INTO `distrito` VALUES (1660, 164, 'HUAMANTANGA', 0);
INSERT INTO `distrito` VALUES (1661, 164, 'HUAROS', 0);
INSERT INTO `distrito` VALUES (1662, 164, 'LACHAQUI', 0);
INSERT INTO `distrito` VALUES (1663, 164, 'SAN BUENAVENTURA', 0);
INSERT INTO `distrito` VALUES (1664, 164, 'SANTA ROSA DE QUIVES', 0);
INSERT INTO `distrito` VALUES (1665, 165, 'SAN VICENTE DE CA', 0);
INSERT INTO `distrito` VALUES (1666, 165, 'CALANGO', 0);
INSERT INTO `distrito` VALUES (1667, 165, 'CERRO AZUL', 0);
INSERT INTO `distrito` VALUES (1668, 165, 'COAYLLO', 0);
INSERT INTO `distrito` VALUES (1669, 165, 'CHILCA', 0);
INSERT INTO `distrito` VALUES (1670, 165, 'IMPERIAL', 0);
INSERT INTO `distrito` VALUES (1671, 165, 'LUNAHUANA', 0);
INSERT INTO `distrito` VALUES (1672, 165, 'MALA', 0);
INSERT INTO `distrito` VALUES (1673, 165, 'NUEVO IMPERIAL', 0);
INSERT INTO `distrito` VALUES (1674, 168, 'HUACHO', 0);
INSERT INTO `distrito` VALUES (1675, 168, 'AMBAR', 0);
INSERT INTO `distrito` VALUES (1676, 168, 'CALETA DE CARQUIN', 0);
INSERT INTO `distrito` VALUES (1677, 168, 'CHECRAS', 0);
INSERT INTO `distrito` VALUES (1678, 168, 'HUALMAY', 0);
INSERT INTO `distrito` VALUES (1679, 168, 'HUAURA', 0);
INSERT INTO `distrito` VALUES (1680, 168, 'LEONCIO PRADO', 0);
INSERT INTO `distrito` VALUES (1681, 168, 'PACCHO', 0);
INSERT INTO `distrito` VALUES (1682, 167, 'MATUCANA', 0);
INSERT INTO `distrito` VALUES (1683, 167, 'ANTIOQUIA', 0);
INSERT INTO `distrito` VALUES (1684, 167, 'CALLAHUANCA', 0);
INSERT INTO `distrito` VALUES (1685, 167, 'CARAMPOMA', 0);
INSERT INTO `distrito` VALUES (1686, 167, 'CASTA', 0);
INSERT INTO `distrito` VALUES (1687, 167, 'SAN JOSE DE LOS CHORRILLOS', 0);
INSERT INTO `distrito` VALUES (1688, 167, 'CHICLA', 0);
INSERT INTO `distrito` VALUES (1689, 167, 'HUANZA', 0);
INSERT INTO `distrito` VALUES (1690, 167, 'HUAROCHIRI', 0);
INSERT INTO `distrito` VALUES (1691, 170, 'YAUYOS', 0);
INSERT INTO `distrito` VALUES (1692, 170, 'ALIS', 0);
INSERT INTO `distrito` VALUES (1693, 170, 'AYAUCA', 0);
INSERT INTO `distrito` VALUES (1694, 170, 'AYAVIRI', 0);
INSERT INTO `distrito` VALUES (1695, 170, 'AZANGARO', 0);
INSERT INTO `distrito` VALUES (1696, 170, 'CACRA', 0);
INSERT INTO `distrito` VALUES (1697, 170, 'CARANIA', 0);
INSERT INTO `distrito` VALUES (1698, 170, 'COCHAS', 0);
INSERT INTO `distrito` VALUES (1699, 170, 'COLONIA', 0);
INSERT INTO `distrito` VALUES (1700, 166, 'HUARAL', 0);
INSERT INTO `distrito` VALUES (1701, 166, 'ATAVILLOS ALTO', 0);
INSERT INTO `distrito` VALUES (1702, 166, 'ATAVILLOS BAJO', 0);
INSERT INTO `distrito` VALUES (1703, 166, 'AUCALLAMA', 0);
INSERT INTO `distrito` VALUES (1704, 166, 'CHANCAY', 0);
INSERT INTO `distrito` VALUES (1705, 166, 'IHUARI', 0);
INSERT INTO `distrito` VALUES (1706, 166, 'LAMPIAN', 0);
INSERT INTO `distrito` VALUES (1707, 166, 'PACARAOS', 0);
INSERT INTO `distrito` VALUES (1708, 166, 'SAN MIGUEL DE ACOS', 0);
INSERT INTO `distrito` VALUES (1709, 162, 'BARRANCA', 0);
INSERT INTO `distrito` VALUES (1710, 162, 'PARAMONGA', 0);
INSERT INTO `distrito` VALUES (1711, 162, 'PATIVILCA', 0);
INSERT INTO `distrito` VALUES (1712, 162, 'SUPE', 0);
INSERT INTO `distrito` VALUES (1713, 162, 'SUPE PUERTO', 0);
INSERT INTO `distrito` VALUES (1714, 161, 'LA MOLINA', 1);
INSERT INTO `distrito` VALUES (1715, 161, 'LINCE', 0);
INSERT INTO `distrito` VALUES (1716, 161, 'LURIGANCHO', 0);
INSERT INTO `distrito` VALUES (1717, 161, 'LURIN', 0);
INSERT INTO `distrito` VALUES (1718, 161, 'MAGDALENA DEL MAR', 0);
INSERT INTO `distrito` VALUES (1719, 161, 'MIRAFLORES', 2);
INSERT INTO `distrito` VALUES (1720, 161, 'PACHACAMAC', 0);
INSERT INTO `distrito` VALUES (1721, 161, 'PUEBLO LIBRE', 0);
INSERT INTO `distrito` VALUES (1722, 161, 'PUCUSANA', 0);
INSERT INTO `distrito` VALUES (1723, 161, 'PUENTE PIEDRA', 0);
INSERT INTO `distrito` VALUES (1724, 161, 'PUNTA HERMOSA', 0);
INSERT INTO `distrito` VALUES (1725, 161, 'PUNTA NEGRA', 0);
INSERT INTO `distrito` VALUES (1726, 161, 'RIMAC', 0);
INSERT INTO `distrito` VALUES (1727, 161, 'SAN BARTOLO', 0);
INSERT INTO `distrito` VALUES (1728, 161, 'SAN ISIDRO', 0);
INSERT INTO `distrito` VALUES (1729, 161, 'BARRANCO', 0);
INSERT INTO `distrito` VALUES (1730, 161, 'SAN MARTIN DE PORRES', 0);
INSERT INTO `distrito` VALUES (1731, 161, 'SAN MIGUEL', 9);
INSERT INTO `distrito` VALUES (1732, 161, 'STA MARIA DEL MAR', 0);
INSERT INTO `distrito` VALUES (1733, 161, 'SANTA ROSA', 0);
INSERT INTO `distrito` VALUES (1734, 161, 'SANTIAGO DE SURCO', 0);
INSERT INTO `distrito` VALUES (1735, 161, 'SURQUILLO', 0);
INSERT INTO `distrito` VALUES (1736, 161, 'VILLA MARIA DEL TRIUNFO', 0);
INSERT INTO `distrito` VALUES (1737, 161, 'JESUS MARIA', 0);
INSERT INTO `distrito` VALUES (1738, 161, 'INDEPENDENCIA', 7);
INSERT INTO `distrito` VALUES (1739, 161, 'EL AGUSTINO', 0);
INSERT INTO `distrito` VALUES (1740, 161, 'SAN JUAN DE MIRAFLORES', 0);
INSERT INTO `distrito` VALUES (1741, 161, 'SAN JUAN DE LURIGANCHO', 0);
INSERT INTO `distrito` VALUES (1742, 161, 'SAN LUIS', 0);
INSERT INTO `distrito` VALUES (1743, 161, 'CIENEGUILLA', 0);
INSERT INTO `distrito` VALUES (1744, 161, 'SAN BORJA', 3);
INSERT INTO `distrito` VALUES (1745, 161, 'VILLA EL SALVADOR', 0);
INSERT INTO `distrito` VALUES (1746, 161, 'LOS OLIVOS', 6);
INSERT INTO `distrito` VALUES (1747, 161, 'SANTA ANITA', 0);
INSERT INTO `distrito` VALUES (1748, 165, 'PACARAN', 0);
INSERT INTO `distrito` VALUES (1749, 165, 'QUILMANA', 0);
INSERT INTO `distrito` VALUES (1750, 165, 'SAN ANTONIO', 0);
INSERT INTO `distrito` VALUES (1751, 165, 'SAN LUIS', 0);
INSERT INTO `distrito` VALUES (1752, 165, 'SANTA CRUZ DE FLORES', 0);
INSERT INTO `distrito` VALUES (1753, 165, 'ZUÑIGA', 0);
INSERT INTO `distrito` VALUES (1754, 165, 'ASIA', 0);
INSERT INTO `distrito` VALUES (1755, 168, 'SANTA LEONOR', 0);
INSERT INTO `distrito` VALUES (1756, 168, 'SANTA MARIA', 0);
INSERT INTO `distrito` VALUES (1757, 168, 'SAYAN', 0);
INSERT INTO `distrito` VALUES (1758, 168, 'VEGUETA', 0);
INSERT INTO `distrito` VALUES (1759, 167, 'LAHUAYTAMBO', 0);
INSERT INTO `distrito` VALUES (1760, 167, 'LANGA', 0);
INSERT INTO `distrito` VALUES (1761, 167, 'MARIATANA', 0);
INSERT INTO `distrito` VALUES (1762, 167, 'RICARDO PALMA', 0);
INSERT INTO `distrito` VALUES (1763, 167, 'SAN ANDRES DE TUPICOCHA', 0);
INSERT INTO `distrito` VALUES (1764, 167, 'SAN ANTONIO', 0);
INSERT INTO `distrito` VALUES (1765, 167, 'SAN BARTOLOME', 0);
INSERT INTO `distrito` VALUES (1766, 167, 'SAN DAMIAN', 0);
INSERT INTO `distrito` VALUES (1767, 167, 'SANGALLAYA', 0);
INSERT INTO `distrito` VALUES (1768, 167, 'SAN JUAN DE TANTARANCHE', 0);
INSERT INTO `distrito` VALUES (1769, 167, 'SAN LORENZO DE QUINTI', 0);
INSERT INTO `distrito` VALUES (1770, 167, 'SAN MATEO', 0);
INSERT INTO `distrito` VALUES (1771, 167, 'SAN MATEO DE OTAO', 0);
INSERT INTO `distrito` VALUES (1772, 167, 'SAN PEDRO DE HUANCAYRE', 0);
INSERT INTO `distrito` VALUES (1773, 167, 'SANTA CRUZ DE COCACHACRA', 0);
INSERT INTO `distrito` VALUES (1774, 167, 'SANTA EULALIA', 0);
INSERT INTO `distrito` VALUES (1775, 167, 'SANTIAGO DE ANCHUCAYA', 0);
INSERT INTO `distrito` VALUES (1776, 167, 'SANTIAGO DE TUNA', 0);
INSERT INTO `distrito` VALUES (1777, 167, 'SANTO DOMINGO DE LOS OLLEROS', 0);
INSERT INTO `distrito` VALUES (1778, 167, 'SURCO', 0);
INSERT INTO `distrito` VALUES (1779, 167, 'HUACHUPAMPA', 0);
INSERT INTO `distrito` VALUES (1780, 167, 'LARAOS', 0);
INSERT INTO `distrito` VALUES (1781, 167, 'SAN JUAN DE IRIS', 0);
INSERT INTO `distrito` VALUES (1782, 170, 'CHOCOS', 0);
INSERT INTO `distrito` VALUES (1783, 170, 'HUAMPARA', 0);
INSERT INTO `distrito` VALUES (1784, 170, 'HUANCAYA', 0);
INSERT INTO `distrito` VALUES (1785, 170, 'HUANGASCAR', 0);
INSERT INTO `distrito` VALUES (1786, 170, 'HUANTAN', 0);
INSERT INTO `distrito` VALUES (1787, 170, 'HUA', 0);
INSERT INTO `distrito` VALUES (1788, 170, 'LARAOS', 0);
INSERT INTO `distrito` VALUES (1789, 170, 'LINCHA', 0);
INSERT INTO `distrito` VALUES (1790, 170, 'MIRAFLORES', 0);
INSERT INTO `distrito` VALUES (1791, 170, 'OMAS', 0);
INSERT INTO `distrito` VALUES (1792, 170, 'QUINCHES', 0);
INSERT INTO `distrito` VALUES (1793, 170, 'QUINOCAY', 0);
INSERT INTO `distrito` VALUES (1794, 170, 'SAN JOAQUIN', 0);
INSERT INTO `distrito` VALUES (1795, 170, 'SAN PEDRO DE PILAS', 0);
INSERT INTO `distrito` VALUES (1796, 170, 'TANTA', 0);
INSERT INTO `distrito` VALUES (1797, 170, 'TAURIPAMPA', 0);
INSERT INTO `distrito` VALUES (1798, 170, 'TUPE', 0);
INSERT INTO `distrito` VALUES (1799, 170, 'TOMAS', 0);
INSERT INTO `distrito` VALUES (1800, 170, 'VI', 0);
INSERT INTO `distrito` VALUES (1801, 170, 'VITIS', 0);
INSERT INTO `distrito` VALUES (1802, 170, 'HONGOS', 0);
INSERT INTO `distrito` VALUES (1803, 170, 'MADEAN', 0);
INSERT INTO `distrito` VALUES (1804, 170, 'PUTINZA', 0);
INSERT INTO `distrito` VALUES (1805, 170, 'CATAHUASI', 0);
INSERT INTO `distrito` VALUES (1806, 166, 'VEINTISIETE DE NOVIEMBRE', 0);
INSERT INTO `distrito` VALUES (1807, 166, 'STA CRUZ DE ANDAMARCA', 0);
INSERT INTO `distrito` VALUES (1808, 166, 'SUMBILCA', 0);
INSERT INTO `distrito` VALUES (1809, 169, 'OYON', 0);
INSERT INTO `distrito` VALUES (1810, 169, 'NAVAN', 0);
INSERT INTO `distrito` VALUES (1811, 169, 'CAUJUL', 0);
INSERT INTO `distrito` VALUES (1812, 169, 'ANDAJES', 0);
INSERT INTO `distrito` VALUES (1813, 169, 'PACHANGARA', 0);
INSERT INTO `distrito` VALUES (1814, 169, 'COCHAMARCA', 0);
INSERT INTO `distrito` VALUES (1899, 176, 'IQUITOS', 0);
INSERT INTO `distrito` VALUES (1900, 176, 'ALTO NANAY', 0);
INSERT INTO `distrito` VALUES (1901, 176, 'FERNANDO LORES', 0);
INSERT INTO `distrito` VALUES (1902, 176, 'LAS AMAZONAS', 0);
INSERT INTO `distrito` VALUES (1903, 176, 'MAZAN', 0);
INSERT INTO `distrito` VALUES (1904, 176, 'NAPO', 0);
INSERT INTO `distrito` VALUES (1905, 176, 'PUTUMAYO', 0);
INSERT INTO `distrito` VALUES (1906, 176, 'TORRES CAUSANA', 0);
INSERT INTO `distrito` VALUES (1907, 177, 'YURIMAGUAS', 0);
INSERT INTO `distrito` VALUES (1908, 177, 'BALSAPUERTO', 0);
INSERT INTO `distrito` VALUES (1909, 177, 'JEBEROS', 0);
INSERT INTO `distrito` VALUES (1910, 177, 'LAGUNAS', 0);
INSERT INTO `distrito` VALUES (1911, 178, 'NAUTA', 0);
INSERT INTO `distrito` VALUES (1912, 178, 'PARINARI', 0);
INSERT INTO `distrito` VALUES (1913, 178, 'TIGRE', 0);
INSERT INTO `distrito` VALUES (1914, 178, 'URARINAS', 0);
INSERT INTO `distrito` VALUES (1915, 178, 'TROMPETEROS', 0);
INSERT INTO `distrito` VALUES (1916, 180, 'REQUENA', 0);
INSERT INTO `distrito` VALUES (1917, 180, 'ALTO TAPICHE', 0);
INSERT INTO `distrito` VALUES (1918, 180, 'CAPELO', 0);
INSERT INTO `distrito` VALUES (1919, 180, 'EMILIO SAN MARTIN', 0);
INSERT INTO `distrito` VALUES (1920, 180, 'MAQUIA', 0);
INSERT INTO `distrito` VALUES (1921, 180, 'PUINAHUA', 0);
INSERT INTO `distrito` VALUES (1922, 180, 'SAPUENA', 0);
INSERT INTO `distrito` VALUES (1923, 180, 'SOPLIN', 0);
INSERT INTO `distrito` VALUES (1924, 180, 'TAPICHE', 0);
INSERT INTO `distrito` VALUES (1925, 181, 'CONTAMANA', 0);
INSERT INTO `distrito` VALUES (1926, 181, 'VARGAS GUERRA', 0);
INSERT INTO `distrito` VALUES (1927, 181, 'PADRE MARQUEZ', 0);
INSERT INTO `distrito` VALUES (1928, 181, 'PAMPA HERMOZA', 0);
INSERT INTO `distrito` VALUES (1929, 181, 'SARAYACU', 0);
INSERT INTO `distrito` VALUES (1930, 181, 'INAHUAYA', 0);
INSERT INTO `distrito` VALUES (1931, 179, 'MARISCAL RAMON CASTILLA', 0);
INSERT INTO `distrito` VALUES (1932, 179, 'PEBAS', 0);
INSERT INTO `distrito` VALUES (1933, 179, 'YAVARI', 0);
INSERT INTO `distrito` VALUES (1934, 179, 'SAN PABLO', 0);
INSERT INTO `distrito` VALUES (1935, 162, 'BARRANCA', 0);
INSERT INTO `distrito` VALUES (1936, 263, 'ANDOAS', 0);
INSERT INTO `distrito` VALUES (1937, 263, 'CAHUAPANAS', 0);
INSERT INTO `distrito` VALUES (1938, 263, 'MANSERICHE', 0);
INSERT INTO `distrito` VALUES (1939, 263, 'MORONA', 0);
INSERT INTO `distrito` VALUES (1940, 263, 'PASTAZA', 0);
INSERT INTO `distrito` VALUES (1941, 176, 'INDIANA', 0);
INSERT INTO `distrito` VALUES (1942, 176, 'PUNCHANA', 0);
INSERT INTO `distrito` VALUES (1943, 176, 'BELEN', 0);
INSERT INTO `distrito` VALUES (1944, 176, 'SAN JUAN BAUTISTA', 0);
INSERT INTO `distrito` VALUES (1945, 176, 'TNTE MANUEL CLAVERO', 0);
INSERT INTO `distrito` VALUES (1946, 177, 'SANTA CRUZ', 0);
INSERT INTO `distrito` VALUES (1947, 177, 'TNTE CESAR LOPEZ ROJAS', 0);
INSERT INTO `distrito` VALUES (1948, 180, 'JENARO HERRERA', 0);
INSERT INTO `distrito` VALUES (1949, 180, 'YAQUERANA', 0);
INSERT INTO `distrito` VALUES (1962, 183, 'TAMBOPATA', 0);
INSERT INTO `distrito` VALUES (1963, 183, 'INAMBARI', 0);
INSERT INTO `distrito` VALUES (1964, 183, 'LAS PIEDRAS', 0);
INSERT INTO `distrito` VALUES (1965, 183, 'LABERINTO', 0);
INSERT INTO `distrito` VALUES (1966, 184, 'MANU', 0);
INSERT INTO `distrito` VALUES (1967, 184, 'FITZCARRALD', 0);
INSERT INTO `distrito` VALUES (1968, 184, 'MADRE DE DIOS', 0);
INSERT INTO `distrito` VALUES (1969, 184, 'HUEPETUHE', 0);
INSERT INTO `distrito` VALUES (1970, 185, 'I', 0);
INSERT INTO `distrito` VALUES (1971, 185, 'IBERIA', 0);
INSERT INTO `distrito` VALUES (1972, 185, 'TAHUAMANU', 0);
INSERT INTO `distrito` VALUES (1977, 186, 'MOQUEGUA', 0);
INSERT INTO `distrito` VALUES (1978, 186, 'CARUMAS', 0);
INSERT INTO `distrito` VALUES (1979, 186, 'CUCHUMBAYA', 0);
INSERT INTO `distrito` VALUES (1980, 186, 'SAN CRISTOBAL', 0);
INSERT INTO `distrito` VALUES (1981, 186, 'TORATA', 0);
INSERT INTO `distrito` VALUES (1982, 186, 'SAMEGUA', 0);
INSERT INTO `distrito` VALUES (1983, 187, 'OMATE', 0);
INSERT INTO `distrito` VALUES (1984, 187, 'COALAQUE', 0);
INSERT INTO `distrito` VALUES (1985, 187, 'CHOJATA', 0);
INSERT INTO `distrito` VALUES (1986, 187, 'ICHU', 0);
INSERT INTO `distrito` VALUES (1987, 187, 'LA CAPILLA', 0);
INSERT INTO `distrito` VALUES (1988, 187, 'LLOQUE', 0);
INSERT INTO `distrito` VALUES (1989, 187, 'MATALAQUE', 0);
INSERT INTO `distrito` VALUES (1990, 187, 'PUQUINA', 0);
INSERT INTO `distrito` VALUES (1991, 187, 'QUINISTAQUILLAS', 0);
INSERT INTO `distrito` VALUES (1992, 188, 'ILO', 0);
INSERT INTO `distrito` VALUES (1993, 188, 'EL ALGARROBAL', 0);
INSERT INTO `distrito` VALUES (1994, 188, 'PACOCHA', 0);
INSERT INTO `distrito` VALUES (1995, 187, 'UBINAS', 0);
INSERT INTO `distrito` VALUES (1996, 187, 'YUNGA', 0);
INSERT INTO `distrito` VALUES (2008, 189, 'CHAUPIMARCA', 0);
INSERT INTO `distrito` VALUES (2009, 189, 'HUACHON', 0);
INSERT INTO `distrito` VALUES (2010, 189, 'HUARIACA', 0);
INSERT INTO `distrito` VALUES (2011, 189, 'HUAYLLAY', 0);
INSERT INTO `distrito` VALUES (2012, 189, 'NINACACA', 0);
INSERT INTO `distrito` VALUES (2013, 189, 'PALLANCHACRA', 0);
INSERT INTO `distrito` VALUES (2014, 189, 'PAUCARTAMBO', 0);
INSERT INTO `distrito` VALUES (2015, 189, 'SAN FCO DE ASIS DE YARUSYACAN', 0);
INSERT INTO `distrito` VALUES (2016, 190, 'YANAHUANCA', 0);
INSERT INTO `distrito` VALUES (2017, 190, 'CHACAYAN', 0);
INSERT INTO `distrito` VALUES (2018, 190, 'GOYLLARISQUIZGA', 0);
INSERT INTO `distrito` VALUES (2019, 190, 'PAUCAR', 0);
INSERT INTO `distrito` VALUES (2020, 190, 'SAN PEDRO DE PILLAO', 0);
INSERT INTO `distrito` VALUES (2021, 190, 'SANTA ANA DE TUSI', 0);
INSERT INTO `distrito` VALUES (2022, 190, 'TAPUC', 0);
INSERT INTO `distrito` VALUES (2023, 190, 'VILCABAMBA', 0);
INSERT INTO `distrito` VALUES (2024, 191, 'OXAPAMPA', 0);
INSERT INTO `distrito` VALUES (2025, 191, 'CHONTABAMBA', 0);
INSERT INTO `distrito` VALUES (2026, 191, 'HUANCABAMBA', 0);
INSERT INTO `distrito` VALUES (2027, 191, 'PUERTO BERMUDEZ', 0);
INSERT INTO `distrito` VALUES (2028, 191, 'VILLA RICA', 0);
INSERT INTO `distrito` VALUES (2029, 191, 'POZUZO', 0);
INSERT INTO `distrito` VALUES (2030, 191, 'PALCAZU', 0);
INSERT INTO `distrito` VALUES (2031, 189, 'SIMON BOLIVAR', 0);
INSERT INTO `distrito` VALUES (2032, 189, 'TICLACAYAN', 0);
INSERT INTO `distrito` VALUES (2033, 189, 'TINYAHUARCO', 0);
INSERT INTO `distrito` VALUES (2034, 189, 'VICCO', 0);
INSERT INTO `distrito` VALUES (2035, 189, 'YANACANCHA', 0);
INSERT INTO `distrito` VALUES (2039, 192, 'PIURA', 0);
INSERT INTO `distrito` VALUES (2040, 192, 'CASTILLA', 0);
INSERT INTO `distrito` VALUES (2041, 192, 'CATACAOS', 0);
INSERT INTO `distrito` VALUES (2042, 192, 'LA ARENA', 0);
INSERT INTO `distrito` VALUES (2043, 192, 'LA UNION', 0);
INSERT INTO `distrito` VALUES (2044, 192, 'LAS LOMAS', 0);
INSERT INTO `distrito` VALUES (2045, 192, 'TAMBO GRANDE', 0);
INSERT INTO `distrito` VALUES (2046, 193, 'AYABACA', 0);
INSERT INTO `distrito` VALUES (2047, 193, 'FRIAS', 0);
INSERT INTO `distrito` VALUES (2048, 193, 'LAGUNAS', 0);
INSERT INTO `distrito` VALUES (2049, 193, 'MONTERO', 0);
INSERT INTO `distrito` VALUES (2050, 193, 'PACAIPAMPA', 0);
INSERT INTO `distrito` VALUES (2051, 193, 'SAPILLICA', 0);
INSERT INTO `distrito` VALUES (2052, 193, 'SICCHEZ', 0);
INSERT INTO `distrito` VALUES (2053, 193, 'SUYO', 0);
INSERT INTO `distrito` VALUES (2054, 193, 'JILILI', 0);
INSERT INTO `distrito` VALUES (2055, 194, 'HUANCABAMBA', 0);
INSERT INTO `distrito` VALUES (2056, 194, 'CANCHAQUE', 0);
INSERT INTO `distrito` VALUES (2057, 194, 'HUARMACA', 0);
INSERT INTO `distrito` VALUES (2058, 194, 'SONDOR', 0);
INSERT INTO `distrito` VALUES (2059, 194, 'SONDORILLO', 0);
INSERT INTO `distrito` VALUES (2060, 194, 'EL CARMEN DE LA FRONTERA', 0);
INSERT INTO `distrito` VALUES (2061, 194, 'SAN MIGUEL DE EL FAIQUE', 0);
INSERT INTO `distrito` VALUES (2062, 194, 'LALAQUIZ', 0);
INSERT INTO `distrito` VALUES (2063, 195, 'CHULUCANAS', 0);
INSERT INTO `distrito` VALUES (2064, 195, 'BUENOS AIRES', 0);
INSERT INTO `distrito` VALUES (2065, 195, 'CHALACO', 0);
INSERT INTO `distrito` VALUES (2066, 195, 'MORROPON', 0);
INSERT INTO `distrito` VALUES (2067, 195, 'SALITRAL', 0);
INSERT INTO `distrito` VALUES (2068, 195, 'SANTA CATALINA DE MOSSA', 0);
INSERT INTO `distrito` VALUES (2069, 195, 'SANTO DOMINGO', 0);
INSERT INTO `distrito` VALUES (2070, 195, 'LA MATANZA', 0);
INSERT INTO `distrito` VALUES (2071, 195, 'YAMANGO', 0);
INSERT INTO `distrito` VALUES (2072, 196, 'PAITA', 0);
INSERT INTO `distrito` VALUES (2073, 196, 'AMOTAPE', 0);
INSERT INTO `distrito` VALUES (2074, 196, 'ARENAL', 0);
INSERT INTO `distrito` VALUES (2075, 196, 'LA HUACA', 0);
INSERT INTO `distrito` VALUES (2076, 196, 'PUEBLO NUEVO DE COLAN', 0);
INSERT INTO `distrito` VALUES (2077, 196, 'TAMARINDO', 0);
INSERT INTO `distrito` VALUES (2078, 196, 'VICHAYAL', 0);
INSERT INTO `distrito` VALUES (2079, 197, 'SULLANA', 0);
INSERT INTO `distrito` VALUES (2080, 197, 'BELLAVISTA', 0);
INSERT INTO `distrito` VALUES (2081, 197, 'LANCONES', 0);
INSERT INTO `distrito` VALUES (2082, 197, 'MARCAVELICA', 0);
INSERT INTO `distrito` VALUES (2083, 197, 'MIGUEL CHECA', 0);
INSERT INTO `distrito` VALUES (2084, 197, 'QUERECOTILLO', 0);
INSERT INTO `distrito` VALUES (2085, 197, 'SALITRAL', 0);
INSERT INTO `distrito` VALUES (2086, 197, 'IGNACIO ESCUDERO', 0);
INSERT INTO `distrito` VALUES (2087, 198, 'PARI', 0);
INSERT INTO `distrito` VALUES (2088, 198, 'EL ALTO', 0);
INSERT INTO `distrito` VALUES (2089, 198, 'LA BREA', 0);
INSERT INTO `distrito` VALUES (2090, 198, 'LOBITOS', 0);
INSERT INTO `distrito` VALUES (2091, 198, 'MANCORA', 0);
INSERT INTO `distrito` VALUES (2092, 198, 'LOS ORGANOS', 0);
INSERT INTO `distrito` VALUES (2093, 199, 'SECHURA', 0);
INSERT INTO `distrito` VALUES (2094, 199, 'VICE', 0);
INSERT INTO `distrito` VALUES (2095, 199, 'BERNAL', 0);
INSERT INTO `distrito` VALUES (2096, 199, 'BELLAVISTA DE LA UNION', 0);
INSERT INTO `distrito` VALUES (2097, 199, 'CRISTO NOS VALGA', 0);
INSERT INTO `distrito` VALUES (2098, 199, 'RINCONADA LLICUAR', 0);
INSERT INTO `distrito` VALUES (2099, 192, 'CURA MORI', 0);
INSERT INTO `distrito` VALUES (2100, 192, 'EL TALLAN', 0);
INSERT INTO `distrito` VALUES (2101, 193, 'PAIMAS', 0);
INSERT INTO `distrito` VALUES (2102, 195, 'SAN JUAN DE BIGOTE', 0);
INSERT INTO `distrito` VALUES (2166, 207, 'PUNO', 0);
INSERT INTO `distrito` VALUES (2167, 207, 'ACORA', 0);
INSERT INTO `distrito` VALUES (2168, 207, 'ATUNCOLLA', 0);
INSERT INTO `distrito` VALUES (2169, 207, 'CAPACHICA', 0);
INSERT INTO `distrito` VALUES (2170, 207, 'COATA', 0);
INSERT INTO `distrito` VALUES (2171, 207, 'CHUCUITO', 0);
INSERT INTO `distrito` VALUES (2172, 207, 'HUATA', 0);
INSERT INTO `distrito` VALUES (2173, 207, 'MA', 0);
INSERT INTO `distrito` VALUES (2174, 207, 'PAUCARCOLLA', 0);
INSERT INTO `distrito` VALUES (2175, 208, 'AZANGARO', 0);
INSERT INTO `distrito` VALUES (2176, 208, 'ACHAYA', 0);
INSERT INTO `distrito` VALUES (2177, 208, 'ARAPA', 0);
INSERT INTO `distrito` VALUES (2178, 208, 'ASILLO', 0);
INSERT INTO `distrito` VALUES (2179, 208, 'CAMINACA', 0);
INSERT INTO `distrito` VALUES (2180, 208, 'CHUPA', 0);
INSERT INTO `distrito` VALUES (2181, 208, 'JOSE DOMINGO CHOQUEHUANCA', 0);
INSERT INTO `distrito` VALUES (2182, 208, 'MU', 0);
INSERT INTO `distrito` VALUES (2183, 209, 'MACUSANI', 0);
INSERT INTO `distrito` VALUES (2184, 209, 'AJOYANI', 0);
INSERT INTO `distrito` VALUES (2185, 209, 'AYAPATA', 0);
INSERT INTO `distrito` VALUES (2186, 209, 'COASA', 0);
INSERT INTO `distrito` VALUES (2187, 209, 'CORANI', 0);
INSERT INTO `distrito` VALUES (2188, 209, 'CRUCERO', 0);
INSERT INTO `distrito` VALUES (2189, 209, 'ITUATA', 0);
INSERT INTO `distrito` VALUES (2190, 209, 'OLLACHEA', 0);
INSERT INTO `distrito` VALUES (2191, 209, 'SAN GABAN', 0);
INSERT INTO `distrito` VALUES (2192, 210, 'JULI', 0);
INSERT INTO `distrito` VALUES (2193, 210, 'DESAGUADERO', 0);
INSERT INTO `distrito` VALUES (2194, 210, 'HUACULLANI', 0);
INSERT INTO `distrito` VALUES (2195, 210, 'PISACOMA', 0);
INSERT INTO `distrito` VALUES (2196, 210, 'POMATA', 0);
INSERT INTO `distrito` VALUES (2197, 212, 'HUANCANE', 0);
INSERT INTO `distrito` VALUES (2198, 212, 'COJATA', 0);
INSERT INTO `distrito` VALUES (2199, 212, 'INCHUPALLA', 0);
INSERT INTO `distrito` VALUES (2200, 212, 'PUSI', 0);
INSERT INTO `distrito` VALUES (2201, 212, 'ROSASPATA', 0);
INSERT INTO `distrito` VALUES (2202, 212, 'TARACO', 0);
INSERT INTO `distrito` VALUES (2203, 212, 'VILQUE CHICO', 0);
INSERT INTO `distrito` VALUES (2204, 213, 'LAMPA', 0);
INSERT INTO `distrito` VALUES (2205, 213, 'CABANILLA', 0);
INSERT INTO `distrito` VALUES (2206, 213, 'CALAPUJA', 0);
INSERT INTO `distrito` VALUES (2207, 213, 'NICASIO', 0);
INSERT INTO `distrito` VALUES (2208, 213, 'OCUVIRI', 0);
INSERT INTO `distrito` VALUES (2209, 213, 'PALCA', 0);
INSERT INTO `distrito` VALUES (2210, 213, 'PARATIA', 0);
INSERT INTO `distrito` VALUES (2211, 213, 'PUCARA', 0);
INSERT INTO `distrito` VALUES (2212, 213, 'SANTA LUCIA', 0);
INSERT INTO `distrito` VALUES (2213, 214, 'AYAVIRI', 0);
INSERT INTO `distrito` VALUES (2214, 214, 'ANTAUTA', 0);
INSERT INTO `distrito` VALUES (2215, 214, 'CUPI', 0);
INSERT INTO `distrito` VALUES (2216, 214, 'LLALLI', 0);
INSERT INTO `distrito` VALUES (2217, 214, 'MACARI', 0);
INSERT INTO `distrito` VALUES (2218, 214, 'NU', 0);
INSERT INTO `distrito` VALUES (2219, 214, 'ORURILLO', 0);
INSERT INTO `distrito` VALUES (2220, 214, 'SANTA ROSA', 0);
INSERT INTO `distrito` VALUES (2221, 214, 'UMACHIRI', 0);
INSERT INTO `distrito` VALUES (2222, 218, 'SANDIA', 0);
INSERT INTO `distrito` VALUES (2223, 218, 'CUYOCUYO', 0);
INSERT INTO `distrito` VALUES (2224, 218, 'LIMBANI', 0);
INSERT INTO `distrito` VALUES (2225, 218, 'PHARA', 0);
INSERT INTO `distrito` VALUES (2226, 218, 'PATAMBUCO', 0);
INSERT INTO `distrito` VALUES (2227, 218, 'QUIACA', 0);
INSERT INTO `distrito` VALUES (2228, 218, 'SAN JUAN DEL ORO', 0);
INSERT INTO `distrito` VALUES (2229, 217, 'JULIACA', 0);
INSERT INTO `distrito` VALUES (2230, 217, 'CABANA', 0);
INSERT INTO `distrito` VALUES (2231, 217, 'CABANILLAS', 0);
INSERT INTO `distrito` VALUES (2232, 217, 'CARACOTO', 0);
INSERT INTO `distrito` VALUES (2233, 207, 'PICHACANI', 0);
INSERT INTO `distrito` VALUES (2234, 207, 'SAN ANTONIO', 0);
INSERT INTO `distrito` VALUES (2235, 207, 'TIQUILLACA', 0);
INSERT INTO `distrito` VALUES (2236, 207, 'VILQUE', 0);
INSERT INTO `distrito` VALUES (2237, 207, 'PLATERIA', 0);
INSERT INTO `distrito` VALUES (2238, 207, 'AMANTANI', 0);
INSERT INTO `distrito` VALUES (2239, 208, 'POTONI', 0);
INSERT INTO `distrito` VALUES (2240, 208, 'SAMAN', 0);
INSERT INTO `distrito` VALUES (2241, 208, 'SAN ANTON', 0);
INSERT INTO `distrito` VALUES (2242, 208, 'SAN JOSE', 0);
INSERT INTO `distrito` VALUES (2243, 208, 'SAN JUAN DE SALINAS', 0);
INSERT INTO `distrito` VALUES (2244, 208, 'STGO DE PUPUJA', 0);
INSERT INTO `distrito` VALUES (2245, 208, 'TIRAPATA', 0);
INSERT INTO `distrito` VALUES (2246, 209, 'USICAYOS', 0);
INSERT INTO `distrito` VALUES (2247, 210, 'ZEPITA', 0);
INSERT INTO `distrito` VALUES (2248, 210, 'KELLUYO', 0);
INSERT INTO `distrito` VALUES (2249, 212, 'HUATASANI', 0);
INSERT INTO `distrito` VALUES (2250, 213, 'VILAVILA', 0);
INSERT INTO `distrito` VALUES (2251, 218, 'YANAHUAYA', 0);
INSERT INTO `distrito` VALUES (2252, 218, 'ALTO INAMBARI', 0);
INSERT INTO `distrito` VALUES (2253, 218, 'SAN PEDRO DE PUTINA PUNCO', 0);
INSERT INTO `distrito` VALUES (2254, 219, 'YUNGUYO', 0);
INSERT INTO `distrito` VALUES (2255, 219, 'UNICACHI', 0);
INSERT INTO `distrito` VALUES (2256, 219, 'ANAPIA', 0);
INSERT INTO `distrito` VALUES (2257, 219, 'COPANI', 0);
INSERT INTO `distrito` VALUES (2258, 219, 'CUTURAPI', 0);
INSERT INTO `distrito` VALUES (2259, 219, 'OLLARAYA', 0);
INSERT INTO `distrito` VALUES (2260, 219, 'TINICACHI', 0);
INSERT INTO `distrito` VALUES (2261, 216, 'PUTINA', 0);
INSERT INTO `distrito` VALUES (2262, 216, 'PEDRO VILCA APAZA', 0);
INSERT INTO `distrito` VALUES (2263, 216, 'QUILCA PUNCU', 0);
INSERT INTO `distrito` VALUES (2264, 216, 'ANANEA', 0);
INSERT INTO `distrito` VALUES (2265, 216, 'SINA', 0);
INSERT INTO `distrito` VALUES (2266, 211, 'ILAVE', 0);
INSERT INTO `distrito` VALUES (2267, 211, 'PILCUYO', 0);
INSERT INTO `distrito` VALUES (2268, 211, 'SANTA ROSA', 0);
INSERT INTO `distrito` VALUES (2269, 211, 'CAPASO', 0);
INSERT INTO `distrito` VALUES (2270, 211, 'CONDURIRI', 0);
INSERT INTO `distrito` VALUES (2271, 215, 'MOHO', 0);
INSERT INTO `distrito` VALUES (2272, 215, 'CONIMA', 0);
INSERT INTO `distrito` VALUES (2273, 215, 'TILALI', 0);
INSERT INTO `distrito` VALUES (2274, 215, 'HUAYRAPATA', 0);
INSERT INTO `distrito` VALUES (2293, 237, 'TACNA', 0);
INSERT INTO `distrito` VALUES (2294, 237, 'CALANA', 0);
INSERT INTO `distrito` VALUES (2295, 237, 'INCLAN', 0);
INSERT INTO `distrito` VALUES (2296, 237, 'PACHIA', 0);
INSERT INTO `distrito` VALUES (2297, 237, 'PALCA', 0);
INSERT INTO `distrito` VALUES (2298, 237, 'POCOLLAY', 0);
INSERT INTO `distrito` VALUES (2299, 240, 'TARATA', 0);
INSERT INTO `distrito` VALUES (2300, 240, 'HEROES ALBARRACIN', 0);
INSERT INTO `distrito` VALUES (2301, 240, 'ESTIQUE', 0);
INSERT INTO `distrito` VALUES (2302, 240, 'ESTIQUE PAMPA', 0);
INSERT INTO `distrito` VALUES (2303, 239, 'LOCUMBA', 0);
INSERT INTO `distrito` VALUES (2304, 239, 'ITE', 0);
INSERT INTO `distrito` VALUES (2305, 239, 'ILABAYA', 0);
INSERT INTO `distrito` VALUES (2306, 238, 'CANDARAVE', 0);
INSERT INTO `distrito` VALUES (2307, 238, 'CAIRANI', 0);
INSERT INTO `distrito` VALUES (2308, 238, 'CURIBAYA', 0);
INSERT INTO `distrito` VALUES (2309, 238, 'HUANUARA', 0);
INSERT INTO `distrito` VALUES (2310, 238, 'QUILAHUANI', 0);
INSERT INTO `distrito` VALUES (2311, 238, 'CAMILACA', 0);
INSERT INTO `distrito` VALUES (2312, 237, 'SAMA', 0);
INSERT INTO `distrito` VALUES (2313, 237, 'ALTO DE LA ALIANZA', 0);
INSERT INTO `distrito` VALUES (2314, 237, 'CIUDAD NUEVA', 0);
INSERT INTO `distrito` VALUES (2315, 237, 'CORONEL GREGORIO ALBARRACIN L.', 0);
INSERT INTO `distrito` VALUES (2316, 240, 'SITAJARA', 0);
INSERT INTO `distrito` VALUES (2317, 240, 'SUSAPAYA', 0);
INSERT INTO `distrito` VALUES (2318, 240, 'TARUCACHI', 0);
INSERT INTO `distrito` VALUES (2319, 240, 'TICACO', 0);
INSERT INTO `distrito` VALUES (2324, 244, 'TUMBES', 0);
INSERT INTO `distrito` VALUES (2325, 244, 'CORRALES', 0);
INSERT INTO `distrito` VALUES (2326, 244, 'LA CRUZ', 0);
INSERT INTO `distrito` VALUES (2327, 244, 'PAMPAS DE HOSPITAL', 0);
INSERT INTO `distrito` VALUES (2328, 244, 'SAN JACINTO', 0);
INSERT INTO `distrito` VALUES (2329, 244, 'SAN JUAN DE LA VIRGEN', 0);
INSERT INTO `distrito` VALUES (2330, 245, 'ZORRITOS', 0);
INSERT INTO `distrito` VALUES (2331, 245, 'CASITAS', 0);
INSERT INTO `distrito` VALUES (2332, 245, 'CANOAS DE PUNTA SAL', 0);
INSERT INTO `distrito` VALUES (2333, 246, 'ZARUMILLA', 0);
INSERT INTO `distrito` VALUES (2334, 246, 'MATAPALO', 0);
INSERT INTO `distrito` VALUES (2335, 246, 'PAPAYAL', 0);
INSERT INTO `distrito` VALUES (2336, 246, 'AGUAS VERDES', 0);
INSERT INTO `distrito` VALUES (2339, 247, 'CALLERIA', 0);
INSERT INTO `distrito` VALUES (2340, 247, 'YARINACOCHA', 0);
INSERT INTO `distrito` VALUES (2341, 247, 'MASISEA', 0);
INSERT INTO `distrito` VALUES (2342, 247, 'CAMPOVERDE', 0);
INSERT INTO `distrito` VALUES (2343, 247, 'IPARIA', 0);
INSERT INTO `distrito` VALUES (2344, 247, 'NUEVA REQUENA', 0);
INSERT INTO `distrito` VALUES (2345, 247, 'MANANTAY', 0);
INSERT INTO `distrito` VALUES (2346, 249, 'PADRE ABAD', 0);
INSERT INTO `distrito` VALUES (2347, 249, 'YRAZOLA', 0);
INSERT INTO `distrito` VALUES (2348, 249, 'CURIMANA', 0);
INSERT INTO `distrito` VALUES (2349, 248, 'RAIMONDI', 0);
INSERT INTO `distrito` VALUES (2350, 248, 'TAHUANIA', 0);
INSERT INTO `distrito` VALUES (2351, 248, 'YURUA', 0);
INSERT INTO `distrito` VALUES (2352, 248, 'SEPAHUA', 0);
INSERT INTO `distrito` VALUES (2353, 250, 'PURUS', 0);
INSERT INTO `distrito` VALUES (2354, 262, 'CALLAO', 0);
INSERT INTO `distrito` VALUES (2355, 262, 'BELLAVISTA', 0);
INSERT INTO `distrito` VALUES (2356, 262, 'CARMEN DE LA LEGUA-REYNOSO', 0);
INSERT INTO `distrito` VALUES (2357, 262, 'LA PERLA', 0);
INSERT INTO `distrito` VALUES (2358, 262, 'LA PUNTA', 0);
INSERT INTO `distrito` VALUES (2359, 262, 'VENTANILLA', 0);
INSERT INTO `distrito` VALUES (2360, 161, 'SURCO', 4);
INSERT INTO `distrito` VALUES (2361, 264, 'NO DETERMINADO', 0);
INSERT INTO `distrito` VALUES (2362, 161, 'LURIGANCHO-CHOSICA\r\n', 0);
INSERT INTO `distrito` VALUES (2363, 161, 'OTROS', 10);

-- ----------------------------
-- Table structure for provincia
-- ----------------------------
DROP TABLE IF EXISTS `provincia`;
CREATE TABLE `provincia`  (
  `idProvincia` int(11) NOT NULL,
  `idDepartamento` int(11) NOT NULL,
  `provincia` text CHARACTER SET utf8 COLLATE utf8_general_ci NOT NULL
) ENGINE = InnoDB CHARACTER SET = utf8 COLLATE = utf8_general_ci ROW_FORMAT = Compact;

-- ----------------------------
-- Records of provincia
-- ----------------------------
INSERT INTO `provincia` VALUES (1, 1, 'CHACHAPOYAS');
INSERT INTO `provincia` VALUES (2, 1, 'BAGUA');
INSERT INTO `provincia` VALUES (3, 1, 'BONGARA');
INSERT INTO `provincia` VALUES (4, 1, 'CONDORCANQUI');
INSERT INTO `provincia` VALUES (5, 1, 'LUYA');
INSERT INTO `provincia` VALUES (6, 1, 'RODRIGUEZ DE MENDOZA');
INSERT INTO `provincia` VALUES (7, 1, 'UTCUBAMBA');
INSERT INTO `provincia` VALUES (8, 2, 'HUARAZ');
INSERT INTO `provincia` VALUES (9, 2, 'AIJA');
INSERT INTO `provincia` VALUES (10, 2, 'ANTONIO RAYMONDI');
INSERT INTO `provincia` VALUES (11, 2, 'ASUNCION');
INSERT INTO `provincia` VALUES (12, 2, 'BOLOGNESI');
INSERT INTO `provincia` VALUES (13, 2, 'CARHUAZ');
INSERT INTO `provincia` VALUES (14, 2, 'CARLOS FERMIN FITZCARRALD');
INSERT INTO `provincia` VALUES (15, 2, 'CASMA');
INSERT INTO `provincia` VALUES (16, 2, 'CORONGO');
INSERT INTO `provincia` VALUES (17, 2, 'HUARI');
INSERT INTO `provincia` VALUES (18, 2, 'HUARMEY');
INSERT INTO `provincia` VALUES (19, 2, 'HUAYLAS');
INSERT INTO `provincia` VALUES (20, 2, 'MARISCAL LUZURIAGA');
INSERT INTO `provincia` VALUES (21, 2, 'OCROS');
INSERT INTO `provincia` VALUES (22, 2, 'PALLASCA');
INSERT INTO `provincia` VALUES (23, 2, 'POMABAMBA');
INSERT INTO `provincia` VALUES (24, 2, 'RECUAY');
INSERT INTO `provincia` VALUES (25, 2, 'SANTA');
INSERT INTO `provincia` VALUES (26, 2, 'SIHUAS');
INSERT INTO `provincia` VALUES (27, 2, 'YUNGAY');
INSERT INTO `provincia` VALUES (39, 3, 'ABANCAY');
INSERT INTO `provincia` VALUES (40, 3, 'ANDAHUAYLAS');
INSERT INTO `provincia` VALUES (41, 3, 'ANTABAMBA');
INSERT INTO `provincia` VALUES (42, 3, 'AYMARAES');
INSERT INTO `provincia` VALUES (43, 3, 'COTABAMBAS');
INSERT INTO `provincia` VALUES (44, 3, 'CHINCHEROS');
INSERT INTO `provincia` VALUES (45, 3, 'GRAU');
INSERT INTO `provincia` VALUES (46, 4, 'AREQUIPA');
INSERT INTO `provincia` VALUES (47, 4, 'CAMANA');
INSERT INTO `provincia` VALUES (48, 4, 'CARAVELI');
INSERT INTO `provincia` VALUES (49, 4, 'CASTILLA');
INSERT INTO `provincia` VALUES (50, 4, 'CAYLLOMA');
INSERT INTO `provincia` VALUES (51, 4, 'CONDESUYOS');
INSERT INTO `provincia` VALUES (52, 4, 'ISLAY');
INSERT INTO `provincia` VALUES (53, 4, 'LA UNION');
INSERT INTO `provincia` VALUES (61, 5, 'HUAMANGA');
INSERT INTO `provincia` VALUES (62, 5, 'CANGALLO');
INSERT INTO `provincia` VALUES (63, 5, 'HUANCA SANCOS');
INSERT INTO `provincia` VALUES (64, 5, 'HUANTA');
INSERT INTO `provincia` VALUES (65, 5, 'LA MAR');
INSERT INTO `provincia` VALUES (66, 5, 'LUCANAS');
INSERT INTO `provincia` VALUES (67, 5, 'PARINACOCHAS');
INSERT INTO `provincia` VALUES (68, 5, 'PAUCAR DEL SARA SARA');
INSERT INTO `provincia` VALUES (69, 5, 'SUCRE');
INSERT INTO `provincia` VALUES (70, 5, 'VICTOR FAJARDO');
INSERT INTO `provincia` VALUES (71, 5, 'VILCAS HUAMAN');
INSERT INTO `provincia` VALUES (76, 6, 'CAJAMARCA');
INSERT INTO `provincia` VALUES (77, 6, 'CAJABAMBA');
INSERT INTO `provincia` VALUES (78, 6, 'CELENDIN');
INSERT INTO `provincia` VALUES (79, 6, 'CHOTA');
INSERT INTO `provincia` VALUES (80, 6, 'CONTUMAZA');
INSERT INTO `provincia` VALUES (81, 6, 'CUTERVO');
INSERT INTO `provincia` VALUES (82, 6, 'HUALGAYOC');
INSERT INTO `provincia` VALUES (83, 6, 'JAEN');
INSERT INTO `provincia` VALUES (84, 6, 'SAN IGNACIO');
INSERT INTO `provincia` VALUES (85, 6, 'SAN MARCOS');
INSERT INTO `provincia` VALUES (86, 6, 'SAN MIGUEL');
INSERT INTO `provincia` VALUES (87, 6, 'SAN PABLO');
INSERT INTO `provincia` VALUES (88, 6, 'SANTA CRUZ');
INSERT INTO `provincia` VALUES (91, 8, 'CUSCO');
INSERT INTO `provincia` VALUES (92, 8, 'ACOMAYO');
INSERT INTO `provincia` VALUES (93, 8, 'ANTA');
INSERT INTO `provincia` VALUES (94, 8, 'CALCA');
INSERT INTO `provincia` VALUES (95, 8, 'CANAS');
INSERT INTO `provincia` VALUES (96, 8, 'CANCHIS');
INSERT INTO `provincia` VALUES (97, 8, 'CHUMBIVILCAS');
INSERT INTO `provincia` VALUES (98, 8, 'ESPINAR');
INSERT INTO `provincia` VALUES (99, 8, 'LA CONVENCION');
INSERT INTO `provincia` VALUES (100, 8, 'PARURO');
INSERT INTO `provincia` VALUES (101, 8, 'PAUCARTAMBO');
INSERT INTO `provincia` VALUES (102, 8, 'QUISPICANCHI');
INSERT INTO `provincia` VALUES (103, 8, 'URUBAMBA');
INSERT INTO `provincia` VALUES (106, 10, 'HUANUCO');
INSERT INTO `provincia` VALUES (107, 10, 'AMBO');
INSERT INTO `provincia` VALUES (108, 10, 'DOS DE MAYO');
INSERT INTO `provincia` VALUES (109, 10, 'HUACAYBAMBA');
INSERT INTO `provincia` VALUES (110, 10, 'HUAMALIES');
INSERT INTO `provincia` VALUES (111, 10, 'LEONCIO PRADO');
INSERT INTO `provincia` VALUES (112, 10, 'MARAÑON');
INSERT INTO `provincia` VALUES (113, 10, 'PACHITEA');
INSERT INTO `provincia` VALUES (114, 10, 'PUERTO INCA');
INSERT INTO `provincia` VALUES (115, 10, 'LAURICOCHA');
INSERT INTO `provincia` VALUES (116, 10, 'YAROWILCA');
INSERT INTO `provincia` VALUES (121, 11, 'ICA');
INSERT INTO `provincia` VALUES (122, 11, 'CHINCHA');
INSERT INTO `provincia` VALUES (123, 11, 'NAZCA');
INSERT INTO `provincia` VALUES (124, 11, 'PALPA');
INSERT INTO `provincia` VALUES (125, 11, 'PISCO');
INSERT INTO `provincia` VALUES (128, 12, 'HUANCAYO');
INSERT INTO `provincia` VALUES (129, 12, 'CONCEPCION');
INSERT INTO `provincia` VALUES (130, 12, 'CHANCHAMAYO');
INSERT INTO `provincia` VALUES (131, 12, 'JAUJA');
INSERT INTO `provincia` VALUES (132, 12, 'JUNIN');
INSERT INTO `provincia` VALUES (133, 12, 'SATIPO');
INSERT INTO `provincia` VALUES (134, 12, 'TARMA');
INSERT INTO `provincia` VALUES (135, 12, 'YAULI');
INSERT INTO `provincia` VALUES (136, 12, 'CHUPACA');
INSERT INTO `provincia` VALUES (143, 13, 'TRUJILLO');
INSERT INTO `provincia` VALUES (144, 13, 'ASCOPE');
INSERT INTO `provincia` VALUES (145, 13, 'BOLIVAR');
INSERT INTO `provincia` VALUES (146, 13, 'CHEPEN');
INSERT INTO `provincia` VALUES (147, 13, 'JULCAN');
INSERT INTO `provincia` VALUES (148, 13, 'OTUZCO');
INSERT INTO `provincia` VALUES (149, 13, 'PACASMAYO');
INSERT INTO `provincia` VALUES (150, 13, 'PATAZ');
INSERT INTO `provincia` VALUES (151, 13, 'SANCHEZ CARRION');
INSERT INTO `provincia` VALUES (152, 13, 'SANTIAGO DE CHUCO');
INSERT INTO `provincia` VALUES (153, 13, 'GRAN CHIMU');
INSERT INTO `provincia` VALUES (154, 13, 'VIRU');
INSERT INTO `provincia` VALUES (158, 14, 'CHICLAYO');
INSERT INTO `provincia` VALUES (159, 14, 'FERREÑAFE');
INSERT INTO `provincia` VALUES (160, 14, 'LAMBAYEQUE');
INSERT INTO `provincia` VALUES (161, 15, 'LIMA');
INSERT INTO `provincia` VALUES (162, 15, 'BARRANCA');
INSERT INTO `provincia` VALUES (163, 15, 'CAJATAMBO');
INSERT INTO `provincia` VALUES (164, 15, 'CANTA');
INSERT INTO `provincia` VALUES (165, 15, 'CAÑETE');
INSERT INTO `provincia` VALUES (166, 15, 'HUARAL');
INSERT INTO `provincia` VALUES (167, 15, 'HUAROCHIRI');
INSERT INTO `provincia` VALUES (168, 15, 'HUAURA');
INSERT INTO `provincia` VALUES (169, 15, 'OYON');
INSERT INTO `provincia` VALUES (170, 15, 'YAUYOS');
INSERT INTO `provincia` VALUES (176, 16, 'MAYNAS');
INSERT INTO `provincia` VALUES (177, 16, 'ALTO AMAZONAS');
INSERT INTO `provincia` VALUES (178, 16, 'LORETO');
INSERT INTO `provincia` VALUES (179, 16, 'MARISCAL RAMON CASTILLA');
INSERT INTO `provincia` VALUES (180, 16, 'REQUENA');
INSERT INTO `provincia` VALUES (181, 16, 'UCAYALI');
INSERT INTO `provincia` VALUES (183, 17, 'TAMBOPATA');
INSERT INTO `provincia` VALUES (184, 17, 'MANU');
INSERT INTO `provincia` VALUES (185, 17, 'TAHUAMANU');
INSERT INTO `provincia` VALUES (186, 18, 'MARISCAL NIETO');
INSERT INTO `provincia` VALUES (187, 18, 'GENERAL SANCHEZ CERRO');
INSERT INTO `provincia` VALUES (188, 18, 'ILO');
INSERT INTO `provincia` VALUES (189, 19, 'PASCO');
INSERT INTO `provincia` VALUES (190, 19, 'DANIEL ALCIDES CARRION');
INSERT INTO `provincia` VALUES (191, 19, 'OXAPAMPA');
INSERT INTO `provincia` VALUES (192, 20, 'PIURA');
INSERT INTO `provincia` VALUES (193, 20, 'AYABACA');
INSERT INTO `provincia` VALUES (194, 20, 'HUANCABAMBA');
INSERT INTO `provincia` VALUES (195, 20, 'MORROPON');
INSERT INTO `provincia` VALUES (196, 20, 'PAITA');
INSERT INTO `provincia` VALUES (197, 20, 'SULLANA');
INSERT INTO `provincia` VALUES (198, 20, 'TALARA');
INSERT INTO `provincia` VALUES (199, 20, 'SECHURA');
INSERT INTO `provincia` VALUES (207, 21, 'PUNO');
INSERT INTO `provincia` VALUES (208, 21, 'AZANGARO');
INSERT INTO `provincia` VALUES (209, 21, 'CARABAYA');
INSERT INTO `provincia` VALUES (210, 21, 'CHUCUITO');
INSERT INTO `provincia` VALUES (211, 21, 'EL COLLAO');
INSERT INTO `provincia` VALUES (212, 21, 'HUANCANE');
INSERT INTO `provincia` VALUES (213, 21, 'LAMPA');
INSERT INTO `provincia` VALUES (214, 21, 'MELGAR');
INSERT INTO `provincia` VALUES (215, 21, 'MOHO');
INSERT INTO `provincia` VALUES (216, 21, 'SAN ANTONIO DE PUTINA');
INSERT INTO `provincia` VALUES (217, 21, 'SAN ROMAN');
INSERT INTO `provincia` VALUES (218, 21, 'SANDIA');
INSERT INTO `provincia` VALUES (219, 21, 'YUNGUYO');
INSERT INTO `provincia` VALUES (222, 22, 'MOYOBAMBA');
INSERT INTO `provincia` VALUES (223, 22, 'BELLAVISTA');
INSERT INTO `provincia` VALUES (224, 22, 'EL DORADO');
INSERT INTO `provincia` VALUES (225, 22, 'HUALLAGA');
INSERT INTO `provincia` VALUES (226, 22, 'LAMAS');
INSERT INTO `provincia` VALUES (227, 22, 'MARISCAL CACERES');
INSERT INTO `provincia` VALUES (228, 22, 'PICOTA');
INSERT INTO `provincia` VALUES (229, 22, 'RIOJA');
INSERT INTO `provincia` VALUES (230, 22, 'SAN MARTIN');
INSERT INTO `provincia` VALUES (231, 22, 'TOCACHE');
INSERT INTO `provincia` VALUES (237, 23, 'TACNA');
INSERT INTO `provincia` VALUES (238, 23, 'CANDARAVE');
INSERT INTO `provincia` VALUES (239, 23, 'JORGE BASADRE');
INSERT INTO `provincia` VALUES (240, 23, 'TARATA');
INSERT INTO `provincia` VALUES (244, 24, 'TUMBES');
INSERT INTO `provincia` VALUES (245, 24, 'CONTRALMIRANTE VILLAR');
INSERT INTO `provincia` VALUES (246, 24, 'ZARUMILLA');
INSERT INTO `provincia` VALUES (247, 25, 'CORONEL PORTILLO');
INSERT INTO `provincia` VALUES (248, 25, 'ATALAYA');
INSERT INTO `provincia` VALUES (249, 25, 'PADRE ABAD');
INSERT INTO `provincia` VALUES (250, 25, 'PURUS');
INSERT INTO `provincia` VALUES (254, 9, 'HUANCAVELICA');
INSERT INTO `provincia` VALUES (255, 9, 'ACOBAMBA');
INSERT INTO `provincia` VALUES (256, 9, 'ANGARAES');
INSERT INTO `provincia` VALUES (257, 9, 'CASTROVIRREYNA');
INSERT INTO `provincia` VALUES (258, 2, 'ANTONIO RAIMONDI');
INSERT INTO `provincia` VALUES (259, 9, 'TAYACAJA');
INSERT INTO `provincia` VALUES (260, 9, 'HUAYTARA');
INSERT INTO `provincia` VALUES (261, 9, 'CHURCAMPA');
INSERT INTO `provincia` VALUES (262, 7, 'CALLAO');
INSERT INTO `provincia` VALUES (263, 16, 'DATEM DEL MARAÑON');
INSERT INTO `provincia` VALUES (264, 26, 'NO DETERMINADO');

-- ----------------------------
-- Table structure for tb_almacen
-- ----------------------------
DROP TABLE IF EXISTS `tb_almacen`;
CREATE TABLE `tb_almacen`  (
  `id_almacen` int(11) NOT NULL AUTO_INCREMENT,
  `almacen` varchar(255) CHARACTER SET latin1 COLLATE latin1_swedish_ci NULL DEFAULT NULL,
  `estado` int(11) NULL DEFAULT NULL,
  PRIMARY KEY (`id_almacen`) USING BTREE
) ENGINE = MyISAM AUTO_INCREMENT = 18 CHARACTER SET = latin1 COLLATE = latin1_swedish_ci ROW_FORMAT = Dynamic;

-- ----------------------------
-- Records of tb_almacen
-- ----------------------------
INSERT INTO `tb_almacen` VALUES (6, 'Almacén Principal', 1);
INSERT INTO `tb_almacen` VALUES (7, 'Almacen de Reserva', 1);

-- ----------------------------
-- Table structure for tb_almacen_ubicacion
-- ----------------------------
DROP TABLE IF EXISTS `tb_almacen_ubicacion`;
CREATE TABLE `tb_almacen_ubicacion`  (
  `id_almacen_ubicacion` int(11) NOT NULL AUTO_INCREMENT,
  `id_almacen` int(11) NULL DEFAULT NULL,
  `ubicacion` varchar(255) CHARACTER SET latin1 COLLATE latin1_swedish_ci NULL DEFAULT NULL,
  `estado` int(11) NULL DEFAULT NULL,
  PRIMARY KEY (`id_almacen_ubicacion`) USING BTREE
) ENGINE = MyISAM AUTO_INCREMENT = 1 CHARACTER SET = latin1 COLLATE = latin1_swedish_ci ROW_FORMAT = Dynamic;

-- ----------------------------
-- Table structure for tb_codigo
-- ----------------------------
DROP TABLE IF EXISTS `tb_codigo`;
CREATE TABLE `tb_codigo`  (
  `id_codigo` int(11) NOT NULL AUTO_INCREMENT,
  `id_marca` varchar(255) CHARACTER SET latin1 COLLATE latin1_swedish_ci NOT NULL,
  `codigo` varchar(255) CHARACTER SET latin1 COLLATE latin1_swedish_ci NOT NULL,
  `descripcion_completa` text CHARACTER SET latin1 COLLATE latin1_swedish_ci NULL,
  `descripcion` text CHARACTER SET latin1 COLLATE latin1_swedish_ci NULL,
  `descripcion_2` text CHARACTER SET latin1 COLLATE latin1_swedish_ci NULL,
  `estado` int(1) NOT NULL DEFAULT 1,
  PRIMARY KEY (`id_codigo`) USING BTREE
) ENGINE = MyISAM AUTO_INCREMENT = 2 CHARACTER SET = latin1 COLLATE = latin1_swedish_ci ROW_FORMAT = Dynamic;

-- ----------------------------
-- Records of tb_codigo
-- ----------------------------
INSERT INTO `tb_codigo` VALUES (1, '1', '00123', 'Gaseosa Coca-Cola      ', 'G-CocaCola', '', 1);

-- ----------------------------
-- Table structure for tb_codigo_almacen
-- ----------------------------
DROP TABLE IF EXISTS `tb_codigo_almacen`;
CREATE TABLE `tb_codigo_almacen`  (
  `id_codigo_almacen` int(11) NOT NULL AUTO_INCREMENT,
  `id_codigo` int(11) NULL DEFAULT NULL,
  `id_marca` int(11) NULL DEFAULT NULL,
  `id_almacen` int(11) NULL DEFAULT NULL,
  `id_almacen_ubicacion` int(11) NULL DEFAULT 0,
  `stock_minimo` double(11, 6) NULL DEFAULT 0.000000,
  `estado` int(1) NULL DEFAULT 1,
  PRIMARY KEY (`id_codigo_almacen`) USING BTREE
) ENGINE = InnoDB AUTO_INCREMENT = 3 CHARACTER SET = utf8 COLLATE = utf8_general_ci ROW_FORMAT = Compact;

-- ----------------------------
-- Records of tb_codigo_almacen
-- ----------------------------
INSERT INTO `tb_codigo_almacen` VALUES (1, 1, 1, 7, 0, 0.000000, 1);
INSERT INTO `tb_codigo_almacen` VALUES (2, 1, 1, 6, 0, 0.000000, 1);

-- ----------------------------
-- Table structure for tb_codigo_proveedor
-- ----------------------------
DROP TABLE IF EXISTS `tb_codigo_proveedor`;
CREATE TABLE `tb_codigo_proveedor`  (
  `id_codigo_proveedor` int(11) NOT NULL AUTO_INCREMENT,
  `id_codigo` int(11) NULL DEFAULT NULL,
  `id_marca` int(11) NULL DEFAULT NULL,
  `tipo_persona` int(11) NULL DEFAULT NULL,
  `id_persona` int(11) NULL DEFAULT NULL,
  `estado` int(11) NULL DEFAULT 1,
  PRIMARY KEY (`id_codigo_proveedor`) USING BTREE
) ENGINE = InnoDB AUTO_INCREMENT = 2 CHARACTER SET = utf8 COLLATE = utf8_general_ci ROW_FORMAT = Compact;

-- ----------------------------
-- Records of tb_codigo_proveedor
-- ----------------------------
INSERT INTO `tb_codigo_proveedor` VALUES (1, 1, 1, 1, 1, 1);

-- ----------------------------
-- Table structure for tb_codigo_venta
-- ----------------------------
DROP TABLE IF EXISTS `tb_codigo_venta`;
CREATE TABLE `tb_codigo_venta`  (
  `id_codigo_venta` int(11) NOT NULL AUTO_INCREMENT,
  `id_codigo` int(11) NULL DEFAULT NULL,
  `id_marca` int(11) NULL DEFAULT NULL,
  `id_tipomoneda` int(11) NULL DEFAULT NULL,
  `precio_venta` double(11, 6) NULL DEFAULT 0.000000,
  PRIMARY KEY (`id_codigo_venta`) USING BTREE
) ENGINE = InnoDB AUTO_INCREMENT = 2 CHARACTER SET = utf8 COLLATE = utf8_general_ci ROW_FORMAT = Dynamic;

-- ----------------------------
-- Records of tb_codigo_venta
-- ----------------------------
INSERT INTO `tb_codigo_venta` VALUES (1, 1, 1, 1, 6.000000);

-- ----------------------------
-- Table structure for tb_contacto_persona_empresa
-- ----------------------------
DROP TABLE IF EXISTS `tb_contacto_persona_empresa`;
CREATE TABLE `tb_contacto_persona_empresa`  (
  `id_contacto_persona_empresa` int(11) NOT NULL AUTO_INCREMENT,
  `id_persona` int(11) NULL DEFAULT NULL,
  `id_persona_juridica` int(11) NULL DEFAULT NULL,
  PRIMARY KEY (`id_contacto_persona_empresa`) USING BTREE
) ENGINE = MyISAM AUTO_INCREMENT = 1 CHARACTER SET = latin1 COLLATE = latin1_swedish_ci ROW_FORMAT = Fixed;

-- ----------------------------
-- Table structure for tb_contactopersona
-- ----------------------------
DROP TABLE IF EXISTS `tb_contactopersona`;
CREATE TABLE `tb_contactopersona`  (
  `id_contactopersona` int(11) NOT NULL AUTO_INCREMENT,
  `tipo_persona` int(11) NULL DEFAULT NULL,
  `id_persona` varchar(250) CHARACTER SET utf8 COLLATE utf8_general_ci NULL DEFAULT NULL,
  `id_operador` int(11) NULL DEFAULT NULL,
  `id_tipo` int(1) NULL DEFAULT NULL COMMENT 'Celular(1),Telefono(2)',
  `celular` varchar(30) CHARACTER SET utf8 COLLATE utf8_general_ci NULL DEFAULT NULL,
  `telefono` varchar(30) CHARACTER SET utf8 COLLATE utf8_general_ci NULL DEFAULT NULL,
  `anexo` varchar(10) CHARACTER SET utf8 COLLATE utf8_general_ci NULL DEFAULT NULL,
  PRIMARY KEY (`id_contactopersona`) USING BTREE
) ENGINE = MyISAM AUTO_INCREMENT = 1 CHARACTER SET = utf8 COLLATE = utf8_general_ci ROW_FORMAT = Dynamic;

-- ----------------------------
-- Table structure for tb_documento
-- ----------------------------
DROP TABLE IF EXISTS `tb_documento`;
CREATE TABLE `tb_documento`  (
  `id_documento` int(11) NOT NULL AUTO_INCREMENT,
  `codigo` varchar(256) CHARACTER SET latin1 COLLATE latin1_swedish_ci NULL DEFAULT NULL,
  `serie` varchar(256) CHARACTER SET latin1 COLLATE latin1_swedish_ci NULL DEFAULT NULL,
  `fecha_ingreso` date NULL DEFAULT NULL,
  `id_tipodocumento` int(11) NULL DEFAULT NULL,
  `id_persona` int(11) NULL DEFAULT NULL,
  `tipo_persona` int(11) NULL DEFAULT NULL,
  `txt_proveedor` varchar(256) CHARACTER SET latin1 COLLATE latin1_swedish_ci NULL DEFAULT NULL,
  `id_tipomoneda` int(11) NULL DEFAULT NULL,
  `factor_cambio` double(17, 6) NULL DEFAULT NULL,
  `factor_impuesto` double(17, 6) NULL DEFAULT NULL,
  `impuesto` double(17, 6) NULL DEFAULT NULL,
  `costo_total` double(17, 6) NULL DEFAULT NULL,
  `precio_total` double(17, 6) NULL DEFAULT NULL,
  PRIMARY KEY (`id_documento`) USING BTREE
) ENGINE = MyISAM AUTO_INCREMENT = 9 CHARACTER SET = latin1 COLLATE = latin1_swedish_ci ROW_FORMAT = Dynamic;

-- ----------------------------
-- Table structure for tb_documento_det
-- ----------------------------
DROP TABLE IF EXISTS `tb_documento_det`;
CREATE TABLE `tb_documento_det`  (
  `id_documento_det` int(11) NOT NULL AUTO_INCREMENT,
  `id_documento` int(11) NULL DEFAULT NULL,
  `precio_total` double(17, 6) NULL DEFAULT NULL,
  `cantidad` double(17, 6) NULL DEFAULT NULL,
  `precio_unitario` double(17, 6) NULL DEFAULT NULL,
  `impuesto_total` double(17, 6) NULL DEFAULT NULL,
  `impuesto_unitario` double(17, 6) NULL DEFAULT NULL,
  `costo_total` double(17, 6) NULL DEFAULT NULL,
  `costo_unitario` double(17, 6) NULL DEFAULT NULL,
  `id_articulo` int(11) NULL DEFAULT NULL,
  `id_marca` int(11) NULL DEFAULT NULL,
  `txt_articulo` varchar(255) CHARACTER SET latin1 COLLATE latin1_swedish_ci NULL DEFAULT NULL,
  `txt_marca` varchar(255) CHARACTER SET latin1 COLLATE latin1_swedish_ci NULL DEFAULT NULL,
  `id_almacen` int(11) NULL DEFAULT NULL,
  `txt_almacen` varchar(255) CHARACTER SET latin1 COLLATE latin1_swedish_ci NULL DEFAULT NULL,
  PRIMARY KEY (`id_documento_det`) USING BTREE
) ENGINE = MyISAM AUTO_INCREMENT = 6 CHARACTER SET = latin1 COLLATE = latin1_swedish_ci ROW_FORMAT = Fixed;

-- ----------------------------
-- Table structure for tb_impuesto
-- ----------------------------
DROP TABLE IF EXISTS `tb_impuesto`;
CREATE TABLE `tb_impuesto`  (
  `id_impuesto` int(11) NOT NULL AUTO_INCREMENT,
  `impuesto` varchar(256) CHARACTER SET latin1 COLLATE latin1_swedish_ci NULL DEFAULT NULL,
  `abreviatura` varchar(256) CHARACTER SET latin1 COLLATE latin1_swedish_ci NULL DEFAULT NULL,
  `valor` double(6, 6) NULL DEFAULT NULL,
  PRIMARY KEY (`id_impuesto`) USING BTREE
) ENGINE = MyISAM AUTO_INCREMENT = 2 CHARACTER SET = latin1 COLLATE = latin1_swedish_ci ROW_FORMAT = Dynamic;

-- ----------------------------
-- Records of tb_impuesto
-- ----------------------------
INSERT INTO `tb_impuesto` VALUES (1, 'Impuesto General a la Venta', 'IGV', 0.180000);

-- ----------------------------
-- Table structure for tb_kardex
-- ----------------------------
DROP TABLE IF EXISTS `tb_kardex`;
CREATE TABLE `tb_kardex`  (
  `id_kardex` int(11) NOT NULL AUTO_INCREMENT,
  `tipo` int(2) NULL DEFAULT NULL,
  `txt_tipo` varchar(256) CHARACTER SET utf8 COLLATE utf8_general_ci NULL DEFAULT NULL,
  `id_codigo` int(11) NULL DEFAULT NULL,
  `txt_articulo` varchar(255) CHARACTER SET utf8 COLLATE utf8_general_ci NULL DEFAULT NULL,
  `id_marca` int(11) NULL DEFAULT NULL,
  `txt_marca` varchar(255) CHARACTER SET utf8 COLLATE utf8_general_ci NULL DEFAULT NULL,
  `id_documento_det` int(11) NULL DEFAULT NULL,
  `id_tipomovimiento` int(11) NULL DEFAULT NULL,
  `cantidad` double(11, 0) NULL DEFAULT NULL,
  `stock` double(11, 0) NULL DEFAULT NULL,
  `id_almacen` int(11) NULL DEFAULT NULL,
  `txt_almacen` varbinary(255) NULL DEFAULT NULL,
  `id_tipomoneda` int(11) NULL DEFAULT NULL,
  `factor_cambio_moneda` double(11, 6) NULL DEFAULT NULL,
  `precio_unitario` double(11, 6) NULL DEFAULT NULL,
  `precio_total` double(11, 6) NULL DEFAULT NULL,
  `costo_total` double(11, 6) NULL DEFAULT NULL,
  `costo_unitario` double(11, 6) NULL DEFAULT NULL,
  `impuesto_total` double(11, 6) NULL DEFAULT NULL,
  `impuesto_unitario` double(11, 6) NULL DEFAULT NULL,
  `fecha_ingreso` datetime(0) NULL DEFAULT NULL,
  PRIMARY KEY (`id_kardex`) USING BTREE
) ENGINE = MyISAM AUTO_INCREMENT = 3 CHARACTER SET = utf8 COLLATE = utf8_general_ci ROW_FORMAT = Dynamic;

-- ----------------------------
-- Records of tb_kardex
-- ----------------------------
INSERT INTO `tb_kardex` VALUES (1, 1, 'Ingreso', 1, '00123', 1, 'Cocacola', 5, 3, 3, 3, 6, 0x416C6D6163C3A96E205072696E636970616C, 1, 1.000000, 4.000000, 12.000000, 9.840000, 9.120000, 2.160000, 0.720000, '2018-12-06 02:05:18');
INSERT INTO `tb_kardex` VALUES (2, 2, 'Salida', 1, NULL, 1, NULL, 1, 2, 3, 0, 6, NULL, NULL, 1.000000, NULL, NULL, NULL, NULL, NULL, NULL, '2018-12-06 02:11:20');

-- ----------------------------
-- Table structure for tb_logins
-- ----------------------------
DROP TABLE IF EXISTS `tb_logins`;
CREATE TABLE `tb_logins`  (
  `user` varchar(256) CHARACTER SET latin1 COLLATE latin1_swedish_ci NULL DEFAULT NULL,
  `pwd` varchar(256) CHARACTER SET latin1 COLLATE latin1_swedish_ci NULL DEFAULT NULL,
  `fecha_ingreso` datetime(0) NULL DEFAULT NULL
) ENGINE = MyISAM CHARACTER SET = latin1 COLLATE = latin1_swedish_ci ROW_FORMAT = Dynamic;

-- ----------------------------
-- Records of tb_logins
-- ----------------------------
INSERT INTO `tb_logins` VALUES ('emonzon', 'inicio', '2018-06-14 13:45:49');
INSERT INTO `tb_logins` VALUES ('emonzon', 'inicio', '2018-06-14 16:49:28');
INSERT INTO `tb_logins` VALUES ('emonzon', 'inicio', '2018-09-01 15:56:41');
INSERT INTO `tb_logins` VALUES ('emonzon', 'inicio', '2018-09-01 15:58:25');
INSERT INTO `tb_logins` VALUES ('NatiGarcia', 'natita1586', '2018-11-10 11:22:18');
INSERT INTO `tb_logins` VALUES ('emonzon', 'inicio', '2018-12-06 01:25:46');
INSERT INTO `tb_logins` VALUES ('emonzon', 'inicio', '2018-12-06 01:25:48');
INSERT INTO `tb_logins` VALUES ('emonzon', 'inicio', '2018-12-07 00:07:20');

-- ----------------------------
-- Table structure for tb_marca
-- ----------------------------
DROP TABLE IF EXISTS `tb_marca`;
CREATE TABLE `tb_marca`  (
  `id_marca` int(11) NOT NULL AUTO_INCREMENT,
  `marca` varchar(255) CHARACTER SET utf8 COLLATE utf8_general_ci NOT NULL,
  `estado` int(1) NOT NULL DEFAULT 1,
  PRIMARY KEY (`id_marca`) USING BTREE
) ENGINE = MyISAM AUTO_INCREMENT = 2 CHARACTER SET = latin1 COLLATE = latin1_swedish_ci ROW_FORMAT = Dynamic;

-- ----------------------------
-- Records of tb_marca
-- ----------------------------
INSERT INTO `tb_marca` VALUES (1, 'Cocacola', 1);

-- ----------------------------
-- Table structure for tb_menu
-- ----------------------------
DROP TABLE IF EXISTS `tb_menu`;
CREATE TABLE `tb_menu`  (
  `id_menu` int(2) NOT NULL AUTO_INCREMENT,
  `menu` varchar(255) CHARACTER SET latin1 COLLATE latin1_swedish_ci NULL DEFAULT NULL,
  `id_padre` int(2) NULL DEFAULT NULL,
  `orden` int(2) NULL DEFAULT NULL,
  `url` varchar(255) CHARACTER SET latin1 COLLATE latin1_swedish_ci NULL DEFAULT NULL,
  `icono` varchar(255) CHARACTER SET latin1 COLLATE latin1_swedish_ci NULL DEFAULT NULL,
  `estado` int(1) NULL DEFAULT 1,
  PRIMARY KEY (`id_menu`) USING BTREE
) ENGINE = MyISAM AUTO_INCREMENT = 23 CHARACTER SET = latin1 COLLATE = latin1_swedish_ci ROW_FORMAT = Dynamic;

-- ----------------------------
-- Records of tb_menu
-- ----------------------------
INSERT INTO `tb_menu` VALUES (1, 'Mi Empresa', 0, 1, NULL, 'fa-building', 1);
INSERT INTO `tb_menu` VALUES (2, 'RR.HH.', 0, 2, NULL, 'fa-users', 1);
INSERT INTO `tb_menu` VALUES (3, 'Gestión Almacen', 0, 3, NULL, 'fa-inbox', 1);
INSERT INTO `tb_menu` VALUES (4, 'Gestión Artículo', 0, 4, NULL, 'fa-shopping-cart', 1);
INSERT INTO `tb_menu` VALUES (5, 'Control Interno', 0, 5, NULL, 'fa-desktop', 1);
INSERT INTO `tb_menu` VALUES (6, 'Gestión de Compras', 0, 6, NULL, 'fa-briefcase', 1);
INSERT INTO `tb_menu` VALUES (7, 'Gestión de Ventas ', 0, 7, NULL, 'fa-cart-plus', 1);
INSERT INTO `tb_menu` VALUES (8, 'Configurar Mi Empresa', 1, 1, 'configempresa', 'fa-bank', 1);
INSERT INTO `tb_menu` VALUES (9, 'Persona Natural', 2, 2, 'persona_natural', 'fa-address-card', 1);
INSERT INTO `tb_menu` VALUES (10, 'Persona Juridica', 2, 2, 'persona_juridica', 'fa-address-card-o', 1);
INSERT INTO `tb_menu` VALUES (11, 'Almacenes', 3, 1, 'almacen', 'fa-archive', 1);
INSERT INTO `tb_menu` VALUES (12, 'Valor x Almacen', 3, 2, 'valorxalmacen', 'fa-bar-chart', 1);
INSERT INTO `tb_menu` VALUES (13, 'Stock x Almacen', 3, 3, 'stockxalmacen', 'fa-cogs ', 0);
INSERT INTO `tb_menu` VALUES (14, 'Marca', 4, 1, 'marca', 'fa-pencil', 1);
INSERT INTO `tb_menu` VALUES (15, 'Número de Parte', 4, 2, 'codigo', 'fa-barcode', 1);
INSERT INTO `tb_menu` VALUES (16, 'Tipo de Documento', 5, 1, 'tipodocumento', 'fa-paste', 1);
INSERT INTO `tb_menu` VALUES (17, 'Tipo de Moneda', 5, 2, 'tipomoneda', 'fa-usd', 1);
INSERT INTO `tb_menu` VALUES (18, 'Usuarios', 5, 3, 'usuarios', 'fa-user-plus', 1);
INSERT INTO `tb_menu` VALUES (19, 'Ingreso x Compra', 6, 1, 'ingresoxcompra', 'fa-truck', 1);
INSERT INTO `tb_menu` VALUES (20, 'Servicios', 7, 1, 'servicios', 'fa-share-alt', 1);
INSERT INTO `tb_menu` VALUES (21, 'Ventas', 7, 2, 'ventas', 'fa-money', 1);
INSERT INTO `tb_menu` VALUES (22, 'Reporte de Ventas', 7, 3, 'reporteventas', 'fa-area-chart', 1);

-- ----------------------------
-- Table structure for tb_miempresa
-- ----------------------------
DROP TABLE IF EXISTS `tb_miempresa`;
CREATE TABLE `tb_miempresa`  (
  `id_persona_juridica` int(11) NULL DEFAULT NULL,
  `estado` int(1) NULL DEFAULT NULL
) ENGINE = MyISAM CHARACTER SET = utf8 COLLATE = utf8_general_ci ROW_FORMAT = Fixed;

-- ----------------------------
-- Records of tb_miempresa
-- ----------------------------
INSERT INTO `tb_miempresa` VALUES (1, 1);

-- ----------------------------
-- Table structure for tb_operador
-- ----------------------------
DROP TABLE IF EXISTS `tb_operador`;
CREATE TABLE `tb_operador`  (
  `id_operador` int(11) NOT NULL AUTO_INCREMENT,
  `operador` varchar(256) CHARACTER SET utf8 COLLATE utf8_general_ci NULL DEFAULT NULL,
  `estado` int(11) NULL DEFAULT NULL,
  PRIMARY KEY (`id_operador`) USING BTREE
) ENGINE = MyISAM AUTO_INCREMENT = 7 CHARACTER SET = utf8 COLLATE = utf8_general_ci ROW_FORMAT = Dynamic;

-- ----------------------------
-- Records of tb_operador
-- ----------------------------
INSERT INTO `tb_operador` VALUES (1, 'Claro', 1);
INSERT INTO `tb_operador` VALUES (2, 'Entel', 1);
INSERT INTO `tb_operador` VALUES (3, 'Bitel', 1);
INSERT INTO `tb_operador` VALUES (4, 'Movistar', 1);
INSERT INTO `tb_operador` VALUES (5, 'Twenty', 1);
INSERT INTO `tb_operador` VALUES (6, 'Virgin', 1);

-- ----------------------------
-- Table structure for tb_pais
-- ----------------------------
DROP TABLE IF EXISTS `tb_pais`;
CREATE TABLE `tb_pais`  (
  `id_pais` int(11) NOT NULL,
  `codigo` varchar(4) CHARACTER SET latin1 COLLATE latin1_swedish_ci NULL DEFAULT NULL,
  `pais` varchar(200) CHARACTER SET latin1 COLLATE latin1_swedish_ci NULL DEFAULT NULL,
  `fecha_ingreso` datetime(0) NULL DEFAULT NULL,
  `fecha_modificacion` datetime(0) NULL DEFAULT NULL,
  `id_usuario_creado` int(11) NULL DEFAULT NULL,
  `id_usuario_modificado` int(11) NULL DEFAULT NULL,
  `estado` int(1) NULL DEFAULT 1
) ENGINE = MyISAM CHARACTER SET = latin1 COLLATE = latin1_swedish_ci ROW_FORMAT = Dynamic;

-- ----------------------------
-- Records of tb_pais
-- ----------------------------
INSERT INTO `tb_pais` VALUES (1, 'AF', 'Afghanistan', '2016-08-12 16:23:30', '2016-08-12 16:23:30', 1, 1, 1);
INSERT INTO `tb_pais` VALUES (2, 'AX', 'Aland Islands', '2016-08-12 16:23:30', '2016-08-12 16:23:30', 1, 1, 1);
INSERT INTO `tb_pais` VALUES (3, 'AL', 'Albania', '2016-08-12 16:23:30', '2016-08-12 16:23:30', 1, 1, 1);
INSERT INTO `tb_pais` VALUES (4, 'DZ', 'Algeria', '2016-08-12 16:23:30', '2016-08-12 16:23:30', 1, 1, 1);
INSERT INTO `tb_pais` VALUES (5, 'AS', 'American Samoa', '2016-08-12 16:23:30', '2016-08-12 16:23:30', 1, 1, 1);
INSERT INTO `tb_pais` VALUES (6, 'AD', 'Andorra', '2016-08-12 16:23:30', '2016-08-12 16:23:30', 1, 1, 1);
INSERT INTO `tb_pais` VALUES (7, 'AO', 'Angola', '2016-08-12 16:23:30', '2016-08-12 16:23:30', 1, 1, 1);
INSERT INTO `tb_pais` VALUES (8, 'AI', 'Anguilla', '2016-08-12 16:23:30', '2016-08-12 16:23:30', 1, 1, 1);
INSERT INTO `tb_pais` VALUES (9, 'A1', 'Anonymous Proxy', '2016-08-12 16:23:30', '2016-08-12 16:23:30', 1, 1, 1);
INSERT INTO `tb_pais` VALUES (10, 'AQ', 'Antarctica', '2016-08-12 16:23:30', '2016-08-12 16:23:30', 1, 1, 1);
INSERT INTO `tb_pais` VALUES (11, 'AG', 'Antigua and Barbuda', '2016-08-12 16:23:30', '2016-08-12 16:23:30', 1, 1, 1);
INSERT INTO `tb_pais` VALUES (12, 'AR', 'Argentina', '2016-08-12 16:23:30', '2016-08-12 16:23:30', 1, 1, 1);
INSERT INTO `tb_pais` VALUES (13, 'AM', 'Armenia', '2016-08-12 16:23:30', '2016-08-12 16:23:30', 1, 1, 1);
INSERT INTO `tb_pais` VALUES (14, 'AW', 'Aruba', '2016-08-12 16:23:30', '2016-08-12 16:23:30', 1, 1, 1);
INSERT INTO `tb_pais` VALUES (15, 'AP', 'Asia/Pacific Region', '2016-08-12 16:23:30', '2016-08-12 16:23:30', 1, 1, 1);
INSERT INTO `tb_pais` VALUES (16, 'AU', 'Australia', '2016-08-12 16:23:30', '2016-08-12 16:23:30', 1, 1, 1);
INSERT INTO `tb_pais` VALUES (17, 'AT', 'Austria', '2016-08-12 16:23:30', '2016-08-12 16:23:30', 1, 1, 1);
INSERT INTO `tb_pais` VALUES (18, 'AZ', 'Azerbaijan', '2016-08-12 16:23:30', '2016-08-12 16:23:30', 1, 1, 1);
INSERT INTO `tb_pais` VALUES (19, 'BS', 'Bahamas', '2016-08-12 16:23:30', '2016-08-12 16:23:30', 1, 1, 1);
INSERT INTO `tb_pais` VALUES (20, 'BH', 'Bahrain', '2016-08-12 16:23:30', '2016-08-12 16:23:30', 1, 1, 1);
INSERT INTO `tb_pais` VALUES (21, 'BD', 'Bangladesh', '2016-08-12 16:23:30', '2016-08-12 16:23:30', 1, 1, 1);
INSERT INTO `tb_pais` VALUES (22, 'BB', 'Barbados', '2016-08-12 16:23:30', '2016-08-12 16:23:30', 1, 1, 1);
INSERT INTO `tb_pais` VALUES (23, 'BY', 'Belarus', '2016-08-12 16:23:30', '2016-08-12 16:23:30', 1, 1, 1);
INSERT INTO `tb_pais` VALUES (24, 'BE', 'Belgium', '2016-08-12 16:23:30', '2016-08-12 16:23:30', 1, 1, 1);
INSERT INTO `tb_pais` VALUES (25, 'BZ', 'Belize', '2016-08-12 16:23:30', '2016-08-12 16:23:30', 1, 1, 1);
INSERT INTO `tb_pais` VALUES (26, 'BJ', 'Benin', '2016-08-12 16:23:30', '2016-08-12 16:23:30', 1, 1, 1);
INSERT INTO `tb_pais` VALUES (27, 'BM', 'Bermuda', '2016-08-12 16:23:30', '2016-08-12 16:23:30', 1, 1, 1);
INSERT INTO `tb_pais` VALUES (28, 'BT', 'Bhutan', '2016-08-12 16:23:30', '2016-08-12 16:23:30', 1, 1, 1);
INSERT INTO `tb_pais` VALUES (29, 'BO', 'Bolivia', '2016-08-12 16:23:30', '2016-08-12 16:23:30', 1, 1, 1);
INSERT INTO `tb_pais` VALUES (30, 'BQ', 'Bonair', '2016-08-12 16:23:30', '2016-08-12 16:23:30', 1, 1, 1);
INSERT INTO `tb_pais` VALUES (31, 'BA', 'Bosnia and Herzegovina', '2016-08-12 16:23:30', '2016-08-12 16:23:30', 1, 1, 1);
INSERT INTO `tb_pais` VALUES (32, 'BW', 'Botswana', '2016-08-12 16:23:30', '2016-08-12 16:23:30', 1, 1, 1);
INSERT INTO `tb_pais` VALUES (33, 'BR', 'Brazil', '2016-08-12 16:23:30', '2016-08-12 16:23:30', 1, 1, 1);
INSERT INTO `tb_pais` VALUES (34, 'IO', 'British Indian Ocean Territory', '2016-08-12 16:23:30', '2016-08-12 16:23:30', 1, 1, 1);
INSERT INTO `tb_pais` VALUES (35, 'BN', 'Brunei Darussalam', '2016-08-12 16:23:30', '2016-08-12 16:23:30', 1, 1, 1);
INSERT INTO `tb_pais` VALUES (36, 'BG', 'Bulgaria', '2016-08-12 16:23:30', '2016-08-12 16:23:30', 1, 1, 1);
INSERT INTO `tb_pais` VALUES (37, 'BF', 'Burkina Faso', '2016-08-12 16:23:30', '2016-08-12 16:23:30', 1, 1, 1);
INSERT INTO `tb_pais` VALUES (38, 'BI', 'Burundi', '2016-08-12 16:23:30', '2016-08-12 16:23:30', 1, 1, 1);
INSERT INTO `tb_pais` VALUES (39, 'KH', 'Cambodia', '2016-08-12 16:23:30', '2016-08-12 16:23:30', 1, 1, 1);
INSERT INTO `tb_pais` VALUES (40, 'CM', 'Cameroon', '2016-08-12 16:23:30', '2016-08-12 16:23:30', 1, 1, 1);
INSERT INTO `tb_pais` VALUES (41, 'CA', 'Canada', '2016-08-12 16:23:30', '2016-08-12 16:23:30', 1, 1, 1);
INSERT INTO `tb_pais` VALUES (42, 'CV', 'Cape Verde', '2016-08-12 16:23:30', '2016-08-12 16:23:30', 1, 1, 1);
INSERT INTO `tb_pais` VALUES (43, 'KY', 'Cayman Islands', '2016-08-12 16:23:30', '2016-08-12 16:23:30', 1, 1, 1);
INSERT INTO `tb_pais` VALUES (44, 'CF', 'Central African Republic', '2016-08-12 16:23:30', '2016-08-12 16:23:30', 1, 1, 1);
INSERT INTO `tb_pais` VALUES (45, 'TD', 'Chad', '2016-08-12 16:23:30', '2016-08-12 16:23:30', 1, 1, 1);
INSERT INTO `tb_pais` VALUES (46, 'CL', 'Chile', '2016-08-12 16:23:30', '2016-08-12 16:23:30', 1, 1, 1);
INSERT INTO `tb_pais` VALUES (47, 'CN', 'China', '2016-08-12 16:23:30', '2016-08-12 16:23:30', 1, 1, 1);
INSERT INTO `tb_pais` VALUES (48, 'CX', 'Christmas Island', '2016-08-12 16:23:30', '2016-08-12 16:23:30', 1, 1, 1);
INSERT INTO `tb_pais` VALUES (49, 'CC', 'Cocos (Keeling) Islands', '2016-08-12 16:23:30', '2016-08-12 16:23:30', 1, 1, 1);
INSERT INTO `tb_pais` VALUES (50, 'CO', 'Colombia', '2016-08-12 16:23:30', '2016-08-12 16:23:30', 1, 1, 1);
INSERT INTO `tb_pais` VALUES (51, 'KM', 'Comoros', '2016-08-12 16:23:30', '2016-08-12 16:23:30', 1, 1, 1);
INSERT INTO `tb_pais` VALUES (52, 'CD', 'Cong', '2016-08-12 16:23:30', '2016-08-12 16:23:30', 1, 1, 1);
INSERT INTO `tb_pais` VALUES (53, 'CG', 'Congo', '2016-08-12 16:23:30', '2016-08-12 16:23:30', 1, 1, 1);
INSERT INTO `tb_pais` VALUES (54, 'CK', 'Cook Islands', '2016-08-12 16:23:30', '2016-08-12 16:23:30', 1, 1, 1);
INSERT INTO `tb_pais` VALUES (55, 'CR', 'Costa Rica', '2016-08-12 16:23:30', '2016-08-12 16:23:30', 1, 1, 1);
INSERT INTO `tb_pais` VALUES (56, 'CI', 'Cote D\'Ivoire', '2016-08-12 16:23:30', '2016-08-12 16:23:30', 1, 1, 1);
INSERT INTO `tb_pais` VALUES (57, 'HR', 'Croatia', '2016-08-12 16:23:30', '2016-08-12 16:23:30', 1, 1, 1);
INSERT INTO `tb_pais` VALUES (58, 'CU', 'Cuba', '2016-08-12 16:23:30', '2016-08-12 16:23:30', 1, 1, 1);
INSERT INTO `tb_pais` VALUES (59, 'CW', 'Curacao', '2016-08-12 16:23:30', '2016-08-12 16:23:30', 1, 1, 1);
INSERT INTO `tb_pais` VALUES (60, 'CY', 'Cyprus', '2016-08-12 16:23:30', '2016-08-12 16:23:30', 1, 1, 1);
INSERT INTO `tb_pais` VALUES (61, 'CZ', 'Czech Republic', '2016-08-12 16:23:30', '2016-08-12 16:23:30', 1, 1, 1);
INSERT INTO `tb_pais` VALUES (62, 'DK', 'Denmark', '2016-08-12 16:23:30', '2016-08-12 16:23:30', 1, 1, 1);
INSERT INTO `tb_pais` VALUES (63, 'DJ', 'Djibouti', '2016-08-12 16:23:30', '2016-08-12 16:23:30', 1, 1, 1);
INSERT INTO `tb_pais` VALUES (64, 'DM', 'Dominica', '2016-08-12 16:23:30', '2016-08-12 16:23:30', 1, 1, 1);
INSERT INTO `tb_pais` VALUES (65, 'DO', 'Dominican Republic', '2016-08-12 16:23:30', '2016-08-12 16:23:30', 1, 1, 1);
INSERT INTO `tb_pais` VALUES (66, 'EC', 'Ecuador', '2016-08-12 16:23:30', '2016-08-12 16:23:30', 1, 1, 1);
INSERT INTO `tb_pais` VALUES (67, 'EG', 'Egypt', '2016-08-12 16:23:30', '2016-08-12 16:23:30', 1, 1, 1);
INSERT INTO `tb_pais` VALUES (68, 'SV', 'El Salvador', '2016-08-12 16:23:30', '2016-08-12 16:23:30', 1, 1, 1);
INSERT INTO `tb_pais` VALUES (69, 'GQ', 'Equatorial Guinea', '2016-08-12 16:23:30', '2016-08-12 16:23:30', 1, 1, 1);
INSERT INTO `tb_pais` VALUES (70, 'ER', 'Eritrea', '2016-08-12 16:23:30', '2016-08-12 16:23:30', 1, 1, 1);
INSERT INTO `tb_pais` VALUES (71, 'EE', 'Estonia', '2016-08-12 16:23:30', '2016-08-12 16:23:30', 1, 1, 1);
INSERT INTO `tb_pais` VALUES (72, 'ET', 'Ethiopia', '2016-08-12 16:23:30', '2016-08-12 16:23:30', 1, 1, 1);
INSERT INTO `tb_pais` VALUES (73, 'EU', 'Europe', '2016-08-12 16:23:30', '2016-08-12 16:23:30', 1, 1, 1);
INSERT INTO `tb_pais` VALUES (74, 'FK', 'Falkland Islands (Malvinas)', '2016-08-12 16:23:30', '2016-08-12 16:23:30', 1, 1, 1);
INSERT INTO `tb_pais` VALUES (75, 'FO', 'Faroe Islands', '2016-08-12 16:23:30', '2016-08-12 16:23:30', 1, 1, 1);
INSERT INTO `tb_pais` VALUES (76, 'FJ', 'Fiji', '2016-08-12 16:23:30', '2016-08-12 16:23:30', 1, 1, 1);
INSERT INTO `tb_pais` VALUES (77, 'FI', 'Finland', '2016-08-12 16:23:30', '2016-08-12 16:23:30', 1, 1, 1);
INSERT INTO `tb_pais` VALUES (78, 'FR', 'France', '2016-08-12 16:23:30', '2016-08-12 16:23:30', 1, 1, 1);
INSERT INTO `tb_pais` VALUES (79, 'GF', 'French Guiana', '2016-08-12 16:23:30', '2016-08-12 16:23:30', 1, 1, 1);
INSERT INTO `tb_pais` VALUES (80, 'PF', 'French Polynesia', '2016-08-12 16:23:30', '2016-08-12 16:23:30', 1, 1, 1);
INSERT INTO `tb_pais` VALUES (81, 'TF', 'French Southern Territories', '2016-08-12 16:23:30', '2016-08-12 16:23:30', 1, 1, 1);
INSERT INTO `tb_pais` VALUES (82, 'GA', 'Gabon', '2016-08-12 16:23:30', '2016-08-12 16:23:30', 1, 1, 1);
INSERT INTO `tb_pais` VALUES (83, 'GM', 'Gambia', '2016-08-12 16:23:30', '2016-08-12 16:23:30', 1, 1, 1);
INSERT INTO `tb_pais` VALUES (84, 'GE', 'Georgia', '2016-08-12 16:23:30', '2016-08-12 16:23:30', 1, 1, 1);
INSERT INTO `tb_pais` VALUES (85, 'DE', 'Germany', '2016-08-12 16:23:30', '2016-08-12 16:23:30', 1, 1, 1);
INSERT INTO `tb_pais` VALUES (86, 'GH', 'Ghana', '2016-08-12 16:23:30', '2016-08-12 16:23:30', 1, 1, 1);
INSERT INTO `tb_pais` VALUES (87, 'GI', 'Gibraltar', '2016-08-12 16:23:30', '2016-08-12 16:23:30', 1, 1, 1);
INSERT INTO `tb_pais` VALUES (88, 'GR', 'Greece', '2016-08-12 16:23:30', '2016-08-12 16:23:30', 1, 1, 1);
INSERT INTO `tb_pais` VALUES (89, 'GL', 'Greenland', '2016-08-12 16:23:30', '2016-08-12 16:23:30', 1, 1, 1);
INSERT INTO `tb_pais` VALUES (90, 'GD', 'Grenada', '2016-08-12 16:23:30', '2016-08-12 16:23:30', 1, 1, 1);
INSERT INTO `tb_pais` VALUES (91, 'GP', 'Guadeloupe', '2016-08-12 16:23:30', '2016-08-12 16:23:30', 1, 1, 1);
INSERT INTO `tb_pais` VALUES (92, 'GU', 'Guam', '2016-08-12 16:23:30', '2016-08-12 16:23:30', 1, 1, 1);
INSERT INTO `tb_pais` VALUES (93, 'GT', 'Guatemala', '2016-08-12 16:23:30', '2016-08-12 16:23:30', 1, 1, 1);
INSERT INTO `tb_pais` VALUES (94, 'GG', 'Guernsey', '2016-08-12 16:23:30', '2016-08-12 16:23:30', 1, 1, 1);
INSERT INTO `tb_pais` VALUES (95, 'GN', 'Guinea', '2016-08-12 16:23:30', '2016-08-12 16:23:30', 1, 1, 1);
INSERT INTO `tb_pais` VALUES (96, 'GW', 'Guinea-Bissau', '2016-08-12 16:23:30', '2016-08-12 16:23:30', 1, 1, 1);
INSERT INTO `tb_pais` VALUES (97, 'GY', 'Guyana', '2016-08-12 16:23:30', '2016-08-12 16:23:30', 1, 1, 1);
INSERT INTO `tb_pais` VALUES (98, 'HT', 'Haiti', '2016-08-12 16:23:30', '2016-08-12 16:23:30', 1, 1, 1);
INSERT INTO `tb_pais` VALUES (99, 'VA', 'Holy See (Vatican City State)', '2016-08-12 16:23:30', '2016-08-12 16:23:30', 1, 1, 1);
INSERT INTO `tb_pais` VALUES (100, 'HN', 'Honduras', '2016-08-12 16:23:30', '2016-08-12 16:23:30', 1, 1, 1);
INSERT INTO `tb_pais` VALUES (101, 'HK', 'Hong Kong', '2016-08-12 16:23:30', '2016-08-12 16:23:30', 1, 1, 1);
INSERT INTO `tb_pais` VALUES (102, 'HU', 'Hungary', '2016-08-12 16:23:30', '2016-08-12 16:23:30', 1, 1, 1);
INSERT INTO `tb_pais` VALUES (103, 'IS', 'Iceland', '2016-08-12 16:23:30', '2016-08-12 16:23:30', 1, 1, 1);
INSERT INTO `tb_pais` VALUES (104, 'IN', 'India', '2016-08-12 16:23:30', '2016-08-12 16:23:30', 1, 1, 1);
INSERT INTO `tb_pais` VALUES (105, 'ID', 'Indonesia', '2016-08-12 16:23:30', '2016-08-12 16:23:30', 1, 1, 1);
INSERT INTO `tb_pais` VALUES (106, 'IR', 'Ira', '2016-08-12 16:23:30', '2016-08-12 16:23:30', 1, 1, 1);
INSERT INTO `tb_pais` VALUES (107, 'IQ', 'Iraq', '2016-08-12 16:23:30', '2016-08-12 16:23:30', 1, 1, 1);
INSERT INTO `tb_pais` VALUES (108, 'IE', 'Ireland', '2016-08-12 16:23:30', '2016-08-12 16:23:30', 1, 1, 1);
INSERT INTO `tb_pais` VALUES (109, 'IM', 'Isle of Man', '2016-08-12 16:23:30', '2016-08-12 16:23:30', 1, 1, 1);
INSERT INTO `tb_pais` VALUES (110, 'IL', 'Israel', '2016-08-12 16:23:30', '2016-08-12 16:23:30', 1, 1, 1);
INSERT INTO `tb_pais` VALUES (111, 'IT', 'Italy', '2016-08-12 16:23:30', '2016-08-12 16:23:30', 1, 1, 1);
INSERT INTO `tb_pais` VALUES (112, 'JM', 'Jamaica', '2016-08-12 16:23:30', '2016-08-12 16:23:30', 1, 1, 1);
INSERT INTO `tb_pais` VALUES (113, 'JP', 'Japan', '2016-08-12 16:23:30', '2016-08-12 16:23:30', 1, 1, 1);
INSERT INTO `tb_pais` VALUES (114, 'JE', 'Jersey', '2016-08-12 16:23:30', '2016-08-12 16:23:30', 1, 1, 1);
INSERT INTO `tb_pais` VALUES (115, 'JO', 'Jordan', '2016-08-12 16:23:30', '2016-08-12 16:23:30', 1, 1, 1);
INSERT INTO `tb_pais` VALUES (116, 'KZ', 'Kazakhstan', '2016-08-12 16:23:30', '2016-08-12 16:23:30', 1, 1, 1);
INSERT INTO `tb_pais` VALUES (117, 'KE', 'Kenya', '2016-08-12 16:23:30', '2016-08-12 16:23:30', 1, 1, 1);
INSERT INTO `tb_pais` VALUES (118, 'KI', 'Kiribati', '2016-08-12 16:23:30', '2016-08-12 16:23:30', 1, 1, 1);
INSERT INTO `tb_pais` VALUES (119, 'KR', 'Kore', '2016-08-12 16:23:30', '2016-08-12 16:23:30', 1, 1, 1);
INSERT INTO `tb_pais` VALUES (120, 'KP', 'Kore', '2016-08-12 16:23:30', '2016-08-12 16:23:30', 1, 1, 1);
INSERT INTO `tb_pais` VALUES (121, 'KW', 'Kuwait', '2016-08-12 16:23:30', '2016-08-12 16:23:30', 1, 1, 1);
INSERT INTO `tb_pais` VALUES (122, 'KG', 'Kyrgyzstan', '2016-08-12 16:23:30', '2016-08-12 16:23:30', 1, 1, 1);
INSERT INTO `tb_pais` VALUES (123, 'LA', 'Lao People\'s Democratic Republic', '2016-08-12 16:23:30', '2016-08-12 16:23:30', 1, 1, 1);
INSERT INTO `tb_pais` VALUES (124, 'LV', 'Latvia', '2016-08-12 16:23:30', '2016-08-12 16:23:30', 1, 1, 1);
INSERT INTO `tb_pais` VALUES (125, 'LB', 'Lebanon', '2016-08-12 16:23:30', '2016-08-12 16:23:30', 1, 1, 1);
INSERT INTO `tb_pais` VALUES (126, 'LS', 'Lesotho', '2016-08-12 16:23:30', '2016-08-12 16:23:30', 1, 1, 1);
INSERT INTO `tb_pais` VALUES (127, 'LR', 'Liberia', '2016-08-12 16:23:30', '2016-08-12 16:23:30', 1, 1, 1);
INSERT INTO `tb_pais` VALUES (128, 'LY', 'Libya', '2016-08-12 16:23:30', '2016-08-12 16:23:30', 1, 1, 1);
INSERT INTO `tb_pais` VALUES (129, 'LI', 'Liechtenstein', '2016-08-12 16:23:30', '2016-08-12 16:23:30', 1, 1, 1);
INSERT INTO `tb_pais` VALUES (130, 'LT', 'Lithuania', '2016-08-12 16:23:30', '2016-08-12 16:23:30', 1, 1, 1);
INSERT INTO `tb_pais` VALUES (131, 'LU', 'Luxembourg', '2016-08-12 16:23:30', '2016-08-12 16:23:30', 1, 1, 1);
INSERT INTO `tb_pais` VALUES (132, 'MO', 'Macau', '2016-08-12 16:23:30', '2016-08-12 16:23:30', 1, 1, 1);
INSERT INTO `tb_pais` VALUES (133, 'MK', 'Macedonia', '2016-08-12 16:23:30', '2016-08-12 16:23:30', 1, 1, 1);
INSERT INTO `tb_pais` VALUES (134, 'MG', 'Madagascar', '2016-08-12 16:23:30', '2016-08-12 16:23:30', 1, 1, 1);
INSERT INTO `tb_pais` VALUES (135, 'MW', 'Malawi', '2016-08-12 16:23:30', '2016-08-12 16:23:30', 1, 1, 1);
INSERT INTO `tb_pais` VALUES (136, 'MY', 'Malaysia', '2016-08-12 16:23:30', '2016-08-12 16:23:30', 1, 1, 1);
INSERT INTO `tb_pais` VALUES (137, 'MV', 'Maldives', '2016-08-12 16:23:30', '2016-08-12 16:23:30', 1, 1, 1);
INSERT INTO `tb_pais` VALUES (138, 'ML', 'Mali', '2016-08-12 16:23:30', '2016-08-12 16:23:30', 1, 1, 1);
INSERT INTO `tb_pais` VALUES (139, 'MT', 'Malta', '2016-08-12 16:23:30', '2016-08-12 16:23:30', 1, 1, 1);
INSERT INTO `tb_pais` VALUES (140, 'MH', 'Marshall Islands', '2016-08-12 16:23:30', '2016-08-12 16:23:30', 1, 1, 1);
INSERT INTO `tb_pais` VALUES (141, 'MQ', 'Martinique', '2016-08-12 16:23:30', '2016-08-12 16:23:30', 1, 1, 1);
INSERT INTO `tb_pais` VALUES (142, 'MR', 'Mauritania', '2016-08-12 16:23:30', '2016-08-12 16:23:30', 1, 1, 1);
INSERT INTO `tb_pais` VALUES (143, 'MU', 'Mauritius', '2016-08-12 16:23:30', '2016-08-12 16:23:30', 1, 1, 1);
INSERT INTO `tb_pais` VALUES (144, 'YT', 'Mayotte', '2016-08-12 16:23:30', '2016-08-12 16:23:30', 1, 1, 1);
INSERT INTO `tb_pais` VALUES (145, 'MX', 'Mexico', '2016-08-12 16:23:30', '2016-08-12 16:23:30', 1, 1, 1);
INSERT INTO `tb_pais` VALUES (146, 'FM', 'Micronesi', '2016-08-12 16:23:30', '2016-08-12 16:23:30', 1, 1, 1);
INSERT INTO `tb_pais` VALUES (147, 'MD', 'Moldov', '2016-08-12 16:23:30', '2016-08-12 16:23:30', 1, 1, 1);
INSERT INTO `tb_pais` VALUES (148, 'MC', 'Monaco', '2016-08-12 16:23:30', '2016-08-12 16:23:30', 1, 1, 1);
INSERT INTO `tb_pais` VALUES (149, 'MN', 'Mongolia', '2016-08-12 16:23:30', '2016-08-12 16:23:30', 1, 1, 1);
INSERT INTO `tb_pais` VALUES (150, 'ME', 'Montenegro', '2016-08-12 16:23:30', '2016-08-12 16:23:30', 1, 1, 1);
INSERT INTO `tb_pais` VALUES (151, 'MS', 'Montserrat', '2016-08-12 16:23:30', '2016-08-12 16:23:30', 1, 1, 1);
INSERT INTO `tb_pais` VALUES (152, 'MA', 'Morocco', '2016-08-12 16:23:30', '2016-08-12 16:23:30', 1, 1, 1);
INSERT INTO `tb_pais` VALUES (153, 'MZ', 'Mozambique', '2016-08-12 16:23:30', '2016-08-12 16:23:30', 1, 1, 1);
INSERT INTO `tb_pais` VALUES (154, 'MM', 'Myanmar', '2016-08-12 16:23:30', '2016-08-12 16:23:30', 1, 1, 1);
INSERT INTO `tb_pais` VALUES (155, 'NA', 'Namibia', '2016-08-12 16:23:30', '2016-08-12 16:23:30', 1, 1, 1);
INSERT INTO `tb_pais` VALUES (156, 'NR', 'Nauru', '2016-08-12 16:23:30', '2016-08-12 16:23:30', 1, 1, 1);
INSERT INTO `tb_pais` VALUES (157, 'NP', 'Nepal', '2016-08-12 16:23:30', '2016-08-12 16:23:30', 1, 1, 1);
INSERT INTO `tb_pais` VALUES (158, 'NL', 'Netherlands', '2016-08-12 16:23:30', '2016-08-12 16:23:30', 1, 1, 1);
INSERT INTO `tb_pais` VALUES (159, 'NC', 'New Caledonia', '2016-08-12 16:23:30', '2016-08-12 16:23:30', 1, 1, 1);
INSERT INTO `tb_pais` VALUES (160, 'NZ', 'New Zealand', '2016-08-12 16:23:30', '2016-08-12 16:23:30', 1, 1, 1);
INSERT INTO `tb_pais` VALUES (161, 'NI', 'Nicaragua', '2016-08-12 16:23:30', '2016-08-12 16:23:30', 1, 1, 1);
INSERT INTO `tb_pais` VALUES (162, 'NE', 'Niger', '2016-08-12 16:23:30', '2016-08-12 16:23:30', 1, 1, 1);
INSERT INTO `tb_pais` VALUES (163, 'NG', 'Nigeria', '2016-08-12 16:23:30', '2016-08-12 16:23:30', 1, 1, 1);
INSERT INTO `tb_pais` VALUES (164, 'NU', 'Niue', '2016-08-12 16:23:30', '2016-08-12 16:23:30', 1, 1, 1);
INSERT INTO `tb_pais` VALUES (165, 'NF', 'Norfolk Island', '2016-08-12 16:23:30', '2016-08-12 16:23:30', 1, 1, 1);
INSERT INTO `tb_pais` VALUES (166, 'MP', 'Northern Mariana Islands', '2016-08-12 16:23:30', '2016-08-12 16:23:30', 1, 1, 1);
INSERT INTO `tb_pais` VALUES (167, 'NO', 'Norway', '2016-08-12 16:23:30', '2016-08-12 16:23:30', 1, 1, 1);
INSERT INTO `tb_pais` VALUES (168, 'OM', 'Oman', '2016-08-12 16:23:30', '2016-08-12 16:23:30', 1, 1, 1);
INSERT INTO `tb_pais` VALUES (169, 'PK', 'Pakistan', '2016-08-12 16:23:30', '2016-08-12 16:23:30', 1, 1, 1);
INSERT INTO `tb_pais` VALUES (170, 'PW', 'Palau', '2016-08-12 16:23:30', '2016-08-12 16:23:30', 1, 1, 1);
INSERT INTO `tb_pais` VALUES (171, 'PS', 'Palestinian Territory', '2016-08-12 16:23:30', '2016-08-12 16:23:30', 1, 1, 1);
INSERT INTO `tb_pais` VALUES (172, 'PA', 'Panama', '2016-08-12 16:23:30', '2016-08-12 16:23:30', 1, 1, 1);
INSERT INTO `tb_pais` VALUES (173, 'PG', 'Papua New Guinea', '2016-08-12 16:23:30', '2016-08-12 16:23:30', 1, 1, 1);
INSERT INTO `tb_pais` VALUES (174, 'PY', 'Paraguay', '2016-08-12 16:23:30', '2016-08-12 16:23:30', 1, 1, 1);
INSERT INTO `tb_pais` VALUES (175, 'PE', 'Peru', '2016-08-12 16:23:30', '2016-08-12 16:23:30', 1, 1, 1);
INSERT INTO `tb_pais` VALUES (176, 'PH', 'Philippines', '2016-08-12 16:23:30', '2016-08-12 16:23:30', 1, 1, 1);
INSERT INTO `tb_pais` VALUES (177, 'PN', 'Pitcairn Islands', '2016-08-12 16:23:30', '2016-08-12 16:23:30', 1, 1, 1);
INSERT INTO `tb_pais` VALUES (178, 'PL', 'Poland', '2016-08-12 16:23:30', '2016-08-12 16:23:30', 1, 1, 1);
INSERT INTO `tb_pais` VALUES (179, 'PT', 'Portugal', '2016-08-12 16:23:30', '2016-08-12 16:23:30', 1, 1, 1);
INSERT INTO `tb_pais` VALUES (180, 'PR', 'Puerto Rico', '2016-08-12 16:23:30', '2016-08-12 16:23:30', 1, 1, 1);
INSERT INTO `tb_pais` VALUES (181, 'QA', 'Qatar', '2016-08-12 16:23:30', '2016-08-12 16:23:30', 1, 1, 1);
INSERT INTO `tb_pais` VALUES (182, 'RE', 'Reunion', '2016-08-12 16:23:30', '2016-08-12 16:23:30', 1, 1, 1);
INSERT INTO `tb_pais` VALUES (183, 'RO', 'Romania', '2016-08-12 16:23:30', '2016-08-12 16:23:30', 1, 1, 1);
INSERT INTO `tb_pais` VALUES (184, 'RU', 'Russian Federation', '2016-08-12 16:23:30', '2016-08-12 16:23:30', 1, 1, 1);
INSERT INTO `tb_pais` VALUES (185, 'RW', 'Rwanda', '2016-08-12 16:23:30', '2016-08-12 16:23:30', 1, 1, 1);
INSERT INTO `tb_pais` VALUES (186, 'BL', 'Saint Barthelemy', '2016-08-12 16:23:30', '2016-08-12 16:23:30', 1, 1, 1);
INSERT INTO `tb_pais` VALUES (187, 'SH', 'Saint Helena', '2016-08-12 16:23:30', '2016-08-12 16:23:30', 1, 1, 1);
INSERT INTO `tb_pais` VALUES (188, 'KN', 'Saint Kitts and Nevis', '2016-08-12 16:23:30', '2016-08-12 16:23:30', 1, 1, 1);
INSERT INTO `tb_pais` VALUES (189, 'LC', 'Saint Lucia', '2016-08-12 16:23:30', '2016-08-12 16:23:30', 1, 1, 1);
INSERT INTO `tb_pais` VALUES (190, 'MF', 'Saint Martin', '2016-08-12 16:23:30', '2016-08-12 16:23:30', 1, 1, 1);
INSERT INTO `tb_pais` VALUES (191, 'PM', 'Saint Pierre and Miquelon', '2016-08-12 16:23:30', '2016-08-12 16:23:30', 1, 1, 1);
INSERT INTO `tb_pais` VALUES (192, 'VC', 'Saint Vincent and the Grenadines', '2016-08-12 16:23:30', '2016-08-12 16:23:30', 1, 1, 1);
INSERT INTO `tb_pais` VALUES (193, 'WS', 'Samoa', '2016-08-12 16:23:30', '2016-08-12 16:23:30', 1, 1, 1);
INSERT INTO `tb_pais` VALUES (194, 'SM', 'San Marino', '2016-08-12 16:23:30', '2016-08-12 16:23:30', 1, 1, 1);
INSERT INTO `tb_pais` VALUES (195, 'ST', 'Sao Tome and Principe', '2016-08-12 16:23:30', '2016-08-12 16:23:30', 1, 1, 1);
INSERT INTO `tb_pais` VALUES (196, 'A2', 'Satellite Provider', '2016-08-12 16:23:30', '2016-08-12 16:23:30', 1, 1, 1);
INSERT INTO `tb_pais` VALUES (197, 'SA', 'Saudi Arabia', '2016-08-12 16:23:30', '2016-08-12 16:23:30', 1, 1, 1);
INSERT INTO `tb_pais` VALUES (198, 'SN', 'Senegal', '2016-08-12 16:23:30', '2016-08-12 16:23:30', 1, 1, 1);
INSERT INTO `tb_pais` VALUES (199, 'RS', 'Serbia', '2016-08-12 16:23:30', '2016-08-12 16:23:30', 1, 1, 1);
INSERT INTO `tb_pais` VALUES (200, 'SC', 'Seychelles', '2016-08-12 16:23:30', '2016-08-12 16:23:30', 1, 1, 1);
INSERT INTO `tb_pais` VALUES (201, 'SL', 'Sierra Leone', '2016-08-12 16:23:30', '2016-08-12 16:23:30', 1, 1, 1);
INSERT INTO `tb_pais` VALUES (202, 'SG', 'Singapore', '2016-08-12 16:23:30', '2016-08-12 16:23:30', 1, 1, 1);
INSERT INTO `tb_pais` VALUES (203, 'SX', 'Sint Maarten (Dutch part)', '2016-08-12 16:23:30', '2016-08-12 16:23:30', 1, 1, 1);
INSERT INTO `tb_pais` VALUES (204, 'SK', 'Slovakia', '2016-08-12 16:23:30', '2016-08-12 16:23:30', 1, 1, 1);
INSERT INTO `tb_pais` VALUES (205, 'SI', 'Slovenia', '2016-08-12 16:23:30', '2016-08-12 16:23:30', 1, 1, 1);
INSERT INTO `tb_pais` VALUES (206, 'SB', 'Solomon Islands', '2016-08-12 16:23:30', '2016-08-12 16:23:30', 1, 1, 1);
INSERT INTO `tb_pais` VALUES (207, 'SO', 'Somalia', '2016-08-12 16:23:30', '2016-08-12 16:23:30', 1, 1, 1);
INSERT INTO `tb_pais` VALUES (208, 'ZA', 'South Africa', '2016-08-12 16:23:30', '2016-08-12 16:23:30', 1, 1, 1);
INSERT INTO `tb_pais` VALUES (209, 'GS', 'South Georgia and the South Sandwich Islands', '2016-08-12 16:23:30', '2016-08-12 16:23:30', 1, 1, 1);
INSERT INTO `tb_pais` VALUES (210, 'SS', 'South Sudan', '2016-08-12 16:23:30', '2016-08-12 16:23:30', 1, 1, 1);
INSERT INTO `tb_pais` VALUES (211, 'ES', 'Spain', '2016-08-12 16:23:30', '2016-08-12 16:23:30', 1, 1, 1);
INSERT INTO `tb_pais` VALUES (212, 'LK', 'Sri Lanka', '2016-08-12 16:23:30', '2016-08-12 16:23:30', 1, 1, 1);
INSERT INTO `tb_pais` VALUES (213, 'SD', 'Sudan', '2016-08-12 16:23:30', '2016-08-12 16:23:30', 1, 1, 1);
INSERT INTO `tb_pais` VALUES (214, 'SR', 'Suriname', '2016-08-12 16:23:30', '2016-08-12 16:23:30', 1, 1, 1);
INSERT INTO `tb_pais` VALUES (215, 'SJ', 'Svalbard and Jan Mayen', '2016-08-12 16:23:30', '2016-08-12 16:23:30', 1, 1, 1);
INSERT INTO `tb_pais` VALUES (216, 'SZ', 'Swaziland', '2016-08-12 16:23:30', '2016-08-12 16:23:30', 1, 1, 1);
INSERT INTO `tb_pais` VALUES (217, 'SE', 'Sweden', '2016-08-12 16:23:30', '2016-08-12 16:23:30', 1, 1, 1);
INSERT INTO `tb_pais` VALUES (218, 'CH', 'Switzerland', '2016-08-12 16:23:30', '2016-08-12 16:23:30', 1, 1, 1);
INSERT INTO `tb_pais` VALUES (219, 'SY', 'Syrian Arab Republic', '2016-08-12 16:23:30', '2016-08-12 16:23:30', 1, 1, 1);
INSERT INTO `tb_pais` VALUES (220, 'TW', 'Taiwan', '2016-08-12 16:23:30', '2016-08-12 16:23:30', 1, 1, 1);
INSERT INTO `tb_pais` VALUES (221, 'TJ', 'Tajikistan', '2016-08-12 16:23:30', '2016-08-12 16:23:30', 1, 1, 1);
INSERT INTO `tb_pais` VALUES (222, 'TZ', 'Tanzani', '2016-08-12 16:23:30', '2016-08-12 16:23:30', 1, 1, 1);
INSERT INTO `tb_pais` VALUES (223, 'TH', 'Thailand', '2016-08-12 16:23:30', '2016-08-12 16:23:30', 1, 1, 1);
INSERT INTO `tb_pais` VALUES (224, 'TL', 'Timor-Leste', '2016-08-12 16:23:30', '2016-08-12 16:23:30', 1, 1, 1);
INSERT INTO `tb_pais` VALUES (225, 'TG', 'Togo', '2016-08-12 16:23:30', '2016-08-12 16:23:30', 1, 1, 1);
INSERT INTO `tb_pais` VALUES (226, 'TK', 'Tokelau', '2016-08-12 16:23:30', '2016-08-12 16:23:30', 1, 1, 1);
INSERT INTO `tb_pais` VALUES (227, 'TO', 'Tonga', '2016-08-12 16:23:30', '2016-08-12 16:23:30', 1, 1, 1);
INSERT INTO `tb_pais` VALUES (228, 'TT', 'Trinidad and Tobago', '2016-08-12 16:23:30', '2016-08-12 16:23:30', 1, 1, 1);
INSERT INTO `tb_pais` VALUES (229, 'TN', 'Tunisia', '2016-08-12 16:23:30', '2016-08-12 16:23:30', 1, 1, 1);
INSERT INTO `tb_pais` VALUES (230, 'TR', 'Turkey', '2016-08-12 16:23:30', '2016-08-12 16:23:30', 1, 1, 1);
INSERT INTO `tb_pais` VALUES (231, 'TM', 'Turkmenistan', '2016-08-12 16:23:30', '2016-08-12 16:23:30', 1, 1, 1);
INSERT INTO `tb_pais` VALUES (232, 'TC', 'Turks and Caicos Islands', '2016-08-12 16:23:30', '2016-08-12 16:23:30', 1, 1, 1);
INSERT INTO `tb_pais` VALUES (233, 'TV', 'Tuvalu', '2016-08-12 16:23:30', '2016-08-12 16:23:30', 1, 1, 1);
INSERT INTO `tb_pais` VALUES (234, 'UG', 'Uganda', '2016-08-12 16:23:30', '2016-08-12 16:23:30', 1, 1, 1);
INSERT INTO `tb_pais` VALUES (235, 'UA', 'Ukraine', '2016-08-12 16:23:30', '2016-08-12 16:23:30', 1, 1, 1);
INSERT INTO `tb_pais` VALUES (236, 'AE', 'United Arab Emirates', '2016-08-12 16:23:30', '2016-08-12 16:23:30', 1, 1, 1);
INSERT INTO `tb_pais` VALUES (237, 'GB', 'United Kingdom', '2016-08-12 16:23:30', '2016-08-12 16:23:30', 1, 1, 1);
INSERT INTO `tb_pais` VALUES (238, 'US', 'United States', '2016-08-12 16:23:30', '2016-08-12 16:23:30', 1, 1, 1);
INSERT INTO `tb_pais` VALUES (239, 'UM', 'United States Minor Outlying Islands', '2016-08-12 16:23:30', '2016-08-12 16:23:30', 1, 1, 1);
INSERT INTO `tb_pais` VALUES (240, 'UY', 'Uruguay', '2016-08-12 16:23:30', '2016-08-12 16:23:30', 1, 1, 1);
INSERT INTO `tb_pais` VALUES (241, 'UZ', 'Uzbekistan', '2016-08-12 16:23:30', '2016-08-12 16:23:30', 1, 1, 1);
INSERT INTO `tb_pais` VALUES (242, 'VU', 'Vanuatu', '2016-08-12 16:23:30', '2016-08-12 16:23:30', 1, 1, 1);
INSERT INTO `tb_pais` VALUES (243, 'VE', 'Venezuela', '2016-08-12 16:23:30', '2016-08-12 16:23:30', 1, 1, 1);
INSERT INTO `tb_pais` VALUES (244, 'VN', 'Vietnam', '2016-08-12 16:23:30', '2016-08-12 16:23:30', 1, 1, 1);
INSERT INTO `tb_pais` VALUES (245, 'VG', 'Virgin Island', '2016-08-12 16:23:30', '2016-08-12 16:23:30', 1, 1, 1);
INSERT INTO `tb_pais` VALUES (246, 'VI', 'Virgin Island', '2016-08-12 16:23:30', '2016-08-12 16:23:30', 1, 1, 1);
INSERT INTO `tb_pais` VALUES (247, 'WF', 'Wallis and Futuna', '2016-08-12 16:23:30', '2016-08-12 16:23:30', 1, 1, 1);
INSERT INTO `tb_pais` VALUES (248, 'EH', 'Western Sahara', '2016-08-12 16:23:30', '2016-08-12 16:23:30', 1, 1, 1);
INSERT INTO `tb_pais` VALUES (249, 'YE', 'Yemen', '2016-08-12 16:23:30', '2016-08-12 16:23:30', 1, 1, 1);
INSERT INTO `tb_pais` VALUES (250, 'ZM', 'Zambia', '2016-08-12 16:23:30', '2016-08-12 16:23:30', 1, 1, 1);
INSERT INTO `tb_pais` VALUES (251, 'ZW', 'Zimbabwe', '2016-08-12 16:23:30', '2016-08-12 16:23:30', 1, 1, 1);

-- ----------------------------
-- Table structure for tb_persona
-- ----------------------------
DROP TABLE IF EXISTS `tb_persona`;
CREATE TABLE `tb_persona`  (
  `id_persona` int(11) NOT NULL AUTO_INCREMENT,
  `nombres` varchar(250) CHARACTER SET utf8 COLLATE utf8_general_ci NULL DEFAULT NULL,
  `apellidos` varchar(250) CHARACTER SET utf8 COLLATE utf8_general_ci NULL DEFAULT NULL,
  `nombre_corto` varchar(250) CHARACTER SET utf8 COLLATE utf8_general_ci NULL DEFAULT NULL,
  `email` varchar(200) CHARACTER SET utf8 COLLATE utf8_general_ci NULL DEFAULT NULL,
  `id_documentoidentidad` int(11) NOT NULL DEFAULT 1,
  `dni` varchar(15) CHARACTER SET utf8 COLLATE utf8_general_ci NULL DEFAULT NULL,
  `dni_genera` int(11) NULL DEFAULT NULL,
  `sexo` char(1) CHARACTER SET utf8 COLLATE utf8_general_ci NULL DEFAULT NULL,
  `nombre_comercial` varchar(250) CHARACTER SET utf8 COLLATE utf8_general_ci NULL DEFAULT NULL,
  `pagina_web` varchar(250) CHARACTER SET utf8 COLLATE utf8_general_ci NULL DEFAULT NULL,
  `fecha_nacimiento` date NULL DEFAULT NULL,
  `direccion` text CHARACTER SET utf8 COLLATE utf8_general_ci NULL,
  `id_pais` int(11) NULL DEFAULT NULL,
  `id_estadocivil` int(11) NULL DEFAULT NULL,
  `id_departamento` int(11) NULL DEFAULT NULL,
  `id_provincia` int(11) NULL DEFAULT NULL,
  `id_distrito` int(11) NULL DEFAULT NULL,
  `es_cliente` int(11) NULL DEFAULT NULL,
  `es_proveedor` int(11) NULL DEFAULT NULL,
  `es_contacto` int(11) NULL DEFAULT NULL,
  `estado` int(11) NULL DEFAULT 1,
  PRIMARY KEY (`id_persona`) USING BTREE
) ENGINE = MyISAM AUTO_INCREMENT = 2 CHARACTER SET = utf8 COLLATE = utf8_general_ci ROW_FORMAT = Dynamic;

-- ----------------------------
-- Records of tb_persona
-- ----------------------------
INSERT INTO `tb_persona` VALUES (1, 'Elias', 'Monzón', NULL, NULL, 1, '00000001', NULL, 'm', NULL, NULL, '2018-12-06', NULL, NULL, NULL, NULL, NULL, NULL, 1, 1, NULL, 1);

-- ----------------------------
-- Table structure for tb_persona_juridica
-- ----------------------------
DROP TABLE IF EXISTS `tb_persona_juridica`;
CREATE TABLE `tb_persona_juridica`  (
  `id_persona_juridica` int(11) NOT NULL AUTO_INCREMENT,
  `ruc` double(12, 0) NULL DEFAULT NULL,
  `razon_social` varchar(256) CHARACTER SET latin1 COLLATE latin1_swedish_ci NULL DEFAULT NULL,
  `nombre_comercial` varchar(256) CHARACTER SET latin1 COLLATE latin1_swedish_ci NULL DEFAULT NULL,
  `direccion_fiscal` varchar(256) CHARACTER SET latin1 COLLATE latin1_swedish_ci NULL DEFAULT NULL,
  `email` varchar(256) CHARACTER SET utf8 COLLATE utf8_general_ci NULL DEFAULT NULL,
  `es_cliente` int(1) NULL DEFAULT NULL,
  `es_proveedor` int(1) NULL DEFAULT NULL,
  `id_pais` int(11) NULL DEFAULT NULL,
  `id_departamento` int(11) NULL DEFAULT NULL,
  `id_provincia` int(11) NULL DEFAULT NULL,
  `id_distrito` int(11) NULL DEFAULT NULL,
  `pagina_web` varchar(256) CHARACTER SET latin1 COLLATE latin1_swedish_ci NULL DEFAULT NULL,
  `aniversario` date NULL DEFAULT NULL,
  `estado` int(1) NULL DEFAULT NULL,
  PRIMARY KEY (`id_persona_juridica`) USING BTREE
) ENGINE = MyISAM AUTO_INCREMENT = 2 CHARACTER SET = utf8 COLLATE = utf8_general_ci ROW_FORMAT = Dynamic;

-- ----------------------------
-- Records of tb_persona_juridica
-- ----------------------------
INSERT INTO `tb_persona_juridica` VALUES (1, 20565940989, 'G&G Diesel Import SAC', 'Laboratorio Diesel G&G', 'Prolongación Huánuco N°2448', 'gyg_2017@gmail.com', NULL, NULL, 124, NULL, NULL, 1652, 'www.gyglab.com', '2014-10-01', 1);

-- ----------------------------
-- Table structure for tb_servicios
-- ----------------------------
DROP TABLE IF EXISTS `tb_servicios`;
CREATE TABLE `tb_servicios`  (
  `id_servicio` int(11) NOT NULL AUTO_INCREMENT,
  `servicio` text CHARACTER SET latin1 COLLATE latin1_swedish_ci NULL,
  `id_tipomoneda` int(11) NULL DEFAULT NULL,
  `estado` int(2) NULL DEFAULT NULL,
  PRIMARY KEY (`id_servicio`) USING BTREE
) ENGINE = MyISAM AUTO_INCREMENT = 1 CHARACTER SET = latin1 COLLATE = latin1_swedish_ci ROW_FORMAT = Dynamic;

-- ----------------------------
-- Table structure for tb_tipodocumento
-- ----------------------------
DROP TABLE IF EXISTS `tb_tipodocumento`;
CREATE TABLE `tb_tipodocumento`  (
  `id_tipodocumento` int(11) NOT NULL AUTO_INCREMENT,
  `tipodocumento` varchar(255) CHARACTER SET utf8 COLLATE utf8_general_ci NOT NULL,
  `afecta_stock` int(11) NULL DEFAULT NULL,
  `estado` int(1) NOT NULL DEFAULT 1,
  PRIMARY KEY (`id_tipodocumento`) USING BTREE
) ENGINE = MyISAM AUTO_INCREMENT = 4 CHARACTER SET = latin1 COLLATE = latin1_swedish_ci ROW_FORMAT = Dynamic;

-- ----------------------------
-- Records of tb_tipodocumento
-- ----------------------------
INSERT INTO `tb_tipodocumento` VALUES (1, 'Factura', 1, 1);
INSERT INTO `tb_tipodocumento` VALUES (2, 'Boleta', 1, 1);
INSERT INTO `tb_tipodocumento` VALUES (3, 'Cotizacion', 0, 1);

-- ----------------------------
-- Table structure for tb_tipomoneda
-- ----------------------------
DROP TABLE IF EXISTS `tb_tipomoneda`;
CREATE TABLE `tb_tipomoneda`  (
  `id_tipomoneda` int(11) NOT NULL AUTO_INCREMENT,
  `tipomoneda` varchar(255) CHARACTER SET utf8 COLLATE utf8_general_ci NOT NULL,
  `simbolo` varchar(255) CHARACTER SET latin1 COLLATE latin1_swedish_ci NULL DEFAULT NULL,
  `abreviatura` varchar(255) CHARACTER SET latin1 COLLATE latin1_swedish_ci NULL DEFAULT NULL,
  `factor_cambio` double(17, 6) NULL DEFAULT NULL,
  `estado` int(1) NOT NULL DEFAULT 1,
  PRIMARY KEY (`id_tipomoneda`) USING BTREE
) ENGINE = MyISAM AUTO_INCREMENT = 3 CHARACTER SET = latin1 COLLATE = latin1_swedish_ci ROW_FORMAT = Dynamic;

-- ----------------------------
-- Records of tb_tipomoneda
-- ----------------------------
INSERT INTO `tb_tipomoneda` VALUES (1, 'Tipo Mone 1S', 's/.', 'PESS', 1.000000, 1);
INSERT INTO `tb_tipomoneda` VALUES (2, 'Dolar ', '$', 'US', 3.540000, 1);

-- ----------------------------
-- Table structure for tb_tipomovimiento
-- ----------------------------
DROP TABLE IF EXISTS `tb_tipomovimiento`;
CREATE TABLE `tb_tipomovimiento`  (
  `id_tipomovimiento` int(11) NOT NULL AUTO_INCREMENT,
  `tipomovimiento` varchar(256) CHARACTER SET latin1 COLLATE latin1_swedish_ci NULL DEFAULT NULL,
  `abreviatura` varchar(256) CHARACTER SET latin1 COLLATE latin1_swedish_ci NULL DEFAULT NULL,
  `tipo` int(2) NULL DEFAULT NULL,
  PRIMARY KEY (`id_tipomovimiento`) USING BTREE
) ENGINE = MyISAM AUTO_INCREMENT = 4 CHARACTER SET = latin1 COLLATE = latin1_swedish_ci ROW_FORMAT = Dynamic;

-- ----------------------------
-- Records of tb_tipomovimiento
-- ----------------------------
INSERT INTO `tb_tipomovimiento` VALUES (1, 'Ingreso x Compra', 'IngrxComp', 1);
INSERT INTO `tb_tipomovimiento` VALUES (2, 'Salida x Venta', 'SalidxVent', 2);
INSERT INTO `tb_tipomovimiento` VALUES (3, 'Inventario Inicial', 'InventInicial', 1);

-- ----------------------------
-- Table structure for tb_usuarios
-- ----------------------------
DROP TABLE IF EXISTS `tb_usuarios`;
CREATE TABLE `tb_usuarios`  (
  `id_usuario` int(11) NOT NULL AUTO_INCREMENT,
  `usuario` varchar(256) CHARACTER SET latin1 COLLATE latin1_swedish_ci NULL DEFAULT NULL,
  `pwd` varchar(256) CHARACTER SET latin1 COLLATE latin1_swedish_ci NULL DEFAULT NULL,
  `estado` int(11) NULL DEFAULT NULL,
  PRIMARY KEY (`id_usuario`) USING BTREE
) ENGINE = MyISAM AUTO_INCREMENT = 5 CHARACTER SET = latin1 COLLATE = latin1_swedish_ci ROW_FORMAT = Dynamic;

-- ----------------------------
-- Records of tb_usuarios
-- ----------------------------
INSERT INTO `tb_usuarios` VALUES (1, 'emonzon', 'inicio', 1);
INSERT INTO `tb_usuarios` VALUES (4, 'NatiGarcia', 'natita1586', 1);

-- ----------------------------
-- Table structure for tb_usuarios_menu
-- ----------------------------
DROP TABLE IF EXISTS `tb_usuarios_menu`;
CREATE TABLE `tb_usuarios_menu`  (
  `id_usuario_menu` int(11) NOT NULL AUTO_INCREMENT,
  `id_usuario` int(11) NULL DEFAULT NULL,
  `id_menu` int(11) NULL DEFAULT NULL,
  PRIMARY KEY (`id_usuario_menu`) USING BTREE
) ENGINE = MyISAM AUTO_INCREMENT = 62 CHARACTER SET = latin1 COLLATE = latin1_swedish_ci ROW_FORMAT = Dynamic;

-- ----------------------------
-- Records of tb_usuarios_menu
-- ----------------------------
INSERT INTO `tb_usuarios_menu` VALUES (39, 1, 9);
INSERT INTO `tb_usuarios_menu` VALUES (40, 1, 12);
INSERT INTO `tb_usuarios_menu` VALUES (41, 1, 11);
INSERT INTO `tb_usuarios_menu` VALUES (42, 1, 13);
INSERT INTO `tb_usuarios_menu` VALUES (33, 1, 8);
INSERT INTO `tb_usuarios_menu` VALUES (34, 1, 16);
INSERT INTO `tb_usuarios_menu` VALUES (35, 1, 17);
INSERT INTO `tb_usuarios_menu` VALUES (36, 1, 18);
INSERT INTO `tb_usuarios_menu` VALUES (37, 1, 19);
INSERT INTO `tb_usuarios_menu` VALUES (38, 1, 10);
INSERT INTO `tb_usuarios_menu` VALUES (43, 1, 20);
INSERT INTO `tb_usuarios_menu` VALUES (44, 1, 21);
INSERT INTO `tb_usuarios_menu` VALUES (45, 1, 22);
INSERT INTO `tb_usuarios_menu` VALUES (46, 1, 15);
INSERT INTO `tb_usuarios_menu` VALUES (47, 1, 14);
INSERT INTO `tb_usuarios_menu` VALUES (48, 4, 8);
INSERT INTO `tb_usuarios_menu` VALUES (49, 4, 19);
INSERT INTO `tb_usuarios_menu` VALUES (50, 4, 18);
INSERT INTO `tb_usuarios_menu` VALUES (51, 4, 16);
INSERT INTO `tb_usuarios_menu` VALUES (52, 4, 17);
INSERT INTO `tb_usuarios_menu` VALUES (53, 4, 10);
INSERT INTO `tb_usuarios_menu` VALUES (54, 4, 9);
INSERT INTO `tb_usuarios_menu` VALUES (55, 4, 11);
INSERT INTO `tb_usuarios_menu` VALUES (56, 4, 12);
INSERT INTO `tb_usuarios_menu` VALUES (57, 4, 20);
INSERT INTO `tb_usuarios_menu` VALUES (58, 4, 21);
INSERT INTO `tb_usuarios_menu` VALUES (59, 4, 22);
INSERT INTO `tb_usuarios_menu` VALUES (60, 4, 15);
INSERT INTO `tb_usuarios_menu` VALUES (61, 4, 14);

-- ----------------------------
-- Table structure for tb_ventas
-- ----------------------------
DROP TABLE IF EXISTS `tb_ventas`;
CREATE TABLE `tb_ventas`  (
  `id_venta` int(11) NOT NULL AUTO_INCREMENT,
  `codigo` varchar(256) CHARACTER SET latin1 COLLATE latin1_swedish_ci NULL DEFAULT NULL,
  `serie` varchar(256) CHARACTER SET latin1 COLLATE latin1_swedish_ci NULL DEFAULT NULL,
  `fecha_ingreso` date NULL DEFAULT NULL,
  `id_tipodocumento` int(11) NULL DEFAULT NULL,
  `id_persona` int(11) NULL DEFAULT NULL,
  `tipo_persona` int(11) NULL DEFAULT NULL,
  `id_tipomoneda` int(11) NULL DEFAULT NULL,
  `factor_impuesto` double(17, 6) NULL DEFAULT NULL,
  `afecta_kardex` int(11) NULL DEFAULT NULL,
  `precio_total` double(17, 6) NULL DEFAULT NULL,
  PRIMARY KEY (`id_venta`) USING BTREE
) ENGINE = MyISAM AUTO_INCREMENT = 2 CHARACTER SET = latin1 COLLATE = latin1_swedish_ci ROW_FORMAT = Dynamic;

-- ----------------------------
-- Records of tb_ventas
-- ----------------------------
INSERT INTO `tb_ventas` VALUES (1, '123', '312', '2018-12-07', 2, 1, 1, 1, 0.180000, 1, 18.000000);

-- ----------------------------
-- Table structure for tb_ventas_det
-- ----------------------------
DROP TABLE IF EXISTS `tb_ventas_det`;
CREATE TABLE `tb_ventas_det`  (
  `id_venta_det` int(11) NOT NULL AUTO_INCREMENT,
  `id_venta` int(11) NULL DEFAULT NULL,
  `es_articulo` int(11) NULL DEFAULT NULL,
  `id_codigo` int(11) NULL DEFAULT NULL,
  `id_marca` int(11) NULL DEFAULT NULL,
  `id_servicio` int(11) NULL DEFAULT NULL,
  `cantidad` double(11, 6) NULL DEFAULT NULL,
  `precio_unitario` double(11, 6) NULL DEFAULT NULL,
  `precio_total` double(11, 6) NULL DEFAULT NULL,
  `factor_cambio` double(11, 6) NULL DEFAULT NULL,
  `id_almacen` int(11) NULL DEFAULT NULL,
  PRIMARY KEY (`id_venta_det`) USING BTREE
) ENGINE = MyISAM AUTO_INCREMENT = 2 CHARACTER SET = latin1 COLLATE = latin1_swedish_ci ROW_FORMAT = Dynamic;

-- ----------------------------
-- Records of tb_ventas_det
-- ----------------------------
INSERT INTO `tb_ventas_det` VALUES (1, 1, 1, 1, 1, NULL, 3.000000, 6.000000, 18.000000, 1.000000, 6);

SET FOREIGN_KEY_CHECKS = 1;
