# ************************************************************
# Sequel Pro SQL dump
# Version 4541
#
# http://www.sequelpro.com/
# https://github.com/sequelpro/sequelpro
#
# Host: 127.0.0.1 (MySQL 5.7.33)
# Database: audiobook
# Generation Time: 2021-08-02 12:01:45 +0000
# ************************************************************


/*!40101 SET @OLD_CHARACTER_SET_CLIENT=@@CHARACTER_SET_CLIENT */;
/*!40101 SET @OLD_CHARACTER_SET_RESULTS=@@CHARACTER_SET_RESULTS */;
/*!40101 SET @OLD_COLLATION_CONNECTION=@@COLLATION_CONNECTION */;
/*!40101 SET NAMES utf8 */;
/*!40014 SET @OLD_FOREIGN_KEY_CHECKS=@@FOREIGN_KEY_CHECKS, FOREIGN_KEY_CHECKS=0 */;
/*!40101 SET @OLD_SQL_MODE=@@SQL_MODE, SQL_MODE='NO_AUTO_VALUE_ON_ZERO' */;
/*!40111 SET @OLD_SQL_NOTES=@@SQL_NOTES, SQL_NOTES=0 */;


# Dump of table author
# ------------------------------------------------------------

DROP TABLE IF EXISTS `author`;

CREATE TABLE `author` (
  `id` int(11) NOT NULL AUTO_INCREMENT,
  `name` varchar(255) COLLATE utf8mb4_unicode_520_ci NOT NULL,
  PRIMARY KEY (`id`)
) ENGINE=InnoDB DEFAULT CHARSET=utf8mb4 COLLATE=utf8mb4_unicode_520_ci;

LOCK TABLES `author` WRITE;
/*!40000 ALTER TABLE `author` DISABLE KEYS */;

INSERT INTO `author` (`id`, `name`)
VALUES
	(1,'Корри тен Боом'),
	(2,'Гюльшан Есфирь'),
	(3,'Станислав Родионов'),
	(4,'Исидор Шток'),
	(5,'Николай Гоголь'),
	(6,'Скотт Вестерфельд'),
	(7,'Мика Валтари'),
	(8,'Руслан Жуковец'),
	(9,'Бернард Корнуэлл'),
	(10,'Чарльз Колсон'),
	(11,'Владимир Муравьёв'),
	(12,'Александр Титов'),
	(13,'Мони Нильсон'),
	(14,'Баба Окина'),
	(15,'Роберт Силверберг'),
	(16,'Роман Сенчин'),
	(17,'Владимир Амлинский'),
	(18,'Алексей Паевский'),
	(19,'Анна Хоружая'),
	(20,'Джеймс Фенимор Купер'),
	(21,'Юрий Бурносов'),
	(22,'Екатерина Вильмонт'),
	(23,'Екатерина Вильмонт'),
	(24,'Марджери Аллингем'),
	(25,'Стивен Кинг'),
	(26,'Джеральд Даррелл'),
	(27,'Лев Савельев'),
	(28,'Джудит Макнот'),
	(29,'Макс Фрай'),
	(30,'Омори Фуджино'),
	(31,'Марина Степнова'),
	(32,'Александр Рубцов'),
	(33,'Татьяна Москвина'),
	(34,'Зоя Чернышева'),
	(35,'Север Гансовский'),
	(36,'Чокингай'),
	(37,'Эрнест Сетон-Томпсон'),
	(38,'Джонатан Страуд'),
	(39,'Роберто Савьяно'),
	(40,'Таппэй Нагацуки'),
	(41,'Стивен Масуд'),
	(42,'Николай Водневский'),
	(43,'Эрвин Люцер'),
	(44,'Нассим Николас Талеб'),
	(45,'Мару М'),
	(46,'Кумагоро'),
	(47,'Юрий Визбор'),
	(48,'Сергей Кузнечихин'),
	(49,'Виктор Мережко'),
	(50,'Рон Смейз'),
	(51,'Виктор Мережко'),
	(52,'Генри Лайон Олди'),
	(53,'Маргит Сандему'),
	(54,'Маргит Сандему'),
	(55,'Гарри Гаррисон'),
	(56,'Станислав Лем'),
	(57,'Пол Андерсон'),
	(58,'Альфред Бестер'),
	(59,'Стивен Бакстер'),
	(60,'Иэн Бэнкс'),
	(61,'Майкл Суэнвик'),
	(62,'Клиффорд Саймак'),
	(63,'Харлан Эллисон'),
	(64,'Фрэнк Герберт'),
	(65,'Филип Пулман'),
	(66,'Диана Уинн Джонс'),
	(67,'Питер Бигл'),
	(68,'Джин Вулф'),
	(69,'Марсель Эме'),
	(70,'Джеффри Томас'),
	(71,'Паоло Бачигалупи'),
	(72,'Айзек Азимов'),
	(73,'Джо Хилл'),
	(74,'Нил Гейман'),
	(75,'Ле Гуин Урсула'),
	(76,'Лени Рифеншталь'),
	(77,'Жорж Сименон'),
	(78,'Федор Достоевский'),
	(79,'Ле Гуин Урсула'),
	(80,'Цутихи Лайт'),
	(81,'Хелена Бехлерова'),
	(82,'Сергей Довлатов'),
	(83,'Франсис Карсак'),
	(84,'Франсис Карсак'),
	(85,'Эд Макбейн'),
	(86,'Александр Пушкин'),
	(87,'Тэцуя Сано'),
	(88,'Алексей Фёдоров'),
	(89,'Пол Гэллико'),
	(90,'Янис Варуфакис'),
	(91,'Владимир Герлах'),
	(92,'Василь Быков'),
	(93,'Валера Нематрос'),
	(94,'Владимир Сорокин'),
	(95,'Рифудзин Магонотэ'),
	(96,'Дарья Фэйр'),
	(97,'Артём Драбкин'),
	(98,'Исин Нисио'),
	(99,'Сергей Казанцев');

/*!40000 ALTER TABLE `author` ENABLE KEYS */;
UNLOCK TABLES;


# Dump of table author_book
# ------------------------------------------------------------

DROP TABLE IF EXISTS `author_book`;

CREATE TABLE `author_book` (
  `author_id` int(11) NOT NULL,
  `book_id` int(11) NOT NULL,
  PRIMARY KEY (`author_id`,`book_id`),
  KEY `IDX_2F0A2BEEF675F31B` (`author_id`),
  KEY `IDX_2F0A2BEE16A2B381` (`book_id`),
  CONSTRAINT `FK_2F0A2BEE16A2B381` FOREIGN KEY (`book_id`) REFERENCES `book` (`id`) ON DELETE CASCADE,
  CONSTRAINT `FK_2F0A2BEEF675F31B` FOREIGN KEY (`author_id`) REFERENCES `author` (`id`) ON DELETE CASCADE
) ENGINE=InnoDB DEFAULT CHARSET=utf8mb4 COLLATE=utf8mb4_unicode_520_ci;

LOCK TABLES `author_book` WRITE;
/*!40000 ALTER TABLE `author_book` DISABLE KEYS */;

INSERT INTO `author_book` (`author_id`, `book_id`)
VALUES
	(1,1),
	(2,2),
	(3,3),
	(4,4),
	(5,5),
	(6,6),
	(7,7),
	(8,8),
	(9,9),
	(10,10),
	(11,11),
	(12,12),
	(13,13),
	(14,14),
	(14,52),
	(15,15),
	(15,56),
	(16,16),
	(17,17),
	(18,18),
	(19,18),
	(20,19),
	(21,20),
	(22,21),
	(23,22),
	(24,23),
	(25,24),
	(26,25),
	(27,26),
	(28,27),
	(29,28),
	(30,29),
	(30,36),
	(31,30),
	(32,31),
	(33,32),
	(34,33),
	(35,34),
	(36,35),
	(37,37),
	(38,38),
	(39,39),
	(40,40),
	(41,41),
	(42,42),
	(43,43),
	(44,44),
	(45,45),
	(46,45),
	(47,46),
	(48,47),
	(48,51),
	(49,48),
	(50,49),
	(51,50),
	(52,53),
	(53,54),
	(54,55),
	(55,56),
	(56,56),
	(57,56),
	(58,56),
	(59,56),
	(60,56),
	(61,56),
	(62,56),
	(63,56),
	(64,56),
	(65,56),
	(66,56),
	(67,56),
	(68,56),
	(69,56),
	(70,56),
	(71,56),
	(72,56),
	(73,56),
	(74,56),
	(75,56),
	(76,57),
	(77,58),
	(78,59),
	(79,60),
	(80,61),
	(81,62),
	(82,63),
	(83,64),
	(84,65),
	(85,66),
	(86,67),
	(87,68),
	(88,69),
	(89,70),
	(90,71),
	(91,72),
	(92,73),
	(93,74),
	(94,75),
	(95,76),
	(96,77),
	(97,78),
	(98,79),
	(99,80);

/*!40000 ALTER TABLE `author_book` ENABLE KEYS */;
UNLOCK TABLES;


# Dump of table book
# ------------------------------------------------------------

DROP TABLE IF EXISTS `book`;

CREATE TABLE `book` (
  `id` int(11) NOT NULL AUTO_INCREMENT,
  `series_id` int(11) DEFAULT NULL,
  `cover` varchar(255) COLLATE utf8mb4_unicode_520_ci DEFAULT NULL,
  `gcp_cover` varchar(255) COLLATE utf8mb4_unicode_520_ci DEFAULT NULL,
  `title` varchar(255) COLLATE utf8mb4_unicode_520_ci NOT NULL,
  `description` longtext COLLATE utf8mb4_unicode_520_ci,
  `duration` varchar(255) COLLATE utf8mb4_unicode_520_ci NOT NULL,
  `slug` varchar(255) COLLATE utf8mb4_unicode_520_ci NOT NULL,
  `removed` tinyint(1) DEFAULT NULL,
  `biblio_id` int(11) DEFAULT NULL,
  `explicit` tinyint(1) NOT NULL DEFAULT '0',
  PRIMARY KEY (`id`),
  KEY `IDX_CBE5A3315278319C` (`series_id`),
  KEY `IDX_CBE5A331989D9B62` (`slug`),
  CONSTRAINT `FK_CBE5A3315278319C` FOREIGN KEY (`series_id`) REFERENCES `series` (`id`)
) ENGINE=InnoDB DEFAULT CHARSET=utf8mb4 COLLATE=utf8mb4_unicode_520_ci;

LOCK TABLES `book` WRITE;
/*!40000 ALTER TABLE `book` DISABLE KEYS */;

INSERT INTO `book` (`id`, `series_id`, `cover`, `gcp_cover`, `title`, `description`, `duration`, `slug`, `removed`, `biblio_id`, `explicit`)
VALUES
	(1,NULL,'https://srv1.abookfiles.online/uploads/y/6a9431668f0b1400/images2/1d1aa01e6669b1f8.jpg',NULL,'Убежище','В этой книге голландка Корри тен Боом (1892—1983) рассказала о своей жизни в 1892—1945 годах. Верность таким принципам, как честность, справедливость и милосердие к людям побудила семью тен Боом во время Второй мировой войны открыть двери своего дома для укрытия евреев и голландских подпольщиков от нацистского преследования. Пережив ужас и нечеловеческую жестокость концлагеря, после войны Корри посвятила себя работе по реабилитации жертв нацизма.','Длительность: 8 ч. 16 мин.','ubezhishhe-3',NULL,NULL,0),
	(2,NULL,'https://srv1.abookfiles.online/uploads/y/08bf8b1a7448980b/images2/97e5c48c5e9737c9.jpg',NULL,'Разорванная завеса','Книга о судьбе христианки в мусульманской стране. Живо и образно воссоздаются картины мусульманских обычаев, местных нравов и традиций. В центре повествования встреча со Христом девушки-инвалида, ее чудесное исцеление и непоколебимая готовность оставаться верной Господу, несмотря на остракизм, которому ее подвергли родные, близкие, знакомые...Но тот, кто приходит к Господу никогда не остается одиноким — последователи Христа есть везде, и встреча с Ним помогает молодой христианке найти место в жизни и свое служение.','Длительность: 5 ч. 58 мин.','razorvannaja-zavesa',NULL,NULL,0),
	(3,NULL,'https://srv1.abookfiles.online/uploads/z/abb0854b5a2df07f/images2/72b3128fd09d9041.jpg',NULL,'Криминальная тишина','В прокуратуру области поступила анонимка,с утверждением,что в деревне, недавно похороненный мужчина , умер не своей смертью. Для выяснения всех обстоятельств в деревню командируют молодого следователя прокуратуры Сергея Рябинина, которому предстоит во всём разобраться .','Длительность: 5 ч. 15 мин.','kriminalnaja-tishina',NULL,NULL,0),
	(4,NULL,'https://srv7.abookfiles.online/uploads/y/748cc8f0d8d91519/images2/5ef95fbe9a522214.jpg',NULL,'Чёртова мельница','Спектакль Ленинградского Государственного Театра им. Ленсовета \"Чёртова мельница\" поставлен по мотивам пьесы чехословацкого писателя Яна Дрды «Игры с чёртом». В ней рассказывается о том, как отставной солдат Мартин, человек, не знающий страха, любящий весёлую шутку, перехитрил шайку чертей и спас двух девушек.','Длительность: 1 ч. 39 мин.','chjortova-melnica',NULL,NULL,0),
	(5,NULL,'https://srv7.abookfiles.online/uploads/z/4eeb02ebe270fb90/images2/70dca8ebb1d1527b.jpg',NULL,'Мёртвые души','Поэма \"Мёртвые души\" - самое крупное и значительное произведение Н.В. Гоголя, которое по замыслу автора должно было состоять из трёх томов. История, рассказанная в первом томе, строится на последовательности встреч коллежского советника Чичикова с различными типами мелких помещиков с целью скупки у них ревизских душ.','Длительность: 9 ч. 52 мин.','mjortvye-dushi-2',NULL,NULL,0),
	(6,NULL,'https://srv1.abookfiles.online/uploads/y/7cd7905e7d002614/images2/cab25b65f2b24e46.jpg',NULL,'Корабль для уничтожения миров','Этот корабль — самой последней модификации, он обладает колоссальным оружием и практически неуязвим. Но сражаться ему приходится со значительно более мощной, незнакомой, а иногда и совершенно непонятной техникой цивилизации риксов. Чем кончится смертельная схватка, если капитаном руководит не верность своему Императору, а верность своему чувству?..','Длительность: 12 ч. 12 мин.','korabl-dlja-unichtozhenija-mirov',NULL,NULL,0),
	(7,NULL,'https://srv7.abookfiles.online/uploads/y/844a755fc03df42a/images2/7d2be2475949dc03.jpg',NULL,'Ошибка комиссара Палму','Ориг. Komisario Palmun erehdys (1940). На русском языке не публиковалось. Перевод, примечания - Игорь Ристи (январь-апрель 2021). Второй из серии детективов о пожилом ворчливом комиссаре полиции Палму от известного финского писателя Мика Валтари. В запертой изнутри ванной комнате обнаружено тело. Утопленник - enfant terrible местного высшего общества Бруно Рюгсек, отпрыск богатого семейства. Оформлять происшествие предстоит комиссару Палму и его молодому помощнику...','Длительность: 6 ч. 9 мин.','oshibka-komissara-palmu',NULL,NULL,0),
	(8,NULL,'https://srv7.abookfiles.online/uploads/z/f1ad807b191e2f4a/images2/2562e8e0639dddac.jpg',NULL,'Суфийские притчи. Путешествие в Страну Истины','В суфийской традиции притчи издревле служили одним из важных средств обучения. Мастера рассказывали их своим ученикам для передачи духовного знания, которое напрямую объяснить невозможно. В своей новой книге суфийский мастер Руслан Жуковец комментирует известные притчи, показывая метод работы с обучающими историями. На их примере автор даёт ответы на многие вопросы, связанные с пониманием психологии человека, поиском Истины и развитием тонкого восприятия реальности. В этой книге читатель познакомится с описанием принципов духовной работы, стадий Пути, условий для успешного выполнения практик, а также других ключевых вопросов, с которыми сталкивается любой человек, стремящийся познать себя и ищущий путь к Богу. Захватывающее путешествие по миру суфийских историй будет интересно широкому кругу слушателей: и тем, кто давно исследует методы суфийского обучения, и тем, кто сталкивается с этой формой передачи знания впервые.','Длительность: 10 ч. 32 мин.','sufijjskie-pritchi-puteshestvie-v-stranu-istiny',NULL,NULL,0),
	(9,NULL,'https://srv7.abookfiles.online/uploads/y/0939e91d567e36bf/images2/f5b5dfe908e66c76.jpg',NULL,'Властелин Севера','Эта история о тех временах, когда решалось, кто будет владеть Англией, о короле-воине Альфреде, изгнавшем викингов из Уэссекса. Это рассказ о саксе Утреде, воспитанном датчанами, но сражавшемся рядом с Альфредом. О юноше, который мечтает о великой стране, не страшится поражения и всем сердцем желает победы своему королю. Это повествование об опасном путешествии Утреда на север Англии, где царят смута, хаос и разрушение. Его цель — Нортумбрия, королевство трех соперничающих правителей, ни один из которых не любит Утреда, а двое из них желают его смерти. Но там его родной дом. Там он должен заплатить долг кровной мести. Утреду придется пройти через много испытаний, чтобы доказать, кто истинный властелин Севера. Он следует тропой меча.','Длительность: 14 ч. 7 мин.','vlastelin-severa',NULL,NULL,0),
	(10,NULL,'https://srv7.abookfiles.online/uploads/y/94a8435b7affd959/images2/2c9f986518722d70.jpg',NULL,'Счастливая жизнь. В поисках цели, смысла и истины','Эта книга - о счастье в жизни. Мы все хотим его обрести, и потому непрестанно спрашиваем себя, Что же действительно важно под солнцем. Почему жизнь так суетна, запутанна и полна парадоксов? Что делает её ценной, придаёт ей смысл? Зачем мы живём? Все эти вопросы приходят на ум каждому, - и во времена кризиса, и в рутине повседневных событий. На примере реальных историй из жизни самых разных людей автор книги, который и сам прожил поистине удивительную жизнь, поднимавшую его к заоблачным высотам политического олимпа США и низвергавшую в долины скорби, отчаяния и всеобщего презрения, пытается найти ответы на этот ворох мучительных вопросов - что же такое счастливая жизнь. \"Настоящее счастье достигается не через материальный комфорт и удовлетворение аппетитов. Оно обретается в следовании зову нашей высшей природы, приведении жизни и её обстоятельств в соответствие с нашим внутренним глубинным устройством\".','Длительность: 16 ч. 57 мин.','schastlivaja-zhizn-v-poiskakh-celi-smysla-i-istiny',NULL,3000,0),
	(11,NULL,'https://srv5.abookfiles.online/uploads/z/9eec0a2f73b2b85c/images2/5474c0fbebbb5be2.jpg',NULL,'Московские легенды. По занятной дороге российской истории','...Все современники царя Петра Великого давно умерли. Секрет бессмертия знал только один чернокнижник Яков Брюс. Он продолжал жить в Сухаревой башне, покуда большевики не выгнали его оттуда при сносе башни. С тех пор Брюс ходит по улицам Москвы... Вместе со старейшим писателем-москвоведом В.Б. Муравьевым читателю предстоит отправиться по московским улицам от Кремля и до Мытищ на поиски не только чернокнижника Брюса, но и многих других исторических и легендарных персонажей. Пусть читатель сам решит - что в них правда, а что всего лишь плод многовековых фантазий... В этой книге рассказывается история не только улиц и площадей, но и многих городских домов, которые встречались на пути к Троице. Калейдоскоп событий и лиц со времен основания Москвы и до нынешних дней пройдет перед читателем. Книга рассчитана на широкий круг читателей, интересующихся Москвой и ее историей. Содержание:Кабы не Троицкая дорога, не было бы и Москвы Воскресенские ворота. Иверская часовня Воскресенский проезд Никольская улица У Никольских ворот Пантелей-целитель Лубянская площадь — старые времена Лубянская площадь — времена новые Большая Лубянка Усадьба князя Пожарского. Введенский острожек У меня для тебя Дом графа Ростопчина В этом здании работал Ф. Э. Дзержинский Поле на великой дороге Сретенский монастырь Между Лубянкой и Сретенкой Собственно Сретенка Сухаревская площадь Предыстория Сухаревой башни Постройка Сухаревой башни Навигацкая школа «Имя Петра начертано на ее мшистом челе…» Невеста Ивана Великого Легенды Сухаревой башни Сухарева башня Сухарев и Брюс Служанка Брюса Брюс и купцы Царь отправляет Брюса в Москву Вечные часы Генеральские пушки Смерть Брюса Памятник Сухаревка Трагедия Сухаревой башни Черная книга, или Настоящая причина разрушения Сухаревой башни «Восстановите Сухареву башню!» Мещанская слобода Проспект мира. Нечетная сторона Человеку Проспект мира. Четная сторона Крестовская застава Пятницкое кладбище Алексеевское Под знаком Водолея Ростокино Дачная Яуза Что такое дача Леоново Свиблово Медведково Ярославское шоссе','Длительность: 39 ч. 7 мин.','moskovskie-legendy-po-zanjatnojj-doroge-rossijjskojj-istorii',NULL,NULL,0),
	(12,NULL,'https://a3.akniga.cc/uploads/z/90483e450e30857b/images2/b2a37e2833393c7d.jpg',NULL,'Души','Опытный охотник на нечисть Иван Ветров никогда и подумать не мог, что рядовое задание приведёт к главному вопросу мироздания. Всё начиналось как обычно. Вампир сорвался с поводка и похитил детей. Ужасом пестрели новостные ленты, но на деле всё просто. Найти и уничтожить. Только душа вампира Калинов Мост не перешла, а значит варианта всего два. Либо Ветров предатель, либо скрывается в этом деле нечто глобальное. Настолько, что никто и представить не мог.','Длительность: 15 ч. 18 мин.','dushi',NULL,NULL,0),
	(13,NULL,'https://srv7.abookfiles.online/uploads/z/b194c8edbd27fbbc/images2/3d5fa610b445c8ae.jpg',NULL,'Цацики и его семья','Продолжение истории про мальчика Цацики и его необыкновенную маму. В этой книге Цацики предстоит отправиться в Грецию и познакомиться с папой — Ловцом Каракатиц. Как сложатся их отношения? Какими окажутся новые родственники? И какие перемены ожидают Цацики после этого удивительного лета? Это детская и в то же время недетская книга о сочувствии, терпимости, взрослении детей и, конечно же, семье. Книга издана при финансовой поддержке Шведского совета по культуре.','Длительность: 3 ч. 0 мин.','caciki-i-ego-semja',NULL,NULL,0),
	(14,NULL,'https://srv4.abookfiles.online/uploads/z/112e8d86fcdac6c1/images2/10f5a2abfdb254c1.jpg',NULL,'Да, я паук, и что же? 8','Мир, где Герой и Король Демонов ведут бесконечную схватку друг с другом. Могущественная магия, использованная ими, пробила границу миров и взорвалась в одном из классов школы. Ученики, которые угодили под этот взрыв, были возрождены в другом мире. Главная героиня, у которой была самая плохая репутация в школе, переродилась в паука. Тем не менее, она сумела быстро смириться со своим новым положением. Это история о той, кто, став пауком, делает все возможное для того, чтобы выжить.','Длительность: 2 ч. 9 мин.','da-ja-pauk-i-chto-zhe-8-1',NULL,NULL,0),
	(15,NULL,'https://srv5.abookfiles.online/uploads/y/a844e8311ad89ede/images2/12a011262039f9b4.jpg',NULL,'Вниз, в землю','Действие романа происходит в далеком будущем. На планету Белзагор, ранее являвшуюся владением Земли, прилетает бывший сотрудник колониальной администрации Эдмунд Гендерсон. На Белзагоре живут два вида разумных существ, внешне больше похожие на животных, создавших уникальную, ни на что не похожую, нетехническую цивилизацию. Из-за массового антиколониального движения на Земле эксплуатация Белзагора была прекращена, и планете предоставлена полная независимость. Земляне в большинстве своем покинули эту планету, но на ней осталась горстка бывших исследователей Белзагора. Их привлекает практикуемый среди аборигенов планеты ритуал «повторного рождения», который обещает всякому разумному существу полное обновление его тела и духа. Гендерсон, искренне переживающий раскаяние за свое участие в безжалостной эксплуатации землянами разумных обитателей планеты, хочет пройти обряд «повторного рождения». Но, как выясняется, ритуал сопряжен с большим риском, поскольку уже один человек, прошедший этот обряд, превратился в ужасное чудовище. Но Гендерсон не хочет отступать...','Длительность: 5 ч. 48 мин.','vniz-v-zemlju',NULL,NULL,0),
	(16,NULL,'https://srv4.abookfiles.online/uploads/z/ae08b94bac60d41a/images2/2b38ad05e8bb103c.jpg',NULL,'Квартирантка с двумя детьми','В новом сборнике известный писатель-реалист Роман Сенчин открывается с неожиданной стороны – в книгу включены несколько сюрреалистических рассказов, герои которых путешествуют по времени, перевоплощаются в исторических личностей, проваливаются в собственные фантазии. В остальном же все привычно – Оля ждет из тюрьмы мужа Сережу и беременеет от Вити, писатель Гущин везет благотворительную помощь голодающему Донбассу, талантливый музыкант обреченно спивается, а у Зои Сергеевны из палисадника воруют елку. Среди героев и прототипов – Аркадий Северный, Майк Науменко, Захар Прилепин.','Длительность: 9 ч. 59 мин.','kvartirantka-s-dvumja-detmi',NULL,NULL,0),
	(17,NULL,'https://srv4.abookfiles.online/uploads/z/c82aca6fbbb94c62/images2/f7059d2189cec712.jpg',NULL,'Ночной сеанс','Киномеханик Дронов работал в Ангарске, потом его командировали на целину. Дронов поехал в Кустанай получать кинопередвижку, а по дороге познакомился с юной Алтынчач...','Длительность: 34 мин.','nochnojj-seans',NULL,NULL,0),
	(18,NULL,'https://srv4.abookfiles.online/uploads/y/bef40cef6a9c5078/images2/30dfba98ed0e9d77.jpg',NULL,'Смерть замечательных людей','Смерть замечательных людей Отчего умер Тутанхамон? Можно ли было спасти Пушкина после дуэли? Что дала миру и науке Августа Д., точная фамилия которой так и осталась неизвестной? На примере историй болезни и смерти известных и не очень известных людей авторы этой книги, медицинские журналисты Алексей Паевский и Анна Хоружая, раскрывают важные страницы истории врачевания; приподнимают завесу тайны, скрывавшую уход многих знаменитостей; наконец, дают читателю массу полезной информации, которая, возможно, спасет его здоровье и жизнь. Сделано в СССР Сталин отравил Ленина, Крупскую и Бехтерева. Самого Сталина со¬ратники оставили без врачебной помощи. Максима Горького залечили до смерти враги народа, а Фрунзе зарезали прямо на операционном столе. Что из этого правда, а что конспирология и миф? Новая книга авторов бестселлера \"Смерть замечательных людей\" - это истории знаменитостей, живших и умерших в Советском Союзе. Среди них известные спортсмены, руководители государства и политики, деяте¬ли науки и техники, писатели и поэты, лауреаты Сталинских и Нобелев¬ских премий. Болели и умирали они совершенно по-разному. Объединяет их только одно: кончина почти каждого героя книги сопровождается неве¬роятным количеством мифов, один другого краше. Поэтому книга получилась одновременно и медико-историческим ис¬следованием, и крутым детективом с разоблачением многочисленных тео¬рий заговоров. Содержание:Несколько слов вместо предисловия Люси Тутанхамон Александр Македонский Генрих VIII Петр I Иоганн Себастьян Бах Екатерина II Александр I Франциско Гойя Александр Пушкин Эдгар Аллан По Николай Гоголь Константин Батюшков Финеас Гейдж Антон Чехов Августа Детер Лев Толстой Александра Федоровна Александр Блок Гарри Гудини Владимир Маяковский Мария Склодовская-Кюри Михаил Булгаков Лу Гериг Кристина Олсон Брюс Ли Леонид Брежнев Дэвид Веттер Юрий Андропов Генри Молисон','Длительность: 7 ч. 48 мин.','smert-zamechatelnykh-ljudejj-1',NULL,NULL,0),
	(19,NULL,'https://a3.akniga.cc/uploads/z/70e834d59f62b7cb/images2/47e38da0c7c99734.jpg',NULL,'Два адмирала','В центре романа трогательная история многолетней дружбы двух адмиралов - Джеверза Оукса и Дика Блюуотера. Их взаимоотношения переплетаются с другой сюжетной линией - борьбой за наследство, оставленное старым баронетом Вичерли Вичекомбом. В той или иной мере причастными к тяжбе невольно становятся не только оба адмирала, но и большинство других героев романа. В \"Двух адмиралах\" Купер проявляет себя не только как мастер захватывающего сюжета, постоянно держащего читателя в напряжении, но и как зрелый художник-маринист и художник-баталист.','Длительность: 19 ч. 31 мин.','dva-admirala',NULL,NULL,0),
	(20,NULL,'https://srv1.abookfiles.online/uploads/z/0bc62f28c0357fac/images2/a8200029433a43a1.jpg',NULL,'Новая Сибирь','Антон Кочкарев — клоун, бывший театральный актер, подрабатывающий на корпоративах. Фрэнсис «Принц» Мбеле — футболист с мировым именем, форвард ФК «Сибирь». Лариса Реденс — сержант полиции... Что могло связать этих совершенно разных людей? Они проснулись в новосибирском Академгородке, и им сразу же пришлось бороться за свою жизнь. Им придется выбраться из храма науки, превратившегося в место разборок одичавших банд. Им придется пережить зиму в тайге, наладить быт, освоить навыки рыбалки и охоты, а Ларисе даже родить и выходить ребенка. И вот, когда, казалось бы, жизнь наладилась, крошечное благополучие рушится, сметенное новым, жестоким порядком. Со стороны города идут заготовительные отряды, а среди небольших поселений начинается междоусобица. Новая Сибирь наступает семимильными шагами, сминает все на своем пути, вскрывает человеческую натуру, оставляет равные шансы и на подвиг, и на предательство. Выбирать — людям.','Длительность: 8 ч. 29 мин.','novaja-sibir',NULL,NULL,0),
	(21,NULL,'https://srv7.abookfiles.online/uploads/y/08b3e1ba2c57a836/images2/eaae3f5d58ac6c14.jpg',NULL,'Секрет пропавшего альпиниста','Просто мистика какая-то! Игорь случайно встретил в метро человека, который… полгода назад погиб в горах. Что это? Призрак? Мираж? А может быть, пропавший альпинист жив и просто от кого-то скрывается? Игорь, Петька, Даша и их друзья останавливаются на последней версии. Они хотят поговорить с его невестой, но сразу же выясняют – за ней установлена круглосуточная слежка…','Длительность: 4 ч. 29 мин.','sekret-propavshego-alpinista',NULL,NULL,0),
	(22,NULL,'https://srv5.abookfiles.online/uploads/z/8754a32cfcf6ea4b/images2/4f200d47ce03f6a4.jpg',NULL,'Секрет похищенной дискеты','Первая любовь – грустная штука… Даша Лаврецкая очень переживала по поводу того, что Юра – парень, с которым она встречалась – оказался малодушным маменькиным сынком и предал ее. Но не такая она девчонка, чтоб перестать расследовать преступления! Пытаясь отыскать отца своей новой подруги, Даша обнаруживает в его квартире связанную женщину. Та сообщает девочке, что за ее мужем идет настоящая охота. Бандитам нужна дискета с его последним изобретением – уникальным диагностическим прибором. Даша, Петька, Кирилл и Ляля решают помочь талантливому ученому скрыться! И это только самое начало…','Длительность: 4 ч. 54 мин.','sekret-pokhishhennojj-diskety',NULL,NULL,0),
	(23,NULL,'https://srv7.abookfiles.online/uploads/y/ab546c8aebced452/images2/967697d3243cdef7.jpg',NULL,'Преступление в Блэк Дадли','Вас любезно приглашают провести выходные в загородном особняке. Прибыв туда, вы принимаете участие в мрачном ритуале, во время которого хозяина дома жестоко убивают. Но этой неприятностью дело не заканчивается…','Длительность: 3 ч. 58 мин.','prestuplenie-v-blehk-dadli',NULL,NULL,0),
	(24,NULL,'https://srv5.abookfiles.online/uploads/y/efa5c5f8692597e3/images2/558d640fafc7c6b4.jpg',NULL,'Позже','Джейми Конклин, сын матери-одиночки, хотел лишь одного — спокойного детства. Но Джейми — не обычный ребенок. Он родился с невероятной способностью, которую его мать старается всеми силами хранить в секрете: мальчик видит то, чего не видит никто другой, и узнает тайны, о которых не знает никто. И цена владения этой силой куда выше, чем Джейми может себе представить — это выясняется, когда полицейский детектив привлекает его к поискам убийцы, угрожающего нанести новый страшный удар... с того света.','Длительность: 8 ч. 39 мин.','pozzhe-1',NULL,NULL,0),
	(25,NULL,'https://a3.akniga.cc/uploads/z/ee551858724f042c/images2/878f350c7e523fb1.jpg',NULL,'Переход','Ориг. The Entrance, рассказ, 1979 год. Однажды к известному букинисту обращается молодой человек с просьбой провести каталогизацию домашней библиотеки. Вскоре эти двое становятся довольно близкими друзьями. Но у молодого человека есть семейная тайна, в которой фигурируют его старый дядюшка и... зеркала. Зеркала, развешанные в большом доме дядюшки, скрывают страшную тайну. И кое-кто очень скоро приподнимет полог этой тайны — тайны, которую лучше не раскрывать.','Длительность: 2 ч. 7 мин.','perekhod-1',NULL,NULL,0),
	(26,NULL,'https://srv5.abookfiles.online/uploads/z/c1e4be3b195118aa/images2/e0ed99b3b06ff750.jpg',NULL,'Сын Ковалёва','Бросив жену с маленьким ребёнком, Ковалев женился вновь, потом спился, сидел в тюрьме. А сын считал, что его отец полярный лётчик, погибший много лет назад, спасая людей. Так рассказывала ему мама. И вот спустя много лет отец пришёл в дом к своей бывшей семье...','Длительность: 25 мин.','syn-kovaljova',NULL,NULL,0),
	(27,NULL,'https://srv4.abookfiles.online/uploads/y/7844075133a33ddc/images2/5d97d2be28d7f436.jpg',NULL,'Рай','Одиннадцать лет назад судьба и людское коварство, казалось, навеки разлучили Мэтта Фаорела и Мередит Бенкрофт. И вот теперь обстоятельства вновь свели их. Сумеют ли они вернуть утраченное чувство, навсегда оставить позади прошлое и начать новую жизнь? Сумеют ли найти дорогу сквозь лабиринт интриг, шантажа и даже убийства?','Длительность: 35 ч. 15 мин.','rajj-1',NULL,NULL,0),
	(28,NULL,'https://a3.akniga.cc/uploads/y/ec2344a0f83a8692/images2/d66740824e45f068.jpg',NULL,'Мёртвый ноль','Мертвый ноль — это такой специальный заколдованный ноль, к которому ничего нельзя прибавить. Ни на каких условиях. Никогда. Квинтэссенция небытия. Эта книга была написана для того, чтобы уменьшить количество мертвых нулей во Вселенной. Ну и по ходу дела мы, как это обычно случается, несколько увлеклись, погорячились, можно сказать, перестарались. Поэтому мертвых нулей во Вселенной не осталось совсем. Но вряд ли о них кто-то заплачет. Не надо нам здесь этого вашего глупого небытия.','Длительность: 14 ч. 9 мин.','mjortvyjj-nol-1',NULL,NULL,0),
	(29,NULL,'https://srv5.abookfiles.online/uploads/z/8e52be588ce3132f/images2/4304cb4563a8c69a.jpg',NULL,'Неужели искать встречи в подземелье — неправильно? 15','Зайдя глубже чем когда либо раньше и пережив опасности Подземелья Белл и его спутники заслужили небольшой отдых. Греясь в тёплых солнечных лучах безопасной поверхности они наконец нашли время чтобы сесть и обдумать как сильно они изменились. Мысли Белла вернулись ко дню, когда всё началось. Гестия вспоминает испытания, выпавшие на её долю после ухода с небес. Лили размышляет о туманном прошлом которое ей пришлось оставить позади. Вельф смотрит в небо, но видит давно ушедшие дни. Эйна скрепя сердце напоминает себе о том, что она потеряла. Лю переосмысливает свою клятву придерживаться правосудия, а Микото и Харухиме вспоминают о днях своей юности. Истории о том, с чего они начинали и как далеко зашли...(с)','Длительность: 5 ч. 57 мин.','neuzheli-iskat-vstrechi-v-podzemele-nepravilno-15',NULL,NULL,0),
	(30,NULL,'https://srv7.abookfiles.online/uploads/z/3842340f85e22848/images2/f5e58e5ce6b1fb73.jpg',NULL,'Где-то под Гроссето','Марина Степнова – автор громко прозвучавшего романа «Женщины Лазаря» (премия «Большая книга», шорт-лист премий «Русский Букер», «Ясная Поляна», «Национальный бестселлер»), романов «Хирург» и «Безбожный переулок». Ее проза переведена на двадцать три языка. Новая книга «Где-то под Гроссето» – это собрание историй о людях, которых не принято замечать, да и они сами, кажется, делают все, чтобы остаться невидимками. На самом деле, их «маленькие трагедии» и «большие надежды» скрывают сильные чувства: любовь, боль, одиночество, страх смерти и радость жизни. Все то, что и делает нас людьми. Содержание:Тудой Письма Диккенсу Боярышник Бедная Антуанетточка Романс Старая сука Татина Татитеевна Варенье из каки Дядя-цирк Где-то под Гроссето Там, внутри Покорми, пожалуйста, Гитлера Милая моя Туся','Длительность: 6 ч. 1 мин.','gde-to-pod-grosseto-1',NULL,NULL,0),
	(31,NULL,'https://srv7.abookfiles.online/uploads/z/77cc60b9f97f6f2d/images2/3c57da4075f0a8c2.jpg',NULL,'Чёрные крылья','Занимаясь поисками фильма некогда гремевшего режиссера, частный сыщик Павел Ковалев обнаруживает связь между убийствами, произошедшими более тридцати лет назад и сегодняшними. Куда пропала девушка, сыгравшая главную роль в утерянном фильме? Почему всех членов съемочной группы методично убивали спустя несколько месяцев после съемок? Знаменитый в узких кругах коллекционер, ритуальное убийство молодой девушки и маньяк, орудующий уже в наше время – какая между ними связь? Павел должен найти ответы на все эти вопросы, пока и сам не стал очередной жертвой стремительно разворачивающихся событий.','Длительность: 14 ч. 55 мин.','chjornye-krylja',NULL,NULL,0),
	(32,NULL,'https://a3.akniga.cc/uploads/y/0f71712f40e9b967/images2/ded6b2291bc65415.jpg',NULL,'Дорогая квартира','Пьеса «Дорогая квартира» - история актрисы, сыгравшей главную роль в знаменитой экранизации сказки – «легенде нашего кинематографа». Эта роль оказалась роковой для ее жизни и судьбы. Татьяна Москвина – известный публицист, кино- и театральный критик, писатель, драматург. В 1982 году окончила театроведческий факультет ЛГИТМиКа (мастерская Е. Калмановского). Работала научным сотрудником Российского института истории искусств. С 2006 года — зав. отделом культуры газеты «Аргументы недели». Член Союза писателей Санкт‑Петербурга и Союза кинематографистов России. Дважды лауреат премии «Золотое перо Санкт‑Петербурга».','Длительность: 1 ч. 26 мин.','dorogaja-kvartira',NULL,NULL,0),
	(33,NULL,'https://srv1.abookfiles.online/uploads/y/b44f2c849f074031/images2/c34a4c931245a54e.jpg',NULL,'Первый президент','Радиоспектакль по пьесе Зои Чернышевой о Екатерине Романовне Дашковой, княгине, писательнице, общественном деятеле. Екатерина Романовна Воронцова-Дашкова стала первой женщиной в мире, которая управляла Академией наук. Также по её предложению 30 сентября (11 октября) 1783 года была учреждена Императорская Российская академия, имевшая одной из главных целей исследование русского языка, и Дашкова стала её первым председателем.','Длительность: 59 мин.','pervyjj-prezident',NULL,NULL,0),
	(34,NULL,'https://srv7.abookfiles.online/uploads/z/f16b59430f4936a3/images2/7e14e43685aebd12.jpg',NULL,'Тропинка в поле','На забытом полустанке потерялся человек. Случайная попутчица помогла ему найти себя.','Длительность: 1 ч. 19 мин.','tropinka-v-pole',NULL,NULL,0),
	(35,NULL,'https://srv7.abookfiles.online/uploads/y/6cfa5c64f38debb9/images2/f8b67ed6a98792d7.jpg',NULL,'Перевоплотившийся вампир не может без послеобеденного сна 4','Вежливый, но вялый мальчик перевоплотился в ином мир в красивую вампирессу. В этом мире меча и магии, этот возродившейся герой, напичканный всевозможными читами, выискивал только одну вещь!.. “Трехразовое питание, закуски и послеобеденный сон, так я думаю”. Ты действительно главный персонаж? И так вот начинается комедийное фэнтези про вампира, ищущего идеальный ленивый образ жизни..?','Длительность: 56 мин.','perevoplotivshijjsja-vampir-ne-mozhet-bez-posleobedennogo-sna-4',NULL,NULL,0),
	(36,NULL,'https://srv7.abookfiles.online/uploads/y/6cfcb81819745369/images2/dd0225be56f37a99.jpg',NULL,'Неужели искать встречи в подземелье — неправильно? 14','Монстр Рекс - Амфисбена. Пророчество отчаянья никуда не делось. Новая аномалия появилась на двадцать седьмом этаже. Без Белла Лили и остальным приходится решаться на авантюру без него. Белла и Лю, с другой стороны, ожидает испытание известное как тридцать седьмой этаж. Одиночество, изоляция - худшее происходит в этом жутком месте. И, помимо прочего, над ними продолжает нависать тень бедствия. Оказавшаяся в неведомой ей ранее жуткой обстановке Лю видит сцены из своего прошлого...','Длительность: 10 ч. 18 мин.','neuzheli-iskat-vstrechi-v-podzemele-nepravilno-14',NULL,NULL,0),
	(37,NULL,'https://srv7.abookfiles.online/uploads/y/e003a699d5158c1a/images2/da1ece70c859bc27.jpg',NULL,'Мустанг-иноходец','Радиоспектакль по рассказу Эрнеста Сетона-Томпсона. За этим великолепным жеребцом ковбои охотились давно, но он уходил от облав. В погонях за ним загоняли коней, а он оставался свободным. Но однажды мустанг угодил в западню. Теперь его ноги спутаны веревкой, на блестящей шкуре уродливым пятном выделяется клеймо. В отчаянном рывке он разрывает веревки и бросается в пропасть, чтобы навсегда остаться свободным… Роли и исполнители:Сетон-Томпсон — Леонид Марков; Том Индюшиный След — Александр Вокач; Джо — Валерий Сторожик; Билл Подкова — Геннадий Фролов; Чарли — Антон Табаков; Скрат — Марк Гейхман; Алан — Константин Смирнов; Монтгомери — Павел Павленко; Фостер — Михаил Погоржельский; Джек — Борис Иванов; ковбои — Иван Сигорских, Владимир Аршанский, Николай Попков; диктор — Сергей Жирнов. Вступительное слово — Марина Багдасарян','Длительность: 54 мин.','mustang-inokhodec',NULL,NULL,0),
	(38,NULL,'https://srv7.abookfiles.online/uploads/z/762005b9a276c781/images2/df9a1f72ddfb0f71.jpg',NULL,'Крадущаяся тень','С тех пор, как я добровольно ушла из агентства Локвуда, многое в моей жизни изменилось. Ну во-первых, я стала работать фрилансером, во-вторых, меня едва не убили, а моего призрачного приятеля — череп в банке — похитили. И пришлось мне обращаться за помощью к старым друзьям. Расследование привело нас на черный рынок, где торговали крадеными Источниками с заключенными в них опасными и редкими призраками. И мой череп им пришелся очень даже по вкусу. Но как всегда и бывает, маленькое открытие тянет за собой большое, распутывая клубок преступлений. Кажется, теперь мы вплотную приблизились к разгадке Проблемы — нашествию призраков на Англию. Но правда бывает слишком опасной, особенно, если двое бесстрашных агентов, каковыми мы с Локвудом и являемся, отважатся заглянуть за грань — в мир призраков....','Длительность: 12 ч. 28 мин.','kradushhajasja-ten',NULL,NULL,0),
	(39,NULL,'https://srv1.abookfiles.online/uploads/y/297e648610eb77a3/images2/5750711ff94cbe15.jpg',NULL,'Гоморра','«Гоморра» — бескомпромиссное журналистское расследование, проливающее свет на деятельность одной из самых больших и влиятельных преступных группировок Европы — неаполитанской каморры.','Длительность: 12 ч. 25 мин.','gomorra',NULL,NULL,0),
	(40,NULL,'https://srv7.abookfiles.online/uploads/y/0bbe8e42d69da990/images2/8575071b0faff4a2.jpg',NULL,'Жизнь в альтернативном мире с нуля 2','Возвращаясь домой из магазина, старшеклассник Субару Нацуки попадает в фэнтезийный мир. Юноша, знающий толк в видеоиграх, приходит к выводу, что его призвали в иную реальность. Субару ожидает встречи с призвавшим его персонажем, но на него нападают разбойники. На выручку юноше приходят загадочная сереброволосая красавица и дух в облике кота. В благодарность за спасение Субару предлагает девушке помочь в поисках украденной у неё вещи. Когда цель уже близка, герои вдруг становятся жертвами таинственного убийцы… после чего Субару приходит в чувство и обнаруживает себя на том же самом месте, где начались его приключения. Постепенно юноша понимает, что он наделён способностью «Посмертное возвращение». Отныне ему предстоит пройти через множество испытаний и спасти девушку от гибели. «Даже если ты забудешь меня, я буду помнить о тебе».','Длительность: 7 ч. 42 мин.','zhizn-v-alternativnom-mire-s-nulja-2-1',NULL,NULL,0),
	(41,NULL,'https://srv7.abookfiles.online/uploads/y/477249025dfbaa97/images2/519a8d2f0036dd73.jpg',NULL,'К свету. Молодой мусульманин в поисках истины','В детстве Стивен хотел быть правоверным мусульманином. Он изучал Коран. Он слушал учителей. Он даже исповедовал свою веру, пытаясь ходить по воде! Но все это не дало ему удовлетворения, и он ступил на долгий и трудный путь к истине – истине любой ценой. Он рассказывает историю своих поисков истины доступным и простым языком, что делает его книгу привлекательной для всех читателей независимо от возраста и уровня образования.','Длительность: 5 ч. 14 мин.','k-svetu-molodojj-musulmanin-v-poiskakh-istiny',NULL,NULL,0),
	(42,NULL,'https://srv7.abookfiles.online/uploads/y/a375564afaf3d4fa/images2/9f1ea4eef2749d3b.jpg',NULL,'Под покровом Всевышнего','Повесть-свидетельство христианского поэта и писателя Николая Водневского \"Под покровом Всевышнего\", как и все его литературное творчество, отличают правдивость, задушевность, образность и тонкий художественный вкус. В этой повести Водневский описывает свое босоногое, голодное детство, омраченное сиротством; юность, обожженную войной. И через все эти бедствия, горе и невзгоды он прошел под покровом Всевышнего, Которого любил, Которому доверял и Которому был верен. Вырос он в российской глубинке, где в атеистические годы веру в Христа хранили в глубине сердца. Его мать учила: \"Сынок, молись Богу\". Этому совету он был верен во все дни своей жизни. Перед своей смертью она сказала сыну: \"Я вымолила тебя у Бога\". И это он чувствовал в самые страшные минуты жизни.','Длительность: 4 ч. 21 мин.','pod-pokrovom-vsevyshnego',NULL,NULL,0),
	(43,NULL,'https://srv1.abookfiles.online/uploads/z/d0b5194cb77ddfa3/images2/ac72dcc09e243853.jpg',NULL,'Победа над смертью. Как побороть самый большой страх в жизни','Ранние христиане с издёвкой называли смерть тираном, которого свергнул Христос. Они твердо знали, что конец их земной жизни на самом деле был славным началом, и что лучшее ожидает их впереди. Можем ли мы обрести такую же уверенность? Могут ли сегодня верующие встречать смерть с таким же мужеством, спокойствием и триумфом? Безусловно, - отвечает автор этой книги. - Смерть Иисуса была не концом, а началом новых взаимоотношений, и если мы берем пример с нашего Учителя, то, когда придет последний час, мы будем готовы. Он умер в вере и был вознагражден воскресением - то же самое ожидает и нас. Начните читать, и вы найдете ответы на многие непростые вопросы, постигая славную истину о том, что благодаря Иисусу смерть умерла навсегда. \"Смерть приходит к каждому из нас - к богатым и бедным, знаменитым и безвестным. Но для тех, кто верит в Него, Иисус навсегда изменил отношение к смерти. Стоя в присутствии Христа и заглядывая в Его опустевшую гробницу, мы видим смерть такой, какая она есть - пугающим врагом, власть которого была сокрушена\". Эрвин Люцер','Длительность: 4 ч. 19 мин.','pobeda-nad-smertju-kak-poborot-samyjj-bolshojj-strakh-v-zhizni',NULL,NULL,0),
	(44,NULL,'https://srv7.abookfiles.online/uploads/y/836990a750c6af4f/images2/c735002b2d747078.jpg',NULL,'Одураченные случайностью. О скрытой роли шанса в бизнесе и в жизни','«Одураченные случайностью. О скрытой роли шанса в бизнесе и в жизни» (англ. Fooled by Randomness: The Hidden Role of Chance in Life and in the Markets) — книга американского экономиста и трейдера Нассима Талеба. Книга является частью четырёхтомного философского эссе Талеба о роли неопределённости в жизни и экономике, под названием Incerto, включающего в себя книги: «Одураченные случайностью» (2001), «Чёрный лебедь» (2007), «Прокрустово ложе» (2010) и «Антихрупкость» (2012). Основная идея книги Талеба заключается в том, что современные люди часто не знают о существовании случайности и склонны объяснять случайные результаты как закономерности. По мнению Талеба, люди склонны переоценивать причинно-следственные связи, например, видеть фигуры слонов в облаках вместо того, чтобы понять, что это облака случайной формы; в силу этого люди рассматривают мир более объяснимым, чем он является на самом деле и ищут объяснения явлениям, даже если их не существует. Также Талеб рассматривает другие, по его мнению, ошибочные представления о случайности, в частности: - Систематическую ошибку выжившего. Мы видим победителей и пытаемся «учиться» у них, забывая при этом про огромное количество проигравших. - Смещённые распределения. Многие явления реальной жизни не имеют равной вероятности, как выпадение орла или решки при подбрасывании монеты, а подчиняются различным закономерностям, которые порой представляются нам необычными и нелогичными. Например, ставка пари 99:1, при которой вы почти всегда выигрываете, но в случае проигрыша теряете все свои сбережения. Люди могут быть легко обмануты заявлениями типа «я выиграл при этой ставке 50 раз». Согласно Талебу, трейдеры могут иметь стабильный небольшой доход от продажи опционов, но когда случается обвал рынка, они теряют состояние.','Длительность: 8 ч. 19 мин.','odurachennye-sluchajjnostju-o-skrytojj-roli-shansa-v-biznese-i-v-zhizni',NULL,NULL,0),
	(45,NULL,'https://srv7.abookfiles.online/uploads/z/89df043ceebde269/images2/dd1ea91a77820c42.jpg',NULL,'Чешуйка предпоследнего дракона','Драконова дань... Два простых слова, но столько боли для тех, кто отдает своих близких. А наш клан обязан выплачивать последнему черному дракону человеческую дань каждые десять лет. Но что, если повторить подвиг предков? Что, если убить чудовище, забравшее мою сестру в этот раз? Я взяла на себя эту смелость. Вот только о драконах ничего не известно, путь далекий, у меня все время что-нибудь воруют, пытаются приобщить к оркской кухне, тащат в сомнительные храмы, а в довершение еще и предлагают ограбить королевскую сокровищницу... И отказаться ведь не могу, потому что все это нужно для спасения сестры. А Судьба, проказница, вообще ведет свою игру.','Длительность: 11 ч. 58 мин.','cheshujjka-predposlednego-drakona',NULL,NULL,0),
	(46,NULL,'https://srv1.abookfiles.online/uploads/z/5a679e4284fa2af9/images2/3cb53215b455d0e5.jpg',NULL,'Ноль эмоций','В кромешной мгле собачьей вахты сонно стонала боевая тревога: радар сторожевика терзали засветки. Впрочем, и впотьмах было ясно, что это привычный погранцам гранит, лояльно еле выступавший из воды. На безымянном камне, за много лет отполированном взорами дозорных, не росло ни стебелька. Но сегодня, похоже, здесь возникла подозрительная форма жизни...','Длительность: 41 мин.','nol-ehmocijj',NULL,NULL,0),
	(47,NULL,'https://srv1.abookfiles.online/uploads/z/43c84267de1d2b37/images2/7822dd3aaab0e29b.jpg',NULL,'Ноль пять. Вожделенный остров Кристины','Сергей Кузнечихин объездил обширную часть страны – от Урала до Чукотки. Его наблюдения стали уникальным материалом для повестей, вошедших в новую книгу «Игры на интерес». Это не просто повествование о рядовых гражданах, простых людях – инженерах, работниках артелей и НИИ, это еще один сказ о России, о том, какой она была, но уже не будет. Проза Сергея Кузнечихина не вписывается ни в одно из существующих литературных течений. Это отдельный мир – самобытный и узнаваемый, который без преувеличения можно назвать крупным явлением русской литературы Содержание: o Ноль пять o Вожделенный остров Кристины (история болезни)','Длительность: 5 ч. 29 мин.','nol-pjat-vozhdelennyjj-ostrov-kristiny',NULL,NULL,0),
	(48,NULL,'https://srv7.abookfiles.online/uploads/y/06c675829dc188ff/images2/a08e2b0a95fb580d.jpg',NULL,'Полеты во сне и наяву. Перпеты мобиля Степана Бобыля','Ви́ктор Ива́нович Мере́жко (род. 28 июля 1937, хутор Ольгенфельд, Александровский район, Ростовская область, РСФСР, СССР) — советский и российский киноактёр, кинорежиссёр, сценарист, драматург, писатель, телеведущий. Народный артист Российской Федерации (2014), лауреат Государственной премии СССР (1987). По сценариям Виктора Мережко было снято пятьдесят фильмов и двенадцать мультфильмов, среди них такие известные картины, как «Родня», «Полёты во сне и наяву», «Вас ожидает гражданка Никанорова», «Одинокая женщина желает познакомиться». Он известен как драматург, его пьесы «Пролетарская мельница счастья», «Ночные забавы», «Крик», «Я — женщина», «Женский стол в охотничьем зале» получили широкую известность и идут во многих театрах. В 1989—1993 годах Виктор Мережко вёл популярную в СССР и России программу «Кинопанорама». Стоял у истоков создания телеканала «ТВ-6 Москва», был первым вице-президентом Московской независимой вещательной корпорации и лично по доверенности Эдуарда Сагалаева получал первую лицензию на вещание канала. С 1994 по 2002 год — ведущий программы «Моё кино» телеканала «ТВ-6 Москва». После того как ТВ-6 перестало существовать, Мережко покинул «шестую кнопку» и с 2002 по 2004 год входил в руководство телеканала «М1» как заместитель гендиректора Сергея Москвина. О работе своих преемников на шестой кнопке сценарист отзывался неодобрительно: «Для меня ТВС не существовало. Говорю это не от злорадства, а оттого, что это был самый слабый, самый неуверенный и самый непродуманный телеканал России». При этом чуть ранее, работая с теми же самыми людьми на телеканале ТВ-6 в 2001—2002 годах, Мережко отзывался о них диаметрально противоположным образом: «Общение с новой командой ТВ-6 доставляет мне удовольствие. Это люди не только высокой культуры, но и в высшей степени профессионалы. Команда понимает, что надо делать весело и красиво, а не сиюминутно и скандально». Начиная с 1990-х годов Мережко постоянно снимается как актёр, в основном в криминальных сериалах. Зрители отметили его роли в фильме «Рэкет» (1992) и сериале «Крот» (2001—2002). Секретарь Союза кинематографистов России и Москвы, член Союза писателей России, Заслуженный деятель искусств РСФСР (1988). Председатель правления Дома кино. Один из основателей киноакадемии «Ника» и её первый президент (ныне — почётный член Совета этой академии). Один из организаторов кинофестиваля стран СНГ и Балтии «Киношок». С 1995 года — художественный руководитель телекомпании «Каскад». Художественный руководитель программы «Колесо истории», а также художественный руководитель компании «Голдвидео». В 1999 году вместе с композитором Евгением Бедненко осуществил проект «Поют звёзды театра и кино», в который вошли популярные актёры Вера Васильева, Александр Збруев, Александр Михайлов, Наталья Варлей, Лариса Голубкина, Михаил Евдокимов, Борис Хмельницкий, Алексей Булдаков, Юрий Чернов и группа Евгения Бедненко «Хорус». Итогом проекта стали концерты и музыкальный диск, выпущенный в США и продублированный «Радио МПС». Содержание: Полёты во сне и наяву Перпеты мобиля Степана Бобыля','Длительность: 3 ч. 31 мин.','polety-vo-sne-i-najavu-perpety-mobilja-stepana-bobylja',NULL,NULL,0),
	(49,NULL,'https://srv7.abookfiles.online/uploads/z/dc7e99272b20413b/images2/3282965a58aea997.jpg',NULL,'Не упусти свой шанс','Когда шериф влюблён в дочь одного из богатейших людей города,а тот против этой связи,жди неприятностей. Но при желании всегда можно найти выход из затруднительного положения.','Длительность: 3 ч. 42 мин.','ne-upusti-svojj-shans-1',NULL,NULL,0),
	(50,NULL,'https://srv7.abookfiles.online/uploads/y/e299047a788240ab/images2/42a483d2fa64cd4b.jpg',NULL,'Кандидат','Роман известного российского драматурга, сценариста и режиссера Виктора Мережко - это история человека, решившего \"пойти в большую политику\" и принять участие в предвыборной президентской гонке. Это рассказ о жестоком мире политического бомонда, в котором цель оправдывает любые средства, а игра далеко не всегда ведется по правилам.','Длительность: 19 ч. 11 мин.','kandidat-1',NULL,NULL,0),
	(51,NULL,'https://srv1.abookfiles.online/uploads/y/08ed0c2effe1f759/images2/5bf79873fadb6a86.jpg',NULL,'Крестовый дом. Игры на интерес','Сергей Кузнечихин объездил обширную часть страны – от Урала до Чукотки. Его наблюдения стали уникальным материалом для повестей, вошедших в новую книгу «Игры на интерес». Это не просто повествование о рядовых гражданах, простых людях – инженерах, работниках артелей и НИИ, это еще один сказ о России, о том, какой она была, но уже не будет. Проза Сергея Кузнечихина не вписывается ни в одно из существующих литературных течений. Это отдельный мир – самобытный и узнаваемый, который без преувеличения можно назвать крупным явлением русской литературы.','Длительность: 8 ч. 36 мин.','krestovyjj-dom-igry-na-interes',NULL,NULL,0),
	(52,NULL,'https://a3.akniga.cc/uploads/y/1dc311250f5a93be/images2/043b51d096a35dbd.jpg',NULL,'Да, я паук, и что же? 7','Мир, где Герой и Король Демонов ведут бесконечную схватку друг с другом. Могущественная магия, использованная ими, пробила границу миров и взорвалась в одном из классов школы. Ученики, которые угодили под этот взрыв, были возрождены в другом мире. Главная героиня, у которой была самая плохая репутация в школе, переродилась в паука. Тем не менее, она сумела быстро смириться со своим новым положением. Это история о той, кто, став пауком, делает все возможное для того, чтобы выжить.','Длительность: 1 ч. 44 мин.','da-ja-pauk-i-chto-zhe-7-1',NULL,NULL,0),
	(53,NULL,'https://srv1.abookfiles.online/uploads/y/d7429a8e4cbb06ce/images2/2d42759a244326d2.jpg',NULL,'Ойкумена','«Ойкумена» Г.Л.Олди — масштабное полотно, к созданию которого авторы готовились много лет, космическая симфония, где судьбы людей представлены в поистине вселенском масштабе. Ювелирно выписанные, яркие и живые миры, связанные трассами звездолетов, калейдоскоп уникальных рас, наука, похожая на магию, события, завязанные в тугой узел. Впервые обратившись к теме космоса, Олди создали настоящий шедевр, доказав, что по праву считаются мастерами слова. Ойкумена — в смысле, «обитаемое пространство». Действие разворачивается на разных планетах, на звездолётах и в открытом космосе. Главный герой — Лючано Борготта по прозвищу Тарталья, директор театра контактной имперсонации, профессионал-невропаст, человек со сложной биографией и извилистым будущим. Была бы это космическая опера, но кое-какая подкладка (мифологическая? сюрреалистическая? метафизическая?) для нас делает текст по структуре и приёмам ближе к симфонии, нежели к опере.','Длительность: 62 ч. 49 мин.','ojjkumena-1',NULL,NULL,0),
	(54,NULL,'https://srv7.abookfiles.online/uploads/y/151a4f0952d07790/images2/a6ca3c2026b38a9c.jpg',NULL,'Смертный грех','Повзрослевшая Суль покидает родительский дом и отправляется в Копенгаген. Она интересуется мистикой и с помощью мази, приготовленной на травах, вызывает у себя эротические видения. Ее уже не привлекают земные мужчины, теперь она мечтает о встрече с самим Сатаной. Выдающиеся способности Суль, полученные ею в наследство от Людей Льда, делают ее незаменимой для тех, кого она любит, но они же неотвратимо ведут ее к гибели….','Длительность: 6 ч. 41 мин.','smertnyjj-grekh',NULL,NULL,0),
	(55,NULL,'https://srv7.abookfiles.online/uploads/y/d72064cf5c0f5c1b/images2/ec0b5a08db6adae2.jpg',NULL,'Томление','Повзрослевшая Суль покидает родительский дом и отправляется в Копенгаген. Она интересуется мистикой и с помощью мази, приготовленной на травах, вызывает у себя эротические видения. Ее уже не привлекают земные мужчины, теперь она мечтает о встрече с самим Сатаной. Выдающиеся способности Суль, полученные ею в наследство от Людей Льда, делают ее незаменимой для тех, кого она любит, но они же неотвратимо ведут ее к гибели….','Длительность: 7 ч. 33 мин.','tomlenie',NULL,NULL,0),
	(56,NULL,'https://srv1.abookfiles.online/uploads/z/b5d0a535690c46ce/images2/9b2e9cb2ed2777e1.jpg',NULL,'Созвездие Льва 5','5 выпуск фантастических рассказов \"Созвездие Льва\" собрал лучшие произведения признанных мэтров жанра: Айзека Азимова, Клиффорда Саймака, Гарри Гаррисона, Харлана Эллисона и других. Тайны космоса, негостеприимные планеты, готические сказки, сатира, путешествия во времени, сюрреализм и социальная философия - всем нашлось место в нашем сборнике. Содержание:Гарри ГАРРИСОН - У водопада Станислав ЛЕМ - Крыса в лабиринте Пол АНДЕРСОН - Человек, который пришёл слишком рано Роберт СИЛВЕРБЕРГ - Костяной дом Альфред БЕСТЕР - Выбор Стивен БАКСТЕР - Шиина-5 Иэн БЭНКС - Преемник Майкл СУЭНВИК - Машины бьется пульс Клиффорд САЙМАК - Мираж Клиффорд САЙМАК - Плацдарм Харлан ЭЛЛИСОН – Солдат Фрэнк ГЕРБЕРТ - Операционный синдром Филип ПУЛМАН - Часовой механизм, или Всё заведено Диана Уинн ДЖОНС - Джо-бой Питер БИГЛ - Милости просим, леди Смерть! Джин ВУЛФ - Марионетки Айзек АЗИМОВ - Точка возгорания! Гарри ГАРРИСОН - Преступление Марсель ЭМЕ - Талоны на жизнь Джеффри ТОМАС - Сердце за сердце Паоло БАЧИГАЛУПИ - Девочка-флейта Айзек АЗИМОВ – Профессия Джо ХИЛЛ - Запоздалые Нил ГЕЙМАН - Для вас - оптовые скидки Урсула ЛЕ ГУИН - Шкатулка, в которой была Тьма','Длительность: 24 ч. 31 мин.','sozvezdie-lva-5',NULL,NULL,0),
	(57,NULL,'https://srv1.abookfiles.online/uploads/z/db8b2f379a369494/images2/f0e0e790f23ea802.jpg',NULL,'Мемуары','\"Мемуары\" Лени Рифеншталь (1902-2003), впервые переводимые на русский язык, воистину, сенсационный памятник эпохи, запечатлевший время глазами одной из талантливейших женщин ХХ века. Танцовщица и актриса, работавшая в начале жизненного пути с известнейшими западными актерами, Лени Рифеншталь прославилась в дальнейшем как блистательный мастер документального кино, едва ли не главный классик этого жанра. Такие ее фильмы, как \"Триумф воли\" (1935) и \"Олимпия\" (1936-1938), навсегда останутся грандиозными памятниками \"большого стиля\" тоталитарной эпохи. Высоко ценимая Гитлером, Рифеншталь близко знала и его окружение. Геббельс, Геринг, Гиммлер и другие бонзы Третьего рейха описаны ею живо, с обилием бытовых и даже интимных подробностей. В послевоенные годы Рифеншталь посвятила себя изучению жизни африканских племен и подводным съемкам океанической флоры и фауны. О своих экзотических увлечениях последних десятилетий она поведала во второй части книги.','Длительность: 17 ч. 33 мин.','memuary-1',NULL,NULL,0),
	(58,NULL,'https://srv1.abookfiles.online/uploads/y/6e568f8d90735e17/images2/ca240a6b9d2a5704.jpg',NULL,'Мегрэ в меблированных комнатах','Где-то рядом, может быть, прямо среди заурядных обитателей меблированных комнат — человек, стрелявший в инспектора полиции… Мегрэ становится «одним из них» — жильцом меблированных комнат. Сколько судеб потребуется внимательно рассмотреть?.. В чьей жизни обнаружится второе дно?..','Длительность: 4 ч. 43 мин.','megreh-v-meblirovannykh-komnatakh',NULL,NULL,0),
	(59,NULL,'https://srv7.abookfiles.online/uploads/z/5024bc55c2911bb6/images2/5fe29a5b1dc87c04.jpg',NULL,'Бобок','Есть ли жизнь после смерти? Какие загадки может хранить кладбище? Литератор-неудачник после похорон дальнего родственника отправляется бродить по кладбищу и внезапно слышит голоса, идущие из могил...','Длительность: 36 мин.','bobok-1',NULL,NULL,0),
	(60,NULL,'https://srv1.abookfiles.online/uploads/y/a0d264483fe95fe2/images2/e07d227f0ea63509.jpg',NULL,'Роканнон','Почему мир назван именем человека, который был в нем чужим, пришельцем? Потому что планета была обязана Роканнону жизнью. Обитатели безымянной планеты не знали об опасности, грозящей им, и не смогли бы победить галактических преступников, захотевших устроить здесь свою базу. Не смогли бы, если бы им не помог этнолог Роканнон, а в его лице — Лига Всех Миров, объединение, посланником которого он был.','Длительность: 4 ч. 57 мин.','rokannon',1,NULL,0),
	(61,NULL,'https://srv1.abookfiles.online/uploads/z/e54a2a009889473b/images2/8082df8e05e3dcc1.jpg',NULL,'Этот герой неуязвим, но очень осторожен. Том 4','После победы над Гранд Леоном, на горизонте появляются 2 неведомые силы - императорский машинный корпус и император Церемонник. Каким образом нашим героям придется противостоять могучим силам противников? Сможет ли герой так же легко победить или с противником все-таки можно договориться и стать хорошими товарищами? Кто же на самом деле дергает за ниточки бытия и стоит за злоключениями миров? Обо всем этом вы узнаете в данной аудиокниге.','Длительность: 6 ч. 19 мин.','ehtot-gerojj-neujazvim-no-ochen-ostorozhen-tom-4',NULL,NULL,0),
	(62,NULL,'https://srv7.abookfiles.online/uploads/z/ae1ff65715fbaeed/images2/a9af439f5bd28f44.jpg',NULL,'Дом под каштанами','Сказка про мальчика Петруся, девочку Касю, тиренка, льва, лошадь и тётю Иву. Брат с сестрой приезжают погостить к любимой тётушке в дом под каштанами, где с ними происходят удивительные приключения: котёнок на глазах превращается в тигрёнка-волшебника; старая деревянная лошадка-качалка оживает и в паре с набалдашником от кресла - львом - приглашает покататься; печная дверца вдруг превращается в дворцовые ворота...','Длительность: 1 ч. 0 мин.','dom-pod-kashtanami',NULL,NULL,0),
	(63,NULL,'https://srv1.abookfiles.online/uploads/z/975d51cc78a3559f/images2/1d6e6bd1a8b0eb41.jpg',NULL,'Малоизвестный Довлатов','В книгу вошли неизвестные широкому читателю произведения Сергея Довлатова - внецикловый роман \"Марш одиноких\", повести, рассказы, его письма к друзьям, воспоминания о нем приятелей. Содержание:Марш одиноких Роман Ослик должен быть худым Рассказ Иная жизнь Повесть Солдаты на Невском Рассказ Роль Рассказ Дорога в новую квартиру Рассказ Третий поворот налево Рассказ На улице и дома Рассказ Мы и гинеколог Буданицкий Рассказ Старый петух, запеченный в глине Рассказ Мы начинали в эпоху застоя Критика Литература продолжается Критика Переводные картинки Критика Рыжий Критика Соглядатай Критика Верхом на улитке Критика Последний чудак Критика Трудное слово Критика Это непереводимое слово — \"хамство\" Критика Письма на моем столе Рассказ Письма к Людмиле Штерн Письмо Письмо к Юлии Губаревой Письмо Письма к Науму Сагаловскому Письмо Письма к Андрею Арьеву Письмо Творчество до творчества (Игорь Смирнов) Статья Поэзия и анекдот (Виктор Кривулин) Статья Эта неаполитанская наружность (Штерн Людмила) Статья Несколько слов вдогонку (Евгений Рейн) Статья Персонажи в поисках автора (Анатолий Найман) Статья Довлатову (Вольф Сергей) Статья Скажи им там всем (Рохлин Борис) Статья Сергей Довлатов — петербуржец (Смирнов-Охтин Игорь) Статья Сергей (Виктор Соснора) Статья Мы простились, посмеиваясь (Владимир Уфлянд) Статья Кровь — единственные чернила (Валерий Попов) Статья Неповторимость любой ценой (Игорь Ефимов) Статья Без Довлатова (Петр Вайль) Статья На уровне простоты (Александр Генис) Статья Перекрестная рифма (Скульская Елена) Статья Надписи и фотографии (Аловерт Нина) Статья Библиографическая справка (Арьев А.Ю.)','Длительность: 20 ч. 52 мин.','maloizvestnyjj-dovlatov',NULL,NULL,0),
	(64,NULL,'https://srv1.abookfiles.online/uploads/z/ddfb2b55be371376/images2/c1623781775ed5cb.jpg',NULL,'Тот, кто вышел из Большой Воды','Давным-давно, когда пещерные медведи были большими, а мамонты просто огромными, Старый Трух, Кхор по прозвищу Убийца Львов, юный Нарам и ещё несколько охотников по весне отправились из своих родных пещер в дальний поход к Большой Солёной Воде. Гостеприимное море встретило поначалу ласково, но вслед за небывалым отливом пришли такие громадные волны, что они чуть не смыли охотников, хотя те спрятались на самых высоких скалах. Море бушевало ещё много дней. Наконец отряд увидел человека, который приплыл на большом куске выдолбленного дерева. «В передней части этого куска дерева была воткнута толстая палка, а к этой палке привязано широкое фиолетовое крыло».','Длительность: 56 мин.','tot-kto-vyshel-iz-bolshojj-vody',NULL,NULL,0),
	(65,NULL,'https://srv1.abookfiles.online/uploads/z/3da5b68bf50e15c3/images2/40b9106b0f206980.jpg',NULL,'Пятна ржавчины','Верховный главнокомандующий имперскими флотилиями Хсурт даже в страшном сне не мог себе представить в какие неведомые глубины космоса занесёт его судьба. Но император и вся его семья были убиты, а Хсурту пришлось в срочном порядке покинуть родную планету... Звезда, в окрестности которой он попал, имела развитую планетную систему, причём третья от звезды планета по данным сканеров не только могла содержать в своих недрах нужный набор тяжёлых элементов, но и имела подходящую кислородную атмосферу с высоким содержанием водяных паров, почти как на родном Хооре. Так что после недолгих размышлений Хсурт решил не рисковать понапрасну, а пополнить запас топлива именно здесь.','Длительность: 41 мин.','pjatna-rzhavchiny',NULL,NULL,0),
	(66,NULL,'https://srv1.abookfiles.online/uploads/y/5427326cbff2a53f/images2/6031cd747f997736.jpg',NULL,'Жара','Когда бездарного художника и хронического алкоголика Джерри Ньюмена находят мертвым в собственной квартире, мало кто сомневается, что это самоубийство. Тем более что причина смерти предельно ясна — избыточная доза снотворного. Но опытный детектив Стив Карелла не спешит закрыть дело. Как известно, самоубийцы обычно оставляют предсмертные записки и не поднимаются с пола, чтобы выключить кондиционер. Тем более когда на улице вот уже неделю стоит невыносимая жара.','Длительность: 7 ч. 59 мин.','zhara-1',NULL,NULL,0),
	(67,NULL,'https://srv1.abookfiles.online/uploads/y/00d0095c30258b1b/images2/f68bdc2fc59adaf3.jpg',NULL,'Полтава','Три песни о том, что не надо бы крёстному отцу развивать роман с крёстной дочерью до скандала. Как бы вы отнеслись к такому явлению, если вдруг ребёнка охмуряет крёстный? Как по мне, то это никуда не годится. Но вот случилось... А что в результате? Много жертв и шведы огребли по самое небалуйся. Шведов не жалко, прогулялись и огребли. Но сколько же других достойных людей там погибло! Мир их праху. Впрочем, в Радоницу не надо грустить. И потому А.С. Пушкин со своей \"Полтавой\" очень кстати. Некоторые считают это произведение гениальным стёбом. Эдак молодецки здорово, патриотично до невероятия и в тоже время эта шокирующая посылка ко всей истории. Смешно навзрыд, что называется. Но в школах учат другому представлению. И это тоже правильно. На то он и гений, чтоб принять как есть и не забывать никогда. А коль не знаешь как принимать, то научат.','Длительность: 1 ч. 33 мин.','poltava',NULL,NULL,0),
	(68,NULL,'https://srv1.abookfiles.online/uploads/z/c21a67010d3ebc99/images2/c104c1ac4ecd1eb3.jpg',NULL,'Ты сияешь лунной ночью','Старшекласснику Такуе, который винит себя в смерти сестры, поручают навестить одноклассницу Мамидзу Ватарасэ. Под светом луны тело девушки источает слабое сияние: это симптом неизлечимой болезни под названием «синдром свечения». Мамидзу знает, что жить ей осталось недолго, и рассказывает Такуе о своем списке желаний, которые она хотела бы осуществить перед смертью...','Длительность: 5 ч. 6 мин.','ty-sijaesh-lunnojj-nochju',NULL,NULL,0),
	(69,NULL,'https://srv7.abookfiles.online/uploads/z/8f4a637495e550ef/images2/4da2557e18023e6a.jpg',NULL,'Подпольный обком действует','Дважды Герой Советского Союза А.Ф. Фёдоров - один из прославленных организаторов партизанского движения в республике - в годы Великой Отечественной войны был секретарём Черниговского и Волынского подпольных обкомов Компартии Украины, командиром партизанского соединения. Его книга посвящена героической партизанской эпопее на Украине. Это яркое, глубоко художественное повествование о народных мстителях - мужественных людях, самоотверженных патриотах своей Отчизны, чья жизнь и подвиги - образец героизма для нашей молодёжи.','Длительность: 24 ч. 20 мин.','podpolnyjj-obkom-dejjstvuet',NULL,NULL,0),
	(70,NULL,'https://srv1.abookfiles.online/uploads/z/c09b3e2ee6a7b886/images2/7063877bbb4633f6.jpg',NULL,'Ветеринар','Аудиоспектакль \"Ветеринар\" созданный по повести П.Гэллико «Томасина. Кошка, которая думала, что была богиней» в переводе Н.Трауберг. От издателя: Повесть «Томасина. Кошка, которая думала, что была богиней» была написана им в 1957 году. Это - захватывающая история о сильном человеке, который умеет любить, но не умеет жить; это - сказочная история о таинственной игре судьбы с человеком и человека со своей судьбой. Мы расскажем вам об удивительном ветеринаре Эндрью Макдьюи, который не любил животных; о его маленькой дочке Мэри, которая перестала разговаривать с отцом, и о ее любимой кошке Томасине; о лесной колдунье о священнике отце Педди, верящем в Доброту, Любовь и Милосердие; о загадочной и могущественной кошке Баст, прозванной Талифой. Роли и исполнители:Автор Галина Тюнина Эндрью Макдьюи, ветеринар Дмитрий Назаров Мэри, его дочь Арина Назарова Томасина, кошка Ольга Васильева Отец Педди, священник Борис Плотников Доктор Стрэтси Никита Тюнин Лори Мария Величкинa Хьюги Роман Артемьев Констебль Игорь Чигасов Миссис Тереза, служанка Людмила Савельева','Длительность: 1 ч. 47 мин.','veterinar',NULL,NULL,0),
	(71,NULL,'https://a3.akniga.cc/uploads/y/4ebeaee2c58b9058/images2/b8c2733c21341ad0.jpg',NULL,'Беседы с дочерью об экономике','Янис Варуфакис (р. 1961) – профессор экономики в Афинском и Техасском университетах, консультант по рынку виртуальных товаров в компьютерных играх компании Valve, министр экономики Греции (27 января – 6 июля 2015 года). В этой небольшой книге, написанной в форме разговора с дочерью Ксенией, он пытается ответить на главные вопросы экономики, в том числе откуда берется неравенство. Взяв в качестве примеров истории из ежедневной жизни и классические тексты и мифы европейской культуры от Эдипа и Фауста до «Франкенштейна» и «Матрицы», всемирно известный экономист объясняет, что такое экономика и как она влияет на нашу жизнь.','Длительность: 5 ч. 13 мин.','besedy-s-docherju-ob-ehkonomike',NULL,NULL,0),
	(72,NULL,'https://srv7.abookfiles.online/uploads/y/6a31fbbc59dfb709/images2/08375946ac7ddf69.jpg',NULL,'Изменник','Автобиографический роман «Изменник» написан на основе дневниковых записей 1939 - 1945 годов. Автор книги - русский белый офицер, эмигрант, в годы Второй мировой войны ставший обер-лейтенантом, командиром 654-го Восточного батальона Вермахта. Роман был написан в память о русских людях, служивших с автором и ставших жертвами страшных событий ХХ века. Живой и колоритный язык книги полностью погружает в атмосферу того времени. Имена и некоторые географические названия изменены, но факты изложены очень точно. Роман «Изменник» помогает приблизиться к пониманию причин, по которым русские офицеры продолжили свою борьбу с коммунистами в рядах немецкой армии. «Я не изменник, ни с юридической точки зрения, ни с моральной. Юридически я не изменник, потому что никогда не был подданным Советского Союза. Я начал воевать с этой сволочью в Петербурге, продолжал эту борьбу на юге, сначала с Корниловым, потом с Деникиным и наконец с Врангелем. Потом покинул родину, потом большевики меня лишили подданства, хотя я никогда их подданным не был. Все равно, и я бесподданный продолжаю с ними борьбу теперь вместе с немцами, потому что они все время пока я был за границей продолжали мучить и уничтожать мой народ. Морально я считаю себя поэтому обязанным помочь моему народу сбросить с себя это проклятое иго. Где здесь вы умудрились найти измену?» В. Л. Герлах','Длительность: 29 ч. 36 мин.','izmennik-1',NULL,NULL,0),
	(73,NULL,'https://srv1.abookfiles.online/uploads/y/f7cbfe77564fa0b6/images2/157413efe6c55553.jpg',NULL,'Одна ночь','Автоматчик Иван Волока, оказывается в подвале под грудой обвалившихся стен. Волей случая вместе с ним под завалами оказывается и немецкий солдат. Как поступить в такой ситуации? Выполнить свой долг и убить врага или же помочь раненому человеку?','Длительность: 1 ч. 5 мин.','odna-noch',NULL,NULL,0),
	(74,NULL,'https://srv7.abookfiles.online/uploads/z/ac05e75188c6da33/images2/5cdc00663f6e93c0.jpg',NULL,'Октябрь','Фрагмент книги \"Трое из офиса (пособие по разгильдяйству)\" История про неугомонных друзей. Много нецензурной брани, но и цензурной брани тоже немало. Смешно, пошло, интересно. Не рекомендуется повторять в реальной жизни – все трюки выполнены вымышленными персонажами. Содержит нецензурную брань.','Длительность: 1 ч. 4 мин.','oktjabr',NULL,NULL,0),
	(75,NULL,'https://srv7.abookfiles.online/uploads/z/5afd4623c288cf5b/images2/29cdbb4860d70c3c.jpg',NULL,'Пир','«Пир» – сборник, состоящий из тринадцати рассказов Владимира Сорокина, которые были написаны в 2000 году, а впервые опубликованы в 2001. Основная тема книги – пища во всех ее видах: от духовной через физическую и до ее конечной формы в виде испражнений. В собрании представлены «вывернутые» стили русской и зарубежной литературы. В рассказах «Concretные» и «Ю» употребляется футуристическая лексика китайского языка. В произведениях «Настя», «Жрать!» и «Сахарное воскресенье» пародируется стилистика русской классики, в «Аварона» – советской, в «Банкете» – азиатской. Сорокин также доводит до абсурда перенесенные в будущее реалии постсоветской России в новеллах «Пепел» и «Лошадиный суп». «Еда, как страсть», «Еда, как и любовь, дает нам полноту бытия» — так сам автор «Пира» В. Сорокин определяет главные идеи своей книги. Едой и ее потребителями в «Пире» становится буквально все: растения, животные, рыбы, птицы, люди, вещи, слова, буквы, лозунги, продукты генной инженерии в обществе будущего, речи, события, чувства и даже... пустота...','Длительность: 11 ч. 58 мин.','pir',NULL,NULL,0),
	(76,NULL,'https://srv7.abookfiles.online/uploads/z/d65e39f8485d0c80/images2/ccbb3e3f1790ba04.jpg',NULL,'Подготовка','Тридцатичетырёхлетний безработный неудачник, который последние десять лет своей жизни провёл, не вылезая из своей комнаты, заканчивает свои дни выброшенным на улицу, где и гибнет под колёсами грузовика, пытаясь спасти от смерти группу школьников. Но не умирает, а лишь переселяется в тело младенца в ином, совершенно отличном от нашего мире. Сможет ли этот безнадёжный парень, давно махнувший рукой на свою жизнь и погрязший в лоликоне и жизни за компьютером, воспользоваться предоставленным ему вторым шансом? Сможет ли он действительно начать всё сначала и прожить новую жизнь всерьёз? Стать по истине великим человеком вошедшим в историю своего нового мира, который будет издеваться над богами и спасать демонов? Или так и останется бесполезным извращенцем, мечтающим лишь о том как бы собрать гарем, сходящим с ума по двенадцатилетним девочкам и таскающим чужие трусики? Узнаем.','Длительность: 3 ч. 28 мин.','podgotovka-1',NULL,NULL,0),
	(77,NULL,'https://srv1.abookfiles.online/uploads/z/660d85dca120258e/images2/16b80fe89d5735ff.jpg',NULL,'Гремлин не по вызову','Что может быть страшнее для человека, чем осознание своей ненужности? А для нечеловека? Когда осознаёшь, что твой век уже прошёл, и как бы хорош ты ни был - тебя отправят на задворки. Это коротенькая и добрая сказка о зле. В меру грустная, в меру светлая и вполне себе жизнеутверждающая. Примечания автора: Рассказ отлично подойдёт к вечерней чашечке чая. Не забудьте включить телефоны!','Длительность: 26 мин.','gremlin-ne-po-vyzovu',NULL,NULL,0),
	(78,NULL,'https://srv7.abookfiles.online/uploads/y/2b6b462f940300d1/images2/d58acea47527d953.jpg',NULL,'Я дрался на По-2. «Ночные ведьмаки»','Это книга о настоящих мужиках — летчиках и штурманах знаменитого «кукурузника» По-2 (У-2). Для управления этим самолетом первоначальной летной подготовки не нужны были особые навыки и способности, все же это был не истребитель или дальний бомбардировщик, однако те задачи, которые приходилось решать экипажу, требовали огромного личного мужества и полной отдачи. Как вспоминал один из ветеранов: «К У-2 относились с насмешкой, но эксплуатировали нас нещадно».Экипажи этих самолетов выполняли вылеты практически в любых метеоусловиях, когда ни один другой род авиации не мог оторваться от земли. Они летали на бомбометание, дневную и ночную разведку, высадку и выброску разведчиков, снабжение окруженных войск и партизан, эвакуацию раненых: выполняли полеты по связи и перевозке командного состава. Весь этот спектр задач ложился на плечи летчиков и штурманов тихоходного биплана, летавшего с крайне малой по современным меркам скоростью.Справиться со всем этим комплексом задач, сменявших друг друга даже в течение одного дня, могли только настоящие профессионалы, летчики и штурманы, делавшие свою, во многом незаслуженно обойденную вниманием работу. Отдавая дань мужеству летчиц 46-го гвардейского авиационного полка, мы должны помнить, что во время войны было создано более сотни полков ночных бомбардировщиков, среди которых только один был женским. Именно на плечи мужчин, таких, как эти двенадцать человек, чьи воспоминания собраны в книге, легла основная тяжесть войны на маленьком самолетике, делавшем большие дела.','Длительность: 9 ч. 38 мин.','ja-dralsja-na-po-2-nochnye-vedmaki',NULL,NULL,0),
	(79,NULL,'https://srv7.abookfiles.online/uploads/y/4c1d26183ed61c86/images2/58b91bce0dae9eb8.jpg',NULL,'Shinobumonogatari / История скрытности','«Это же так круто — спасти жизнь совершенно незнакомой девушке». Ученицы старшей школы Наоэцу начали пропадать одна за другой. Когда их мумифицированные тела нашли, то обнаружили на шее каждой очень характерные отметины… Арараги Коёми, уже студент первого курса университета, отправляется на поиски преступника! Занавес открывается, Сезон Монстров начинается!','Длительность: 7 ч. 49 мин.','shinobumonogatari-istorija-skrytnosti',NULL,NULL,0),
	(80,NULL,'https://srv1.abookfiles.online/uploads/z/b5aa269c51667e32/images2/0608a297ca826ef2.jpg',NULL,'Судьба','Их мир рухнул в одночасье. Лишь волею судьбы они оказались в безопасном месте, запертые от внешнего агрессивного и кровожадного мира. Теперь им предстоит не только выжить в нечеловеческих, опасных для жизни условия, где законы и мораль не работают, но прежде всего остаться людьми. Найти друг друга в этом чертовски опасном, обезлюдевшем городе, чтобы понять — это не конец, вместе они сила и всё только начинается.','Длительность: 13 ч. 28 мин.','sudba-1',NULL,NULL,0);

/*!40000 ALTER TABLE `book` ENABLE KEYS */;
UNLOCK TABLES;


# Dump of table comment
# ------------------------------------------------------------

DROP TABLE IF EXISTS `comment`;

CREATE TABLE `comment` (
  `id` int(11) NOT NULL AUTO_INCREMENT,
  `book_id` int(11) DEFAULT NULL,
  `user_id` int(11) DEFAULT NULL,
  `author_name` varchar(255) COLLATE utf8mb4_unicode_520_ci NOT NULL,
  `text` longtext COLLATE utf8mb4_unicode_520_ci NOT NULL,
  `created_at` datetime NOT NULL,
  `updated_at` datetime NOT NULL,
  PRIMARY KEY (`id`),
  KEY `IDX_9474526C16A2B381` (`book_id`),
  KEY `IDX_9474526CA76ED395` (`user_id`),
  CONSTRAINT `FK_9474526C16A2B381` FOREIGN KEY (`book_id`) REFERENCES `book` (`id`),
  CONSTRAINT `FK_9474526CA76ED395` FOREIGN KEY (`user_id`) REFERENCES `user` (`id`)
) ENGINE=InnoDB DEFAULT CHARSET=utf8mb4 COLLATE=utf8mb4_unicode_520_ci;



# Dump of table genre
# ------------------------------------------------------------

DROP TABLE IF EXISTS `genre`;

CREATE TABLE `genre` (
  `id` int(11) NOT NULL AUTO_INCREMENT,
  `name` varchar(255) COLLATE utf8mb4_unicode_520_ci NOT NULL,
  PRIMARY KEY (`id`)
) ENGINE=InnoDB DEFAULT CHARSET=utf8mb4 COLLATE=utf8mb4_unicode_520_ci;

LOCK TABLES `genre` WRITE;
/*!40000 ALTER TABLE `genre` DISABLE KEYS */;

INSERT INTO `genre` (`id`, `name`)
VALUES
	(1,'Биографии'),
	(2,'мемуары'),
	(3,'ЖЗЛ'),
	(4,'Религия'),
	(5,'Детективы'),
	(6,'триллеры'),
	(7,'боевики'),
	(8,'Аудиоспектакли'),
	(9,'радиопостановки и литературные чтения'),
	(10,'Классика'),
	(11,'Фантастика'),
	(12,'фэнтези'),
	(13,'Детективы'),
	(14,'триллеры'),
	(15,'боевики'),
	(16,'Эзотерика'),
	(17,'Нетрадиционные религиозно-философские учения'),
	(18,'Приключения'),
	(19,'военные приключения'),
	(20,'Психология'),
	(21,'философия'),
	(22,'История'),
	(23,'культурология'),
	(24,'Для детей'),
	(25,'аудиосказки'),
	(26,'стишки'),
	(27,'Ранобэ'),
	(28,'Роман'),
	(29,'проза'),
	(30,'Научно-популярное'),
	(31,'Ужасы'),
	(32,'мистика'),
	(33,'хоррор'),
	(34,'Ужасы'),
	(35,'мистика'),
	(36,'хоррор'),
	(37,'Бизнес'),
	(38,'личностный рост'),
	(39,'Юмор'),
	(40,'сатира');

/*!40000 ALTER TABLE `genre` ENABLE KEYS */;
UNLOCK TABLES;


# Dump of table genre_book
# ------------------------------------------------------------

DROP TABLE IF EXISTS `genre_book`;

CREATE TABLE `genre_book` (
  `genre_id` int(11) NOT NULL,
  `book_id` int(11) NOT NULL,
  PRIMARY KEY (`genre_id`,`book_id`),
  KEY `IDX_70087AC14296D31F` (`genre_id`),
  KEY `IDX_70087AC116A2B381` (`book_id`),
  CONSTRAINT `FK_70087AC116A2B381` FOREIGN KEY (`book_id`) REFERENCES `book` (`id`) ON DELETE CASCADE,
  CONSTRAINT `FK_70087AC14296D31F` FOREIGN KEY (`genre_id`) REFERENCES `genre` (`id`) ON DELETE CASCADE
) ENGINE=InnoDB DEFAULT CHARSET=utf8mb4 COLLATE=utf8mb4_unicode_520_ci;

LOCK TABLES `genre_book` WRITE;
/*!40000 ALTER TABLE `genre_book` DISABLE KEYS */;

INSERT INTO `genre_book` (`genre_id`, `book_id`)
VALUES
	(1,1),
	(1,41),
	(1,42),
	(1,57),
	(1,78),
	(2,1),
	(2,41),
	(2,42),
	(2,57),
	(2,78),
	(3,1),
	(3,41),
	(3,42),
	(3,57),
	(3,78),
	(4,2),
	(4,43),
	(5,3),
	(5,21),
	(5,22),
	(5,23),
	(5,31),
	(5,49),
	(5,58),
	(5,66),
	(6,3),
	(6,21),
	(6,22),
	(6,23),
	(6,31),
	(6,49),
	(6,58),
	(6,66),
	(7,3),
	(7,21),
	(7,22),
	(7,23),
	(7,31),
	(7,49),
	(7,58),
	(7,66),
	(8,4),
	(8,17),
	(8,26),
	(8,32),
	(8,33),
	(8,34),
	(8,37),
	(8,59),
	(8,70),
	(9,4),
	(9,17),
	(9,26),
	(9,32),
	(9,33),
	(9,34),
	(9,37),
	(9,59),
	(9,70),
	(10,5),
	(10,67),
	(10,73),
	(11,6),
	(11,12),
	(11,15),
	(11,20),
	(11,28),
	(11,29),
	(11,36),
	(11,38),
	(11,45),
	(11,53),
	(11,54),
	(11,55),
	(11,56),
	(11,60),
	(11,64),
	(11,65),
	(11,77),
	(11,80),
	(12,6),
	(12,12),
	(12,15),
	(12,20),
	(12,28),
	(12,29),
	(12,36),
	(12,38),
	(12,45),
	(12,53),
	(12,54),
	(12,55),
	(12,56),
	(12,60),
	(12,64),
	(12,65),
	(12,77),
	(12,80),
	(13,7),
	(14,7),
	(15,7),
	(16,8),
	(17,8),
	(18,9),
	(18,19),
	(19,9),
	(19,19),
	(20,10),
	(21,10),
	(22,11),
	(23,11),
	(24,13),
	(24,62),
	(25,13),
	(25,62),
	(26,13),
	(26,62),
	(27,14),
	(27,35),
	(27,40),
	(27,52),
	(27,61),
	(27,68),
	(27,76),
	(27,79),
	(28,16),
	(28,27),
	(28,30),
	(28,39),
	(28,46),
	(28,47),
	(28,48),
	(28,50),
	(28,51),
	(28,63),
	(28,69),
	(28,72),
	(28,75),
	(29,16),
	(29,27),
	(29,30),
	(29,39),
	(29,46),
	(29,47),
	(29,48),
	(29,50),
	(29,51),
	(29,63),
	(29,69),
	(29,72),
	(29,75),
	(30,18),
	(30,71),
	(31,24),
	(32,24),
	(33,24),
	(34,25),
	(35,25),
	(36,25),
	(37,44),
	(38,44),
	(39,74),
	(40,74);

/*!40000 ALTER TABLE `genre_book` ENABLE KEYS */;
UNLOCK TABLES;


# Dump of table page
# ------------------------------------------------------------

DROP TABLE IF EXISTS `page`;

CREATE TABLE `page` (
  `id` int(11) NOT NULL AUTO_INCREMENT,
  `number` int(11) NOT NULL,
  PRIMARY KEY (`id`)
) ENGINE=InnoDB DEFAULT CHARSET=utf8mb4 COLLATE=utf8mb4_unicode_520_ci;



# Dump of table part
# ------------------------------------------------------------

DROP TABLE IF EXISTS `part`;

CREATE TABLE `part` (
  `id` int(11) NOT NULL AUTO_INCREMENT,
  `book_id` int(11) DEFAULT NULL,
  `duration` varchar(255) COLLATE utf8mb4_unicode_520_ci NOT NULL,
  `url` longtext COLLATE utf8mb4_unicode_520_ci NOT NULL,
  `gcp_url` longtext COLLATE utf8mb4_unicode_520_ci,
  `name` longtext COLLATE utf8mb4_unicode_520_ci NOT NULL,
  PRIMARY KEY (`id`),
  KEY `IDX_490F70C616A2B381` (`book_id`),
  CONSTRAINT `FK_490F70C616A2B381` FOREIGN KEY (`book_id`) REFERENCES `book` (`id`) ON DELETE CASCADE
) ENGINE=InnoDB DEFAULT CHARSET=utf8mb4 COLLATE=utf8mb4_unicode_520_ci;

LOCK TABLES `part` WRITE;
/*!40000 ALTER TABLE `part` DISABLE KEYS */;

INSERT INTO `part` (`id`, `book_id`, `duration`, `url`, `gcp_url`, `name`)
VALUES
	(1,1,'2255','https://srv1.abookfiles.online/uploads/y/6a9431668f0b1400/mp3/glava-01.mp3',NULL,'Глава 01'),
	(2,1,'1653','https://srv1.abookfiles.online/uploads/y/6a9431668f0b1400/mp3/glava-02.mp3',NULL,'Глава 02'),
	(3,1,'2064','https://srv1.abookfiles.online/uploads/y/6a9431668f0b1400/mp3/glava-03.mp3',NULL,'Глава 03'),
	(4,1,'1680','https://srv1.abookfiles.online/uploads/y/6a9431668f0b1400/mp3/glava-04.mp3',NULL,'Глава 04'),
	(5,1,'1867','https://srv1.abookfiles.online/uploads/y/6a9431668f0b1400/mp3/glava-05.mp3',NULL,'Глава 05'),
	(6,1,'1690','https://srv1.abookfiles.online/uploads/y/6a9431668f0b1400/mp3/glava-06.mp3',NULL,'Глава 06'),
	(7,1,'2438','https://srv1.abookfiles.online/uploads/y/6a9431668f0b1400/mp3/glava-07.mp3',NULL,'Глава 07'),
	(8,1,'1919','https://srv1.abookfiles.online/uploads/y/6a9431668f0b1400/mp3/glava-08.mp3',NULL,'Глава 08'),
	(9,1,'1434','https://srv1.abookfiles.online/uploads/y/6a9431668f0b1400/mp3/glava-09.mp3',NULL,'Глава 09'),
	(10,1,'2521','https://srv1.abookfiles.online/uploads/y/6a9431668f0b1400/mp3/glava-10.mp3',NULL,'Глава 10'),
	(11,1,'1346','https://srv1.abookfiles.online/uploads/y/6a9431668f0b1400/mp3/glava-11.mp3',NULL,'Глава 11'),
	(12,1,'2515','https://srv1.abookfiles.online/uploads/y/6a9431668f0b1400/mp3/glava-12.mp3',NULL,'Глава 12'),
	(13,1,'2114','https://srv1.abookfiles.online/uploads/y/6a9431668f0b1400/mp3/glava-13.mp3',NULL,'Глава 13'),
	(14,1,'1673','https://srv1.abookfiles.online/uploads/y/6a9431668f0b1400/mp3/glava-14.mp3',NULL,'Глава 14'),
	(15,1,'2626','https://srv1.abookfiles.online/uploads/y/6a9431668f0b1400/mp3/glava-15.mp3',NULL,'Глава 15'),
	(16,2,'1593','https://srv1.abookfiles.online/uploads/y/08bf8b1a7448980b/mp3/track-01.mp3',NULL,'Track 01'),
	(17,2,'1103','https://srv1.abookfiles.online/uploads/y/08bf8b1a7448980b/mp3/track-02.mp3',NULL,'Track 02'),
	(18,2,'1666','https://srv1.abookfiles.online/uploads/y/08bf8b1a7448980b/mp3/track-03.mp3',NULL,'Track 03'),
	(19,2,'1207','https://srv1.abookfiles.online/uploads/y/08bf8b1a7448980b/mp3/track-04.mp3',NULL,'Track 04'),
	(20,2,'1454','https://srv1.abookfiles.online/uploads/y/08bf8b1a7448980b/mp3/track-05.mp3',NULL,'Track 05'),
	(21,2,'1581','https://srv1.abookfiles.online/uploads/y/08bf8b1a7448980b/mp3/track-06.mp3',NULL,'Track 06'),
	(22,2,'1775','https://srv1.abookfiles.online/uploads/y/08bf8b1a7448980b/mp3/track-07.mp3',NULL,'Track 07'),
	(23,2,'1558','https://srv1.abookfiles.online/uploads/y/08bf8b1a7448980b/mp3/track-08.mp3',NULL,'Track 08'),
	(24,2,'1864','https://srv1.abookfiles.online/uploads/y/08bf8b1a7448980b/mp3/track-09.mp3',NULL,'Track 09'),
	(25,2,'1383','https://srv1.abookfiles.online/uploads/y/08bf8b1a7448980b/mp3/track-10.mp3',NULL,'Track 10'),
	(26,2,'1415','https://srv1.abookfiles.online/uploads/y/08bf8b1a7448980b/mp3/track-11.mp3',NULL,'Track 11'),
	(27,2,'979','https://srv1.abookfiles.online/uploads/y/08bf8b1a7448980b/mp3/track-12.mp3',NULL,'Track 12'),
	(28,2,'1916','https://srv1.abookfiles.online/uploads/y/08bf8b1a7448980b/mp3/track-13.mp3',NULL,'Track 13'),
	(29,2,'1209','https://srv1.abookfiles.online/uploads/y/08bf8b1a7448980b/mp3/track-14.mp3',NULL,'Track 14'),
	(30,2,'824','https://srv1.abookfiles.online/uploads/y/08bf8b1a7448980b/mp3/track-15.mp3',NULL,'Track 15'),
	(31,3,'567','https://srv1.abookfiles.online/uploads/z/abb0854b5a2df07f/mp3/001-kriminalnaja-tishina.mp3',NULL,'001 Криминальная тишина'),
	(32,3,'403','https://srv1.abookfiles.online/uploads/z/abb0854b5a2df07f/mp3/002-kriminalnaja-tishina.mp3',NULL,'002 Криминальная тишина'),
	(33,3,'387','https://srv1.abookfiles.online/uploads/z/abb0854b5a2df07f/mp3/003-kriminalnaja-tishina.mp3',NULL,'003 Криминальная тишина'),
	(34,3,'456','https://srv1.abookfiles.online/uploads/z/abb0854b5a2df07f/mp3/004-kriminalnaja-tishina.mp3',NULL,'004 Криминальная тишина'),
	(35,3,'466','https://srv1.abookfiles.online/uploads/z/abb0854b5a2df07f/mp3/005-kriminalnaja-tishina.mp3',NULL,'005 Криминальная тишина'),
	(36,3,'474','https://srv1.abookfiles.online/uploads/z/abb0854b5a2df07f/mp3/006-kriminalnaja-tishina.mp3',NULL,'006 Криминальная тишина'),
	(37,3,'426','https://srv1.abookfiles.online/uploads/z/abb0854b5a2df07f/mp3/007-kriminalnaja-tishina.mp3',NULL,'007 Криминальная тишина'),
	(38,3,'570','https://srv1.abookfiles.online/uploads/z/abb0854b5a2df07f/mp3/008-kriminalnaja-tishina.mp3',NULL,'008 Криминальная тишина'),
	(39,3,'616','https://srv1.abookfiles.online/uploads/z/abb0854b5a2df07f/mp3/009-kriminalnaja-tishina.mp3',NULL,'009 Криминальная тишина'),
	(40,3,'411','https://srv1.abookfiles.online/uploads/z/abb0854b5a2df07f/mp3/010-kriminalnaja-tishina.mp3',NULL,'010 Криминальная тишина'),
	(41,3,'523','https://srv1.abookfiles.online/uploads/z/abb0854b5a2df07f/mp3/011-kriminalnaja-tishina.mp3',NULL,'011 Криминальная тишина'),
	(42,3,'627','https://srv1.abookfiles.online/uploads/z/abb0854b5a2df07f/mp3/012-kriminalnaja-tishina.mp3',NULL,'012 Криминальная тишина'),
	(43,3,'462','https://srv1.abookfiles.online/uploads/z/abb0854b5a2df07f/mp3/013-kriminalnaja-tishina.mp3',NULL,'013 Криминальная тишина'),
	(44,3,'547','https://srv1.abookfiles.online/uploads/z/abb0854b5a2df07f/mp3/014-kriminalnaja-tishina.mp3',NULL,'014 Криминальная тишина'),
	(45,3,'354','https://srv1.abookfiles.online/uploads/z/abb0854b5a2df07f/mp3/015-kriminalnaja-tishina.mp3',NULL,'015 Криминальная тишина'),
	(46,3,'381','https://srv1.abookfiles.online/uploads/z/abb0854b5a2df07f/mp3/016-kriminalnaja-tishina.mp3',NULL,'016 Криминальная тишина'),
	(47,3,'525','https://srv1.abookfiles.online/uploads/z/abb0854b5a2df07f/mp3/017-kriminalnaja-tishina.mp3',NULL,'017 Криминальная тишина'),
	(48,3,'473','https://srv1.abookfiles.online/uploads/z/abb0854b5a2df07f/mp3/018-kriminalnaja-tishina.mp3',NULL,'018 Криминальная тишина'),
	(49,3,'586','https://srv1.abookfiles.online/uploads/z/abb0854b5a2df07f/mp3/019-kriminalnaja-tishina.mp3',NULL,'019 Криминальная тишина'),
	(50,3,'655','https://srv1.abookfiles.online/uploads/z/abb0854b5a2df07f/mp3/020-kriminalnaja-tishina.mp3',NULL,'020 Криминальная тишина'),
	(51,3,'441','https://srv1.abookfiles.online/uploads/z/abb0854b5a2df07f/mp3/021-kriminalnaja-tishina.mp3',NULL,'021 Криминальная тишина'),
	(52,3,'338','https://srv1.abookfiles.online/uploads/z/abb0854b5a2df07f/mp3/022-kriminalnaja-tishina.mp3',NULL,'022 Криминальная тишина'),
	(53,3,'670','https://srv1.abookfiles.online/uploads/z/abb0854b5a2df07f/mp3/023-kriminalnaja-tishina.mp3',NULL,'023 Криминальная тишина'),
	(54,3,'516','https://srv1.abookfiles.online/uploads/z/abb0854b5a2df07f/mp3/024-kriminalnaja-tishina.mp3',NULL,'024 Криминальная тишина'),
	(55,3,'481','https://srv1.abookfiles.online/uploads/z/abb0854b5a2df07f/mp3/025-kriminalnaja-tishina.mp3',NULL,'025 Криминальная тишина'),
	(56,3,'821','https://srv1.abookfiles.online/uploads/z/abb0854b5a2df07f/mp3/026-kriminalnaja-tishina.mp3',NULL,'026 Криминальная тишина'),
	(57,3,'642','https://srv1.abookfiles.online/uploads/z/abb0854b5a2df07f/mp3/027-kriminalnaja-tishina.mp3',NULL,'027 Криминальная тишина'),
	(58,3,'367','https://srv1.abookfiles.online/uploads/z/abb0854b5a2df07f/mp3/028-kriminalnaja-tishina.mp3',NULL,'028 Криминальная тишина'),
	(59,3,'663','https://srv1.abookfiles.online/uploads/z/abb0854b5a2df07f/mp3/029-kriminalnaja-tishina.mp3',NULL,'029 Криминальная тишина'),
	(60,3,'433','https://srv1.abookfiles.online/uploads/z/abb0854b5a2df07f/mp3/030-kriminalnaja-tishina.mp3',NULL,'030 Криминальная тишина'),
	(61,3,'449','https://srv1.abookfiles.online/uploads/z/abb0854b5a2df07f/mp3/031-kriminalnaja-tishina.mp3',NULL,'031 Криминальная тишина'),
	(62,3,'530','https://srv1.abookfiles.online/uploads/z/abb0854b5a2df07f/mp3/032-kriminalnaja-tishina.mp3',NULL,'032 Криминальная тишина'),
	(63,3,'516','https://srv1.abookfiles.online/uploads/z/abb0854b5a2df07f/mp3/033-kriminalnaja-tishina.mp3',NULL,'033 Криминальная тишина'),
	(64,3,'326','https://srv1.abookfiles.online/uploads/z/abb0854b5a2df07f/mp3/034-kriminalnaja-tishina.mp3',NULL,'034 Криминальная тишина'),
	(65,3,'617','https://srv1.abookfiles.online/uploads/z/abb0854b5a2df07f/mp3/035-kriminalnaja-tishina.mp3',NULL,'035 Криминальная тишина'),
	(66,3,'727','https://srv1.abookfiles.online/uploads/z/abb0854b5a2df07f/mp3/036-kriminalnaja-tishina.mp3',NULL,'036 Криминальная тишина'),
	(67,3,'479','https://srv1.abookfiles.online/uploads/z/abb0854b5a2df07f/mp3/037-kriminalnaja-tishina.mp3',NULL,'037 Криминальная тишина'),
	(68,4,'5991','https://srv7.abookfiles.online/uploads/y/748cc8f0d8d91519/mp3/isidor-shtok-chjortova-melnica-isp-vpetrov-aehstrin-okagan-lzhukova-gkorotkevich-arozanov-dbessonov-1956.mp3',NULL,'Исидор Шток - Чёртова мельница (исп. В.Петров, А.Эстрин, О.Каган, Л.Жукова, Г.Короткевич, А.Розанов, Д.Бессонов 1956)'),
	(69,5,'4758','https://srv7.abookfiles.online/uploads/z/4eeb02ebe270fb90/mp3/1-chast.mp3',NULL,'1 часть'),
	(70,5,'4411','https://srv7.abookfiles.online/uploads/z/4eeb02ebe270fb90/mp3/2-chast.mp3',NULL,'2 часть'),
	(71,5,'3756','https://srv7.abookfiles.online/uploads/z/4eeb02ebe270fb90/mp3/3-chast.mp3',NULL,'3 часть'),
	(72,5,'3031','https://srv7.abookfiles.online/uploads/z/4eeb02ebe270fb90/mp3/4-chast.mp3',NULL,'4 часть'),
	(73,5,'3227','https://srv7.abookfiles.online/uploads/z/4eeb02ebe270fb90/mp3/5-chast.mp3',NULL,'5 часть'),
	(74,5,'3147','https://srv7.abookfiles.online/uploads/z/4eeb02ebe270fb90/mp3/6-chast.mp3',NULL,'6 часть'),
	(75,5,'3672','https://srv7.abookfiles.online/uploads/z/4eeb02ebe270fb90/mp3/7-chast.mp3',NULL,'7 часть'),
	(76,5,'5324','https://srv7.abookfiles.online/uploads/z/4eeb02ebe270fb90/mp3/8-chast.mp3',NULL,'8 часть'),
	(77,5,'4232','https://srv7.abookfiles.online/uploads/z/4eeb02ebe270fb90/mp3/9-chast.mp3',NULL,'9 часть'),
	(78,6,'1196','https://srv1.abookfiles.online/uploads/y/7cd7905e7d002614/mp3/00-01.mp3',NULL,'00_01'),
	(79,6,'2633','https://srv1.abookfiles.online/uploads/y/7cd7905e7d002614/mp3/01-01.mp3',NULL,'01_01'),
	(80,6,'2078','https://srv1.abookfiles.online/uploads/y/7cd7905e7d002614/mp3/01-02.mp3',NULL,'01_02'),
	(81,6,'1729','https://srv1.abookfiles.online/uploads/y/7cd7905e7d002614/mp3/01-03.mp3',NULL,'01_03'),
	(82,6,'1881','https://srv1.abookfiles.online/uploads/y/7cd7905e7d002614/mp3/01-04.mp3',NULL,'01_04'),
	(83,6,'2734','https://srv1.abookfiles.online/uploads/y/7cd7905e7d002614/mp3/01-05.mp3',NULL,'01_05'),
	(84,6,'2209','https://srv1.abookfiles.online/uploads/y/7cd7905e7d002614/mp3/01-06.mp3',NULL,'01_06'),
	(85,6,'2009','https://srv1.abookfiles.online/uploads/y/7cd7905e7d002614/mp3/01-07.mp3',NULL,'01_07'),
	(86,6,'1860','https://srv1.abookfiles.online/uploads/y/7cd7905e7d002614/mp3/02-01.mp3',NULL,'02_01'),
	(87,6,'1416','https://srv1.abookfiles.online/uploads/y/7cd7905e7d002614/mp3/02-02.mp3',NULL,'02_02'),
	(88,6,'1993','https://srv1.abookfiles.online/uploads/y/7cd7905e7d002614/mp3/02-03.mp3',NULL,'02_03'),
	(89,6,'2062','https://srv1.abookfiles.online/uploads/y/7cd7905e7d002614/mp3/02-04.mp3',NULL,'02_04'),
	(90,6,'2792','https://srv1.abookfiles.online/uploads/y/7cd7905e7d002614/mp3/02-05.mp3',NULL,'02_05'),
	(91,6,'2547','https://srv1.abookfiles.online/uploads/y/7cd7905e7d002614/mp3/02-06.mp3',NULL,'02_06'),
	(92,6,'890','https://srv1.abookfiles.online/uploads/y/7cd7905e7d002614/mp3/02-07.mp3',NULL,'02_07'),
	(93,6,'1695','https://srv1.abookfiles.online/uploads/y/7cd7905e7d002614/mp3/03-01.mp3',NULL,'03_01'),
	(94,6,'1775','https://srv1.abookfiles.online/uploads/y/7cd7905e7d002614/mp3/03-02.mp3',NULL,'03_02'),
	(95,6,'1788','https://srv1.abookfiles.online/uploads/y/7cd7905e7d002614/mp3/03-03.mp3',NULL,'03_03'),
	(96,6,'2229','https://srv1.abookfiles.online/uploads/y/7cd7905e7d002614/mp3/03-04.mp3',NULL,'03_04'),
	(97,6,'1275','https://srv1.abookfiles.online/uploads/y/7cd7905e7d002614/mp3/03-05.mp3',NULL,'03_05'),
	(98,6,'2319','https://srv1.abookfiles.online/uploads/y/7cd7905e7d002614/mp3/03-06.mp3',NULL,'03_06'),
	(99,6,'1667','https://srv1.abookfiles.online/uploads/y/7cd7905e7d002614/mp3/03-07.mp3',NULL,'03_07'),
	(100,6,'1169','https://srv1.abookfiles.online/uploads/y/7cd7905e7d002614/mp3/03-08.mp3',NULL,'03_08'),
	(101,7,'1458','https://srv7.abookfiles.online/uploads/y/844a755fc03df42a/mp3/glava-01.mp3',NULL,'глава (01)'),
	(102,7,'1751','https://srv7.abookfiles.online/uploads/y/844a755fc03df42a/mp3/glava-02.mp3',NULL,'глава (02)'),
	(103,7,'1555','https://srv7.abookfiles.online/uploads/y/844a755fc03df42a/mp3/glava-03.mp3',NULL,'глава (03)'),
	(104,7,'1228','https://srv7.abookfiles.online/uploads/y/844a755fc03df42a/mp3/glava-04.mp3',NULL,'глава (04)'),
	(105,7,'1495','https://srv7.abookfiles.online/uploads/y/844a755fc03df42a/mp3/glava-05.mp3',NULL,'глава (05)'),
	(106,7,'1398','https://srv7.abookfiles.online/uploads/y/844a755fc03df42a/mp3/glava-06.mp3',NULL,'глава (06)'),
	(107,7,'1314','https://srv7.abookfiles.online/uploads/y/844a755fc03df42a/mp3/glava-07.mp3',NULL,'глава (07)'),
	(108,7,'1383','https://srv7.abookfiles.online/uploads/y/844a755fc03df42a/mp3/glava-08.mp3',NULL,'глава (08)'),
	(109,7,'1452','https://srv7.abookfiles.online/uploads/y/844a755fc03df42a/mp3/glava-09.mp3',NULL,'глава (09)'),
	(110,7,'1421','https://srv7.abookfiles.online/uploads/y/844a755fc03df42a/mp3/glava-10.mp3',NULL,'глава (10)'),
	(111,7,'1682','https://srv7.abookfiles.online/uploads/y/844a755fc03df42a/mp3/glava-11.mp3',NULL,'глава (11)'),
	(112,7,'1657','https://srv7.abookfiles.online/uploads/y/844a755fc03df42a/mp3/glava-12.mp3',NULL,'глава (12)'),
	(113,7,'1439','https://srv7.abookfiles.online/uploads/y/844a755fc03df42a/mp3/glava-13.mp3',NULL,'глава (13)'),
	(114,7,'1369','https://srv7.abookfiles.online/uploads/y/844a755fc03df42a/mp3/glava-14.mp3',NULL,'глава (14)'),
	(115,7,'1595','https://srv7.abookfiles.online/uploads/y/844a755fc03df42a/mp3/glava-15.mp3',NULL,'глава (15)'),
	(116,8,'487','https://srv7.abookfiles.online/uploads/z/f1ad807b191e2f4a/mp3/01-predislovie.mp3',NULL,'01. Предисловие'),
	(117,8,'1966','https://srv7.abookfiles.online/uploads/z/f1ad807b191e2f4a/mp3/02-smert-ukazana.mp3',NULL,'02. Смерть указана'),
	(118,8,'1341','https://srv7.abookfiles.online/uploads/z/f1ad807b191e2f4a/mp3/03-vodjanoe-koleso.mp3',NULL,'03. Водяное колесо'),
	(119,8,'5698','https://srv7.abookfiles.online/uploads/z/f1ad807b191e2f4a/mp3/04-skazanie-o-mjushkil-gjushe.mp3',NULL,'04. Сказание о Мюшкиль Гюше'),
	(120,8,'1275','https://srv7.abookfiles.online/uploads/z/f1ad807b191e2f4a/mp3/05-drevnii-sunduk-nuri-beja.mp3',NULL,'05. Древний сундук Нури Бея'),
	(121,8,'3490','https://srv7.abookfiles.online/uploads/z/f1ad807b191e2f4a/mp3/06-strana-istiny.mp3',NULL,'06. Страна Истины'),
	(122,8,'3376','https://srv7.abookfiles.online/uploads/z/f1ad807b191e2f4a/mp3/07-vzgljad-sily.mp3',NULL,'07. Взгляд силы'),
	(123,8,'3462','https://srv7.abookfiles.online/uploads/z/f1ad807b191e2f4a/mp3/08-volshebnyi-karman.mp3',NULL,'08. Волшебный карман'),
	(124,8,'2514','https://srv7.abookfiles.online/uploads/z/f1ad807b191e2f4a/mp3/09-chelovek-s-neobjasnimoi-zhiznju.mp3',NULL,'09. Человек с необъяснимой жизнью'),
	(125,8,'1837','https://srv7.abookfiles.online/uploads/z/f1ad807b191e2f4a/mp3/10-tri-ryby.mp3',NULL,'10. Три рыбы'),
	(126,8,'3760','https://srv7.abookfiles.online/uploads/z/f1ad807b191e2f4a/mp3/11-raiskaja-pishha.mp3',NULL,'11. Райская пища'),
	(127,8,'1797','https://srv7.abookfiles.online/uploads/z/f1ad807b191e2f4a/mp3/12-sokrovishhe-popechitelei.mp3',NULL,'12. Сокровище попечителей'),
	(128,8,'1452','https://srv7.abookfiles.online/uploads/z/f1ad807b191e2f4a/mp3/13-karavan-sarai.mp3',NULL,'13. Караван-Сарай'),
	(129,8,'1003','https://srv7.abookfiles.online/uploads/z/f1ad807b191e2f4a/mp3/14-ryba-na-lune.mp3',NULL,'14. Рыба на Луне'),
	(130,8,'1101','https://srv7.abookfiles.online/uploads/z/f1ad807b191e2f4a/mp3/15-gde-vse-ehto-nachinaetsja.mp3',NULL,'15. Где всё это начинается'),
	(131,8,'943','https://srv7.abookfiles.online/uploads/z/f1ad807b191e2f4a/mp3/16-ritualy.mp3',NULL,'16. Ритуалы'),
	(132,8,'1093','https://srv7.abookfiles.online/uploads/z/f1ad807b191e2f4a/mp3/17-gubka-neschastii.mp3',NULL,'17. Губка несчастий'),
	(133,8,'1179','https://srv7.abookfiles.online/uploads/z/f1ad807b191e2f4a/mp3/18-skrytye-chudesa.mp3',NULL,'18. Скрытые чудеса'),
	(134,8,'174','https://srv7.abookfiles.online/uploads/z/f1ad807b191e2f4a/mp3/19-posleslovie.mp3',NULL,'19. Послесловие'),
	(135,9,'487','https://srv7.abookfiles.online/uploads/y/0939e91d567e36bf/mp3/00.mp3',NULL,'00'),
	(136,9,'5365','https://srv7.abookfiles.online/uploads/y/0939e91d567e36bf/mp3/01.mp3',NULL,'01'),
	(137,9,'5808','https://srv7.abookfiles.online/uploads/y/0939e91d567e36bf/mp3/02.mp3',NULL,'02'),
	(138,9,'5218','https://srv7.abookfiles.online/uploads/y/0939e91d567e36bf/mp3/03.mp3',NULL,'03'),
	(139,9,'4558','https://srv7.abookfiles.online/uploads/y/0939e91d567e36bf/mp3/04.mp3',NULL,'04'),
	(140,9,'4947','https://srv7.abookfiles.online/uploads/y/0939e91d567e36bf/mp3/05.mp3',NULL,'05'),
	(141,9,'4824','https://srv7.abookfiles.online/uploads/y/0939e91d567e36bf/mp3/06.mp3',NULL,'06'),
	(142,9,'4378','https://srv7.abookfiles.online/uploads/y/0939e91d567e36bf/mp3/07.mp3',NULL,'07'),
	(143,9,'4293','https://srv7.abookfiles.online/uploads/y/0939e91d567e36bf/mp3/08.mp3',NULL,'08'),
	(144,9,'4450','https://srv7.abookfiles.online/uploads/y/0939e91d567e36bf/mp3/09.mp3',NULL,'09'),
	(145,9,'3052','https://srv7.abookfiles.online/uploads/y/0939e91d567e36bf/mp3/10.mp3',NULL,'10'),
	(146,9,'3067','https://srv7.abookfiles.online/uploads/y/0939e91d567e36bf/mp3/11.mp3',NULL,'11'),
	(147,9,'417','https://srv7.abookfiles.online/uploads/y/0939e91d567e36bf/mp3/12-istoricheskaja-spravka.mp3',NULL,'12 Историческая справка'),
	(148,10,'1111','https://srv7.abookfiles.online/uploads/y/94a8435b7affd959/mp3/001-vvedenie.mp3',NULL,'001_Vvedenie'),
	(149,10,'1374','https://srv7.abookfiles.online/uploads/y/94a8435b7affd959/mp3/002-glava-01.mp3',NULL,'002_Glava 01'),
	(150,10,'2278','https://srv7.abookfiles.online/uploads/y/94a8435b7affd959/mp3/003-glava-02.mp3',NULL,'003_Glava 02'),
	(151,10,'2074','https://srv7.abookfiles.online/uploads/y/94a8435b7affd959/mp3/004-glava-03.mp3',NULL,'004_Glava 03'),
	(152,10,'1711','https://srv7.abookfiles.online/uploads/y/94a8435b7affd959/mp3/005-glava-04.mp3',NULL,'005_Glava 04'),
	(153,10,'2108','https://srv7.abookfiles.online/uploads/y/94a8435b7affd959/mp3/006-glava-05.mp3',NULL,'006_Glava 05'),
	(154,10,'2530','https://srv7.abookfiles.online/uploads/y/94a8435b7affd959/mp3/007-glava-06.mp3',NULL,'007_Glava 06'),
	(155,10,'1631','https://srv7.abookfiles.online/uploads/y/94a8435b7affd959/mp3/008-glava-07.mp3',NULL,'008_Glava 07'),
	(156,10,'1445','https://srv7.abookfiles.online/uploads/y/94a8435b7affd959/mp3/009-glava-08.mp3',NULL,'009_Glava 08'),
	(157,10,'1558','https://srv7.abookfiles.online/uploads/y/94a8435b7affd959/mp3/010-glava-09.mp3',NULL,'010_Glava 09'),
	(158,10,'1879','https://srv7.abookfiles.online/uploads/y/94a8435b7affd959/mp3/011-glava-10.mp3',NULL,'011_Glava 10'),
	(159,10,'1366','https://srv7.abookfiles.online/uploads/y/94a8435b7affd959/mp3/012-glava-11.mp3',NULL,'012_Glava 11'),
	(160,10,'1246','https://srv7.abookfiles.online/uploads/y/94a8435b7affd959/mp3/013-glava-12.mp3',NULL,'013_Glava 12'),
	(161,10,'2399','https://srv7.abookfiles.online/uploads/y/94a8435b7affd959/mp3/014-glava-13.mp3',NULL,'014_Glava 13'),
	(162,10,'1666','https://srv7.abookfiles.online/uploads/y/94a8435b7affd959/mp3/015-glava-14.mp3',NULL,'015_Glava 14'),
	(163,10,'574','https://srv7.abookfiles.online/uploads/y/94a8435b7affd959/mp3/016-glava-15.mp3',NULL,'016_Glava 15'),
	(164,10,'2045','https://srv7.abookfiles.online/uploads/y/94a8435b7affd959/mp3/017-glava-16.mp3',NULL,'017_Glava 16'),
	(165,10,'2180','https://srv7.abookfiles.online/uploads/y/94a8435b7affd959/mp3/018-glava-17.mp3',NULL,'018_Glava 17'),
	(166,10,'1474','https://srv7.abookfiles.online/uploads/y/94a8435b7affd959/mp3/019-glava-18.mp3',NULL,'019_Glava 18'),
	(167,10,'2838','https://srv7.abookfiles.online/uploads/y/94a8435b7affd959/mp3/020-glava-19.mp3',NULL,'020_Glava 19'),
	(168,10,'2561','https://srv7.abookfiles.online/uploads/y/94a8435b7affd959/mp3/021-glava-20.mp3',NULL,'021_Glava 20'),
	(169,10,'2885','https://srv7.abookfiles.online/uploads/y/94a8435b7affd959/mp3/022-glava-21.mp3',NULL,'022_Glava 21'),
	(170,10,'1396','https://srv7.abookfiles.online/uploads/y/94a8435b7affd959/mp3/023-glava-22.mp3',NULL,'023_Glava 22'),
	(171,10,'2263','https://srv7.abookfiles.online/uploads/y/94a8435b7affd959/mp3/024-glava-23.mp3',NULL,'024_Glava 23'),
	(172,10,'867','https://srv7.abookfiles.online/uploads/y/94a8435b7affd959/mp3/025-glava-24.mp3',NULL,'025_Glava 24'),
	(173,10,'2616','https://srv7.abookfiles.online/uploads/y/94a8435b7affd959/mp3/026-glava-25.mp3',NULL,'026_Glava 25'),
	(174,10,'2434','https://srv7.abookfiles.online/uploads/y/94a8435b7affd959/mp3/027-glava-26.mp3',NULL,'027_Glava 26'),
	(175,10,'2096','https://srv7.abookfiles.online/uploads/y/94a8435b7affd959/mp3/028-glava-27.mp3',NULL,'028_Glava 27'),
	(176,10,'2629','https://srv7.abookfiles.online/uploads/y/94a8435b7affd959/mp3/029-glava-28.mp3',NULL,'029_Glava 28'),
	(177,10,'1917','https://srv7.abookfiles.online/uploads/y/94a8435b7affd959/mp3/030-glava-29.mp3',NULL,'030_Glava 29'),
	(178,10,'2187','https://srv7.abookfiles.online/uploads/y/94a8435b7affd959/mp3/031-glava-30.mp3',NULL,'031_Glava 30'),
	(179,10,'1091','https://srv7.abookfiles.online/uploads/y/94a8435b7affd959/mp3/032-epilog.mp3',NULL,'032_Epilog'),
	(180,10,'604','https://srv7.abookfiles.online/uploads/y/94a8435b7affd959/mp3/033-blagodarnosti.mp3',NULL,'033_Blagodarnosti'),
	(181,11,'29','https://srv5.abookfiles.online/uploads/z/9eec0a2f73b2b85c/mp3/00-00-muravyov-v-moskovskie-legendy-dadyko-s.mp3',NULL,'00_00_MuravYov_V_Moskovskie_legendy_Dadyko_S'),
	(182,11,'70','https://srv5.abookfiles.online/uploads/z/9eec0a2f73b2b85c/mp3/00-01-annotatsiya.mp3',NULL,'00_01_Annotatsiya'),
	(183,11,'138','https://srv5.abookfiles.online/uploads/z/9eec0a2f73b2b85c/mp3/00-02-oglavlenie.mp3',NULL,'00_02_Oglavlenie'),
	(184,11,'331','https://srv5.abookfiles.online/uploads/z/9eec0a2f73b2b85c/mp3/00-03-ot-avtora.mp3',NULL,'00_03_Ot avtora'),
	(185,11,'1421','https://srv5.abookfiles.online/uploads/z/9eec0a2f73b2b85c/mp3/01-kaby-ne-troitskaya-doroga-ne-bylo-by-i-moskvy.mp3',NULL,'01_Kaby ne Troitskaya doroga, ne bylo by i Moskvy'),
	(186,11,'1164','https://srv5.abookfiles.online/uploads/z/9eec0a2f73b2b85c/mp3/02-01-voskresenskie-vorota-iverskaya-chasovnya.mp3',NULL,'02_01_Voskresenskie vorota. Iverskaya chasovnya'),
	(187,11,'1463','https://srv5.abookfiles.online/uploads/z/9eec0a2f73b2b85c/mp3/02-02-voskresenskie-vorota-iverskaya-chasovnya.mp3',NULL,'02_02_Voskresenskie vorota. Iverskaya chasovnya'),
	(188,11,'1530','https://srv5.abookfiles.online/uploads/z/9eec0a2f73b2b85c/mp3/02-03-voskresenskie-vorota-iverskaya-chasovnya.mp3',NULL,'02_03_Voskresenskie vorota. Iverskaya chasovnya'),
	(189,11,'1107','https://srv5.abookfiles.online/uploads/z/9eec0a2f73b2b85c/mp3/03-01-voskresenskiy-proezd.mp3',NULL,'03_01_Voskresenskiy proezd'),
	(190,11,'1270','https://srv5.abookfiles.online/uploads/z/9eec0a2f73b2b85c/mp3/03-02-voskresenskiy-proezd.mp3',NULL,'03_02_Voskresenskiy proezd'),
	(191,11,'1092','https://srv5.abookfiles.online/uploads/z/9eec0a2f73b2b85c/mp3/03-03-voskresenskiy-proezd.mp3',NULL,'03_03_Voskresenskiy proezd'),
	(192,11,'1122','https://srv5.abookfiles.online/uploads/z/9eec0a2f73b2b85c/mp3/03-04-voskresenskiy-proezd.mp3',NULL,'03_04_Voskresenskiy proezd'),
	(193,11,'1157','https://srv5.abookfiles.online/uploads/z/9eec0a2f73b2b85c/mp3/03-05-voskresenskiy-proezd.mp3',NULL,'03_05_Voskresenskiy proezd'),
	(194,11,'1021','https://srv5.abookfiles.online/uploads/z/9eec0a2f73b2b85c/mp3/04-01-nikolskaya-ulitsa.mp3',NULL,'04_01_Nikolskaya ulitsa'),
	(195,11,'1047','https://srv5.abookfiles.online/uploads/z/9eec0a2f73b2b85c/mp3/04-02-nikolskaya-ulitsa.mp3',NULL,'04_02_Nikolskaya ulitsa'),
	(196,11,'1360','https://srv5.abookfiles.online/uploads/z/9eec0a2f73b2b85c/mp3/04-03-nikolskaya-ulitsa.mp3',NULL,'04_03_Nikolskaya ulitsa'),
	(197,11,'955','https://srv5.abookfiles.online/uploads/z/9eec0a2f73b2b85c/mp3/04-04-nikolskaya-ulitsa.mp3',NULL,'04_04_Nikolskaya ulitsa'),
	(198,11,'1223','https://srv5.abookfiles.online/uploads/z/9eec0a2f73b2b85c/mp3/04-05-nikolskaya-ulitsa.mp3',NULL,'04_05_Nikolskaya ulitsa'),
	(199,11,'911','https://srv5.abookfiles.online/uploads/z/9eec0a2f73b2b85c/mp3/05-01-u-nikolskih-vorot.mp3',NULL,'05_01_U Nikolskih vorot'),
	(200,11,'1413','https://srv5.abookfiles.online/uploads/z/9eec0a2f73b2b85c/mp3/05-02-u-nikolskih-vorot.mp3',NULL,'05_02_U Nikolskih vorot'),
	(201,11,'1642','https://srv5.abookfiles.online/uploads/z/9eec0a2f73b2b85c/mp3/05-03-u-nikolskih-vorot.mp3',NULL,'05_03_U Nikolskih vorot'),
	(202,11,'1694','https://srv5.abookfiles.online/uploads/z/9eec0a2f73b2b85c/mp3/05-04-u-nikolskih-vorot.mp3',NULL,'05_04_U Nikolskih vorot'),
	(203,11,'1790','https://srv5.abookfiles.online/uploads/z/9eec0a2f73b2b85c/mp3/06-01-lubyanskaya-ploschad-starye-vremena.mp3',NULL,'06_01_Lubyanskaya ploschad — starye vremena'),
	(204,11,'1131','https://srv5.abookfiles.online/uploads/z/9eec0a2f73b2b85c/mp3/06-02-lubyanskaya-ploschad-starye-vremena.mp3',NULL,'06_02_Lubyanskaya ploschad — starye vremena'),
	(205,11,'1181','https://srv5.abookfiles.online/uploads/z/9eec0a2f73b2b85c/mp3/06-03-lubyanskaya-ploschad-starye-vremena.mp3',NULL,'06_03_Lubyanskaya ploschad — starye vremena'),
	(206,11,'1559','https://srv5.abookfiles.online/uploads/z/9eec0a2f73b2b85c/mp3/07-01-lubyanskaya-ploschad-vremena-novye.mp3',NULL,'07_01_Lubyanskaya ploschad — vremena novye'),
	(207,11,'1058','https://srv5.abookfiles.online/uploads/z/9eec0a2f73b2b85c/mp3/07-02-lubyanskaya-ploschad-vremena-novye.mp3',NULL,'07_02_Lubyanskaya ploschad — vremena novye'),
	(208,11,'1028','https://srv5.abookfiles.online/uploads/z/9eec0a2f73b2b85c/mp3/07-03-lubyanskaya-ploschad-vremena-novye.mp3',NULL,'07_03_Lubyanskaya ploschad — vremena novye'),
	(209,11,'1339','https://srv5.abookfiles.online/uploads/z/9eec0a2f73b2b85c/mp3/07-04-lubyanskaya-ploschad-vremena-novye.mp3',NULL,'07_04_Lubyanskaya ploschad — vremena novye'),
	(210,11,'931','https://srv5.abookfiles.online/uploads/z/9eec0a2f73b2b85c/mp3/08-01-bolshaya-lubyanka.mp3',NULL,'08_01_Bolshaya Lubyanka'),
	(211,11,'943','https://srv5.abookfiles.online/uploads/z/9eec0a2f73b2b85c/mp3/08-02-bolshaya-lubyanka.mp3',NULL,'08_02_Bolshaya Lubyanka'),
	(212,11,'1430','https://srv5.abookfiles.online/uploads/z/9eec0a2f73b2b85c/mp3/08-03-bolshaya-lubyanka.mp3',NULL,'08_03_Bolshaya Lubyanka'),
	(213,11,'2171','https://srv5.abookfiles.online/uploads/z/9eec0a2f73b2b85c/mp3/09-usadba-knyazya-pozharskogo-vvedenskiy-ostrozhek.mp3',NULL,'09_Usadba knyazya Pozharskogo. Vvedenskiy ostrozhek'),
	(214,11,'966','https://srv5.abookfiles.online/uploads/z/9eec0a2f73b2b85c/mp3/10-01-dom-grafa-rostopchina.mp3',NULL,'10_01_Dom grafa Rostopchina'),
	(215,11,'992','https://srv5.abookfiles.online/uploads/z/9eec0a2f73b2b85c/mp3/10-02-dom-grafa-rostopchina.mp3',NULL,'10_02_Dom grafa Rostopchina'),
	(216,11,'966','https://srv5.abookfiles.online/uploads/z/9eec0a2f73b2b85c/mp3/10-03-dom-grafa-rostopchina.mp3',NULL,'10_03_Dom grafa Rostopchina'),
	(217,11,'993','https://srv5.abookfiles.online/uploads/z/9eec0a2f73b2b85c/mp3/10-04-dom-grafa-rostopchina.mp3',NULL,'10_04_Dom grafa Rostopchina'),
	(218,11,'917','https://srv5.abookfiles.online/uploads/z/9eec0a2f73b2b85c/mp3/10-05-dom-grafa-rostopchina.mp3',NULL,'10_05_Dom grafa Rostopchina'),
	(219,11,'939','https://srv5.abookfiles.online/uploads/z/9eec0a2f73b2b85c/mp3/10-06-dom-grafa-rostopchina.mp3',NULL,'10_06_Dom grafa Rostopchina'),
	(220,11,'1453','https://srv5.abookfiles.online/uploads/z/9eec0a2f73b2b85c/mp3/10-07-dom-grafa-rostopchina.mp3',NULL,'10_07_Dom grafa Rostopchina'),
	(221,11,'1067','https://srv5.abookfiles.online/uploads/z/9eec0a2f73b2b85c/mp3/11-01-v-etom-zdanii-rabotal-f-e-dzerzhinskiy.mp3',NULL,'11_01_V etom zdanii rabotal F. E. Dzerzhinskiy'),
	(222,11,'1657','https://srv5.abookfiles.online/uploads/z/9eec0a2f73b2b85c/mp3/11-02-v-etom-zdanii-rabotal-f-e-dzerzhinskiy.mp3',NULL,'11_02_V etom zdanii rabotal F. E. Dzerzhinskiy'),
	(223,11,'1136','https://srv5.abookfiles.online/uploads/z/9eec0a2f73b2b85c/mp3/11-03-v-etom-zdanii-rabotal-f-e-dzerzhinskiy.mp3',NULL,'11_03_V etom zdanii rabotal F. E. Dzerzhinskiy'),
	(224,11,'1602','https://srv5.abookfiles.online/uploads/z/9eec0a2f73b2b85c/mp3/11-04-v-etom-zdanii-rabotal-f-e-dzerzhinskiy.mp3',NULL,'11_04_V etom zdanii rabotal F. E. Dzerzhinskiy'),
	(225,11,'1355','https://srv5.abookfiles.online/uploads/z/9eec0a2f73b2b85c/mp3/11-05-v-etom-zdanii-rabotal-f-e-dzerzhinskiy.mp3',NULL,'11_05_V etom zdanii rabotal F. E. Dzerzhinskiy'),
	(226,11,'1688','https://srv5.abookfiles.online/uploads/z/9eec0a2f73b2b85c/mp3/11-06-v-etom-zdanii-rabotal-f-e-dzerzhinskiy.mp3',NULL,'11_06_V etom zdanii rabotal F. E. Dzerzhinskiy'),
	(227,11,'941','https://srv5.abookfiles.online/uploads/z/9eec0a2f73b2b85c/mp3/12-01-pole-na-velikoy-doroge.mp3',NULL,'12_01_Pole na velikoy doroge'),
	(228,11,'1303','https://srv5.abookfiles.online/uploads/z/9eec0a2f73b2b85c/mp3/12-02-pole-na-velikoy-doroge.mp3',NULL,'12_02_Pole na velikoy doroge'),
	(229,11,'1689','https://srv5.abookfiles.online/uploads/z/9eec0a2f73b2b85c/mp3/12-03-pole-na-velikoy-doroge.mp3',NULL,'12_03_Pole na velikoy doroge'),
	(230,11,'1049','https://srv5.abookfiles.online/uploads/z/9eec0a2f73b2b85c/mp3/13-01-sretenskiy-monastyr.mp3',NULL,'13_01_Sretenskiy monastyr'),
	(231,11,'1758','https://srv5.abookfiles.online/uploads/z/9eec0a2f73b2b85c/mp3/13-02-sretenskiy-monastyr.mp3',NULL,'13_02_Sretenskiy monastyr'),
	(232,11,'1096','https://srv5.abookfiles.online/uploads/z/9eec0a2f73b2b85c/mp3/13-03-sretenskiy-monastyr.mp3',NULL,'13_03_Sretenskiy monastyr'),
	(233,11,'1222','https://srv5.abookfiles.online/uploads/z/9eec0a2f73b2b85c/mp3/14-01-mezhdu-lubyankoy-i-sretenkoy.mp3',NULL,'14_01_Mezhdu Lubyankoy i Sretenkoy'),
	(234,11,'1503','https://srv5.abookfiles.online/uploads/z/9eec0a2f73b2b85c/mp3/14-02-mezhdu-lubyankoy-i-sretenkoy.mp3',NULL,'14_02_Mezhdu Lubyankoy i Sretenkoy'),
	(235,11,'1073','https://srv5.abookfiles.online/uploads/z/9eec0a2f73b2b85c/mp3/15-01-sobstvenno-sretenka.mp3',NULL,'15_01_Sobstvenno Sretenka'),
	(236,11,'1321','https://srv5.abookfiles.online/uploads/z/9eec0a2f73b2b85c/mp3/15-02-sobstvenno-sretenka.mp3',NULL,'15_02_Sobstvenno Sretenka'),
	(237,11,'1408','https://srv5.abookfiles.online/uploads/z/9eec0a2f73b2b85c/mp3/15-03-sobstvenno-sretenka.mp3',NULL,'15_03_Sobstvenno Sretenka'),
	(238,11,'1356','https://srv5.abookfiles.online/uploads/z/9eec0a2f73b2b85c/mp3/15-04-sobstvenno-sretenka.mp3',NULL,'15_04_Sobstvenno Sretenka'),
	(239,11,'1412','https://srv5.abookfiles.online/uploads/z/9eec0a2f73b2b85c/mp3/15-05-sobstvenno-sretenka.mp3',NULL,'15_05_Sobstvenno Sretenka'),
	(240,11,'1359','https://srv5.abookfiles.online/uploads/z/9eec0a2f73b2b85c/mp3/15-06-sobstvenno-sretenka.mp3',NULL,'15_06_Sobstvenno Sretenka'),
	(241,11,'1087','https://srv5.abookfiles.online/uploads/z/9eec0a2f73b2b85c/mp3/15-07-sobstvenno-sretenka.mp3',NULL,'15_07_Sobstvenno Sretenka'),
	(242,11,'1988','https://srv5.abookfiles.online/uploads/z/9eec0a2f73b2b85c/mp3/16-suharevskaya-ploschad.mp3',NULL,'16_Suharevskaya ploschad'),
	(243,11,'1273','https://srv5.abookfiles.online/uploads/z/9eec0a2f73b2b85c/mp3/17-predystoriya-suharevoy-bashni.mp3',NULL,'17_Predystoriya Suharevoy bashni'),
	(244,11,'1204','https://srv5.abookfiles.online/uploads/z/9eec0a2f73b2b85c/mp3/18-01-postroyka-suharevoy-bashni.mp3',NULL,'18_01_Postroyka Suharevoy bashni'),
	(245,11,'1057','https://srv5.abookfiles.online/uploads/z/9eec0a2f73b2b85c/mp3/18-02-postroyka-suharevoy-bashni.mp3',NULL,'18_02_Postroyka Suharevoy bashni'),
	(246,11,'1348','https://srv5.abookfiles.online/uploads/z/9eec0a2f73b2b85c/mp3/19-navigatskaya-shkola.mp3',NULL,'19_Navigatskaya shkola'),
	(247,11,'2191','https://srv5.abookfiles.online/uploads/z/9eec0a2f73b2b85c/mp3/20-imya-petra-nachertano-na-ee-mshistom-chele.mp3',NULL,'20_«Imya Petra nachertano na ee mshistom chele…»'),
	(248,11,'2267','https://srv5.abookfiles.online/uploads/z/9eec0a2f73b2b85c/mp3/21-nevesta-ivana-velikogo.mp3',NULL,'21_Nevesta Ivana Velikogo'),
	(249,11,'1628','https://srv5.abookfiles.online/uploads/z/9eec0a2f73b2b85c/mp3/22-01-legendy-suharevoy-bashni.mp3',NULL,'22_01_Legendy Suharevoy bashni'),
	(250,11,'1635','https://srv5.abookfiles.online/uploads/z/9eec0a2f73b2b85c/mp3/22-02-smert-bryusa.mp3',NULL,'22_02_Smert Bryusa'),
	(251,11,'907','https://srv5.abookfiles.online/uploads/z/9eec0a2f73b2b85c/mp3/23-01-suharevka.mp3',NULL,'23_01_Suharevka'),
	(252,11,'1328','https://srv5.abookfiles.online/uploads/z/9eec0a2f73b2b85c/mp3/23-02-suharevka.mp3',NULL,'23_02_Suharevka'),
	(253,11,'1547','https://srv5.abookfiles.online/uploads/z/9eec0a2f73b2b85c/mp3/23-03-suharevka.mp3',NULL,'23_03_Suharevka'),
	(254,11,'2005','https://srv5.abookfiles.online/uploads/z/9eec0a2f73b2b85c/mp3/24-tragediya-suharevoy-bashni.mp3',NULL,'24_Tragediya Suharevoy bashni'),
	(255,11,'1648','https://srv5.abookfiles.online/uploads/z/9eec0a2f73b2b85c/mp3/25-chernaya-kniga-ili-nastoyaschaya-prichina-razrusheniya-suharevoy-bashni.mp3',NULL,'25_Chernaya kniga, ili Nastoyaschaya prichina razrusheniya Suharevoy bashni'),
	(256,11,'1741','https://srv5.abookfiles.online/uploads/z/9eec0a2f73b2b85c/mp3/26-01-vosstanovite-suharevu-bashnyu.mp3',NULL,'26_01_«Vosstanovite Suharevu bashnyu!»'),
	(257,11,'1682','https://srv5.abookfiles.online/uploads/z/9eec0a2f73b2b85c/mp3/26-02-vosstanovite-suharevu-bashnyu.mp3',NULL,'26_02_«Vosstanovite Suharevu bashnyu!»'),
	(258,11,'1486','https://srv5.abookfiles.online/uploads/z/9eec0a2f73b2b85c/mp3/27-01-meschanskaya-sloboda.mp3',NULL,'27_01_Meschanskaya sloboda'),
	(259,11,'1730','https://srv5.abookfiles.online/uploads/z/9eec0a2f73b2b85c/mp3/27-02-meschanskaya-sloboda.mp3',NULL,'27_02_Meschanskaya sloboda'),
	(260,11,'928','https://srv5.abookfiles.online/uploads/z/9eec0a2f73b2b85c/mp3/28-01-prospekt-mira-nechetnaya-storona.mp3',NULL,'28_01_Prospekt Mira. Nechetnaya storona'),
	(261,11,'1053','https://srv5.abookfiles.online/uploads/z/9eec0a2f73b2b85c/mp3/28-02-prospekt-mira-nechetnaya-storona.mp3',NULL,'28_02_Prospekt Mira. Nechetnaya storona'),
	(262,11,'1161','https://srv5.abookfiles.online/uploads/z/9eec0a2f73b2b85c/mp3/28-03-prospekt-mira-nechetnaya-storona.mp3',NULL,'28_03_Prospekt Mira. Nechetnaya storona'),
	(263,11,'931','https://srv5.abookfiles.online/uploads/z/9eec0a2f73b2b85c/mp3/28-04-prospekt-mira-nechetnaya-storona.mp3',NULL,'28_04_Prospekt Mira. Nechetnaya storona'),
	(264,11,'1681','https://srv5.abookfiles.online/uploads/z/9eec0a2f73b2b85c/mp3/28-05-prospekt-mira-nechetnaya-storona.mp3',NULL,'28_05_Prospekt Mira. Nechetnaya storona'),
	(265,11,'1304','https://srv5.abookfiles.online/uploads/z/9eec0a2f73b2b85c/mp3/28-06-prospekt-mira-nechetnaya-storona.mp3',NULL,'28_06_Prospekt Mira. Nechetnaya storona'),
	(266,11,'1022','https://srv5.abookfiles.online/uploads/z/9eec0a2f73b2b85c/mp3/28-07-prospekt-mira-nechetnaya-storona.mp3',NULL,'28_07_Prospekt Mira. Nechetnaya storona'),
	(267,11,'1775','https://srv5.abookfiles.online/uploads/z/9eec0a2f73b2b85c/mp3/29-01-prospekt-mira-chetnaya-storona.mp3',NULL,'29_01_Prospekt Mira. Chetnaya storona'),
	(268,11,'903','https://srv5.abookfiles.online/uploads/z/9eec0a2f73b2b85c/mp3/29-02-prospekt-mira-chetnaya-storona.mp3',NULL,'29_02_Prospekt Mira. Chetnaya storona'),
	(269,11,'970','https://srv5.abookfiles.online/uploads/z/9eec0a2f73b2b85c/mp3/29-03-prospekt-mira-chetnaya-storona.mp3',NULL,'29_03_Prospekt Mira. Chetnaya storona'),
	(270,11,'1047','https://srv5.abookfiles.online/uploads/z/9eec0a2f73b2b85c/mp3/29-04-prospekt-mira-chetnaya-storona.mp3',NULL,'29_04_Prospekt Mira. Chetnaya storona'),
	(271,11,'1560','https://srv5.abookfiles.online/uploads/z/9eec0a2f73b2b85c/mp3/29-05-prospekt-mira-chetnaya-storona.mp3',NULL,'29_05_Prospekt Mira. Chetnaya storona'),
	(272,11,'1201','https://srv5.abookfiles.online/uploads/z/9eec0a2f73b2b85c/mp3/29-06-prospekt-mira-chetnaya-storona.mp3',NULL,'29_06_Prospekt Mira. Chetnaya storona'),
	(273,11,'1789','https://srv5.abookfiles.online/uploads/z/9eec0a2f73b2b85c/mp3/30-01-krestovskaya-zastava.mp3',NULL,'30_01_Krestovskaya zastava'),
	(274,11,'1630','https://srv5.abookfiles.online/uploads/z/9eec0a2f73b2b85c/mp3/30-02-krestovskaya-zastava.mp3',NULL,'30_02_Krestovskaya zastava'),
	(275,11,'918','https://srv5.abookfiles.online/uploads/z/9eec0a2f73b2b85c/mp3/31-01-pyatnitskoe-kladbische.mp3',NULL,'31_01_Pyatnitskoe kladbische'),
	(276,11,'984','https://srv5.abookfiles.online/uploads/z/9eec0a2f73b2b85c/mp3/31-02-pyatnitskoe-kladbische.mp3',NULL,'31_02_Pyatnitskoe kladbische'),
	(277,11,'1291','https://srv5.abookfiles.online/uploads/z/9eec0a2f73b2b85c/mp3/31-03-pyatnitskoe-kladbische.mp3',NULL,'31_03_Pyatnitskoe kladbische'),
	(278,11,'2387','https://srv5.abookfiles.online/uploads/z/9eec0a2f73b2b85c/mp3/32-alekseevskoe.mp3',NULL,'32_Alekseevskoe'),
	(279,11,'1788','https://srv5.abookfiles.online/uploads/z/9eec0a2f73b2b85c/mp3/33-01-pod-znakom-vodoleya.mp3',NULL,'33_01_Pod znakom Vodoleya'),
	(280,11,'1179','https://srv5.abookfiles.online/uploads/z/9eec0a2f73b2b85c/mp3/33-02-pod-znakom-vodoleya.mp3',NULL,'33_02_Pod znakom Vodoleya'),
	(281,11,'1424','https://srv5.abookfiles.online/uploads/z/9eec0a2f73b2b85c/mp3/33-03-pod-znakom-vodoleya.mp3',NULL,'33_03_Pod znakom Vodoleya'),
	(282,11,'2275','https://srv5.abookfiles.online/uploads/z/9eec0a2f73b2b85c/mp3/34-rostokino.mp3',NULL,'34_Rostokino'),
	(283,11,'1103','https://srv5.abookfiles.online/uploads/z/9eec0a2f73b2b85c/mp3/35-dachnaya-yauza.mp3',NULL,'35_Dachnaya Yauza'),
	(284,11,'1561','https://srv5.abookfiles.online/uploads/z/9eec0a2f73b2b85c/mp3/36-leonovo.mp3',NULL,'36_Leonovo'),
	(285,11,'1981','https://srv5.abookfiles.online/uploads/z/9eec0a2f73b2b85c/mp3/37-sviblovo.mp3',NULL,'37_Sviblovo'),
	(286,11,'1628','https://srv5.abookfiles.online/uploads/z/9eec0a2f73b2b85c/mp3/38-medvedkovo.mp3',NULL,'38_Medvedkovo'),
	(287,11,'1672','https://srv5.abookfiles.online/uploads/z/9eec0a2f73b2b85c/mp3/39-yaroslavskoe-shosse.mp3',NULL,'39_Yaroslavskoe shosse'),
	(288,12,'2916','https://a3.akniga.cc/uploads/z/90483e450e30857b/mp3/01.mp3',NULL,'01'),
	(289,12,'3272','https://a3.akniga.cc/uploads/z/90483e450e30857b/mp3/02.mp3',NULL,'02'),
	(290,12,'5233','https://a3.akniga.cc/uploads/z/90483e450e30857b/mp3/03.mp3',NULL,'03'),
	(291,12,'5525','https://a3.akniga.cc/uploads/z/90483e450e30857b/mp3/04.mp3',NULL,'04'),
	(292,12,'4737','https://a3.akniga.cc/uploads/z/90483e450e30857b/mp3/05.mp3',NULL,'05'),
	(293,12,'4477','https://a3.akniga.cc/uploads/z/90483e450e30857b/mp3/06.mp3',NULL,'06'),
	(294,12,'5966','https://a3.akniga.cc/uploads/z/90483e450e30857b/mp3/07.mp3',NULL,'07'),
	(295,12,'5050','https://a3.akniga.cc/uploads/z/90483e450e30857b/mp3/08.mp3',NULL,'08'),
	(296,12,'5348','https://a3.akniga.cc/uploads/z/90483e450e30857b/mp3/09.mp3',NULL,'09'),
	(297,12,'5055','https://a3.akniga.cc/uploads/z/90483e450e30857b/mp3/10.mp3',NULL,'10'),
	(298,12,'4129','https://a3.akniga.cc/uploads/z/90483e450e30857b/mp3/11.mp3',NULL,'11'),
	(299,12,'3388','https://a3.akniga.cc/uploads/z/90483e450e30857b/mp3/12.mp3',NULL,'12'),
	(300,13,'31','https://srv7.abookfiles.online/uploads/z/b194c8edbd27fbbc/mp3/00-00-nilson-m-tsatsiki-i-ego-semya-brotskaya-l.mp3',NULL,'00_00_Nilson_M_Tsatsiki_i_ego_semya_Brotskaya_L'),
	(301,13,'37','https://srv7.abookfiles.online/uploads/z/b194c8edbd27fbbc/mp3/00-01-annotatsiya.mp3',NULL,'00_01_Annotatsiya'),
	(302,13,'78','https://srv7.abookfiles.online/uploads/z/b194c8edbd27fbbc/mp3/00-02-oglavlenie.mp3',NULL,'00_02_Oglavlenie'),
	(303,13,'220','https://srv7.abookfiles.online/uploads/z/b194c8edbd27fbbc/mp3/01-vopl-schastya.mp3',NULL,'01_Vopl schastya'),
	(304,13,'311','https://srv7.abookfiles.online/uploads/z/b194c8edbd27fbbc/mp3/02-agios-ammos.mp3',NULL,'02_Agios Ammos'),
	(305,13,'310','https://srv7.abookfiles.online/uploads/z/b194c8edbd27fbbc/mp3/03-rodstvennichki.mp3',NULL,'03_Rodstvennichki'),
	(306,13,'400','https://srv7.abookfiles.online/uploads/z/b194c8edbd27fbbc/mp3/04-papa-lovets-karakatits.mp3',NULL,'04_Papa Lovets karakatits'),
	(307,13,'414','https://srv7.abookfiles.online/uploads/z/b194c8edbd27fbbc/mp3/05-kalle-mera.mp3',NULL,'05_Kalle mera'),
	(308,13,'281','https://srv7.abookfiles.online/uploads/z/b194c8edbd27fbbc/mp3/06-ohota-na-karakatits.mp3',NULL,'06_Ohota na karakatits'),
	(309,13,'438','https://srv7.abookfiles.online/uploads/z/b194c8edbd27fbbc/mp3/07-tsatsiki-pishet-kartinu.mp3',NULL,'07_Tsatsiki pishet kartinu'),
	(310,13,'340','https://srv7.abookfiles.online/uploads/z/b194c8edbd27fbbc/mp3/08-dotyanutsya-do-zvezd.mp3',NULL,'08_Dotyanutsya do zvezd'),
	(311,13,'319','https://srv7.abookfiles.online/uploads/z/b194c8edbd27fbbc/mp3/09-kuzina.mp3',NULL,'09_Kuzina'),
	(312,13,'456','https://srv7.abookfiles.online/uploads/z/b194c8edbd27fbbc/mp3/10-chem-opasnee-tem-luchshe.mp3',NULL,'10_Chem opasnee, tem luchshe'),
	(313,13,'385','https://srv7.abookfiles.online/uploads/z/b194c8edbd27fbbc/mp3/11-pervyy-potseluy.mp3',NULL,'11_Pervyy potseluy'),
	(314,13,'473','https://srv7.abookfiles.online/uploads/z/b194c8edbd27fbbc/mp3/12-domoy.mp3',NULL,'12_Domoy'),
	(315,13,'389','https://srv7.abookfiles.online/uploads/z/b194c8edbd27fbbc/mp3/13-ukrotitel-muh.mp3',NULL,'13_Ukrotitel muh'),
	(316,13,'254','https://srv7.abookfiles.online/uploads/z/b194c8edbd27fbbc/mp3/14-pyatoe-ispytanie.mp3',NULL,'14_Pyatoe ispytanie'),
	(317,13,'374','https://srv7.abookfiles.online/uploads/z/b194c8edbd27fbbc/mp3/15-sinie-guby-i-potseluy-s-pritsepom.mp3',NULL,'15_Sinie guby i potseluy s pritsepom'),
	(318,13,'449','https://srv7.abookfiles.online/uploads/z/b194c8edbd27fbbc/mp3/16-strashnaya-novost.mp3',NULL,'16_Strashnaya novost'),
	(319,13,'412','https://srv7.abookfiles.online/uploads/z/b194c8edbd27fbbc/mp3/17-budil.mp3',NULL,'17_Budil'),
	(320,13,'312','https://srv7.abookfiles.online/uploads/z/b194c8edbd27fbbc/mp3/18-samyy-luchshiy-v-mire.mp3',NULL,'18_Samyy luchshiy v mire'),
	(321,13,'359','https://srv7.abookfiles.online/uploads/z/b194c8edbd27fbbc/mp3/19-ochkovaya-zmeya.mp3',NULL,'19_Ochkovaya zmeya'),
	(322,13,'398','https://srv7.abookfiles.online/uploads/z/b194c8edbd27fbbc/mp3/20-odni-doma.mp3',NULL,'20_Odni doma'),
	(323,13,'395','https://srv7.abookfiles.online/uploads/z/b194c8edbd27fbbc/mp3/21-vor-domushnik.mp3',NULL,'21_Vor-domushnik'),
	(324,13,'301','https://srv7.abookfiles.online/uploads/z/b194c8edbd27fbbc/mp3/22-razboynichki-i-dushegubchiki.mp3',NULL,'22_Razboynichki i dushegubchiki'),
	(325,13,'395','https://srv7.abookfiles.online/uploads/z/b194c8edbd27fbbc/mp3/23-mokrye-prostyni.mp3',NULL,'23_Mokrye prostyni'),
	(326,13,'300','https://srv7.abookfiles.online/uploads/z/b194c8edbd27fbbc/mp3/24-morten-pyanaya-krysa.mp3',NULL,'24_Morten Pyanaya Krysa'),
	(327,13,'325','https://srv7.abookfiles.online/uploads/z/b194c8edbd27fbbc/mp3/25-razbitoe-serdtse.mp3',NULL,'25_Razbitoe serdtse'),
	(328,13,'259','https://srv7.abookfiles.online/uploads/z/b194c8edbd27fbbc/mp3/26-voyna.mp3',NULL,'26_Voyna'),
	(329,13,'440','https://srv7.abookfiles.online/uploads/z/b194c8edbd27fbbc/mp3/27-poslushnye-deti-i-skuchnye-rozhdestvenskie-kanikuly.mp3',NULL,'27_Poslushnye deti i skuchnye rozhdestvenskie kanikuly'),
	(330,13,'336','https://srv7.abookfiles.online/uploads/z/b194c8edbd27fbbc/mp3/28-shpiony-na-vecherinke.mp3',NULL,'28_Shpiony na vecherinke'),
	(331,13,'462','https://srv7.abookfiles.online/uploads/z/b194c8edbd27fbbc/mp3/29-svadba.mp3',NULL,'29_Svadba'),
	(332,13,'198','https://srv7.abookfiles.online/uploads/z/b194c8edbd27fbbc/mp3/30-nastoyaschaya-semya.mp3',NULL,'30_Nastoyaschaya semya'),
	(333,14,'516','https://srv4.abookfiles.online/uploads/z/112e8d86fcdac6c1/mp3/otsuru-da-ja-pauk-i-chto-zhe-glava-218.mp3',NULL,'Otsuru - Да, я паук, и что же Глава 218'),
	(334,14,'432','https://srv4.abookfiles.online/uploads/z/112e8d86fcdac6c1/mp3/otsuru-da-ja-pauk-i-chto-zhe-glava-219.mp3',NULL,'Otsuru - Да, я паук, и что же Глава 219'),
	(335,14,'560','https://srv4.abookfiles.online/uploads/z/112e8d86fcdac6c1/mp3/otsuru-da-ja-pauk-i-chto-zhe-glava-220.mp3',NULL,'Otsuru - Да, я паук, и что же Глава 220'),
	(336,14,'397','https://srv4.abookfiles.online/uploads/z/112e8d86fcdac6c1/mp3/otsuru-da-ja-pauk-i-chto-zhe-glava-221.mp3',NULL,'Otsuru - Да, я паук, и что же Глава 221'),
	(337,14,'529','https://srv4.abookfiles.online/uploads/z/112e8d86fcdac6c1/mp3/otsuru-da-ja-pauk-i-chto-zhe-glava-222.mp3',NULL,'Otsuru - Да, я паук, и что же Глава 222'),
	(338,14,'460','https://srv4.abookfiles.online/uploads/z/112e8d86fcdac6c1/mp3/otsuru-da-ja-pauk-i-chto-zhe-glava-223.mp3',NULL,'Otsuru - Да, я паук, и что же Глава 223'),
	(339,14,'428','https://srv4.abookfiles.online/uploads/z/112e8d86fcdac6c1/mp3/otsuru-da-ja-pauk-i-chto-zhe-glava-224.mp3',NULL,'Otsuru - Да, я паук, и что же Глава 224'),
	(340,14,'481','https://srv4.abookfiles.online/uploads/z/112e8d86fcdac6c1/mp3/otsuru-da-ja-pauk-i-chto-zhe-glava-225.mp3',NULL,'Otsuru - Да, я паук, и что же Глава 225'),
	(341,14,'494','https://srv4.abookfiles.online/uploads/z/112e8d86fcdac6c1/mp3/otsuru-da-ja-pauk-i-chto-zhe-glava-226.mp3',NULL,'Otsuru - Да, я паук, и что же Глава 226'),
	(342,14,'430','https://srv4.abookfiles.online/uploads/z/112e8d86fcdac6c1/mp3/otsuru-da-ja-pauk-i-chto-zhe-glava-227.mp3',NULL,'Otsuru - Да, я паук, и что же Глава 227'),
	(343,14,'538','https://srv4.abookfiles.online/uploads/z/112e8d86fcdac6c1/mp3/otsuru-da-ja-pauk-i-chto-zhe-glava-228.mp3',NULL,'Otsuru - Да, я паук, и что же Глава 228'),
	(344,14,'500','https://srv4.abookfiles.online/uploads/z/112e8d86fcdac6c1/mp3/otsuru-da-ja-pauk-i-chto-zhe-glava-229.mp3',NULL,'Otsuru - Да, я паук, и что же Глава 229'),
	(345,14,'588','https://srv4.abookfiles.online/uploads/z/112e8d86fcdac6c1/mp3/otsuru-da-ja-pauk-i-chto-zhe-glava-230.mp3',NULL,'Otsuru - Да, я паук, и что же Глава 230'),
	(346,14,'449','https://srv4.abookfiles.online/uploads/z/112e8d86fcdac6c1/mp3/otsuru-da-ja-pauk-i-chto-zhe-glava-231.mp3',NULL,'Otsuru - Да, я паук, и что же Глава 231'),
	(347,14,'552','https://srv4.abookfiles.online/uploads/z/112e8d86fcdac6c1/mp3/otsuru-da-ja-pauk-i-chto-zhe-glava-232.mp3',NULL,'Otsuru - Да, я паук, и что же Глава 232'),
	(348,14,'386','https://srv4.abookfiles.online/uploads/z/112e8d86fcdac6c1/mp3/otsuru-da-ja-pauk-i-chto-zhe-glava-233.mp3',NULL,'Otsuru - Да, я паук, и что же Глава 233'),
	(349,15,'841','https://srv5.abookfiles.online/uploads/y/a844e8311ad89ede/mp3/01.mp3',NULL,'01'),
	(350,15,'1190','https://srv5.abookfiles.online/uploads/y/a844e8311ad89ede/mp3/02.mp3',NULL,'02'),
	(351,15,'1699','https://srv5.abookfiles.online/uploads/y/a844e8311ad89ede/mp3/03.mp3',NULL,'03'),
	(352,15,'1091','https://srv5.abookfiles.online/uploads/y/a844e8311ad89ede/mp3/04.mp3',NULL,'04'),
	(353,15,'1189','https://srv5.abookfiles.online/uploads/y/a844e8311ad89ede/mp3/05.mp3',NULL,'05'),
	(354,15,'1362','https://srv5.abookfiles.online/uploads/y/a844e8311ad89ede/mp3/06.mp3',NULL,'06'),
	(355,15,'1996','https://srv5.abookfiles.online/uploads/y/a844e8311ad89ede/mp3/07.mp3',NULL,'07'),
	(356,15,'998','https://srv5.abookfiles.online/uploads/y/a844e8311ad89ede/mp3/08.mp3',NULL,'08'),
	(357,15,'1621','https://srv5.abookfiles.online/uploads/y/a844e8311ad89ede/mp3/09.mp3',NULL,'09'),
	(358,15,'1214','https://srv5.abookfiles.online/uploads/y/a844e8311ad89ede/mp3/10.mp3',NULL,'10'),
	(359,15,'837','https://srv5.abookfiles.online/uploads/y/a844e8311ad89ede/mp3/11.mp3',NULL,'11'),
	(360,15,'1359','https://srv5.abookfiles.online/uploads/y/a844e8311ad89ede/mp3/12.mp3',NULL,'12'),
	(361,15,'1767','https://srv5.abookfiles.online/uploads/y/a844e8311ad89ede/mp3/13.mp3',NULL,'13'),
	(362,15,'1194','https://srv5.abookfiles.online/uploads/y/a844e8311ad89ede/mp3/14.mp3',NULL,'14'),
	(363,15,'1190','https://srv5.abookfiles.online/uploads/y/a844e8311ad89ede/mp3/15.mp3',NULL,'15'),
	(364,15,'1002','https://srv5.abookfiles.online/uploads/y/a844e8311ad89ede/mp3/16.mp3',NULL,'16'),
	(365,15,'351','https://srv5.abookfiles.online/uploads/y/a844e8311ad89ede/mp3/17.mp3',NULL,'17'),
	(366,16,'26','https://srv4.abookfiles.online/uploads/z/ae08b94bac60d41a/mp3/00-00-senchin-r-kvartirantka-s-dvumya-detmi-vorobyova-i.mp3',NULL,'00_00_Senchin_R_Kvartirantka_s_dvumya_detmi_VorobYova_I'),
	(367,16,'47','https://srv4.abookfiles.online/uploads/z/ae08b94bac60d41a/mp3/00-01-annotatsiya.mp3',NULL,'00_01_Annotatsiya'),
	(368,16,'44','https://srv4.abookfiles.online/uploads/z/ae08b94bac60d41a/mp3/00-02-soderzhanie.mp3',NULL,'00_02_Soderzhanie'),
	(369,16,'2271','https://srv4.abookfiles.online/uploads/z/ae08b94bac60d41a/mp3/01-arkasha.mp3',NULL,'01_Arkasha'),
	(370,16,'1473','https://srv4.abookfiles.online/uploads/z/ae08b94bac60d41a/mp3/02-vozvrascheniya.mp3',NULL,'02_Vozvrascheniya'),
	(371,16,'2100','https://srv4.abookfiles.online/uploads/z/ae08b94bac60d41a/mp3/03-priblizhayutsya-sumerki.mp3',NULL,'03_Priblizhayutsya sumerki'),
	(372,16,'1357','https://srv4.abookfiles.online/uploads/z/ae08b94bac60d41a/mp3/04-shans.mp3',NULL,'04_Shans'),
	(373,16,'1795','https://srv4.abookfiles.online/uploads/z/ae08b94bac60d41a/mp3/05-banalschina.mp3',NULL,'05_Banalschina'),
	(374,16,'1525','https://srv4.abookfiles.online/uploads/z/ae08b94bac60d41a/mp3/06-shutka.mp3',NULL,'06_Shutka'),
	(375,16,'1124','https://srv4.abookfiles.online/uploads/z/ae08b94bac60d41a/mp3/07-doroga.mp3',NULL,'07_Doroga'),
	(376,16,'1259','https://srv4.abookfiles.online/uploads/z/ae08b94bac60d41a/mp3/08-yolka.mp3',NULL,'08_Yolka'),
	(377,16,'846','https://srv4.abookfiles.online/uploads/z/ae08b94bac60d41a/mp3/09-napryamik.mp3',NULL,'09_Napryamik'),
	(378,16,'956','https://srv4.abookfiles.online/uploads/z/ae08b94bac60d41a/mp3/10-zakoryuchki.mp3',NULL,'10_Zakoryuchki'),
	(379,16,'1564','https://srv4.abookfiles.online/uploads/z/ae08b94bac60d41a/mp3/11-01-pomosch.mp3',NULL,'11_01_Pomosch'),
	(380,16,'1541','https://srv4.abookfiles.online/uploads/z/ae08b94bac60d41a/mp3/11-02-pomosch.mp3',NULL,'11_02_Pomosch'),
	(381,16,'1336','https://srv4.abookfiles.online/uploads/z/ae08b94bac60d41a/mp3/11-03-pomosch.mp3',NULL,'11_03_Pomosch'),
	(382,16,'1129','https://srv4.abookfiles.online/uploads/z/ae08b94bac60d41a/mp3/11-04-pomosch.mp3',NULL,'11_04_Pomosch'),
	(383,16,'1734','https://srv4.abookfiles.online/uploads/z/ae08b94bac60d41a/mp3/12-den-rozhdeniya.mp3',NULL,'12_Den rozhdeniya'),
	(384,16,'2255','https://srv4.abookfiles.online/uploads/z/ae08b94bac60d41a/mp3/13-subbota.mp3',NULL,'13_Subbota'),
	(385,16,'1726','https://srv4.abookfiles.online/uploads/z/ae08b94bac60d41a/mp3/14-01-zhdyom-do-vosmi.mp3',NULL,'14_01_ZhdYom do vosmi'),
	(386,16,'1703','https://srv4.abookfiles.online/uploads/z/ae08b94bac60d41a/mp3/14-02-zhdyom-do-vosmi.mp3',NULL,'14_02_ZhdYom do vosmi'),
	(387,16,'1655','https://srv4.abookfiles.online/uploads/z/ae08b94bac60d41a/mp3/14-03-zhdyom-do-vosmi.mp3',NULL,'14_03_ZhdYom do vosmi'),
	(388,16,'613','https://srv4.abookfiles.online/uploads/z/ae08b94bac60d41a/mp3/14-04-zhdyom-do-vosmi.mp3',NULL,'14_04_ZhdYom do vosmi'),
	(389,16,'1198','https://srv4.abookfiles.online/uploads/z/ae08b94bac60d41a/mp3/15-kvartirantka-s-dvumya-detmi.mp3',NULL,'15_Kvartirantka s dvumya detmi'),
	(390,16,'1269','https://srv4.abookfiles.online/uploads/z/ae08b94bac60d41a/mp3/16-01-kosba.mp3',NULL,'16_01_Kosba'),
	(391,16,'1153','https://srv4.abookfiles.online/uploads/z/ae08b94bac60d41a/mp3/16-02-kosba.mp3',NULL,'16_02_Kosba'),
	(392,16,'2289','https://srv4.abookfiles.online/uploads/z/ae08b94bac60d41a/mp3/17-hokkey-s-myachom.mp3',NULL,'17_Hokkey s myachom'),
	(393,17,'249','https://srv4.abookfiles.online/uploads/z/c82aca6fbbb94c62/mp3/1.mp3',NULL,'1'),
	(394,17,'290','https://srv4.abookfiles.online/uploads/z/c82aca6fbbb94c62/mp3/2.mp3',NULL,'2'),
	(395,17,'301','https://srv4.abookfiles.online/uploads/z/c82aca6fbbb94c62/mp3/3.mp3',NULL,'3'),
	(396,17,'268','https://srv4.abookfiles.online/uploads/z/c82aca6fbbb94c62/mp3/4.mp3',NULL,'4'),
	(397,17,'244','https://srv4.abookfiles.online/uploads/z/c82aca6fbbb94c62/mp3/5.mp3',NULL,'5'),
	(398,17,'229','https://srv4.abookfiles.online/uploads/z/c82aca6fbbb94c62/mp3/6.mp3',NULL,'6'),
	(399,17,'241','https://srv4.abookfiles.online/uploads/z/c82aca6fbbb94c62/mp3/7.mp3',NULL,'7'),
	(400,17,'229','https://srv4.abookfiles.online/uploads/z/c82aca6fbbb94c62/mp3/8.mp3',NULL,'8'),
	(401,18,'29','https://srv4.abookfiles.online/uploads/y/bef40cef6a9c5078/mp3/00-00-paevskiy-a-horuzhaya-a-smert-zamechatelnyh-lyudey-luganskaya-l.mp3',NULL,'00_00_Paevskiy_A_Horuzhaya_A_Smert_zamechatelnyh_lyudey_Luganskaya_L'),
	(402,18,'41','https://srv4.abookfiles.online/uploads/y/bef40cef6a9c5078/mp3/00-01-annotatsiya.mp3',NULL,'00_01_Annotatsiya'),
	(403,18,'65','https://srv4.abookfiles.online/uploads/y/bef40cef6a9c5078/mp3/00-02-soderzhanie.mp3',NULL,'00_02_Soderzhanie'),
	(404,18,'267','https://srv4.abookfiles.online/uploads/y/bef40cef6a9c5078/mp3/00-03-neskolko-slov-vmesto-predisloviya.mp3',NULL,'00_03_Neskolko slov vmesto predisloviya'),
	(405,18,'512','https://srv4.abookfiles.online/uploads/y/bef40cef6a9c5078/mp3/01-lyusi.mp3',NULL,'01_Lyusi'),
	(406,18,'797','https://srv4.abookfiles.online/uploads/y/bef40cef6a9c5078/mp3/02-tutanhamon.mp3',NULL,'02_Tutanhamon'),
	(407,18,'505','https://srv4.abookfiles.online/uploads/y/bef40cef6a9c5078/mp3/03-aleksandr-makedonskiy.mp3',NULL,'03_Aleksandr Makedonskiy'),
	(408,18,'597','https://srv4.abookfiles.online/uploads/y/bef40cef6a9c5078/mp3/04-genrih-viii.mp3',NULL,'04_Genrih VIII'),
	(409,18,'1663','https://srv4.abookfiles.online/uploads/y/bef40cef6a9c5078/mp3/05-petr-i.mp3',NULL,'05_Petr I'),
	(410,18,'995','https://srv4.abookfiles.online/uploads/y/bef40cef6a9c5078/mp3/06-iogann-sebastyan-bah.mp3',NULL,'06_Iogann Sebastyan Bah'),
	(411,18,'1161','https://srv4.abookfiles.online/uploads/y/bef40cef6a9c5078/mp3/07-ekaterina-ii.mp3',NULL,'07_Ekaterina II'),
	(412,18,'1629','https://srv4.abookfiles.online/uploads/y/bef40cef6a9c5078/mp3/08-aleksandr-i.mp3',NULL,'08_Aleksandr I'),
	(413,18,'429','https://srv4.abookfiles.online/uploads/y/bef40cef6a9c5078/mp3/09-frantsisko-goyya.mp3',NULL,'09_Frantsisko Goyya'),
	(414,18,'2193','https://srv4.abookfiles.online/uploads/y/bef40cef6a9c5078/mp3/10-aleksandr-pushkin.mp3',NULL,'10_Aleksandr Pushkin'),
	(415,18,'569','https://srv4.abookfiles.online/uploads/y/bef40cef6a9c5078/mp3/11-edgar-allan-po.mp3',NULL,'11_Edgar Allan Po'),
	(416,18,'1204','https://srv4.abookfiles.online/uploads/y/bef40cef6a9c5078/mp3/12-nikolay-gogol.mp3',NULL,'12_Nikolay Gogol'),
	(417,18,'614','https://srv4.abookfiles.online/uploads/y/bef40cef6a9c5078/mp3/13-konstantin-batyushkov.mp3',NULL,'13_Konstantin Batyushkov'),
	(418,18,'660','https://srv4.abookfiles.online/uploads/y/bef40cef6a9c5078/mp3/14-fineas-geydzh.mp3',NULL,'14_Fineas Geydzh'),
	(419,18,'1515','https://srv4.abookfiles.online/uploads/y/bef40cef6a9c5078/mp3/15-anton-chehov.mp3',NULL,'15_Anton Chehov'),
	(420,18,'589','https://srv4.abookfiles.online/uploads/y/bef40cef6a9c5078/mp3/16-avgusta-deter.mp3',NULL,'16_Avgusta Deter'),
	(421,18,'977','https://srv4.abookfiles.online/uploads/y/bef40cef6a9c5078/mp3/17-lev-tolstoy.mp3',NULL,'17_Lev Tolstoy'),
	(422,18,'1390','https://srv4.abookfiles.online/uploads/y/bef40cef6a9c5078/mp3/18-aleksandra-fedorovna.mp3',NULL,'18_Aleksandra Fedorovna'),
	(423,18,'581','https://srv4.abookfiles.online/uploads/y/bef40cef6a9c5078/mp3/19-aleksandr-blok.mp3',NULL,'19_Aleksandr Blok'),
	(424,18,'1027','https://srv4.abookfiles.online/uploads/y/bef40cef6a9c5078/mp3/20-garri-gudini.mp3',NULL,'20_Garri Gudini'),
	(425,18,'1027','https://srv4.abookfiles.online/uploads/y/bef40cef6a9c5078/mp3/21-vladimir-mayakovskiy.mp3',NULL,'21_Vladimir Mayakovskiy'),
	(426,18,'841','https://srv4.abookfiles.online/uploads/y/bef40cef6a9c5078/mp3/22-mariya-sklodovskaya-kyuri.mp3',NULL,'22_Mariya Sklodovskaya-Kyuri'),
	(427,18,'1426','https://srv4.abookfiles.online/uploads/y/bef40cef6a9c5078/mp3/23-mihail-bulgakov.mp3',NULL,'23_Mihail Bulgakov'),
	(428,18,'797','https://srv4.abookfiles.online/uploads/y/bef40cef6a9c5078/mp3/24-lu-gerig.mp3',NULL,'24_Lu Gerig'),
	(429,18,'531','https://srv4.abookfiles.online/uploads/y/bef40cef6a9c5078/mp3/25-kristina-olson.mp3',NULL,'25_Kristina Olson'),
	(430,18,'605','https://srv4.abookfiles.online/uploads/y/bef40cef6a9c5078/mp3/26-bryus-li.mp3',NULL,'26_Bryus Li'),
	(431,18,'1110','https://srv4.abookfiles.online/uploads/y/bef40cef6a9c5078/mp3/27-leonid-brezhnev.mp3',NULL,'27_Leonid Brezhnev'),
	(432,18,'531','https://srv4.abookfiles.online/uploads/y/bef40cef6a9c5078/mp3/28-devid-vetter.mp3',NULL,'28_Devid Vetter'),
	(433,18,'532','https://srv4.abookfiles.online/uploads/y/bef40cef6a9c5078/mp3/29-yuriy-andropov.mp3',NULL,'29_Yuriy Andropov'),
	(434,18,'692','https://srv4.abookfiles.online/uploads/y/bef40cef6a9c5078/mp3/30-genri-molison.mp3',NULL,'30_Genri Molison'),
	(435,19,'508','https://a3.akniga.cc/uploads/z/70e834d59f62b7cb/mp3/001.mp3',NULL,'001'),
	(436,19,'558','https://a3.akniga.cc/uploads/z/70e834d59f62b7cb/mp3/002.mp3',NULL,'002'),
	(437,19,'489','https://a3.akniga.cc/uploads/z/70e834d59f62b7cb/mp3/003.mp3',NULL,'003'),
	(438,19,'504','https://a3.akniga.cc/uploads/z/70e834d59f62b7cb/mp3/004.mp3',NULL,'004'),
	(439,19,'529','https://a3.akniga.cc/uploads/z/70e834d59f62b7cb/mp3/005.mp3',NULL,'005'),
	(440,19,'489','https://a3.akniga.cc/uploads/z/70e834d59f62b7cb/mp3/006.mp3',NULL,'006'),
	(441,19,'567','https://a3.akniga.cc/uploads/z/70e834d59f62b7cb/mp3/007.mp3',NULL,'007'),
	(442,19,'500','https://a3.akniga.cc/uploads/z/70e834d59f62b7cb/mp3/008.mp3',NULL,'008'),
	(443,19,'510','https://a3.akniga.cc/uploads/z/70e834d59f62b7cb/mp3/009.mp3',NULL,'009'),
	(444,19,'490','https://a3.akniga.cc/uploads/z/70e834d59f62b7cb/mp3/010.mp3',NULL,'010'),
	(445,19,'497','https://a3.akniga.cc/uploads/z/70e834d59f62b7cb/mp3/011.mp3',NULL,'011'),
	(446,19,'530','https://a3.akniga.cc/uploads/z/70e834d59f62b7cb/mp3/012.mp3',NULL,'012'),
	(447,19,'519','https://a3.akniga.cc/uploads/z/70e834d59f62b7cb/mp3/013.mp3',NULL,'013'),
	(448,19,'604','https://a3.akniga.cc/uploads/z/70e834d59f62b7cb/mp3/014.mp3',NULL,'014'),
	(449,19,'515','https://a3.akniga.cc/uploads/z/70e834d59f62b7cb/mp3/015.mp3',NULL,'015'),
	(450,19,'524','https://a3.akniga.cc/uploads/z/70e834d59f62b7cb/mp3/016.mp3',NULL,'016'),
	(451,19,'487','https://a3.akniga.cc/uploads/z/70e834d59f62b7cb/mp3/017.mp3',NULL,'017'),
	(452,19,'519','https://a3.akniga.cc/uploads/z/70e834d59f62b7cb/mp3/018.mp3',NULL,'018'),
	(453,19,'483','https://a3.akniga.cc/uploads/z/70e834d59f62b7cb/mp3/019.mp3',NULL,'019'),
	(454,19,'516','https://a3.akniga.cc/uploads/z/70e834d59f62b7cb/mp3/020.mp3',NULL,'020'),
	(455,19,'517','https://a3.akniga.cc/uploads/z/70e834d59f62b7cb/mp3/021.mp3',NULL,'021'),
	(456,19,'634','https://a3.akniga.cc/uploads/z/70e834d59f62b7cb/mp3/022.mp3',NULL,'022'),
	(457,19,'519','https://a3.akniga.cc/uploads/z/70e834d59f62b7cb/mp3/023.mp3',NULL,'023'),
	(458,19,'488','https://a3.akniga.cc/uploads/z/70e834d59f62b7cb/mp3/024.mp3',NULL,'024'),
	(459,19,'501','https://a3.akniga.cc/uploads/z/70e834d59f62b7cb/mp3/025.mp3',NULL,'025'),
	(460,19,'502','https://a3.akniga.cc/uploads/z/70e834d59f62b7cb/mp3/026.mp3',NULL,'026'),
	(461,19,'559','https://a3.akniga.cc/uploads/z/70e834d59f62b7cb/mp3/027.mp3',NULL,'027'),
	(462,19,'537','https://a3.akniga.cc/uploads/z/70e834d59f62b7cb/mp3/028.mp3',NULL,'028'),
	(463,19,'597','https://a3.akniga.cc/uploads/z/70e834d59f62b7cb/mp3/029.mp3',NULL,'029'),
	(464,19,'528','https://a3.akniga.cc/uploads/z/70e834d59f62b7cb/mp3/030.mp3',NULL,'030'),
	(465,19,'491','https://a3.akniga.cc/uploads/z/70e834d59f62b7cb/mp3/031.mp3',NULL,'031'),
	(466,19,'497','https://a3.akniga.cc/uploads/z/70e834d59f62b7cb/mp3/032.mp3',NULL,'032'),
	(467,19,'508','https://a3.akniga.cc/uploads/z/70e834d59f62b7cb/mp3/033.mp3',NULL,'033'),
	(468,19,'599','https://a3.akniga.cc/uploads/z/70e834d59f62b7cb/mp3/034.mp3',NULL,'034'),
	(469,19,'532','https://a3.akniga.cc/uploads/z/70e834d59f62b7cb/mp3/035.mp3',NULL,'035'),
	(470,19,'513','https://a3.akniga.cc/uploads/z/70e834d59f62b7cb/mp3/036.mp3',NULL,'036'),
	(471,19,'520','https://a3.akniga.cc/uploads/z/70e834d59f62b7cb/mp3/037.mp3',NULL,'037'),
	(472,19,'508','https://a3.akniga.cc/uploads/z/70e834d59f62b7cb/mp3/038.mp3',NULL,'038'),
	(473,19,'494','https://a3.akniga.cc/uploads/z/70e834d59f62b7cb/mp3/039.mp3',NULL,'039'),
	(474,19,'513','https://a3.akniga.cc/uploads/z/70e834d59f62b7cb/mp3/040.mp3',NULL,'040'),
	(475,19,'497','https://a3.akniga.cc/uploads/z/70e834d59f62b7cb/mp3/041.mp3',NULL,'041'),
	(476,19,'494','https://a3.akniga.cc/uploads/z/70e834d59f62b7cb/mp3/042.mp3',NULL,'042'),
	(477,19,'501','https://a3.akniga.cc/uploads/z/70e834d59f62b7cb/mp3/043.mp3',NULL,'043'),
	(478,19,'492','https://a3.akniga.cc/uploads/z/70e834d59f62b7cb/mp3/044.mp3',NULL,'044'),
	(479,19,'487','https://a3.akniga.cc/uploads/z/70e834d59f62b7cb/mp3/045.mp3',NULL,'045'),
	(480,19,'487','https://a3.akniga.cc/uploads/z/70e834d59f62b7cb/mp3/046.mp3',NULL,'046'),
	(481,19,'533','https://a3.akniga.cc/uploads/z/70e834d59f62b7cb/mp3/047.mp3',NULL,'047'),
	(482,19,'493','https://a3.akniga.cc/uploads/z/70e834d59f62b7cb/mp3/048.mp3',NULL,'048'),
	(483,19,'524','https://a3.akniga.cc/uploads/z/70e834d59f62b7cb/mp3/049.mp3',NULL,'049'),
	(484,19,'495','https://a3.akniga.cc/uploads/z/70e834d59f62b7cb/mp3/050.mp3',NULL,'050'),
	(485,19,'497','https://a3.akniga.cc/uploads/z/70e834d59f62b7cb/mp3/051.mp3',NULL,'051'),
	(486,19,'483','https://a3.akniga.cc/uploads/z/70e834d59f62b7cb/mp3/052.mp3',NULL,'052'),
	(487,19,'515','https://a3.akniga.cc/uploads/z/70e834d59f62b7cb/mp3/053.mp3',NULL,'053'),
	(488,19,'537','https://a3.akniga.cc/uploads/z/70e834d59f62b7cb/mp3/054.mp3',NULL,'054'),
	(489,19,'504','https://a3.akniga.cc/uploads/z/70e834d59f62b7cb/mp3/055.mp3',NULL,'055'),
	(490,19,'500','https://a3.akniga.cc/uploads/z/70e834d59f62b7cb/mp3/056.mp3',NULL,'056'),
	(491,19,'485','https://a3.akniga.cc/uploads/z/70e834d59f62b7cb/mp3/057.mp3',NULL,'057'),
	(492,19,'486','https://a3.akniga.cc/uploads/z/70e834d59f62b7cb/mp3/058.mp3',NULL,'058'),
	(493,19,'485','https://a3.akniga.cc/uploads/z/70e834d59f62b7cb/mp3/059.mp3',NULL,'059'),
	(494,19,'490','https://a3.akniga.cc/uploads/z/70e834d59f62b7cb/mp3/060.mp3',NULL,'060'),
	(495,19,'489','https://a3.akniga.cc/uploads/z/70e834d59f62b7cb/mp3/061.mp3',NULL,'061'),
	(496,19,'532','https://a3.akniga.cc/uploads/z/70e834d59f62b7cb/mp3/062.mp3',NULL,'062'),
	(497,19,'575','https://a3.akniga.cc/uploads/z/70e834d59f62b7cb/mp3/063.mp3',NULL,'063'),
	(498,19,'498','https://a3.akniga.cc/uploads/z/70e834d59f62b7cb/mp3/064.mp3',NULL,'064'),
	(499,19,'482','https://a3.akniga.cc/uploads/z/70e834d59f62b7cb/mp3/065.mp3',NULL,'065'),
	(500,19,'501','https://a3.akniga.cc/uploads/z/70e834d59f62b7cb/mp3/066.mp3',NULL,'066'),
	(501,19,'489','https://a3.akniga.cc/uploads/z/70e834d59f62b7cb/mp3/067.mp3',NULL,'067'),
	(502,19,'492','https://a3.akniga.cc/uploads/z/70e834d59f62b7cb/mp3/068.mp3',NULL,'068'),
	(503,19,'511','https://a3.akniga.cc/uploads/z/70e834d59f62b7cb/mp3/069.mp3',NULL,'069'),
	(504,19,'489','https://a3.akniga.cc/uploads/z/70e834d59f62b7cb/mp3/070.mp3',NULL,'070'),
	(505,19,'495','https://a3.akniga.cc/uploads/z/70e834d59f62b7cb/mp3/071.mp3',NULL,'071'),
	(506,19,'503','https://a3.akniga.cc/uploads/z/70e834d59f62b7cb/mp3/072.mp3',NULL,'072'),
	(507,19,'541','https://a3.akniga.cc/uploads/z/70e834d59f62b7cb/mp3/073.mp3',NULL,'073'),
	(508,19,'494','https://a3.akniga.cc/uploads/z/70e834d59f62b7cb/mp3/074.mp3',NULL,'074'),
	(509,19,'494','https://a3.akniga.cc/uploads/z/70e834d59f62b7cb/mp3/075.mp3',NULL,'075'),
	(510,19,'487','https://a3.akniga.cc/uploads/z/70e834d59f62b7cb/mp3/076.mp3',NULL,'076'),
	(511,19,'542','https://a3.akniga.cc/uploads/z/70e834d59f62b7cb/mp3/077.mp3',NULL,'077'),
	(512,19,'497','https://a3.akniga.cc/uploads/z/70e834d59f62b7cb/mp3/078.mp3',NULL,'078'),
	(513,19,'487','https://a3.akniga.cc/uploads/z/70e834d59f62b7cb/mp3/079.mp3',NULL,'079'),
	(514,19,'500','https://a3.akniga.cc/uploads/z/70e834d59f62b7cb/mp3/080.mp3',NULL,'080'),
	(515,19,'498','https://a3.akniga.cc/uploads/z/70e834d59f62b7cb/mp3/081.mp3',NULL,'081'),
	(516,19,'495','https://a3.akniga.cc/uploads/z/70e834d59f62b7cb/mp3/082.mp3',NULL,'082'),
	(517,19,'497','https://a3.akniga.cc/uploads/z/70e834d59f62b7cb/mp3/083.mp3',NULL,'083'),
	(518,19,'514','https://a3.akniga.cc/uploads/z/70e834d59f62b7cb/mp3/084.mp3',NULL,'084'),
	(519,19,'503','https://a3.akniga.cc/uploads/z/70e834d59f62b7cb/mp3/085.mp3',NULL,'085'),
	(520,19,'491','https://a3.akniga.cc/uploads/z/70e834d59f62b7cb/mp3/086.mp3',NULL,'086'),
	(521,19,'493','https://a3.akniga.cc/uploads/z/70e834d59f62b7cb/mp3/087.mp3',NULL,'087'),
	(522,19,'507','https://a3.akniga.cc/uploads/z/70e834d59f62b7cb/mp3/088.mp3',NULL,'088'),
	(523,19,'495','https://a3.akniga.cc/uploads/z/70e834d59f62b7cb/mp3/089.mp3',NULL,'089'),
	(524,19,'500','https://a3.akniga.cc/uploads/z/70e834d59f62b7cb/mp3/090.mp3',NULL,'090'),
	(525,19,'489','https://a3.akniga.cc/uploads/z/70e834d59f62b7cb/mp3/091.mp3',NULL,'091'),
	(526,19,'537','https://a3.akniga.cc/uploads/z/70e834d59f62b7cb/mp3/092.mp3',NULL,'092'),
	(527,19,'492','https://a3.akniga.cc/uploads/z/70e834d59f62b7cb/mp3/093.mp3',NULL,'093'),
	(528,19,'486','https://a3.akniga.cc/uploads/z/70e834d59f62b7cb/mp3/094.mp3',NULL,'094'),
	(529,19,'558','https://a3.akniga.cc/uploads/z/70e834d59f62b7cb/mp3/095.mp3',NULL,'095'),
	(530,19,'559','https://a3.akniga.cc/uploads/z/70e834d59f62b7cb/mp3/096.mp3',NULL,'096'),
	(531,19,'512','https://a3.akniga.cc/uploads/z/70e834d59f62b7cb/mp3/097.mp3',NULL,'097'),
	(532,19,'507','https://a3.akniga.cc/uploads/z/70e834d59f62b7cb/mp3/098.mp3',NULL,'098'),
	(533,19,'511','https://a3.akniga.cc/uploads/z/70e834d59f62b7cb/mp3/099.mp3',NULL,'099'),
	(534,19,'506','https://a3.akniga.cc/uploads/z/70e834d59f62b7cb/mp3/100.mp3',NULL,'100'),
	(535,19,'520','https://a3.akniga.cc/uploads/z/70e834d59f62b7cb/mp3/101.mp3',NULL,'101'),
	(536,19,'566','https://a3.akniga.cc/uploads/z/70e834d59f62b7cb/mp3/102.mp3',NULL,'102'),
	(537,19,'486','https://a3.akniga.cc/uploads/z/70e834d59f62b7cb/mp3/103.mp3',NULL,'103'),
	(538,19,'484','https://a3.akniga.cc/uploads/z/70e834d59f62b7cb/mp3/104.mp3',NULL,'104'),
	(539,19,'486','https://a3.akniga.cc/uploads/z/70e834d59f62b7cb/mp3/105.mp3',NULL,'105'),
	(540,19,'495','https://a3.akniga.cc/uploads/z/70e834d59f62b7cb/mp3/106.mp3',NULL,'106'),
	(541,19,'495','https://a3.akniga.cc/uploads/z/70e834d59f62b7cb/mp3/107.mp3',NULL,'107'),
	(542,19,'491','https://a3.akniga.cc/uploads/z/70e834d59f62b7cb/mp3/108.mp3',NULL,'108'),
	(543,19,'496','https://a3.akniga.cc/uploads/z/70e834d59f62b7cb/mp3/109.mp3',NULL,'109'),
	(544,19,'548','https://a3.akniga.cc/uploads/z/70e834d59f62b7cb/mp3/110.mp3',NULL,'110'),
	(545,19,'484','https://a3.akniga.cc/uploads/z/70e834d59f62b7cb/mp3/111.mp3',NULL,'111'),
	(546,19,'660','https://a3.akniga.cc/uploads/z/70e834d59f62b7cb/mp3/112.mp3',NULL,'112'),
	(547,19,'491','https://a3.akniga.cc/uploads/z/70e834d59f62b7cb/mp3/113.mp3',NULL,'113'),
	(548,19,'531','https://a3.akniga.cc/uploads/z/70e834d59f62b7cb/mp3/114.mp3',NULL,'114'),
	(549,19,'483','https://a3.akniga.cc/uploads/z/70e834d59f62b7cb/mp3/115.mp3',NULL,'115'),
	(550,19,'484','https://a3.akniga.cc/uploads/z/70e834d59f62b7cb/mp3/116.mp3',NULL,'116'),
	(551,19,'505','https://a3.akniga.cc/uploads/z/70e834d59f62b7cb/mp3/117.mp3',NULL,'117'),
	(552,19,'485','https://a3.akniga.cc/uploads/z/70e834d59f62b7cb/mp3/118.mp3',NULL,'118'),
	(553,19,'483','https://a3.akniga.cc/uploads/z/70e834d59f62b7cb/mp3/119.mp3',NULL,'119'),
	(554,19,'542','https://a3.akniga.cc/uploads/z/70e834d59f62b7cb/mp3/120.mp3',NULL,'120'),
	(555,19,'493','https://a3.akniga.cc/uploads/z/70e834d59f62b7cb/mp3/121.mp3',NULL,'121'),
	(556,19,'493','https://a3.akniga.cc/uploads/z/70e834d59f62b7cb/mp3/122.mp3',NULL,'122'),
	(557,19,'493','https://a3.akniga.cc/uploads/z/70e834d59f62b7cb/mp3/123.mp3',NULL,'123'),
	(558,19,'519','https://a3.akniga.cc/uploads/z/70e834d59f62b7cb/mp3/124.mp3',NULL,'124'),
	(559,19,'485','https://a3.akniga.cc/uploads/z/70e834d59f62b7cb/mp3/125.mp3',NULL,'125'),
	(560,19,'492','https://a3.akniga.cc/uploads/z/70e834d59f62b7cb/mp3/126.mp3',NULL,'126'),
	(561,19,'511','https://a3.akniga.cc/uploads/z/70e834d59f62b7cb/mp3/127.mp3',NULL,'127'),
	(562,19,'526','https://a3.akniga.cc/uploads/z/70e834d59f62b7cb/mp3/128.mp3',NULL,'128'),
	(563,19,'481','https://a3.akniga.cc/uploads/z/70e834d59f62b7cb/mp3/129.mp3',NULL,'129'),
	(564,19,'556','https://a3.akniga.cc/uploads/z/70e834d59f62b7cb/mp3/130.mp3',NULL,'130'),
	(565,19,'574','https://a3.akniga.cc/uploads/z/70e834d59f62b7cb/mp3/131.mp3',NULL,'131'),
	(566,19,'482','https://a3.akniga.cc/uploads/z/70e834d59f62b7cb/mp3/132.mp3',NULL,'132'),
	(567,19,'541','https://a3.akniga.cc/uploads/z/70e834d59f62b7cb/mp3/133.mp3',NULL,'133'),
	(568,19,'512','https://a3.akniga.cc/uploads/z/70e834d59f62b7cb/mp3/134.mp3',NULL,'134'),
	(569,19,'517','https://a3.akniga.cc/uploads/z/70e834d59f62b7cb/mp3/135.mp3',NULL,'135'),
	(570,19,'485','https://a3.akniga.cc/uploads/z/70e834d59f62b7cb/mp3/136.mp3',NULL,'136'),
	(571,19,'501','https://a3.akniga.cc/uploads/z/70e834d59f62b7cb/mp3/137.mp3',NULL,'137'),
	(572,19,'257','https://a3.akniga.cc/uploads/z/70e834d59f62b7cb/mp3/138.mp3',NULL,'138'),
	(573,20,'121','https://srv1.abookfiles.online/uploads/z/0bc62f28c0357fac/mp3/001.mp3',NULL,'001'),
	(574,20,'2333','https://srv1.abookfiles.online/uploads/z/0bc62f28c0357fac/mp3/002.mp3',NULL,'002'),
	(575,20,'1626','https://srv1.abookfiles.online/uploads/z/0bc62f28c0357fac/mp3/003.mp3',NULL,'003'),
	(576,20,'1860','https://srv1.abookfiles.online/uploads/z/0bc62f28c0357fac/mp3/004.mp3',NULL,'004'),
	(577,20,'1319','https://srv1.abookfiles.online/uploads/z/0bc62f28c0357fac/mp3/005.mp3',NULL,'005'),
	(578,20,'1512','https://srv1.abookfiles.online/uploads/z/0bc62f28c0357fac/mp3/006.mp3',NULL,'006'),
	(579,20,'1607','https://srv1.abookfiles.online/uploads/z/0bc62f28c0357fac/mp3/007.mp3',NULL,'007'),
	(580,20,'2251','https://srv1.abookfiles.online/uploads/z/0bc62f28c0357fac/mp3/008.mp3',NULL,'008'),
	(581,20,'2648','https://srv1.abookfiles.online/uploads/z/0bc62f28c0357fac/mp3/009.mp3',NULL,'009'),
	(582,20,'1957','https://srv1.abookfiles.online/uploads/z/0bc62f28c0357fac/mp3/010.mp3',NULL,'010'),
	(583,20,'2182','https://srv1.abookfiles.online/uploads/z/0bc62f28c0357fac/mp3/011.mp3',NULL,'011'),
	(584,20,'1520','https://srv1.abookfiles.online/uploads/z/0bc62f28c0357fac/mp3/012.mp3',NULL,'012'),
	(585,20,'1304','https://srv1.abookfiles.online/uploads/z/0bc62f28c0357fac/mp3/013.mp3',NULL,'013'),
	(586,20,'1838','https://srv1.abookfiles.online/uploads/z/0bc62f28c0357fac/mp3/014.mp3',NULL,'014'),
	(587,20,'2165','https://srv1.abookfiles.online/uploads/z/0bc62f28c0357fac/mp3/015.mp3',NULL,'015'),
	(588,20,'1652','https://srv1.abookfiles.online/uploads/z/0bc62f28c0357fac/mp3/016.mp3',NULL,'016'),
	(589,20,'1846','https://srv1.abookfiles.online/uploads/z/0bc62f28c0357fac/mp3/017.mp3',NULL,'017'),
	(590,20,'805','https://srv1.abookfiles.online/uploads/z/0bc62f28c0357fac/mp3/018.mp3',NULL,'018'),
	(591,21,'1106','https://srv7.abookfiles.online/uploads/y/08b3e1ba2c57a836/mp3/01-pyatdesyat-na-pyatdesyat.mp3',NULL,'01_Pyatdesyat na pyatdesyat'),
	(592,21,'1228','https://srv7.abookfiles.online/uploads/y/08b3e1ba2c57a836/mp3/02-pervaya-neudacha.mp3',NULL,'02_Pervaya neudacha'),
	(593,21,'968','https://srv7.abookfiles.online/uploads/y/08b3e1ba2c57a836/mp3/03-tupik.mp3',NULL,'03_Tupik'),
	(594,21,'1061','https://srv7.abookfiles.online/uploads/y/08b3e1ba2c57a836/mp3/04-ta-chto-grezit.mp3',NULL,'04_Ta, chto grezit'),
	(595,21,'1232','https://srv7.abookfiles.online/uploads/y/08b3e1ba2c57a836/mp3/05-obida.mp3',NULL,'05_Obida'),
	(596,21,'1196','https://srv7.abookfiles.online/uploads/y/08b3e1ba2c57a836/mp3/06-staryy-znakomyy.mp3',NULL,'06_Staryy znakomyy'),
	(597,21,'1141','https://srv7.abookfiles.online/uploads/y/08b3e1ba2c57a836/mp3/07-idiot-v-podvale.mp3',NULL,'07_Idiot v podvale'),
	(598,21,'771','https://srv7.abookfiles.online/uploads/y/08b3e1ba2c57a836/mp3/08-predpolozheniya.mp3',NULL,'08_Predpolozheniya'),
	(599,21,'921','https://srv7.abookfiles.online/uploads/y/08b3e1ba2c57a836/mp3/09-nozh-v-spinu.mp3',NULL,'09_Nozh v spinu'),
	(600,21,'1388','https://srv7.abookfiles.online/uploads/y/08b3e1ba2c57a836/mp3/10-dbn.mp3',NULL,'10_«DBN»'),
	(601,21,'932','https://srv7.abookfiles.online/uploads/y/08b3e1ba2c57a836/mp3/11-v-poiskah-sandro.mp3',NULL,'11_V poiskah Sandro'),
	(602,21,'1656','https://srv7.abookfiles.online/uploads/y/08b3e1ba2c57a836/mp3/12-zheltyy-furgon.mp3',NULL,'12_Zheltyy furgon'),
	(603,21,'1512','https://srv7.abookfiles.online/uploads/y/08b3e1ba2c57a836/mp3/13-za-zaborom.mp3',NULL,'13_Za zaborom'),
	(604,21,'1071','https://srv7.abookfiles.online/uploads/y/08b3e1ba2c57a836/mp3/14-vot-tak-nomer.mp3',NULL,'14_Vot tak nomer!'),
	(605,22,'1040','https://srv5.abookfiles.online/uploads/z/8754a32cfcf6ea4b/mp3/01-ssora.mp3',NULL,'01_Ssora'),
	(606,22,'1174','https://srv5.abookfiles.online/uploads/z/8754a32cfcf6ea4b/mp3/02-udachnye-poiski.mp3',NULL,'02_Udachnye poiski'),
	(607,22,'1199','https://srv5.abookfiles.online/uploads/z/8754a32cfcf6ea4b/mp3/03-ne-vse-tak-prosto.mp3',NULL,'03_Ne vse tak prosto'),
	(608,22,'924','https://srv5.abookfiles.online/uploads/z/8754a32cfcf6ea4b/mp3/04-po-sledam-ottsa.mp3',NULL,'04_Po sledam ottsa'),
	(609,22,'1038','https://srv5.abookfiles.online/uploads/z/8754a32cfcf6ea4b/mp3/05-ubezhische-na-komsomolskom-prospekte.mp3',NULL,'05_Ubezhische na Komsomolskom prospekte'),
	(610,22,'826','https://srv5.abookfiles.online/uploads/z/8754a32cfcf6ea4b/mp3/06-petka.mp3',NULL,'06_Petka'),
	(611,22,'2348','https://srv5.abookfiles.online/uploads/z/8754a32cfcf6ea4b/mp3/07-plennitsa.mp3',NULL,'07_Plennitsa'),
	(612,22,'1409','https://srv5.abookfiles.online/uploads/z/8754a32cfcf6ea4b/mp3/08-tescha-znamenitosti.mp3',NULL,'08_Tescha znamenitosti'),
	(613,22,'1702','https://srv5.abookfiles.online/uploads/z/8754a32cfcf6ea4b/mp3/09-vse-ochen-stranno.mp3',NULL,'09_Vse ochen stranno'),
	(614,22,'909','https://srv5.abookfiles.online/uploads/z/8754a32cfcf6ea4b/mp3/10-pozhilye-damy.mp3',NULL,'10_Pozhilye damy'),
	(615,22,'1586','https://srv5.abookfiles.online/uploads/z/8754a32cfcf6ea4b/mp3/11-chego-tolko-ne-byvaet.mp3',NULL,'11_Chego tolko ne byvaet!'),
	(616,22,'1697','https://srv5.abookfiles.online/uploads/z/8754a32cfcf6ea4b/mp3/12-krasavitsa.mp3',NULL,'12_Krasavitsa'),
	(617,22,'1807','https://srv5.abookfiles.online/uploads/z/8754a32cfcf6ea4b/mp3/13-orly-i-ne-orly.mp3',NULL,'13_Orly i ne orly'),
	(618,23,'158','https://srv7.abookfiles.online/uploads/y/ab546c8aebced452/mp3/1-1-01.mp3',NULL,'1-1-01'),
	(619,23,'428','https://srv7.abookfiles.online/uploads/y/ab546c8aebced452/mp3/1-1-02.mp3',NULL,'1-1-02'),
	(620,23,'529','https://srv7.abookfiles.online/uploads/y/ab546c8aebced452/mp3/1-1-03.mp3',NULL,'1-1-03'),
	(621,23,'571','https://srv7.abookfiles.online/uploads/y/ab546c8aebced452/mp3/1-1-04.mp3',NULL,'1-1-04'),
	(622,23,'552','https://srv7.abookfiles.online/uploads/y/ab546c8aebced452/mp3/1-1-05.mp3',NULL,'1-1-05'),
	(623,23,'381','https://srv7.abookfiles.online/uploads/y/ab546c8aebced452/mp3/1-1-06.mp3',NULL,'1-1-06'),
	(624,23,'202','https://srv7.abookfiles.online/uploads/y/ab546c8aebced452/mp3/1-1-07.mp3',NULL,'1-1-07'),
	(625,23,'583','https://srv7.abookfiles.online/uploads/y/ab546c8aebced452/mp3/1-1-08.mp3',NULL,'1-1-08'),
	(626,23,'548','https://srv7.abookfiles.online/uploads/y/ab546c8aebced452/mp3/1-1-09.mp3',NULL,'1-1-09'),
	(627,23,'122','https://srv7.abookfiles.online/uploads/y/ab546c8aebced452/mp3/1-1-10.mp3',NULL,'1-1-10'),
	(628,23,'446','https://srv7.abookfiles.online/uploads/y/ab546c8aebced452/mp3/1-1-11.mp3',NULL,'1-1-11'),
	(629,23,'136','https://srv7.abookfiles.online/uploads/y/ab546c8aebced452/mp3/1-1-12.mp3',NULL,'1-1-12'),
	(630,23,'411','https://srv7.abookfiles.online/uploads/y/ab546c8aebced452/mp3/1-1-13.mp3',NULL,'1-1-13'),
	(631,23,'566','https://srv7.abookfiles.online/uploads/y/ab546c8aebced452/mp3/1-1-14.mp3',NULL,'1-1-14'),
	(632,23,'549','https://srv7.abookfiles.online/uploads/y/ab546c8aebced452/mp3/1-1-15.mp3',NULL,'1-1-15'),
	(633,23,'542','https://srv7.abookfiles.online/uploads/y/ab546c8aebced452/mp3/1-1-16.mp3',NULL,'1-1-16'),
	(634,23,'535','https://srv7.abookfiles.online/uploads/y/ab546c8aebced452/mp3/1-1-17.mp3',NULL,'1-1-17'),
	(635,23,'531','https://srv7.abookfiles.online/uploads/y/ab546c8aebced452/mp3/1-1-18.mp3',NULL,'1-1-18'),
	(636,23,'568','https://srv7.abookfiles.online/uploads/y/ab546c8aebced452/mp3/1-1-19.mp3',NULL,'1-1-19'),
	(637,23,'599','https://srv7.abookfiles.online/uploads/y/ab546c8aebced452/mp3/1-1-20.mp3',NULL,'1-1-20'),
	(638,23,'577','https://srv7.abookfiles.online/uploads/y/ab546c8aebced452/mp3/1-1-21.mp3',NULL,'1-1-21'),
	(639,23,'533','https://srv7.abookfiles.online/uploads/y/ab546c8aebced452/mp3/1-1-22.mp3',NULL,'1-1-22'),
	(640,23,'582','https://srv7.abookfiles.online/uploads/y/ab546c8aebced452/mp3/1-1-23.mp3',NULL,'1-1-23'),
	(641,23,'526','https://srv7.abookfiles.online/uploads/y/ab546c8aebced452/mp3/1-1-24.mp3',NULL,'1-1-24'),
	(642,23,'555','https://srv7.abookfiles.online/uploads/y/ab546c8aebced452/mp3/1-1-25.mp3',NULL,'1-1-25'),
	(643,23,'528','https://srv7.abookfiles.online/uploads/y/ab546c8aebced452/mp3/1-1-26.mp3',NULL,'1-1-26'),
	(644,23,'220','https://srv7.abookfiles.online/uploads/y/ab546c8aebced452/mp3/1-1-27.mp3',NULL,'1-1-27'),
	(645,23,'409','https://srv7.abookfiles.online/uploads/y/ab546c8aebced452/mp3/1-1-28.mp3',NULL,'1-1-28'),
	(646,23,'527','https://srv7.abookfiles.online/uploads/y/ab546c8aebced452/mp3/1-1-29.mp3',NULL,'1-1-29'),
	(647,23,'546','https://srv7.abookfiles.online/uploads/y/ab546c8aebced452/mp3/1-1-30.mp3',NULL,'1-1-30'),
	(648,23,'326','https://srv7.abookfiles.online/uploads/y/ab546c8aebced452/mp3/1-1-31.mp3',NULL,'1-1-31'),
	(649,24,'330','https://srv5.abookfiles.online/uploads/y/efa5c5f8692597e3/mp3/000.mp3',NULL,'000'),
	(650,24,'1047','https://srv5.abookfiles.online/uploads/y/efa5c5f8692597e3/mp3/001.mp3',NULL,'001'),
	(651,24,'453','https://srv5.abookfiles.online/uploads/y/efa5c5f8692597e3/mp3/002.mp3',NULL,'002'),
	(652,24,'174','https://srv5.abookfiles.online/uploads/y/efa5c5f8692597e3/mp3/003.mp3',NULL,'003'),
	(653,24,'567','https://srv5.abookfiles.online/uploads/y/efa5c5f8692597e3/mp3/004.mp3',NULL,'004'),
	(654,24,'576','https://srv5.abookfiles.online/uploads/y/efa5c5f8692597e3/mp3/005.mp3',NULL,'005'),
	(655,24,'957','https://srv5.abookfiles.online/uploads/y/efa5c5f8692597e3/mp3/006.mp3',NULL,'006'),
	(656,24,'162','https://srv5.abookfiles.online/uploads/y/efa5c5f8692597e3/mp3/007.mp3',NULL,'007'),
	(657,24,'437','https://srv5.abookfiles.online/uploads/y/efa5c5f8692597e3/mp3/008.mp3',NULL,'008'),
	(658,24,'549','https://srv5.abookfiles.online/uploads/y/efa5c5f8692597e3/mp3/009.mp3',NULL,'009'),
	(659,24,'217','https://srv5.abookfiles.online/uploads/y/efa5c5f8692597e3/mp3/010.mp3',NULL,'010'),
	(660,24,'754','https://srv5.abookfiles.online/uploads/y/efa5c5f8692597e3/mp3/011.mp3',NULL,'011'),
	(661,24,'631','https://srv5.abookfiles.online/uploads/y/efa5c5f8692597e3/mp3/012.mp3',NULL,'012'),
	(662,24,'834','https://srv5.abookfiles.online/uploads/y/efa5c5f8692597e3/mp3/013.mp3',NULL,'013'),
	(663,24,'1063','https://srv5.abookfiles.online/uploads/y/efa5c5f8692597e3/mp3/014.mp3',NULL,'014'),
	(664,24,'332','https://srv5.abookfiles.online/uploads/y/efa5c5f8692597e3/mp3/015.mp3',NULL,'015'),
	(665,24,'197','https://srv5.abookfiles.online/uploads/y/efa5c5f8692597e3/mp3/016.mp3',NULL,'016'),
	(666,24,'514','https://srv5.abookfiles.online/uploads/y/efa5c5f8692597e3/mp3/017.mp3',NULL,'017'),
	(667,24,'57','https://srv5.abookfiles.online/uploads/y/efa5c5f8692597e3/mp3/018.mp3',NULL,'018'),
	(668,24,'543','https://srv5.abookfiles.online/uploads/y/efa5c5f8692597e3/mp3/019.mp3',NULL,'019'),
	(669,24,'393','https://srv5.abookfiles.online/uploads/y/efa5c5f8692597e3/mp3/020.mp3',NULL,'020'),
	(670,24,'823','https://srv5.abookfiles.online/uploads/y/efa5c5f8692597e3/mp3/021.mp3',NULL,'021'),
	(671,24,'461','https://srv5.abookfiles.online/uploads/y/efa5c5f8692597e3/mp3/022.mp3',NULL,'022'),
	(672,24,'162','https://srv5.abookfiles.online/uploads/y/efa5c5f8692597e3/mp3/023.mp3',NULL,'023'),
	(673,24,'828','https://srv5.abookfiles.online/uploads/y/efa5c5f8692597e3/mp3/024.mp3',NULL,'024'),
	(674,24,'667','https://srv5.abookfiles.online/uploads/y/efa5c5f8692597e3/mp3/025.mp3',NULL,'025'),
	(675,24,'245','https://srv5.abookfiles.online/uploads/y/efa5c5f8692597e3/mp3/026.mp3',NULL,'026'),
	(676,24,'109','https://srv5.abookfiles.online/uploads/y/efa5c5f8692597e3/mp3/027.mp3',NULL,'027'),
	(677,24,'408','https://srv5.abookfiles.online/uploads/y/efa5c5f8692597e3/mp3/028.mp3',NULL,'028'),
	(678,24,'279','https://srv5.abookfiles.online/uploads/y/efa5c5f8692597e3/mp3/029.mp3',NULL,'029'),
	(679,24,'168','https://srv5.abookfiles.online/uploads/y/efa5c5f8692597e3/mp3/030.mp3',NULL,'030'),
	(680,24,'447','https://srv5.abookfiles.online/uploads/y/efa5c5f8692597e3/mp3/031.mp3',NULL,'031'),
	(681,24,'290','https://srv5.abookfiles.online/uploads/y/efa5c5f8692597e3/mp3/032.mp3',NULL,'032'),
	(682,24,'299','https://srv5.abookfiles.online/uploads/y/efa5c5f8692597e3/mp3/033.mp3',NULL,'033'),
	(683,24,'166','https://srv5.abookfiles.online/uploads/y/efa5c5f8692597e3/mp3/034.mp3',NULL,'034'),
	(684,24,'215','https://srv5.abookfiles.online/uploads/y/efa5c5f8692597e3/mp3/035.mp3',NULL,'035'),
	(685,24,'310','https://srv5.abookfiles.online/uploads/y/efa5c5f8692597e3/mp3/036.mp3',NULL,'036'),
	(686,24,'795','https://srv5.abookfiles.online/uploads/y/efa5c5f8692597e3/mp3/037.mp3',NULL,'037'),
	(687,24,'468','https://srv5.abookfiles.online/uploads/y/efa5c5f8692597e3/mp3/038.mp3',NULL,'038'),
	(688,24,'193','https://srv5.abookfiles.online/uploads/y/efa5c5f8692597e3/mp3/039.mp3',NULL,'039'),
	(689,24,'178','https://srv5.abookfiles.online/uploads/y/efa5c5f8692597e3/mp3/040.mp3',NULL,'040'),
	(690,24,'429','https://srv5.abookfiles.online/uploads/y/efa5c5f8692597e3/mp3/041.mp3',NULL,'041'),
	(691,24,'85','https://srv5.abookfiles.online/uploads/y/efa5c5f8692597e3/mp3/042.mp3',NULL,'042'),
	(692,24,'1055','https://srv5.abookfiles.online/uploads/y/efa5c5f8692597e3/mp3/043.mp3',NULL,'043'),
	(693,24,'375','https://srv5.abookfiles.online/uploads/y/efa5c5f8692597e3/mp3/044.mp3',NULL,'044'),
	(694,24,'314','https://srv5.abookfiles.online/uploads/y/efa5c5f8692597e3/mp3/045.mp3',NULL,'045'),
	(695,24,'310','https://srv5.abookfiles.online/uploads/y/efa5c5f8692597e3/mp3/046.mp3',NULL,'046'),
	(696,24,'139','https://srv5.abookfiles.online/uploads/y/efa5c5f8692597e3/mp3/047.mp3',NULL,'047'),
	(697,24,'158','https://srv5.abookfiles.online/uploads/y/efa5c5f8692597e3/mp3/048.mp3',NULL,'048'),
	(698,24,'131','https://srv5.abookfiles.online/uploads/y/efa5c5f8692597e3/mp3/049.mp3',NULL,'049'),
	(699,24,'298','https://srv5.abookfiles.online/uploads/y/efa5c5f8692597e3/mp3/050.mp3',NULL,'050'),
	(700,24,'169','https://srv5.abookfiles.online/uploads/y/efa5c5f8692597e3/mp3/051.mp3',NULL,'051'),
	(701,24,'168','https://srv5.abookfiles.online/uploads/y/efa5c5f8692597e3/mp3/052.mp3',NULL,'052'),
	(702,24,'251','https://srv5.abookfiles.online/uploads/y/efa5c5f8692597e3/mp3/053.mp3',NULL,'053'),
	(703,24,'601','https://srv5.abookfiles.online/uploads/y/efa5c5f8692597e3/mp3/054.mp3',NULL,'054'),
	(704,24,'749','https://srv5.abookfiles.online/uploads/y/efa5c5f8692597e3/mp3/055.mp3',NULL,'055'),
	(705,24,'622','https://srv5.abookfiles.online/uploads/y/efa5c5f8692597e3/mp3/056.mp3',NULL,'056'),
	(706,24,'716','https://srv5.abookfiles.online/uploads/y/efa5c5f8692597e3/mp3/057.mp3',NULL,'057'),
	(707,24,'260','https://srv5.abookfiles.online/uploads/y/efa5c5f8692597e3/mp3/058.mp3',NULL,'058'),
	(708,24,'353','https://srv5.abookfiles.online/uploads/y/efa5c5f8692597e3/mp3/059.mp3',NULL,'059'),
	(709,24,'649','https://srv5.abookfiles.online/uploads/y/efa5c5f8692597e3/mp3/060.mp3',NULL,'060'),
	(710,24,'631','https://srv5.abookfiles.online/uploads/y/efa5c5f8692597e3/mp3/061.mp3',NULL,'061'),
	(711,24,'1425','https://srv5.abookfiles.online/uploads/y/efa5c5f8692597e3/mp3/062.mp3',NULL,'062'),
	(712,24,'300','https://srv5.abookfiles.online/uploads/y/efa5c5f8692597e3/mp3/063.mp3',NULL,'063'),
	(713,24,'445','https://srv5.abookfiles.online/uploads/y/efa5c5f8692597e3/mp3/064.mp3',NULL,'064'),
	(714,24,'409','https://srv5.abookfiles.online/uploads/y/efa5c5f8692597e3/mp3/065.mp3',NULL,'065'),
	(715,24,'286','https://srv5.abookfiles.online/uploads/y/efa5c5f8692597e3/mp3/066.mp3',NULL,'066'),
	(716,24,'276','https://srv5.abookfiles.online/uploads/y/efa5c5f8692597e3/mp3/067.mp3',NULL,'067'),
	(717,24,'527','https://srv5.abookfiles.online/uploads/y/efa5c5f8692597e3/mp3/068.mp3',NULL,'068'),
	(718,24,'725','https://srv5.abookfiles.online/uploads/y/efa5c5f8692597e3/mp3/069.mp3',NULL,'069'),
	(719,25,'2561','https://a3.akniga.cc/uploads/z/ee551858724f042c/mp3/perekhod-1.mp3',NULL,'Переход 1'),
	(720,25,'2468','https://a3.akniga.cc/uploads/z/ee551858724f042c/mp3/perekhod-2.mp3',NULL,'Переход 2'),
	(721,25,'2629','https://a3.akniga.cc/uploads/z/ee551858724f042c/mp3/perekhod-3.mp3',NULL,'Переход 3'),
	(722,26,'305','https://srv5.abookfiles.online/uploads/z/c1e4be3b195118aa/mp3/1.mp3',NULL,'1'),
	(723,26,'302','https://srv5.abookfiles.online/uploads/z/c1e4be3b195118aa/mp3/2.mp3',NULL,'2'),
	(724,26,'303','https://srv5.abookfiles.online/uploads/z/c1e4be3b195118aa/mp3/3.mp3',NULL,'3'),
	(725,26,'310','https://srv5.abookfiles.online/uploads/z/c1e4be3b195118aa/mp3/4.mp3',NULL,'4'),
	(726,26,'308','https://srv5.abookfiles.online/uploads/z/c1e4be3b195118aa/mp3/5.mp3',NULL,'5'),
	(727,27,'31514','https://srv4.abookfiles.online/uploads/y/7844075133a33ddc/mp3/dzhudit-maknot-rajj-audiokniga-kniga-1-chast-1.mp3',NULL,'Джудит Макнот Рай Аудиокнига Книга 1 Часть 1'),
	(728,27,'31807','https://srv4.abookfiles.online/uploads/y/7844075133a33ddc/mp3/dzhudit-maknot-rajj-audiokniga-kniga-1-chast-2.mp3',NULL,'Джудит Макнот Рай Аудиокнига Книга 1 Часть 2'),
	(729,27,'20391','https://srv4.abookfiles.online/uploads/y/7844075133a33ddc/mp3/dzhudit-maknot-rajj-audiokniga-kniga-2-chast-1.mp3',NULL,'Джудит Макнот Рай Аудиокнига Книга 2 Часть 1'),
	(730,27,'43190','https://srv4.abookfiles.online/uploads/y/7844075133a33ddc/mp3/dzhudit-maknot-rajj-audiokniga-kniga-2-chast-2.mp3',NULL,'Джудит Макнот Рай Аудиокнига Книга 2 Часть 2'),
	(731,28,'1128','https://a3.akniga.cc/uploads/y/ec2344a0f83a8692/mp3/01-mertvyjj-nol.mp3',NULL,'01 Мертвый Ноль'),
	(732,28,'819','https://a3.akniga.cc/uploads/y/ec2344a0f83a8692/mp3/02-mertvyjj-nol.mp3',NULL,'02 Мертвый Ноль'),
	(733,28,'1213','https://a3.akniga.cc/uploads/y/ec2344a0f83a8692/mp3/03-mertvyjj-nol.mp3',NULL,'03 Мертвый Ноль'),
	(734,28,'1255','https://a3.akniga.cc/uploads/y/ec2344a0f83a8692/mp3/04-mertvyjj-nol.mp3',NULL,'04 Мертвый Ноль'),
	(735,28,'1141','https://a3.akniga.cc/uploads/y/ec2344a0f83a8692/mp3/05-mertvyjj-nol.mp3',NULL,'05 Мертвый Ноль'),
	(736,28,'1370','https://a3.akniga.cc/uploads/y/ec2344a0f83a8692/mp3/06-mertvyjj-nol.mp3',NULL,'06 Мертвый Ноль'),
	(737,28,'1196','https://a3.akniga.cc/uploads/y/ec2344a0f83a8692/mp3/07-mertvyjj-nol.mp3',NULL,'07 Мертвый Ноль'),
	(738,28,'871','https://a3.akniga.cc/uploads/y/ec2344a0f83a8692/mp3/08-mertvyjj-nol.mp3',NULL,'08 Мертвый Ноль'),
	(739,28,'1205','https://a3.akniga.cc/uploads/y/ec2344a0f83a8692/mp3/09-mertvyjj-nol.mp3',NULL,'09 Мертвый Ноль'),
	(740,28,'1134','https://a3.akniga.cc/uploads/y/ec2344a0f83a8692/mp3/10-mertvyjj-nol.mp3',NULL,'10 Мертвый Ноль'),
	(741,28,'882','https://a3.akniga.cc/uploads/y/ec2344a0f83a8692/mp3/11-mertvyjj-nol.mp3',NULL,'11 Мертвый Ноль'),
	(742,28,'1278','https://a3.akniga.cc/uploads/y/ec2344a0f83a8692/mp3/12-mertvyjj-nol.mp3',NULL,'12 Мертвый Ноль'),
	(743,28,'1202','https://a3.akniga.cc/uploads/y/ec2344a0f83a8692/mp3/13-mertvyjj-nol.mp3',NULL,'13 Мертвый Ноль'),
	(744,28,'1029','https://a3.akniga.cc/uploads/y/ec2344a0f83a8692/mp3/14-mertvyjj-nol.mp3',NULL,'14 Мертвый Ноль'),
	(745,28,'1080','https://a3.akniga.cc/uploads/y/ec2344a0f83a8692/mp3/15-mertvyjj-nol.mp3',NULL,'15 Мертвый Ноль'),
	(746,28,'1362','https://a3.akniga.cc/uploads/y/ec2344a0f83a8692/mp3/16-mertvyjj-nol.mp3',NULL,'16 Мертвый Ноль'),
	(747,28,'1058','https://a3.akniga.cc/uploads/y/ec2344a0f83a8692/mp3/17-mertvyjj-nol.mp3',NULL,'17 Мертвый Ноль'),
	(748,28,'1101','https://a3.akniga.cc/uploads/y/ec2344a0f83a8692/mp3/18-mertvyjj-nol.mp3',NULL,'18 Мертвый Ноль'),
	(749,28,'985','https://a3.akniga.cc/uploads/y/ec2344a0f83a8692/mp3/19-mertvyjj-nol.mp3',NULL,'19 Мертвый Ноль'),
	(750,28,'1407','https://a3.akniga.cc/uploads/y/ec2344a0f83a8692/mp3/20-mertvyjj-nol.mp3',NULL,'20 Мертвый Ноль'),
	(751,28,'1056','https://a3.akniga.cc/uploads/y/ec2344a0f83a8692/mp3/21-mertvyjj-nol.mp3',NULL,'21 Мертвый Ноль'),
	(752,28,'1255','https://a3.akniga.cc/uploads/y/ec2344a0f83a8692/mp3/22-mertvyjj-nol.mp3',NULL,'22 Мертвый Ноль'),
	(753,28,'1431','https://a3.akniga.cc/uploads/y/ec2344a0f83a8692/mp3/23-mertvyjj-nol.mp3',NULL,'23 Мертвый Ноль'),
	(754,28,'1198','https://a3.akniga.cc/uploads/y/ec2344a0f83a8692/mp3/24-mertvyjj-nol.mp3',NULL,'24 Мертвый Ноль'),
	(755,28,'978','https://a3.akniga.cc/uploads/y/ec2344a0f83a8692/mp3/25-mertvyjj-nol.mp3',NULL,'25 Мертвый Ноль'),
	(756,28,'865','https://a3.akniga.cc/uploads/y/ec2344a0f83a8692/mp3/26-mertvyjj-nol.mp3',NULL,'26 Мертвый Ноль'),
	(757,28,'980','https://a3.akniga.cc/uploads/y/ec2344a0f83a8692/mp3/27-mertvyjj-nol.mp3',NULL,'27 Мертвый Ноль'),
	(758,28,'1169','https://a3.akniga.cc/uploads/y/ec2344a0f83a8692/mp3/28-mertvyjj-nol.mp3',NULL,'28 Мертвый Ноль'),
	(759,28,'1089','https://a3.akniga.cc/uploads/y/ec2344a0f83a8692/mp3/29-mertvyjj-nol.mp3',NULL,'29 Мертвый Ноль'),
	(760,28,'1458','https://a3.akniga.cc/uploads/y/ec2344a0f83a8692/mp3/30-mertvyjj-nol.mp3',NULL,'30 Мертвый Ноль'),
	(761,28,'1244','https://a3.akniga.cc/uploads/y/ec2344a0f83a8692/mp3/31-mertvyjj-nol.mp3',NULL,'31 Мертвый Ноль'),
	(762,28,'1162','https://a3.akniga.cc/uploads/y/ec2344a0f83a8692/mp3/32-mertvyjj-nol.mp3',NULL,'32 Мертвый Ноль'),
	(763,28,'1385','https://a3.akniga.cc/uploads/y/ec2344a0f83a8692/mp3/33-mertvyjj-nol.mp3',NULL,'33 Мертвый Ноль'),
	(764,28,'1372','https://a3.akniga.cc/uploads/y/ec2344a0f83a8692/mp3/34-mertvyjj-nol.mp3',NULL,'34 Мертвый Ноль'),
	(765,28,'940','https://a3.akniga.cc/uploads/y/ec2344a0f83a8692/mp3/35-mertvyjj-nol.mp3',NULL,'35 Мертвый Ноль'),
	(766,28,'1482','https://a3.akniga.cc/uploads/y/ec2344a0f83a8692/mp3/36-mertvyjj-nol.mp3',NULL,'36 Мертвый Ноль'),
	(767,28,'1527','https://a3.akniga.cc/uploads/y/ec2344a0f83a8692/mp3/37-mertvyjj-nol.mp3',NULL,'37 Мертвый Ноль'),
	(768,28,'1324','https://a3.akniga.cc/uploads/y/ec2344a0f83a8692/mp3/38-mertvyjj-nol.mp3',NULL,'38 Мертвый Ноль'),
	(769,28,'1447','https://a3.akniga.cc/uploads/y/ec2344a0f83a8692/mp3/39-mertvyjj-nol.mp3',NULL,'39 Мертвый Ноль'),
	(770,28,'956','https://a3.akniga.cc/uploads/y/ec2344a0f83a8692/mp3/40-mertvyjj-nol.mp3',NULL,'40 Мертвый Ноль'),
	(771,28,'1198','https://a3.akniga.cc/uploads/y/ec2344a0f83a8692/mp3/41-mertvyjj-nol.mp3',NULL,'41 Мертвый Ноль'),
	(772,28,'967','https://a3.akniga.cc/uploads/y/ec2344a0f83a8692/mp3/42-mertvyjj-nol.mp3',NULL,'42 Мертвый Ноль'),
	(773,28,'1764','https://a3.akniga.cc/uploads/y/ec2344a0f83a8692/mp3/43-mertvyjj-nol.mp3',NULL,'43 Мертвый Ноль'),
	(774,29,'412','https://srv5.abookfiles.online/uploads/z/8e52be588ce3132f/mp3/01-vstrecha-v-podzemele-v15-prolog.mp3',NULL,'01 Встреча в подземелье v15 - Пролог'),
	(775,29,'850','https://srv5.abookfiles.online/uploads/z/8e52be588ce3132f/mp3/02-vstrecha-v-podzemele-v15-interljudija.mp3',NULL,'02 Встреча в подземелье v15 - Интерлюдия'),
	(776,29,'989','https://srv5.abookfiles.online/uploads/z/8e52be588ce3132f/mp3/03-vstrecha-v-podzemele-v15-glava-01-01.mp3',NULL,'03 Встреча в подземелье v15 - Глава 01 01'),
	(777,29,'677','https://srv5.abookfiles.online/uploads/z/8e52be588ce3132f/mp3/04-vstrecha-v-podzemele-v15-glava-01-02.mp3',NULL,'04 Встреча в подземелье v15 - Глава 01 02'),
	(778,29,'691','https://srv5.abookfiles.online/uploads/z/8e52be588ce3132f/mp3/05-vstrecha-v-podzemele-v15-interljudija.mp3',NULL,'05 Встреча в подземелье v15 - Интерлюдия'),
	(779,29,'609','https://srv5.abookfiles.online/uploads/z/8e52be588ce3132f/mp3/06-vstrecha-v-podzemele-v15-glava-02-01.mp3',NULL,'06 Встреча в подземелье v15 - Глава 02 01'),
	(780,29,'558','https://srv5.abookfiles.online/uploads/z/8e52be588ce3132f/mp3/07-vstrecha-v-podzemele-v15-glava-02-02.mp3',NULL,'07 Встреча в подземелье v15 - Глава 02 02'),
	(781,29,'518','https://srv5.abookfiles.online/uploads/z/8e52be588ce3132f/mp3/08-vstrecha-v-podzemele-v15-glava-02-03.mp3',NULL,'08 Встреча в подземелье v15 - Глава 02 03'),
	(782,29,'504','https://srv5.abookfiles.online/uploads/z/8e52be588ce3132f/mp3/09-vstrecha-v-podzemele-v15-interljudija-01.mp3',NULL,'09 Встреча в подземелье v15 - Интерлюдия 01'),
	(783,29,'808','https://srv5.abookfiles.online/uploads/z/8e52be588ce3132f/mp3/10-vstrecha-v-podzemele-v15-interljudija-02.mp3',NULL,'10 Встреча в подземелье v15 - Интерлюдия 02'),
	(784,29,'889','https://srv5.abookfiles.online/uploads/z/8e52be588ce3132f/mp3/11-vstrecha-v-podzemele-v15-glava-03-01.mp3',NULL,'11 Встреча в подземелье v15 - Глава 03 01'),
	(785,29,'839','https://srv5.abookfiles.online/uploads/z/8e52be588ce3132f/mp3/12-vstrecha-v-podzemele-v15-glava-03-02.mp3',NULL,'12 Встреча в подземелье v15 - Глава 03 02'),
	(786,29,'820','https://srv5.abookfiles.online/uploads/z/8e52be588ce3132f/mp3/13-vstrecha-v-podzemele-v15-interljudija.mp3',NULL,'13 Встреча в подземелье v15 - Интерлюдия'),
	(787,29,'732','https://srv5.abookfiles.online/uploads/z/8e52be588ce3132f/mp3/14-vstrecha-v-podzemele-v15-glava-04-01.mp3',NULL,'14 Встреча в подземелье v15 - Глава 04 01'),
	(788,29,'633','https://srv5.abookfiles.online/uploads/z/8e52be588ce3132f/mp3/15-vstrecha-v-podzemele-v15-glava-04-02.mp3',NULL,'15 Встреча в подземелье v15 - Глава 04 02'),
	(789,29,'580','https://srv5.abookfiles.online/uploads/z/8e52be588ce3132f/mp3/16-vstrecha-v-podzemele-v15-glava-04-03.mp3',NULL,'16 Встреча в подземелье v15 - Глава 04 03'),
	(790,29,'622','https://srv5.abookfiles.online/uploads/z/8e52be588ce3132f/mp3/17-vstrecha-v-podzemele-v15-interljudija.mp3',NULL,'17 Встреча в подземелье v15 - Интерлюдия'),
	(791,29,'586','https://srv5.abookfiles.online/uploads/z/8e52be588ce3132f/mp3/18-vstrecha-v-podzemele-v15-glava-05-01.mp3',NULL,'18 Встреча в подземелье v15 - Глава 05 01'),
	(792,29,'599','https://srv5.abookfiles.online/uploads/z/8e52be588ce3132f/mp3/19-vstrecha-v-podzemele-v15-glava-05-02.mp3',NULL,'19 Встреча в подземелье v15 - Глава 05 02'),
	(793,29,'725','https://srv5.abookfiles.online/uploads/z/8e52be588ce3132f/mp3/20-vstrecha-v-podzemele-v15-glava-05-03.mp3',NULL,'20 Встреча в подземелье v15 - Глава 05 03'),
	(794,29,'794','https://srv5.abookfiles.online/uploads/z/8e52be588ce3132f/mp3/21-vstrecha-v-podzemele-v15-interljudija-01.mp3',NULL,'21 Встреча в подземелье v15 - Интерлюдия 01'),
	(795,29,'835','https://srv5.abookfiles.online/uploads/z/8e52be588ce3132f/mp3/22-vstrecha-v-podzemele-v15-interljudija-02.mp3',NULL,'22 Встреча в подземелье v15 - Интерлюдия 02'),
	(796,29,'688','https://srv5.abookfiles.online/uploads/z/8e52be588ce3132f/mp3/23-vstrecha-v-podzemele-v15-glava-06-01.mp3',NULL,'23 Встреча в подземелье v15 - Глава 06 01'),
	(797,29,'1078','https://srv5.abookfiles.online/uploads/z/8e52be588ce3132f/mp3/24-vstrecha-v-podzemele-v15-glava-06-02.mp3',NULL,'24 Встреча в подземелье v15 - Глава 06 02'),
	(798,29,'886','https://srv5.abookfiles.online/uploads/z/8e52be588ce3132f/mp3/25-vstrecha-v-podzemele-v15-interljudija.mp3',NULL,'25 Встреча в подземелье v15 - Интерлюдия'),
	(799,29,'956','https://srv5.abookfiles.online/uploads/z/8e52be588ce3132f/mp3/26-vstrecha-v-podzemele-v15-glava-07-01.mp3',NULL,'26 Встреча в подземелье v15 - Глава 07 01'),
	(800,29,'657','https://srv5.abookfiles.online/uploads/z/8e52be588ce3132f/mp3/27-vstrecha-v-podzemele-v15-glava-07-02.mp3',NULL,'27 Встреча в подземелье v15 - Глава 07 02'),
	(801,29,'807','https://srv5.abookfiles.online/uploads/z/8e52be588ce3132f/mp3/28-vstrecha-v-podzemele-v15-ehpilog-01.mp3',NULL,'28 Встреча в подземелье v15 - Эпилог 01'),
	(802,29,'886','https://srv5.abookfiles.online/uploads/z/8e52be588ce3132f/mp3/29-vstrecha-v-podzemele-v15-ehpilog-02.mp3',NULL,'29 Встреча в подземелье v15 - Эпилог 02'),
	(803,29,'244','https://srv5.abookfiles.online/uploads/z/8e52be588ce3132f/mp3/30-vstrecha-v-podzemele-v15-posleslovie-avtora.mp3',NULL,'30 Встреча в подземелье v15 - Послесловие автора'),
	(804,30,'26','https://srv7.abookfiles.online/uploads/z/3842340f85e22848/mp3/00-00-stepnova-m-gde-to-pod-grosseto-luganskaya-l.mp3',NULL,'00_00_Stepnova_M_Gde-to_pod_Grosseto_Luganskaya_L'),
	(805,30,'27','https://srv7.abookfiles.online/uploads/z/3842340f85e22848/mp3/00-01-soderzhanie.mp3',NULL,'00_01_Soderzhanie'),
	(806,30,'1254','https://srv7.abookfiles.online/uploads/z/3842340f85e22848/mp3/01-tudoy.mp3',NULL,'01_Tudoy'),
	(807,30,'1463','https://srv7.abookfiles.online/uploads/z/3842340f85e22848/mp3/02-pisma-dikkensu.mp3',NULL,'02_Pisma Dikkensu'),
	(808,30,'1101','https://srv7.abookfiles.online/uploads/z/3842340f85e22848/mp3/03-boyaryshnik.mp3',NULL,'03_Boyaryshnik'),
	(809,30,'1622','https://srv7.abookfiles.online/uploads/z/3842340f85e22848/mp3/04-bednaya-antuanettochka.mp3',NULL,'04_Bednaya Antuanettochka'),
	(810,30,'2087','https://srv7.abookfiles.online/uploads/z/3842340f85e22848/mp3/05-romans.mp3',NULL,'05_Romans'),
	(811,30,'2760','https://srv7.abookfiles.online/uploads/z/3842340f85e22848/mp3/06-staraya-suka.mp3',NULL,'06_Staraya suka'),
	(812,30,'1032','https://srv7.abookfiles.online/uploads/z/3842340f85e22848/mp3/07-tatina-tatiteevna.mp3',NULL,'07_Tatina Tatiteevna'),
	(813,30,'751','https://srv7.abookfiles.online/uploads/z/3842340f85e22848/mp3/08-varene-iz-kaki.mp3',NULL,'08_Varene iz kaki'),
	(814,30,'1467','https://srv7.abookfiles.online/uploads/z/3842340f85e22848/mp3/09-dyadya-tsirk.mp3',NULL,'09_Dyadya-tsirk'),
	(815,30,'1827','https://srv7.abookfiles.online/uploads/z/3842340f85e22848/mp3/10-gde-to-pod-grosseto.mp3',NULL,'10_Gde-to pod Grosseto'),
	(816,30,'1444','https://srv7.abookfiles.online/uploads/z/3842340f85e22848/mp3/11-tam-vnutri.mp3',NULL,'11_Tam, vnutri'),
	(817,30,'3222','https://srv7.abookfiles.online/uploads/z/3842340f85e22848/mp3/12-pokormi-pozhaluysta-gitlera.mp3',NULL,'12_Pokormi, pozhaluysta, Gitlera'),
	(818,30,'1628','https://srv7.abookfiles.online/uploads/z/3842340f85e22848/mp3/13-milaya-moya-tusya.mp3',NULL,'13_Milaya moya Tusya'),
	(819,31,'5454','https://srv7.abookfiles.online/uploads/z/77cc60b9f97f6f2d/mp3/gl-0102.mp3',NULL,'гл 01.02'),
	(820,31,'4433','https://srv7.abookfiles.online/uploads/z/77cc60b9f97f6f2d/mp3/gl-0304.mp3',NULL,'гл 03.04'),
	(821,31,'4017','https://srv7.abookfiles.online/uploads/z/77cc60b9f97f6f2d/mp3/gl-0506.mp3',NULL,'гл 05.06'),
	(822,31,'4606','https://srv7.abookfiles.online/uploads/z/77cc60b9f97f6f2d/mp3/gl-0708.mp3',NULL,'гл 07.08'),
	(823,31,'6640','https://srv7.abookfiles.online/uploads/z/77cc60b9f97f6f2d/mp3/gl-0910.mp3',NULL,'гл 09.10'),
	(824,31,'3150','https://srv7.abookfiles.online/uploads/z/77cc60b9f97f6f2d/mp3/gl-1112.mp3',NULL,'гл 11.12'),
	(825,31,'5018','https://srv7.abookfiles.online/uploads/z/77cc60b9f97f6f2d/mp3/gl-1314.mp3',NULL,'гл 13.14'),
	(826,31,'4692','https://srv7.abookfiles.online/uploads/z/77cc60b9f97f6f2d/mp3/gl-1516.mp3',NULL,'гл 15.16'),
	(827,31,'4292','https://srv7.abookfiles.online/uploads/z/77cc60b9f97f6f2d/mp3/gl-1718.mp3',NULL,'гл 17.18'),
	(828,31,'4835','https://srv7.abookfiles.online/uploads/z/77cc60b9f97f6f2d/mp3/gl-1920.mp3',NULL,'гл 19.20'),
	(829,31,'6607','https://srv7.abookfiles.online/uploads/z/77cc60b9f97f6f2d/mp3/gl-21-.mp3',NULL,'гл 21.-'),
	(830,32,'2595','https://a3.akniga.cc/uploads/y/0f71712f40e9b967/mp3/01.mp3',NULL,'01'),
	(831,32,'2623','https://a3.akniga.cc/uploads/y/0f71712f40e9b967/mp3/02.mp3',NULL,'02'),
	(832,33,'137','https://srv1.abookfiles.online/uploads/y/b44f2c849f074031/mp3/00.mp3',NULL,'00'),
	(833,33,'1680','https://srv1.abookfiles.online/uploads/y/b44f2c849f074031/mp3/01.mp3',NULL,'01'),
	(834,33,'1765','https://srv1.abookfiles.online/uploads/y/b44f2c849f074031/mp3/02.mp3',NULL,'02'),
	(835,34,'38','https://srv7.abookfiles.online/uploads/z/f16b59430f4936a3/mp3/00.mp3',NULL,'00'),
	(836,34,'313','https://srv7.abookfiles.online/uploads/z/f16b59430f4936a3/mp3/01.mp3',NULL,'01'),
	(837,34,'438','https://srv7.abookfiles.online/uploads/z/f16b59430f4936a3/mp3/02.mp3',NULL,'02'),
	(838,34,'336','https://srv7.abookfiles.online/uploads/z/f16b59430f4936a3/mp3/03.mp3',NULL,'03'),
	(839,34,'363','https://srv7.abookfiles.online/uploads/z/f16b59430f4936a3/mp3/04.mp3',NULL,'04'),
	(840,34,'372','https://srv7.abookfiles.online/uploads/z/f16b59430f4936a3/mp3/05.mp3',NULL,'05'),
	(841,34,'365','https://srv7.abookfiles.online/uploads/z/f16b59430f4936a3/mp3/06.mp3',NULL,'06'),
	(842,34,'380','https://srv7.abookfiles.online/uploads/z/f16b59430f4936a3/mp3/07.mp3',NULL,'07'),
	(843,34,'393','https://srv7.abookfiles.online/uploads/z/f16b59430f4936a3/mp3/08.mp3',NULL,'08'),
	(844,34,'396','https://srv7.abookfiles.online/uploads/z/f16b59430f4936a3/mp3/09.mp3',NULL,'09'),
	(845,34,'385','https://srv7.abookfiles.online/uploads/z/f16b59430f4936a3/mp3/10.mp3',NULL,'10'),
	(846,34,'384','https://srv7.abookfiles.online/uploads/z/f16b59430f4936a3/mp3/11.mp3',NULL,'11'),
	(847,34,'301','https://srv7.abookfiles.online/uploads/z/f16b59430f4936a3/mp3/12.mp3',NULL,'12'),
	(848,34,'258','https://srv7.abookfiles.online/uploads/z/f16b59430f4936a3/mp3/13.mp3',NULL,'13'),
	(849,34,'31','https://srv7.abookfiles.online/uploads/z/f16b59430f4936a3/mp3/14.mp3',NULL,'14'),
	(850,35,'670','https://srv7.abookfiles.online/uploads/y/6cfa5c64f38debb9/mp3/otsuru-perevoplotivshijjsja-vampir-ne-mozhet-bez-posleobedennogo-sna-tom-4-glava-61.mp3',NULL,'Otsuru - Перевоплотившийся вампир не может без послеобеденного сна Том 4 Глава 61'),
	(851,35,'751','https://srv7.abookfiles.online/uploads/y/6cfa5c64f38debb9/mp3/otsuru-perevoplotivshijjsja-vampir-ne-mozhet-bez-posleobedennogo-sna-tom-4-glava-62.mp3',NULL,'Otsuru - Перевоплотившийся вампир не может без послеобеденного сна Том 4 Глава 62'),
	(852,35,'662','https://srv7.abookfiles.online/uploads/y/6cfa5c64f38debb9/mp3/otsuru-perevoplotivshijjsja-vampir-ne-mozhet-bez-posleobedennogo-sna-tom-4-glava-63.mp3',NULL,'Otsuru - Перевоплотившийся вампир не может без послеобеденного сна Том 4 Глава 63'),
	(853,35,'402','https://srv7.abookfiles.online/uploads/y/6cfa5c64f38debb9/mp3/otsuru-perevoplotivshijjsja-vampir-ne-mozhet-bez-posleobedennogo-sna-tom-4-glava-64.mp3',NULL,'Otsuru - Перевоплотившийся вампир не может без послеобеденного сна Том 4 Глава 64'),
	(854,35,'506','https://srv7.abookfiles.online/uploads/y/6cfa5c64f38debb9/mp3/otsuru-perevoplotivshijjsja-vampir-ne-mozhet-bez-posleobedennogo-sna-tom-4-glava-65.mp3',NULL,'Otsuru - Перевоплотившийся вампир не может без послеобеденного сна Том 4 Глава 65'),
	(855,35,'424','https://srv7.abookfiles.online/uploads/y/6cfa5c64f38debb9/mp3/otsuru-perevoplotivshijjsja-vampir-ne-mozhet-bez-posleobedennogo-sna-tom-4-glava-66.mp3',NULL,'Otsuru - Перевоплотившийся вампир не может без послеобеденного сна Том 4 Глава 66'),
	(856,36,'517','https://srv7.abookfiles.online/uploads/y/6cfcb81819745369/mp3/01-vstrecha-v-podzemele-v14-interljudija.mp3',NULL,'01 Встреча в подземелье v14 - Интерлюдия'),
	(857,36,'780','https://srv7.abookfiles.online/uploads/y/6cfcb81819745369/mp3/02-vstrecha-v-podzemele-v14-glava-07-01.mp3',NULL,'02 Встреча в подземелье v14 - Глава 07 01'),
	(858,36,'663','https://srv7.abookfiles.online/uploads/y/6cfcb81819745369/mp3/03-vstrecha-v-podzemele-v14-glava-07-02.mp3',NULL,'03 Встреча в подземелье v14 - Глава 07 02'),
	(859,36,'826','https://srv7.abookfiles.online/uploads/y/6cfcb81819745369/mp3/04-vstrecha-v-podzemele-v14-glava-07-03.mp3',NULL,'04 Встреча в подземелье v14 - Глава 07 03'),
	(860,36,'910','https://srv7.abookfiles.online/uploads/y/6cfcb81819745369/mp3/05-vstrecha-v-podzemele-v14-glava-07-04.mp3',NULL,'05 Встреча в подземелье v14 - Глава 07 04'),
	(861,36,'508','https://srv7.abookfiles.online/uploads/y/6cfcb81819745369/mp3/06-vstrecha-v-podzemele-v14-glava-07-05.mp3',NULL,'06 Встреча в подземелье v14 - Глава 07 05'),
	(862,36,'554','https://srv7.abookfiles.online/uploads/y/6cfcb81819745369/mp3/07-vstrecha-v-podzemele-v14-glava-07-06.mp3',NULL,'07 Встреча в подземелье v14 - Глава 07 06'),
	(863,36,'609','https://srv7.abookfiles.online/uploads/y/6cfcb81819745369/mp3/08-vstrecha-v-podzemele-v14-glava-07-07.mp3',NULL,'08 Встреча в подземелье v14 - Глава 07 07'),
	(864,36,'595','https://srv7.abookfiles.online/uploads/y/6cfcb81819745369/mp3/09-vstrecha-v-podzemele-v14-glava-07-08.mp3',NULL,'09 Встреча в подземелье v14 - Глава 07 08'),
	(865,36,'536','https://srv7.abookfiles.online/uploads/y/6cfcb81819745369/mp3/10-vstrecha-v-podzemele-v14-glava-07-09.mp3',NULL,'10 Встреча в подземелье v14 - Глава 07 09'),
	(866,36,'628','https://srv7.abookfiles.online/uploads/y/6cfcb81819745369/mp3/11-vstrecha-v-podzemele-v14-glava-07-10.mp3',NULL,'11 Встреча в подземелье v14 - Глава 07 10'),
	(867,36,'683','https://srv7.abookfiles.online/uploads/y/6cfcb81819745369/mp3/12-vstrecha-v-podzemele-v14-glava-07-11.mp3',NULL,'12 Встреча в подземелье v14 - Глава 07 11'),
	(868,36,'655','https://srv7.abookfiles.online/uploads/y/6cfcb81819745369/mp3/13-vstrecha-v-podzemele-v14-glava-07-12.mp3',NULL,'13 Встреча в подземелье v14 - Глава 07 12'),
	(869,36,'869','https://srv7.abookfiles.online/uploads/y/6cfcb81819745369/mp3/14-vstrecha-v-podzemele-v14-glava-08-01.mp3',NULL,'14 Встреча в подземелье v14 - Глава 08 01'),
	(870,36,'923','https://srv7.abookfiles.online/uploads/y/6cfcb81819745369/mp3/15-vstrecha-v-podzemele-v14-glava-08-02.mp3',NULL,'15 Встреча в подземелье v14 - Глава 08 02'),
	(871,36,'697','https://srv7.abookfiles.online/uploads/y/6cfcb81819745369/mp3/16-vstrecha-v-podzemele-v14-glava-08-03.mp3',NULL,'16 Встреча в подземелье v14 - Глава 08 03'),
	(872,36,'672','https://srv7.abookfiles.online/uploads/y/6cfcb81819745369/mp3/17-vstrecha-v-podzemele-v14-glava-08-04.mp3',NULL,'17 Встреча в подземелье v14 - Глава 08 04'),
	(873,36,'671','https://srv7.abookfiles.online/uploads/y/6cfcb81819745369/mp3/18-vstrecha-v-podzemele-v14-glava-08-05.mp3',NULL,'18 Встреча в подземелье v14 - Глава 08 05'),
	(874,36,'642','https://srv7.abookfiles.online/uploads/y/6cfcb81819745369/mp3/19-vstrecha-v-podzemele-v14-glava-08-06.mp3',NULL,'19 Встреча в подземелье v14 - Глава 08 06'),
	(875,36,'927','https://srv7.abookfiles.online/uploads/y/6cfcb81819745369/mp3/20-vstrecha-v-podzemele-v14-glava-08-07.mp3',NULL,'20 Встреча в подземелье v14 - Глава 08 07'),
	(876,36,'1087','https://srv7.abookfiles.online/uploads/y/6cfcb81819745369/mp3/21-vstrecha-v-podzemele-v14-glava-09-01.mp3',NULL,'21 Встреча в подземелье v14 - Глава 09 01'),
	(877,36,'775','https://srv7.abookfiles.online/uploads/y/6cfcb81819745369/mp3/22-vstrecha-v-podzemele-v14-glava-09-02.mp3',NULL,'22 Встреча в подземелье v14 - Глава 09 02'),
	(878,36,'741','https://srv7.abookfiles.online/uploads/y/6cfcb81819745369/mp3/23-vstrecha-v-podzemele-v14-glava-09-03.mp3',NULL,'23 Встреча в подземелье v14 - Глава 09 03'),
	(879,36,'561','https://srv7.abookfiles.online/uploads/y/6cfcb81819745369/mp3/24-vstrecha-v-podzemele-v14-glava-09-04.mp3',NULL,'24 Встреча в подземелье v14 - Глава 09 04'),
	(880,36,'700','https://srv7.abookfiles.online/uploads/y/6cfcb81819745369/mp3/25-vstrecha-v-podzemele-v14-glava-09-05.mp3',NULL,'25 Встреча в подземелье v14 - Глава 09 05'),
	(881,36,'909','https://srv7.abookfiles.online/uploads/y/6cfcb81819745369/mp3/26-vstrecha-v-podzemele-v14-glava-09-06.mp3',NULL,'26 Встреча в подземелье v14 - Глава 09 06'),
	(882,36,'904','https://srv7.abookfiles.online/uploads/y/6cfcb81819745369/mp3/27-vstrecha-v-podzemele-v14-glava-10-01.mp3',NULL,'27 Встреча в подземелье v14 - Глава 10 01'),
	(883,36,'833','https://srv7.abookfiles.online/uploads/y/6cfcb81819745369/mp3/28-vstrecha-v-podzemele-v14-glava-10-02.mp3',NULL,'28 Встреча в подземелье v14 - Глава 10 02'),
	(884,36,'517','https://srv7.abookfiles.online/uploads/y/6cfcb81819745369/mp3/29-vstrecha-v-podzemele-v14-osobaja-glava.mp3',NULL,'29 Встреча в подземелье v14 - Особая глава'),
	(885,36,'778','https://srv7.abookfiles.online/uploads/y/6cfcb81819745369/mp3/30-vstrecha-v-podzemele-v14-glava-11-01.mp3',NULL,'30 Встреча в подземелье v14 - Глава 11 01'),
	(886,36,'531','https://srv7.abookfiles.online/uploads/y/6cfcb81819745369/mp3/31-vstrecha-v-podzemele-v14-glava-11-02.mp3',NULL,'31 Встреча в подземелье v14 - Глава 11 02'),
	(887,36,'384','https://srv7.abookfiles.online/uploads/y/6cfcb81819745369/mp3/32-vstrecha-v-podzemele-v14-osobaja-glava.mp3',NULL,'32 Встреча в подземелье v14 - Особая глава'),
	(888,36,'1029','https://srv7.abookfiles.online/uploads/y/6cfcb81819745369/mp3/33-vstrecha-v-podzemele-v14-glava-12-01.mp3',NULL,'33 Встреча в подземелье v14 - Глава 12 01'),
	(889,36,'564','https://srv7.abookfiles.online/uploads/y/6cfcb81819745369/mp3/34-vstrecha-v-podzemele-v14-glava-12-02.mp3',NULL,'34 Встреча в подземелье v14 - Глава 12 02'),
	(890,36,'708','https://srv7.abookfiles.online/uploads/y/6cfcb81819745369/mp3/35-vstrecha-v-podzemele-v14-glava-12-03.mp3',NULL,'35 Встреча в подземелье v14 - Глава 12 03'),
	(891,36,'673','https://srv7.abookfiles.online/uploads/y/6cfcb81819745369/mp3/36-vstrecha-v-podzemele-v14-glava-12-04.mp3',NULL,'36 Встреча в подземелье v14 - Глава 12 04'),
	(892,36,'810','https://srv7.abookfiles.online/uploads/y/6cfcb81819745369/mp3/37-vstrecha-v-podzemele-v14-glava-12-05.mp3',NULL,'37 Встреча в подземелье v14 - Глава 12 05'),
	(893,36,'569','https://srv7.abookfiles.online/uploads/y/6cfcb81819745369/mp3/38-vstrecha-v-podzemele-v14-glava-13-01.mp3',NULL,'38 Встреча в подземелье v14 - Глава 13 01'),
	(894,36,'575','https://srv7.abookfiles.online/uploads/y/6cfcb81819745369/mp3/39-vstrecha-v-podzemele-v14-glava-13-02.mp3',NULL,'39 Встреча в подземелье v14 - Глава 13 02'),
	(895,36,'571','https://srv7.abookfiles.online/uploads/y/6cfcb81819745369/mp3/40-vstrecha-v-podzemele-v14-glava-13-03.mp3',NULL,'40 Встреча в подземелье v14 - Глава 13 03'),
	(896,36,'729','https://srv7.abookfiles.online/uploads/y/6cfcb81819745369/mp3/41-vstrecha-v-podzemele-v14-glava-13-04.mp3',NULL,'41 Встреча в подземелье v14 - Глава 13 04'),
	(897,36,'600','https://srv7.abookfiles.online/uploads/y/6cfcb81819745369/mp3/42-vstrecha-v-podzemele-v14-glava-13-05.mp3',NULL,'42 Встреча в подземелье v14 - Глава 13 05'),
	(898,36,'933','https://srv7.abookfiles.online/uploads/y/6cfcb81819745369/mp3/43-vstrecha-v-podzemele-v14-glava-13-06.mp3',NULL,'43 Встреча в подземелье v14 - Глава 13 06'),
	(899,36,'557','https://srv7.abookfiles.online/uploads/y/6cfcb81819745369/mp3/44-vstrecha-v-podzemele-v14-glava-13-07.mp3',NULL,'44 Встреча в подземелье v14 - Глава 13 07'),
	(900,36,'659','https://srv7.abookfiles.online/uploads/y/6cfcb81819745369/mp3/45-vstrecha-v-podzemele-v14-glava-13-08.mp3',NULL,'45 Встреча в подземелье v14 - Глава 13 08'),
	(901,36,'565','https://srv7.abookfiles.online/uploads/y/6cfcb81819745369/mp3/46-vstrecha-v-podzemele-v14-glava-13-09.mp3',NULL,'46 Встреча в подземелье v14 - Глава 13 09'),
	(902,36,'551','https://srv7.abookfiles.online/uploads/y/6cfcb81819745369/mp3/47-vstrecha-v-podzemele-v14-glava-13-10.mp3',NULL,'47 Встреча в подземелье v14 - Глава 13 10'),
	(903,36,'805','https://srv7.abookfiles.online/uploads/y/6cfcb81819745369/mp3/48-vstrecha-v-podzemele-v14-glava-13-11.mp3',NULL,'48 Встреча в подземелье v14 - Глава 13 11'),
	(904,36,'907','https://srv7.abookfiles.online/uploads/y/6cfcb81819745369/mp3/49-vstrecha-v-podzemele-v14-glava-13-12.mp3',NULL,'49 Встреча в подземелье v14 - Глава 13 12'),
	(905,36,'821','https://srv7.abookfiles.online/uploads/y/6cfcb81819745369/mp3/50-vstrecha-v-podzemele-v14-glava-13-13.mp3',NULL,'50 Встреча в подземелье v14 - Глава 13 13'),
	(906,36,'692','https://srv7.abookfiles.online/uploads/y/6cfcb81819745369/mp3/51-vstrecha-v-podzemele-v14-ehpilog-01.mp3',NULL,'51 Встреча в подземелье v14 - Эпилог 01'),
	(907,36,'797','https://srv7.abookfiles.online/uploads/y/6cfcb81819745369/mp3/52-vstrecha-v-podzemele-v14-ehpilog-02.mp3',NULL,'52 Встреча в подземелье v14 - Эпилог 02'),
	(908,36,'414','https://srv7.abookfiles.online/uploads/y/6cfcb81819745369/mp3/53-vstrecha-v-podzemele-v14-posleslovie-avtora.mp3',NULL,'53 Встреча в подземелье v14 - Послесловие автора'),
	(909,37,'152','https://srv7.abookfiles.online/uploads/y/e003a699d5158c1a/mp3/00.mp3',NULL,'00'),
	(910,37,'1835','https://srv7.abookfiles.online/uploads/y/e003a699d5158c1a/mp3/01.mp3',NULL,'01'),
	(911,37,'1268','https://srv7.abookfiles.online/uploads/y/e003a699d5158c1a/mp3/02.mp3',NULL,'02'),
	(912,38,'1433','https://srv7.abookfiles.online/uploads/z/762005b9a276c781/mp3/01-01.mp3',NULL,'01_01'),
	(913,38,'1227','https://srv7.abookfiles.online/uploads/z/762005b9a276c781/mp3/01-02.mp3',NULL,'01_02'),
	(914,38,'1371','https://srv7.abookfiles.online/uploads/z/762005b9a276c781/mp3/01-03.mp3',NULL,'01_03'),
	(915,38,'1399','https://srv7.abookfiles.online/uploads/z/762005b9a276c781/mp3/01-04.mp3',NULL,'01_04'),
	(916,38,'1600','https://srv7.abookfiles.online/uploads/z/762005b9a276c781/mp3/01-05.mp3',NULL,'01_05'),
	(917,38,'1899','https://srv7.abookfiles.online/uploads/z/762005b9a276c781/mp3/02-06.mp3',NULL,'02_06'),
	(918,38,'1511','https://srv7.abookfiles.online/uploads/z/762005b9a276c781/mp3/02-07.mp3',NULL,'02_07'),
	(919,38,'1630','https://srv7.abookfiles.online/uploads/z/762005b9a276c781/mp3/02-08.mp3',NULL,'02_08'),
	(920,38,'1511','https://srv7.abookfiles.online/uploads/z/762005b9a276c781/mp3/02-09.mp3',NULL,'02_09'),
	(921,38,'1740','https://srv7.abookfiles.online/uploads/z/762005b9a276c781/mp3/02-10.mp3',NULL,'02_10'),
	(922,38,'1333','https://srv7.abookfiles.online/uploads/z/762005b9a276c781/mp3/03-11.mp3',NULL,'03_11'),
	(923,38,'1479','https://srv7.abookfiles.online/uploads/z/762005b9a276c781/mp3/03-12.mp3',NULL,'03_12'),
	(924,38,'1297','https://srv7.abookfiles.online/uploads/z/762005b9a276c781/mp3/03-13.mp3',NULL,'03_13'),
	(925,38,'1468','https://srv7.abookfiles.online/uploads/z/762005b9a276c781/mp3/03-14.mp3',NULL,'03_14'),
	(926,38,'1540','https://srv7.abookfiles.online/uploads/z/762005b9a276c781/mp3/03-15.mp3',NULL,'03_15'),
	(927,38,'1761','https://srv7.abookfiles.online/uploads/z/762005b9a276c781/mp3/03-16.mp3',NULL,'03_16'),
	(928,38,'1931','https://srv7.abookfiles.online/uploads/z/762005b9a276c781/mp3/03-17.mp3',NULL,'03_17'),
	(929,38,'2145','https://srv7.abookfiles.online/uploads/z/762005b9a276c781/mp3/04-18.mp3',NULL,'04_18'),
	(930,38,'1679','https://srv7.abookfiles.online/uploads/z/762005b9a276c781/mp3/04-19.mp3',NULL,'04_19'),
	(931,38,'1216','https://srv7.abookfiles.online/uploads/z/762005b9a276c781/mp3/04-20.mp3',NULL,'04_20'),
	(932,38,'1393','https://srv7.abookfiles.online/uploads/z/762005b9a276c781/mp3/04-21.mp3',NULL,'04_21'),
	(933,38,'1357','https://srv7.abookfiles.online/uploads/z/762005b9a276c781/mp3/04-22.mp3',NULL,'04_22'),
	(934,38,'1504','https://srv7.abookfiles.online/uploads/z/762005b9a276c781/mp3/05-23.mp3',NULL,'05_23'),
	(935,38,'1568','https://srv7.abookfiles.online/uploads/z/762005b9a276c781/mp3/05-24.mp3',NULL,'05_24'),
	(936,38,'1547','https://srv7.abookfiles.online/uploads/z/762005b9a276c781/mp3/05-25.mp3',NULL,'05_25'),
	(937,38,'1436','https://srv7.abookfiles.online/uploads/z/762005b9a276c781/mp3/05-26.mp3',NULL,'05_26'),
	(938,38,'1670','https://srv7.abookfiles.online/uploads/z/762005b9a276c781/mp3/05-27.mp3',NULL,'05_27'),
	(939,38,'1226','https://srv7.abookfiles.online/uploads/z/762005b9a276c781/mp3/06-28.mp3',NULL,'06_28'),
	(940,38,'2031','https://srv7.abookfiles.online/uploads/z/762005b9a276c781/mp3/06-29.mp3',NULL,'06_29'),
	(941,39,'1280','https://srv1.abookfiles.online/uploads/y/297e648610eb77a3/mp3/001-predislovie-gomorra.mp3',NULL,'001. Предисловие. Гоморра'),
	(942,39,'2224','https://srv1.abookfiles.online/uploads/y/297e648610eb77a3/mp3/002-port-gomorra.mp3',NULL,'002. Порт. Гоморра'),
	(943,39,'1560','https://srv1.abookfiles.online/uploads/y/297e648610eb77a3/mp3/003-andzhelina-dzholi-ch1-gomorra.mp3',NULL,'003. Анджелина Джоли. ч1. Гоморра'),
	(944,39,'1491','https://srv1.abookfiles.online/uploads/y/297e648610eb77a3/mp3/004-andzhelina-dzholi-ch2-gomorra.mp3',NULL,'004. Анджелина Джоли. ч2. Гоморра'),
	(945,39,'1379','https://srv1.abookfiles.online/uploads/y/297e648610eb77a3/mp3/005-sistema-ch1-gomorra.mp3',NULL,'005. Система. ч1. Гоморра'),
	(946,39,'751','https://srv1.abookfiles.online/uploads/y/297e648610eb77a3/mp3/006-sistema-ch2-gomorra.mp3',NULL,'006. Система. ч2. Гоморра'),
	(947,39,'2228','https://srv1.abookfiles.online/uploads/y/297e648610eb77a3/mp3/007-vojjna-sekondiljano-ch1-gomorra.mp3',NULL,'007. Война Секондильяно. ч1. Гоморра'),
	(948,39,'1473','https://srv1.abookfiles.online/uploads/y/297e648610eb77a3/mp3/008-vojjna-sekondiljano-ch2-gomorra.mp3',NULL,'008. Война Секондильяно. ч2. Гоморра'),
	(949,39,'2482','https://srv1.abookfiles.online/uploads/y/297e648610eb77a3/mp3/009-vojjna-sekondiljano-ch3-gomorra.mp3',NULL,'009. Война Секондильяно. ч3. Гоморра'),
	(950,39,'1136','https://srv1.abookfiles.online/uploads/y/297e648610eb77a3/mp3/010-vojjna-sekondiljano-ch4-gomorra.mp3',NULL,'010. Война Секондильяно. ч4. Гоморра'),
	(951,39,'933','https://srv1.abookfiles.online/uploads/y/297e648610eb77a3/mp3/011-vojjna-sekondiljano-ch5-gomorra.mp3',NULL,'011. Война Секондильяно. ч5. Гоморра'),
	(952,39,'946','https://srv1.abookfiles.online/uploads/y/297e648610eb77a3/mp3/012-vojjna-sekondiljano-ch6-gomorra.mp3',NULL,'012. Война Секондильяно. ч6. Гоморра'),
	(953,39,'2064','https://srv1.abookfiles.online/uploads/y/297e648610eb77a3/mp3/013-vojjna-sekondiljano-ch7-gomorra.mp3',NULL,'013. Война Секондильяно. ч7. Гоморра'),
	(954,39,'2195','https://srv1.abookfiles.online/uploads/y/297e648610eb77a3/mp3/014-zhenshhiny-ch1-gomorra.mp3',NULL,'014. Женщины. ч1. Гоморра'),
	(955,39,'949','https://srv1.abookfiles.online/uploads/y/297e648610eb77a3/mp3/015-zhenshhiny-ch2-gomorra.mp3',NULL,'015. Женщины. ч2. Гоморра'),
	(956,39,'1242','https://srv1.abookfiles.online/uploads/y/297e648610eb77a3/mp3/016-kalashnikov-ch1-gomorra.mp3',NULL,'016. Калашников. ч1. Гоморра'),
	(957,39,'1235','https://srv1.abookfiles.online/uploads/y/297e648610eb77a3/mp3/017-kalashnikov-ch2-gomorra.mp3',NULL,'017. Калашников. ч2. Гоморра'),
	(958,39,'1819','https://srv1.abookfiles.online/uploads/y/297e648610eb77a3/mp3/018-kalashnikov-ch3-gomorra.mp3',NULL,'018. Калашников. ч3. Гоморра'),
	(959,39,'1252','https://srv1.abookfiles.online/uploads/y/297e648610eb77a3/mp3/019-cement-ch1-gomorra.mp3',NULL,'019. Цемент. ч1. Гоморра'),
	(960,39,'1645','https://srv1.abookfiles.online/uploads/y/297e648610eb77a3/mp3/020-cement-ch2-gomorra.mp3',NULL,'020. Цемент. ч2. Гоморра'),
	(961,39,'2338','https://srv1.abookfiles.online/uploads/y/297e648610eb77a3/mp3/021-cement-ch3-gomorra.mp3',NULL,'021. Цемент. ч3. Гоморра'),
	(962,39,'1621','https://srv1.abookfiles.online/uploads/y/297e648610eb77a3/mp3/022-don-peppino-diana-ch1-gomorra.mp3',NULL,'022. Дон Пеппино Диана. ч1. Гоморра'),
	(963,39,'1800','https://srv1.abookfiles.online/uploads/y/297e648610eb77a3/mp3/023-don-peppino-diana-ch2-gomorra.mp3',NULL,'023. Дон Пеппино Диана. ч2. Гоморра'),
	(964,39,'2187','https://srv1.abookfiles.online/uploads/y/297e648610eb77a3/mp3/024-gollivud-gomorra.mp3',NULL,'024. Голливуд. Гоморра'),
	(965,39,'2392','https://srv1.abookfiles.online/uploads/y/297e648610eb77a3/mp3/025-aberdin-mondragone-gomorra.mp3',NULL,'025. Абердин, Мондрагоне. Гоморра'),
	(966,39,'1054','https://srv1.abookfiles.online/uploads/y/297e648610eb77a3/mp3/026-aberdin-mondragone-ch2-gomorra.mp3',NULL,'026. Абердин, Мондрагоне. ч2. Гоморра'),
	(967,39,'3034','https://srv1.abookfiles.online/uploads/y/297e648610eb77a3/mp3/027-zemlja-ognejj-gomorra.mp3',NULL,'027. Земля Огней. Гоморра'),
	(968,40,'103','https://srv7.abookfiles.online/uploads/y/0bbe8e42d69da990/mp3/otsuru-zhizn-v-alternativnom-mire-s-nulja-2-glava-0-chast-01.mp3',NULL,'Otsuru - Жизнь в альтернативном мире с нуля 2 Глава 0 Часть 01'),
	(969,40,'44','https://srv7.abookfiles.online/uploads/y/0bbe8e42d69da990/mp3/otsuru-zhizn-v-alternativnom-mire-s-nulja-2-glava-0-chast-02.mp3',NULL,'Otsuru - Жизнь в альтернативном мире с нуля 2 Глава 0 Часть 02'),
	(970,40,'184','https://srv7.abookfiles.online/uploads/y/0bbe8e42d69da990/mp3/otsuru-zhizn-v-alternativnom-mire-s-nulja-2-glava-1-chast-01.mp3',NULL,'Otsuru - Жизнь в альтернативном мире с нуля 2 Глава 1 Часть 01'),
	(971,40,'431','https://srv7.abookfiles.online/uploads/y/0bbe8e42d69da990/mp3/otsuru-zhizn-v-alternativnom-mire-s-nulja-2-glava-1-chast-02.mp3',NULL,'Otsuru - Жизнь в альтернативном мире с нуля 2 Глава 1 Часть 02'),
	(972,40,'434','https://srv7.abookfiles.online/uploads/y/0bbe8e42d69da990/mp3/otsuru-zhizn-v-alternativnom-mire-s-nulja-2-glava-1-chast-03.mp3',NULL,'Otsuru - Жизнь в альтернативном мире с нуля 2 Глава 1 Часть 03'),
	(973,40,'746','https://srv7.abookfiles.online/uploads/y/0bbe8e42d69da990/mp3/otsuru-zhizn-v-alternativnom-mire-s-nulja-2-glava-1-chast-04.mp3',NULL,'Otsuru - Жизнь в альтернативном мире с нуля 2 Глава 1 Часть 04'),
	(974,40,'934','https://srv7.abookfiles.online/uploads/y/0bbe8e42d69da990/mp3/otsuru-zhizn-v-alternativnom-mire-s-nulja-2-glava-1-chast-05.mp3',NULL,'Otsuru - Жизнь в альтернативном мире с нуля 2 Глава 1 Часть 05'),
	(975,40,'627','https://srv7.abookfiles.online/uploads/y/0bbe8e42d69da990/mp3/otsuru-zhizn-v-alternativnom-mire-s-nulja-2-glava-2-chast-01.mp3',NULL,'Otsuru - Жизнь в альтернативном мире с нуля 2 Глава 2 Часть 01'),
	(976,40,'860','https://srv7.abookfiles.online/uploads/y/0bbe8e42d69da990/mp3/otsuru-zhizn-v-alternativnom-mire-s-nulja-2-glava-2-chast-02.mp3',NULL,'Otsuru - Жизнь в альтернативном мире с нуля 2 Глава 2 Часть 02'),
	(977,40,'1548','https://srv7.abookfiles.online/uploads/y/0bbe8e42d69da990/mp3/otsuru-zhizn-v-alternativnom-mire-s-nulja-2-glava-2-chast-03.mp3',NULL,'Otsuru - Жизнь в альтернативном мире с нуля 2 Глава 2 Часть 03'),
	(978,40,'518','https://srv7.abookfiles.online/uploads/y/0bbe8e42d69da990/mp3/otsuru-zhizn-v-alternativnom-mire-s-nulja-2-glava-2-chast-04.mp3',NULL,'Otsuru - Жизнь в альтернативном мире с нуля 2 Глава 2 Часть 04'),
	(979,40,'519','https://srv7.abookfiles.online/uploads/y/0bbe8e42d69da990/mp3/otsuru-zhizn-v-alternativnom-mire-s-nulja-2-glava-2-chast-05.mp3',NULL,'Otsuru - Жизнь в альтернативном мире с нуля 2 Глава 2 Часть 05'),
	(980,40,'658','https://srv7.abookfiles.online/uploads/y/0bbe8e42d69da990/mp3/otsuru-zhizn-v-alternativnom-mire-s-nulja-2-glava-2-chast-06.mp3',NULL,'Otsuru - Жизнь в альтернативном мире с нуля 2 Глава 2 Часть 06'),
	(981,40,'417','https://srv7.abookfiles.online/uploads/y/0bbe8e42d69da990/mp3/otsuru-zhizn-v-alternativnom-mire-s-nulja-2-glava-2-chast-07.mp3',NULL,'Otsuru - Жизнь в альтернативном мире с нуля 2 Глава 2 Часть 07'),
	(982,40,'483','https://srv7.abookfiles.online/uploads/y/0bbe8e42d69da990/mp3/otsuru-zhizn-v-alternativnom-mire-s-nulja-2-glava-2-chast-08.mp3',NULL,'Otsuru - Жизнь в альтернативном мире с нуля 2 Глава 2 Часть 08'),
	(983,40,'667','https://srv7.abookfiles.online/uploads/y/0bbe8e42d69da990/mp3/otsuru-zhizn-v-alternativnom-mire-s-nulja-2-glava-2-chast-09.mp3',NULL,'Otsuru - Жизнь в альтернативном мире с нуля 2 Глава 2 Часть 09'),
	(984,40,'439','https://srv7.abookfiles.online/uploads/y/0bbe8e42d69da990/mp3/otsuru-zhizn-v-alternativnom-mire-s-nulja-2-glava-2-chast-10.mp3',NULL,'Otsuru - Жизнь в альтернативном мире с нуля 2 Глава 2 Часть 10'),
	(985,40,'1019','https://srv7.abookfiles.online/uploads/y/0bbe8e42d69da990/mp3/otsuru-zhizn-v-alternativnom-mire-s-nulja-2-glava-2-chast-11.mp3',NULL,'Otsuru - Жизнь в альтернативном мире с нуля 2 Глава 2 Часть 11'),
	(986,40,'471','https://srv7.abookfiles.online/uploads/y/0bbe8e42d69da990/mp3/otsuru-zhizn-v-alternativnom-mire-s-nulja-2-glava-2-chast-12.mp3',NULL,'Otsuru - Жизнь в альтернативном мире с нуля 2 Глава 2 Часть 12'),
	(987,40,'289','https://srv7.abookfiles.online/uploads/y/0bbe8e42d69da990/mp3/otsuru-zhizn-v-alternativnom-mire-s-nulja-2-glava-2-chast-13.mp3',NULL,'Otsuru - Жизнь в альтернативном мире с нуля 2 Глава 2 Часть 13'),
	(988,40,'264','https://srv7.abookfiles.online/uploads/y/0bbe8e42d69da990/mp3/otsuru-zhizn-v-alternativnom-mire-s-nulja-2-glava-3-chast-01.mp3',NULL,'Otsuru - Жизнь в альтернативном мире с нуля 2 Глава 3 Часть 01'),
	(989,40,'881','https://srv7.abookfiles.online/uploads/y/0bbe8e42d69da990/mp3/otsuru-zhizn-v-alternativnom-mire-s-nulja-2-glava-3-chast-02.mp3',NULL,'Otsuru - Жизнь в альтернативном мире с нуля 2 Глава 3 Часть 02'),
	(990,40,'1563','https://srv7.abookfiles.online/uploads/y/0bbe8e42d69da990/mp3/otsuru-zhizn-v-alternativnom-mire-s-nulja-2-glava-3-chast-03.mp3',NULL,'Otsuru - Жизнь в альтернативном мире с нуля 2 Глава 3 Часть 03'),
	(991,40,'256','https://srv7.abookfiles.online/uploads/y/0bbe8e42d69da990/mp3/otsuru-zhizn-v-alternativnom-mire-s-nulja-2-glava-3-chast-04.mp3',NULL,'Otsuru - Жизнь в альтернативном мире с нуля 2 Глава 3 Часть 04'),
	(992,40,'576','https://srv7.abookfiles.online/uploads/y/0bbe8e42d69da990/mp3/otsuru-zhizn-v-alternativnom-mire-s-nulja-2-glava-3-chast-05.mp3',NULL,'Otsuru - Жизнь в альтернативном мире с нуля 2 Глава 3 Часть 05'),
	(993,40,'628','https://srv7.abookfiles.online/uploads/y/0bbe8e42d69da990/mp3/otsuru-zhizn-v-alternativnom-mire-s-nulja-2-glava-3-chast-06.mp3',NULL,'Otsuru - Жизнь в альтернативном мире с нуля 2 Глава 3 Часть 06'),
	(994,40,'701','https://srv7.abookfiles.online/uploads/y/0bbe8e42d69da990/mp3/otsuru-zhizn-v-alternativnom-mire-s-nulja-2-glava-3-chast-07.mp3',NULL,'Otsuru - Жизнь в альтернативном мире с нуля 2 Глава 3 Часть 07'),
	(995,40,'557','https://srv7.abookfiles.online/uploads/y/0bbe8e42d69da990/mp3/otsuru-zhizn-v-alternativnom-mire-s-nulja-2-glava-3-chast-08.mp3',NULL,'Otsuru - Жизнь в альтернативном мире с нуля 2 Глава 3 Часть 08'),
	(996,40,'186','https://srv7.abookfiles.online/uploads/y/0bbe8e42d69da990/mp3/otsuru-zhizn-v-alternativnom-mire-s-nulja-2-glava-3-chast-09.mp3',NULL,'Otsuru - Жизнь в альтернативном мире с нуля 2 Глава 3 Часть 09'),
	(997,40,'918','https://srv7.abookfiles.online/uploads/y/0bbe8e42d69da990/mp3/otsuru-zhizn-v-alternativnom-mire-s-nulja-2-glava-4-chast-01.mp3',NULL,'Otsuru - Жизнь в альтернативном мире с нуля 2 Глава 4 Часть 01'),
	(998,40,'286','https://srv7.abookfiles.online/uploads/y/0bbe8e42d69da990/mp3/otsuru-zhizn-v-alternativnom-mire-s-nulja-2-glava-4-chast-02.mp3',NULL,'Otsuru - Жизнь в альтернативном мире с нуля 2 Глава 4 Часть 02'),
	(999,40,'286','https://srv7.abookfiles.online/uploads/y/0bbe8e42d69da990/mp3/otsuru-zhizn-v-alternativnom-mire-s-nulja-2-glava-4-chast-03.mp3',NULL,'Otsuru - Жизнь в альтернативном мире с нуля 2 Глава 4 Часть 03'),
	(1000,40,'1408','https://srv7.abookfiles.online/uploads/y/0bbe8e42d69da990/mp3/otsuru-zhizn-v-alternativnom-mire-s-nulja-2-glava-4-chast-04.mp3',NULL,'Otsuru - Жизнь в альтернативном мире с нуля 2 Глава 4 Часть 04'),
	(1001,40,'820','https://srv7.abookfiles.online/uploads/y/0bbe8e42d69da990/mp3/otsuru-zhizn-v-alternativnom-mire-s-nulja-2-glava-4-chast-05.mp3',NULL,'Otsuru - Жизнь в альтернативном мире с нуля 2 Глава 4 Часть 05'),
	(1002,40,'461','https://srv7.abookfiles.online/uploads/y/0bbe8e42d69da990/mp3/otsuru-zhizn-v-alternativnom-mire-s-nulja-2-glava-4-chast-06.mp3',NULL,'Otsuru - Жизнь в альтернативном мире с нуля 2 Глава 4 Часть 06'),
	(1003,40,'1267','https://srv7.abookfiles.online/uploads/y/0bbe8e42d69da990/mp3/otsuru-zhizn-v-alternativnom-mire-s-nulja-2-glava-4-chast-07.mp3',NULL,'Otsuru - Жизнь в альтернативном мире с нуля 2 Глава 4 Часть 07'),
	(1004,40,'165','https://srv7.abookfiles.online/uploads/y/0bbe8e42d69da990/mp3/otsuru-zhizn-v-alternativnom-mire-s-nulja-2-glava-5-chast-01.mp3',NULL,'Otsuru - Жизнь в альтернативном мире с нуля 2 Глава 5 Часть 01'),
	(1005,40,'602','https://srv7.abookfiles.online/uploads/y/0bbe8e42d69da990/mp3/otsuru-zhizn-v-alternativnom-mire-s-nulja-2-glava-5-chast-02.mp3',NULL,'Otsuru - Жизнь в альтернативном мире с нуля 2 Глава 5 Часть 02'),
	(1006,40,'644','https://srv7.abookfiles.online/uploads/y/0bbe8e42d69da990/mp3/otsuru-zhizn-v-alternativnom-mire-s-nulja-2-glava-5-chast-03.mp3',NULL,'Otsuru - Жизнь в альтернативном мире с нуля 2 Глава 5 Часть 03'),
	(1007,40,'576','https://srv7.abookfiles.online/uploads/y/0bbe8e42d69da990/mp3/otsuru-zhizn-v-alternativnom-mire-s-nulja-2-glava-5-chast-04.mp3',NULL,'Otsuru - Жизнь в альтернативном мире с нуля 2 Глава 5 Часть 04'),
	(1008,40,'73','https://srv7.abookfiles.online/uploads/y/0bbe8e42d69da990/mp3/otsuru-zhizn-v-alternativnom-mire-s-nulja-2-glava-5-chast-05.mp3',NULL,'Otsuru - Жизнь в альтернативном мире с нуля 2 Глава 5 Часть 05'),
	(1009,40,'268','https://srv7.abookfiles.online/uploads/y/0bbe8e42d69da990/mp3/otsuru-zhizn-v-alternativnom-mire-s-nulja-2-glava-5-chast-06.mp3',NULL,'Otsuru - Жизнь в альтернативном мире с нуля 2 Глава 5 Часть 06'),
	(1010,40,'472','https://srv7.abookfiles.online/uploads/y/0bbe8e42d69da990/mp3/otsuru-zhizn-v-alternativnom-mire-s-nulja-2-glava-5-chast-07.mp3',NULL,'Otsuru - Жизнь в альтернативном мире с нуля 2 Глава 5 Часть 07'),
	(1011,40,'810','https://srv7.abookfiles.online/uploads/y/0bbe8e42d69da990/mp3/otsuru-zhizn-v-alternativnom-mire-s-nulja-2-glava-5-chast-08.mp3',NULL,'Otsuru - Жизнь в альтернативном мире с нуля 2 Глава 5 Часть 08'),
	(1012,40,'369','https://srv7.abookfiles.online/uploads/y/0bbe8e42d69da990/mp3/otsuru-zhizn-v-alternativnom-mire-s-nulja-2-glava-5-chast-09.mp3',NULL,'Otsuru - Жизнь в альтернативном мире с нуля 2 Глава 5 Часть 09'),
	(1013,40,'64','https://srv7.abookfiles.online/uploads/y/0bbe8e42d69da990/mp3/otsuru-zhizn-v-alternativnom-mire-s-nulja-2-glava-5-chast-10.mp3',NULL,'Otsuru - Жизнь в альтернативном мире с нуля 2 Глава 5 Часть 10'),
	(1014,40,'686','https://srv7.abookfiles.online/uploads/y/0bbe8e42d69da990/mp3/otsuru-zhizn-v-alternativnom-mire-s-nulja-2-glava-5-chast-11.mp3',NULL,'Otsuru - Жизнь в альтернативном мире с нуля 2 Глава 5 Часть 11'),
	(1015,40,'486','https://srv7.abookfiles.online/uploads/y/0bbe8e42d69da990/mp3/otsuru-zhizn-v-alternativnom-mire-s-nulja-2-glava-5-chast-12.mp3',NULL,'Otsuru - Жизнь в альтернативном мире с нуля 2 Глава 5 Часть 12'),
	(1016,40,'110','https://srv7.abookfiles.online/uploads/y/0bbe8e42d69da990/mp3/otsuru-zhizn-v-alternativnom-mire-s-nulja-2-glava-5-chast-13.mp3',NULL,'Otsuru - Жизнь в альтернативном мире с нуля 2 Глава 5 Часть 13'),
	(1017,41,'78','https://srv7.abookfiles.online/uploads/y/477249025dfbaa97/mp3/01-k-svetu.mp3',NULL,'01 К свету'),
	(1018,41,'198','https://srv7.abookfiles.online/uploads/y/477249025dfbaa97/mp3/02-k-svetu.mp3',NULL,'02 К свету'),
	(1019,41,'1661','https://srv7.abookfiles.online/uploads/y/477249025dfbaa97/mp3/03-k-svetu.mp3',NULL,'03 К свету'),
	(1020,41,'1270','https://srv7.abookfiles.online/uploads/y/477249025dfbaa97/mp3/04-k-svetu.mp3',NULL,'04 К свету'),
	(1021,41,'2175','https://srv7.abookfiles.online/uploads/y/477249025dfbaa97/mp3/05-k-svetu-.mp3',NULL,'05 К свету'),
	(1022,41,'1845','https://srv7.abookfiles.online/uploads/y/477249025dfbaa97/mp3/06-k-svetu-.mp3',NULL,'06 К свету'),
	(1023,41,'1074','https://srv7.abookfiles.online/uploads/y/477249025dfbaa97/mp3/07-k-svetu-.mp3',NULL,'07 К свету'),
	(1024,41,'1870','https://srv7.abookfiles.online/uploads/y/477249025dfbaa97/mp3/08-k-svetu-.mp3',NULL,'08 К свету'),
	(1025,41,'2279','https://srv7.abookfiles.online/uploads/y/477249025dfbaa97/mp3/09-k-svetu-.mp3',NULL,'09 К свету'),
	(1026,41,'1232','https://srv7.abookfiles.online/uploads/y/477249025dfbaa97/mp3/10-k-svetu.mp3',NULL,'10 К свету'),
	(1027,41,'1485','https://srv7.abookfiles.online/uploads/y/477249025dfbaa97/mp3/11-k-svetu-.mp3',NULL,'11 К свету'),
	(1028,41,'1090','https://srv7.abookfiles.online/uploads/y/477249025dfbaa97/mp3/12-k-svetu.mp3',NULL,'12 К свету'),
	(1029,41,'1074','https://srv7.abookfiles.online/uploads/y/477249025dfbaa97/mp3/13-k-svetu.mp3',NULL,'13 К свету'),
	(1030,41,'1074','https://srv7.abookfiles.online/uploads/y/477249025dfbaa97/mp3/13-k-svetu-.mp3',NULL,'13 К свету'),
	(1031,41,'480','https://srv7.abookfiles.online/uploads/y/477249025dfbaa97/mp3/14-k-svetu-.mp3',NULL,'14 К свету'),
	(1032,42,'642','https://srv7.abookfiles.online/uploads/y/a375564afaf3d4fa/mp3/track-01.mp3',NULL,'Track 01'),
	(1033,42,'662','https://srv7.abookfiles.online/uploads/y/a375564afaf3d4fa/mp3/track-02.mp3',NULL,'Track 02'),
	(1034,42,'609','https://srv7.abookfiles.online/uploads/y/a375564afaf3d4fa/mp3/track-03.mp3',NULL,'Track 03'),
	(1035,42,'753','https://srv7.abookfiles.online/uploads/y/a375564afaf3d4fa/mp3/track-04.mp3',NULL,'Track 04'),
	(1036,42,'1358','https://srv7.abookfiles.online/uploads/y/a375564afaf3d4fa/mp3/track-05.mp3',NULL,'Track 05'),
	(1037,42,'1106','https://srv7.abookfiles.online/uploads/y/a375564afaf3d4fa/mp3/track-06.mp3',NULL,'Track 06'),
	(1038,42,'639','https://srv7.abookfiles.online/uploads/y/a375564afaf3d4fa/mp3/track-07.mp3',NULL,'Track 07'),
	(1039,42,'492','https://srv7.abookfiles.online/uploads/y/a375564afaf3d4fa/mp3/track-08.mp3',NULL,'Track 08'),
	(1040,42,'1498','https://srv7.abookfiles.online/uploads/y/a375564afaf3d4fa/mp3/track-09.mp3',NULL,'Track 09'),
	(1041,42,'1118','https://srv7.abookfiles.online/uploads/y/a375564afaf3d4fa/mp3/track-10.mp3',NULL,'Track 10'),
	(1042,42,'1343','https://srv7.abookfiles.online/uploads/y/a375564afaf3d4fa/mp3/track-11.mp3',NULL,'Track 11'),
	(1043,42,'1000','https://srv7.abookfiles.online/uploads/y/a375564afaf3d4fa/mp3/track-12.mp3',NULL,'Track 12'),
	(1044,42,'1481','https://srv7.abookfiles.online/uploads/y/a375564afaf3d4fa/mp3/track-13.mp3',NULL,'Track 13'),
	(1045,42,'728','https://srv7.abookfiles.online/uploads/y/a375564afaf3d4fa/mp3/track-14.mp3',NULL,'Track 14'),
	(1046,42,'1429','https://srv7.abookfiles.online/uploads/y/a375564afaf3d4fa/mp3/track-15.mp3',NULL,'Track 15'),
	(1047,42,'830','https://srv7.abookfiles.online/uploads/y/a375564afaf3d4fa/mp3/track-16.mp3',NULL,'Track 16'),
	(1048,43,'782','https://srv1.abookfiles.online/uploads/z/d0b5194cb77ddfa3/mp3/01-predisloviye.mp3',NULL,'01_Predisloviye'),
	(1049,43,'1444','https://srv1.abookfiles.online/uploads/z/d0b5194cb77ddfa3/mp3/02-glava-1.mp3',NULL,'02_Glava_1'),
	(1050,43,'1845','https://srv1.abookfiles.online/uploads/z/d0b5194cb77ddfa3/mp3/03-glava-2.mp3',NULL,'03_Glava_2'),
	(1051,43,'2057','https://srv1.abookfiles.online/uploads/z/d0b5194cb77ddfa3/mp3/04-glava-3.mp3',NULL,'04_Glava_3'),
	(1052,43,'1624','https://srv1.abookfiles.online/uploads/z/d0b5194cb77ddfa3/mp3/05-glava-4.mp3',NULL,'05_Glava_4'),
	(1053,43,'1533','https://srv1.abookfiles.online/uploads/z/d0b5194cb77ddfa3/mp3/06-glava-5.mp3',NULL,'06_Glava_5'),
	(1054,43,'1737','https://srv1.abookfiles.online/uploads/z/d0b5194cb77ddfa3/mp3/07-glava-6.mp3',NULL,'07_Glava_6'),
	(1055,43,'1671','https://srv1.abookfiles.online/uploads/z/d0b5194cb77ddfa3/mp3/08-glava-7.mp3',NULL,'08_Glava_7'),
	(1056,43,'1793','https://srv1.abookfiles.online/uploads/z/d0b5194cb77ddfa3/mp3/09-glava-8.mp3',NULL,'09_Glava_8'),
	(1057,43,'1066','https://srv1.abookfiles.online/uploads/z/d0b5194cb77ddfa3/mp3/10-epilog.mp3',NULL,'10_Epilog'),
	(1058,44,'496','https://srv7.abookfiles.online/uploads/y/836990a750c6af4f/mp3/1-nasim-n-taleb-odurachennye-sluchajjnostju-predislovie.mp3',NULL,'1_Насим_Н_Талеб_Одураченные_случайностью_Предисловие'),
	(1059,44,'392','https://srv7.abookfiles.online/uploads/y/836990a750c6af4f/mp3/2-nasim-n-taleb-odurachennye-sluchajjnostju-soderzhanie.mp3',NULL,'2_Насим_Н_Талеб_Одураченные_случайностью_Содержание'),
	(1060,44,'759','https://srv7.abookfiles.online/uploads/y/836990a750c6af4f/mp3/3-nasim-n-taleb-odurachennye-sluchajjnostju-prolog.mp3',NULL,'3_Насим_Н_Талеб_Одураченные_случайностью_Пролог'),
	(1061,44,'299','https://srv7.abookfiles.online/uploads/y/836990a750c6af4f/mp3/4-nasim-n-taleb-odurachennye-sluchajjnostju-ch-1.mp3',NULL,'4_Насим_Н_Талеб_Одураченные_случайностью_Ч_1'),
	(1062,44,'2231','https://srv7.abookfiles.online/uploads/y/836990a750c6af4f/mp3/5-nasim-n-taleb-odurachennye-sluchajjnostju-gl-1.mp3',NULL,'5_Насим_Н_Талеб_Одураченные_случайностью_Гл_1'),
	(1063,44,'2092','https://srv7.abookfiles.online/uploads/y/836990a750c6af4f/mp3/6-nasim-n-taleb-odurachennye-sluchajjnostju-gl-2.mp3',NULL,'6_Насим_Н_Талеб_Одураченные_случайностью_Гл_2'),
	(1064,44,'3281','https://srv7.abookfiles.online/uploads/y/836990a750c6af4f/mp3/7-nasim-n-taleb-odurachennye-sluchajjnostju-gl-3.mp3',NULL,'7_Насим_Н_Талеб_Одураченные_случайностью_Гл_3'),
	(1065,44,'1099','https://srv7.abookfiles.online/uploads/y/836990a750c6af4f/mp3/8-nasim-n-taleb-odurachennye-sluchajjnostju-gl-4.mp3',NULL,'8_Насим_Н_Талеб_Одураченные_случайностью_Гл_4'),
	(1066,44,'2552','https://srv7.abookfiles.online/uploads/y/836990a750c6af4f/mp3/9-nasim-n-taleb-odurachennye-sluchajjnostju-gl-5.mp3',NULL,'9_Насим_Н_Талеб_Одураченные_случайностью_Гл_5'),
	(1067,44,'2438','https://srv7.abookfiles.online/uploads/y/836990a750c6af4f/mp3/10-nasim-n-taleb-odurachennye-sluchajjnostju-gl-6.mp3',NULL,'10_Насим_Н_Талеб_Одураченные_случайностью_Гл_6'),
	(1068,44,'2023','https://srv7.abookfiles.online/uploads/y/836990a750c6af4f/mp3/11-nasim-n-taleb-odurachennye-sluchajjnostju-gl-7.mp3',NULL,'11_Насим_Н_Талеб_Одураченные_случайностью_Гл_7'),
	(1069,44,'391','https://srv7.abookfiles.online/uploads/y/836990a750c6af4f/mp3/12-nasim-n-taleb-odurachennye-sluchajjnostju-ch-2.mp3',NULL,'12_Насим_Н_Талеб_Одураченные_случайностью_Ч_2'),
	(1070,44,'1228','https://srv7.abookfiles.online/uploads/y/836990a750c6af4f/mp3/13-nasim-n-taleb-odurachennye-sluchajjnostju-gl-8.mp3',NULL,'13_Насим_Н_Талеб_Одураченные_случайностью_Гл_8'),
	(1071,44,'2786','https://srv7.abookfiles.online/uploads/y/836990a750c6af4f/mp3/14-nasim-n-taleb-odurachennye-sluchajjnostju-gl-9.mp3',NULL,'14_Насим_Н_Талеб_Одураченные_случайностью_Гл_9'),
	(1072,44,'1042','https://srv7.abookfiles.online/uploads/y/836990a750c6af4f/mp3/15-nasim-n-taleb-odurachennye-sluchajjnostju-gl-10.mp3',NULL,'15_Насим_Н_Талеб_Одураченные_случайностью_Гл_10'),
	(1073,44,'3231','https://srv7.abookfiles.online/uploads/y/836990a750c6af4f/mp3/16-nasim-n-taleb-odurachennye-sluchajjnostju-gl-11.mp3',NULL,'16_Насим_Н_Талеб_Одураченные_случайностью_Гл_11'),
	(1074,44,'511','https://srv7.abookfiles.online/uploads/y/836990a750c6af4f/mp3/17-nasim-n-taleb-odurachennye-sluchajjnostju-ch-3-1.mp3',NULL,'17_Насим_Н_Талеб_Одураченные_случайностью_Ч_3_1'),
	(1075,44,'1058','https://srv7.abookfiles.online/uploads/y/836990a750c6af4f/mp3/18-nasim-n-taleb-odurachennye-sluchajjnostju-gl-12.mp3',NULL,'18_Насим_Н_Талеб_Одураченные_случайностью_Гл_12'),
	(1076,44,'1361','https://srv7.abookfiles.online/uploads/y/836990a750c6af4f/mp3/19-nasim-n-taleb-odurachennye-sluchajjnostju-gl-13.mp3',NULL,'19_Насим_Н_Талеб_Одураченные_случайностью_Гл_13'),
	(1077,44,'703','https://srv7.abookfiles.online/uploads/y/836990a750c6af4f/mp3/20-nasim-n-taleb-odurachennye-sluchajjnostju-gl-14.mp3',NULL,'20_Насим_Н_Талеб_Одураченные_случайностью_Гл_14'),
	(1078,45,'997','https://srv7.abookfiles.online/uploads/z/89df043ceebde269/mp3/01.mp3',NULL,'01'),
	(1079,45,'1200','https://srv7.abookfiles.online/uploads/z/89df043ceebde269/mp3/02.mp3',NULL,'02'),
	(1080,45,'935','https://srv7.abookfiles.online/uploads/z/89df043ceebde269/mp3/03.mp3',NULL,'03'),
	(1081,45,'900','https://srv7.abookfiles.online/uploads/z/89df043ceebde269/mp3/04.mp3',NULL,'04'),
	(1082,45,'914','https://srv7.abookfiles.online/uploads/z/89df043ceebde269/mp3/05.mp3',NULL,'05'),
	(1083,45,'886','https://srv7.abookfiles.online/uploads/z/89df043ceebde269/mp3/06.mp3',NULL,'06'),
	(1084,45,'872','https://srv7.abookfiles.online/uploads/z/89df043ceebde269/mp3/07.mp3',NULL,'07'),
	(1085,45,'899','https://srv7.abookfiles.online/uploads/z/89df043ceebde269/mp3/08.mp3',NULL,'08'),
	(1086,45,'860','https://srv7.abookfiles.online/uploads/z/89df043ceebde269/mp3/09.mp3',NULL,'09'),
	(1087,45,'875','https://srv7.abookfiles.online/uploads/z/89df043ceebde269/mp3/10.mp3',NULL,'10'),
	(1088,45,'1111','https://srv7.abookfiles.online/uploads/z/89df043ceebde269/mp3/11.mp3',NULL,'11'),
	(1089,45,'1167','https://srv7.abookfiles.online/uploads/z/89df043ceebde269/mp3/12.mp3',NULL,'12'),
	(1090,45,'1186','https://srv7.abookfiles.online/uploads/z/89df043ceebde269/mp3/13.mp3',NULL,'13'),
	(1091,45,'1229','https://srv7.abookfiles.online/uploads/z/89df043ceebde269/mp3/14.mp3',NULL,'14'),
	(1092,45,'1205','https://srv7.abookfiles.online/uploads/z/89df043ceebde269/mp3/15.mp3',NULL,'15'),
	(1093,45,'1148','https://srv7.abookfiles.online/uploads/z/89df043ceebde269/mp3/16.mp3',NULL,'16'),
	(1094,45,'1188','https://srv7.abookfiles.online/uploads/z/89df043ceebde269/mp3/17.mp3',NULL,'17'),
	(1095,45,'1198','https://srv7.abookfiles.online/uploads/z/89df043ceebde269/mp3/18.mp3',NULL,'18'),
	(1096,45,'1214','https://srv7.abookfiles.online/uploads/z/89df043ceebde269/mp3/19.mp3',NULL,'19'),
	(1097,45,'1148','https://srv7.abookfiles.online/uploads/z/89df043ceebde269/mp3/20.mp3',NULL,'20'),
	(1098,45,'1119','https://srv7.abookfiles.online/uploads/z/89df043ceebde269/mp3/21.mp3',NULL,'21'),
	(1099,45,'1205','https://srv7.abookfiles.online/uploads/z/89df043ceebde269/mp3/22.mp3',NULL,'22'),
	(1100,45,'1146','https://srv7.abookfiles.online/uploads/z/89df043ceebde269/mp3/23.mp3',NULL,'23'),
	(1101,45,'1159','https://srv7.abookfiles.online/uploads/z/89df043ceebde269/mp3/24.mp3',NULL,'24'),
	(1102,45,'1159','https://srv7.abookfiles.online/uploads/z/89df043ceebde269/mp3/25.mp3',NULL,'25'),
	(1103,45,'1199','https://srv7.abookfiles.online/uploads/z/89df043ceebde269/mp3/26.mp3',NULL,'26'),
	(1104,45,'1135','https://srv7.abookfiles.online/uploads/z/89df043ceebde269/mp3/27.mp3',NULL,'27'),
	(1105,45,'1153','https://srv7.abookfiles.online/uploads/z/89df043ceebde269/mp3/28.mp3',NULL,'28'),
	(1106,45,'1246','https://srv7.abookfiles.online/uploads/z/89df043ceebde269/mp3/29.mp3',NULL,'29'),
	(1107,45,'1147','https://srv7.abookfiles.online/uploads/z/89df043ceebde269/mp3/30.mp3',NULL,'30'),
	(1108,45,'1238','https://srv7.abookfiles.online/uploads/z/89df043ceebde269/mp3/31.mp3',NULL,'31'),
	(1109,45,'1207','https://srv7.abookfiles.online/uploads/z/89df043ceebde269/mp3/32.mp3',NULL,'32'),
	(1110,45,'1181','https://srv7.abookfiles.online/uploads/z/89df043ceebde269/mp3/33.mp3',NULL,'33'),
	(1111,45,'1240','https://srv7.abookfiles.online/uploads/z/89df043ceebde269/mp3/34.mp3',NULL,'34'),
	(1112,45,'1193','https://srv7.abookfiles.online/uploads/z/89df043ceebde269/mp3/35.mp3',NULL,'35'),
	(1113,45,'1227','https://srv7.abookfiles.online/uploads/z/89df043ceebde269/mp3/36.mp3',NULL,'36'),
	(1114,45,'1176','https://srv7.abookfiles.online/uploads/z/89df043ceebde269/mp3/37.mp3',NULL,'37'),
	(1115,45,'1414','https://srv7.abookfiles.online/uploads/z/89df043ceebde269/mp3/38.mp3',NULL,'38'),
	(1116,45,'434','https://srv7.abookfiles.online/uploads/z/89df043ceebde269/mp3/39-ehpilog.mp3',NULL,'39 эпилог'),
	(1117,46,'422','https://srv1.abookfiles.online/uploads/z/5a679e4284fa2af9/mp3/1.mp3',NULL,'1'),
	(1118,46,'421','https://srv1.abookfiles.online/uploads/z/5a679e4284fa2af9/mp3/2.mp3',NULL,'2'),
	(1119,46,'418','https://srv1.abookfiles.online/uploads/z/5a679e4284fa2af9/mp3/3.mp3',NULL,'3'),
	(1120,46,'414','https://srv1.abookfiles.online/uploads/z/5a679e4284fa2af9/mp3/4.mp3',NULL,'4'),
	(1121,46,'425','https://srv1.abookfiles.online/uploads/z/5a679e4284fa2af9/mp3/5.mp3',NULL,'5'),
	(1122,46,'413','https://srv1.abookfiles.online/uploads/z/5a679e4284fa2af9/mp3/6.mp3',NULL,'6'),
	(1123,47,'87','https://srv1.abookfiles.online/uploads/z/43c84267de1d2b37/mp3/00-00-kuznechihin-s-nol-pyat-vozhdelennyy-ostrov-kristiny-roslyakov-m.mp3',NULL,'00_00_Kuznechihin_S_Nol_pyat_Vozhdelennyy_ostrov_Kristiny_Roslyakov_M'),
	(1124,47,'1568','https://srv1.abookfiles.online/uploads/z/43c84267de1d2b37/mp3/01-01-nol-pyat.mp3',NULL,'01_01_Nol pyat'),
	(1125,47,'1500','https://srv1.abookfiles.online/uploads/z/43c84267de1d2b37/mp3/01-02-nol-pyat.mp3',NULL,'01_02_Nol pyat'),
	(1126,47,'1280','https://srv1.abookfiles.online/uploads/z/43c84267de1d2b37/mp3/01-03-nol-pyat.mp3',NULL,'01_03_Nol pyat'),
	(1127,47,'1136','https://srv1.abookfiles.online/uploads/z/43c84267de1d2b37/mp3/01-04-nol-pyat.mp3',NULL,'01_04_Nol pyat'),
	(1128,47,'1318','https://srv1.abookfiles.online/uploads/z/43c84267de1d2b37/mp3/01-05-nol-pyat.mp3',NULL,'01_05_Nol pyat'),
	(1129,47,'1256','https://srv1.abookfiles.online/uploads/z/43c84267de1d2b37/mp3/01-06-nol-pyat.mp3',NULL,'01_06_Nol pyat'),
	(1130,47,'1598','https://srv1.abookfiles.online/uploads/z/43c84267de1d2b37/mp3/01-07-nol-pyat.mp3',NULL,'01_07_Nol pyat'),
	(1131,47,'1111','https://srv1.abookfiles.online/uploads/z/43c84267de1d2b37/mp3/02-01-vozhdelennyy-ostrov-kristiny.mp3',NULL,'02_01_Vozhdelennyy ostrov Kristiny'),
	(1132,47,'1023','https://srv1.abookfiles.online/uploads/z/43c84267de1d2b37/mp3/02-02-vozhdelennyy-ostrov-kristiny.mp3',NULL,'02_02_Vozhdelennyy ostrov Kristiny'),
	(1133,47,'1523','https://srv1.abookfiles.online/uploads/z/43c84267de1d2b37/mp3/02-03-vozhdelennyy-ostrov-kristiny.mp3',NULL,'02_03_Vozhdelennyy ostrov Kristiny'),
	(1134,47,'935','https://srv1.abookfiles.online/uploads/z/43c84267de1d2b37/mp3/02-04-vozhdelennyy-ostrov-kristiny.mp3',NULL,'02_04_Vozhdelennyy ostrov Kristiny'),
	(1135,47,'1234','https://srv1.abookfiles.online/uploads/z/43c84267de1d2b37/mp3/02-05-vozhdelennyy-ostrov-kristiny.mp3',NULL,'02_05_Vozhdelennyy ostrov Kristiny'),
	(1136,47,'1696','https://srv1.abookfiles.online/uploads/z/43c84267de1d2b37/mp3/02-06-vozhdelennyy-ostrov-kristiny.mp3',NULL,'02_06_Vozhdelennyy ostrov Kristiny'),
	(1137,47,'1430','https://srv1.abookfiles.online/uploads/z/43c84267de1d2b37/mp3/02-07-vozhdelennyy-ostrov-kristiny.mp3',NULL,'02_07_Vozhdelennyy ostrov Kristiny'),
	(1138,47,'1068','https://srv1.abookfiles.online/uploads/z/43c84267de1d2b37/mp3/02-08-vozhdelennyy-ostrov-kristiny.mp3',NULL,'02_08_Vozhdelennyy ostrov Kristiny'),
	(1139,48,'37','https://srv7.abookfiles.online/uploads/y/06c675829dc188ff/mp3/00-00-merezhko-v-polyoty-vo-sne-i-nayavu-perpety-mobilya-stepana-bobylya-leonov-a.mp3',NULL,'00_00_Merezhko_V_PolYoty_vo_sne_i_nayavu_Perpety_mobilya_Stepana_Bobylya_Leonov_A'),
	(1140,48,'1285','https://srv7.abookfiles.online/uploads/y/06c675829dc188ff/mp3/01-01-polyoty-vo-sne-i-nayavu.mp3',NULL,'01_01_PolYoty vo sne i nayavu'),
	(1141,48,'1404','https://srv7.abookfiles.online/uploads/y/06c675829dc188ff/mp3/01-02-polyoty-vo-sne-i-nayavu.mp3',NULL,'01_02_PolYoty vo sne i nayavu'),
	(1142,48,'1301','https://srv7.abookfiles.online/uploads/y/06c675829dc188ff/mp3/01-03-polyoty-vo-sne-i-nayavu.mp3',NULL,'01_03_PolYoty vo sne i nayavu'),
	(1143,48,'1439','https://srv7.abookfiles.online/uploads/y/06c675829dc188ff/mp3/01-04-polyoty-vo-sne-i-nayavu.mp3',NULL,'01_04_PolYoty vo sne i nayavu'),
	(1144,48,'532','https://srv7.abookfiles.online/uploads/y/06c675829dc188ff/mp3/01-05-polyoty-vo-sne-i-nayavu.mp3',NULL,'01_05_PolYoty vo sne i nayavu'),
	(1145,48,'1457','https://srv7.abookfiles.online/uploads/y/06c675829dc188ff/mp3/02-01-perpety-mobilya-stepana-bobylya.mp3',NULL,'02_01_Perpety mobilya Stepana Bobylya'),
	(1146,48,'1381','https://srv7.abookfiles.online/uploads/y/06c675829dc188ff/mp3/02-02-perpety-mobilya-stepana-bobylya.mp3',NULL,'02_02_Perpety mobilya Stepana Bobylya'),
	(1147,48,'1330','https://srv7.abookfiles.online/uploads/y/06c675829dc188ff/mp3/02-03-perpety-mobilya-stepana-bobylya.mp3',NULL,'02_03_Perpety mobilya Stepana Bobylya'),
	(1148,48,'1360','https://srv7.abookfiles.online/uploads/y/06c675829dc188ff/mp3/02-04-perpety-mobilya-stepana-bobylya.mp3',NULL,'02_04_Perpety mobilya Stepana Bobylya'),
	(1149,48,'1151','https://srv7.abookfiles.online/uploads/y/06c675829dc188ff/mp3/02-05-perpety-mobilya-stepana-bobylya.mp3',NULL,'02_05_Perpety mobilya Stepana Bobylya'),
	(1150,49,'717','https://srv7.abookfiles.online/uploads/z/dc7e99272b20413b/mp3/001-ne-upusti-svojj-shans.mp3',NULL,'001 Не упусти свой шанс'),
	(1151,49,'768','https://srv7.abookfiles.online/uploads/z/dc7e99272b20413b/mp3/002-ne-upusti-svojj-shans.mp3',NULL,'002 Не упусти свой шанс'),
	(1152,49,'933','https://srv7.abookfiles.online/uploads/z/dc7e99272b20413b/mp3/003-ne-upusti-svojj-shans.mp3',NULL,'003 Не упусти свой шанс'),
	(1153,49,'662','https://srv7.abookfiles.online/uploads/z/dc7e99272b20413b/mp3/004-ne-upusti-svojj-shans.mp3',NULL,'004 Не упусти свой шанс'),
	(1154,49,'916','https://srv7.abookfiles.online/uploads/z/dc7e99272b20413b/mp3/005-ne-upusti-svojj-shans.mp3',NULL,'005 Не упусти свой шанс'),
	(1155,49,'712','https://srv7.abookfiles.online/uploads/z/dc7e99272b20413b/mp3/006-ne-upusti-svojj-shans.mp3',NULL,'006 Не упусти свой шанс'),
	(1156,49,'728','https://srv7.abookfiles.online/uploads/z/dc7e99272b20413b/mp3/007-ne-upusti-svojj-shans.mp3',NULL,'007 Не упусти свой шанс'),
	(1157,49,'764','https://srv7.abookfiles.online/uploads/z/dc7e99272b20413b/mp3/008-ne-upusti-svojj-shans.mp3',NULL,'008 Не упусти свой шанс'),
	(1158,49,'828','https://srv7.abookfiles.online/uploads/z/dc7e99272b20413b/mp3/009-ne-upusti-svojj-shans.mp3',NULL,'009 Не упусти свой шанс'),
	(1159,49,'849','https://srv7.abookfiles.online/uploads/z/dc7e99272b20413b/mp3/010-ne-upusti-svojj-shans.mp3',NULL,'010 Не упусти свой шанс'),
	(1160,49,'847','https://srv7.abookfiles.online/uploads/z/dc7e99272b20413b/mp3/011-ne-upusti-svojj-shans.mp3',NULL,'011 Не упусти свой шанс'),
	(1161,49,'264','https://srv7.abookfiles.online/uploads/z/dc7e99272b20413b/mp3/012-ne-upusti-svojj-shans.mp3',NULL,'012 Не упусти свой шанс'),
	(1162,49,'1058','https://srv7.abookfiles.online/uploads/z/dc7e99272b20413b/mp3/013-ne-upusti-svojj-shans.mp3',NULL,'013 Не упусти свой шанс'),
	(1163,49,'451','https://srv7.abookfiles.online/uploads/z/dc7e99272b20413b/mp3/014-ne-upusti-svojj-shans.mp3',NULL,'014 Не упусти свой шанс'),
	(1164,49,'675','https://srv7.abookfiles.online/uploads/z/dc7e99272b20413b/mp3/015-ne-upusti-svojj-shans.mp3',NULL,'015 Не упусти свой шанс'),
	(1165,49,'1119','https://srv7.abookfiles.online/uploads/z/dc7e99272b20413b/mp3/016-ne-upusti-svojj-shans.mp3',NULL,'016 Не упусти свой шанс'),
	(1166,49,'1080','https://srv7.abookfiles.online/uploads/z/dc7e99272b20413b/mp3/017-ne-upusti-svojj-shans.mp3',NULL,'017 Не упусти свой шанс'),
	(1167,50,'56','https://srv7.abookfiles.online/uploads/y/e299047a788240ab/mp3/00-00-merezhko-v-kandidat-zadvornyh-v.mp3',NULL,'00_00_Merezhko_V_Kandidat_Zadvornyh_V'),
	(1168,50,'1415','https://srv7.abookfiles.online/uploads/y/e299047a788240ab/mp3/01-01-temnaya-loshadka.mp3',NULL,'01_01_Temnaya loshadka'),
	(1169,50,'1481','https://srv7.abookfiles.online/uploads/y/e299047a788240ab/mp3/01-02-temnaya-loshadka.mp3',NULL,'01_02_Temnaya loshadka'),
	(1170,50,'1196','https://srv7.abookfiles.online/uploads/y/e299047a788240ab/mp3/01-03-temnaya-loshadka.mp3',NULL,'01_03_Temnaya loshadka'),
	(1171,50,'1346','https://srv7.abookfiles.online/uploads/y/e299047a788240ab/mp3/01-04-temnaya-loshadka.mp3',NULL,'01_04_Temnaya loshadka'),
	(1172,50,'1563','https://srv7.abookfiles.online/uploads/y/e299047a788240ab/mp3/02-01-roman.mp3',NULL,'02_01_Roman'),
	(1173,50,'1729','https://srv7.abookfiles.online/uploads/y/e299047a788240ab/mp3/02-02-roman.mp3',NULL,'02_02_Roman'),
	(1174,50,'1729','https://srv7.abookfiles.online/uploads/y/e299047a788240ab/mp3/02-03-roman.mp3',NULL,'02_03_Roman'),
	(1175,50,'1724','https://srv7.abookfiles.online/uploads/y/e299047a788240ab/mp3/03-proba-pera.mp3',NULL,'03_Proba pera'),
	(1176,50,'1767','https://srv7.abookfiles.online/uploads/y/e299047a788240ab/mp3/04-01-nochnoy-klub-mokritsa.mp3',NULL,'04_01_Nochnoy klub Mokritsa'),
	(1177,50,'1416','https://srv7.abookfiles.online/uploads/y/e299047a788240ab/mp3/04-02-nochnoy-klub-mokritsa.mp3',NULL,'04_02_Nochnoy klub Mokritsa'),
	(1178,50,'1151','https://srv7.abookfiles.online/uploads/y/e299047a788240ab/mp3/05-01-pervyy-risk.mp3',NULL,'05_01_Pervyy risk'),
	(1179,50,'1393','https://srv7.abookfiles.online/uploads/y/e299047a788240ab/mp3/05-02-pervyy-risk.mp3',NULL,'05_02_Pervyy risk'),
	(1180,50,'1387','https://srv7.abookfiles.online/uploads/y/e299047a788240ab/mp3/05-03-pervyy-risk.mp3',NULL,'05_03_Pervyy risk'),
	(1181,50,'1318','https://srv7.abookfiles.online/uploads/y/e299047a788240ab/mp3/05-04-pervyy-risk.mp3',NULL,'05_04_Pervyy risk'),
	(1182,50,'1682','https://srv7.abookfiles.online/uploads/y/e299047a788240ab/mp3/06-smyatenie.mp3',NULL,'06_Smyatenie'),
	(1183,50,'1604','https://srv7.abookfiles.online/uploads/y/e299047a788240ab/mp3/07-01-kabinet-sledovatelya.mp3',NULL,'07_01_Kabinet sledovatelya'),
	(1184,50,'1788','https://srv7.abookfiles.online/uploads/y/e299047a788240ab/mp3/07-02-kabinet-sledovatelya.mp3',NULL,'07_02_Kabinet sledovatelya'),
	(1185,50,'1271','https://srv7.abookfiles.online/uploads/y/e299047a788240ab/mp3/08-01-komanda.mp3',NULL,'08_01_Komanda'),
	(1186,50,'1398','https://srv7.abookfiles.online/uploads/y/e299047a788240ab/mp3/08-02-komanda.mp3',NULL,'08_02_Komanda'),
	(1187,50,'1428','https://srv7.abookfiles.online/uploads/y/e299047a788240ab/mp3/08-03-komanda.mp3',NULL,'08_03_Komanda'),
	(1188,50,'941','https://srv7.abookfiles.online/uploads/y/e299047a788240ab/mp3/09-dvor-doma-pogodinyh.mp3',NULL,'09_Dvor doma Pogodinyh'),
	(1189,50,'579','https://srv7.abookfiles.online/uploads/y/e299047a788240ab/mp3/10-karusel.mp3',NULL,'10_Karusel'),
	(1190,50,'1675','https://srv7.abookfiles.online/uploads/y/e299047a788240ab/mp3/11-01-pervoe-kreschenie.mp3',NULL,'11_01_Pervoe kreschenie'),
	(1191,50,'1541','https://srv7.abookfiles.online/uploads/y/e299047a788240ab/mp3/11-02-pervoe-kreschenie.mp3',NULL,'11_02_Pervoe kreschenie'),
	(1192,50,'1612','https://srv7.abookfiles.online/uploads/y/e299047a788240ab/mp3/11-03-pervoe-kreschenie.mp3',NULL,'11_03_Pervoe kreschenie'),
	(1193,50,'1407','https://srv7.abookfiles.online/uploads/y/e299047a788240ab/mp3/11-04-pervoe-kreschenie.mp3',NULL,'11_04_Pervoe kreschenie'),
	(1194,50,'1336','https://srv7.abookfiles.online/uploads/y/e299047a788240ab/mp3/11-05-pervoe-kreschenie.mp3',NULL,'11_05_Pervoe kreschenie'),
	(1195,50,'1505','https://srv7.abookfiles.online/uploads/y/e299047a788240ab/mp3/11-06-pervoe-kreschenie.mp3',NULL,'11_06_Pervoe kreschenie'),
	(1196,50,'1497','https://srv7.abookfiles.online/uploads/y/e299047a788240ab/mp3/12-01-zatmenie.mp3',NULL,'12_01_Zatmenie'),
	(1197,50,'1383','https://srv7.abookfiles.online/uploads/y/e299047a788240ab/mp3/12-02-zatmenie.mp3',NULL,'12_02_Zatmenie'),
	(1198,50,'1462','https://srv7.abookfiles.online/uploads/y/e299047a788240ab/mp3/12-03-zatmenie.mp3',NULL,'12_03_Zatmenie'),
	(1199,50,'1322','https://srv7.abookfiles.online/uploads/y/e299047a788240ab/mp3/13-01-prozrenie.mp3',NULL,'13_01_Prozrenie'),
	(1200,50,'1650','https://srv7.abookfiles.online/uploads/y/e299047a788240ab/mp3/13-02-prozrenie.mp3',NULL,'13_02_Prozrenie'),
	(1201,50,'1605','https://srv7.abookfiles.online/uploads/y/e299047a788240ab/mp3/13-03-prozrenie.mp3',NULL,'13_03_Prozrenie'),
	(1202,50,'1689','https://srv7.abookfiles.online/uploads/y/e299047a788240ab/mp3/14-01-usloviya-vyzhivaniya.mp3',NULL,'14_01_Usloviya vyzhivaniya'),
	(1203,50,'1572','https://srv7.abookfiles.online/uploads/y/e299047a788240ab/mp3/14-02-usloviya-vyzhivaniya.mp3',NULL,'14_02_Usloviya vyzhivaniya'),
	(1204,50,'1517','https://srv7.abookfiles.online/uploads/y/e299047a788240ab/mp3/14-03-usloviya-vyzhivaniya.mp3',NULL,'14_03_Usloviya vyzhivaniya'),
	(1205,50,'1666','https://srv7.abookfiles.online/uploads/y/e299047a788240ab/mp3/15-krov.mp3',NULL,'15_Krov'),
	(1206,50,'1643','https://srv7.abookfiles.online/uploads/y/e299047a788240ab/mp3/16-01-aerodrom-mozdoka.mp3',NULL,'16_01_Aerodrom Mozdoka'),
	(1207,50,'1765','https://srv7.abookfiles.online/uploads/y/e299047a788240ab/mp3/16-02-aerodrom-mozdoka.mp3',NULL,'16_02_Aerodrom Mozdoka'),
	(1208,50,'1352','https://srv7.abookfiles.online/uploads/y/e299047a788240ab/mp3/16-03-aerodrom-mozdoka.mp3',NULL,'16_03_Aerodrom Mozdoka'),
	(1209,50,'950','https://srv7.abookfiles.online/uploads/y/e299047a788240ab/mp3/16-04-aerodrom-mozdoka.mp3',NULL,'16_04_Aerodrom Mozdoka'),
	(1210,50,'1269','https://srv7.abookfiles.online/uploads/y/e299047a788240ab/mp3/16-05-aerodrom-mozdoka.mp3',NULL,'16_05_Aerodrom Mozdoka'),
	(1211,50,'1407','https://srv7.abookfiles.online/uploads/y/e299047a788240ab/mp3/16-06-aerodrom-mozdoka.mp3',NULL,'16_06_Aerodrom Mozdoka'),
	(1212,50,'691','https://srv7.abookfiles.online/uploads/y/e299047a788240ab/mp3/17-vyzhit.mp3',NULL,'17_Vyzhit'),
	(1213,50,'1384','https://srv7.abookfiles.online/uploads/y/e299047a788240ab/mp3/18-01-tyuremnye-koridory.mp3',NULL,'18_01_Tyuremnye koridory'),
	(1214,50,'1349','https://srv7.abookfiles.online/uploads/y/e299047a788240ab/mp3/18-02-tyuremnye-koridory.mp3',NULL,'18_02_Tyuremnye koridory'),
	(1215,50,'1484','https://srv7.abookfiles.online/uploads/y/e299047a788240ab/mp3/18-03-tyuremnye-koridory.mp3',NULL,'18_03_Tyuremnye koridory'),
	(1216,51,'96','https://srv1.abookfiles.online/uploads/y/08ed0c2effe1f759/mp3/00-00-kuznechihin-s-krestovyy-dom-igry-na-interes-roslyakov-m.mp3',NULL,'00_00_Kuznechihin_S_Krestovyy_dom_Igry_na_interes_Roslyakov_M'),
	(1217,51,'1189','https://srv1.abookfiles.online/uploads/y/08ed0c2effe1f759/mp3/01-01-krestovyy-dom.mp3',NULL,'01_01_Krestovyy dom'),
	(1218,51,'391','https://srv1.abookfiles.online/uploads/y/08ed0c2effe1f759/mp3/01-02-krestovyy-dom.mp3',NULL,'01_02_Krestovyy dom'),
	(1219,51,'400','https://srv1.abookfiles.online/uploads/y/08ed0c2effe1f759/mp3/01-03-krestovyy-dom.mp3',NULL,'01_03_Krestovyy dom'),
	(1220,51,'560','https://srv1.abookfiles.online/uploads/y/08ed0c2effe1f759/mp3/01-04-krestovyy-dom.mp3',NULL,'01_04_Krestovyy dom'),
	(1221,51,'1568','https://srv1.abookfiles.online/uploads/y/08ed0c2effe1f759/mp3/01-05-krestovyy-dom.mp3',NULL,'01_05_Krestovyy dom'),
	(1222,51,'728','https://srv1.abookfiles.online/uploads/y/08ed0c2effe1f759/mp3/01-06-krestovyy-dom.mp3',NULL,'01_06_Krestovyy dom'),
	(1223,51,'766','https://srv1.abookfiles.online/uploads/y/08ed0c2effe1f759/mp3/01-07-krestovyy-dom.mp3',NULL,'01_07_Krestovyy dom'),
	(1224,51,'1063','https://srv1.abookfiles.online/uploads/y/08ed0c2effe1f759/mp3/01-08-krestovyy-dom.mp3',NULL,'01_08_Krestovyy dom'),
	(1225,51,'424','https://srv1.abookfiles.online/uploads/y/08ed0c2effe1f759/mp3/01-09-krestovyy-dom.mp3',NULL,'01_09_Krestovyy dom'),
	(1226,51,'444','https://srv1.abookfiles.online/uploads/y/08ed0c2effe1f759/mp3/01-10-krestovyy-dom.mp3',NULL,'01_10_Krestovyy dom'),
	(1227,51,'1197','https://srv1.abookfiles.online/uploads/y/08ed0c2effe1f759/mp3/01-11-krestovyy-dom.mp3',NULL,'01_11_Krestovyy dom'),
	(1228,51,'270','https://srv1.abookfiles.online/uploads/y/08ed0c2effe1f759/mp3/01-12-krestovyy-dom.mp3',NULL,'01_12_Krestovyy dom'),
	(1229,51,'805','https://srv1.abookfiles.online/uploads/y/08ed0c2effe1f759/mp3/01-13-krestovyy-dom.mp3',NULL,'01_13_Krestovyy dom'),
	(1230,51,'560','https://srv1.abookfiles.online/uploads/y/08ed0c2effe1f759/mp3/01-14-krestovyy-dom.mp3',NULL,'01_14_Krestovyy dom'),
	(1231,51,'1516','https://srv1.abookfiles.online/uploads/y/08ed0c2effe1f759/mp3/01-15-krestovyy-dom.mp3',NULL,'01_15_Krestovyy dom'),
	(1232,51,'359','https://srv1.abookfiles.online/uploads/y/08ed0c2effe1f759/mp3/02-01-01-pruha.mp3',NULL,'02_01_01_Pruha'),
	(1233,51,'416','https://srv1.abookfiles.online/uploads/y/08ed0c2effe1f759/mp3/02-01-02-pruha.mp3',NULL,'02_01_02_Pruha'),
	(1234,51,'635','https://srv1.abookfiles.online/uploads/y/08ed0c2effe1f759/mp3/02-01-03-pruha.mp3',NULL,'02_01_03_Pruha'),
	(1235,51,'363','https://srv1.abookfiles.online/uploads/y/08ed0c2effe1f759/mp3/02-01-04-pruha.mp3',NULL,'02_01_04_Pruha'),
	(1236,51,'1028','https://srv1.abookfiles.online/uploads/y/08ed0c2effe1f759/mp3/02-01-05-pruha.mp3',NULL,'02_01_05_Pruha'),
	(1237,51,'672','https://srv1.abookfiles.online/uploads/y/08ed0c2effe1f759/mp3/02-01-06-pruha.mp3',NULL,'02_01_06_Pruha'),
	(1238,51,'353','https://srv1.abookfiles.online/uploads/y/08ed0c2effe1f759/mp3/02-01-07-pruha.mp3',NULL,'02_01_07_Pruha'),
	(1239,51,'1436','https://srv1.abookfiles.online/uploads/y/08ed0c2effe1f759/mp3/02-01-08-pruha.mp3',NULL,'02_01_08_Pruha'),
	(1240,51,'255','https://srv1.abookfiles.online/uploads/y/08ed0c2effe1f759/mp3/02-01-09-pruha.mp3',NULL,'02_01_09_Pruha'),
	(1241,51,'736','https://srv1.abookfiles.online/uploads/y/08ed0c2effe1f759/mp3/02-01-10-pruha.mp3',NULL,'02_01_10_Pruha'),
	(1242,51,'598','https://srv1.abookfiles.online/uploads/y/08ed0c2effe1f759/mp3/02-01-11-pruha.mp3',NULL,'02_01_11_Pruha'),
	(1243,51,'806','https://srv1.abookfiles.online/uploads/y/08ed0c2effe1f759/mp3/02-01-12-pruha.mp3',NULL,'02_01_12_Pruha'),
	(1244,51,'243','https://srv1.abookfiles.online/uploads/y/08ed0c2effe1f759/mp3/02-01-13-pruha.mp3',NULL,'02_01_13_Pruha'),
	(1245,51,'491','https://srv1.abookfiles.online/uploads/y/08ed0c2effe1f759/mp3/02-01-14-pruha.mp3',NULL,'02_01_14_Pruha'),
	(1246,51,'878','https://srv1.abookfiles.online/uploads/y/08ed0c2effe1f759/mp3/02-01-15-pruha.mp3',NULL,'02_01_15_Pruha'),
	(1247,51,'917','https://srv1.abookfiles.online/uploads/y/08ed0c2effe1f759/mp3/02-02-01-znat-by-prikup.mp3',NULL,'02_02_01_Znat by prikup'),
	(1248,51,'491','https://srv1.abookfiles.online/uploads/y/08ed0c2effe1f759/mp3/02-02-02-znat-by-prikup.mp3',NULL,'02_02_02_Znat by prikup'),
	(1249,51,'480','https://srv1.abookfiles.online/uploads/y/08ed0c2effe1f759/mp3/02-02-03-znat-by-prikup.mp3',NULL,'02_02_03_Znat by prikup'),
	(1250,51,'836','https://srv1.abookfiles.online/uploads/y/08ed0c2effe1f759/mp3/02-02-04-znat-by-prikup.mp3',NULL,'02_02_04_Znat by prikup'),
	(1251,51,'189','https://srv1.abookfiles.online/uploads/y/08ed0c2effe1f759/mp3/02-02-05-znat-by-prikup.mp3',NULL,'02_02_05_Znat by prikup'),
	(1252,51,'959','https://srv1.abookfiles.online/uploads/y/08ed0c2effe1f759/mp3/02-02-06-znat-by-prikup.mp3',NULL,'02_02_06_Znat by prikup'),
	(1253,51,'559','https://srv1.abookfiles.online/uploads/y/08ed0c2effe1f759/mp3/02-02-07-znat-by-prikup.mp3',NULL,'02_02_07_Znat by prikup'),
	(1254,51,'541','https://srv1.abookfiles.online/uploads/y/08ed0c2effe1f759/mp3/02-02-08-znat-by-prikup.mp3',NULL,'02_02_08_Znat by prikup'),
	(1255,51,'438','https://srv1.abookfiles.online/uploads/y/08ed0c2effe1f759/mp3/02-02-09-znat-by-prikup.mp3',NULL,'02_02_09_Znat by prikup'),
	(1256,51,'618','https://srv1.abookfiles.online/uploads/y/08ed0c2effe1f759/mp3/02-02-10-znat-by-prikup.mp3',NULL,'02_02_10_Znat by prikup'),
	(1257,51,'626','https://srv1.abookfiles.online/uploads/y/08ed0c2effe1f759/mp3/02-02-11-znat-by-prikup.mp3',NULL,'02_02_11_Znat by prikup'),
	(1258,51,'222','https://srv1.abookfiles.online/uploads/y/08ed0c2effe1f759/mp3/02-02-12-znat-by-prikup.mp3',NULL,'02_02_12_Znat by prikup'),
	(1259,51,'690','https://srv1.abookfiles.online/uploads/y/08ed0c2effe1f759/mp3/02-02-13-znat-by-prikup.mp3',NULL,'02_02_13_Znat by prikup'),
	(1260,51,'628','https://srv1.abookfiles.online/uploads/y/08ed0c2effe1f759/mp3/02-02-14-znat-by-prikup.mp3',NULL,'02_02_14_Znat by prikup'),
	(1261,51,'1046','https://srv1.abookfiles.online/uploads/y/08ed0c2effe1f759/mp3/02-02-15-znat-by-prikup.mp3',NULL,'02_02_15_Znat by prikup'),
	(1262,51,'488','https://srv1.abookfiles.online/uploads/y/08ed0c2effe1f759/mp3/02-02-16-znat-by-prikup.mp3',NULL,'02_02_16_Znat by prikup'),
	(1263,52,'465','https://a3.akniga.cc/uploads/y/1dc311250f5a93be/mp3/otsuru-da-ja-pauk-i-chto-zhe-glava-206.mp3',NULL,'Otsuru - Да, я паук, и что же Глава 206'),
	(1264,52,'465','https://a3.akniga.cc/uploads/y/1dc311250f5a93be/mp3/otsuru-da-ja-pauk-i-chto-zhe-glava-207.mp3',NULL,'Otsuru - Да, я паук, и что же Глава 207'),
	(1265,52,'600','https://a3.akniga.cc/uploads/y/1dc311250f5a93be/mp3/otsuru-da-ja-pauk-i-chto-zhe-glava-208.mp3',NULL,'Otsuru - Да, я паук, и что же Глава 208'),
	(1266,52,'575','https://a3.akniga.cc/uploads/y/1dc311250f5a93be/mp3/otsuru-da-ja-pauk-i-chto-zhe-glava-209.mp3',NULL,'Otsuru - Да, я паук, и что же Глава 209'),
	(1267,52,'488','https://a3.akniga.cc/uploads/y/1dc311250f5a93be/mp3/otsuru-da-ja-pauk-i-chto-zhe-glava-210.mp3',NULL,'Otsuru - Да, я паук, и что же Глава 210'),
	(1268,52,'483','https://a3.akniga.cc/uploads/y/1dc311250f5a93be/mp3/otsuru-da-ja-pauk-i-chto-zhe-glava-211.mp3',NULL,'Otsuru - Да, я паук, и что же Глава 211'),
	(1269,52,'586','https://a3.akniga.cc/uploads/y/1dc311250f5a93be/mp3/otsuru-da-ja-pauk-i-chto-zhe-glava-212.mp3',NULL,'Otsuru - Да, я паук, и что же Глава 212'),
	(1270,52,'656','https://a3.akniga.cc/uploads/y/1dc311250f5a93be/mp3/otsuru-da-ja-pauk-i-chto-zhe-glava-213.mp3',NULL,'Otsuru - Да, я паук, и что же Глава 213'),
	(1271,52,'505','https://a3.akniga.cc/uploads/y/1dc311250f5a93be/mp3/otsuru-da-ja-pauk-i-chto-zhe-glava-214.mp3',NULL,'Otsuru - Да, я паук, и что же Глава 214'),
	(1272,52,'508','https://a3.akniga.cc/uploads/y/1dc311250f5a93be/mp3/otsuru-da-ja-pauk-i-chto-zhe-glava-215.mp3',NULL,'Otsuru - Да, я паук, и что же Глава 215'),
	(1273,52,'532','https://a3.akniga.cc/uploads/y/1dc311250f5a93be/mp3/otsuru-da-ja-pauk-i-chto-zhe-glava-216.mp3',NULL,'Otsuru - Да, я паук, и что же Глава 216'),
	(1274,52,'420','https://a3.akniga.cc/uploads/y/1dc311250f5a93be/mp3/otsuru-da-ja-pauk-i-chto-zhe-glava-217.mp3',NULL,'Otsuru - Да, я паук, и что же Глава 217'),
	(1275,53,'0','https://srv1.abookfiles.online/uploads/y/d7429a8e4cbb06ce/mp3/00-prolog.mp3',NULL,'00 - Пролог'),
	(1276,53,'0','https://srv1.abookfiles.online/uploads/y/d7429a8e4cbb06ce/mp3/01-glava-1-1.mp3',NULL,'01 - Глава 1-1'),
	(1277,53,'0','https://srv1.abookfiles.online/uploads/y/d7429a8e4cbb06ce/mp3/02-glava-1-1-1.mp3',NULL,'02 - Глава 1-1-1'),
	(1278,53,'0','https://srv1.abookfiles.online/uploads/y/d7429a8e4cbb06ce/mp3/03-glava-1-2.mp3',NULL,'03 - Глава 1-2'),
	(1279,53,'0','https://srv1.abookfiles.online/uploads/y/d7429a8e4cbb06ce/mp3/04-glava-1-2-1.mp3',NULL,'04 - Глава 1-2-1'),
	(1280,53,'0','https://srv1.abookfiles.online/uploads/y/d7429a8e4cbb06ce/mp3/05-glava-1-3.mp3',NULL,'05 - Глава 1-3'),
	(1281,53,'0','https://srv1.abookfiles.online/uploads/y/d7429a8e4cbb06ce/mp3/06-glava-1-3-1.mp3',NULL,'06 - Глава 1-3-1'),
	(1282,53,'0','https://srv1.abookfiles.online/uploads/y/d7429a8e4cbb06ce/mp3/07-glava-1-4.mp3',NULL,'07 - Глава 1-4'),
	(1283,53,'0','https://srv1.abookfiles.online/uploads/y/d7429a8e4cbb06ce/mp3/08-glava-1-4-1.mp3',NULL,'08 - Глава 1-4-1'),
	(1284,53,'0','https://srv1.abookfiles.online/uploads/y/d7429a8e4cbb06ce/mp3/09-glava-1-5.mp3',NULL,'09 - Глава 1-5'),
	(1285,53,'0','https://srv1.abookfiles.online/uploads/y/d7429a8e4cbb06ce/mp3/10-glava-1-5-1.mp3',NULL,'10 - Глава 1-5-1'),
	(1286,53,'0','https://srv1.abookfiles.online/uploads/y/d7429a8e4cbb06ce/mp3/11-glava-2-6.mp3',NULL,'11 - Глава 2-6'),
	(1287,53,'0','https://srv1.abookfiles.online/uploads/y/d7429a8e4cbb06ce/mp3/12-glava-2-6-1.mp3',NULL,'12 - Глава 2-6-1'),
	(1288,53,'0','https://srv1.abookfiles.online/uploads/y/d7429a8e4cbb06ce/mp3/13-glava-2-7.mp3',NULL,'13 - Глава 2-7'),
	(1289,53,'0','https://srv1.abookfiles.online/uploads/y/d7429a8e4cbb06ce/mp3/14-glava-2-7-1.mp3',NULL,'14 - Глава 2-7-1'),
	(1290,53,'0','https://srv1.abookfiles.online/uploads/y/d7429a8e4cbb06ce/mp3/15-glava-2-8.mp3',NULL,'15 - Глава 2-8'),
	(1291,53,'0','https://srv1.abookfiles.online/uploads/y/d7429a8e4cbb06ce/mp3/16-glava-2-8-1.mp3',NULL,'16 - Глава 2-8-1'),
	(1292,53,'0','https://srv1.abookfiles.online/uploads/y/d7429a8e4cbb06ce/mp3/17-glava-2-9.mp3',NULL,'17 - Глава 2-9'),
	(1293,53,'0','https://srv1.abookfiles.online/uploads/y/d7429a8e4cbb06ce/mp3/18-glava-2-9-1.mp3',NULL,'18 - Глава 2-9-1'),
	(1294,53,'0','https://srv1.abookfiles.online/uploads/y/d7429a8e4cbb06ce/mp3/19-glava-2-10.mp3',NULL,'19 - Глава 2-10'),
	(1295,53,'0','https://srv1.abookfiles.online/uploads/y/d7429a8e4cbb06ce/mp3/20-glava-2-10-1.mp3',NULL,'20 - Глава 2-10-1'),
	(1296,53,'0','https://srv1.abookfiles.online/uploads/y/d7429a8e4cbb06ce/mp3/21-ehpilog.mp3',NULL,'21 - Эпилог'),
	(1297,53,'0','https://srv1.abookfiles.online/uploads/y/d7429a8e4cbb06ce/mp3/00-prolog-1.mp3',NULL,'00 - Пролог'),
	(1298,53,'0','https://srv1.abookfiles.online/uploads/y/d7429a8e4cbb06ce/mp3/01-glava-3-1.mp3',NULL,'01 - Глава 3-1'),
	(1299,53,'0','https://srv1.abookfiles.online/uploads/y/d7429a8e4cbb06ce/mp3/02-glava-3-1-1.mp3',NULL,'02 - Глава 3-1-1'),
	(1300,53,'0','https://srv1.abookfiles.online/uploads/y/d7429a8e4cbb06ce/mp3/03-glava-3-2.mp3',NULL,'03 - Глава 3-2'),
	(1301,53,'0','https://srv1.abookfiles.online/uploads/y/d7429a8e4cbb06ce/mp3/04-glava-3-2-1.mp3',NULL,'04 - Глава 3-2-1'),
	(1302,53,'0','https://srv1.abookfiles.online/uploads/y/d7429a8e4cbb06ce/mp3/05-glava-3-3.mp3',NULL,'05 - Глава 3-3'),
	(1303,53,'0','https://srv1.abookfiles.online/uploads/y/d7429a8e4cbb06ce/mp3/06-glava-3-3-1.mp3',NULL,'06 - Глава 3-3-1'),
	(1304,53,'0','https://srv1.abookfiles.online/uploads/y/d7429a8e4cbb06ce/mp3/07-glava-3-4.mp3',NULL,'07 - Глава 3-4'),
	(1305,53,'0','https://srv1.abookfiles.online/uploads/y/d7429a8e4cbb06ce/mp3/08-glava-3-4-1.mp3',NULL,'08 - Глава 3-4-1'),
	(1306,53,'0','https://srv1.abookfiles.online/uploads/y/d7429a8e4cbb06ce/mp3/09-glava-3-5.mp3',NULL,'09 - Глава 3-5'),
	(1307,53,'0','https://srv1.abookfiles.online/uploads/y/d7429a8e4cbb06ce/mp3/10-glava-3-5-1.mp3',NULL,'10 - Глава 3-5-1'),
	(1308,53,'0','https://srv1.abookfiles.online/uploads/y/d7429a8e4cbb06ce/mp3/11-glava-4-6.mp3',NULL,'11 - Глава 4-6'),
	(1309,53,'0','https://srv1.abookfiles.online/uploads/y/d7429a8e4cbb06ce/mp3/12-glava-4-6-1.mp3',NULL,'12 - Глава 4-6-1'),
	(1310,53,'0','https://srv1.abookfiles.online/uploads/y/d7429a8e4cbb06ce/mp3/13-glava-4-7.mp3',NULL,'13 - Глава 4-7'),
	(1311,53,'0','https://srv1.abookfiles.online/uploads/y/d7429a8e4cbb06ce/mp3/14-glava-4-7-1.mp3',NULL,'14 - Глава 4-7-1'),
	(1312,53,'0','https://srv1.abookfiles.online/uploads/y/d7429a8e4cbb06ce/mp3/15-glava-4-8.mp3',NULL,'15 - Глава 4-8'),
	(1313,53,'0','https://srv1.abookfiles.online/uploads/y/d7429a8e4cbb06ce/mp3/16-glava-4-8-1.mp3',NULL,'16 - Глава 4-8-1'),
	(1314,53,'0','https://srv1.abookfiles.online/uploads/y/d7429a8e4cbb06ce/mp3/17-glava-4-9.mp3',NULL,'17 - Глава 4-9'),
	(1315,53,'0','https://srv1.abookfiles.online/uploads/y/d7429a8e4cbb06ce/mp3/18-glava-4-9-1.mp3',NULL,'18 - Глава 4-9-1'),
	(1316,53,'0','https://srv1.abookfiles.online/uploads/y/d7429a8e4cbb06ce/mp3/19-glava-4-10.mp3',NULL,'19 - Глава 4-10'),
	(1317,53,'0','https://srv1.abookfiles.online/uploads/y/d7429a8e4cbb06ce/mp3/20-glava-4-10-1.mp3',NULL,'20 - Глава 4-10-1'),
	(1318,53,'0','https://srv1.abookfiles.online/uploads/y/d7429a8e4cbb06ce/mp3/21-ehpilog-2.mp3',NULL,'21 - Эпилог 2'),
	(1319,53,'1030','https://srv1.abookfiles.online/uploads/y/d7429a8e4cbb06ce/mp3/00-prolog-2.mp3',NULL,'00 - Пролог'),
	(1320,53,'4045','https://srv1.abookfiles.online/uploads/y/d7429a8e4cbb06ce/mp3/01-glava-5-1.mp3',NULL,'01 - Глава 5-1'),
	(1321,53,'2215','https://srv1.abookfiles.online/uploads/y/d7429a8e4cbb06ce/mp3/02-glava-5-1-1.mp3',NULL,'02 - Глава 5-1-1'),
	(1322,53,'4634','https://srv1.abookfiles.online/uploads/y/d7429a8e4cbb06ce/mp3/03-glava-5-2.mp3',NULL,'03 - Глава 5-2'),
	(1323,53,'2286','https://srv1.abookfiles.online/uploads/y/d7429a8e4cbb06ce/mp3/04-glava-5-2-1.mp3',NULL,'04 - Глава 5-2-1'),
	(1324,53,'4218','https://srv1.abookfiles.online/uploads/y/d7429a8e4cbb06ce/mp3/05-glava-5-3.mp3',NULL,'05 - Глава 5-3'),
	(1325,53,'2228','https://srv1.abookfiles.online/uploads/y/d7429a8e4cbb06ce/mp3/06-glava-5-3-1.mp3',NULL,'06 - Глава 5-3-1'),
	(1326,53,'3879','https://srv1.abookfiles.online/uploads/y/d7429a8e4cbb06ce/mp3/07-glava-5-4.mp3',NULL,'07 - Глава 5-4'),
	(1327,53,'2547','https://srv1.abookfiles.online/uploads/y/d7429a8e4cbb06ce/mp3/08-glava-5-4-1.mp3',NULL,'08 - Глава 5-4-1'),
	(1328,53,'3805','https://srv1.abookfiles.online/uploads/y/d7429a8e4cbb06ce/mp3/09-glava-5-5.mp3',NULL,'09 - Глава 5-5'),
	(1329,53,'2374','https://srv1.abookfiles.online/uploads/y/d7429a8e4cbb06ce/mp3/10-glava-5-5-1.mp3',NULL,'10 - Глава 5-5-1'),
	(1330,53,'3976','https://srv1.abookfiles.online/uploads/y/d7429a8e4cbb06ce/mp3/11-glava-6-6.mp3',NULL,'11 - Глава 6-6'),
	(1331,53,'1924','https://srv1.abookfiles.online/uploads/y/d7429a8e4cbb06ce/mp3/12-glava-6-6-1.mp3',NULL,'12 - Глава 6-6-1'),
	(1332,53,'4110','https://srv1.abookfiles.online/uploads/y/d7429a8e4cbb06ce/mp3/13-glava-6-7.mp3',NULL,'13 - Глава 6-7'),
	(1333,53,'2394','https://srv1.abookfiles.online/uploads/y/d7429a8e4cbb06ce/mp3/14-glava-6-7-1.mp3',NULL,'14 - Глава 6-7-1'),
	(1334,53,'4318','https://srv1.abookfiles.online/uploads/y/d7429a8e4cbb06ce/mp3/15-glava-6-8.mp3',NULL,'15 - Глава 6-8'),
	(1335,53,'2058','https://srv1.abookfiles.online/uploads/y/d7429a8e4cbb06ce/mp3/16-glava-6-8-1.mp3',NULL,'16 - Глава 6-8-1'),
	(1336,53,'3990','https://srv1.abookfiles.online/uploads/y/d7429a8e4cbb06ce/mp3/17-glava-6-9.mp3',NULL,'17 - Глава 6-9'),
	(1337,53,'1967','https://srv1.abookfiles.online/uploads/y/d7429a8e4cbb06ce/mp3/18-glava-6-9-1.mp3',NULL,'18 - Глава 6-9-1'),
	(1338,53,'3943','https://srv1.abookfiles.online/uploads/y/d7429a8e4cbb06ce/mp3/19-glava-6-10.mp3',NULL,'19 - Глава 6-10'),
	(1339,53,'1865','https://srv1.abookfiles.online/uploads/y/d7429a8e4cbb06ce/mp3/20-glava-6-10-1.mp3',NULL,'20 - Глава 6-10-1'),
	(1340,53,'1756','https://srv1.abookfiles.online/uploads/y/d7429a8e4cbb06ce/mp3/21-ehpilog-1.mp3',NULL,'21 - Эпилог'),
	(1341,53,'0','https://srv1.abookfiles.online/uploads/y/d7429a8e4cbb06ce/mp3/00-prolog-3.mp3',NULL,'00 - Пролог'),
	(1342,53,'0','https://srv1.abookfiles.online/uploads/y/d7429a8e4cbb06ce/mp3/01-glava-1-1-1.mp3',NULL,'01 - Глава 1-1'),
	(1343,53,'0','https://srv1.abookfiles.online/uploads/y/d7429a8e4cbb06ce/mp3/02-glava-1-2.mp3',NULL,'02 - Глава 1-2'),
	(1344,53,'0','https://srv1.abookfiles.online/uploads/y/d7429a8e4cbb06ce/mp3/03-glava-1-3.mp3',NULL,'03 - Глава 1-3'),
	(1345,53,'0','https://srv1.abookfiles.online/uploads/y/d7429a8e4cbb06ce/mp3/04-glava-2-4.mp3',NULL,'04 - Глава 2-4'),
	(1346,53,'0','https://srv1.abookfiles.online/uploads/y/d7429a8e4cbb06ce/mp3/05-glava-2-5.mp3',NULL,'05 - Глава 2-5'),
	(1347,53,'0','https://srv1.abookfiles.online/uploads/y/d7429a8e4cbb06ce/mp3/06-glava-2-6.mp3',NULL,'06 - Глава 2-6'),
	(1348,53,'0','https://srv1.abookfiles.online/uploads/y/d7429a8e4cbb06ce/mp3/07-glava-3-7.mp3',NULL,'07 - Глава 3-7'),
	(1349,53,'0','https://srv1.abookfiles.online/uploads/y/d7429a8e4cbb06ce/mp3/08-glava-3-8.mp3',NULL,'08 - Глава 3-8'),
	(1350,53,'0','https://srv1.abookfiles.online/uploads/y/d7429a8e4cbb06ce/mp3/09-glava-3-9.mp3',NULL,'09 - Глава 3-9'),
	(1351,53,'0','https://srv1.abookfiles.online/uploads/y/d7429a8e4cbb06ce/mp3/10-ehpilog.mp3',NULL,'10 - Эпилог'),
	(1352,53,'1352','https://srv1.abookfiles.online/uploads/y/d7429a8e4cbb06ce/mp3/00-prolog-4.mp3',NULL,'00 - Пролог'),
	(1353,53,'4020','https://srv1.abookfiles.online/uploads/y/d7429a8e4cbb06ce/mp3/01-glava-4-1.mp3',NULL,'01 - Глава 4-1'),
	(1354,53,'4577','https://srv1.abookfiles.online/uploads/y/d7429a8e4cbb06ce/mp3/02-glava-4-2.mp3',NULL,'02 - Глава 4-2'),
	(1355,53,'4602','https://srv1.abookfiles.online/uploads/y/d7429a8e4cbb06ce/mp3/03-glava-4-3.mp3',NULL,'03 - Глава 4-3'),
	(1356,53,'4199','https://srv1.abookfiles.online/uploads/y/d7429a8e4cbb06ce/mp3/04-glava-5-4.mp3',NULL,'04 - Глава 5-4'),
	(1357,53,'4894','https://srv1.abookfiles.online/uploads/y/d7429a8e4cbb06ce/mp3/05-glava-5-5.mp3',NULL,'05 - Глава 5-5'),
	(1358,53,'4780','https://srv1.abookfiles.online/uploads/y/d7429a8e4cbb06ce/mp3/06-glava-5-6.mp3',NULL,'06 - Глава 5-6'),
	(1359,53,'4849','https://srv1.abookfiles.online/uploads/y/d7429a8e4cbb06ce/mp3/07-glava-6-7.mp3',NULL,'07 - Глава 6-7'),
	(1360,53,'4487','https://srv1.abookfiles.online/uploads/y/d7429a8e4cbb06ce/mp3/08-glava-6-8.mp3',NULL,'08 - Глава 6-8'),
	(1361,53,'5199','https://srv1.abookfiles.online/uploads/y/d7429a8e4cbb06ce/mp3/09-glava-6-9.mp3',NULL,'09 - Глава 6-9'),
	(1362,53,'1724','https://srv1.abookfiles.online/uploads/y/d7429a8e4cbb06ce/mp3/10-ehpilog-1.mp3',NULL,'10 - Эпилог'),
	(1363,53,'1017','https://srv1.abookfiles.online/uploads/y/d7429a8e4cbb06ce/mp3/00-prolog-5.mp3',NULL,'00 - Пролог'),
	(1364,53,'5110','https://srv1.abookfiles.online/uploads/y/d7429a8e4cbb06ce/mp3/01-glava-7-10.mp3',NULL,'01 - Глава 7-10'),
	(1365,53,'4588','https://srv1.abookfiles.online/uploads/y/d7429a8e4cbb06ce/mp3/02-glava-7-11.mp3',NULL,'02 - Глава 7-11'),
	(1366,53,'4670','https://srv1.abookfiles.online/uploads/y/d7429a8e4cbb06ce/mp3/03-glava-7-12.mp3',NULL,'03 - Глава 7-12'),
	(1367,53,'5738','https://srv1.abookfiles.online/uploads/y/d7429a8e4cbb06ce/mp3/04-glava-7-13.mp3',NULL,'04 - Глава 7-13'),
	(1368,53,'4225','https://srv1.abookfiles.online/uploads/y/d7429a8e4cbb06ce/mp3/05-glava-8-14.mp3',NULL,'05 - Глава 8-14'),
	(1369,53,'4145','https://srv1.abookfiles.online/uploads/y/d7429a8e4cbb06ce/mp3/06-glava-8-15.mp3',NULL,'06 - Глава 8-15'),
	(1370,53,'4292','https://srv1.abookfiles.online/uploads/y/d7429a8e4cbb06ce/mp3/07-glava-8-16.mp3',NULL,'07 - Глава 8-16'),
	(1371,53,'4607','https://srv1.abookfiles.online/uploads/y/d7429a8e4cbb06ce/mp3/08-glava-9-17.mp3',NULL,'08 - Глава 9-17'),
	(1372,53,'4622','https://srv1.abookfiles.online/uploads/y/d7429a8e4cbb06ce/mp3/09-glava-9-18.mp3',NULL,'09 - Глава 9-18'),
	(1373,53,'4516','https://srv1.abookfiles.online/uploads/y/d7429a8e4cbb06ce/mp3/10-glava-9-19.mp3',NULL,'10 - Глава 9-19'),
	(1374,53,'3315','https://srv1.abookfiles.online/uploads/y/d7429a8e4cbb06ce/mp3/11-glava-9-20.mp3',NULL,'11 - Глава 9-20'),
	(1375,53,'1289','https://srv1.abookfiles.online/uploads/y/d7429a8e4cbb06ce/mp3/12-ehpilog.mp3',NULL,'12 - Эпилог'),
	(1376,53,'1293','https://srv1.abookfiles.online/uploads/y/d7429a8e4cbb06ce/mp3/1-prolog-1.mp3',NULL,'1 Пролог 1'),
	(1377,53,'5708','https://srv1.abookfiles.online/uploads/y/d7429a8e4cbb06ce/mp3/glava-1-1.mp3',NULL,'Глава 1-1'),
	(1378,53,'6120','https://srv1.abookfiles.online/uploads/y/d7429a8e4cbb06ce/mp3/glava-1-2.mp3',NULL,'Глава 1-2'),
	(1379,53,'5728','https://srv1.abookfiles.online/uploads/y/d7429a8e4cbb06ce/mp3/glava-1-3.mp3',NULL,'Глава 1-3'),
	(1380,53,'5276','https://srv1.abookfiles.online/uploads/y/d7429a8e4cbb06ce/mp3/glava-1-4.mp3',NULL,'Глава 1-4'),
	(1381,53,'4686','https://srv1.abookfiles.online/uploads/y/d7429a8e4cbb06ce/mp3/glava-1-5.mp3',NULL,'Глава 1-5'),
	(1382,53,'6187','https://srv1.abookfiles.online/uploads/y/d7429a8e4cbb06ce/mp3/glava-2-6.mp3',NULL,'Глава 2-6'),
	(1383,53,'5814','https://srv1.abookfiles.online/uploads/y/d7429a8e4cbb06ce/mp3/glava-2-7.mp3',NULL,'Глава 2-7'),
	(1384,53,'5731','https://srv1.abookfiles.online/uploads/y/d7429a8e4cbb06ce/mp3/glava-2-8.mp3',NULL,'Глава 2-8'),
	(1385,53,'6803','https://srv1.abookfiles.online/uploads/y/d7429a8e4cbb06ce/mp3/glava-2-9.mp3',NULL,'Глава 2-9'),
	(1386,53,'5446','https://srv1.abookfiles.online/uploads/y/d7429a8e4cbb06ce/mp3/glava-3-10.mp3',NULL,'Глава 3-10'),
	(1387,53,'4473','https://srv1.abookfiles.online/uploads/y/d7429a8e4cbb06ce/mp3/glava-3-11.mp3',NULL,'Глава 3-11'),
	(1388,53,'549','https://srv1.abookfiles.online/uploads/y/d7429a8e4cbb06ce/mp3/ehpilog-1.mp3',NULL,'Эпилог 1'),
	(1389,54,'2319','https://srv7.abookfiles.online/uploads/y/151a4f0952d07790/mp3/001.mp3',NULL,'001'),
	(1390,54,'1784','https://srv7.abookfiles.online/uploads/y/151a4f0952d07790/mp3/002.mp3',NULL,'002'),
	(1391,54,'1261','https://srv7.abookfiles.online/uploads/y/151a4f0952d07790/mp3/003.mp3',NULL,'003'),
	(1392,54,'1910','https://srv7.abookfiles.online/uploads/y/151a4f0952d07790/mp3/004.mp3',NULL,'004'),
	(1393,54,'1570','https://srv7.abookfiles.online/uploads/y/151a4f0952d07790/mp3/005.mp3',NULL,'005'),
	(1394,54,'1565','https://srv7.abookfiles.online/uploads/y/151a4f0952d07790/mp3/006.mp3',NULL,'006'),
	(1395,54,'1465','https://srv7.abookfiles.online/uploads/y/151a4f0952d07790/mp3/007.mp3',NULL,'007'),
	(1396,54,'1641','https://srv7.abookfiles.online/uploads/y/151a4f0952d07790/mp3/008.mp3',NULL,'008'),
	(1397,54,'1693','https://srv7.abookfiles.online/uploads/y/151a4f0952d07790/mp3/009.mp3',NULL,'009'),
	(1398,54,'1951','https://srv7.abookfiles.online/uploads/y/151a4f0952d07790/mp3/010.mp3',NULL,'010'),
	(1399,54,'2033','https://srv7.abookfiles.online/uploads/y/151a4f0952d07790/mp3/011.mp3',NULL,'011'),
	(1400,54,'1936','https://srv7.abookfiles.online/uploads/y/151a4f0952d07790/mp3/012.mp3',NULL,'012'),
	(1401,54,'1752','https://srv7.abookfiles.online/uploads/y/151a4f0952d07790/mp3/013.mp3',NULL,'013'),
	(1402,54,'1219','https://srv7.abookfiles.online/uploads/y/151a4f0952d07790/mp3/014.mp3',NULL,'014'),
	(1403,55,'1766','https://srv7.abookfiles.online/uploads/y/d72064cf5c0f5c1b/mp3/001.mp3',NULL,'001'),
	(1404,55,'1946','https://srv7.abookfiles.online/uploads/y/d72064cf5c0f5c1b/mp3/002.mp3',NULL,'002'),
	(1405,55,'2046','https://srv7.abookfiles.online/uploads/y/d72064cf5c0f5c1b/mp3/003.mp3',NULL,'003'),
	(1406,55,'2077','https://srv7.abookfiles.online/uploads/y/d72064cf5c0f5c1b/mp3/004.mp3',NULL,'004'),
	(1407,55,'1804','https://srv7.abookfiles.online/uploads/y/d72064cf5c0f5c1b/mp3/005.mp3',NULL,'005'),
	(1408,55,'2887','https://srv7.abookfiles.online/uploads/y/d72064cf5c0f5c1b/mp3/006.mp3',NULL,'006'),
	(1409,55,'2061','https://srv7.abookfiles.online/uploads/y/d72064cf5c0f5c1b/mp3/007.mp3',NULL,'007'),
	(1410,55,'2219','https://srv7.abookfiles.online/uploads/y/d72064cf5c0f5c1b/mp3/008.mp3',NULL,'008'),
	(1411,55,'1693','https://srv7.abookfiles.online/uploads/y/d72064cf5c0f5c1b/mp3/009.mp3',NULL,'009'),
	(1412,55,'1810','https://srv7.abookfiles.online/uploads/y/d72064cf5c0f5c1b/mp3/010.mp3',NULL,'010'),
	(1413,55,'2392','https://srv7.abookfiles.online/uploads/y/d72064cf5c0f5c1b/mp3/011.mp3',NULL,'011'),
	(1414,55,'1852','https://srv7.abookfiles.online/uploads/y/d72064cf5c0f5c1b/mp3/012.mp3',NULL,'012'),
	(1415,55,'1481','https://srv7.abookfiles.online/uploads/y/d72064cf5c0f5c1b/mp3/013.mp3',NULL,'013'),
	(1416,55,'1194','https://srv7.abookfiles.online/uploads/y/d72064cf5c0f5c1b/mp3/014.mp3',NULL,'014'),
	(1417,56,'1350','https://srv1.abookfiles.online/uploads/z/b5d0a535690c46ce/mp3/01garri-garrison-u-vodopada.mp3',NULL,'01.Гарри ГАРРИСОН - У водопада'),
	(1418,56,'5875','https://srv1.abookfiles.online/uploads/z/b5d0a535690c46ce/mp3/02stanislav-lem-krysa-v-labirinte.mp3',NULL,'02.Станислав ЛЕМ - Крыса в лабиринте'),
	(1419,56,'4517','https://srv1.abookfiles.online/uploads/z/b5d0a535690c46ce/mp3/03pol-anderson-chelovek-kotoryjj-prishjol-slishkom-rano.mp3',NULL,'03.Пол АНДЕРСОН - Человек, который пришёл слишком рано'),
	(1420,56,'3392','https://srv1.abookfiles.online/uploads/z/b5d0a535690c46ce/mp3/04robert-silverberg-kostjanojj-dom.mp3',NULL,'04.Роберт СИЛВЕРБЕРГ - Костяной дом'),
	(1421,56,'1502','https://srv1.abookfiles.online/uploads/z/b5d0a535690c46ce/mp3/05alfred-bester-vybor.mp3',NULL,'05.Альфред БЕСТЕР - Выбор'),
	(1422,56,'2694','https://srv1.abookfiles.online/uploads/z/b5d0a535690c46ce/mp3/06stiven-bakster-shiina-5.mp3',NULL,'06.Стивен БАКСТЕР - Шиина 5'),
	(1423,56,'3706','https://srv1.abookfiles.online/uploads/z/b5d0a535690c46ce/mp3/07iehn-m-behnks-preemnik.mp3',NULL,'07.Иэн М. БЭНКС - Преемник'),
	(1424,56,'3142','https://srv1.abookfiles.online/uploads/z/b5d0a535690c46ce/mp3/08majjkl-suehnvik-mashiny-betsja-puls.mp3',NULL,'08.Майкл СУЭНВИК - Машины бьется пульс'),
	(1425,56,'3938','https://srv1.abookfiles.online/uploads/z/b5d0a535690c46ce/mp3/09klifford-sajjmak-mirazh.mp3',NULL,'09.Клиффорд САЙМАК - Мираж'),
	(1426,56,'2411','https://srv1.abookfiles.online/uploads/z/b5d0a535690c46ce/mp3/10klifford-sajjmak-placdarm.mp3',NULL,'10.Клиффорд САЙМАК - Плацдарм'),
	(1427,56,'3357','https://srv1.abookfiles.online/uploads/z/b5d0a535690c46ce/mp3/11kharlan-ehllison-soldat.mp3',NULL,'11.Харлан ЭЛЛИСОН - Солдат'),
	(1428,56,'3439','https://srv1.abookfiles.online/uploads/z/b5d0a535690c46ce/mp3/12frehnk-gerbert-operacionnyjj-sindrom-1.mp3',NULL,'12.Фрэнк ГЕРБЕРТ - Операционный синдром (1)'),
	(1429,56,'3709','https://srv1.abookfiles.online/uploads/z/b5d0a535690c46ce/mp3/12frehnk-gerbert-operacionnyjj-sindrom-2.mp3',NULL,'12.Фрэнк ГЕРБЕРТ - Операционный синдром (2)'),
	(1430,56,'2757','https://srv1.abookfiles.online/uploads/z/b5d0a535690c46ce/mp3/13filip-pulman-chasovojj-mekhanizm-ili-vsjo-zavedeno-1.mp3',NULL,'13.Филип ПУЛМАН - Часовой механизм, или Всё заведено (1)'),
	(1431,56,'3136','https://srv1.abookfiles.online/uploads/z/b5d0a535690c46ce/mp3/13filip-pulman-chasovojj-mekhanizm-ili-vsjo-zavedeno-2.mp3',NULL,'13.Филип ПУЛМАН - Часовой механизм, или Всё заведено (2)'),
	(1432,56,'1920','https://srv1.abookfiles.online/uploads/z/b5d0a535690c46ce/mp3/14diana-uinn-dzhons-dzho-bojj.mp3',NULL,'14.Диана Уинн ДЖОНС - Джо-бой'),
	(1433,56,'2793','https://srv1.abookfiles.online/uploads/z/b5d0a535690c46ce/mp3/15piter-bigl-milosti-prosim-ledi-smert.mp3',NULL,'15.Питер БИГЛ - Милости просим, леди Смерть!'),
	(1434,56,'1000','https://srv1.abookfiles.online/uploads/z/b5d0a535690c46ce/mp3/16dzhin-vulf-marionetki.mp3',NULL,'16.Джин ВУЛФ - Марионетки'),
	(1435,56,'1016','https://srv1.abookfiles.online/uploads/z/b5d0a535690c46ce/mp3/17ajjzek-azimov-tochka-vozgoranija.mp3',NULL,'17.Айзек АЗИМОВ - Точка возгорания!'),
	(1436,56,'2130','https://srv1.abookfiles.online/uploads/z/b5d0a535690c46ce/mp3/18garri-garrison-prestuplenie.mp3',NULL,'18.Гарри ГАРРИСОН - Преступление'),
	(1437,56,'2184','https://srv1.abookfiles.online/uploads/z/b5d0a535690c46ce/mp3/19marsel-ehme-talony-na-zhizn.mp3',NULL,'19.Марсель ЭМЕ - Талоны на жизнь'),
	(1438,56,'3439','https://srv1.abookfiles.online/uploads/z/b5d0a535690c46ce/mp3/20dzheffri-tomas-serdce-za-serdce.mp3',NULL,'20.Джеффри ТОМАС - Сердце за сердце'),
	(1439,56,'4615','https://srv1.abookfiles.online/uploads/z/b5d0a535690c46ce/mp3/21paolo-bachigalupi-devochka-flejjta.mp3',NULL,'21.Паоло БАЧИГАЛУПИ - Девочка-флейта'),
	(1440,56,'2101','https://srv1.abookfiles.online/uploads/z/b5d0a535690c46ce/mp3/22ajjzek-azimov-professija-1.mp3',NULL,'22.Айзек АЗИМОВ - Профессия (1)'),
	(1441,56,'1367','https://srv1.abookfiles.online/uploads/z/b5d0a535690c46ce/mp3/22ajjzek-azimov-professija-2.mp3',NULL,'22.Айзек АЗИМОВ - Профессия (2)'),
	(1442,56,'2241','https://srv1.abookfiles.online/uploads/z/b5d0a535690c46ce/mp3/22ajjzek-azimov-professija-3.mp3',NULL,'22.Айзек АЗИМОВ - Профессия (3)'),
	(1443,56,'3060','https://srv1.abookfiles.online/uploads/z/b5d0a535690c46ce/mp3/22ajjzek-azimov-professija-4.mp3',NULL,'22.Айзек АЗИМОВ - Профессия (4)'),
	(1444,56,'2226','https://srv1.abookfiles.online/uploads/z/b5d0a535690c46ce/mp3/23dzho-khill-zapozdalye-1.mp3',NULL,'23.Джо ХИЛЛ - Запоздалые (1)'),
	(1445,56,'2135','https://srv1.abookfiles.online/uploads/z/b5d0a535690c46ce/mp3/23dzho-khill-zapozdalye-2.mp3',NULL,'23.Джо ХИЛЛ - Запоздалые (2)'),
	(1446,56,'1783','https://srv1.abookfiles.online/uploads/z/b5d0a535690c46ce/mp3/23dzho-khill-zapozdalye-3.mp3',NULL,'23.Джо ХИЛЛ - Запоздалые (3)'),
	(1447,56,'2036','https://srv1.abookfiles.online/uploads/z/b5d0a535690c46ce/mp3/23dzho-khill-zapozdalye-4.mp3',NULL,'23.Джо ХИЛЛ - Запоздалые (4)'),
	(1448,56,'1378','https://srv1.abookfiles.online/uploads/z/b5d0a535690c46ce/mp3/24nil-gejjman-dlja-vas-optovye-skidki.mp3',NULL,'24.Нил ГЕЙМАН - Для вас - оптовые скидки'),
	(1449,56,'1946','https://srv1.abookfiles.online/uploads/z/b5d0a535690c46ce/mp3/25ursula-le-guin-shkatulka-v-kotorojj-byla-tma.mp3',NULL,'25.Урсула ЛЕ ГУИН - Шкатулка, в которой была Тьма'),
	(1450,57,'75','https://srv1.abookfiles.online/uploads/z/db8b2f379a369494/mp3/00000-annotacija.mp3',NULL,'00000 Аннотация'),
	(1451,57,'25','https://srv1.abookfiles.online/uploads/z/db8b2f379a369494/mp3/00001-memuary.mp3',NULL,'00001 Мемуары'),
	(1452,57,'985','https://srv1.abookfiles.online/uploads/z/db8b2f379a369494/mp3/00002-tanec-i-film-solnceluna-i-zvjozdy.mp3',NULL,'00002 Танец и фильм - Солнце,луна и звёзды'),
	(1453,57,'507','https://srv1.abookfiles.online/uploads/z/db8b2f379a369494/mp3/00003-raukhfangsverder.mp3',NULL,'00003 Раухфангсвердер'),
	(1454,57,'545','https://srv1.abookfiles.online/uploads/z/db8b2f379a369494/mp3/00004-junosheskie-perezhivanija.mp3',NULL,'00004 Юношеские переживания'),
	(1455,57,'379','https://srv1.abookfiles.online/uploads/z/db8b2f379a369494/mp3/00005-shkola-frau-grimm-rajjter.mp3',NULL,'00005 Школа фрау Гримм - Райтер'),
	(1456,57,'347','https://srv1.abookfiles.online/uploads/z/db8b2f379a369494/mp3/00006-posle-shkoly.mp3',NULL,'00006 После школы'),
	(1457,57,'387','https://srv1.abookfiles.online/uploads/z/db8b2f379a369494/mp3/00007-ippodrom.mp3',NULL,'00007 Ипподром'),
	(1458,57,'195','https://srv1.abookfiles.online/uploads/z/db8b2f379a369494/mp3/00008-pervoe-publichnoe-vystuplenie.mp3',NULL,'00008 Первое публичное выступление'),
	(1459,57,'166','https://srv1.abookfiles.online/uploads/z/db8b2f379a369494/mp3/00009-bolshojj-skandal.mp3',NULL,'00009 Большой скандал'),
	(1460,57,'426','https://srv1.abookfiles.online/uploads/z/db8b2f379a369494/mp3/00010-pansion-v-tale.mp3',NULL,'00010 Пансион в Тале'),
	(1461,57,'188','https://srv1.abookfiles.online/uploads/z/db8b2f379a369494/mp3/00011-na-tennisnom-korte.mp3',NULL,'00011 На теннисном корте'),
	(1462,57,'254','https://srv1.abookfiles.online/uploads/z/db8b2f379a369494/mp3/00012-pervaja-operacija.mp3',NULL,'00012 Первая операция'),
	(1463,57,'292','https://srv1.abookfiles.online/uploads/z/db8b2f379a369494/mp3/00013-izgnanie-iz-roditelskogo-doma.mp3',NULL,'00013 Изгнание из родительского дома'),
	(1464,57,'307','https://srv1.abookfiles.online/uploads/z/db8b2f379a369494/mp3/00014-tragicheskaja-junosheskaja-ljubov.mp3',NULL,'00014 Трагическая юношеская любовь'),
	(1465,57,'448','https://srv1.abookfiles.online/uploads/z/db8b2f379a369494/mp3/00015-fokusnik.mp3',NULL,'00015 Фокусник'),
	(1466,57,'563','https://srv1.abookfiles.online/uploads/z/db8b2f379a369494/mp3/00016-infljacija.mp3',NULL,'00016 Инфляция'),
	(1467,57,'744','https://srv1.abookfiles.online/uploads/z/db8b2f379a369494/mp3/00017-konkurs-krasoty.mp3',NULL,'00017 Конкурс красоты'),
	(1468,57,'255','https://srv1.abookfiles.online/uploads/z/db8b2f379a369494/mp3/00018-film-ob-ehjjnshtejjne.mp3',NULL,'00018 Фильм об Эйнштейне'),
	(1469,57,'585','https://srv1.abookfiles.online/uploads/z/db8b2f379a369494/mp3/00019-pervyjj-muzhchina.mp3',NULL,'00019 Первый мужчина'),
	(1470,57,'331','https://srv1.abookfiles.online/uploads/z/db8b2f379a369494/mp3/00020-tanec-i-zhivopis.mp3',NULL,'00020 Танец и живопись'),
	(1471,57,'780','https://srv1.abookfiles.online/uploads/z/db8b2f379a369494/mp3/00021-mojj-pervyjj-vecher-tanca.mp3',NULL,'00021 Мой первый вечер танца'),
	(1472,57,'304','https://srv1.abookfiles.online/uploads/z/db8b2f379a369494/mp3/00022-gastroli-v-cjurikhe.mp3',NULL,'00022 Гастроли в Цюрихе'),
	(1473,57,'140','https://srv1.abookfiles.online/uploads/z/db8b2f379a369494/mp3/00023-neschastnyjj-sluchajj-v-prage.mp3',NULL,'00023 Несчастный случай в Праге'),
	(1474,57,'290','https://srv1.abookfiles.online/uploads/z/db8b2f379a369494/mp3/00024-gora-sudby.mp3',NULL,'00024 \'\'Гора судьбы\'\''),
	(1475,57,'508','https://srv1.abookfiles.online/uploads/z/db8b2f379a369494/mp3/00025-mechta-stanovitsja-realnostju.mp3',NULL,'00025 Мечта становится реальностью'),
	(1476,57,'325','https://srv1.abookfiles.online/uploads/z/db8b2f379a369494/mp3/00026-svjataja-gora.mp3',NULL,'00026 \'\'Святая гора\'\''),
	(1477,57,'1999','https://srv1.abookfiles.online/uploads/z/db8b2f379a369494/mp3/00027-trenker-i-fank.mp3',NULL,'00027 Тренкер и Фанк'),
	(1478,57,'755','https://srv1.abookfiles.online/uploads/z/db8b2f379a369494/mp3/00028-tanec-ili-film.mp3',NULL,'00028 Танец или фильм'),
	(1479,57,'268','https://srv1.abookfiles.online/uploads/z/db8b2f379a369494/mp3/00029-zasypana-lavinami.mp3',NULL,'00029 Засыпана лавинами'),
	(1480,57,'217','https://srv1.abookfiles.online/uploads/z/db8b2f379a369494/mp3/00030-chudesnoe-iscelenie-v-sankt-antone.mp3',NULL,'00030 Чудесное исцеление в Санкт - Антоне'),
	(1481,57,'408','https://srv1.abookfiles.online/uploads/z/db8b2f379a369494/mp3/00031-konec-druzhby.mp3',NULL,'00031 Конец дружбы'),
	(1482,57,'772','https://srv1.abookfiles.online/uploads/z/db8b2f379a369494/mp3/00032-bolshojj-pryzhok.mp3',NULL,'00032 \'\'Большой прыжок\'\''),
	(1483,57,'316','https://srv1.abookfiles.online/uploads/z/db8b2f379a369494/mp3/00033-abel-gans.mp3',NULL,'00033 Абель Ганс'),
	(1484,57,'606','https://srv1.abookfiles.online/uploads/z/db8b2f379a369494/mp3/00034-ehrikh-marija-remark.mp3',NULL,'00034 Эрих Мария Ремарк'),
	(1485,57,'262','https://srv1.abookfiles.online/uploads/z/db8b2f379a369494/mp3/00035-belaja-arena.mp3',NULL,'00035 Белая арена'),
	(1486,57,'240','https://srv1.abookfiles.online/uploads/z/db8b2f379a369494/mp3/00036-sudba-tekh-samykh-gabsburgov.mp3',NULL,'00036 \'\'Судьба тех самых Габсбургов\'\''),
	(1487,57,'482','https://srv1.abookfiles.online/uploads/z/db8b2f379a369494/mp3/00037-berlin-gorod-mirovogo-znachenija.mp3',NULL,'00037 Берлин - город мирового значения'),
	(1488,57,'1324','https://srv1.abookfiles.online/uploads/z/db8b2f379a369494/mp3/00038-belyjj-ad-pic-palju.mp3',NULL,'00038 \'\'Белый ад Пиц - Палю\'\''),
	(1489,57,'568','https://srv1.abookfiles.online/uploads/z/db8b2f379a369494/mp3/00039-chjornaja-koshka.mp3',NULL,'00039 \'\'Чёрная кошка\'\''),
	(1490,57,'1546','https://srv1.abookfiles.online/uploads/z/db8b2f379a369494/mp3/00040-jjozef-fon-shternberg.mp3',NULL,'00040 Йозеф фон Штернберг'),
	(1491,57,'1619','https://srv1.abookfiles.online/uploads/z/db8b2f379a369494/mp3/00041-buri-nad-monblanom.mp3',NULL,'00041 \'\'Бури над Монбланом\'\''),
	(1492,57,'155','https://srv1.abookfiles.online/uploads/z/db8b2f379a369494/mp3/00042-brodjaga-s-monblana.mp3',NULL,'00042 \'\'Бродяга с Монблана\'\''),
	(1493,57,'476','https://srv1.abookfiles.online/uploads/z/db8b2f379a369494/mp3/00043-zvukovoe-kino.mp3',NULL,'00043 Звуковое кино'),
	(1494,57,'2568','https://srv1.abookfiles.online/uploads/z/db8b2f379a369494/mp3/00044-golubojj-svet.mp3',NULL,'00044 \'\'Голубой свет\'\''),
	(1495,57,'1498','https://srv1.abookfiles.online/uploads/z/db8b2f379a369494/mp3/00045-sudbonosnaja-vstrecha.mp3',NULL,'00045 Судьбоносная встреча'),
	(1496,57,'1923','https://srv1.abookfiles.online/uploads/z/db8b2f379a369494/mp3/00046-sos-ajjsberg.mp3',NULL,'00046 \'\'SOS! Айсберг\'\''),
	(1497,57,'244','https://srv1.abookfiles.online/uploads/z/db8b2f379a369494/mp3/00047-doktor-zorge.mp3',NULL,'00047 Доктор Зорге'),
	(1498,57,'504','https://srv1.abookfiles.online/uploads/z/db8b2f379a369494/mp3/00048-poljarnaja-zima-priblizhaetsja.mp3',NULL,'00048 Полярная зима приближается'),
	(1499,57,'347','https://srv1.abookfiles.online/uploads/z/db8b2f379a369494/mp3/00049-proshhanie-s-grenlandiejj.mp3',NULL,'00049 Прощание с Гренландией'),
	(1500,57,'774','https://srv1.abookfiles.online/uploads/z/db8b2f379a369494/mp3/00050-otel-kajjzerkhof.mp3',NULL,'00050 Отель \'\'Кайзерхоф\'\''),
	(1501,57,'310','https://srv1.abookfiles.online/uploads/z/db8b2f379a369494/mp3/00051-6-nojabrja-1932-goda.mp3',NULL,'00051 6 ноября 1932 года'),
	(1502,57,'284','https://srv1.abookfiles.online/uploads/z/db8b2f379a369494/mp3/00052-gitler-proigryvaet-vybory.mp3',NULL,'00052 Гитлер проигрывает выборы'),
	(1503,57,'323','https://srv1.abookfiles.online/uploads/z/db8b2f379a369494/mp3/00053-doktor-gebbels.mp3',NULL,'00053 Доктор Геббельс'),
	(1504,57,'915','https://srv1.abookfiles.online/uploads/z/db8b2f379a369494/mp3/00054-begstvo-v-gory.mp3',NULL,'00054 Бегство в горы'),
	(1505,57,'668','https://srv1.abookfiles.online/uploads/z/db8b2f379a369494/mp3/00055-vizit-v-rejjkhskanceljariju.mp3',NULL,'00055 Визит в рейхсканцелярию'),
	(1506,57,'311','https://srv1.abookfiles.online/uploads/z/db8b2f379a369494/mp3/00056-avarija-v-grunevalde.mp3',NULL,'00056 Авария в Груневальде'),
	(1507,57,'290','https://srv1.abookfiles.online/uploads/z/db8b2f379a369494/mp3/00057-priznanie-magda-gebbels.mp3',NULL,'00057 Признание Магда Геббельс'),
	(1508,57,'224','https://srv1.abookfiles.online/uploads/z/db8b2f379a369494/mp3/00058-ministr-propagandy.mp3',NULL,'00058 Министр пропаганды'),
	(1509,57,'1623','https://srv1.abookfiles.online/uploads/z/db8b2f379a369494/mp3/00059-pobeda-very.mp3',NULL,'00059 \'\'Победа веры\'\''),
	(1510,57,'214','https://srv1.abookfiles.online/uploads/z/db8b2f379a369494/mp3/00060-bolshojj-bal.mp3',NULL,'00060 Большой бал'),
	(1511,57,'304','https://srv1.abookfiles.online/uploads/z/db8b2f379a369494/mp3/00061-vstrecha-s-maksom-rejjnkhardtom.mp3',NULL,'00061 Встреча с Максом Рейнхардтом'),
	(1512,57,'833','https://srv1.abookfiles.online/uploads/z/db8b2f379a369494/mp3/00062-dolina.mp3',NULL,'00062 \'\'Долина\'\''),
	(1513,57,'1944','https://srv1.abookfiles.online/uploads/z/db8b2f379a369494/mp3/00063-triumf-voli.mp3',NULL,'00063 \'\'Триумф воли\'\''),
	(1514,57,'410','https://srv1.abookfiles.online/uploads/z/db8b2f379a369494/mp3/00064-v-davose.mp3',NULL,'00064 В Давосе'),
	(1515,57,'132','https://srv1.abookfiles.online/uploads/z/db8b2f379a369494/mp3/00065-v-berlinskojj-opere.mp3',NULL,'00065 В Берлинской опере'),
	(1516,57,'1066','https://srv1.abookfiles.online/uploads/z/db8b2f379a369494/mp3/00066-olimpija.mp3',NULL,'00066 \'\'Олимпия\'\''),
	(1517,57,'357','https://srv1.abookfiles.online/uploads/z/db8b2f379a369494/mp3/00067-stalnojj-zver.mp3',NULL,'00067 \'\'Стальной зверь\'\''),
	(1518,57,'197','https://srv1.abookfiles.online/uploads/z/db8b2f379a369494/mp3/00068-dalem-khajjdenshtrasse30.mp3',NULL,'00068 Далем, Хайденштрассе,30'),
	(1519,57,'281','https://srv1.abookfiles.online/uploads/z/db8b2f379a369494/mp3/00069-den-svobody.mp3',NULL,'00069 \'\'День свободы\'\''),
	(1520,57,'208','https://srv1.abookfiles.online/uploads/z/db8b2f379a369494/mp3/00070-na-cugshpitce.mp3',NULL,'00070 На Цугшпитце'),
	(1521,57,'183','https://srv1.abookfiles.online/uploads/z/db8b2f379a369494/mp3/00071-olimpiade-film-gmbkh.mp3',NULL,'00071 \'\'Олимпиаде - фильм ГмбХ\'\''),
	(1522,57,'473','https://srv1.abookfiles.online/uploads/z/db8b2f379a369494/mp3/00072-chastnaja-zhizn-gitlera.mp3',NULL,'00072 Частная жизнь Гитлера'),
	(1523,57,'206','https://srv1.abookfiles.online/uploads/z/db8b2f379a369494/mp3/00073-zimnjaja-olimpiada-v-garmishe.mp3',NULL,'00073 Зимняя олимпиада в Гармише'),
	(1524,57,'635','https://srv1.abookfiles.online/uploads/z/db8b2f379a369494/mp3/00074-mussolini.mp3',NULL,'00074 Муссолини'),
	(1525,57,'970','https://srv1.abookfiles.online/uploads/z/db8b2f379a369494/mp3/00075-film-ob-olimpiade.mp3',NULL,'00075 Фильм об Олимпиаде'),
	(1526,57,'312','https://srv1.abookfiles.online/uploads/z/db8b2f379a369494/mp3/00076-anatolbegun-s-fakelom.mp3',NULL,'00076 Анатоль,бегун с факелом'),
	(1527,57,'341','https://srv1.abookfiles.online/uploads/z/db8b2f379a369494/mp3/00077-zamok-ruvald.mp3',NULL,'00077 Замок Рувальд'),
	(1528,57,'259','https://srv1.abookfiles.online/uploads/z/db8b2f379a369494/mp3/00078-olimpiada-berlin1936-god.mp3',NULL,'00078 Олимпиада - Берлин,1936 год'),
	(1529,57,'343','https://srv1.abookfiles.online/uploads/z/db8b2f379a369494/mp3/00079-legenda-o-dzhessi-ouehnse.mp3',NULL,'00079 Легенда о Джесси Оуэнсе'),
	(1530,57,'364','https://srv1.abookfiles.online/uploads/z/db8b2f379a369494/mp3/00080-skandal-na-stadione.mp3',NULL,'00080 Скандал на стадионе'),
	(1531,57,'366','https://srv1.abookfiles.online/uploads/z/db8b2f379a369494/mp3/00081-glenn-moris.mp3',NULL,'00081 Гленн Морис'),
	(1532,57,'272','https://srv1.abookfiles.online/uploads/z/db8b2f379a369494/mp3/00082-kurshskaja-kosa.mp3',NULL,'00082 Куршская коса'),
	(1533,57,'205','https://srv1.abookfiles.online/uploads/z/db8b2f379a369494/mp3/00083-sozdanie-arkhiva.mp3',NULL,'00083 Создание архива'),
	(1534,57,'288','https://srv1.abookfiles.online/uploads/z/db8b2f379a369494/mp3/00084-grafolog.mp3',NULL,'00084 Графолог'),
	(1535,57,'441','https://srv1.abookfiles.online/uploads/z/db8b2f379a369494/mp3/00085-problemy-i-zaboty.mp3',NULL,'00085 Проблемы и заботы'),
	(1536,57,'291','https://srv1.abookfiles.online/uploads/z/db8b2f379a369494/mp3/00086-villi-cilke.mp3',NULL,'00086 Вилли Цильке'),
	(1537,57,'301','https://srv1.abookfiles.online/uploads/z/db8b2f379a369494/mp3/00087-v-montazhnojj.mp3',NULL,'00087 В монтажной'),
	(1538,57,'389','https://srv1.abookfiles.online/uploads/z/db8b2f379a369494/mp3/00088-padshijj-angel-tretego-rejjkha.mp3',NULL,'00088 \'\'Падший ангел Третьего Рейха\'\''),
	(1539,57,'192','https://srv1.abookfiles.online/uploads/z/db8b2f379a369494/mp3/00089-vsemirnaja-vystavka-v-parizhe.mp3',NULL,'00089 Всемирная выставка в Париже'),
	(1540,57,'509','https://srv1.abookfiles.online/uploads/z/db8b2f379a369494/mp3/00090-v-bergkhofe.mp3',NULL,'00090 В Бергхофе'),
	(1541,57,'650','https://srv1.abookfiles.online/uploads/z/db8b2f379a369494/mp3/00091-den-nemeckogo-iskusstva.mp3',NULL,'00091 День немецкого искусства'),
	(1542,57,'634','https://srv1.abookfiles.online/uploads/z/db8b2f379a369494/mp3/00092-gulja-di-brenta.mp3',NULL,'00092 Гулья ди Брента'),
	(1543,57,'258','https://srv1.abookfiles.online/uploads/z/db8b2f379a369494/mp3/00093-snova-v-montazhnojj.mp3',NULL,'00093 Снова в монтажной'),
	(1544,57,'504','https://srv1.abookfiles.online/uploads/z/db8b2f379a369494/mp3/00094-sochelnik-v-sankt-morice.mp3',NULL,'00094 Сочельник в Санкт - Морице'),
	(1545,57,'223','https://srv1.abookfiles.online/uploads/z/db8b2f379a369494/mp3/00095-v-studii-zvukozapisi.mp3',NULL,'00095 В студии звукозаписи'),
	(1546,57,'420','https://srv1.abookfiles.online/uploads/z/db8b2f379a369494/mp3/00096-premera-otkladyvaetsja.mp3',NULL,'00096 Премьера откладывается'),
	(1547,57,'298','https://srv1.abookfiles.online/uploads/z/db8b2f379a369494/mp3/00097-mirovaja-premera-filma-ob-olimpiade.mp3',NULL,'00097 Мировая премьера фильма об Олимпиаде'),
	(1548,57,'314','https://srv1.abookfiles.online/uploads/z/db8b2f379a369494/mp3/00098-nemeckaja-premija-kinematografii-za-1938-god.mp3',NULL,'00098 Немецкая премия кинематографии за 1938 год'),
	(1549,57,'569','https://srv1.abookfiles.online/uploads/z/db8b2f379a369494/mp3/00099-neozhidannyjj-vizit.mp3',NULL,'00099 Неожиданный визит'),
	(1550,57,'1073','https://srv1.abookfiles.online/uploads/z/db8b2f379a369494/mp3/00100-turne-po-evrope.mp3',NULL,'00100 Турне по Европе'),
	(1551,57,'251','https://srv1.abookfiles.online/uploads/z/db8b2f379a369494/mp3/00101-venecianskijj-kinofestival.mp3',NULL,'00101 Венецианский кинофестиваль'),
	(1552,57,'322','https://srv1.abookfiles.online/uploads/z/db8b2f379a369494/mp3/00102-rozengarten.mp3',NULL,'00102 Розенгартен'),
	(1553,57,'95','https://srv1.abookfiles.online/uploads/z/db8b2f379a369494/mp3/00103-premera-v-rime.mp3',NULL,'00103 Премьера в Риме'),
	(1554,57,'1292','https://srv1.abookfiles.online/uploads/z/db8b2f379a369494/mp3/00104-amerika.mp3',NULL,'00104 Америка'),
	(1555,57,'555','https://srv1.abookfiles.online/uploads/z/db8b2f379a369494/mp3/00105-shpion.mp3',NULL,'00105 Шпион'),
	(1556,57,'647','https://srv1.abookfiles.online/uploads/z/db8b2f379a369494/mp3/00106-v-parizhe.mp3',NULL,'00106 В Париже'),
	(1557,57,'287','https://srv1.abookfiles.online/uploads/z/db8b2f379a369494/mp3/00107-skandalnye-vesti-iz-gollivuda.mp3',NULL,'00107 Скандальные вести из Голливуда'),
	(1558,57,'842','https://srv1.abookfiles.online/uploads/z/db8b2f379a369494/mp3/00108-pentesileja.mp3',NULL,'00108 \'\'Пентесилея\'\''),
	(1559,57,'351','https://srv1.abookfiles.online/uploads/z/db8b2f379a369494/mp3/00109-u-alberta-shpeera.mp3',NULL,'00109 У Альберта Шпеера'),
	(1560,57,'152','https://srv1.abookfiles.online/uploads/z/db8b2f379a369494/mp3/00110-gitler-vpervye-vidit-na-ehkrane-stalina.mp3',NULL,'00110 Гитлер впервые видит на экране Сталина'),
	(1561,57,'180','https://srv1.abookfiles.online/uploads/z/db8b2f379a369494/mp3/00111-na-vershine-khimmelshpitce.mp3',NULL,'00111 На вершине Химмельшпитце'),
	(1562,57,'900','https://srv1.abookfiles.online/uploads/z/db8b2f379a369494/mp3/00112-vo-vremja-vojjny-vojjna-v-polshe.mp3',NULL,'00112 Во время войны - Война в Польше'),
	(1563,57,'3417','https://srv1.abookfiles.online/uploads/z/db8b2f379a369494/mp3/00113-eshhjo-raz-o-doline.mp3',NULL,'00113 Ещё раз о \'\'Долине\'\''),
	(1564,57,'298','https://srv1.abookfiles.online/uploads/z/db8b2f379a369494/mp3/00114-peter-i-ja.mp3',NULL,'00114 Петер и я'),
	(1565,57,'222','https://srv1.abookfiles.online/uploads/z/db8b2f379a369494/mp3/00115-poslednijj-zvonok-udeta.mp3',NULL,'00115 Последний звонок Удета'),
	(1566,58,'2081','https://srv1.abookfiles.online/uploads/y/6e568f8d90735e17/mp3/glava-1.mp3',NULL,'Глава 1'),
	(1567,58,'2545','https://srv1.abookfiles.online/uploads/y/6e568f8d90735e17/mp3/glava-2.mp3',NULL,'Глава 2'),
	(1568,58,'2311','https://srv1.abookfiles.online/uploads/y/6e568f8d90735e17/mp3/glava-3.mp3',NULL,'Глава 3'),
	(1569,58,'1906','https://srv1.abookfiles.online/uploads/y/6e568f8d90735e17/mp3/glava-4.mp3',NULL,'Глава 4'),
	(1570,58,'2012','https://srv1.abookfiles.online/uploads/y/6e568f8d90735e17/mp3/glava-5.mp3',NULL,'Глава 5'),
	(1571,58,'2144','https://srv1.abookfiles.online/uploads/y/6e568f8d90735e17/mp3/glava-6.mp3',NULL,'Глава 6'),
	(1572,58,'2047','https://srv1.abookfiles.online/uploads/y/6e568f8d90735e17/mp3/glava-7.mp3',NULL,'Глава 7'),
	(1573,58,'764','https://srv1.abookfiles.online/uploads/y/6e568f8d90735e17/mp3/glava-8.mp3',NULL,'Глава 8'),
	(1574,58,'1208','https://srv1.abookfiles.online/uploads/y/6e568f8d90735e17/mp3/glava-9.mp3',NULL,'Глава 9'),
	(1575,59,'546','https://srv7.abookfiles.online/uploads/z/5024bc55c2911bb6/mp3/01-fjodor-dostoevskijj-bobok-chast-1.mp3',NULL,'01. Фёдор Достоевский - Бобок - Часть 1'),
	(1576,59,'600','https://srv7.abookfiles.online/uploads/z/5024bc55c2911bb6/mp3/02-fjodor-dostoevskijj-bobok-chast-2.mp3',NULL,'02. Фёдор Достоевский - Бобок - Часть 2'),
	(1577,59,'554','https://srv7.abookfiles.online/uploads/z/5024bc55c2911bb6/mp3/03-fjodor-dostoevskijj-bobok-chast-3.mp3',NULL,'03. Фёдор Достоевский - Бобок - Часть 3'),
	(1578,59,'498','https://srv7.abookfiles.online/uploads/z/5024bc55c2911bb6/mp3/04-fjodor-dostoevskijj-bobok-chast-4.mp3',NULL,'04. Фёдор Достоевский - Бобок - Часть 4'),
	(1579,60,'3193','https://srv1.abookfiles.online/uploads/y/a0d264483fe95fe2/mp3/00.mp3',NULL,'00'),
	(1580,60,'967','https://srv1.abookfiles.online/uploads/y/a0d264483fe95fe2/mp3/01.mp3',NULL,'01'),
	(1581,60,'1961','https://srv1.abookfiles.online/uploads/y/a0d264483fe95fe2/mp3/02.mp3',NULL,'02'),
	(1582,60,'1677','https://srv1.abookfiles.online/uploads/y/a0d264483fe95fe2/mp3/03.mp3',NULL,'03'),
	(1583,60,'1350','https://srv1.abookfiles.online/uploads/y/a0d264483fe95fe2/mp3/04.mp3',NULL,'04'),
	(1584,60,'2258','https://srv1.abookfiles.online/uploads/y/a0d264483fe95fe2/mp3/05.mp3',NULL,'05'),
	(1585,60,'1772','https://srv1.abookfiles.online/uploads/y/a0d264483fe95fe2/mp3/06.mp3',NULL,'06'),
	(1586,60,'1622','https://srv1.abookfiles.online/uploads/y/a0d264483fe95fe2/mp3/07.mp3',NULL,'07'),
	(1587,60,'1443','https://srv1.abookfiles.online/uploads/y/a0d264483fe95fe2/mp3/08.mp3',NULL,'08'),
	(1588,60,'1448','https://srv1.abookfiles.online/uploads/y/a0d264483fe95fe2/mp3/09.mp3',NULL,'09'),
	(1589,60,'176','https://srv1.abookfiles.online/uploads/y/a0d264483fe95fe2/mp3/10.mp3',NULL,'10'),
	(1590,61,'771','https://srv1.abookfiles.online/uploads/z/e54a2a009889473b/mp3/01-ostorozhnyjj-gerojj-v04-glava-27.mp3',NULL,'01 Осторожный герой v04 - глава 27'),
	(1591,61,'1022','https://srv1.abookfiles.online/uploads/z/e54a2a009889473b/mp3/02-ostorozhnyjj-gerojj-v04-glava-28.mp3',NULL,'02 Осторожный герой v04 - глава 28'),
	(1592,61,'847','https://srv1.abookfiles.online/uploads/z/e54a2a009889473b/mp3/03-ostorozhnyjj-gerojj-v04-glava-29.mp3',NULL,'03 Осторожный герой v04 - глава 29'),
	(1593,61,'672','https://srv1.abookfiles.online/uploads/z/e54a2a009889473b/mp3/04-ostorozhnyjj-gerojj-v04-glava-30.mp3',NULL,'04 Осторожный герой v04 - глава 30'),
	(1594,61,'784','https://srv1.abookfiles.online/uploads/z/e54a2a009889473b/mp3/05-ostorozhnyjj-gerojj-v04-glava-31.mp3',NULL,'05 Осторожный герой v04 - глава 31'),
	(1595,61,'831','https://srv1.abookfiles.online/uploads/z/e54a2a009889473b/mp3/06-ostorozhnyjj-gerojj-v04-glava-32.mp3',NULL,'06 Осторожный герой v04 - глава 32'),
	(1596,61,'1028','https://srv1.abookfiles.online/uploads/z/e54a2a009889473b/mp3/07-ostorozhnyjj-gerojj-v04-glava-33.mp3',NULL,'07 Осторожный герой v04 - глава 33'),
	(1597,61,'781','https://srv1.abookfiles.online/uploads/z/e54a2a009889473b/mp3/08-ostorozhnyjj-gerojj-v04-glava-34.mp3',NULL,'08 Осторожный герой v04 - глава 34'),
	(1598,61,'988','https://srv1.abookfiles.online/uploads/z/e54a2a009889473b/mp3/09-ostorozhnyjj-gerojj-v04-glava-35.mp3',NULL,'09 Осторожный герой v04 - глава 35'),
	(1599,61,'953','https://srv1.abookfiles.online/uploads/z/e54a2a009889473b/mp3/10-ostorozhnyjj-gerojj-v04-glava-36.mp3',NULL,'10 Осторожный герой v04 - глава 36'),
	(1600,61,'1039','https://srv1.abookfiles.online/uploads/z/e54a2a009889473b/mp3/11-ostorozhnyjj-gerojj-v04-glava-37.mp3',NULL,'11 Осторожный герой v04 - глава 37'),
	(1601,61,'1100','https://srv1.abookfiles.online/uploads/z/e54a2a009889473b/mp3/12-ostorozhnyjj-gerojj-v04-glava-38.mp3',NULL,'12 Осторожный герой v04 - глава 38'),
	(1602,61,'1076','https://srv1.abookfiles.online/uploads/z/e54a2a009889473b/mp3/13-ostorozhnyjj-gerojj-v04-glava-39.mp3',NULL,'13 Осторожный герой v04 - глава 39'),
	(1603,61,'1005','https://srv1.abookfiles.online/uploads/z/e54a2a009889473b/mp3/14-ostorozhnyjj-gerojj-v04-glava-40.mp3',NULL,'14 Осторожный герой v04 - глава 40'),
	(1604,61,'1053','https://srv1.abookfiles.online/uploads/z/e54a2a009889473b/mp3/15-ostorozhnyjj-gerojj-v04-glava-41.mp3',NULL,'15 Осторожный герой v04 - глава 41'),
	(1605,61,'982','https://srv1.abookfiles.online/uploads/z/e54a2a009889473b/mp3/16-ostorozhnyjj-gerojj-v04-glava-42.mp3',NULL,'16 Осторожный герой v04 - глава 42'),
	(1606,61,'1035','https://srv1.abookfiles.online/uploads/z/e54a2a009889473b/mp3/17-ostorozhnyjj-gerojj-v04-glava-43.mp3',NULL,'17 Осторожный герой v04 - глава 43'),
	(1607,61,'1118','https://srv1.abookfiles.online/uploads/z/e54a2a009889473b/mp3/18-ostorozhnyjj-gerojj-v04-glava-44.mp3',NULL,'18 Осторожный герой v04 - глава 44'),
	(1608,61,'1149','https://srv1.abookfiles.online/uploads/z/e54a2a009889473b/mp3/19-ostorozhnyjj-gerojj-v04-glava-45.mp3',NULL,'19 Осторожный герой v04 - глава 45'),
	(1609,61,'1139','https://srv1.abookfiles.online/uploads/z/e54a2a009889473b/mp3/20-ostorozhnyjj-gerojj-v04-glava-46.mp3',NULL,'20 Осторожный герой v04 - глава 46'),
	(1610,61,'1072','https://srv1.abookfiles.online/uploads/z/e54a2a009889473b/mp3/21-ostorozhnyjj-gerojj-v04-glava-47.mp3',NULL,'21 Осторожный герой v04 - глава 47'),
	(1611,61,'1335','https://srv1.abookfiles.online/uploads/z/e54a2a009889473b/mp3/22-ostorozhnyjj-gerojj-v04-glava-48.mp3',NULL,'22 Осторожный герой v04 - глава 48'),
	(1612,61,'1013','https://srv1.abookfiles.online/uploads/z/e54a2a009889473b/mp3/23-ostorozhnyjj-gerojj-v04-glava-49.mp3',NULL,'23 Осторожный герой v04 - глава 49'),
	(1613,62,'3611','https://srv7.abookfiles.online/uploads/z/ae1ff65715fbaeed/mp3/khelena-bekhlerova-dom-pod-kashtanami-lrlebedeva-li-1965-320-kbps-mp3.mp3',NULL,'Хелена Бехлерова - Дом под каштанами [Л.Р.Лебедева (ЛИ), 1965, 320 kbps, MP3'),
	(1614,63,'2295','https://srv1.abookfiles.online/uploads/z/975d51cc78a3559f/mp3/01-marsh-odinokikh.mp3',NULL,'01 Марш одиноких'),
	(1615,63,'2557','https://srv1.abookfiles.online/uploads/z/975d51cc78a3559f/mp3/02.mp3',NULL,'02'),
	(1616,63,'2518','https://srv1.abookfiles.online/uploads/z/975d51cc78a3559f/mp3/03.mp3',NULL,'03'),
	(1617,63,'2461','https://srv1.abookfiles.online/uploads/z/975d51cc78a3559f/mp3/04.mp3',NULL,'04'),
	(1618,63,'2547','https://srv1.abookfiles.online/uploads/z/975d51cc78a3559f/mp3/05.mp3',NULL,'05'),
	(1619,63,'1282','https://srv1.abookfiles.online/uploads/z/975d51cc78a3559f/mp3/061-marsh-odinokikh.mp3',NULL,'06.1 Марш одиноких'),
	(1620,63,'1220','https://srv1.abookfiles.online/uploads/z/975d51cc78a3559f/mp3/062-oslik-dolzhen-byt-khudym.mp3',NULL,'06.2 Ослик должен быть худым'),
	(1621,63,'2390','https://srv1.abookfiles.online/uploads/z/975d51cc78a3559f/mp3/071-oslik-dolzhen-byt-khudym.mp3',NULL,'07.1 Ослик должен быть худым'),
	(1622,63,'2628','https://srv1.abookfiles.online/uploads/z/975d51cc78a3559f/mp3/072-081-inaja-zhizn.mp3',NULL,'07.2-08.1 Иная жизнь'),
	(1623,63,'2008','https://srv1.abookfiles.online/uploads/z/975d51cc78a3559f/mp3/082-091-inaja-zhizn.mp3',NULL,'08.2-09.1 Иная жизнь'),
	(1624,63,'2239','https://srv1.abookfiles.online/uploads/z/975d51cc78a3559f/mp3/092-101-soldaty-na-nevskom.mp3',NULL,'09.2-10.1 Солдаты на Невском'),
	(1625,63,'1210','https://srv1.abookfiles.online/uploads/z/975d51cc78a3559f/mp3/102-111-rol.mp3',NULL,'10.2-11.1 Роль'),
	(1626,63,'2037','https://srv1.abookfiles.online/uploads/z/975d51cc78a3559f/mp3/112-doroga-v-novuju-kvartiru.mp3',NULL,'11.2 Дорога в новую квартиру'),
	(1627,63,'1042','https://srv1.abookfiles.online/uploads/z/975d51cc78a3559f/mp3/113-121-tretijj-povorot-nalevo.mp3',NULL,'11.3-12.1 Третий поворот налево'),
	(1628,63,'479','https://srv1.abookfiles.online/uploads/z/975d51cc78a3559f/mp3/122-na-ulice-i-doma.mp3',NULL,'12.2 На улице и дома'),
	(1629,63,'574','https://srv1.abookfiles.online/uploads/z/975d51cc78a3559f/mp3/123-my-i-ginekolog-budanickijj.mp3',NULL,'12.3 Мы и гинеколог Буданицкий'),
	(1630,63,'1626','https://srv1.abookfiles.online/uploads/z/975d51cc78a3559f/mp3/124-131-staryjj-petukh-zapechennyjj-v-gline.mp3',NULL,'12.4-13.1 Старый петух, запеченный в глине'),
	(1631,63,'672','https://srv1.abookfiles.online/uploads/z/975d51cc78a3559f/mp3/132-my-nachinali-v-ehpokhu-zastoja.mp3',NULL,'13.2 Мы начинали в эпоху застоя'),
	(1632,63,'1417','https://srv1.abookfiles.online/uploads/z/975d51cc78a3559f/mp3/133-141-literatura-prodolzhaetsja.mp3',NULL,'13.3-14.1 Литература продолжается'),
	(1633,63,'2462','https://srv1.abookfiles.online/uploads/z/975d51cc78a3559f/mp3/142-151-perevodnye-kartinki.mp3',NULL,'14.2-15.1 Переводные картинки'),
	(1634,63,'436','https://srv1.abookfiles.online/uploads/z/975d51cc78a3559f/mp3/152-ryzhijj.mp3',NULL,'15.2 Рыжий'),
	(1635,63,'424','https://srv1.abookfiles.online/uploads/z/975d51cc78a3559f/mp3/153-sogljadatajj.mp3',NULL,'15.3 СОГЛЯДАТАЙ'),
	(1636,63,'328','https://srv1.abookfiles.online/uploads/z/975d51cc78a3559f/mp3/154-verkhom-na-ulitke.mp3',NULL,'15.4 ВЕРХОМ НА УЛИТКЕ'),
	(1637,63,'825','https://srv1.abookfiles.online/uploads/z/975d51cc78a3559f/mp3/155-poslednijj-chudak.mp3',NULL,'15.5 ПОСЛЕДНИЙ ЧУДАК'),
	(1638,63,'453','https://srv1.abookfiles.online/uploads/z/975d51cc78a3559f/mp3/156-trudnoe-slovo.mp3',NULL,'15.6 ТРУДНОЕ СЛОВО'),
	(1639,63,'509','https://srv1.abookfiles.online/uploads/z/975d51cc78a3559f/mp3/157-161-ehto-neperevodimoe-slovo-khamstvo.mp3',NULL,'15.7-16.1 Это непереводимое слово — «хамство»'),
	(1640,63,'660','https://srv1.abookfiles.online/uploads/z/975d51cc78a3559f/mp3/162-pisma-na-moem-stole.mp3',NULL,'16.2 ПИСЬМА НА МОЕМ СТОЛЕ'),
	(1641,63,'1399','https://srv1.abookfiles.online/uploads/z/975d51cc78a3559f/mp3/163-pisma-k-ljudmile-shtern.mp3',NULL,'16.3 Письма к Людмиле Штерн'),
	(1642,63,'2343','https://srv1.abookfiles.online/uploads/z/975d51cc78a3559f/mp3/171-pisma-k-ljudmile-shtern.mp3',NULL,'17.1 Письма к Людмиле Штерн'),
	(1643,63,'1588','https://srv1.abookfiles.online/uploads/z/975d51cc78a3559f/mp3/172-181-pismo-k-julii-gubarevojj.mp3',NULL,'17.2-18.1 Письмо к Юлии Губаревой'),
	(1644,63,'3475','https://srv1.abookfiles.online/uploads/z/975d51cc78a3559f/mp3/182-191-pisma-k-naumu-sagalovskomu.mp3',NULL,'18.2-19.1 Письма к Науму Сагаловскому'),
	(1645,63,'2939','https://srv1.abookfiles.online/uploads/z/975d51cc78a3559f/mp3/192-20-pisma-k-andreju-arevu.mp3',NULL,'19.2-20 Письма к Андрею Арьеву'),
	(1646,63,'3294','https://srv1.abookfiles.online/uploads/z/975d51cc78a3559f/mp3/21-221-pisma-k-andreju-arevu.mp3',NULL,'21-22.1 Письма к Андрею Арьеву'),
	(1647,63,'397','https://srv1.abookfiles.online/uploads/z/975d51cc78a3559f/mp3/222-tvorchestvo-do-tvorchestva-igor-smirnov.mp3',NULL,'22.2 Творчество до творчества (Игорь Смирнов)'),
	(1648,63,'718','https://srv1.abookfiles.online/uploads/z/975d51cc78a3559f/mp3/223-poehzija-i-anekdot-viktor-krivulin.mp3',NULL,'22.3 Поэзия и анекдот (Виктор Кривулин)'),
	(1649,63,'1640','https://srv1.abookfiles.online/uploads/z/975d51cc78a3559f/mp3/224-231-ehta-neapolitanskaja-naruzhnost-shtern-ljudmila.mp3',NULL,'22.4-23.1 Эта неаполитанская наружность (Штерн Людмила)'),
	(1650,63,'1255','https://srv1.abookfiles.online/uploads/z/975d51cc78a3559f/mp3/232-neskolko-slov-vdogonku-evgenijj-rejjn.mp3',NULL,'23.2 Несколько слов вдогонку (Евгений Рейн)'),
	(1651,63,'752','https://srv1.abookfiles.online/uploads/z/975d51cc78a3559f/mp3/233-241-personazhi-v-poiskakh-avtora-anatolijj-najjman.mp3',NULL,'23.3-24.1 Персонажи в поисках автора (Анатолий Найман)'),
	(1652,63,'823','https://srv1.abookfiles.online/uploads/z/975d51cc78a3559f/mp3/242-dovlatovu-volf-sergejj.mp3',NULL,'24.2 Довлатову (Вольф Сергей)'),
	(1653,63,'1312','https://srv1.abookfiles.online/uploads/z/975d51cc78a3559f/mp3/243-skazhi-im-tam-vsem-rokhlin-boris.mp3',NULL,'24.3 Скажи им там всем (Рохлин Борис)'),
	(1654,63,'1203','https://srv1.abookfiles.online/uploads/z/975d51cc78a3559f/mp3/244-251-sergejj-dovlatov-peterburzhec-smirnov-okhtin-igor.mp3',NULL,'24.4-25.1 Сергей Довлатов — петербуржец (Смирнов-Охтин Игорь)'),
	(1655,63,'479','https://srv1.abookfiles.online/uploads/z/975d51cc78a3559f/mp3/252-sergejj-viktor-sosnora.mp3',NULL,'25.2 Сергей (Виктор Соснора)'),
	(1656,63,'718','https://srv1.abookfiles.online/uploads/z/975d51cc78a3559f/mp3/253-my-prostilis-posmeivajas-vladimir-ufljand.mp3',NULL,'25.3 Мы простились, посмеиваясь (Владимир Уфлянд)'),
	(1657,63,'1128','https://srv1.abookfiles.online/uploads/z/975d51cc78a3559f/mp3/254-261-krov-edinstvennye-chernila-valerijj-popov.mp3',NULL,'25.4-26.1 Кровь — единственные чернила (Валерий Попов)'),
	(1658,63,'1125','https://srv1.abookfiles.online/uploads/z/975d51cc78a3559f/mp3/262-nepovtorimost-ljubojj-cenojj-igor-efimov.mp3',NULL,'26.2 Неповторимость любой ценой (Игорь Ефимов)'),
	(1659,63,'2832','https://srv1.abookfiles.online/uploads/z/975d51cc78a3559f/mp3/263-271-bez-dovlatova-petr-vajjl.mp3',NULL,'26.3-27.1 Без Довлатова (Петр Вайль)'),
	(1660,63,'1595','https://srv1.abookfiles.online/uploads/z/975d51cc78a3559f/mp3/272-281-na-urovne-prostoty-aleksandr-genis.mp3',NULL,'27.2-28.1 На уровне простоты (Александр Генис)'),
	(1661,63,'3347','https://srv1.abookfiles.online/uploads/z/975d51cc78a3559f/mp3/282-291-perekrestnaja-rifma-skulskaja-elena.mp3',NULL,'28.2-29.1 Перекрестная рифма (Скульская Елена)'),
	(1662,63,'1060','https://srv1.abookfiles.online/uploads/z/975d51cc78a3559f/mp3/292-301-nadpisi-i-fotografii-alovert-nina.mp3',NULL,'29.2-30.1 Надписи и фотографии (Аловерт Нина)'),
	(1663,63,'405','https://srv1.abookfiles.online/uploads/z/975d51cc78a3559f/mp3/302-bibliograficheskaja-spravka-arev-aju.mp3',NULL,'30.2 Библиографическая справка (Арьев А.Ю.)'),
	(1664,64,'3385','https://srv1.abookfiles.online/uploads/z/ddfb2b55be371376/mp3/tot-kto-vyshel-iz-bolshoi-vody-2.mp3',NULL,'Тот, кто вышел из Большой Воды 2'),
	(1665,65,'2494','https://srv1.abookfiles.online/uploads/z/3da5b68bf50e15c3/mp3/pjatna-rzhavchiny.mp3',NULL,'Пятна ржавчины'),
	(1666,66,'1153','https://srv1.abookfiles.online/uploads/y/5427326cbff2a53f/mp3/001-zhara.mp3',NULL,'001 Жара'),
	(1667,66,'1327','https://srv1.abookfiles.online/uploads/y/5427326cbff2a53f/mp3/002-zhara.mp3',NULL,'002 Жара'),
	(1668,66,'1033','https://srv1.abookfiles.online/uploads/y/5427326cbff2a53f/mp3/003-zhara.mp3',NULL,'003 Жара'),
	(1669,66,'833','https://srv1.abookfiles.online/uploads/y/5427326cbff2a53f/mp3/004-zhara.mp3',NULL,'004 Жара'),
	(1670,66,'807','https://srv1.abookfiles.online/uploads/y/5427326cbff2a53f/mp3/005-zhara.mp3',NULL,'005 Жара'),
	(1671,66,'770','https://srv1.abookfiles.online/uploads/y/5427326cbff2a53f/mp3/006-zhara.mp3',NULL,'006 Жара'),
	(1672,66,'922','https://srv1.abookfiles.online/uploads/y/5427326cbff2a53f/mp3/007-zhara.mp3',NULL,'007 Жара'),
	(1673,66,'840','https://srv1.abookfiles.online/uploads/y/5427326cbff2a53f/mp3/008-zhara.mp3',NULL,'008 Жара'),
	(1674,66,'1324','https://srv1.abookfiles.online/uploads/y/5427326cbff2a53f/mp3/009-zhara.mp3',NULL,'009 Жара'),
	(1675,66,'816','https://srv1.abookfiles.online/uploads/y/5427326cbff2a53f/mp3/010-zhara.mp3',NULL,'010 Жара'),
	(1676,66,'600','https://srv1.abookfiles.online/uploads/y/5427326cbff2a53f/mp3/011-zhara.mp3',NULL,'011 Жара'),
	(1677,66,'576','https://srv1.abookfiles.online/uploads/y/5427326cbff2a53f/mp3/012-zhara.mp3',NULL,'012 Жара'),
	(1678,66,'729','https://srv1.abookfiles.online/uploads/y/5427326cbff2a53f/mp3/013-zhara.mp3',NULL,'013 Жара'),
	(1679,66,'1231','https://srv1.abookfiles.online/uploads/y/5427326cbff2a53f/mp3/014-zhara.mp3',NULL,'014 Жара'),
	(1680,66,'1002','https://srv1.abookfiles.online/uploads/y/5427326cbff2a53f/mp3/015-zhara.mp3',NULL,'015 Жара'),
	(1681,66,'1311','https://srv1.abookfiles.online/uploads/y/5427326cbff2a53f/mp3/016-zhara.mp3',NULL,'016 Жара'),
	(1682,66,'472','https://srv1.abookfiles.online/uploads/y/5427326cbff2a53f/mp3/017-zhara.mp3',NULL,'017 Жара'),
	(1683,66,'596','https://srv1.abookfiles.online/uploads/y/5427326cbff2a53f/mp3/018-zhara.mp3',NULL,'018 Жара'),
	(1684,66,'1115','https://srv1.abookfiles.online/uploads/y/5427326cbff2a53f/mp3/019-zhara.mp3',NULL,'019 Жара'),
	(1685,66,'631','https://srv1.abookfiles.online/uploads/y/5427326cbff2a53f/mp3/020-zhara.mp3',NULL,'020 Жара'),
	(1686,66,'661','https://srv1.abookfiles.online/uploads/y/5427326cbff2a53f/mp3/021-zhara.mp3',NULL,'021 Жара'),
	(1687,66,'968','https://srv1.abookfiles.online/uploads/y/5427326cbff2a53f/mp3/022-zhara.mp3',NULL,'022 Жара'),
	(1688,66,'1020','https://srv1.abookfiles.online/uploads/y/5427326cbff2a53f/mp3/023-zhara.mp3',NULL,'023 Жара'),
	(1689,66,'598','https://srv1.abookfiles.online/uploads/y/5427326cbff2a53f/mp3/024-zhara.mp3',NULL,'024 Жара'),
	(1690,66,'602','https://srv1.abookfiles.online/uploads/y/5427326cbff2a53f/mp3/025-zhara.mp3',NULL,'025 Жара'),
	(1691,66,'874','https://srv1.abookfiles.online/uploads/y/5427326cbff2a53f/mp3/026-zhara.mp3',NULL,'026 Жара'),
	(1692,66,'862','https://srv1.abookfiles.online/uploads/y/5427326cbff2a53f/mp3/027-zhara.mp3',NULL,'027 Жара'),
	(1693,66,'828','https://srv1.abookfiles.online/uploads/y/5427326cbff2a53f/mp3/028-zhara.mp3',NULL,'028 Жара'),
	(1694,66,'1055','https://srv1.abookfiles.online/uploads/y/5427326cbff2a53f/mp3/029-zhara.mp3',NULL,'029 Жара'),
	(1695,66,'1043','https://srv1.abookfiles.online/uploads/y/5427326cbff2a53f/mp3/030-zhara.mp3',NULL,'030 Жара'),
	(1696,66,'731','https://srv1.abookfiles.online/uploads/y/5427326cbff2a53f/mp3/031-zhara.mp3',NULL,'031 Жара'),
	(1697,66,'511','https://srv1.abookfiles.online/uploads/y/5427326cbff2a53f/mp3/032-zhara.mp3',NULL,'032 Жара'),
	(1698,66,'946','https://srv1.abookfiles.online/uploads/y/5427326cbff2a53f/mp3/033-zhara.mp3',NULL,'033 Жара'),
	(1699,67,'56','https://srv1.abookfiles.online/uploads/y/00d0095c30258b1b/mp3/01-posvjashhenie-tebe-no-golos-muzy-tjomnojj-kosnetsja-l-ukha-tvoego.mp3',NULL,'01. Посвящение - Тебе - но голос музы тёмной коснется ль уха твоего'),
	(1700,67,'392','https://srv1.abookfiles.online/uploads/y/00d0095c30258b1b/mp3/02-pesn-pervaja-bogat-i-slaven-kochubejj.mp3',NULL,'02. Песнь первая - Богат и славен Кочубей'),
	(1701,67,'703','https://srv1.abookfiles.online/uploads/y/00d0095c30258b1b/mp3/03-pesn-pervaja-ne-tolko-pervyjj-pukh-lanit.mp3',NULL,'03. Песнь первая - Не только первый пух ланит'),
	(1702,67,'588','https://srv1.abookfiles.online/uploads/y/00d0095c30258b1b/mp3/04-pesn-pervaja-kto-pri-zvezdakh-i-pri-lune-tak-pozdno-edet-na-kone.mp3',NULL,'04. Песнь первая - Кто при звездах и при луне так поздно едет на коне'),
	(1703,67,'584','https://srv1.abookfiles.online/uploads/y/00d0095c30258b1b/mp3/05-pesn-vtoraja-mazepa-mrachen-um-ego-cmushhen-zhestokimi-mechtami.mp3',NULL,'05. Песнь вторая - Мазепа мрачен. Ум его cмущен жестокими мечтами'),
	(1704,67,'553','https://srv1.abookfiles.online/uploads/y/00d0095c30258b1b/mp3/06-pesn-vtoraja-i-vspomnil-on-svoju-poltavu.mp3',NULL,'06. Песнь вторая - И вспомнил он свою Полтаву'),
	(1705,67,'864','https://srv1.abookfiles.online/uploads/y/00d0095c30258b1b/mp3/07-pesn-vtoraja-tikha-ukrainskaja-noch-prozrachno-nebo-zvezdy-bleshhut.mp3',NULL,'07. Песнь вторая - Тиха украинская ночь. Прозрачно небо. Звезды блещут'),
	(1706,67,'488','https://srv1.abookfiles.online/uploads/y/00d0095c30258b1b/mp3/08-pesn-tretija-dushi-glubokaja-pechal-stremitsja-derznovenno-v-dal.mp3',NULL,'08. Песнь третия - Души глубокая печаль стремиться дерзновенно в даль'),
	(1707,67,'548','https://srv1.abookfiles.online/uploads/y/00d0095c30258b1b/mp3/09-pesn-tretija-gorit-vostok-zareju-novojj.mp3',NULL,'09. Песнь третия - Горит восток зарею новой'),
	(1708,67,'821','https://srv1.abookfiles.online/uploads/y/00d0095c30258b1b/mp3/10-pesn-tretija-no-blizok-blizok-mig-pobedy.mp3',NULL,'10. Песнь третия - Но близок, близок миг победы'),
	(1709,68,'671','https://srv1.abookfiles.online/uploads/z/c21a67010d3ebc99/mp3/otsuru-ty-sijaesh-lunnojj-nochju-glava-1-chast-1.mp3',NULL,'Otsuru - Ты сияешь лунной ночью Глава 1 Часть 1'),
	(1710,68,'795','https://srv1.abookfiles.online/uploads/z/c21a67010d3ebc99/mp3/otsuru-ty-sijaesh-lunnojj-nochju-glava-1-chast-2.mp3',NULL,'Otsuru - Ты сияешь лунной ночью Глава 1 Часть 2'),
	(1711,68,'1286','https://srv1.abookfiles.online/uploads/z/c21a67010d3ebc99/mp3/otsuru-ty-sijaesh-lunnojj-nochju-glava-1-chast-3.mp3',NULL,'Otsuru - Ты сияешь лунной ночью Глава 1 Часть 3'),
	(1712,68,'544','https://srv1.abookfiles.online/uploads/z/c21a67010d3ebc99/mp3/otsuru-ty-sijaesh-lunnojj-nochju-glava-2-chast-1.mp3',NULL,'Otsuru - Ты сияешь лунной ночью Глава 2 Часть 1'),
	(1713,68,'1034','https://srv1.abookfiles.online/uploads/z/c21a67010d3ebc99/mp3/otsuru-ty-sijaesh-lunnojj-nochju-glava-2-chast-2.mp3',NULL,'Otsuru - Ты сияешь лунной ночью Глава 2 Часть 2'),
	(1714,68,'673','https://srv1.abookfiles.online/uploads/z/c21a67010d3ebc99/mp3/otsuru-ty-sijaesh-lunnojj-nochju-glava-2-chast-3.mp3',NULL,'Otsuru - Ты сияешь лунной ночью Глава 2 Часть 3'),
	(1715,68,'1162','https://srv1.abookfiles.online/uploads/z/c21a67010d3ebc99/mp3/otsuru-ty-sijaesh-lunnojj-nochju-glava-2-chast-4.mp3',NULL,'Otsuru - Ты сияешь лунной ночью Глава 2 Часть 4'),
	(1716,68,'391','https://srv1.abookfiles.online/uploads/z/c21a67010d3ebc99/mp3/otsuru-ty-sijaesh-lunnojj-nochju-glava-2-chast-5.mp3',NULL,'Otsuru - Ты сияешь лунной ночью Глава 2 Часть 5'),
	(1717,68,'1433','https://srv1.abookfiles.online/uploads/z/c21a67010d3ebc99/mp3/otsuru-ty-sijaesh-lunnojj-nochju-glava-2-chast-6.mp3',NULL,'Otsuru - Ты сияешь лунной ночью Глава 2 Часть 6'),
	(1718,68,'960','https://srv1.abookfiles.online/uploads/z/c21a67010d3ebc99/mp3/otsuru-ty-sijaesh-lunnojj-nochju-glava-3-chast-1.mp3',NULL,'Otsuru - Ты сияешь лунной ночью Глава 3 Часть 1'),
	(1719,68,'246','https://srv1.abookfiles.online/uploads/z/c21a67010d3ebc99/mp3/otsuru-ty-sijaesh-lunnojj-nochju-glava-3-chast-2.mp3',NULL,'Otsuru - Ты сияешь лунной ночью Глава 3 Часть 2'),
	(1720,68,'911','https://srv1.abookfiles.online/uploads/z/c21a67010d3ebc99/mp3/otsuru-ty-sijaesh-lunnojj-nochju-glava-3-chast-3.mp3',NULL,'Otsuru - Ты сияешь лунной ночью Глава 3 Часть 3'),
	(1721,68,'1610','https://srv1.abookfiles.online/uploads/z/c21a67010d3ebc99/mp3/otsuru-ty-sijaesh-lunnojj-nochju-glava-3-chast-5.mp3',NULL,'Otsuru - Ты сияешь лунной ночью Глава 3 Часть 5'),
	(1722,68,'544','https://srv1.abookfiles.online/uploads/z/c21a67010d3ebc99/mp3/otsuru-ty-sijaesh-lunnojj-nochju-glava-4-chast-1.mp3',NULL,'Otsuru - Ты сияешь лунной ночью Глава 4 Часть 1'),
	(1723,68,'1828','https://srv1.abookfiles.online/uploads/z/c21a67010d3ebc99/mp3/otsuru-ty-sijaesh-lunnojj-nochju-glava-4-chast-2.mp3',NULL,'Otsuru - Ты сияешь лунной ночью Глава 4 Часть 2'),
	(1724,68,'1581','https://srv1.abookfiles.online/uploads/z/c21a67010d3ebc99/mp3/otsuru-ty-sijaesh-lunnojj-nochju-glava-4-chast-3.mp3',NULL,'Otsuru - Ты сияешь лунной ночью Глава 4 Часть 3'),
	(1725,68,'723','https://srv1.abookfiles.online/uploads/z/c21a67010d3ebc99/mp3/otsuru-ty-sijaesh-lunnojj-nochju-glava-5-chast-1.mp3',NULL,'Otsuru - Ты сияешь лунной ночью Глава 5 Часть 1'),
	(1726,68,'627','https://srv1.abookfiles.online/uploads/z/c21a67010d3ebc99/mp3/otsuru-ty-sijaesh-lunnojj-nochju-glava-6-chast-1.mp3',NULL,'Otsuru - Ты сияешь лунной ночью Глава 6 Часть 1'),
	(1727,68,'453','https://srv1.abookfiles.online/uploads/z/c21a67010d3ebc99/mp3/otsuru-ty-sijaesh-lunnojj-nochju-glava-7-chast-1.mp3',NULL,'Otsuru - Ты сияешь лунной ночью Глава 7 Часть 1'),
	(1728,68,'621','https://srv1.abookfiles.online/uploads/z/c21a67010d3ebc99/mp3/otsuru-ty-sijaesh-lunnojj-nochju-glava-8-chast-1.mp3',NULL,'Otsuru - Ты сияешь лунной ночью Глава 8 Часть 1'),
	(1729,68,'297','https://srv1.abookfiles.online/uploads/z/c21a67010d3ebc99/mp3/otsuru-ty-sijaesh-lunnojj-nochju-glava-9-posleslovie.mp3',NULL,'Otsuru - Ты сияешь лунной ночью Глава 9 Послесловие'),
	(1730,69,'417','https://srv7.abookfiles.online/uploads/z/8f4a637495e550ef/mp3/0001.mp3',NULL,'0001'),
	(1731,69,'315','https://srv7.abookfiles.online/uploads/z/8f4a637495e550ef/mp3/0002.mp3',NULL,'0002'),
	(1732,69,'326','https://srv7.abookfiles.online/uploads/z/8f4a637495e550ef/mp3/0003.mp3',NULL,'0003'),
	(1733,69,'306','https://srv7.abookfiles.online/uploads/z/8f4a637495e550ef/mp3/0004.mp3',NULL,'0004'),
	(1734,69,'310','https://srv7.abookfiles.online/uploads/z/8f4a637495e550ef/mp3/0005.mp3',NULL,'0005'),
	(1735,69,'317','https://srv7.abookfiles.online/uploads/z/8f4a637495e550ef/mp3/0006.mp3',NULL,'0006'),
	(1736,69,'326','https://srv7.abookfiles.online/uploads/z/8f4a637495e550ef/mp3/0007.mp3',NULL,'0007'),
	(1737,69,'360','https://srv7.abookfiles.online/uploads/z/8f4a637495e550ef/mp3/0008.mp3',NULL,'0008'),
	(1738,69,'309','https://srv7.abookfiles.online/uploads/z/8f4a637495e550ef/mp3/0009.mp3',NULL,'0009'),
	(1739,69,'307','https://srv7.abookfiles.online/uploads/z/8f4a637495e550ef/mp3/0010.mp3',NULL,'0010'),
	(1740,69,'310','https://srv7.abookfiles.online/uploads/z/8f4a637495e550ef/mp3/0011.mp3',NULL,'0011'),
	(1741,69,'291','https://srv7.abookfiles.online/uploads/z/8f4a637495e550ef/mp3/0012.mp3',NULL,'0012'),
	(1742,69,'316','https://srv7.abookfiles.online/uploads/z/8f4a637495e550ef/mp3/0013.mp3',NULL,'0013'),
	(1743,69,'306','https://srv7.abookfiles.online/uploads/z/8f4a637495e550ef/mp3/0014.mp3',NULL,'0014'),
	(1744,69,'408','https://srv7.abookfiles.online/uploads/z/8f4a637495e550ef/mp3/0015.mp3',NULL,'0015'),
	(1745,69,'319','https://srv7.abookfiles.online/uploads/z/8f4a637495e550ef/mp3/0016.mp3',NULL,'0016'),
	(1746,69,'327','https://srv7.abookfiles.online/uploads/z/8f4a637495e550ef/mp3/0017.mp3',NULL,'0017'),
	(1747,69,'316','https://srv7.abookfiles.online/uploads/z/8f4a637495e550ef/mp3/0018.mp3',NULL,'0018'),
	(1748,69,'344','https://srv7.abookfiles.online/uploads/z/8f4a637495e550ef/mp3/0019.mp3',NULL,'0019'),
	(1749,69,'282','https://srv7.abookfiles.online/uploads/z/8f4a637495e550ef/mp3/0020.mp3',NULL,'0020'),
	(1750,69,'335','https://srv7.abookfiles.online/uploads/z/8f4a637495e550ef/mp3/0021.mp3',NULL,'0021'),
	(1751,69,'325','https://srv7.abookfiles.online/uploads/z/8f4a637495e550ef/mp3/0022.mp3',NULL,'0022'),
	(1752,69,'285','https://srv7.abookfiles.online/uploads/z/8f4a637495e550ef/mp3/0023.mp3',NULL,'0023'),
	(1753,69,'269','https://srv7.abookfiles.online/uploads/z/8f4a637495e550ef/mp3/0024.mp3',NULL,'0024'),
	(1754,69,'334','https://srv7.abookfiles.online/uploads/z/8f4a637495e550ef/mp3/0025.mp3',NULL,'0025'),
	(1755,69,'286','https://srv7.abookfiles.online/uploads/z/8f4a637495e550ef/mp3/0026.mp3',NULL,'0026'),
	(1756,69,'332','https://srv7.abookfiles.online/uploads/z/8f4a637495e550ef/mp3/0027.mp3',NULL,'0027'),
	(1757,69,'255','https://srv7.abookfiles.online/uploads/z/8f4a637495e550ef/mp3/0028.mp3',NULL,'0028'),
	(1758,69,'304','https://srv7.abookfiles.online/uploads/z/8f4a637495e550ef/mp3/0029.mp3',NULL,'0029'),
	(1759,69,'326','https://srv7.abookfiles.online/uploads/z/8f4a637495e550ef/mp3/0030.mp3',NULL,'0030'),
	(1760,69,'313','https://srv7.abookfiles.online/uploads/z/8f4a637495e550ef/mp3/0031.mp3',NULL,'0031'),
	(1761,69,'343','https://srv7.abookfiles.online/uploads/z/8f4a637495e550ef/mp3/0032.mp3',NULL,'0032'),
	(1762,69,'316','https://srv7.abookfiles.online/uploads/z/8f4a637495e550ef/mp3/0033.mp3',NULL,'0033'),
	(1763,69,'313','https://srv7.abookfiles.online/uploads/z/8f4a637495e550ef/mp3/0034.mp3',NULL,'0034'),
	(1764,69,'385','https://srv7.abookfiles.online/uploads/z/8f4a637495e550ef/mp3/0035.mp3',NULL,'0035'),
	(1765,69,'347','https://srv7.abookfiles.online/uploads/z/8f4a637495e550ef/mp3/0036.mp3',NULL,'0036'),
	(1766,69,'304','https://srv7.abookfiles.online/uploads/z/8f4a637495e550ef/mp3/0037.mp3',NULL,'0037'),
	(1767,69,'331','https://srv7.abookfiles.online/uploads/z/8f4a637495e550ef/mp3/0038.mp3',NULL,'0038'),
	(1768,69,'310','https://srv7.abookfiles.online/uploads/z/8f4a637495e550ef/mp3/0039.mp3',NULL,'0039'),
	(1769,69,'316','https://srv7.abookfiles.online/uploads/z/8f4a637495e550ef/mp3/0040.mp3',NULL,'0040'),
	(1770,69,'319','https://srv7.abookfiles.online/uploads/z/8f4a637495e550ef/mp3/0041.mp3',NULL,'0041'),
	(1771,69,'315','https://srv7.abookfiles.online/uploads/z/8f4a637495e550ef/mp3/0042.mp3',NULL,'0042'),
	(1772,69,'324','https://srv7.abookfiles.online/uploads/z/8f4a637495e550ef/mp3/0043.mp3',NULL,'0043'),
	(1773,69,'321','https://srv7.abookfiles.online/uploads/z/8f4a637495e550ef/mp3/0044.mp3',NULL,'0044'),
	(1774,69,'341','https://srv7.abookfiles.online/uploads/z/8f4a637495e550ef/mp3/0045.mp3',NULL,'0045'),
	(1775,69,'324','https://srv7.abookfiles.online/uploads/z/8f4a637495e550ef/mp3/0046.mp3',NULL,'0046'),
	(1776,69,'307','https://srv7.abookfiles.online/uploads/z/8f4a637495e550ef/mp3/0047.mp3',NULL,'0047'),
	(1777,69,'344','https://srv7.abookfiles.online/uploads/z/8f4a637495e550ef/mp3/0048.mp3',NULL,'0048'),
	(1778,69,'307','https://srv7.abookfiles.online/uploads/z/8f4a637495e550ef/mp3/0049.mp3',NULL,'0049'),
	(1779,69,'306','https://srv7.abookfiles.online/uploads/z/8f4a637495e550ef/mp3/0050.mp3',NULL,'0050'),
	(1780,69,'313','https://srv7.abookfiles.online/uploads/z/8f4a637495e550ef/mp3/0051.mp3',NULL,'0051'),
	(1781,69,'313','https://srv7.abookfiles.online/uploads/z/8f4a637495e550ef/mp3/0052.mp3',NULL,'0052'),
	(1782,69,'323','https://srv7.abookfiles.online/uploads/z/8f4a637495e550ef/mp3/0053.mp3',NULL,'0053'),
	(1783,69,'407','https://srv7.abookfiles.online/uploads/z/8f4a637495e550ef/mp3/0054.mp3',NULL,'0054'),
	(1784,69,'323','https://srv7.abookfiles.online/uploads/z/8f4a637495e550ef/mp3/0055.mp3',NULL,'0055'),
	(1785,69,'389','https://srv7.abookfiles.online/uploads/z/8f4a637495e550ef/mp3/0056.mp3',NULL,'0056'),
	(1786,69,'309','https://srv7.abookfiles.online/uploads/z/8f4a637495e550ef/mp3/0057.mp3',NULL,'0057'),
	(1787,69,'401','https://srv7.abookfiles.online/uploads/z/8f4a637495e550ef/mp3/0058.mp3',NULL,'0058'),
	(1788,69,'331','https://srv7.abookfiles.online/uploads/z/8f4a637495e550ef/mp3/0059.mp3',NULL,'0059'),
	(1789,69,'373','https://srv7.abookfiles.online/uploads/z/8f4a637495e550ef/mp3/0060.mp3',NULL,'0060'),
	(1790,69,'308','https://srv7.abookfiles.online/uploads/z/8f4a637495e550ef/mp3/0061.mp3',NULL,'0061'),
	(1791,69,'298','https://srv7.abookfiles.online/uploads/z/8f4a637495e550ef/mp3/0062.mp3',NULL,'0062'),
	(1792,69,'303','https://srv7.abookfiles.online/uploads/z/8f4a637495e550ef/mp3/0063.mp3',NULL,'0063'),
	(1793,69,'447','https://srv7.abookfiles.online/uploads/z/8f4a637495e550ef/mp3/0064.mp3',NULL,'0064'),
	(1794,69,'363','https://srv7.abookfiles.online/uploads/z/8f4a637495e550ef/mp3/0065.mp3',NULL,'0065'),
	(1795,69,'304','https://srv7.abookfiles.online/uploads/z/8f4a637495e550ef/mp3/0066.mp3',NULL,'0066'),
	(1796,69,'331','https://srv7.abookfiles.online/uploads/z/8f4a637495e550ef/mp3/0067.mp3',NULL,'0067'),
	(1797,69,'322','https://srv7.abookfiles.online/uploads/z/8f4a637495e550ef/mp3/0068.mp3',NULL,'0068'),
	(1798,69,'253','https://srv7.abookfiles.online/uploads/z/8f4a637495e550ef/mp3/0069.mp3',NULL,'0069'),
	(1799,69,'309','https://srv7.abookfiles.online/uploads/z/8f4a637495e550ef/mp3/0070.mp3',NULL,'0070'),
	(1800,69,'304','https://srv7.abookfiles.online/uploads/z/8f4a637495e550ef/mp3/0071.mp3',NULL,'0071'),
	(1801,69,'303','https://srv7.abookfiles.online/uploads/z/8f4a637495e550ef/mp3/0072.mp3',NULL,'0072'),
	(1802,69,'313','https://srv7.abookfiles.online/uploads/z/8f4a637495e550ef/mp3/0073.mp3',NULL,'0073'),
	(1803,69,'341','https://srv7.abookfiles.online/uploads/z/8f4a637495e550ef/mp3/0074.mp3',NULL,'0074'),
	(1804,69,'253','https://srv7.abookfiles.online/uploads/z/8f4a637495e550ef/mp3/0075.mp3',NULL,'0075'),
	(1805,69,'360','https://srv7.abookfiles.online/uploads/z/8f4a637495e550ef/mp3/0076.mp3',NULL,'0076'),
	(1806,69,'316','https://srv7.abookfiles.online/uploads/z/8f4a637495e550ef/mp3/0077.mp3',NULL,'0077'),
	(1807,69,'304','https://srv7.abookfiles.online/uploads/z/8f4a637495e550ef/mp3/0078.mp3',NULL,'0078'),
	(1808,69,'309','https://srv7.abookfiles.online/uploads/z/8f4a637495e550ef/mp3/0079.mp3',NULL,'0079'),
	(1809,69,'312','https://srv7.abookfiles.online/uploads/z/8f4a637495e550ef/mp3/0080.mp3',NULL,'0080'),
	(1810,69,'339','https://srv7.abookfiles.online/uploads/z/8f4a637495e550ef/mp3/0081.mp3',NULL,'0081'),
	(1811,69,'311','https://srv7.abookfiles.online/uploads/z/8f4a637495e550ef/mp3/0082.mp3',NULL,'0082'),
	(1812,69,'315','https://srv7.abookfiles.online/uploads/z/8f4a637495e550ef/mp3/0083.mp3',NULL,'0083'),
	(1813,69,'314','https://srv7.abookfiles.online/uploads/z/8f4a637495e550ef/mp3/0084.mp3',NULL,'0084'),
	(1814,69,'316','https://srv7.abookfiles.online/uploads/z/8f4a637495e550ef/mp3/0085.mp3',NULL,'0085'),
	(1815,69,'331','https://srv7.abookfiles.online/uploads/z/8f4a637495e550ef/mp3/0086.mp3',NULL,'0086'),
	(1816,69,'316','https://srv7.abookfiles.online/uploads/z/8f4a637495e550ef/mp3/0087.mp3',NULL,'0087'),
	(1817,69,'383','https://srv7.abookfiles.online/uploads/z/8f4a637495e550ef/mp3/0088.mp3',NULL,'0088'),
	(1818,69,'324','https://srv7.abookfiles.online/uploads/z/8f4a637495e550ef/mp3/0089.mp3',NULL,'0089'),
	(1819,69,'241','https://srv7.abookfiles.online/uploads/z/8f4a637495e550ef/mp3/0090.mp3',NULL,'0090'),
	(1820,69,'296','https://srv7.abookfiles.online/uploads/z/8f4a637495e550ef/mp3/0091.mp3',NULL,'0091'),
	(1821,69,'345','https://srv7.abookfiles.online/uploads/z/8f4a637495e550ef/mp3/0092.mp3',NULL,'0092'),
	(1822,69,'362','https://srv7.abookfiles.online/uploads/z/8f4a637495e550ef/mp3/0093.mp3',NULL,'0093'),
	(1823,69,'241','https://srv7.abookfiles.online/uploads/z/8f4a637495e550ef/mp3/0094.mp3',NULL,'0094'),
	(1824,69,'397','https://srv7.abookfiles.online/uploads/z/8f4a637495e550ef/mp3/0095.mp3',NULL,'0095'),
	(1825,69,'321','https://srv7.abookfiles.online/uploads/z/8f4a637495e550ef/mp3/0096.mp3',NULL,'0096'),
	(1826,69,'341','https://srv7.abookfiles.online/uploads/z/8f4a637495e550ef/mp3/0097.mp3',NULL,'0097'),
	(1827,69,'324','https://srv7.abookfiles.online/uploads/z/8f4a637495e550ef/mp3/0098.mp3',NULL,'0098'),
	(1828,69,'312','https://srv7.abookfiles.online/uploads/z/8f4a637495e550ef/mp3/0099.mp3',NULL,'0099'),
	(1829,69,'223','https://srv7.abookfiles.online/uploads/z/8f4a637495e550ef/mp3/0100.mp3',NULL,'0100'),
	(1830,69,'422','https://srv7.abookfiles.online/uploads/z/8f4a637495e550ef/mp3/0101.mp3',NULL,'0101'),
	(1831,69,'303','https://srv7.abookfiles.online/uploads/z/8f4a637495e550ef/mp3/0102.mp3',NULL,'0102'),
	(1832,69,'310','https://srv7.abookfiles.online/uploads/z/8f4a637495e550ef/mp3/0103.mp3',NULL,'0103'),
	(1833,69,'303','https://srv7.abookfiles.online/uploads/z/8f4a637495e550ef/mp3/0104.mp3',NULL,'0104'),
	(1834,69,'340','https://srv7.abookfiles.online/uploads/z/8f4a637495e550ef/mp3/0105.mp3',NULL,'0105'),
	(1835,69,'323','https://srv7.abookfiles.online/uploads/z/8f4a637495e550ef/mp3/0106.mp3',NULL,'0106'),
	(1836,69,'344','https://srv7.abookfiles.online/uploads/z/8f4a637495e550ef/mp3/0107.mp3',NULL,'0107'),
	(1837,69,'302','https://srv7.abookfiles.online/uploads/z/8f4a637495e550ef/mp3/0108.mp3',NULL,'0108'),
	(1838,69,'329','https://srv7.abookfiles.online/uploads/z/8f4a637495e550ef/mp3/0109.mp3',NULL,'0109'),
	(1839,69,'369','https://srv7.abookfiles.online/uploads/z/8f4a637495e550ef/mp3/0110.mp3',NULL,'0110'),
	(1840,69,'309','https://srv7.abookfiles.online/uploads/z/8f4a637495e550ef/mp3/0111.mp3',NULL,'0111'),
	(1841,69,'316','https://srv7.abookfiles.online/uploads/z/8f4a637495e550ef/mp3/0112.mp3',NULL,'0112'),
	(1842,69,'295','https://srv7.abookfiles.online/uploads/z/8f4a637495e550ef/mp3/0113.mp3',NULL,'0113'),
	(1843,69,'332','https://srv7.abookfiles.online/uploads/z/8f4a637495e550ef/mp3/0114.mp3',NULL,'0114'),
	(1844,69,'314','https://srv7.abookfiles.online/uploads/z/8f4a637495e550ef/mp3/0115.mp3',NULL,'0115'),
	(1845,69,'342','https://srv7.abookfiles.online/uploads/z/8f4a637495e550ef/mp3/0116.mp3',NULL,'0116'),
	(1846,69,'377','https://srv7.abookfiles.online/uploads/z/8f4a637495e550ef/mp3/0117.mp3',NULL,'0117'),
	(1847,69,'317','https://srv7.abookfiles.online/uploads/z/8f4a637495e550ef/mp3/0118.mp3',NULL,'0118'),
	(1848,69,'329','https://srv7.abookfiles.online/uploads/z/8f4a637495e550ef/mp3/0119.mp3',NULL,'0119'),
	(1849,69,'368','https://srv7.abookfiles.online/uploads/z/8f4a637495e550ef/mp3/0120.mp3',NULL,'0120'),
	(1850,69,'333','https://srv7.abookfiles.online/uploads/z/8f4a637495e550ef/mp3/0121.mp3',NULL,'0121'),
	(1851,69,'258','https://srv7.abookfiles.online/uploads/z/8f4a637495e550ef/mp3/0122.mp3',NULL,'0122'),
	(1852,69,'334','https://srv7.abookfiles.online/uploads/z/8f4a637495e550ef/mp3/0123.mp3',NULL,'0123'),
	(1853,69,'327','https://srv7.abookfiles.online/uploads/z/8f4a637495e550ef/mp3/0124.mp3',NULL,'0124'),
	(1854,69,'303','https://srv7.abookfiles.online/uploads/z/8f4a637495e550ef/mp3/0125.mp3',NULL,'0125'),
	(1855,69,'337','https://srv7.abookfiles.online/uploads/z/8f4a637495e550ef/mp3/0126.mp3',NULL,'0126'),
	(1856,69,'313','https://srv7.abookfiles.online/uploads/z/8f4a637495e550ef/mp3/0127.mp3',NULL,'0127'),
	(1857,69,'345','https://srv7.abookfiles.online/uploads/z/8f4a637495e550ef/mp3/0128.mp3',NULL,'0128'),
	(1858,69,'322','https://srv7.abookfiles.online/uploads/z/8f4a637495e550ef/mp3/0129.mp3',NULL,'0129'),
	(1859,69,'324','https://srv7.abookfiles.online/uploads/z/8f4a637495e550ef/mp3/0130.mp3',NULL,'0130'),
	(1860,69,'332','https://srv7.abookfiles.online/uploads/z/8f4a637495e550ef/mp3/0131.mp3',NULL,'0131'),
	(1861,69,'303','https://srv7.abookfiles.online/uploads/z/8f4a637495e550ef/mp3/0132.mp3',NULL,'0132'),
	(1862,69,'343','https://srv7.abookfiles.online/uploads/z/8f4a637495e550ef/mp3/0133.mp3',NULL,'0133'),
	(1863,69,'287','https://srv7.abookfiles.online/uploads/z/8f4a637495e550ef/mp3/0134.mp3',NULL,'0134'),
	(1864,69,'343','https://srv7.abookfiles.online/uploads/z/8f4a637495e550ef/mp3/0135.mp3',NULL,'0135'),
	(1865,69,'306','https://srv7.abookfiles.online/uploads/z/8f4a637495e550ef/mp3/0136.mp3',NULL,'0136'),
	(1866,69,'309','https://srv7.abookfiles.online/uploads/z/8f4a637495e550ef/mp3/0137.mp3',NULL,'0137'),
	(1867,69,'344','https://srv7.abookfiles.online/uploads/z/8f4a637495e550ef/mp3/0138.mp3',NULL,'0138'),
	(1868,69,'372','https://srv7.abookfiles.online/uploads/z/8f4a637495e550ef/mp3/0139.mp3',NULL,'0139'),
	(1869,69,'327','https://srv7.abookfiles.online/uploads/z/8f4a637495e550ef/mp3/0140.mp3',NULL,'0140'),
	(1870,69,'317','https://srv7.abookfiles.online/uploads/z/8f4a637495e550ef/mp3/0141.mp3',NULL,'0141'),
	(1871,69,'248','https://srv7.abookfiles.online/uploads/z/8f4a637495e550ef/mp3/0142.mp3',NULL,'0142'),
	(1872,69,'315','https://srv7.abookfiles.online/uploads/z/8f4a637495e550ef/mp3/0143.mp3',NULL,'0143'),
	(1873,69,'335','https://srv7.abookfiles.online/uploads/z/8f4a637495e550ef/mp3/0144.mp3',NULL,'0144'),
	(1874,69,'332','https://srv7.abookfiles.online/uploads/z/8f4a637495e550ef/mp3/0145.mp3',NULL,'0145'),
	(1875,69,'356','https://srv7.abookfiles.online/uploads/z/8f4a637495e550ef/mp3/0146.mp3',NULL,'0146'),
	(1876,69,'347','https://srv7.abookfiles.online/uploads/z/8f4a637495e550ef/mp3/0147.mp3',NULL,'0147'),
	(1877,69,'371','https://srv7.abookfiles.online/uploads/z/8f4a637495e550ef/mp3/0148.mp3',NULL,'0148'),
	(1878,69,'351','https://srv7.abookfiles.online/uploads/z/8f4a637495e550ef/mp3/0149.mp3',NULL,'0149'),
	(1879,69,'328','https://srv7.abookfiles.online/uploads/z/8f4a637495e550ef/mp3/0150.mp3',NULL,'0150'),
	(1880,69,'351','https://srv7.abookfiles.online/uploads/z/8f4a637495e550ef/mp3/0151.mp3',NULL,'0151'),
	(1881,69,'372','https://srv7.abookfiles.online/uploads/z/8f4a637495e550ef/mp3/0152.mp3',NULL,'0152'),
	(1882,69,'428','https://srv7.abookfiles.online/uploads/z/8f4a637495e550ef/mp3/0153.mp3',NULL,'0153'),
	(1883,69,'321','https://srv7.abookfiles.online/uploads/z/8f4a637495e550ef/mp3/0154.mp3',NULL,'0154'),
	(1884,69,'326','https://srv7.abookfiles.online/uploads/z/8f4a637495e550ef/mp3/0155.mp3',NULL,'0155'),
	(1885,69,'354','https://srv7.abookfiles.online/uploads/z/8f4a637495e550ef/mp3/0156.mp3',NULL,'0156'),
	(1886,69,'325','https://srv7.abookfiles.online/uploads/z/8f4a637495e550ef/mp3/0157.mp3',NULL,'0157'),
	(1887,69,'317','https://srv7.abookfiles.online/uploads/z/8f4a637495e550ef/mp3/0158.mp3',NULL,'0158'),
	(1888,69,'301','https://srv7.abookfiles.online/uploads/z/8f4a637495e550ef/mp3/0159.mp3',NULL,'0159'),
	(1889,69,'342','https://srv7.abookfiles.online/uploads/z/8f4a637495e550ef/mp3/0160.mp3',NULL,'0160'),
	(1890,69,'332','https://srv7.abookfiles.online/uploads/z/8f4a637495e550ef/mp3/0161.mp3',NULL,'0161'),
	(1891,69,'322','https://srv7.abookfiles.online/uploads/z/8f4a637495e550ef/mp3/0162.mp3',NULL,'0162'),
	(1892,69,'302','https://srv7.abookfiles.online/uploads/z/8f4a637495e550ef/mp3/0163.mp3',NULL,'0163'),
	(1893,69,'315','https://srv7.abookfiles.online/uploads/z/8f4a637495e550ef/mp3/0164.mp3',NULL,'0164'),
	(1894,69,'303','https://srv7.abookfiles.online/uploads/z/8f4a637495e550ef/mp3/0165.mp3',NULL,'0165'),
	(1895,69,'301','https://srv7.abookfiles.online/uploads/z/8f4a637495e550ef/mp3/0166.mp3',NULL,'0166'),
	(1896,69,'337','https://srv7.abookfiles.online/uploads/z/8f4a637495e550ef/mp3/0167.mp3',NULL,'0167'),
	(1897,69,'316','https://srv7.abookfiles.online/uploads/z/8f4a637495e550ef/mp3/0168.mp3',NULL,'0168'),
	(1898,69,'352','https://srv7.abookfiles.online/uploads/z/8f4a637495e550ef/mp3/0169.mp3',NULL,'0169'),
	(1899,69,'391','https://srv7.abookfiles.online/uploads/z/8f4a637495e550ef/mp3/0170.mp3',NULL,'0170'),
	(1900,69,'353','https://srv7.abookfiles.online/uploads/z/8f4a637495e550ef/mp3/0171.mp3',NULL,'0171'),
	(1901,69,'304','https://srv7.abookfiles.online/uploads/z/8f4a637495e550ef/mp3/0172.mp3',NULL,'0172'),
	(1902,69,'306','https://srv7.abookfiles.online/uploads/z/8f4a637495e550ef/mp3/0173.mp3',NULL,'0173'),
	(1903,69,'347','https://srv7.abookfiles.online/uploads/z/8f4a637495e550ef/mp3/0174.mp3',NULL,'0174'),
	(1904,69,'256','https://srv7.abookfiles.online/uploads/z/8f4a637495e550ef/mp3/0175.mp3',NULL,'0175'),
	(1905,69,'310','https://srv7.abookfiles.online/uploads/z/8f4a637495e550ef/mp3/0176.mp3',NULL,'0176'),
	(1906,69,'212','https://srv7.abookfiles.online/uploads/z/8f4a637495e550ef/mp3/0177.mp3',NULL,'0177'),
	(1907,69,'330','https://srv7.abookfiles.online/uploads/z/8f4a637495e550ef/mp3/0178.mp3',NULL,'0178'),
	(1908,69,'330','https://srv7.abookfiles.online/uploads/z/8f4a637495e550ef/mp3/0179.mp3',NULL,'0179'),
	(1909,69,'308','https://srv7.abookfiles.online/uploads/z/8f4a637495e550ef/mp3/0180.mp3',NULL,'0180'),
	(1910,69,'352','https://srv7.abookfiles.online/uploads/z/8f4a637495e550ef/mp3/0181.mp3',NULL,'0181'),
	(1911,69,'307','https://srv7.abookfiles.online/uploads/z/8f4a637495e550ef/mp3/0182.mp3',NULL,'0182'),
	(1912,69,'403','https://srv7.abookfiles.online/uploads/z/8f4a637495e550ef/mp3/0183.mp3',NULL,'0183'),
	(1913,69,'323','https://srv7.abookfiles.online/uploads/z/8f4a637495e550ef/mp3/0184.mp3',NULL,'0184'),
	(1914,69,'310','https://srv7.abookfiles.online/uploads/z/8f4a637495e550ef/mp3/0185.mp3',NULL,'0185'),
	(1915,69,'308','https://srv7.abookfiles.online/uploads/z/8f4a637495e550ef/mp3/0186.mp3',NULL,'0186'),
	(1916,69,'329','https://srv7.abookfiles.online/uploads/z/8f4a637495e550ef/mp3/0187.mp3',NULL,'0187'),
	(1917,69,'301','https://srv7.abookfiles.online/uploads/z/8f4a637495e550ef/mp3/0188.mp3',NULL,'0188'),
	(1918,69,'319','https://srv7.abookfiles.online/uploads/z/8f4a637495e550ef/mp3/0189.mp3',NULL,'0189'),
	(1919,69,'251','https://srv7.abookfiles.online/uploads/z/8f4a637495e550ef/mp3/0190.mp3',NULL,'0190'),
	(1920,69,'301','https://srv7.abookfiles.online/uploads/z/8f4a637495e550ef/mp3/0191.mp3',NULL,'0191'),
	(1921,69,'338','https://srv7.abookfiles.online/uploads/z/8f4a637495e550ef/mp3/0192.mp3',NULL,'0192'),
	(1922,69,'310','https://srv7.abookfiles.online/uploads/z/8f4a637495e550ef/mp3/0193.mp3',NULL,'0193'),
	(1923,69,'320','https://srv7.abookfiles.online/uploads/z/8f4a637495e550ef/mp3/0194.mp3',NULL,'0194'),
	(1924,69,'324','https://srv7.abookfiles.online/uploads/z/8f4a637495e550ef/mp3/0195.mp3',NULL,'0195'),
	(1925,69,'321','https://srv7.abookfiles.online/uploads/z/8f4a637495e550ef/mp3/0196.mp3',NULL,'0196'),
	(1926,69,'338','https://srv7.abookfiles.online/uploads/z/8f4a637495e550ef/mp3/0197.mp3',NULL,'0197'),
	(1927,69,'366','https://srv7.abookfiles.online/uploads/z/8f4a637495e550ef/mp3/0198.mp3',NULL,'0198'),
	(1928,69,'317','https://srv7.abookfiles.online/uploads/z/8f4a637495e550ef/mp3/0199.mp3',NULL,'0199'),
	(1929,69,'333','https://srv7.abookfiles.online/uploads/z/8f4a637495e550ef/mp3/0200.mp3',NULL,'0200'),
	(1930,69,'288','https://srv7.abookfiles.online/uploads/z/8f4a637495e550ef/mp3/0201.mp3',NULL,'0201'),
	(1931,69,'325','https://srv7.abookfiles.online/uploads/z/8f4a637495e550ef/mp3/0202.mp3',NULL,'0202'),
	(1932,69,'345','https://srv7.abookfiles.online/uploads/z/8f4a637495e550ef/mp3/0203.mp3',NULL,'0203'),
	(1933,69,'326','https://srv7.abookfiles.online/uploads/z/8f4a637495e550ef/mp3/0204.mp3',NULL,'0204'),
	(1934,69,'314','https://srv7.abookfiles.online/uploads/z/8f4a637495e550ef/mp3/0205.mp3',NULL,'0205'),
	(1935,69,'384','https://srv7.abookfiles.online/uploads/z/8f4a637495e550ef/mp3/0206.mp3',NULL,'0206'),
	(1936,69,'314','https://srv7.abookfiles.online/uploads/z/8f4a637495e550ef/mp3/0207.mp3',NULL,'0207'),
	(1937,69,'322','https://srv7.abookfiles.online/uploads/z/8f4a637495e550ef/mp3/0208.mp3',NULL,'0208'),
	(1938,69,'347','https://srv7.abookfiles.online/uploads/z/8f4a637495e550ef/mp3/0209.mp3',NULL,'0209'),
	(1939,69,'359','https://srv7.abookfiles.online/uploads/z/8f4a637495e550ef/mp3/0210.mp3',NULL,'0210'),
	(1940,69,'361','https://srv7.abookfiles.online/uploads/z/8f4a637495e550ef/mp3/0211.mp3',NULL,'0211'),
	(1941,69,'317','https://srv7.abookfiles.online/uploads/z/8f4a637495e550ef/mp3/0212.mp3',NULL,'0212'),
	(1942,69,'335','https://srv7.abookfiles.online/uploads/z/8f4a637495e550ef/mp3/0213.mp3',NULL,'0213'),
	(1943,69,'320','https://srv7.abookfiles.online/uploads/z/8f4a637495e550ef/mp3/0214.mp3',NULL,'0214'),
	(1944,69,'310','https://srv7.abookfiles.online/uploads/z/8f4a637495e550ef/mp3/0215.mp3',NULL,'0215'),
	(1945,69,'359','https://srv7.abookfiles.online/uploads/z/8f4a637495e550ef/mp3/0216.mp3',NULL,'0216'),
	(1946,69,'338','https://srv7.abookfiles.online/uploads/z/8f4a637495e550ef/mp3/0217.mp3',NULL,'0217'),
	(1947,69,'313','https://srv7.abookfiles.online/uploads/z/8f4a637495e550ef/mp3/0218.mp3',NULL,'0218'),
	(1948,69,'356','https://srv7.abookfiles.online/uploads/z/8f4a637495e550ef/mp3/0219.mp3',NULL,'0219'),
	(1949,69,'325','https://srv7.abookfiles.online/uploads/z/8f4a637495e550ef/mp3/0220.mp3',NULL,'0220'),
	(1950,69,'329','https://srv7.abookfiles.online/uploads/z/8f4a637495e550ef/mp3/0221.mp3',NULL,'0221'),
	(1951,69,'331','https://srv7.abookfiles.online/uploads/z/8f4a637495e550ef/mp3/0222.mp3',NULL,'0222'),
	(1952,69,'324','https://srv7.abookfiles.online/uploads/z/8f4a637495e550ef/mp3/0223.mp3',NULL,'0223'),
	(1953,69,'309','https://srv7.abookfiles.online/uploads/z/8f4a637495e550ef/mp3/0224.mp3',NULL,'0224'),
	(1954,69,'322','https://srv7.abookfiles.online/uploads/z/8f4a637495e550ef/mp3/0225.mp3',NULL,'0225'),
	(1955,69,'330','https://srv7.abookfiles.online/uploads/z/8f4a637495e550ef/mp3/0226.mp3',NULL,'0226'),
	(1956,69,'301','https://srv7.abookfiles.online/uploads/z/8f4a637495e550ef/mp3/0227.mp3',NULL,'0227'),
	(1957,69,'321','https://srv7.abookfiles.online/uploads/z/8f4a637495e550ef/mp3/0228.mp3',NULL,'0228'),
	(1958,69,'376','https://srv7.abookfiles.online/uploads/z/8f4a637495e550ef/mp3/0229.mp3',NULL,'0229'),
	(1959,69,'324','https://srv7.abookfiles.online/uploads/z/8f4a637495e550ef/mp3/0230.mp3',NULL,'0230'),
	(1960,69,'341','https://srv7.abookfiles.online/uploads/z/8f4a637495e550ef/mp3/0231.mp3',NULL,'0231'),
	(1961,69,'321','https://srv7.abookfiles.online/uploads/z/8f4a637495e550ef/mp3/0232.mp3',NULL,'0232'),
	(1962,69,'371','https://srv7.abookfiles.online/uploads/z/8f4a637495e550ef/mp3/0233.mp3',NULL,'0233'),
	(1963,69,'302','https://srv7.abookfiles.online/uploads/z/8f4a637495e550ef/mp3/0234.mp3',NULL,'0234'),
	(1964,69,'331','https://srv7.abookfiles.online/uploads/z/8f4a637495e550ef/mp3/0235.mp3',NULL,'0235'),
	(1965,69,'306','https://srv7.abookfiles.online/uploads/z/8f4a637495e550ef/mp3/0236.mp3',NULL,'0236'),
	(1966,69,'336','https://srv7.abookfiles.online/uploads/z/8f4a637495e550ef/mp3/0237.mp3',NULL,'0237'),
	(1967,69,'341','https://srv7.abookfiles.online/uploads/z/8f4a637495e550ef/mp3/0238.mp3',NULL,'0238'),
	(1968,69,'381','https://srv7.abookfiles.online/uploads/z/8f4a637495e550ef/mp3/0239.mp3',NULL,'0239'),
	(1969,69,'329','https://srv7.abookfiles.online/uploads/z/8f4a637495e550ef/mp3/0240.mp3',NULL,'0240'),
	(1970,69,'366','https://srv7.abookfiles.online/uploads/z/8f4a637495e550ef/mp3/0241.mp3',NULL,'0241'),
	(1971,69,'319','https://srv7.abookfiles.online/uploads/z/8f4a637495e550ef/mp3/0242.mp3',NULL,'0242'),
	(1972,69,'356','https://srv7.abookfiles.online/uploads/z/8f4a637495e550ef/mp3/0243.mp3',NULL,'0243'),
	(1973,69,'356','https://srv7.abookfiles.online/uploads/z/8f4a637495e550ef/mp3/0244.mp3',NULL,'0244'),
	(1974,69,'337','https://srv7.abookfiles.online/uploads/z/8f4a637495e550ef/mp3/0245.mp3',NULL,'0245'),
	(1975,69,'351','https://srv7.abookfiles.online/uploads/z/8f4a637495e550ef/mp3/0246.mp3',NULL,'0246'),
	(1976,69,'312','https://srv7.abookfiles.online/uploads/z/8f4a637495e550ef/mp3/0247.mp3',NULL,'0247'),
	(1977,69,'301','https://srv7.abookfiles.online/uploads/z/8f4a637495e550ef/mp3/0248.mp3',NULL,'0248'),
	(1978,69,'302','https://srv7.abookfiles.online/uploads/z/8f4a637495e550ef/mp3/0249.mp3',NULL,'0249'),
	(1979,69,'379','https://srv7.abookfiles.online/uploads/z/8f4a637495e550ef/mp3/0250.mp3',NULL,'0250'),
	(1980,69,'458','https://srv7.abookfiles.online/uploads/z/8f4a637495e550ef/mp3/0251.mp3',NULL,'0251'),
	(1981,69,'301','https://srv7.abookfiles.online/uploads/z/8f4a637495e550ef/mp3/0252.mp3',NULL,'0252'),
	(1982,69,'341','https://srv7.abookfiles.online/uploads/z/8f4a637495e550ef/mp3/0253.mp3',NULL,'0253'),
	(1983,69,'311','https://srv7.abookfiles.online/uploads/z/8f4a637495e550ef/mp3/0254.mp3',NULL,'0254'),
	(1984,69,'323','https://srv7.abookfiles.online/uploads/z/8f4a637495e550ef/mp3/0255.mp3',NULL,'0255'),
	(1985,69,'367','https://srv7.abookfiles.online/uploads/z/8f4a637495e550ef/mp3/0256.mp3',NULL,'0256'),
	(1986,69,'301','https://srv7.abookfiles.online/uploads/z/8f4a637495e550ef/mp3/0257.mp3',NULL,'0257'),
	(1987,69,'314','https://srv7.abookfiles.online/uploads/z/8f4a637495e550ef/mp3/0258.mp3',NULL,'0258'),
	(1988,69,'321','https://srv7.abookfiles.online/uploads/z/8f4a637495e550ef/mp3/0259.mp3',NULL,'0259'),
	(1989,69,'306','https://srv7.abookfiles.online/uploads/z/8f4a637495e550ef/mp3/0260.mp3',NULL,'0260'),
	(1990,69,'311','https://srv7.abookfiles.online/uploads/z/8f4a637495e550ef/mp3/0261.mp3',NULL,'0261'),
	(1991,69,'372','https://srv7.abookfiles.online/uploads/z/8f4a637495e550ef/mp3/0262.mp3',NULL,'0262'),
	(1992,69,'306','https://srv7.abookfiles.online/uploads/z/8f4a637495e550ef/mp3/0263.mp3',NULL,'0263'),
	(1993,69,'301','https://srv7.abookfiles.online/uploads/z/8f4a637495e550ef/mp3/0264.mp3',NULL,'0264'),
	(1994,69,'318','https://srv7.abookfiles.online/uploads/z/8f4a637495e550ef/mp3/0265.mp3',NULL,'0265'),
	(1995,69,'327','https://srv7.abookfiles.online/uploads/z/8f4a637495e550ef/mp3/0266.mp3',NULL,'0266'),
	(1996,69,'329','https://srv7.abookfiles.online/uploads/z/8f4a637495e550ef/mp3/0267.mp3',NULL,'0267'),
	(1997,69,'467','https://srv7.abookfiles.online/uploads/z/8f4a637495e550ef/mp3/0268.mp3',NULL,'0268');

INSERT INTO `part` (`id`, `book_id`, `duration`, `url`, `gcp_url`, `name`)
VALUES
	(1998,70,'390','https://srv1.abookfiles.online/uploads/z/c09b3e2ee6a7b886/mp3/01-pol-gehlliko-veterinar-2011.mp3',NULL,'01. Пол Гэллико - Ветеринар - 2011'),
	(1999,70,'354','https://srv1.abookfiles.online/uploads/z/c09b3e2ee6a7b886/mp3/02-pol-gehlliko-veterinar-2011.mp3',NULL,'02. Пол Гэллико - Ветеринар - 2011'),
	(2000,70,'456','https://srv1.abookfiles.online/uploads/z/c09b3e2ee6a7b886/mp3/03-pol-gehlliko-veterinar-2011.mp3',NULL,'03. Пол Гэллико - Ветеринар - 2011'),
	(2001,70,'281','https://srv1.abookfiles.online/uploads/z/c09b3e2ee6a7b886/mp3/04-pol-gehlliko-veterinar-2011.mp3',NULL,'04. Пол Гэллико - Ветеринар - 2011'),
	(2002,70,'335','https://srv1.abookfiles.online/uploads/z/c09b3e2ee6a7b886/mp3/05-pol-gehlliko-veterinar-2011.mp3',NULL,'05. Пол Гэллико - Ветеринар - 2011'),
	(2003,70,'490','https://srv1.abookfiles.online/uploads/z/c09b3e2ee6a7b886/mp3/06-pol-gehlliko-veterinar-2011.mp3',NULL,'06. Пол Гэллико - Ветеринар - 2011'),
	(2004,70,'524','https://srv1.abookfiles.online/uploads/z/c09b3e2ee6a7b886/mp3/07-pol-gehlliko-veterinar-2011.mp3',NULL,'07. Пол Гэллико - Ветеринар - 2011'),
	(2005,70,'469','https://srv1.abookfiles.online/uploads/z/c09b3e2ee6a7b886/mp3/08-pol-gehlliko-veterinar-2011.mp3',NULL,'08. Пол Гэллико - Ветеринар - 2011'),
	(2006,70,'415','https://srv1.abookfiles.online/uploads/z/c09b3e2ee6a7b886/mp3/09-pol-gehlliko-veterinar-2011.mp3',NULL,'09. Пол Гэллико - Ветеринар - 2011'),
	(2007,70,'372','https://srv1.abookfiles.online/uploads/z/c09b3e2ee6a7b886/mp3/10-pol-gehlliko-veterinar-2011.mp3',NULL,'10. Пол Гэллико - Ветеринар - 2011'),
	(2008,70,'550','https://srv1.abookfiles.online/uploads/z/c09b3e2ee6a7b886/mp3/11-pol-gehlliko-veterinar-2011.mp3',NULL,'11. Пол Гэллико - Ветеринар - 2011'),
	(2009,70,'472','https://srv1.abookfiles.online/uploads/z/c09b3e2ee6a7b886/mp3/12-pol-gehlliko-veterinar-2011.mp3',NULL,'12. Пол Гэллико - Ветеринар - 2011'),
	(2010,70,'325','https://srv1.abookfiles.online/uploads/z/c09b3e2ee6a7b886/mp3/13-pol-gehlliko-veterinar-2011.mp3',NULL,'13. Пол Гэллико - Ветеринар - 2011'),
	(2011,70,'366','https://srv1.abookfiles.online/uploads/z/c09b3e2ee6a7b886/mp3/14-pol-gehlliko-veterinar-2011.mp3',NULL,'14. Пол Гэллико - Ветеринар - 2011'),
	(2012,70,'677','https://srv1.abookfiles.online/uploads/z/c09b3e2ee6a7b886/mp3/15-pol-gehlliko-veterinar-2011.mp3',NULL,'15. Пол Гэллико - Ветеринар - 2011'),
	(2013,71,'18831','https://a3.akniga.cc/uploads/y/4ebeaee2c58b9058/mp3/00.mp3',NULL,'00'),
	(2014,72,'465','https://srv7.abookfiles.online/uploads/y/6a31fbbc59dfb709/mp3/001.mp3',NULL,'001'),
	(2015,72,'1030','https://srv7.abookfiles.online/uploads/y/6a31fbbc59dfb709/mp3/002.mp3',NULL,'002'),
	(2016,72,'1226','https://srv7.abookfiles.online/uploads/y/6a31fbbc59dfb709/mp3/003.mp3',NULL,'003'),
	(2017,72,'1435','https://srv7.abookfiles.online/uploads/y/6a31fbbc59dfb709/mp3/004.mp3',NULL,'004'),
	(2018,72,'1749','https://srv7.abookfiles.online/uploads/y/6a31fbbc59dfb709/mp3/005.mp3',NULL,'005'),
	(2019,72,'1656','https://srv7.abookfiles.online/uploads/y/6a31fbbc59dfb709/mp3/006.mp3',NULL,'006'),
	(2020,72,'1865','https://srv7.abookfiles.online/uploads/y/6a31fbbc59dfb709/mp3/007.mp3',NULL,'007'),
	(2021,72,'1386','https://srv7.abookfiles.online/uploads/y/6a31fbbc59dfb709/mp3/008.mp3',NULL,'008'),
	(2022,72,'1571','https://srv7.abookfiles.online/uploads/y/6a31fbbc59dfb709/mp3/009.mp3',NULL,'009'),
	(2023,72,'1520','https://srv7.abookfiles.online/uploads/y/6a31fbbc59dfb709/mp3/010.mp3',NULL,'010'),
	(2024,72,'1354','https://srv7.abookfiles.online/uploads/y/6a31fbbc59dfb709/mp3/011.mp3',NULL,'011'),
	(2025,72,'1164','https://srv7.abookfiles.online/uploads/y/6a31fbbc59dfb709/mp3/012.mp3',NULL,'012'),
	(2026,72,'1156','https://srv7.abookfiles.online/uploads/y/6a31fbbc59dfb709/mp3/013.mp3',NULL,'013'),
	(2027,72,'1392','https://srv7.abookfiles.online/uploads/y/6a31fbbc59dfb709/mp3/014.mp3',NULL,'014'),
	(2028,72,'1349','https://srv7.abookfiles.online/uploads/y/6a31fbbc59dfb709/mp3/015.mp3',NULL,'015'),
	(2029,72,'1766','https://srv7.abookfiles.online/uploads/y/6a31fbbc59dfb709/mp3/016.mp3',NULL,'016'),
	(2030,72,'1192','https://srv7.abookfiles.online/uploads/y/6a31fbbc59dfb709/mp3/017.mp3',NULL,'017'),
	(2031,72,'1518','https://srv7.abookfiles.online/uploads/y/6a31fbbc59dfb709/mp3/018.mp3',NULL,'018'),
	(2032,72,'1352','https://srv7.abookfiles.online/uploads/y/6a31fbbc59dfb709/mp3/019.mp3',NULL,'019'),
	(2033,72,'1310','https://srv7.abookfiles.online/uploads/y/6a31fbbc59dfb709/mp3/020.mp3',NULL,'020'),
	(2034,72,'1621','https://srv7.abookfiles.online/uploads/y/6a31fbbc59dfb709/mp3/021.mp3',NULL,'021'),
	(2035,72,'1279','https://srv7.abookfiles.online/uploads/y/6a31fbbc59dfb709/mp3/022.mp3',NULL,'022'),
	(2036,72,'1324','https://srv7.abookfiles.online/uploads/y/6a31fbbc59dfb709/mp3/023.mp3',NULL,'023'),
	(2037,72,'1247','https://srv7.abookfiles.online/uploads/y/6a31fbbc59dfb709/mp3/024.mp3',NULL,'024'),
	(2038,72,'1139','https://srv7.abookfiles.online/uploads/y/6a31fbbc59dfb709/mp3/025.mp3',NULL,'025'),
	(2039,72,'1633','https://srv7.abookfiles.online/uploads/y/6a31fbbc59dfb709/mp3/026.mp3',NULL,'026'),
	(2040,72,'1104','https://srv7.abookfiles.online/uploads/y/6a31fbbc59dfb709/mp3/027.mp3',NULL,'027'),
	(2041,72,'1154','https://srv7.abookfiles.online/uploads/y/6a31fbbc59dfb709/mp3/028.mp3',NULL,'028'),
	(2042,72,'2239','https://srv7.abookfiles.online/uploads/y/6a31fbbc59dfb709/mp3/029.mp3',NULL,'029'),
	(2043,72,'1035','https://srv7.abookfiles.online/uploads/y/6a31fbbc59dfb709/mp3/030.mp3',NULL,'030'),
	(2044,72,'963','https://srv7.abookfiles.online/uploads/y/6a31fbbc59dfb709/mp3/031.mp3',NULL,'031'),
	(2045,72,'1604','https://srv7.abookfiles.online/uploads/y/6a31fbbc59dfb709/mp3/032.mp3',NULL,'032'),
	(2046,72,'942','https://srv7.abookfiles.online/uploads/y/6a31fbbc59dfb709/mp3/033.mp3',NULL,'033'),
	(2047,72,'1128','https://srv7.abookfiles.online/uploads/y/6a31fbbc59dfb709/mp3/034.mp3',NULL,'034'),
	(2048,72,'1644','https://srv7.abookfiles.online/uploads/y/6a31fbbc59dfb709/mp3/035.mp3',NULL,'035'),
	(2049,72,'1635','https://srv7.abookfiles.online/uploads/y/6a31fbbc59dfb709/mp3/036.mp3',NULL,'036'),
	(2050,72,'1881','https://srv7.abookfiles.online/uploads/y/6a31fbbc59dfb709/mp3/037.mp3',NULL,'037'),
	(2051,72,'1252','https://srv7.abookfiles.online/uploads/y/6a31fbbc59dfb709/mp3/038.mp3',NULL,'038'),
	(2052,72,'318','https://srv7.abookfiles.online/uploads/y/6a31fbbc59dfb709/mp3/039.mp3',NULL,'039'),
	(2053,72,'53','https://srv7.abookfiles.online/uploads/y/6a31fbbc59dfb709/mp3/040.mp3',NULL,'040'),
	(2054,72,'1766','https://srv7.abookfiles.online/uploads/y/6a31fbbc59dfb709/mp3/041.mp3',NULL,'041'),
	(2055,72,'1672','https://srv7.abookfiles.online/uploads/y/6a31fbbc59dfb709/mp3/042.mp3',NULL,'042'),
	(2056,72,'1219','https://srv7.abookfiles.online/uploads/y/6a31fbbc59dfb709/mp3/043.mp3',NULL,'043'),
	(2057,72,'1183','https://srv7.abookfiles.online/uploads/y/6a31fbbc59dfb709/mp3/044.mp3',NULL,'044'),
	(2058,72,'1080','https://srv7.abookfiles.online/uploads/y/6a31fbbc59dfb709/mp3/045.mp3',NULL,'045'),
	(2059,72,'1432','https://srv7.abookfiles.online/uploads/y/6a31fbbc59dfb709/mp3/046.mp3',NULL,'046'),
	(2060,72,'1173','https://srv7.abookfiles.online/uploads/y/6a31fbbc59dfb709/mp3/047.mp3',NULL,'047'),
	(2061,72,'1388','https://srv7.abookfiles.online/uploads/y/6a31fbbc59dfb709/mp3/048.mp3',NULL,'048'),
	(2062,72,'964','https://srv7.abookfiles.online/uploads/y/6a31fbbc59dfb709/mp3/049.mp3',NULL,'049'),
	(2063,72,'851','https://srv7.abookfiles.online/uploads/y/6a31fbbc59dfb709/mp3/050.mp3',NULL,'050'),
	(2064,72,'1348','https://srv7.abookfiles.online/uploads/y/6a31fbbc59dfb709/mp3/051.mp3',NULL,'051'),
	(2065,72,'1123','https://srv7.abookfiles.online/uploads/y/6a31fbbc59dfb709/mp3/052.mp3',NULL,'052'),
	(2066,72,'1106','https://srv7.abookfiles.online/uploads/y/6a31fbbc59dfb709/mp3/053.mp3',NULL,'053'),
	(2067,72,'1783','https://srv7.abookfiles.online/uploads/y/6a31fbbc59dfb709/mp3/054.mp3',NULL,'054'),
	(2068,72,'1140','https://srv7.abookfiles.online/uploads/y/6a31fbbc59dfb709/mp3/055.mp3',NULL,'055'),
	(2069,72,'1170','https://srv7.abookfiles.online/uploads/y/6a31fbbc59dfb709/mp3/056.mp3',NULL,'056'),
	(2070,72,'1132','https://srv7.abookfiles.online/uploads/y/6a31fbbc59dfb709/mp3/057.mp3',NULL,'057'),
	(2071,72,'1161','https://srv7.abookfiles.online/uploads/y/6a31fbbc59dfb709/mp3/058.mp3',NULL,'058'),
	(2072,72,'1161','https://srv7.abookfiles.online/uploads/y/6a31fbbc59dfb709/mp3/059.mp3',NULL,'059'),
	(2073,72,'1145','https://srv7.abookfiles.online/uploads/y/6a31fbbc59dfb709/mp3/060.mp3',NULL,'060'),
	(2074,72,'921','https://srv7.abookfiles.online/uploads/y/6a31fbbc59dfb709/mp3/061.mp3',NULL,'061'),
	(2075,72,'931','https://srv7.abookfiles.online/uploads/y/6a31fbbc59dfb709/mp3/062.mp3',NULL,'062'),
	(2076,72,'1470','https://srv7.abookfiles.online/uploads/y/6a31fbbc59dfb709/mp3/063.mp3',NULL,'063'),
	(2077,72,'1722','https://srv7.abookfiles.online/uploads/y/6a31fbbc59dfb709/mp3/064.mp3',NULL,'064'),
	(2078,72,'1018','https://srv7.abookfiles.online/uploads/y/6a31fbbc59dfb709/mp3/065.mp3',NULL,'065'),
	(2079,72,'1121','https://srv7.abookfiles.online/uploads/y/6a31fbbc59dfb709/mp3/066.mp3',NULL,'066'),
	(2080,72,'1216','https://srv7.abookfiles.online/uploads/y/6a31fbbc59dfb709/mp3/067.mp3',NULL,'067'),
	(2081,72,'1790','https://srv7.abookfiles.online/uploads/y/6a31fbbc59dfb709/mp3/068.mp3',NULL,'068'),
	(2082,72,'923','https://srv7.abookfiles.online/uploads/y/6a31fbbc59dfb709/mp3/069.mp3',NULL,'069'),
	(2083,72,'1247','https://srv7.abookfiles.online/uploads/y/6a31fbbc59dfb709/mp3/070.mp3',NULL,'070'),
	(2084,72,'932','https://srv7.abookfiles.online/uploads/y/6a31fbbc59dfb709/mp3/071.mp3',NULL,'071'),
	(2085,72,'1329','https://srv7.abookfiles.online/uploads/y/6a31fbbc59dfb709/mp3/072.mp3',NULL,'072'),
	(2086,72,'731','https://srv7.abookfiles.online/uploads/y/6a31fbbc59dfb709/mp3/073.mp3',NULL,'073'),
	(2087,72,'1284','https://srv7.abookfiles.online/uploads/y/6a31fbbc59dfb709/mp3/074.mp3',NULL,'074'),
	(2088,72,'1187','https://srv7.abookfiles.online/uploads/y/6a31fbbc59dfb709/mp3/075.mp3',NULL,'075'),
	(2089,72,'1365','https://srv7.abookfiles.online/uploads/y/6a31fbbc59dfb709/mp3/076.mp3',NULL,'076'),
	(2090,72,'961','https://srv7.abookfiles.online/uploads/y/6a31fbbc59dfb709/mp3/077.mp3',NULL,'077'),
	(2091,72,'998','https://srv7.abookfiles.online/uploads/y/6a31fbbc59dfb709/mp3/078.mp3',NULL,'078'),
	(2092,72,'990','https://srv7.abookfiles.online/uploads/y/6a31fbbc59dfb709/mp3/079.mp3',NULL,'079'),
	(2093,72,'1427','https://srv7.abookfiles.online/uploads/y/6a31fbbc59dfb709/mp3/080.mp3',NULL,'080'),
	(2094,72,'1162','https://srv7.abookfiles.online/uploads/y/6a31fbbc59dfb709/mp3/081.mp3',NULL,'081'),
	(2095,72,'1100','https://srv7.abookfiles.online/uploads/y/6a31fbbc59dfb709/mp3/082.mp3',NULL,'082'),
	(2096,72,'1422','https://srv7.abookfiles.online/uploads/y/6a31fbbc59dfb709/mp3/083.mp3',NULL,'083'),
	(2097,72,'844','https://srv7.abookfiles.online/uploads/y/6a31fbbc59dfb709/mp3/084.mp3',NULL,'084'),
	(2098,72,'872','https://srv7.abookfiles.online/uploads/y/6a31fbbc59dfb709/mp3/085.mp3',NULL,'085'),
	(2099,73,'879','https://srv1.abookfiles.online/uploads/y/f7cbfe77564fa0b6/mp3/001-odna-noch.mp3',NULL,'001 Одна ночь'),
	(2100,73,'1223','https://srv1.abookfiles.online/uploads/y/f7cbfe77564fa0b6/mp3/002-odna-noch.mp3',NULL,'002 Одна ночь'),
	(2101,73,'1006','https://srv1.abookfiles.online/uploads/y/f7cbfe77564fa0b6/mp3/003-odna-noch.mp3',NULL,'003 Одна ночь'),
	(2102,73,'837','https://srv1.abookfiles.online/uploads/y/f7cbfe77564fa0b6/mp3/004-odna-noch.mp3',NULL,'004 Одна ночь'),
	(2103,74,'3898','https://srv7.abookfiles.online/uploads/z/ac05e75188c6da33/mp3/oktjabr.mp3',NULL,'Октябрь'),
	(2104,75,'6550','https://srv7.abookfiles.online/uploads/z/5afd4623c288cf5b/mp3/001-nastja.mp3',NULL,'001 - Настя'),
	(2105,75,'3105','https://srv7.abookfiles.online/uploads/z/5afd4623c288cf5b/mp3/002-sakharnoe-voskresene.mp3',NULL,'002 - Сахарное воскресенье'),
	(2106,75,'3032','https://srv7.abookfiles.online/uploads/z/5afd4623c288cf5b/mp3/003-avaron.mp3',NULL,'003 - Аварон'),
	(2107,75,'6256','https://srv7.abookfiles.online/uploads/z/5afd4623c288cf5b/mp3/004-loshadinyjj-sup.mp3',NULL,'004 - Лошадиный суп'),
	(2108,75,'4317','https://srv7.abookfiles.online/uploads/z/5afd4623c288cf5b/mp3/005-den-russkogo-edoka.mp3',NULL,'005 - День русского едока'),
	(2109,75,'3628','https://srv7.abookfiles.online/uploads/z/5afd4623c288cf5b/mp3/006-pepel.mp3',NULL,'006 - Пепел'),
	(2110,75,'1261','https://srv7.abookfiles.online/uploads/z/5afd4623c288cf5b/mp3/007-moja-trapeza.mp3',NULL,'007 - Моя трапеза'),
	(2111,75,'2459','https://srv7.abookfiles.online/uploads/z/5afd4623c288cf5b/mp3/008-mashina.mp3',NULL,'008 - Машина'),
	(2112,75,'1963','https://srv7.abookfiles.online/uploads/z/5afd4623c288cf5b/mp3/009-concretnye.mp3',NULL,'009 - Concretные'),
	(2113,75,'3699','https://srv7.abookfiles.online/uploads/z/5afd4623c288cf5b/mp3/010-ju.mp3',NULL,'010 - Ю'),
	(2114,75,'2167','https://srv7.abookfiles.online/uploads/z/5afd4623c288cf5b/mp3/011-banket.mp3',NULL,'011 - Банкет'),
	(2115,75,'2237','https://srv7.abookfiles.online/uploads/z/5afd4623c288cf5b/mp3/012-zhrat.mp3',NULL,'012 - Жрать!'),
	(2116,75,'2416','https://srv7.abookfiles.online/uploads/z/5afd4623c288cf5b/mp3/013-zerkalo.mp3',NULL,'013 - Зеркаlo'),
	(2117,76,'1511','https://srv7.abookfiles.online/uploads/z/d65e39f8485d0c80/mp3/01glava-1.mp3',NULL,'01.Глава 1'),
	(2118,76,'962','https://srv7.abookfiles.online/uploads/z/d65e39f8485d0c80/mp3/02glava-2.mp3',NULL,'02.Глава 2'),
	(2119,76,'1149','https://srv7.abookfiles.online/uploads/z/d65e39f8485d0c80/mp3/03glava-3.mp3',NULL,'03.Глава 3'),
	(2120,76,'1051','https://srv7.abookfiles.online/uploads/z/d65e39f8485d0c80/mp3/04glava-4.mp3',NULL,'04.Глава 4'),
	(2121,76,'1104','https://srv7.abookfiles.online/uploads/z/d65e39f8485d0c80/mp3/05glava-5.mp3',NULL,'05.Глава 5'),
	(2122,76,'1144','https://srv7.abookfiles.online/uploads/z/d65e39f8485d0c80/mp3/06glava-6.mp3',NULL,'06.Глава 6'),
	(2123,76,'760','https://srv7.abookfiles.online/uploads/z/d65e39f8485d0c80/mp3/07glava-7.mp3',NULL,'07.Глава 7'),
	(2124,76,'1219','https://srv7.abookfiles.online/uploads/z/d65e39f8485d0c80/mp3/08glava-8.mp3',NULL,'08.Глава 8'),
	(2125,76,'1174','https://srv7.abookfiles.online/uploads/z/d65e39f8485d0c80/mp3/09glava-9.mp3',NULL,'09.Глава 9'),
	(2126,76,'1260','https://srv7.abookfiles.online/uploads/z/d65e39f8485d0c80/mp3/10glava-10.mp3',NULL,'10.Глава 10'),
	(2127,76,'1185','https://srv7.abookfiles.online/uploads/z/d65e39f8485d0c80/mp3/11glava-11.mp3',NULL,'11.Глава 11'),
	(2128,77,'1598','https://srv1.abookfiles.online/uploads/z/660d85dca120258e/mp3/fehjjr-darja-gremlin-ne-po-vyzovu-lana-leto-256.mp3',NULL,'Фэйр Дарья - Гремлин не по вызову_Лана Лето_256'),
	(2129,78,'3590','https://srv7.abookfiles.online/uploads/y/2b6b462f940300d1/mp3/001.mp3',NULL,'001'),
	(2130,78,'4296','https://srv7.abookfiles.online/uploads/y/2b6b462f940300d1/mp3/002.mp3',NULL,'002'),
	(2131,78,'3827','https://srv7.abookfiles.online/uploads/y/2b6b462f940300d1/mp3/003.mp3',NULL,'003'),
	(2132,78,'2022','https://srv7.abookfiles.online/uploads/y/2b6b462f940300d1/mp3/004.mp3',NULL,'004'),
	(2133,78,'1287','https://srv7.abookfiles.online/uploads/y/2b6b462f940300d1/mp3/005.mp3',NULL,'005'),
	(2134,78,'1560','https://srv7.abookfiles.online/uploads/y/2b6b462f940300d1/mp3/006.mp3',NULL,'006'),
	(2135,78,'4993','https://srv7.abookfiles.online/uploads/y/2b6b462f940300d1/mp3/007.mp3',NULL,'007'),
	(2136,78,'1622','https://srv7.abookfiles.online/uploads/y/2b6b462f940300d1/mp3/008.mp3',NULL,'008'),
	(2137,78,'3193','https://srv7.abookfiles.online/uploads/y/2b6b462f940300d1/mp3/009.mp3',NULL,'009'),
	(2138,78,'1825','https://srv7.abookfiles.online/uploads/y/2b6b462f940300d1/mp3/010.mp3',NULL,'010'),
	(2139,78,'3212','https://srv7.abookfiles.online/uploads/y/2b6b462f940300d1/mp3/011.mp3',NULL,'011'),
	(2140,78,'2063','https://srv7.abookfiles.online/uploads/y/2b6b462f940300d1/mp3/012.mp3',NULL,'012'),
	(2141,78,'1224','https://srv7.abookfiles.online/uploads/y/2b6b462f940300d1/mp3/013.mp3',NULL,'013'),
	(2142,79,'396','https://srv7.abookfiles.online/uploads/y/4c1d26183ed61c86/mp3/01-shinobumonogatari-chast-01.mp3',NULL,'01 Шинобумоногатари - Часть 01'),
	(2143,79,'530','https://srv7.abookfiles.online/uploads/y/4c1d26183ed61c86/mp3/02-shinobumonogatari-chast-02.mp3',NULL,'02 Шинобумоногатари - Часть 02'),
	(2144,79,'639','https://srv7.abookfiles.online/uploads/y/4c1d26183ed61c86/mp3/03-shinobumonogatari-chast-03.mp3',NULL,'03 Шинобумоногатари - Часть 03'),
	(2145,79,'786','https://srv7.abookfiles.online/uploads/y/4c1d26183ed61c86/mp3/04-shinobumonogatari-chast-04.mp3',NULL,'04 Шинобумоногатари - Часть 04'),
	(2146,79,'312','https://srv7.abookfiles.online/uploads/y/4c1d26183ed61c86/mp3/05-shinobumonogatari-chast-05.mp3',NULL,'05 Шинобумоногатари - Часть 05'),
	(2147,79,'505','https://srv7.abookfiles.online/uploads/y/4c1d26183ed61c86/mp3/06-shinobumonogatari-chast-06.mp3',NULL,'06 Шинобумоногатари - Часть 06'),
	(2148,79,'755','https://srv7.abookfiles.online/uploads/y/4c1d26183ed61c86/mp3/07-shinobumonogatari-chast-07.mp3',NULL,'07 Шинобумоногатари - Часть 07'),
	(2149,79,'838','https://srv7.abookfiles.online/uploads/y/4c1d26183ed61c86/mp3/08-shinobumonogatari-chast-08.mp3',NULL,'08 Шинобумоногатари - Часть 08'),
	(2150,79,'504','https://srv7.abookfiles.online/uploads/y/4c1d26183ed61c86/mp3/09-shinobumonogatari-chast-09.mp3',NULL,'09 Шинобумоногатари - Часть 09'),
	(2151,79,'413','https://srv7.abookfiles.online/uploads/y/4c1d26183ed61c86/mp3/10-shinobumonogatari-chast-10.mp3',NULL,'10 Шинобумоногатари - Часть 10'),
	(2152,79,'616','https://srv7.abookfiles.online/uploads/y/4c1d26183ed61c86/mp3/11-shinobumonogatari-chast-11.mp3',NULL,'11 Шинобумоногатари - Часть 11'),
	(2153,79,'436','https://srv7.abookfiles.online/uploads/y/4c1d26183ed61c86/mp3/12-shinobumonogatari-chast-12.mp3',NULL,'12 Шинобумоногатари - Часть 12'),
	(2154,79,'429','https://srv7.abookfiles.online/uploads/y/4c1d26183ed61c86/mp3/13-shinobumonogatari-chast-13.mp3',NULL,'13 Шинобумоногатари - Часть 13'),
	(2155,79,'656','https://srv7.abookfiles.online/uploads/y/4c1d26183ed61c86/mp3/14-shinobumonogatari-chast-14.mp3',NULL,'14 Шинобумоногатари - Часть 14'),
	(2156,79,'393','https://srv7.abookfiles.online/uploads/y/4c1d26183ed61c86/mp3/15-shinobumonogatari-chast-15.mp3',NULL,'15 Шинобумоногатари - Часть 15'),
	(2157,79,'440','https://srv7.abookfiles.online/uploads/y/4c1d26183ed61c86/mp3/16-shinobumonogatari-chast-16.mp3',NULL,'16 Шинобумоногатари - Часть 16'),
	(2158,79,'435','https://srv7.abookfiles.online/uploads/y/4c1d26183ed61c86/mp3/17-shinobumonogatari-chast-17.mp3',NULL,'17 Шинобумоногатари - Часть 17'),
	(2159,79,'635','https://srv7.abookfiles.online/uploads/y/4c1d26183ed61c86/mp3/18-shinobumonogatari-chast-18-01.mp3',NULL,'18 Шинобумоногатари - Часть 18 01'),
	(2160,79,'622','https://srv7.abookfiles.online/uploads/y/4c1d26183ed61c86/mp3/19-shinobumonogatari-chast-18-02.mp3',NULL,'19 Шинобумоногатари - Часть 18 02'),
	(2161,79,'451','https://srv7.abookfiles.online/uploads/y/4c1d26183ed61c86/mp3/20-shinobumonogatari-chast-19.mp3',NULL,'20 Шинобумоногатари - Часть 19'),
	(2162,79,'560','https://srv7.abookfiles.online/uploads/y/4c1d26183ed61c86/mp3/21-shinobumonogatari-chast-20.mp3',NULL,'21 Шинобумоногатари - Часть 20'),
	(2163,79,'394','https://srv7.abookfiles.online/uploads/y/4c1d26183ed61c86/mp3/22-shinobumonogatari-chast-21.mp3',NULL,'22 Шинобумоногатари - Часть 21'),
	(2164,79,'818','https://srv7.abookfiles.online/uploads/y/4c1d26183ed61c86/mp3/23-shinobumonogatari-chast-22.mp3',NULL,'23 Шинобумоногатари - Часть 22'),
	(2165,79,'221','https://srv7.abookfiles.online/uploads/y/4c1d26183ed61c86/mp3/24-shinobumonogatari-chast-23.mp3',NULL,'24 Шинобумоногатари - Часть 23'),
	(2166,79,'335','https://srv7.abookfiles.online/uploads/y/4c1d26183ed61c86/mp3/25-shinobumonogatari-chast-24.mp3',NULL,'25 Шинобумоногатари - Часть 24'),
	(2167,79,'386','https://srv7.abookfiles.online/uploads/y/4c1d26183ed61c86/mp3/26-shinobumonogatari-chast-25.mp3',NULL,'26 Шинобумоногатари - Часть 25'),
	(2168,79,'268','https://srv7.abookfiles.online/uploads/y/4c1d26183ed61c86/mp3/27-shinobumonogatari-chast-26.mp3',NULL,'27 Шинобумоногатари - Часть 26'),
	(2169,79,'714','https://srv7.abookfiles.online/uploads/y/4c1d26183ed61c86/mp3/28-shinobumonogatari-chast-27.mp3',NULL,'28 Шинобумоногатари - Часть 27'),
	(2170,79,'796','https://srv7.abookfiles.online/uploads/y/4c1d26183ed61c86/mp3/29-shinobumonogatari-chast-28.mp3',NULL,'29 Шинобумоногатари - Часть 28'),
	(2171,79,'458','https://srv7.abookfiles.online/uploads/y/4c1d26183ed61c86/mp3/30-shinobumonogatari-chast-29.mp3',NULL,'30 Шинобумоногатари - Часть 29'),
	(2172,79,'533','https://srv7.abookfiles.online/uploads/y/4c1d26183ed61c86/mp3/31-shinobumonogatari-chast-30.mp3',NULL,'31 Шинобумоногатари - Часть 30'),
	(2173,79,'427','https://srv7.abookfiles.online/uploads/y/4c1d26183ed61c86/mp3/32-shinobumonogatari-chast-31.mp3',NULL,'32 Шинобумоногатари - Часть 31'),
	(2174,79,'633','https://srv7.abookfiles.online/uploads/y/4c1d26183ed61c86/mp3/33-shinobumonogatari-chast-32.mp3',NULL,'33 Шинобумоногатари - Часть 32'),
	(2175,79,'391','https://srv7.abookfiles.online/uploads/y/4c1d26183ed61c86/mp3/34-shinobumonogatari-chast-33.mp3',NULL,'34 Шинобумоногатари - Часть 33'),
	(2176,79,'292','https://srv7.abookfiles.online/uploads/y/4c1d26183ed61c86/mp3/35-shinobumonogatari-chast-34.mp3',NULL,'35 Шинобумоногатари - Часть 34'),
	(2177,79,'608','https://srv7.abookfiles.online/uploads/y/4c1d26183ed61c86/mp3/36-shinobumonogatari-chast-35.mp3',NULL,'36 Шинобумоногатари - Часть 35'),
	(2178,79,'691','https://srv7.abookfiles.online/uploads/y/4c1d26183ed61c86/mp3/37-shinobumonogatari-chast-36.mp3',NULL,'37 Шинобумоногатари - Часть 36'),
	(2179,79,'428','https://srv7.abookfiles.online/uploads/y/4c1d26183ed61c86/mp3/38-shinobumonogatari-chast-37.mp3',NULL,'38 Шинобумоногатари - Часть 37'),
	(2180,79,'807','https://srv7.abookfiles.online/uploads/y/4c1d26183ed61c86/mp3/39-shinobumonogatari-chast-38.mp3',NULL,'39 Шинобумоногатари - Часть 38'),
	(2181,79,'340','https://srv7.abookfiles.online/uploads/y/4c1d26183ed61c86/mp3/40-shinobumonogatari-chast-39.mp3',NULL,'40 Шинобумоногатари - Часть 39'),
	(2182,79,'184','https://srv7.abookfiles.online/uploads/y/4c1d26183ed61c86/mp3/41-shinobumonogatari-chast-40.mp3',NULL,'41 Шинобумоногатари - Часть 40'),
	(2183,79,'225','https://srv7.abookfiles.online/uploads/y/4c1d26183ed61c86/mp3/42-shinobumonogatari-chast-41.mp3',NULL,'42 Шинобумоногатари - Часть 41'),
	(2184,79,'497','https://srv7.abookfiles.online/uploads/y/4c1d26183ed61c86/mp3/43-shinobumonogatari-chast-42.mp3',NULL,'43 Шинобумоногатари - Часть 42'),
	(2185,79,'736','https://srv7.abookfiles.online/uploads/y/4c1d26183ed61c86/mp3/44-shinobumonogatari-chast-43.mp3',NULL,'44 Шинобумоногатари - Часть 43'),
	(2186,79,'432','https://srv7.abookfiles.online/uploads/y/4c1d26183ed61c86/mp3/45-shinobumonogatari-chast-44.mp3',NULL,'45 Шинобумоногатари - Часть 44'),
	(2187,79,'305','https://srv7.abookfiles.online/uploads/y/4c1d26183ed61c86/mp3/46-shinobumonogatari-chast-45.mp3',NULL,'46 Шинобумоногатари - Часть 45'),
	(2188,79,'759','https://srv7.abookfiles.online/uploads/y/4c1d26183ed61c86/mp3/47-shinobumonogatari-chast-46.mp3',NULL,'47 Шинобумоногатари - Часть 46'),
	(2189,79,'750','https://srv7.abookfiles.online/uploads/y/4c1d26183ed61c86/mp3/48-shinobumonogatari-chast-47-01.mp3',NULL,'48 Шинобумоногатари - Часть 47 01'),
	(2190,79,'653','https://srv7.abookfiles.online/uploads/y/4c1d26183ed61c86/mp3/49-shinobumonogatari-chast-47-02.mp3',NULL,'49 Шинобумоногатари - Часть 47 02'),
	(2191,79,'783','https://srv7.abookfiles.online/uploads/y/4c1d26183ed61c86/mp3/50-shinobumonogatari-chast-48.mp3',NULL,'50 Шинобумоногатари - Часть 48'),
	(2192,79,'900','https://srv7.abookfiles.online/uploads/y/4c1d26183ed61c86/mp3/51-shinobumonogatari-chast-49.mp3',NULL,'51 Шинобумоногатари - Часть 49'),
	(2193,79,'886','https://srv7.abookfiles.online/uploads/y/4c1d26183ed61c86/mp3/52-shinobumonogatari-chast-50.mp3',NULL,'52 Шинобумоногатари - Часть 50'),
	(2194,79,'166','https://srv7.abookfiles.online/uploads/y/4c1d26183ed61c86/mp3/53-shinobumonogatari-posleslovie-avtora.mp3',NULL,'53 Шинобумоногатари - Послесловие автора'),
	(2195,80,'10420','https://srv1.abookfiles.online/uploads/z/b5aa269c51667e32/mp3/01.mp3',NULL,'01'),
	(2196,80,'25266','https://srv1.abookfiles.online/uploads/z/b5aa269c51667e32/mp3/02.mp3',NULL,'02'),
	(2197,80,'12815','https://srv1.abookfiles.online/uploads/z/b5aa269c51667e32/mp3/03.mp3',NULL,'03');

/*!40000 ALTER TABLE `part` ENABLE KEYS */;
UNLOCK TABLES;


# Dump of table performer
# ------------------------------------------------------------

DROP TABLE IF EXISTS `performer`;

CREATE TABLE `performer` (
  `id` int(11) NOT NULL AUTO_INCREMENT,
  `name` varchar(255) COLLATE utf8mb4_unicode_520_ci NOT NULL,
  PRIMARY KEY (`id`)
) ENGINE=InnoDB DEFAULT CHARSET=utf8mb4 COLLATE=utf8mb4_unicode_520_ci;

LOCK TABLES `performer` WRITE;
/*!40000 ALTER TABLE `performer` DISABLE KEYS */;

INSERT INTO `performer` (`id`, `name`)
VALUES
	(1,'Нина Касторф'),
	(2,'Нина Касторф'),
	(3,'Валерий Стельмащук'),
	(4,'артисты театров'),
	(5,'Михаил Ульянов'),
	(6,'Сергей Оробчук'),
	(7,'Игорь Ристи'),
	(8,'Сергей Краснов'),
	(9,'Casper Valter'),
	(10,'Дмитрий Оргин'),
	(11,'Сергей Дадыко'),
	(12,'Александр Шаронов'),
	(13,'Леонтина Броцкая'),
	(14,'Otsuru'),
	(15,'Ирина Воробьёва'),
	(16,'Борис Толмазов'),
	(17,'Галина Анисимова'),
	(18,'Лариса Луганская'),
	(19,'Татьяна Груднева'),
	(20,'Олег Лобанов'),
	(21,'Светлана Радужная'),
	(22,'Аленушка'),
	(23,'Агния'),
	(24,'BIGBAG'),
	(25,'Puffin Cafe'),
	(26,'Леонид Марков'),
	(27,'Алексей Борзунов'),
	(28,'June Ellington'),
	(29,'Владимир Овуор (Ovuor)'),
	(30,'Adrenalin28'),
	(31,'Чёрный Рик'),
	(32,'Антон Багров'),
	(33,'Светлана Письмиченко'),
	(34,'Ирина Ракшина'),
	(35,'Ия Саввина'),
	(36,'Людмила Шапошникова'),
	(37,'Вячеслав Дугин'),
	(38,'Раиса Зайцева'),
	(39,'Владимир Пинчевский'),
	(40,'Валерий Сторожик'),
	(41,'Анна Прудникова'),
	(42,'Валерия Берман'),
	(43,'Оксана Сорочинская'),
	(44,'Матвей Николаев'),
	(45,'Матвей Николаев'),
	(46,'Лана Лето'),
	(47,'Алексей Кузнецов'),
	(48,'Михаил Росляков'),
	(49,'Андрей Леонов'),
	(50,'Вячеслав Задворных'),
	(51,'Евгений Бочкин'),
	(52,'Максим Пономарёв'),
	(53,'Максим Пономарёв'),
	(54,'Олег Булдаков'),
	(55,'Александр Харитонов'),
	(56,'Ирина Власова'),
	(57,'Дмитрий Креминский'),
	(58,'Александр Жарков'),
	(59,'Алексей Шулин'),
	(60,'Рифат Сафиуллин'),
	(61,'Trilid'),
	(62,'Елена Лебедева'),
	(63,'Валерий Клугман'),
	(64,'Юрий Гуржий'),
	(65,'Юрий Гуржий'),
	(66,'Алексей Консовский'),
	(67,'Владимир Самойлов'),
	(68,'Нина Архипова'),
	(69,'Ирина Акулова'),
	(70,'Владимир Цамалаидзе'),
	(71,'Галина Тюнина'),
	(72,'Дмитрий Назаров'),
	(73,'Ольга Васильева'),
	(74,'Сергей Мардарь'),
	(75,'Владимир Князев'),
	(76,'NEOСФЕРА'),
	(77,'Николай Кобзев'),
	(78,'Zodik'),
	(79,'Казанцев Сергей');

/*!40000 ALTER TABLE `performer` ENABLE KEYS */;
UNLOCK TABLES;


# Dump of table performer_book
# ------------------------------------------------------------

DROP TABLE IF EXISTS `performer_book`;

CREATE TABLE `performer_book` (
  `performer_id` int(11) NOT NULL,
  `book_id` int(11) NOT NULL,
  PRIMARY KEY (`performer_id`,`book_id`),
  KEY `IDX_22C90AA46C6B33F3` (`performer_id`),
  KEY `IDX_22C90AA416A2B381` (`book_id`),
  CONSTRAINT `FK_22C90AA416A2B381` FOREIGN KEY (`book_id`) REFERENCES `book` (`id`) ON DELETE CASCADE,
  CONSTRAINT `FK_22C90AA46C6B33F3` FOREIGN KEY (`performer_id`) REFERENCES `performer` (`id`) ON DELETE CASCADE
) ENGINE=InnoDB DEFAULT CHARSET=utf8mb4 COLLATE=utf8mb4_unicode_520_ci;

LOCK TABLES `performer_book` WRITE;
/*!40000 ALTER TABLE `performer_book` DISABLE KEYS */;

INSERT INTO `performer_book` (`performer_id`, `book_id`)
VALUES
	(1,1),
	(2,2),
	(3,3),
	(3,49),
	(3,66),
	(4,4),
	(5,5),
	(6,6),
	(6,15),
	(6,60),
	(7,7),
	(8,8),
	(9,9),
	(10,10),
	(11,11),
	(12,12),
	(13,13),
	(14,14),
	(14,35),
	(14,40),
	(14,52),
	(14,68),
	(15,16),
	(16,17),
	(17,17),
	(18,18),
	(18,30),
	(19,19),
	(20,20),
	(20,78),
	(21,21),
	(22,22),
	(23,23),
	(24,24),
	(25,25),
	(26,26),
	(26,37),
	(26,67),
	(27,26),
	(28,27),
	(29,28),
	(30,29),
	(30,36),
	(30,79),
	(31,31),
	(32,32),
	(33,32),
	(34,32),
	(35,33),
	(36,33),
	(37,33),
	(38,34),
	(39,34),
	(40,37),
	(41,38),
	(42,39),
	(43,41),
	(44,42),
	(45,43),
	(46,45),
	(46,77),
	(47,46),
	(48,47),
	(48,51),
	(49,48),
	(50,50),
	(51,53),
	(52,54),
	(53,55),
	(54,56),
	(55,57),
	(56,58),
	(57,59),
	(58,59),
	(59,59),
	(60,59),
	(61,61),
	(62,62),
	(63,63),
	(64,64),
	(65,65),
	(66,67),
	(67,67),
	(68,67),
	(69,67),
	(70,69),
	(71,70),
	(72,70),
	(73,70),
	(74,71),
	(75,72),
	(76,73),
	(77,75),
	(78,76),
	(79,80);

/*!40000 ALTER TABLE `performer_book` ENABLE KEYS */;
UNLOCK TABLES;


# Dump of table series
# ------------------------------------------------------------

DROP TABLE IF EXISTS `series`;

CREATE TABLE `series` (
  `id` int(11) NOT NULL AUTO_INCREMENT,
  `name` varchar(255) COLLATE utf8mb4_unicode_520_ci NOT NULL,
  PRIMARY KEY (`id`)
) ENGINE=InnoDB DEFAULT CHARSET=utf8mb4 COLLATE=utf8mb4_unicode_520_ci;



# Dump of table user
# ------------------------------------------------------------

DROP TABLE IF EXISTS `user`;

CREATE TABLE `user` (
  `id` int(11) NOT NULL AUTO_INCREMENT,
  `name` varchar(255) COLLATE utf8mb4_unicode_520_ci NOT NULL,
  `email` varchar(255) COLLATE utf8mb4_unicode_520_ci NOT NULL,
  `password` varchar(255) COLLATE utf8mb4_unicode_520_ci NOT NULL,
  `reset_password_token` varchar(255) COLLATE utf8mb4_unicode_520_ci DEFAULT NULL,
  PRIMARY KEY (`id`)
) ENGINE=InnoDB DEFAULT CHARSET=utf8mb4 COLLATE=utf8mb4_unicode_520_ci;

LOCK TABLES `user` WRITE;
/*!40000 ALTER TABLE `user` DISABLE KEYS */;

INSERT INTO `user` (`id`, `name`, `email`, `password`, `reset_password_token`)
VALUES
	(1,'ed','bulavaeduard@gmail.com','$argon2id$v=19$m=65536,t=4,p=1$yAXqSwQiZ9f9NvlGCqMvMQ$p+mVk/OeKCRWAyNsHQJUo3l3DWCy3yxuZNfvgXpxWjg',NULL),
	(2,'ed','Bebrakniga@gmail.com','$argon2id$v=19$m=65536,t=4,p=1$CdscQuHU0SH1gsNDkqimhw$Dhaadro9CS+EbFg72wnMCX1RdnlzfxndcfeMB9c7/+c',NULL);

/*!40000 ALTER TABLE `user` ENABLE KEYS */;
UNLOCK TABLES;


# Dump of table user_book
# ------------------------------------------------------------

DROP TABLE IF EXISTS `user_book`;

CREATE TABLE `user_book` (
  `user_id` int(11) NOT NULL,
  `book_id` int(11) NOT NULL,
  PRIMARY KEY (`user_id`,`book_id`),
  KEY `IDX_B164EFF8A76ED395` (`user_id`),
  KEY `IDX_B164EFF816A2B381` (`book_id`),
  CONSTRAINT `FK_B164EFF816A2B381` FOREIGN KEY (`book_id`) REFERENCES `book` (`id`) ON DELETE CASCADE,
  CONSTRAINT `FK_B164EFF8A76ED395` FOREIGN KEY (`user_id`) REFERENCES `user` (`id`) ON DELETE CASCADE
) ENGINE=InnoDB DEFAULT CHARSET=utf8mb4 COLLATE=utf8mb4_unicode_520_ci;




/*!40111 SET SQL_NOTES=@OLD_SQL_NOTES */;
/*!40101 SET SQL_MODE=@OLD_SQL_MODE */;
/*!40014 SET FOREIGN_KEY_CHECKS=@OLD_FOREIGN_KEY_CHECKS */;
/*!40101 SET CHARACTER_SET_CLIENT=@OLD_CHARACTER_SET_CLIENT */;
/*!40101 SET CHARACTER_SET_RESULTS=@OLD_CHARACTER_SET_RESULTS */;
/*!40101 SET COLLATION_CONNECTION=@OLD_COLLATION_CONNECTION */;
