/*
SQLyog Ultimate v11.11 (64 bit)
MySQL - 5.1.41 : Database - empore
*********************************************************************
*/

/*!40101 SET NAMES utf8 */;

/*!40101 SET SQL_MODE=''*/;

/*!40014 SET @OLD_UNIQUE_CHECKS=@@UNIQUE_CHECKS, UNIQUE_CHECKS=0 */;
/*!40014 SET @OLD_FOREIGN_KEY_CHECKS=@@FOREIGN_KEY_CHECKS, FOREIGN_KEY_CHECKS=0 */;
/*!40101 SET @OLD_SQL_MODE=@@SQL_MODE, SQL_MODE='NO_AUTO_VALUE_ON_ZERO' */;
/*!40111 SET @OLD_SQL_NOTES=@@SQL_NOTES, SQL_NOTES=0 */;
/*Table structure for table `book_requests` */

DROP TABLE IF EXISTS `book_requests`;

CREATE TABLE `book_requests` (
  `book_request_id` int(11) NOT NULL AUTO_INCREMENT,
  `member_id` int(11) DEFAULT NULL,
  `book_id` int(11) DEFAULT NULL,
  `request_date` date DEFAULT NULL,
  `return_date` date DEFAULT NULL,
  `approval_status` varchar(50) DEFAULT NULL,
  `created_at` datetime DEFAULT NULL,
  `created_by` varchar(100) DEFAULT NULL,
  `updated_at` datetime DEFAULT NULL,
  `updated_by` varchar(100) DEFAULT NULL,
  PRIMARY KEY (`book_request_id`)
) ENGINE=MyISAM AUTO_INCREMENT=25 DEFAULT CHARSET=latin1;

/*Data for the table `book_requests` */

insert  into `book_requests`(`book_request_id`,`member_id`,`book_id`,`request_date`,`return_date`,`approval_status`,`created_at`,`created_by`,`updated_at`,`updated_by`) values (16,99,7,'2023-05-28',NULL,'approved','2023-05-28 12:22:13','Administrator','2023-05-28 14:09:44','Administrator'),(15,12,8,'2023-05-31',NULL,'approved','2023-05-27 21:09:41','Administrator','2023-05-27 21:10:07','Administrator'),(14,12,2,'2023-05-27',NULL,'approved','2023-05-27 20:22:06','Administrator','2023-05-27 21:10:22','Administrator'),(17,23,3,'2023-05-28',NULL,'approved','2023-05-28 14:02:37','Administrator','2023-05-29 09:28:37','Administrator'),(13,12,7,'2023-05-27',NULL,'rejected','2023-05-27 20:20:35','Administrator','2023-05-27 20:21:17','Administrator'),(11,12,3,'2023-06-05',NULL,'approved','2023-05-27 15:52:11','Administrator','2023-05-27 15:59:39','Administrator'),(12,12,3,'2023-05-27',NULL,'approved','2023-05-27 18:56:12','Administrator','2023-05-27 18:56:48','Administrator'),(18,23,2,'2023-05-28','2023-06-02','approved','2023-05-28 14:35:36','Administrator','2023-05-28 14:36:23','Administrator'),(19,23,8,'2023-05-28','2023-05-19','rejected','2023-05-28 14:38:54','Administrator','2023-05-28 14:48:56','Administrator'),(20,2,3,'2023-05-29','2023-05-31','approved','2023-05-29 09:57:26','Administrator','2023-05-29 09:28:30','Administrator'),(21,3,2,'2023-05-29','2023-06-01','approved','2023-05-29 09:58:18','Administrator','2023-05-29 09:55:43','Administrator'),(22,5,2,'2023-05-29','2023-06-01','pending','2023-05-29 09:58:49','Administrator',NULL,NULL),(23,6,1,'2023-05-29','2023-06-08','pending','2023-05-29 09:59:18','Administrator',NULL,NULL),(24,8,2,'2023-05-29','2023-06-08','pending','2023-05-29 09:59:53','Administrator',NULL,NULL);

/*Table structure for table `books` */

DROP TABLE IF EXISTS `books`;

CREATE TABLE `books` (
  `book_id` int(11) NOT NULL AUTO_INCREMENT,
  `code` char(5) DEFAULT NULL,
  `title` varchar(255) DEFAULT NULL,
  `publication_year` int(11) DEFAULT NULL,
  `author` varchar(255) DEFAULT NULL,
  `stock` int(11) DEFAULT NULL,
  PRIMARY KEY (`book_id`)
) ENGINE=MyISAM AUTO_INCREMENT=10 DEFAULT CHARSET=latin1;

/*Data for the table `books` */

insert  into `books`(`book_id`,`code`,`title`,`publication_year`,`author`,`stock`) values (1,'B001','Harry Potter and the ...',2001,'J.K. Rowling',10),(2,'B002','To Kill a Mockingbird',1960,'Harper Lee',5),(3,'B003','The Great Gatsby',1925,'F. Scott Fitz.',4),(7,'B004','Pride and Prejudice',1813,'Jane Austen',10),(8,'B005','The Catcher in the Rye',1951,'J.D. Salinger',13);

/*Table structure for table `borrowings` */

DROP TABLE IF EXISTS `borrowings`;

CREATE TABLE `borrowings` (
  `borrowing_id` int(11) NOT NULL AUTO_INCREMENT,
  `book_request_id` int(11) DEFAULT NULL,
  `member_id` int(11) DEFAULT NULL,
  `book_id` int(11) DEFAULT NULL,
  `borrow_date` date DEFAULT NULL,
  `return_date` date DEFAULT NULL,
  `borrow_note` varchar(255) DEFAULT NULL,
  `status` varchar(50) DEFAULT NULL,
  `created_at` datetime DEFAULT NULL,
  `created_by` varchar(100) DEFAULT NULL,
  `updated_at` datetime DEFAULT NULL,
  `updated_by` varchar(100) DEFAULT NULL,
  PRIMARY KEY (`borrowing_id`)
) ENGINE=MyISAM AUTO_INCREMENT=22 DEFAULT CHARSET=latin1;

/*Data for the table `borrowings` */

insert  into `borrowings`(`borrowing_id`,`book_request_id`,`member_id`,`book_id`,`borrow_date`,`return_date`,`borrow_note`,`status`,`created_at`,`created_by`,`updated_at`,`updated_by`) values (9,12,12,3,'2023-05-27','2023-05-27','kondisi baik','returned','2023-05-27 18:56:12','Administrator','2023-05-27 19:50:03','Administrator'),(8,11,12,3,'2023-05-27','2023-05-27','ok','returned','2023-05-27 15:52:11','Administrator','2023-05-27 20:39:29','Administrator'),(10,13,12,7,NULL,NULL,NULL,'pending','2023-05-27 20:20:35','Administrator',NULL,NULL),(11,14,12,2,'2023-05-27','2023-05-27','','returned','2023-05-27 20:22:06','Administrator','2023-05-27 21:14:15','Administrator'),(12,15,12,8,'2023-05-27','2023-05-27','','returned','2023-05-27 21:09:41','Administrator','2023-05-27 21:20:06','Administrator'),(13,16,99,7,'2023-05-28','2023-05-28','kondisi baik','returned','2023-05-28 12:22:13','Administrator','2023-05-28 14:19:23','Administrator'),(14,17,23,3,'2023-05-29',NULL,NULL,'borrowed','2023-05-28 14:02:37','Administrator','2023-05-29 09:28:37','Administrator'),(15,18,23,2,'2023-05-28','2023-05-28','ok','returned','2023-05-28 14:35:36','Administrator','2023-05-28 14:40:41','Administrator'),(16,19,23,8,NULL,NULL,NULL,'rejected','2023-05-28 14:38:54','Administrator','2023-05-28 14:48:56','Administrator'),(17,20,2,3,'2023-05-29','2023-05-29','','returned','2023-05-29 09:57:26','Administrator','2023-05-29 09:29:27','Administrator'),(18,21,3,2,'2023-05-29','2023-05-29','ok','returned','2023-05-29 09:58:18','Administrator','2023-05-29 09:56:00','Administrator'),(19,22,5,2,NULL,NULL,NULL,'pending','2023-05-29 09:58:49','Administrator',NULL,NULL),(20,23,6,1,NULL,NULL,NULL,'pending','2023-05-29 09:59:18','Administrator',NULL,NULL),(21,24,8,2,NULL,NULL,NULL,'pending','2023-05-29 09:59:53','Administrator',NULL,NULL);

/*Table structure for table `fontawesome` */

DROP TABLE IF EXISTS `fontawesome`;

CREATE TABLE `fontawesome` (
  `id` int(11) NOT NULL AUTO_INCREMENT,
  `name` varchar(64) DEFAULT NULL,
  `label` char(50) DEFAULT NULL,
  `code` char(10) DEFAULT NULL,
  PRIMARY KEY (`id`),
  KEY `idx_currency_name` (`name`)
) ENGINE=InnoDB AUTO_INCREMENT=586 DEFAULT CHARSET=utf8;

/*Data for the table `fontawesome` */

insert  into `fontawesome`(`id`,`name`,`label`,`code`) values (1,'fa fa-align-left','align left','&#xf036'),(2,'fa fa-align-right','align right','&#xf038'),(3,'fa fa-amazon','amazon','&#xf270'),(4,'fa fa-ambulance','ambulance','&#xf0f9'),(5,'fa fa-anchor','anchor','&#xf13d'),(6,'fa fa-android','android','&#xf17b'),(7,'fa fa-angellist','angellist','&#xf209'),(8,'fa fa-angle-double-down','angle double down','&#xf103'),(9,'fa fa-angle-double-left','angle double left','&#xf100'),(10,'fa fa-angle-double-right','angle double right','&#xf101'),(11,'fa fa-angle-double-up','angle double up','&#xf102'),(12,'fa fa-angle-left','angle left','&#xf104'),(13,'fa fa-angle-right','angle right','&#xf105'),(14,'fa fa-angle-up','angle up','&#xf106'),(15,'fa fa-apple','apple','&#xf179'),(16,'fa fa-archive','archive','&#xf187'),(17,'fa fa-area-chart','area chart','&#xf1fe'),(18,'fa fa-arrow-circle-down','arrow circle down','&#xf0ab'),(19,'fa fa-arrow-circle-left','arrow circle left','&#xf0a8'),(20,'fa fa-arrow-circle-o-down','arrow circle o down','&#xf01a'),(21,'fa fa-arrow-circle-o-left','arrow circle o left','&#xf190'),(22,'fa fa-arrow-circle-o-right','arrow circle o right','&#xf18e'),(23,'fa fa-arrow-circle-o-up','arrow circle o up','&#xf01b'),(24,'fa fa-arrow-circle-right','arrow circle right','&#xf0a9'),(25,'fa fa-arrow-circle-up','arrow circle up','&#xf0aa'),(26,'fa fa-arrow-down','arrow down','&#xf063'),(27,'fa fa-arrow-left','arrow left','&#xf060'),(28,'fa fa-arrow-right','arrow right','&#xf061'),(29,'fa fa-arrow-up','arrow up','&#xf062'),(30,'fa fa-arrows','arrows','&#xf047'),(31,'fa fa-arrows-alt','arrows alt','&#xf0b2'),(32,'fa fa-arrows-h','arrows h','&#xf07e'),(33,'fa fa-arrows-v','arrows v','&#xf07d'),(34,'fa fa-asterisk','asterisk','&#xf069'),(35,'fa fa-at','at','&#xf1fa'),(36,'fa fa-automobile','automobile','&#xf1b9'),(37,'fa fa-backward','backward','&#xf04a'),(38,'fa fa-balance-scale','balance scale','&#xf24e'),(39,'fa fa-ban','ban','&#xf05e'),(40,'fa fa-bank','bank','&#xf19c'),(41,'fa fa-bar-chart','bar chart','&#xf080'),(42,'fa fa-bar-chart-o','bar chart o','&#xf080'),(43,'fa fa-battery-full','battery full','&#xf240'),(44,'fa fa-beer','beer','&#xf0fc'),(45,'fa fa-behance','behance','&#xf1b4'),(46,'fa fa-behance-square','behance square','&#xf1b5'),(47,'fa fa-bell','bell','&#xf0f3'),(48,'fa fa-bell-o','bell o','&#xf0a2'),(49,'fa fa-bell-slash','bell slash','&#xf1f6'),(50,'fa fa-bell-slash-o','bell slash o','&#xf1f7'),(51,'fa fa-bicycle','bicycle','&#xf206'),(52,'fa fa-binoculars','binoculars','&#xf1e5'),(53,'fa fa-birthday-cake','birthday cake','&#xf1fd'),(54,'fa fa-bitbucket','bitbucket','&#xf171'),(55,'fa fa-bitbucket-square','bitbucket square','&#xf172'),(56,'fa fa-bitcoin','bitcoin','&#xf15a'),(57,'fa fa-black-tie','black tie','&#xf27e'),(58,'fa fa-bold','bold','&#xf032'),(59,'fa fa-bolt','bolt','&#xf0e7'),(60,'fa fa-bomb','bomb','&#xf1e2'),(61,'fa fa-book','book','&#xf02d'),(62,'fa fa-bookmark','bookmark','&#xf02e'),(63,'fa fa-bookmark-o','bookmark o','&#xf097'),(64,'fa fa-briefcase','briefcase','&#xf0b1'),(65,'fa fa-btc','btc','&#xf15a'),(66,'fa fa-bug','bug','&#xf188'),(67,'fa fa-building','building','&#xf1ad'),(68,'fa fa-building-o','building o','&#xf0f7'),(69,'fa fa-bullhorn','bullhorn','&#xf0a1'),(70,'fa fa-bullseye','bullseye','&#xf140'),(71,'fa fa-bus','bus','&#xf207'),(72,'fa fa-cab','cab','&#xf1ba'),(73,'fa fa-calendar','calendar','&#xf073'),(74,'fa fa-camera','camera','&#xf030'),(75,'fa fa-car','car','&#xf1b9'),(76,'fa fa-caret-up','caret up','&#xf0d8'),(77,'fa fa-cart-plus','cart plus','&#xf217'),(78,'fa fa-cc','cc','&#xf20a'),(79,'fa fa-cc-amex','cc amex','&#xf1f3'),(80,'fa fa-cc-jcb','cc jcb','&#xf24b'),(81,'fa fa-cc-paypal','cc paypal','&#xf1f4'),(82,'fa fa-cc-stripe','cc stripe','&#xf1f5'),(83,'fa fa-cc-visa','cc visa','&#xf1f0'),(84,'fa fa-chain','chain','&#xf0c1'),(85,'fa fa-check','check','&#xf00c'),(86,'fa fa-chevron-left','chevron left','&#xf053'),(87,'fa fa-chevron-right','chevron right','&#xf054'),(88,'fa fa-chevron-up','chevron up','&#xf077'),(89,'fa fa-child','child','&#xf1ae'),(90,'fa fa-chrome','chrome','&#xf268'),(91,'fa fa-circle','circle','&#xf111'),(92,'fa fa-circle-o','circle o','&#xf10c'),(93,'fa fa-circle-o-notch','circle o notch','&#xf1ce'),(94,'fa fa-circle-thin','circle thin','&#xf1db'),(95,'fa fa-clipboard','clipboard','&#xf0ea'),(96,'fa fa-clock-o','clock o','&#xf017'),(97,'fa fa-clone','clone','&#xf24d'),(98,'fa fa-close','close','&#xf00d'),(99,'fa fa-cloud','cloud','&#xf0c2'),(100,'fa fa-cloud-download','cloud download','&#xf0ed'),(101,'fa fa-cloud-upload','cloud upload','&#xf0ee'),(102,'fa fa-cny','cny','&#xf157'),(103,'fa fa-code','code','&#xf121'),(104,'fa fa-code-fork','code fork','&#xf126'),(105,'fa fa-codepen','codepen','&#xf1cb'),(106,'fa fa-coffee','coffee','&#xf0f4'),(107,'fa fa-cog','cog','&#xf013'),(108,'fa fa-cogs','cogs','&#xf085'),(109,'fa fa-columns','columns','&#xf0db'),(110,'fa fa-comment','comment','&#xf075'),(111,'fa fa-comment-o','comment o','&#xf0e5'),(112,'fa fa-commenting','commenting','&#xf27a'),(113,'fa fa-commenting-o','commenting o','&#xf27b'),(114,'fa fa-comments','comments','&#xf086'),(115,'fa fa-comments-o','comments o','&#xf0e6'),(116,'fa fa-compass','compass','&#xf14e'),(117,'fa fa-compress','compress','&#xf066'),(118,'fa fa-connectdevelop','connectdevelop','&#xf20e'),(119,'fa fa-contao','contao','&#xf26d'),(120,'fa fa-copy','copy','&#xf0c5'),(121,'fa fa-copyright','copyright','&#xf1f9'),(122,'fa fa-creative-commons','creative commons','&#xf25e'),(123,'fa fa-credit-card','credit card','&#xf09d'),(124,'fa fa-crop','crop','&#xf125'),(125,'fa fa-crosshairs','crosshairs','&#xf05b'),(126,'fa fa-css3','css3','&#xf13c'),(127,'fa fa-cube','cube','&#xf1b2'),(128,'fa fa-cubes','cubes','&#xf1b3'),(129,'fa fa-cut','cut','&#xf0c4'),(130,'fa fa-cutlery','cutlery','&#xf0f5'),(131,'fa fa-dashboard','dashboard','&#xf0e4'),(132,'fa fa-dashcube','dashcube','&#xf210'),(133,'fa fa-database','database','&#xf1c0'),(134,'fa fa-dedent','dedent','&#xf03b'),(135,'fa fa-delicious','delicious','&#xf1a5'),(136,'fa fa-desktop','desktop','&#xf108'),(137,'fa fa-deviantart','deviantart','&#xf1bd'),(138,'fa fa-diamond','diamond','&#xf219'),(139,'fa fa-digg','digg','&#xf1a6'),(140,'fa fa-dollar','dollar','&#xf155'),(141,'fa fa-download','download','&#xf019'),(142,'fa fa-dribbble','dribbble','&#xf17d'),(143,'fa fa-dropbox','dropbox','&#xf16b'),(144,'fa fa-drupal','drupal','&#xf1a9'),(145,'fa fa-edit','edit','&#xf044'),(146,'fa fa-eject','eject','&#xf052'),(147,'fa fa-ellipsis-h','ellipsis h','&#xf141'),(148,'fa fa-ellipsis-v','ellipsis v','&#xf142'),(149,'fa fa-empire','empire','&#xf1d1'),(150,'fa fa-envelope','envelope','&#xf0e0'),(151,'fa fa-envelope-o','envelope o','&#xf003'),(152,'fa fa-eur','eur','&#xf153'),(153,'fa fa-euro','euro','&#xf153'),(154,'fa fa-exchange','exchange','&#xf0ec'),(155,'fa fa-exclamation','exclamation','&#xf12a'),(156,'fa fa-exclamation-circle','exclamation circle','&#xf06a'),(157,'fa fa-exclamation-triangle','exclamation triangle','&#xf071'),(158,'fa fa-expand','expand','&#xf065'),(159,'fa fa-expeditedssl','expeditedssl','&#xf23e'),(160,'fa fa-external-link','external link','&#xf08e'),(161,'fa fa-external-link-square','external link square','&#xf14c'),(162,'fa fa-eye','eye','&#xf06e'),(163,'fa fa-eye-slash','eye slash','&#xf070'),(164,'fa fa-eyedropper','eyedropper','&#xf1fb'),(165,'fa fa-facebook','facebook','&#xf09a'),(166,'fa fa-facebook-f','facebook f','&#xf09a'),(167,'fa fa-facebook-official','facebook official','&#xf230'),(168,'fa fa-facebook-square','facebook square','&#xf082'),(169,'fa fa-fast-backward','fast backward','&#xf049'),(170,'fa fa-fast-forward','fast forward','&#xf050'),(171,'fa fa-fax','fax','&#xf1ac'),(172,'fa fa-feed','feed','&#xf09e'),(173,'fa fa-female','female','&#xf182'),(174,'fa fa-fighter-jet','fighter jet','&#xf0fb'),(175,'fa fa-file','file','&#xf15b'),(176,'fa fa-file-archive-o','file archive o','&#xf1c6'),(177,'fa fa-file-audio-o','file audio o','&#xf1c7'),(178,'fa fa-file-code-o','file code o','&#xf1c9'),(179,'fa fa-file-excel-o','file excel o','&#xf1c3'),(180,'fa fa-file-image-o','file image o','&#xf1c5'),(181,'fa fa-file-movie-o','file movie o','&#xf1c8'),(182,'fa fa-file-o','file o','&#xf016'),(183,'fa fa-file-pdf-o','file pdf o','&#xf1c1'),(184,'fa fa-file-photo-o','file photo o','&#xf1c5'),(185,'fa fa-file-picture-o','file picture o','&#xf1c5'),(186,'fa fa-file-powerpoint-o','file powerpoint o','&#xf1c4'),(187,'fa fa-file-sound-o','file sound o','&#xf1c7'),(188,'fa fa-file-text','file text','&#xf15c'),(189,'fa fa-file-text-o','file text o','&#xf0f6'),(190,'fa fa-file-video-o','file video o','&#xf1c8'),(191,'fa fa-file-word-o','file word o','&#xf1c2'),(192,'fa fa-file-zip-o','file zip o','&#xf1c6'),(193,'fa fa-files-o','files o','&#xf0c5'),(194,'fa fa-film','film','&#xf008'),(195,'fa fa-filter','filter','&#xf0b0'),(196,'fa fa-fire','fire','&#xf06d'),(197,'fa fa-fire-extinguisher','fire extinguisher','&#xf134'),(198,'fa fa-firefox','firefox','&#xf269'),(199,'fa fa-flag','flag','&#xf024'),(200,'fa fa-flag-checkered','flag checkered','&#xf11e'),(201,'fa fa-flag-o','flag o','&#xf11d'),(202,'fa fa-flash','flash','&#xf0e7'),(203,'fa fa-flask','flask','&#xf0c3'),(204,'fa fa-flickr','flickr','&#xf16e'),(205,'fa fa-floppy-o','floppy o','&#xf0c7'),(206,'fa fa-folder','folder','&#xf07b'),(207,'fa fa-folder-o','folder o','&#xf114'),(208,'fa fa-folder-open','folder open','&#xf07c'),(209,'fa fa-folder-open-o','folder open o','&#xf115'),(210,'fa fa-font','font','&#xf031'),(211,'fa fa-fonticons','fonticons','&#xf280'),(212,'fa fa-forumbee','forumbee','&#xf211'),(213,'fa fa-forward','forward','&#xf04e'),(214,'fa fa-foursquare','foursquare','&#xf180'),(215,'fa fa-frown-o','frown o','&#xf119'),(216,'fa fa-futbol-o','futbol o','&#xf1e3'),(217,'fa fa-gamepad','gamepad','&#xf11b'),(218,'fa fa-gavel','gavel','&#xf0e3'),(219,'fa fa-gbp','gbp','&#xf154'),(220,'fa fa-ge','ge','&#xf1d1'),(221,'fa fa-gear','gear','&#xf013'),(222,'fa fa-gears','gears','&#xf085'),(223,'fa fa-genderless','genderless','&#xf22d'),(224,'fa fa-get-pocket','get pocket','&#xf265'),(225,'fa fa-gg','gg','&#xf260'),(226,'fa fa-gg-circle','gg circle','&#xf261'),(227,'fa fa-gift','gift','&#xf06b'),(228,'fa fa-git','git','&#xf1d3'),(229,'fa fa-git-square','git square','&#xf1d2'),(230,'fa fa-github','github','&#xf09b'),(231,'fa fa-github-alt','github alt','&#xf113'),(232,'fa fa-github-square','github square','&#xf092'),(233,'fa fa-gittip','gittip','&#xf184'),(234,'fa fa-glass','glass','&#xf000'),(235,'fa fa-globe','globe','&#xf0ac'),(236,'fa fa-google','google','&#xf1a0'),(237,'fa fa-google-plus','google plus','&#xf0d5'),(238,'fa fa-google-plus-square','google plus square','&#xf0d4'),(239,'fa fa-google-wallet','google wallet','&#xf1ee'),(240,'fa fa-graduation-cap','graduation cap','&#xf19d'),(241,'fa fa-gratipay','gratipay','&#xf184'),(242,'fa fa-group','group','&#xf0c0'),(243,'fa fa-h-square','h square','&#xf0fd'),(244,'fa fa-hacker-news','hacker news','&#xf1d4'),(245,'fa fa-hand-grab-o','hand grab o','&#xf255'),(246,'fa fa-hand-lizard-o','hand lizard o','&#xf258'),(247,'fa fa-hand-o-down','hand o down','&#xf0a7'),(248,'fa fa-hand-o-left','hand o left','&#xf0a5'),(249,'fa fa-hand-o-right','hand o right','&#xf0a4'),(250,'fa fa-hand-o-up','hand o up','&#xf0a6'),(251,'fa fa-hand-paper-o','hand paper o','&#xf256'),(252,'fa fa-hand-peace-o','hand peace o','&#xf25b'),(253,'fa fa-hand-pointer-o','hand pointer o','&#xf25a'),(254,'fa fa-hand-rock-o','hand rock o','&#xf255'),(255,'fa fa-hand-scissors-o','hand scissors o','&#xf257'),(256,'fa fa-hand-spock-o','hand spock o','&#xf259'),(257,'fa fa-hand-stop-o','hand stop o','&#xf256'),(258,'fa fa-hdd-o','hdd o','&#xf0a0'),(259,'fa fa-header','header','&#xf1dc'),(260,'fa fa-headphones','headphones','&#xf025'),(261,'fa fa-heart','heart','&#xf004'),(262,'fa fa-heart-o','heart o','&#xf08a'),(263,'fa fa-heartbeat','heartbeat','&#xf21e'),(264,'fa fa-history','history','&#xf1da'),(265,'fa fa-home','home','&#xf015'),(266,'fa fa-hospital-o','hospital o','&#xf0f8'),(267,'fa fa-hotel','hotel','&#xf236'),(268,'fa fa-hourglass','hourglass','&#xf254'),(269,'fa fa-hourglass-1','hourglass 1','&#xf251'),(270,'fa fa-hourglass-2','hourglass 2','&#xf252'),(271,'fa fa-hourglass-3','hourglass 3','&#xf253'),(272,'fa fa-hourglass-end','hourglass end','&#xf253'),(273,'fa fa-hourglass-half','hourglass half','&#xf252'),(274,'fa fa-hourglass-o','hourglass o','&#xf250'),(275,'fa fa-hourglass-start','hourglass start','&#xf251'),(276,'fa fa-houzz','houzz','&#xf27c'),(277,'fa fa-html5','html5','&#xf13b'),(278,'fa fa-i-cursor','i cursor','&#xf246'),(279,'fa fa-ils','ils','&#xf20b'),(280,'fa fa-image','image','&#xf03e'),(281,'fa fa-inbox','inbox','&#xf01c'),(282,'fa fa-indent','indent','&#xf03c'),(283,'fa fa-industry','industry','&#xf275'),(284,'fa fa-info','info','&#xf129'),(285,'fa fa-info-circle','info circle','&#xf05a'),(286,'fa fa-inr','inr','&#xf156'),(287,'fa fa-instagram','instagram','&#xf16d'),(288,'fa fa-institution','institution','&#xf19c'),(289,'fa fa-internet-explorer','internet explorer','&#xf26b'),(290,'fa fa-intersex','intersex','&#xf224'),(291,'fa fa-ioxhost','ioxhost','&#xf208'),(292,'fa fa-italic','italic','&#xf033'),(293,'fa fa-joomla','joomla','&#xf1aa'),(294,'fa fa-jpy','jpy','&#xf157'),(295,'fa fa-jsfiddle','jsfiddle','&#xf1cc'),(296,'fa fa-key','key','&#xf084'),(297,'fa fa-keyboard-o','keyboard o','&#xf11c'),(298,'fa fa-krw','krw','&#xf159'),(299,'fa fa-language','language','&#xf1ab'),(300,'fa fa-laptop','laptop','&#xf109'),(301,'fa fa-lastfm','lastfm','&#xf202'),(302,'fa fa-lastfm-square','lastfm square','&#xf203'),(303,'fa fa-leaf','leaf','&#xf06c'),(304,'fa fa-leanpub','leanpub','&#xf212'),(305,'fa fa-legal','legal','&#xf0e3'),(306,'fa fa-lemon-o','lemon o','&#xf094'),(307,'fa fa-level-down','level down','&#xf149'),(308,'fa fa-level-up','level up','&#xf148'),(309,'fa fa-life-bouy','life bouy','&#xf1cd'),(310,'fa fa-life-buoy','life buoy','&#xf1cd'),(311,'fa fa-life-ring','life ring','&#xf1cd'),(312,'fa fa-life-saver','life saver','&#xf1cd'),(313,'fa fa-lightbulb-o','lightbulb o','&#xf0eb'),(314,'fa fa-line-chart','line chart','&#xf201'),(315,'fa fa-link','link','&#xf0c1'),(316,'fa fa-linkedin','linkedin','&#xf0e1'),(317,'fa fa-linkedin-square','linkedin square','&#xf08c'),(318,'fa fa-linux','linux','&#xf17c'),(319,'fa fa-list','list','&#xf03a'),(320,'fa fa-list-alt','list alt','&#xf022'),(321,'fa fa-list-ol','list ol','&#xf0cb'),(322,'fa fa-list-ul','list ul','&#xf0ca'),(323,'fa fa-location-arrow','location arrow','&#xf124'),(324,'fa fa-lock','lock','&#xf023'),(325,'fa fa-long-arrow-down','long arrow down','&#xf175'),(326,'fa fa-long-arrow-left','long arrow left','&#xf177'),(327,'fa fa-long-arrow-right','long arrow right','&#xf178'),(328,'fa fa-long-arrow-up','long arrow up','&#xf176'),(329,'fa fa-magic','magic','&#xf0d0'),(330,'fa fa-magnet','magnet','&#xf076'),(331,'fa fa-mars-stroke-v','mars stroke v','&#xf22a'),(332,'fa fa-maxcdn','maxcdn','&#xf136'),(333,'fa fa-meanpath','meanpath','&#xf20c'),(334,'fa fa-medium','medium','&#xf23a'),(335,'fa fa-medkit','medkit','&#xf0fa'),(336,'fa fa-meh-o','meh o','&#xf11a'),(337,'fa fa-mercury','mercury','&#xf223'),(338,'fa fa-microphone','microphone','&#xf130'),(339,'fa fa-mobile','mobile','&#xf10b'),(340,'fa fa-motorcycle','motorcycle','&#xf21c'),(341,'fa fa-mouse-pointer','mouse pointer','&#xf245'),(342,'fa fa-music','music','&#xf001'),(343,'fa fa-navicon','navicon','&#xf0c9'),(344,'fa fa-neuter','neuter','&#xf22c'),(345,'fa fa-newspaper-o','newspaper o','&#xf1ea'),(346,'fa fa-opencart','opencart','&#xf23d'),(347,'fa fa-openid','openid','&#xf19b'),(348,'fa fa-opera','opera','&#xf26a'),(349,'fa fa-outdent','outdent','&#xf03b'),(350,'fa fa-pagelines','pagelines','&#xf18c'),(351,'fa fa-paper-plane-o','paper plane o','&#xf1d9'),(352,'fa fa-paperclip','paperclip','&#xf0c6'),(353,'fa fa-paragraph','paragraph','&#xf1dd'),(354,'fa fa-paste','paste','&#xf0ea'),(355,'fa fa-pause','pause','&#xf04c'),(356,'fa fa-paw','paw','&#xf1b0'),(357,'fa fa-paypal','paypal','&#xf1ed'),(358,'fa fa-pencil','pencil','&#xf040'),(359,'fa fa-pencil-square-o','pencil square o','&#xf044'),(360,'fa fa-phone','phone','&#xf095'),(361,'fa fa-photo','photo','&#xf03e'),(362,'fa fa-picture-o','picture o','&#xf03e'),(363,'fa fa-pie-chart','pie chart','&#xf200'),(364,'fa fa-pied-piper','pied piper','&#xf1a7'),(365,'fa fa-pied-piper-alt','pied piper alt','&#xf1a8'),(366,'fa fa-pinterest','pinterest','&#xf0d2'),(367,'fa fa-pinterest-p','pinterest p','&#xf231'),(368,'fa fa-pinterest-square','pinterest square','&#xf0d3'),(369,'fa fa-plane','plane','&#xf072'),(370,'fa fa-play','play','&#xf04b'),(371,'fa fa-play-circle','play circle','&#xf144'),(372,'fa fa-play-circle-o','play circle o','&#xf01d'),(373,'fa fa-plug','plug','&#xf1e6'),(374,'fa fa-plus','plus','&#xf067'),(375,'fa fa-plus-circle','plus circle','&#xf055'),(376,'fa fa-plus-square','plus square','&#xf0fe'),(377,'fa fa-plus-square-o','plus square o','&#xf196'),(378,'fa fa-power-off','power off','&#xf011'),(379,'fa fa-print','print','&#xf02f'),(380,'fa fa-puzzle-piece','puzzle piece','&#xf12e'),(381,'fa fa-qq','qq','&#xf1d6'),(382,'fa fa-qrcode','qrcode','&#xf029'),(383,'fa fa-question','question','&#xf128'),(384,'fa fa-question-circle','question circle','&#xf059'),(385,'fa fa-quote-left','quote left','&#xf10d'),(386,'fa fa-quote-right','quote right','&#xf10e'),(387,'fa fa-ra','ra','&#xf1d0'),(388,'fa fa-random','random','&#xf074'),(389,'fa fa-rebel','rebel','&#xf1d0'),(390,'fa fa-recycle','recycle','&#xf1b8'),(391,'fa fa-reddit','reddit','&#xf1a1'),(392,'fa fa-reddit-square','reddit square','&#xf1a2'),(393,'fa fa-refresh','refresh','&#xf021'),(394,'fa fa-registered','registered','&#xf25d'),(395,'fa fa-remove','remove','&#xf00d'),(396,'fa fa-renren','renren','&#xf18b'),(397,'fa fa-reorder','reorder','&#xf0c9'),(398,'fa fa-repeat','repeat','&#xf01e'),(399,'fa fa-reply','reply','&#xf112'),(400,'fa fa-reply-all','reply all','&#xf122'),(401,'fa fa-retweet','retweet','&#xf079'),(402,'fa fa-rmb','rmb','&#xf157'),(403,'fa fa-road','road','&#xf018'),(404,'fa fa-rocket','rocket','&#xf135'),(405,'fa fa-rotate-left','rotate left','&#xf0e2'),(406,'fa fa-rotate-right','rotate right','&#xf01e'),(407,'fa fa-rouble','rouble','&#xf158'),(408,'fa fa-rss','rss','&#xf09e'),(409,'fa fa-rss-square','rss square','&#xf143'),(410,'fa fa-rub','rub','&#xf158'),(411,'fa fa-ruble','ruble','&#xf158'),(412,'fa fa-rupee','rupee','&#xf156'),(413,'fa fa-safari','safari','&#xf267'),(414,'fa fa-sliders','sliders','&#xf1de'),(415,'fa fa-slideshare','slideshare','&#xf1e7'),(416,'fa fa-smile-o','smile o','&#xf118'),(417,'fa fa-sort-asc','sort asc','&#xf0de'),(418,'fa fa-sort-desc','sort desc','&#xf0dd'),(419,'fa fa-sort-down','sort down','&#xf0dd'),(420,'fa fa-spinner','spinner','&#xf110'),(421,'fa fa-spoon','spoon','&#xf1b1'),(422,'fa fa-spotify','spotify','&#xf1bc'),(423,'fa fa-square','square','&#xf0c8'),(424,'fa fa-square-o','square o','&#xf096'),(425,'fa fa-star','star','&#xf005'),(426,'fa fa-star-half','star half','&#xf089'),(427,'fa fa-stop','stop','&#xf04d'),(428,'fa fa-subscript','subscript','&#xf12c'),(429,'fa fa-tablet','tablet','&#xf10a'),(430,'fa fa-tachometer','tachometer','&#xf0e4'),(431,'fa fa-tag','tag','&#xf02b'),(432,'fa fa-tags','tags','&#xf02c'),(433,'fa fa-scissors','Scissors',NULL),(434,'fa fa-search','Search',NULL),(435,'fa fa-search-minus','Search minus',NULL),(436,'fa fa-search-plus','Search plus',NULL),(437,'fa fa-sellsy','Sellsy',NULL),(438,'fa fa-server','Server',NULL),(439,'fa fa-share','Share',NULL),(440,'fa fa-share-alt','Share alt',NULL),(441,'fa fa-share-alt-square','Share alt square',NULL),(442,'fa fa-share-square','Share square',NULL),(443,'fa fa-share-square-o','Share square o',NULL),(444,'fa fa-shield','Shield',NULL),(445,'fa fa-ship','Ship',NULL),(446,'fa fa-shirtsinbulk','Shirtsinbulk',NULL),(447,'fa fa-shopping-cart','Shopping cart',NULL),(448,'fa fa-sign-in','Sign in',NULL),(449,'fa fa-sign-out','Sign out',NULL),(450,'fa fa-signal','Signal',NULL),(451,'fa fa-simplybuilt','Simplybuilt',NULL),(452,'fa fa-sitemap','Sitemap',NULL),(453,'fa fa-skyatlas','Skyatlas',NULL),(454,'fa fa-skype','Skype',NULL),(455,'fa fa-slack','Slack',NULL),(456,'fa fa-sliders','Sliders',NULL),(457,'fa fa-slideshare','Slideshare',NULL),(458,'fa fa-smile-o','Smile o',NULL),(459,'fa fa-sort','Sort',NULL),(460,'fa fa-sort-alpha-asc','Sort alpha asc',NULL),(461,'fa fa-sort-alpha-desc','Sort alpha desc',NULL),(462,'fa fa-sort-amount-asc','Sort amount asc',NULL),(463,'fa fa-sort-amount-desc','Sort amount desc',NULL),(464,'fa fa-sort-asc','Sort asc',NULL),(465,'fa fa-sort-desc','Sort desc',NULL),(466,'fa fa-sort-numeric-asc','Sort numeric asc',NULL),(467,'fa fa-sort-numeric-desc','Sort numeric desc',NULL),(468,'fa fa-soundcloud','Soundcloud',NULL),(469,'fa fa-space-shuttle','Space shuttle',NULL),(470,'fa fa-spinner','Spinner',NULL),(471,'fa fa-spoon','Spoon',NULL),(472,'fa fa-spotify','Spotify',NULL),(473,'fa fa-square','Square',NULL),(474,'fa fa-square-o','Square o',NULL),(475,'fa fa-stack-exchange','Stack exchange',NULL),(476,'fa fa-stack-overflow','Stack overflow',NULL),(477,'fa fa-star','Star',NULL),(478,'fa fa-star-half','Star half',NULL),(479,'fa fa-star-half-o','Star half o',NULL),(480,'fa fa-star-o','Star o',NULL),(481,'fa fa-steam','Steam',NULL),(482,'fa fa-steam-square','Steam square',NULL),(483,'fa fa-step-backward','Step backward',NULL),(484,'fa fa-step-forward','Step forward',NULL),(485,'fa fa-stethoscope','Stethoscope',NULL),(486,'fa fa-sticky-note','Sticky note',NULL),(487,'fa fa-sticky-note-o','Sticky note o',NULL),(488,'fa fa-stop','Stop',NULL),(489,'fa fa-street-view','Street view',NULL),(490,'fa fa-strikethrough','Strikethrough',NULL),(491,'fa fa-stumbleupon','Stumbleupon',NULL),(492,'fa fa-stumbleupon-circle','Stumbleupon circle',NULL),(493,'fa fa-subscript','Subscript',NULL),(494,'fa fa-subway','Subway',NULL),(495,'fa fa-suitcase','Suitcase',NULL),(496,'fa fa-sun-o','Sun o',NULL),(497,'fa fa-superscript','Superscript',NULL),(498,'fa fa-table','Table',NULL),(499,'fa fa-tablet','Tablet',NULL),(500,'fa fa-tachometer','Tachometer',NULL),(501,'fa fa-tag','Tag',NULL),(502,'fa fa-tags','Tags',NULL),(503,'fa fa-tasks','Tasks',NULL),(504,'fa fa-taxi','Taxi',NULL),(505,'fa fa-television','Television',NULL),(506,'fa fa-tencent-weibo','Tencent weibo',NULL),(507,'fa fa-terminal','Terminal',NULL),(508,'fa fa-text-height','Text height',NULL),(509,'fa fa-text-width','Text width',NULL),(510,'fa fa-th','Th',NULL),(511,'fa fa-th-large','Th large',NULL),(512,'fa fa-th-list','Th list',NULL),(513,'fa fa-thumb-tack','Thumb tack',NULL),(514,'fa fa-thumbs-down','Thumbs down',NULL),(515,'fa fa-thumbs-o-down','Thumbs o down',NULL),(516,'fa fa-thumbs-o-up','Thumbs o up',NULL),(517,'fa fa-thumbs-up','Thumbs up',NULL),(518,'fa fa-ticket','Ticket',NULL),(519,'fa fa-times','Times',NULL),(520,'fa fa-times-circle','Times circle',NULL),(521,'fa fa-times-circle-o','Times circle o',NULL),(522,'fa fa-tint','Tint',NULL),(523,'fa fa-toggle-off','Toggle off',NULL),(524,'fa fa-toggle-on','Toggle on',NULL),(525,'fa fa-trademark','Trademark',NULL),(526,'fa fa-train','Train',NULL),(527,'fa fa-transgender','Transgender',NULL),(528,'fa fa-transgender-alt','Transgender alt',NULL),(529,'fa fa-trash','Trash',NULL),(530,'fa fa-trash-o','Trash o',NULL),(531,'fa fa-tree','Tree',NULL),(532,'fa fa-trello','Trello',NULL),(533,'fa fa-tripadvisor','Tripadvisor',NULL),(534,'fa fa-trophy','Trophy',NULL),(535,'fa fa-truck','Truck',NULL),(536,'fa fa-try','Try',NULL),(537,'fa fa-tty','Tty',NULL),(538,'fa fa-tumblr','Tumblr',NULL),(539,'fa fa-tumblr-square','Tumblr square',NULL),(540,'fa fa-twitch','Twitch',NULL),(541,'fa fa-twitter','Twitter',NULL),(542,'fa fa-twitter-square','Twitter square',NULL),(543,'fa fa-umbrella','Umbrella',NULL),(544,'fa fa-underline','Underline',NULL),(545,'fa fa-undo','Undo',NULL),(546,'fa fa-university','University',NULL),(547,'fa fa-unlock','Unlock',NULL),(548,'fa fa-unlock-alt','Unlock alt',NULL),(549,'fa fa-upload','Upload',NULL),(550,'fa fa-usd','Usd',NULL),(551,'fa fa-user','User',NULL),(552,'fa fa-user-md','User md',NULL),(553,'fa fa-user-plus','User plus',NULL),(554,'fa fa-user-secret','User secret',NULL),(555,'fa fa-user-times','User times',NULL),(556,'fa fa-users','Users',NULL),(557,'fa fa-venus','Venus',NULL),(558,'fa fa-venus-double','Venus double',NULL),(559,'fa fa-venus-mars','Venus mars',NULL),(560,'fa fa-viacoin','Viacoin',NULL),(561,'fa fa-video-camera','Video camera',NULL),(562,'fa fa-vimeo','Vimeo',NULL),(563,'fa fa-vimeo-square','Vimeo square',NULL),(564,'fa fa-vine','Vine',NULL),(565,'fa fa-vk','Vk',NULL),(566,'fa fa-volume-down','Volume down',NULL),(567,'fa fa-volume-off','Volume off',NULL),(568,'fa fa-volume-up','Volume up',NULL),(569,'fa fa-weibo','Weibo',NULL),(570,'fa fa-weixin','Weixin',NULL),(571,'fa fa-whatsapp','Whatsapp',NULL),(572,'fa fa-wheelchair','Wheelchair',NULL),(573,'fa fa-wifi','Wifi',NULL),(574,'fa fa-wikipedia-w','Wikipedia w',NULL),(575,'fa fa-windows','Windows',NULL),(576,'fa fa-wordpress','Wordpress',NULL),(577,'fa fa-wrench','Wrench',NULL),(578,'fa fa-xing','Xing',NULL),(579,'fa fa-xing-square','Xing square',NULL),(580,'fa fa-y-combinator','Y combinator',NULL),(581,'fa fa-yahoo','Yahoo',NULL),(582,'fa fa-yelp','Yelp',NULL),(583,'fa fa-youtube','Youtube',NULL),(584,'fa fa-youtube-play','Youtube play',NULL),(585,'fa fa-youtube-square','Youtube square',NULL);

/*Table structure for table `information` */

DROP TABLE IF EXISTS `information`;

CREATE TABLE `information` (
  `information_id` int(11) NOT NULL AUTO_INCREMENT,
  `information_title` varchar(100) DEFAULT NULL,
  `information_desc` text,
  `information_img` varchar(255) DEFAULT NULL,
  `information_publish` tinyint(1) DEFAULT '0',
  `user_user_id` int(11) DEFAULT NULL,
  `information_input_date` timestamp NULL DEFAULT NULL,
  `information_last_update` timestamp NULL DEFAULT NULL,
  PRIMARY KEY (`information_id`),
  KEY `fk_information_users1_idx` (`user_user_id`),
  CONSTRAINT `fk_information_users1` FOREIGN KEY (`user_user_id`) REFERENCES `users` (`user_id`) ON DELETE SET NULL ON UPDATE SET NULL
) ENGINE=InnoDB AUTO_INCREMENT=3 DEFAULT CHARSET=latin1;

/*Data for the table `information` */

insert  into `information`(`information_id`,`information_title`,`information_desc`,`information_img`,`information_publish`,`user_user_id`,`information_input_date`,`information_last_update`) values (1,'segara lunasi','<p>segera lunasi spp dan seragam Pesantren</p>','segara_lunasi.jpg',1,1,'2020-06-26 21:50:52','2020-06-26 21:51:02'),(2,'Penerimaan Santri Baru Tahun Ajaran 2023/2023','<p>Penerimaan Santri Baru (PSB) Tahun Ajaran 2023/2024.</p>\r\n<p>Saat ini Pondok Pesantren Al-Mubarok Membuka Peneriman Santri Baru Tahun Ajaran 2023/2024. Informasi Lebih Lanjut Hubungi :</p>\r\n<p>1. Ust. Aiman Abdillah, S.Pd.I : 0819-0614-9432<br>2. Ust. Heri Irawan, SM : 0877-0997-9393</p>','Penerimaan_Santri_Baru_Tahun_Ajaran_20232023.jpg',1,18,'2023-01-11 15:37:40','2023-02-07 13:12:09');

/*Table structure for table `logs` */

DROP TABLE IF EXISTS `logs`;

CREATE TABLE `logs` (
  `log_id` int(11) NOT NULL AUTO_INCREMENT,
  `log_date` timestamp NULL DEFAULT NULL,
  `log_action` varchar(45) DEFAULT NULL,
  `log_module` varchar(45) DEFAULT NULL,
  `log_info` text,
  `user_id` int(11) DEFAULT NULL,
  PRIMARY KEY (`log_id`),
  KEY `fk_g_activity_log_g_user1_idx` (`user_id`),
  CONSTRAINT `fk_g_activity_log_g_user1` FOREIGN KEY (`user_id`) REFERENCES `users` (`user_id`) ON DELETE SET NULL ON UPDATE SET NULL
) ENGINE=InnoDB AUTO_INCREMENT=31 DEFAULT CHARSET=latin1;

/*Data for the table `logs` */

insert  into `logs`(`log_id`,`log_date`,`log_action`,`log_module`,`log_info`,`user_id`) values (1,'2023-05-27 13:27:48','Hapus','Modul','ID:15; Label:Kirim Tagihan',1),(2,'2023-05-27 13:28:04','Hapus','Modul','ID:58; Label:Sequence Document',1),(3,'2023-05-27 15:50:12','Tambah','book_request','ID:null;Title:',NULL),(4,'2023-05-27 15:52:11','Tambah','book_request','ID:null;Title:',NULL),(5,'2023-05-27 18:56:12','Tambah','book_request','ID:null;Title:',NULL),(6,'2023-05-27 20:20:35','Tambah','book_request','ID:null;Title:',NULL),(7,'2023-05-27 20:22:06','Tambah','book_request','ID:null;Title:',NULL),(8,'2023-05-27 20:48:37','Hapus','Modul','ID:36; Label:Rekap Pembayaran',1),(9,'2023-05-27 20:48:52','Hapus','Modul','ID:37; Label:Tagihan Santri',1),(10,'2023-05-27 20:49:00','Hapus','Modul','ID:35; Label:Lap. Pembayaran',1),(11,'2023-05-27 20:49:16','Hapus','Modul','ID:39; Label:Lap. Presensi By Date',1),(12,'2023-05-27 20:49:24','Hapus','Modul','ID:40; Label:Lap. Presensi By Month',1),(13,'2023-05-27 20:49:30','Hapus','Modul','ID:38; Label:Lap. Kepegawaian',1),(14,'2023-05-27 20:55:41','Hapus','Modul','ID:50; Label:Jadwal Piket',1),(15,'2023-05-27 20:57:53','Hapus','user','ID:19;Title:Transferan',1),(16,'2023-05-27 21:09:41','Tambah','book_request','ID:null;Title:',NULL),(17,'2023-05-28 12:22:13','Tambah','book_request','ID:null;Title:',NULL),(18,'2023-05-28 14:00:03','Tambah','member','ID:519;Name:nama anggota',1),(19,'2023-05-28 14:00:15','Hapus','member','ID:519;Title:nama anggota',1),(20,'2023-05-28 14:00:31','Hapus','member','ID:16;Title:',1),(21,'2023-05-28 14:02:37','Tambah','book_request','ID:null;Title:',NULL),(22,'2023-05-28 14:35:36','Tambah','book_request','ID:null;Title:',NULL),(23,'2023-05-28 14:35:56','Hapus','book','ID:9;Title:',1),(24,'2023-05-28 14:38:54','Tambah','book_request','ID:null;Title:',NULL),(25,'2023-05-29 09:57:26','Tambah','book_request','ID:null;Title:',NULL),(26,'2023-05-29 09:58:18','Tambah','book_request','ID:null;Title:',NULL),(27,'2023-05-29 09:58:49','Tambah','book_request','ID:null;Title:',NULL),(28,'2023-05-29 09:59:18','Tambah','book_request','ID:null;Title:',NULL),(29,'2023-05-29 09:59:53','Tambah','book_request','ID:null;Title:',NULL),(30,'2023-05-29 09:59:29','Hapus','member','ID:518;Title:',1);

/*Table structure for table `member` */

DROP TABLE IF EXISTS `member`;

CREATE TABLE `member` (
  `member_id` int(11) NOT NULL AUTO_INCREMENT,
  `member_name` varchar(150) DEFAULT NULL,
  `member_gender` enum('L','P') DEFAULT NULL,
  `member_email` varchar(100) DEFAULT NULL,
  `member_password` varchar(255) DEFAULT NULL,
  `member_address` varchar(255) DEFAULT NULL,
  `member_phone` int(20) DEFAULT NULL,
  `member_img` varchar(150) DEFAULT NULL,
  `remember_token` tinyint(1) DEFAULT NULL COMMENT '1=Yes, 0=No',
  `is_active` tinyint(1) DEFAULT '1' COMMENT '1=Active, 0=Inactive',
  `created_at` datetime DEFAULT NULL,
  `created_by` varchar(100) DEFAULT NULL,
  `updated_at` datetime DEFAULT NULL,
  `updated_by` varchar(100) DEFAULT NULL,
  PRIMARY KEY (`member_id`)
) ENGINE=MyISAM AUTO_INCREMENT=520 DEFAULT CHARSET=latin1;

/*Data for the table `member` */

insert  into `member`(`member_id`,`member_name`,`member_gender`,`member_email`,`member_password`,`member_address`,`member_phone`,`member_img`,`remember_token`,`is_active`,`created_at`,`created_by`,`updated_at`,`updated_by`) values (4,'ADE IMRON ROSYADY','L','rosandy@mail.com','7c4a8d09ca3762af61e59520943dc26494f8941b','KP PADURUNG RT/RW. 008/004 DS. SUKAMENAK KEC. CIKEUSAL KAB.SERANG',2147483647,NULL,NULL,1,'2023-05-26 11:01:08','query','2023-05-26 10:21:45','Administrator'),(7,'ALFHARIZKY MAYZARDO GAUTAMA','L','','7c4a8d09ca3762af61e59520943dc26494f8941b','UNYUR KEBON KAWAT RT/RW. 001/001 DESA.KERAMATWATU KEC.KERAMATWATU KAB. SERANG',2147483647,NULL,NULL,1,'2023-05-26 11:01:08','query',NULL,NULL),(9,'ANGGA SUPRIATNA','L','','7c4a8d09ca3762af61e59520943dc26494f8941b','KP MAJA TEGAL RT/RW. 009/005 DESA.PENAMPING KEC.BANDUNG KAB.SERANG',2147483647,NULL,NULL,1,'2023-05-26 11:01:08','query',NULL,NULL),(10,'ASEP FARHAN RAMDHANI','L','','7c4a8d09ca3762af61e59520943dc26494f8941b','LINK GEREM RAYA RT/RW. 001/004 KEC.GEROGOL KOTA CILEGON',2147483647,NULL,NULL,1,'2023-05-26 11:01:08','query',NULL,NULL),(11,'DIKA HARDIANSYAH','L','','7c4a8d09ca3762af61e59520943dc26494f8941b','KP. KUBANG LABAN RT/RW. 006/003 DESA LAMBANGSARI KEC. BOJONEGARA KAB. SERANG PROV. BANTEN',2147483647,NULL,NULL,1,'2023-05-26 11:01:08','query',NULL,NULL),(12,'DIKA JUAN PUTRA','L','','7c4a8d09ca3762af61e59520943dc26494f8941b','KP. KATUPANG PAGEDANGAN RT/RW.002/001 DESA.CILAYANG KEC.CIKEUSAL KAB SERANG',2147483647,NULL,NULL,1,'2023-05-26 11:01:08','query',NULL,NULL),(13,'FAIQ AULIA MUZAKKI','L','','7c4a8d09ca3762af61e59520943dc26494f8941b','KP. SADATANI RT/RW.002/012 DESA KUBANG BAROS KEC. CINANGKA KAB.SERANG',2147483647,NULL,NULL,1,'2023-05-26 11:01:08','query',NULL,NULL),(14,'FAUZAN MARMARA','L','','7c4a8d09ca3762af61e59520943dc26494f8941b','JL. RAYA SERANG JAKARTA KM.68,8 RT/RW.003/003 DESA.NAMBO ILIR KEC.KIBIN KAB.SERANG',2147483647,NULL,NULL,1,'2023-05-26 11:01:08','query',NULL,NULL),(15,'HINDRA MARDIANSYAH','L','','7c4a8d09ca3762af61e59520943dc26494f8941b','KP. SAMPARWADI RT/RW.001/001 DESA.PUSER KEC. TIRTAYASA KAB.SERANG',2147483647,NULL,NULL,1,'2023-05-26 11:01:08','query',NULL,NULL),(17,'MUHAMMAD FADIRRAHMAN','L','','7c4a8d09ca3762af61e59520943dc26494f8941b','JL. PANGERAN JAYAKARTA. LINK TERATE UDIK RT/RW. 001/002 KEC.JOMBANG KOTA CILEGON',2147483647,NULL,NULL,1,'2023-05-26 11:01:08','query',NULL,NULL),(18,'MUHAMMAD FAQIH DEWANTARA','L','','7c4a8d09ca3762af61e59520943dc26494f8941b','KP. KEBONJATI RT 001 / RW 001 DESA KAMANISAN KECAMATAN CURUG KOTA SERANG',2147483647,NULL,NULL,1,'2023-05-26 11:01:08','query',NULL,NULL),(19,'MUHAMMAD NAZRIL ANWAR','L','','7c4a8d09ca3762af61e59520943dc26494f8941b','JL. P. JAYA KARTA LINK MARTAPURA RT/RW.002/001 KEC.JOMBANG KOTACILEGON',2147483647,NULL,NULL,1,'2023-05-26 11:01:08','query',NULL,NULL),(20,'MUHAMMAD RIFQI MAULANA','L','','7c4a8d09ca3762af61e59520943dc26494f8941b','LINK. PEGANTUNGAN BARU RT/RW.005/014 KEC.JOMBANG KOTA CILEGON',2147483647,NULL,NULL,1,'2023-05-26 11:01:08','query',NULL,NULL),(21,'RASYA HASSAN BAIZURI','L','','7c4a8d09ca3762af61e59520943dc26494f8941b','KP. KADU SUMBUL RT/RW.002/005 KEC. KARANG TANJUNG KAB. PANDEGLANG',2147483647,NULL,NULL,1,'2023-05-26 11:01:08','query',NULL,NULL),(22,'REZA ATA NUGRAHA','L','','7c4a8d09ca3762af61e59520943dc26494f8941b','JL.RAYA KARANG BOLONG KM.139 KP. KOSAMBI 2 RT/RW.002/004 DES.KARANG SURAGA KEC.CINANGKA KAB.SERANG',2147483647,NULL,NULL,1,'2023-05-26 11:01:08','query',NULL,NULL),(23,'YUGA RIZQI PRATAMA','L','','7c4a8d09ca3762af61e59520943dc26494f8941b','BUKIT MAS RESIDENCE BLOK 4F NO.1 RT/RW.002/001 CIPOCOK JAYA KOTA SERANG',2147483647,NULL,NULL,1,'2023-05-26 11:01:08','query',NULL,NULL),(24,'LOZA MAULANA','L','','7c4a8d09ca3762af61e59520943dc26494f8941b','KP. KEBANYAKAN RT/RW. 001/001 DESA.SUKAWANA KEC.SERANG KOTA SERANG',2147483647,NULL,NULL,1,'2023-05-26 11:01:08','query',NULL,NULL),(25,'AHMAD AKBAR AFIFURROHMAN','L','','7c4a8d09ca3762af61e59520943dc26494f8941b','KP. SEGLOG DS. PASIR BOLANG RT/RW. 004/002 DESA PASAR BOLANG KEC. TIGARAKSA KAB.TANGERANG',2147483647,NULL,NULL,1,'2023-05-26 11:01:08','query',NULL,NULL),(26,'ALAMSYAH PRANATAGAMA','L','','7c4a8d09ca3762af61e59520943dc26494f8941b','JL FLAMBOYAN RT/RW. 006/004 JOMBANG KOTA CILEGON',2147483647,NULL,NULL,1,'2023-05-26 11:01:08','query',NULL,NULL),(27,'AZZANY ALGIANSYAH','L','','7c4a8d09ca3762af61e59520943dc26494f8941b','LING.PEJATAN RT/RW. 004/009 KEC.SERANG KOTA SERANG',2147483647,NULL,NULL,1,'2023-05-26 11:01:08','query',NULL,NULL),(28,'IRSYAD SYAPUTRA SURONO','L','','7c4a8d09ca3762af61e59520943dc26494f8941b','PERUMAHAN CIUJUNG DAMAI C36.NO.3 RT/RW. 007/002 DESA.KENDAYAKAN KEC. KRAGILAN KAB. SERANG',2147483647,NULL,NULL,1,'2023-05-26 11:01:08','query',NULL,NULL),(29,'MUHAMMAD IQBAL RAHARDIAN NEZAR','L','','7c4a8d09ca3762af61e59520943dc26494f8941b','KP.PULO KECIL RT/RW. 002/023 BEKASI SELATAN KOTA BEKASI',2147483647,NULL,NULL,1,'2023-05-26 11:01:08','query',NULL,NULL),(30,'MUHAMMAD ADIL ROSADI','L','','7c4a8d09ca3762af61e59520943dc26494f8941b','JL. ASEM GEBOG RT/RW. 003/006 GROGOL KOTA CILEGON',2147483647,NULL,NULL,1,'2023-05-26 11:01:08','query',NULL,NULL),(31,'M. HAFIZT TRI ARJIYANTO','L','','7c4a8d09ca3762af61e59520943dc26494f8941b','KSB KAW KELAPA GADING BLOK AD 11 RT/RW. 007/010 CIPOCOK JAYA KOTA SERANG',2147483647,NULL,NULL,1,'2023-05-26 11:01:08','query',NULL,NULL),(32,'MUHAMMAD HAMKA','L','','7c4a8d09ca3762af61e59520943dc26494f8941b','JL. LING. PARUNG RT/RW. 001/004 CIPOCOK JAYA KOTA SERANG',2147483647,NULL,NULL,1,'2023-05-26 11:01:08','query',NULL,NULL),(33,'MUHAMMAD RAFFI','L','','7c4a8d09ca3762af61e59520943dc26494f8941b','JL.SUKABAKTI III NO.36 RT/RW. 003/010 TANGERANG KOTA TANGERANG',2147483647,NULL,NULL,1,'2023-05-26 11:01:08','query',NULL,NULL),(34,'NAUFAL ARDIANSYAH','L','','7c4a8d09ca3762af61e59520943dc26494f8941b','JL. JATI IX RT/RW. 003/009 KEL.SUNGAI BAMBU KEC.TANJUNG PRIUK KOTA ADM. JAKARTA UTARA',2147483647,NULL,NULL,1,'2023-05-26 11:01:08','query',NULL,NULL),(35,'NURRAHMAN SYAHBANU','L','','7c4a8d09ca3762af61e59520943dc26494f8941b','BATUJAYA TIMUR RT/RW. 001/005 BATUCEPER KOTA TANGERANG',2147483647,NULL,NULL,1,'2023-05-26 11:01:08','query',NULL,NULL),(36,'FARDHAN ADHASA','L','','7c4a8d09ca3762af61e59520943dc26494f8941b','KEBON PISANG RT/RW. 013/007 KEL. WIJAYA KUSUMA KEC. GROGOL PETAMBURAN KOTA JAKARTA BARAT PROV. DKI JAKARTA',2147483647,NULL,NULL,1,'2023-05-26 11:01:08','query',NULL,NULL),(37,'RAY OKTAVIANO','L','','7c4a8d09ca3762af61e59520943dc26494f8941b','CIMUNCANG ES RT/RW. 003/005 KEC.SERANG KOTA SERANG',2147483647,NULL,NULL,1,'2023-05-26 11:01:08','query',NULL,NULL),(38,'RULY ZULFACHMI','L','','7c4a8d09ca3762af61e59520943dc26494f8941b','KP. KUBANGKABAN RT/RW. 005/003 DESA LAMBANGSARI KEC. BOJONEGARA KAB.SERANG',2147483647,NULL,NULL,1,'2023-05-26 11:01:08','query',NULL,NULL),(39,'AIRA KHUMAIROH','P','','7c4a8d09ca3762af61e59520943dc26494f8941b','LINK. SAWAH TAMAN SARI RT/RW. 005/004 PULO MERAK KOTA CILEGON',2147483647,NULL,NULL,1,'2023-05-26 11:01:08','query',NULL,NULL),(40,'AISYAH WARDATUL JANNAH','P','','7c4a8d09ca3762af61e59520943dc26494f8941b','JL. JIWANTAKA RT/RW. 004/003 SERANG KOTA SERANG',2147483647,NULL,NULL,1,'2023-05-26 11:01:08','query',NULL,NULL),(41,'ALINDI ADJALEA PUTRI','P','','7c4a8d09ca3762af61e59520943dc26494f8941b','KP. DUKUH PINANG RT/RW.001/001 DESA SIDAMUKTI KEC.BAROS KAB.SERANG',2147483647,NULL,NULL,1,'2023-05-26 11:01:08','query',NULL,NULL),(42,'ALKHAIRA RAHMA FEBRIANTI','P','','7c4a8d09ca3762af61e59520943dc26494f8941b','KP. BOJOT RT/RW. 002/002 CURUG KOTA SERANG',2147483647,NULL,NULL,1,'2023-05-26 11:01:08','query',NULL,NULL),(43,'ATHIFAH ALILATUL BARIZA','P','','7c4a8d09ca3762af61e59520943dc26494f8941b','PERUMAHAN RANAU ESTATE 2 BLOK E NO.11 RT/RW.004/005 DESA BOJONG LELES KEC.CIBADAK KAB.LEBAK',2147483647,NULL,NULL,1,'2023-05-26 11:01:08','query',NULL,NULL),(44,'CHALSA AURA PUTRI','P','','7c4a8d09ca3762af61e59520943dc26494f8941b','JL. KUBANG PUJI DESA KUBANG PUJI RT/RW.004/001 KEC.PONTANG KAB.SERANG',2147483647,NULL,NULL,1,'2023-05-26 11:01:08','query',NULL,NULL),(45,'DINI RAHMANIA PUTRI','P','','7c4a8d09ca3762af61e59520943dc26494f8941b','KP. KEDUNG SOKA RT/RW. 001/001 KEL.GEDUNG SOKA KEC.PULO AMPEL KAB.SERANG',2147483647,NULL,NULL,1,'2023-05-26 11:01:08','query',NULL,NULL),(46,'DITA ALYA HERAWATI','P','','7c4a8d09ca3762af61e59520943dc26494f8941b','TAMAN PURI INDAH BLOK A 5 NO. 8 RT/RW. 006/017 KEC.SERANG KOTA SERANG',2147483647,NULL,NULL,1,'2023-05-26 11:01:08','query',NULL,NULL),(47,'FAZIA NURANISAH','P','','7c4a8d09ca3762af61e59520943dc26494f8941b','KETAPANG RT/RW. 002/004 KETAPANG KOTA LAMPUNG SELATAN',2147483647,NULL,NULL,1,'2023-05-26 11:01:08','query',NULL,NULL),(48,'FIRYAL CENDEKIA','P','','7c4a8d09ca3762af61e59520943dc26494f8941b','LINGK NEGLASARI RT/RW. 002/013 KEC.SERANG KOTA SERANG',817172290,NULL,NULL,1,'2023-05-26 11:01:08','query',NULL,NULL),(49,'ISMI NAZILATUL INAYAH','P','','7c4a8d09ca3762af61e59520943dc26494f8941b','JL.MARGALUYU RT/RW. 023/005 KASEMEN KOTA SERANG',2147483647,NULL,NULL,1,'2023-05-26 11:01:08','query',NULL,NULL),(50,'JASMIN HIDAYAT','P','','7c4a8d09ca3762af61e59520943dc26494f8941b','CIJAMBE RT/RW.008/004 KEL.SUKARESMI KEC.CISAAT KAB. SUKABUMI',2147483647,NULL,NULL,1,'2023-05-26 11:01:08','query',NULL,NULL),(51,'JOIA CHALYSTA KIRNA','P','','7c4a8d09ca3762af61e59520943dc26494f8941b','TAMAN MUTIARA INDAH, BLOK REA 4, NO 18, RT/RW. 006/018 KEC.SERANG KOTA SERANG',2147483647,NULL,NULL,1,'2023-05-26 11:01:08','query',NULL,NULL),(52,'KHILOURA AJENG TIVANI','P','','7c4a8d09ca3762af61e59520943dc26494f8941b','GANOMAN RT/RW. 001/007 KEL.KORIPAN KEC. MATESIH KAB.KARANGANYAR',2147483647,NULL,NULL,1,'2023-05-26 11:01:08','query',NULL,NULL),(53,'LIVIA DWI ARYANI','P','','7c4a8d09ca3762af61e59520943dc26494f8941b','TCP BLOK D 2 NO 41 RT/RW.004/006 DESA PELAWAD KEC.CIRUAS KAB.SERANG',2147483647,NULL,NULL,1,'2023-05-26 11:01:08','query',NULL,NULL),(54,'MARETTA RAHMANIA SIMANJUNTAK','P','','7c4a8d09ca3762af61e59520943dc26494f8941b','LINK BARU 1 005/004 LEBAKGEDE PULO MERAK',2147483647,NULL,NULL,1,'2023-05-26 11:01:08','query',NULL,NULL),(55,'MUSTIKA SAPUTRI','P','','7c4a8d09ca3762af61e59520943dc26494f8941b','JL. SOKHARI CIPARE JAYA RT/RW. 002/021 KEC.SERANG KOTA SERANG',2147483647,NULL,NULL,1,'2023-05-26 11:01:08','query',NULL,NULL),(56,'NADA SHOFA MULYANA','P','','7c4a8d09ca3762af61e59520943dc26494f8941b','JLN. RAYA BANTEN KP. KROYA LAMA RT/RW 006/002 KEL. KASUNYATAN KEC.KASEMEN KOTA SERANG',2147483647,NULL,NULL,1,'2023-05-26 11:01:08','query',NULL,NULL),(57,'NOVIETA DINIA ANWAR','P','','7c4a8d09ca3762af61e59520943dc26494f8941b','KP. BATU KUWUNG RT/RW.001/001 DESA BATU KUWUNG KEC.PADARINCANG KAB.SERANG',2147483647,NULL,NULL,1,'2023-05-26 11:01:08','query',NULL,NULL),(58,'PUTRI RIZKYA AZAHRA','P','','7c4a8d09ca3762af61e59520943dc26494f8941b','LINK.PAGEBANGAN RT/RW. 009/003 KEC.CILEGON KOTA CILEGON',2147483647,NULL,NULL,1,'2023-05-26 11:01:08','query',NULL,NULL),(59,'RATU FARIHA','P','','7c4a8d09ca3762af61e59520943dc26494f8941b','RUSUNAWA MARUNDA RT/RW.023/007 CILINCING KOTA ADM. JAKARTA BARAT',2147483647,NULL,NULL,1,'2023-05-26 11:01:08','query',NULL,NULL),(60,'RATU GUSTIFANI','P','','7c4a8d09ca3762af61e59520943dc26494f8941b','LING. BARU DUSUN. LINGKUNGAN BARU RT/RW. 002/008 JOMBANG KOTA CILEGON',2147483647,NULL,NULL,1,'2023-05-26 11:01:08','query',NULL,NULL),(61,'SAFANES SHERLI MAURISKA','P','','7c4a8d09ca3762af61e59520943dc26494f8941b','JL. KIAJURUM SEMPU CIPUTRI RT/RW. 005/017 SERANG KOTA SERANG',2147483647,NULL,NULL,1,'2023-05-26 11:01:08','query',NULL,NULL),(62,'SELA HANIFATUZ ZAKIYAH','P','','7c4a8d09ca3762af61e59520943dc26494f8941b','KP. CIGADEL RT/RW. 006/002 CURUG GOONG KEC.PADARINCANG KAB.SERANG',2147483647,NULL,NULL,1,'2023-05-26 11:01:08','query',NULL,NULL),(63,'SISILLIANA PRATAMA','P','','7c4a8d09ca3762af61e59520943dc26494f8941b','KP. TEBLONGAN RT/RW.006/002 DESA CILAYANG KEC. CIKEUSAL KAB.SERANG',2147483647,NULL,NULL,1,'2023-05-26 11:01:08','query',NULL,NULL),(64,'SITI REFANI','P','','7c4a8d09ca3762af61e59520943dc26494f8941b','KP KALI TANJUNG. RT/RW. 004/001 CURUG KOTA SERANG',2147483647,NULL,NULL,1,'2023-05-26 11:01:08','query',NULL,NULL),(65,'SYAHLA QURRATU\'AINI','P','','7c4a8d09ca3762af61e59520943dc26494f8941b','TAMAN BANTEN LESTARI BLOK. D5A NO.11 RT/RW. 001/021 SERANG KOTA SERANG',2147483647,NULL,NULL,1,'2023-05-26 11:01:08','query',NULL,NULL),(66,'SYILZA ARFIERA EFENDI','P','','7c4a8d09ca3762af61e59520943dc26494f8941b','LINTAS TIMUR/KETAPANG RT/RW.001/004 KETAPANG KAB. LAMPUNG SELATAN',2147483647,NULL,NULL,1,'2023-05-26 11:01:08','query',NULL,NULL),(67,'TIARA GUSTIANA WISASTRA','P','','7c4a8d09ca3762af61e59520943dc26494f8941b','JL. LEUWIDAMAR KM 03 KP. PARIUK KEDUNG RT/RW. 003/001 DESA SUKAMEKARSARI KEC. KALANGANYAR KAB.LEBAK',2147483647,NULL,NULL,1,'2023-05-26 11:01:08','query',NULL,NULL),(68,'VISKA AUTIANA','P','','7c4a8d09ca3762af61e59520943dc26494f8941b','SERANG PANDEGLANG RT/RW. 002/001 CURUG KOTA SERANG',2147483647,NULL,NULL,1,'2023-05-26 11:01:08','query',NULL,NULL),(69,'ZALLFA DIANA BILQIS','P','','7c4a8d09ca3762af61e59520943dc26494f8941b','KP.TEGAL MURNI RT/RW. 003/003 BALARAJA KAB.TANGERANG',2147483647,NULL,NULL,1,'2023-05-26 11:01:08','query',NULL,NULL),(70,'ZASKIA CHOLIFATUL LATIFAH','P','','7c4a8d09ca3762af61e59520943dc26494f8941b','CIMUNCANG SIDOMUNCUL RT/RW. 002/020 SERANG KOTA SERANG',2147483647,NULL,NULL,1,'2023-05-26 11:01:08','query',NULL,NULL),(71,'AHMAD RIZKI DARMAYAH','L','','7c4a8d09ca3762af61e59520943dc26494f8941b','LINK.LEBAK GEMPOL RT/RW.004/010 KEL.PANANCANGAN KEC.CIPOCOK JAYA KOTA SERANG PROV.BANTEN',2147483647,NULL,NULL,1,'2023-05-26 11:01:08','query',NULL,NULL),(72,'BALYU SIL ABDUL JABAR','L','','7c4a8d09ca3762af61e59520943dc26494f8941b','KP.PANGGILINGAN RT/RW.015/004 CIRACAP KEC.CIRACAP KOTA SUKABUMI PROV.JAWA BARAT',2147483647,NULL,NULL,1,'2023-05-26 11:01:08','query',NULL,NULL),(73,'FAHRI RAMADHAN','L','','7c4a8d09ca3762af61e59520943dc26494f8941b','KP PADARINCANG PJK ASEM RT/RW. 001/001 KEL. PADARINCANG KEC. PADARINCANG KAB.SERANG PROV. BANTEN',2147483647,NULL,NULL,1,'2023-05-26 11:01:08','query',NULL,NULL),(74,'FAJAR ARDIANSYAH','L','','7c4a8d09ca3762af61e59520943dc26494f8941b','KP. BLOSONG RT/RW 002/006 DS. SERDANG KEC. KRAMATWATU KAB. SERANG PROV. BANTEN',2147483647,NULL,NULL,1,'2023-05-26 11:01:08','query',NULL,NULL),(75,'FAUZAN ROMADHONI','L','','7c4a8d09ca3762af61e59520943dc26494f8941b','GANG. MASJID RT/RW 003/001 DS. ANYAR KEC. ANYAR KAB. SERANG PROV. BANTEN',2147483647,NULL,NULL,1,'2023-05-26 11:01:08','query',NULL,NULL),(76,'FIRAS SAPUTRA','L','','7c4a8d09ca3762af61e59520943dc26494f8941b','KP.PAKUPATAN RT/RW 001/003 KEL.PANANCANGAN KEC.CIPOCOK JAYA KOTA SERANG PROV.BANTEN',2147483647,NULL,NULL,1,'2023-05-26 11:01:08','query',NULL,NULL),(77,'HABILAL NASYAHRI ELFARABY','L','','7c4a8d09ca3762af61e59520943dc26494f8941b','TAMAN BANTEN LESTARI BLOK.F7D NO.1 RT/RW. 003/025 KEL. UNYUR KEC. SERANG KAB. SERANG PROV. BANTEN',2147483647,NULL,NULL,1,'2023-05-26 11:01:08','query',NULL,NULL),(78,'HALQIS DAINIMAS NUSANJA','L','','7c4a8d09ca3762af61e59520943dc26494f8941b','KP.HAUAN TEGAL RT/RW.003/005 KEL.TOBAT KEC.BALARAJA KAB.TANGERANG PROV.BANTEN',2147483647,NULL,NULL,1,'2023-05-26 11:01:08','query',NULL,NULL),(79,'IBRAHIM ALGARIZA','L','','7c4a8d09ca3762af61e59520943dc26494f8941b','KP.BANGLI RT/RW.004/002 CIMINYAK MUNCANG KEC.MUNCANG KAB.RANGKAS PROV.BANTEN',2147483647,NULL,NULL,1,'2023-05-26 11:01:08','query',NULL,NULL),(80,'IMAM SUPENDI','L','','7c4a8d09ca3762af61e59520943dc26494f8941b','KP.PERES RT/RW.002/002 DESA.PULO PANJANG KEC.PULO AMPEL KAB.SERANG PROV.BANTEN',2147483647,NULL,NULL,1,'2023-05-26 11:01:08','query',NULL,NULL),(81,'MOHAMMAD EGHARREZKY YAHDILLAH','L','','7c4a8d09ca3762af61e59520943dc26494f8941b','PERUM KEDAUNG BLOK F6/23 RT/RW.004/007 TAMAN BARU KEC.CITANGKIL KOTA CILEGON PROV.BANTEN',2147483647,NULL,NULL,1,'2023-05-26 11:01:08','query',NULL,NULL),(82,'MUHAMMAD FAIZ RAMADHAN','L','','7c4a8d09ca3762af61e59520943dc26494f8941b','KP. TAMBANG AYAM RT/RW 001/001 DS. TAMBANG AYAM KEC. ANYAR KAB. SERANG PROV. BANTEN',2147483647,NULL,NULL,1,'2023-05-26 11:01:08','query',NULL,NULL),(83,'MUHAMMAD FAJRI ASHIDQI','L','','7c4a8d09ca3762af61e59520943dc26494f8941b','LINK. TERATE UDIK RT/RW 001/002 KEL. MASIGIT KEC. JOMBANG KOTA CILEGON PROV. BANTEN',2147483647,NULL,NULL,1,'2023-05-26 11:01:08','query',NULL,NULL),(84,'MUHMMAD RIZKY MAULANA','L','','7c4a8d09ca3762af61e59520943dc26494f8941b','KP.CIGODAG RT/RW.002/001 DESA.HARJATANI KEC.KRAMATWATU KOTA.SERANG PROV.BANTEN',2147483647,NULL,NULL,1,'2023-05-26 11:01:08','query',NULL,NULL),(85,'NAFLY ALVINDO','L','','7c4a8d09ca3762af61e59520943dc26494f8941b','JL.DR.SAMRATULANGI LK.II RT/RW.003/- DESA PENENGAHAN RAYA KEC.KEDATON KOTA.BANDAR LAMPUNG PROV.LAMPUNG',2147483647,NULL,NULL,1,'2023-05-26 11:01:08','query',NULL,NULL),(86,'RAF\'AL AZMI','L','','7c4a8d09ca3762af61e59520943dc26494f8941b','LINK. CIORA WASEH RT/RW 001/002 KEL. KOTASARI KEC. GEROGOL KOTA CILEGON PROV. BANTEN',2147483647,NULL,NULL,1,'2023-05-26 11:01:08','query',NULL,NULL),(87,'ABDUL ROHMAN','L','','7c4a8d09ca3762af61e59520943dc26494f8941b','KP.KUBANG GEDE RT/RW.006/003 KEC.BOJONEGARA KAB.SERANG PROV.BANTEN',2147483647,NULL,NULL,1,'2023-05-26 11:01:08','query',NULL,NULL),(88,'AHMAD FARHANUDIN','L','','7c4a8d09ca3762af61e59520943dc26494f8941b','LING. LIJAJAR RT/RW. 019/006 DESA TEGAL RATU KEC. CIWANDAN KOTA CILEGON',2147483647,NULL,NULL,1,'2023-05-26 11:01:08','query',NULL,NULL),(89,'AHMAD RIFQI ISTIRO BAJI','L','','7c4a8d09ca3762af61e59520943dc26494f8941b','KP.PINTU KAPUK RT/RW.022/010 DESA.BOJONG RENGED KEC.TELUK NAGA KAB.TANGERANG PROV.BANTEN',2147483647,NULL,NULL,1,'2023-05-26 11:01:08','query',NULL,NULL),(90,'ALGI MAHALANI','L','','7c4a8d09ca3762af61e59520943dc26494f8941b','PERUM. BANJARSARI RT/RW 004/012 KEL. BANJAR SARI KEC. CIPOCOK JAYA KAB. SERANG PROV. BANTEN',2147483647,NULL,NULL,1,'2023-05-26 11:01:08','query',NULL,NULL),(91,'AZKA KAMAL ASYURI','L','','7c4a8d09ca3762af61e59520943dc26494f8941b','LINK. KELELET RT/RW 001/003 KEL. WARNASARI KEC. CITANGKIL KOTA CILEGON PROV. BANTEN',2147483647,NULL,NULL,1,'2023-05-26 11:01:08','query',NULL,NULL),(92,'DIRGHAWIRA WIJAYA','L','','7c4a8d09ca3762af61e59520943dc26494f8941b','SUKA MANDI.LK.04 RT/RW.016/008 BUMI AGUNG KEC.KALIANDA LAMPUNG SELATAN PROV.LAMPUNG',2147483647,NULL,NULL,1,'2023-05-26 11:01:08','query',NULL,NULL),(93,'GALUH PRATAMA','L','','7c4a8d09ca3762af61e59520943dc26494f8941b','LINK.SAWAH PULORIDA RT/RW.005/001 DESA LEBAKGEDE KEC.PULOMERAK KOTA CILEGON PROV.BANTEN',2147483647,NULL,NULL,1,'2023-05-26 11:01:08','query',NULL,NULL),(94,'MUHAMMAD SATRIA ALIKAH ZULFIKAR','L','','7c4a8d09ca3762af61e59520943dc26494f8941b','KP.KERONJO PAMONG RT/RW.003/001 DESA.KERONJO KEC.KERONJO KAB.TANGERANG PROV.BANTEN',2147483647,NULL,NULL,1,'2023-05-26 11:01:08','query',NULL,NULL),(95,'MUHANMMAD RIZKY AKBAR','L','','7c4a8d09ca3762af61e59520943dc26494f8941b','TCP BLOK H 8 NO.43 RT/RW.004/005 PELAWAD KEC.CIRUAS KAB.SERANG PROV.BANTEN',2147483647,NULL,NULL,1,'2023-05-26 11:01:08','query',NULL,NULL),(96,'NIKOLAS TIO SAMPURNA','L','','7c4a8d09ca3762af61e59520943dc26494f8941b','JL.NUSA INDAH XVI BBS II BLOK J3 NO.16 RT/RW.018/005 CIWEDUS KEC.CILEGON KOTA CILEGON PROV.BANTEN',2147483647,NULL,NULL,1,'2023-05-26 11:01:08','query',NULL,NULL),(97,'RESKI ADITYA','L','','7c4a8d09ca3762af61e59520943dc26494f8941b','KP.TEGAL KIRANA RT/RW.004/005 KERAGILAN KEC.KERAGILAN KAB.SERANG PROV.BANTEN',2147483647,NULL,NULL,0,'2023-05-26 11:01:08','query',NULL,NULL),(98,'RIDHO FIRDAUS','L','','7c4a8d09ca3762af61e59520943dc26494f8941b','LINK.BOGEG RT/RW.01/02 KEL.BANJAR AGUNG KEC. CIPOCOK JAYA KOTA SERANG PROV. BANTEN',2147483647,NULL,NULL,1,'2023-05-26 11:01:08','query',NULL,NULL),(99,'RIZKI PUTRA','L','','7c4a8d09ca3762af61e59520943dc26494f8941b','KP. KAMURANG PAL RT/RW 001/002 DS. KOSAMBIRONYOK KEC. ANYAR KAB. SERANG PROV. BANTEN',2147483647,NULL,NULL,1,'2023-05-26 11:01:08','query',NULL,NULL),(100,'SOLUARIE SIREGAR','L','','7c4a8d09ca3762af61e59520943dc26494f8941b','BUMI MUTIARA SERANG CLUSTER BI NO.1 CIPOCOK JAYA KEC.CIPOCOK JAYA KOTA.SERANG PROV.BANTEN',2147483647,NULL,NULL,1,'2023-05-26 11:01:08','query',NULL,NULL),(101,'TUBAGUS ZAYIHLU YUSUF','L','','7c4a8d09ca3762af61e59520943dc26494f8941b','KP.KEBONJATI RT/RW.001/001 DESA.KEMANISAN KEC.CURUG KOTA.SERANG PROV.BANTEN',2147483647,NULL,NULL,1,'2023-05-26 11:01:08','query',NULL,NULL),(102,'WAHYU PUTRA PRATAMA','L','','7c4a8d09ca3762af61e59520943dc26494f8941b','KP.SIMPEN DS.SIMPEN KALER RT/RW.001/005 KEC.BL LIMBANGAN KAB.GARUT PROV.JAWA BARAT',2147483647,NULL,NULL,1,'2023-05-26 11:01:08','query',NULL,NULL),(103,'YUDISTIRA PUTRA PRATAMA','L','','7c4a8d09ca3762af61e59520943dc26494f8941b','KP.CIBOGO WETAN RT/RW.005/003 KELAPA DUA KEC.KELAPA DUA KAB.TANGERANG PROV.BANTEN',2147483647,NULL,NULL,1,'2023-05-26 11:01:08','query',NULL,NULL),(104,'ALISA PUTRI AGUSTIN','P','','7c4a8d09ca3762af61e59520943dc26494f8941b','DS.KURIPAN RT/RW.005/001 KEC.PENENGAHAN KAB/KOTA.LAMPUNG SELATAN PROV.LAMPUNG',2147483647,NULL,NULL,1,'2023-05-26 11:01:08','query',NULL,NULL),(105,'ANANDA AULIYA','P','','7c4a8d09ca3762af61e59520943dc26494f8941b','KOMP.BUMI SARI PERMAI RT/RW.005/010 KASEMEN KEC.KASEMEN KOTA.SERANG PROV.BANTEN',2147483647,NULL,NULL,1,'2023-05-26 11:01:08','query',NULL,NULL),(106,'AULIAE VANESA','P','','7c4a8d09ca3762af61e59520943dc26494f8941b','LINK.IISUNGAI PINANG RT/RW.005 OGAN ILIR SUMATRA SELATAN KEC.SUNGAI PINANG KAB.OGAN ILIR PROV.SUMATRA SELATAN',2147483647,NULL,NULL,1,'2023-05-26 11:01:08','query',NULL,NULL),(107,'ELYSIA FIBRI WAHYUNI','P','','7c4a8d09ca3762af61e59520943dc26494f8941b','BUMI SERANG BARU BLOK E8 NO.12 RT/RW 002/013 KEC. SERANG KOTA SERANG PROV. BANTEN',2147483647,NULL,NULL,1,'2023-05-26 11:01:08','query',NULL,NULL),(108,'FETRIN FAJIRA RAMADANI','P','','7c4a8d09ca3762af61e59520943dc26494f8941b','LINK.CIKUASA RT/RW.004/001 KEL.GEREM KEC.GEROGOL KOTA.CILEGON PROV.BANTEN',2147483647,NULL,NULL,1,'2023-05-26 11:01:08','query',NULL,NULL),(109,'FEYZA MALIKA PUTRI FAUZI','P','','7c4a8d09ca3762af61e59520943dc26494f8941b','PERUM TAMAN WARNASARI INDAH RT/RW.005/004 WARNASARI KEC.CITANGKIL KOTA.CILEGON PROV.BANTEN',2147483647,NULL,NULL,1,'2023-05-26 11:01:08','query',NULL,NULL),(110,'FINA NAILATUL IZZAH','P','','7c4a8d09ca3762af61e59520943dc26494f8941b','KP. KROYA LAMA RT/RW 006/002 KEL. KASUNYATAN KEC. KASEMEN KOTA SERANG PROV. BANTEN',2147483647,NULL,NULL,1,'2023-05-26 11:01:08','query',NULL,NULL),(111,'KHOLIFAH NUR FEBRIYANTI','P','','7c4a8d09ca3762af61e59520943dc26494f8941b','LINK.CILENTRANG RT/RW.002/001 PUTWAKARTA CILEGON KEC.PURWAKARTA KOTA.CILEGON PROV.BANTEN',2147483647,NULL,NULL,1,'2023-05-26 11:01:08','query',NULL,NULL),(112,'KHOTRUNNIDA','P','','7c4a8d09ca3762af61e59520943dc26494f8941b','LINK.LEBAK RT/RW.003/004 KEL.CIPOJOK JAYA KEC.CIPOCOK JAYA KOTA.SERANG PROV.BANTEN',2147483647,NULL,NULL,1,'2023-05-26 11:01:08','query',NULL,NULL),(113,'NAMIRA SOFIYANAH','P','','7c4a8d09ca3762af61e59520943dc26494f8941b','KP.PENGRANGO DUKUH RT/RW. 004/002 KEL. PANGARENGAN KE. PANGARENGAN KAB. SERANG PROV. BANTEN',2147483647,NULL,NULL,1,'2023-05-26 11:01:08','query',NULL,NULL),(114,'NAULAN ALIANZA PRATIWI','P','','7c4a8d09ca3762af61e59520943dc26494f8941b','KOMP.TAMAN BANTEN LESTARI F26B NO.4 RT/RW.011/025 KEL.UNYUR KEC.SERANG KAB.SERANG PROV.BANTEN',2147483647,NULL,NULL,1,'2023-05-26 11:01:08','query',NULL,NULL),(115,'NAYYARA AFIFAH','P','','7c4a8d09ca3762af61e59520943dc26494f8941b','JL. GEMBIRA TERUSAN NO. 4 B RT. 007/007 DS. SUNGAI BAMBU KEC. TANJUNG PRIOK KOTA JAKARTA UTARA ROV. DKI JAKARTA',2147483647,NULL,NULL,0,'2023-05-26 11:01:08','query',NULL,NULL),(116,'NIDA SYIFA FITRIA','P','','7c4a8d09ca3762af61e59520943dc26494f8941b','TBL. BLOK J2C NO.14 RT/RW 005/007 KEL. WARUNG JAUD KEC. KASEMEN KAB. SERANG PROV. BANTEN',2147483647,NULL,NULL,1,'2023-05-26 11:01:08','query',NULL,NULL),(117,'PUTRI ANAWAWIYAH','P','','7c4a8d09ca3762af61e59520943dc26494f8941b','KP.KADINGDING RT/RW.006/002 DESA.KIBIN KEC.KIBIN KOTA.SERANG PROV.BANTEN',2147483647,NULL,NULL,1,'2023-05-26 11:01:08','query',NULL,NULL),(118,'QUEENI AGNI SHAFIRA','P','','7c4a8d09ca3762af61e59520943dc26494f8941b','JL. FATAHILLAH LINK. SERANG ILIR RT/RW 07/02 KEL. RANDAKARI KEC. CIWANDAN KAB. CILEGON PROV. BANTEN',2147483647,NULL,NULL,1,'2023-05-26 11:01:08','query',NULL,NULL),(119,'RAIHANA ELIYA IDRIS','P','','7c4a8d09ca3762af61e59520943dc26494f8941b','KP. RANCA KUDA RT/RW. 008/002 DESA MEKAR BARU KEC. KOPO KAB. SERANG',2147483647,NULL,NULL,1,'2023-05-26 11:01:08','query',NULL,NULL),(120,'RAISYA ELFARIANI','P','','7c4a8d09ca3762af61e59520943dc26494f8941b','KP.NYAPAH PASAR TIMUR RT/RW.002/001 KEL.NYAPAH KEC.WALANTAKA KAB.SERANG PROV.BANTEN',2147483647,NULL,NULL,1,'2023-05-26 11:01:08','query',NULL,NULL),(121,'RATU AURA FIRA','P','','7c4a8d09ca3762af61e59520943dc26494f8941b','PERUM. MINA BHAKTI RT/RW 004/014 KEL. BANTEN KEC. KASEMEN KOTA SERANG PROV. BANTEN',2147483647,NULL,NULL,0,'2023-05-26 11:01:08','query',NULL,NULL),(122,'SHELIN MAULIDA SABILA','P','','7c4a8d09ca3762af61e59520943dc26494f8941b','KP.KADINGDING RT/RW.006/002 DESA.KIBIN KEC.KIBIN KOTA.SERANG PROV.BANTEN',2147483647,NULL,NULL,1,'2023-05-26 11:01:08','query',NULL,NULL),(123,'RISA RACHMAWATI','P','','7c4a8d09ca3762af61e59520943dc26494f8941b','JL. SELAT SUMBA DALAM KOMPLEK JAMRUD PANGERAN RESIDENSE 2 RT/RW. 005/025 SIANTAN TENGAH KEC. PONTIANAK UTARA KOTA PONTIANAK',2147483647,NULL,NULL,1,'2023-05-26 11:01:08','query',NULL,NULL),(124,'VITA AULIA NOVIANA','P','','7c4a8d09ca3762af61e59520943dc26494f8941b','KP.KADINGDING RT/RW.001/002 DESA.KIBIN KEC.KIBIN KOTA.SERANG PROV.BANTEN',2147483647,NULL,NULL,1,'2023-05-26 11:01:08','query',NULL,NULL),(125,'ALYZA LATHIFA NURFITHRAH','P','','7c4a8d09ca3762af61e59520943dc26494f8941b','KP.BATUKUWUNG RT/RW.001/001 BATUKUWUNG KEC.PADARINCANG KAB.SERANG PROV.BANTEN',2147483647,NULL,NULL,1,'2023-05-26 11:01:08','query',NULL,NULL),(126,'AULIA SYABANA','P','','7c4a8d09ca3762af61e59520943dc26494f8941b','JL.SAMAUN BAKRI NO.2 RT/RW.001/005 LOPANG KEC.SERANG KOTA SERANG PROV.BANTEN',2147483647,NULL,NULL,1,'2023-05-26 11:01:08','query',NULL,NULL),(127,'BUNGA CANTIKA MAULIDAH PUTRI','P','','7c4a8d09ca3762af61e59520943dc26494f8941b','KP.TAPAOS RT/RW.001/001 TAPOS KEC.CADASARI KAB.PANDEGLANG PROV.BANTEN',2147483647,NULL,NULL,1,'2023-05-26 11:01:08','query',NULL,NULL),(128,'CHARISSA NADINDA','P','','7c4a8d09ca3762af61e59520943dc26494f8941b','KP.PENGASINAN RT/RW.002/002 DESA.WARINGINKURUNG KEC.WARINGINKURUNG KAB.SERANG PROV.BANTEN',2147483647,NULL,NULL,1,'2023-05-26 11:01:08','query',NULL,NULL),(129,'FREYA INIESTA','P','','7c4a8d09ca3762af61e59520943dc26494f8941b','KOMP. PERMATA BANJAR ASRI BLOK. C5 NO. 4 RT/RW 002/018 KEL. BANJAR SARI CIPOCOK JAYA KOTA SERANG PROV. BANTEN',2147483647,NULL,NULL,1,'2023-05-26 11:01:08','query',NULL,NULL),(130,'INDAH FITRI AHDIANTI','P','','7c4a8d09ca3762af61e59520943dc26494f8941b','LINK.SECANG CIKIRAY RT/RW.002/010 CIMUNCANG KEC.SERANG KOTA SERANG PROV.BANTEN',2147483647,NULL,NULL,1,'2023-05-26 11:01:08','query',NULL,NULL),(131,'JANEETA GHAISANI NURVIADI','P','','7c4a8d09ca3762af61e59520943dc26494f8941b','RUMAH RUSUN BLOK 53/2 NO.6 RT/RW.011/001 KEL.MALAKA SARI KEC.DUREN SAWIT KOTA.JAKARTA TIMUR PROV.DKI JAKARTA',2147483647,NULL,NULL,1,'2023-05-26 11:01:08','query',NULL,NULL),(132,'JANIE DWI SEPTIAN','P','','7c4a8d09ca3762af61e59520943dc26494f8941b','PUJODADI RT/RW 001/004 DS. PUJODADI KEC. PARDASUKA KAB. PRINGSEWU PROV. LAMPUNG',2147483647,NULL,NULL,1,'2023-05-26 11:01:08','query',NULL,NULL),(133,'KHAYLA RAYA AZZAHRA','P','','7c4a8d09ca3762af61e59520943dc26494f8941b','KP. TEGAL MURNI RT/RW 003/003 DS. BALARAJA KEC. BALARAJA KAB. TANGERANG PROV. BANTEN',2147483647,NULL,NULL,1,'2023-05-26 11:01:08','query',NULL,NULL),(134,'NOVA SINTYA ALIKHSA','P','','7c4a8d09ca3762af61e59520943dc26494f8941b','KP.SUKABELA, RT/RW.001/001,DS.KASEMEN KEC.KESEMEN KAB.SERANG PROV.BANTEN',2147483647,NULL,NULL,1,'2023-05-26 11:01:08','query',NULL,NULL),(135,'NOVELLIZA VELIANI','P','','7c4a8d09ca3762af61e59520943dc26494f8941b','KP. KEDUNG BANTENG RT/RW. 003/002 DS. PANGARENGAN KEC. BOJONEGARA KAB. SERANG PROV. BANTEN',2147483647,NULL,NULL,1,'2023-05-26 11:01:08','query',NULL,NULL),(136,'NURI RAZFIA KAMILA','P','','7c4a8d09ca3762af61e59520943dc26494f8941b','LINK.KAPUDENOK RT/RW.001/001 KEL.LEBAK DENOK KEC.CITANGKIL KAB.CILEGON PROV.BANTEN',2147483647,NULL,NULL,1,'2023-05-26 11:01:08','query',NULL,NULL),(137,'QIARA SYIFA RAMADHANI','P','','7c4a8d09ca3762af61e59520943dc26494f8941b','DESA SIDOREJO RT/RW.005/005 SIDOREJO KEC.SIDOMULYO KAB.LAMPUNG SELATAN PROV. LAMPUNG',2147483647,NULL,NULL,1,'2023-05-26 11:01:08','query',NULL,NULL),(138,'ROSHIDAN NAZILA','P','','7c4a8d09ca3762af61e59520943dc26494f8941b','KP.ASEM RT/RW.006/002 KEL.LABUAN KEC.MANCAK KAB.SERANG PROV.BANTEN',2147483647,NULL,NULL,1,'2023-05-26 11:01:08','query',NULL,NULL),(139,'SITI ZUBAEDAH','P','','7c4a8d09ca3762af61e59520943dc26494f8941b','KP.PABUARAN RT/RW.007/004 SENTUL KEC.KERAGILAN KAB.SERANG PROV.BANTEN',2147483647,NULL,NULL,1,'2023-05-26 11:01:08','query',NULL,NULL),(140,'SUCI RAMADHANI','P','','7c4a8d09ca3762af61e59520943dc26494f8941b','TAMAN KRAKATAU BLOK I.19/16 RT/RW.001/006 WARINGINKURUNG KEC.WARINGINKURUNG KOTA SERANG PROV.BANTEN',2147483647,NULL,NULL,1,'2023-05-26 11:01:08','query',NULL,NULL),(141,'SYIFA KHAIRUNNISA','P','','7c4a8d09ca3762af61e59520943dc26494f8941b','KP.KOSAMBI DALEM RT/RW.001/001 LEBAK WANGI KEC.PONTANG KAB.SERANG PROV.BANTEN',2147483647,NULL,NULL,1,'2023-05-26 11:01:08','query',NULL,NULL),(142,'UTHIA KHOIRUN NISA','P','','7c4a8d09ca3762af61e59520943dc26494f8941b','KP.PAMONG UDIK RT.009/003 KEL.KUBANG PUJI KEC. PONTANG KAB. SERANG PROV. BANTEN',2147483647,NULL,NULL,1,'2023-05-26 11:01:08','query',NULL,NULL),(143,'WULAN DAMAYANTI','P','','7c4a8d09ca3762af61e59520943dc26494f8941b','KP.KAMANSARI RT/RW.001/005 CIKANDE KEC.CIKANDE KAB.SERANG PROV.BANTEN',2147483647,NULL,NULL,1,'2023-05-26 11:01:08','query',NULL,NULL),(144,'AHMAD FUAD ADZKIYA','L','','7c4a8d09ca3762af61e59520943dc26494f8941b','JL. SUNAN GIRI LINK. CILODAN RT/RW 018/005 GUNUNG SUGIH KEC. CIWANDAN',2147483647,NULL,NULL,1,'2023-05-26 11:01:08','query',NULL,NULL),(145,'ABDI SAPUTRA','L','','7c4a8d09ca3762af61e59520943dc26494f8941b','KP. KERNADEN DS. UKIRSARI RT/RW 002/002 KEC. BOJONEGARA KAB.SERANG',2147483647,NULL,NULL,1,'2023-05-26 11:01:08','query',NULL,NULL),(146,'ADEN DAFFA PRAMADITA','L','','7c4a8d09ca3762af61e59520943dc26494f8941b','GRIA PERMATA ASRI BLOK F11 NO 18 RT/RW 001/003 DALUNG KEC. CIPOCOK JAYA KOTA.SERANG',2147483647,NULL,NULL,1,'2023-05-26 11:01:08','query',NULL,NULL),(147,'ADI SUTIAWAN','L','','7c4a8d09ca3762af61e59520943dc26494f8941b','JL. CIRUAS PETIR KM.05 KP. CIGOONG RT/RW. 001/001 KEC. WALANTAKA KOTA SERANG PROV. BANTEN',2147483647,NULL,NULL,1,'2023-05-26 11:01:08','query',NULL,NULL),(148,'ALFIN SUKRON ROSYADI','L','','7c4a8d09ca3762af61e59520943dc26494f8941b','LINK.KUBANG MENYAWAK RT/RW. 001/001 KEL. WARNASARI KEC.CITANGKIL KOTA CILEGON PROV.BANTEN',2147483647,NULL,NULL,1,'2023-05-26 11:01:08','query',NULL,NULL),(149,'ALVIN MAULANA','L','','7c4a8d09ca3762af61e59520943dc26494f8941b','PERUM KARISMA GELAM ASRI BLOK A8 RT/RW 004/004 KEC. CIPOCOK JAYA KOTA.SERANG',2147483647,NULL,NULL,1,'2023-05-26 11:01:08','query',NULL,NULL),(150,'ANDIKA PRATAMA M','L','','7c4a8d09ca3762af61e59520943dc26494f8941b','KOMP. PERMATA SAFIRA BLOK D5/NO.2B RT/RW004/006 KEC. TAKTAKAN KOTA.SERANG',2147483647,NULL,NULL,1,'2023-05-26 11:01:08','query',NULL,NULL),(151,'FAIZ FADILLA','L','','7c4a8d09ca3762af61e59520943dc26494f8941b','KP CIGUHA RT 002/001 DESA CARENANG KEC CARENANG KAB. SERANG',2147483647,NULL,NULL,1,'2023-05-26 11:01:08','query',NULL,NULL),(152,'M IQBAL MALIK SAPUTRA','L','','7c4a8d09ca3762af61e59520943dc26494f8941b','KP TANJUNGAN RT 02 /01 DESA PAMONG KEC CIRUAS KAB SERANG',2147483647,NULL,NULL,1,'2023-05-26 11:01:08','query',NULL,NULL),(153,'M. ALIF RAFI','L','','7c4a8d09ca3762af61e59520943dc26494f8941b','JL. SUNANGIRI LINK. CILODAN RT/RW 018/005 GUNUNG SUGIH, CIWANDAN CLG',2147483647,NULL,NULL,1,'2023-05-26 11:01:08','query',NULL,NULL),(154,'MA’RIFATUL HUDA PRATAMA','L','','7c4a8d09ca3762af61e59520943dc26494f8941b','KEDAWUNG ASRI F7 NO 25 KEC. CITANGKIL KOTA.CILEGON',2147483647,NULL,NULL,1,'2023-05-26 11:01:08','query',NULL,NULL),(155,'MUHAMMAD ERDY DZAKI RAMADHAN','L','','7c4a8d09ca3762af61e59520943dc26494f8941b','LINK CIBERKO, RT/RW. 005/003 KEL. KALITIMBANG KEC. CIBEBER KOTA.CILEGON',2147483647,NULL,NULL,1,'2023-05-26 11:01:08','query',NULL,NULL),(156,'MUHAMMAD FADHLAN YUDHISTIRA','L','','7c4a8d09ca3762af61e59520943dc26494f8941b','PERM KAUJON MENSION BLOK C.02 RT 002/014 KEL SERANG KEC. SERANG KOTA.SERANG',2147483647,NULL,NULL,1,'2023-05-26 11:01:08','query',NULL,NULL),(157,'MUHAMMAD NUH AKMAL RAMADHAN','L','','7c4a8d09ca3762af61e59520943dc26494f8941b','PERUM GRAHA CISAIT BLOK A.09 NO 10 CISAIT KRAGILAN KEC. KRAGILAN KOTA.SERANG',2147483647,NULL,NULL,1,'2023-05-26 11:01:08','query',NULL,NULL),(158,'MULYANA','L','','7c4a8d09ca3762af61e59520943dc26494f8941b','LINK CIBERKO, RT/RW. 005/003 KEL. KALITIMBANG KEC. CIBEBER KOTA.CILEGON',2147483647,NULL,NULL,1,'2023-05-26 11:01:08','query',NULL,NULL),(159,'NAUFAL GHULAMUL FATIH','L','','7c4a8d09ca3762af61e59520943dc26494f8941b','KP. PANCUR RT/RW 017/004 DS. SUKASARI KEC. TUNJUNG TEJA KAB. SERANG',2147483647,NULL,NULL,1,'2023-05-26 11:01:08','query',NULL,NULL),(160,'NISCAHYAR AL-ANFALIQ PURNAMA','L','','7c4a8d09ca3762af61e59520943dc26494f8941b','KOMP PURI REGENCY BLOK B 09 NO 19 RT 003/007 DESA BANJAR SARI KEC CIPOCOK JAYA KOTA SERANG',2147483647,NULL,NULL,1,'2023-05-26 11:01:08','query',NULL,NULL),(161,'PANJI AKROM','L','','7c4a8d09ca3762af61e59520943dc26494f8941b','KP.PATIKUS RT/RW 004/002 DS. SITUTERATE KEC.CIKANDE KAB.SERANG',2147483647,NULL,NULL,1,'2023-05-26 11:01:08','query',NULL,NULL),(162,'PHASFAH SHOFHAL JAMIL','L','','7c4a8d09ca3762af61e59520943dc26494f8941b','KP. LEUWINANGGUNG RT. 08 RW.02 DS. NANGGUNG KEC. KOPO KOTA.SERANG',2147483647,NULL,NULL,1,'2023-05-26 11:01:08','query',NULL,NULL),(163,'RADITYA KEANDRE NADIF','L','','7c4a8d09ca3762af61e59520943dc26494f8941b','KP. KALUMPANG RT/RW 001/001 KALUMPANG PADARINCANG KAB.SERANG',2147483647,NULL,NULL,1,'2023-05-26 11:01:08','query',NULL,NULL),(164,'RIZKI DWI YULIANTO','L','','7c4a8d09ca3762af61e59520943dc26494f8941b','KP. KARANG SERANG RT/RW 002/009 KEC. KASEMEN KOTA.SERANG',2147483647,NULL,NULL,1,'2023-05-26 11:01:08','query',NULL,NULL),(165,'TB. HAIKAL FAHRI','L','','7c4a8d09ca3762af61e59520943dc26494f8941b','JL.KH.ABDUL LATIEF NO.10 RT/RW. 001/010 CIMUNCANG KEC.SERANG KOTA SERANG',2147483647,NULL,NULL,1,'2023-05-26 11:01:08','query',NULL,NULL),(166,'AGUNG ADIKARA','L','','7c4a8d09ca3762af61e59520943dc26494f8941b','KP. KEPAKSAN DS, KASERANGAN RT/RW 005/002 KEC. PONTANG KOTA.SERANG',2147483647,NULL,NULL,1,'2023-05-26 11:01:08','query',NULL,NULL),(167,'ALIF HIDAYATULLAH','L','','7c4a8d09ca3762af61e59520943dc26494f8941b','JL.MURDAI NO.32 C RT004/013 CEMPAKA PUTIH BARAT KEC. CEMPAKA PUTIH KOTA.JAKARTA PUSAT',2147483647,NULL,NULL,1,'2023-05-26 11:01:08','query',NULL,NULL),(168,'DAFATUL FAHSYA','L','','7c4a8d09ca3762af61e59520943dc26494f8941b','JALAN SERANG BANGO RT 001/05 NO 41 KEL MARUNDA KEC CILINCING JAKARTA UTARA',2147483647,NULL,NULL,1,'2023-05-26 11:01:08','query',NULL,NULL),(169,'DAFFA AQILA RADHIN KAMIL','L','','7c4a8d09ca3762af61e59520943dc26494f8941b','GRIA PERMATA ASRI BLOK C3 NO 24 RT/RW 009/004 DALUNG KEC. CIPOCOK JAYA KOTA.SERANG',2147483647,NULL,NULL,1,'2023-05-26 11:01:08','query',NULL,NULL),(170,'DAFFA FARRAS AL AZIZ','L','','7c4a8d09ca3762af61e59520943dc26494f8941b','TCP BLOK M7 NO.49 PAGER AGUNG KEC. WALANTAKA KOTA.SERANG',2147483647,NULL,NULL,1,'2023-05-26 11:01:08','query',NULL,NULL),(171,'DONNY PERMANA','L','','7c4a8d09ca3762af61e59520943dc26494f8941b','KP. MARIUK , DS. GANDASARI, CIKARANG BARAT, BEKASI',2147483647,NULL,NULL,1,'2023-05-26 11:01:08','query',NULL,NULL),(172,'FACHRI ASSIDIQ','L','','7c4a8d09ca3762af61e59520943dc26494f8941b','PERUM GRAHA CISAIT JL.TRANS TV A9/07 RT /RW 007/00 KEC. KRAGILAN KOTA.SERANG',2147483647,NULL,NULL,1,'2023-05-26 11:01:08','query',NULL,NULL),(173,'FADEL AHMAD FAUZUL MUBIN','L','','7c4a8d09ca3762af61e59520943dc26494f8941b','JL.CIP.JAYA II E NO.20 RT.009/009 CIPINANG BESAR SELATAN KEC. JATINEGARA KOTA JAKARTA TIMUR DKI JAKARTA 13410',2147483647,NULL,NULL,1,'2023-05-26 11:01:08','query',NULL,NULL),(174,'FAHRUL RIZAL','L','','7c4a8d09ca3762af61e59520943dc26494f8941b','KP. MANGGERONG RT/RW 004/004 SAWAH LUHUR KEC. KASEMEN KOTA.SERANG',2147483647,NULL,NULL,1,'2023-05-26 11:01:08','query',NULL,NULL),(175,'FARISINAL FURJA JUANSAH','L','','7c4a8d09ca3762af61e59520943dc26494f8941b','KP KURUS RT 09/06 KEL SEMPER BARAT KEC CILINCING JAKARTA UTARA',2147483647,NULL,NULL,1,'2023-05-26 11:01:08','query',NULL,NULL),(176,'LEON PRIMADIGTA','L','','7c4a8d09ca3762af61e59520943dc26494f8941b','KP JAHA BTN GLA RT/RW 014/006 SUKAMAJU KEC. LABUAN PANDEGLANG',2147483647,NULL,NULL,1,'2023-05-26 11:01:08','query',NULL,NULL),(177,'M .REFALDI','L','','7c4a8d09ca3762af61e59520943dc26494f8941b','KP. PASIR WARU BTN BAMBU KUNING RT.005 RW.002 MEKAR AGUNG KEC. CIBADAK KAB LEBAK PROV. BANTEN',2147483647,NULL,NULL,1,'2023-05-26 11:01:08','query',NULL,NULL),(178,'M. FAHZRYAN KOTO','L','','7c4a8d09ca3762af61e59520943dc26494f8941b','CIKANDE PERMAI BLOK 06 /17 RT/RW 002/007 CIKANDE KAB. SERANG',2147483647,NULL,NULL,1,'2023-05-26 11:01:08','query',NULL,NULL),(179,'MUHAMAD FIRDAUS','L','','7c4a8d09ca3762af61e59520943dc26494f8941b','KP. CIBITUNG TENGAH RT/RW 007/002 KEC. TENJOLAYA KOTA.BOGOR',2147483647,NULL,NULL,1,'2023-05-26 11:01:08','query',NULL,NULL),(180,'MUHAMMAD AINURROFIQ','L','','7c4a8d09ca3762af61e59520943dc26494f8941b','KP. NYAMUK RT.012/006 KEL, MARAGAGIRI KEC. BOJONEGARA KOTA.SERANG',2147483647,NULL,NULL,1,'2023-05-26 11:01:08','query',NULL,NULL),(181,'MUHAMMAD FAIQ AL-HUSAINI','L','','7c4a8d09ca3762af61e59520943dc26494f8941b','LINK. SUKAJADI RT/RW 002/002 KEC. PULO MERAK KOTA.CILEGON',2147483647,NULL,NULL,1,'2023-05-26 11:01:08','query',NULL,NULL),(182,'MUHAMMAD MIRZA ULHAQ','L','','7c4a8d09ca3762af61e59520943dc26494f8941b','KOMPLEK BARU LEBAK GEMPOL RT 03/010 PENANCANGAN CIPOCOK JAYA KOTA SERANG',2147483647,NULL,NULL,1,'2023-05-26 11:01:08','query',NULL,NULL),(183,'MUHAMMAD RIZKI SYIFAURRAHMAN','L','','7c4a8d09ca3762af61e59520943dc26494f8941b','KP SUKA RAJA RT 03/01 DESA CURUG GOONG KEC PADA RINCANG',2147483647,NULL,NULL,1,'2023-05-26 11:01:08','query',NULL,NULL),(184,'PRIA FEELANSYA','L','','7c4a8d09ca3762af61e59520943dc26494f8941b','BUMI AGUNG BLOK I.3 NO. 30 RT/RW 001/ 012 UNYUR KEC. SERANG KOTA.SERANG',2147483647,NULL,NULL,1,'2023-05-26 11:01:08','query',NULL,NULL),(185,'RENALDI FIRMANSYAH','L','','7c4a8d09ca3762af61e59520943dc26494f8941b','KP. BOJONG RT/RW 003/002 PUSER TIRTAYASA KAB SERANG',2147483647,NULL,NULL,1,'2023-05-26 11:01:08','query',NULL,NULL),(186,'ZAKKY FAKHRI FIRDUAS','L','','7c4a8d09ca3762af61e59520943dc26494f8941b','JL. CAKRA VI K.45 NO.101 ASRAMA GROUP-1 KOPASSUS RT.001/002 TAMAN BARU KEC.TAKTAKAN KOTA SERANG',811134556,NULL,NULL,1,'2023-05-26 11:01:08','query',NULL,NULL),(187,'ADINDA SAFRIYANTI','P','','7c4a8d09ca3762af61e59520943dc26494f8941b','GRAHA WALANTAKA BLOK F.7 NO. 24 RT/RW 015/005 DESA KEC. WALANTAKA KOTA.SERANG',2147483647,NULL,NULL,1,'2023-05-26 11:01:08','query',NULL,NULL),(188,'ALIFIA NURUL IRFANI','P','','7c4a8d09ca3762af61e59520943dc26494f8941b','BCP 2 BLOK F.11 NO. 34 RT / RW 035 / 005 DESA RANJ KEC. CIRUAS KAB.SERANG',2147483647,NULL,NULL,1,'2023-05-26 11:01:08','query',NULL,NULL),(189,'AMELIA AGUSTIN','P','','7c4a8d09ca3762af61e59520943dc26494f8941b','KP. KUBANG GABUS DS KERTASANA RT/RW 002/003 KEC. BOJONEGARA KOTA.SERANG',2147483647,NULL,NULL,1,'2023-05-26 11:01:08','query',NULL,NULL),(190,'AMELIA DESIYANI','P','','7c4a8d09ca3762af61e59520943dc26494f8941b','KP CIJERUK GIRANG RT/RW 005 / 002 DS BOJONG NANGKA KEC. PETIR KOTA.SERANG',2147483647,NULL,NULL,1,'2023-05-26 11:01:08','query',NULL,NULL),(191,'AMELIA PUTRI','P','','7c4a8d09ca3762af61e59520943dc26494f8941b','KP. SIPANJANG RT/RW 012/004 KEL TENJOAYU KEC. TANARA KAB.SERANG',2147483647,NULL,NULL,1,'2023-05-26 11:01:08','query',NULL,NULL),(192,'ANNA MUAYANAH','P','','7c4a8d09ca3762af61e59520943dc26494f8941b','LINK. PRINGOMBO IV DS. PRINGSEWU TIMUR KEC. PRINGSEWU KOTA.PRINGSEWU',2147483647,NULL,NULL,1,'2023-05-26 11:01:08','query',NULL,NULL),(193,'ASFIRA','P','','7c4a8d09ca3762af61e59520943dc26494f8941b','KP.GONDARA RT/RW 002/001 DS.PULOAMPEL KEC.PULO AMPEL KAB.SERANG PROV BANTEN',2147483647,NULL,NULL,1,'2023-05-26 11:01:08','query',NULL,NULL),(194,'ASKIA OKNI PRATIWI','P','','7c4a8d09ca3762af61e59520943dc26494f8941b','KEBAN AGUNG II RT/RW. 00/00 KEBAN AGUNG II KEC.KEDURANG KAB. BENGKULU SELATAN',2147483647,NULL,NULL,1,'2023-05-26 11:01:08','query',NULL,NULL),(195,'BINTANG KANAYA PUTRI','P','','7c4a8d09ca3762af61e59520943dc26494f8941b','KOMP. MAKMUR JAYA 2 KP. CIRENGAS BLOK. C NO.3 RT/RW. 003/009 LINK. DRANGONG KEC. TAKTAKAN KOTA SERANG',2147483647,NULL,NULL,1,'2023-05-26 11:01:08','query',NULL,NULL),(196,'CHRISTINA CAHAYA PUTRI','P','','7c4a8d09ca3762af61e59520943dc26494f8941b','PERUM. PURI DELTA SERANG BLOK O NO.5 RT / RW 002/ KEC. KASEMEN KOTA.SERANG',2147483647,NULL,NULL,1,'2023-05-26 11:01:08','query',NULL,NULL),(197,'CINTA LAURA','P','','7c4a8d09ca3762af61e59520943dc26494f8941b','JL. KRESNA, BLOK 03 RT/RW 009/005 KARANGTUMARITIS HAURGEULIS INDRAMAYU',2147483647,NULL,NULL,1,'2023-05-26 11:01:08','query',NULL,NULL),(198,'FALIZA AJENG PUTRANTIWI','P','','7c4a8d09ca3762af61e59520943dc26494f8941b','KP CIJERUK GIRANG RT/RW 005 / 002 DS BOJONG NANGKA KEC. PETIR KAB.SERANG',2147483647,NULL,NULL,1,'2023-05-26 11:01:08','query',NULL,NULL),(199,'GENDIS PUTRI JUMA HAFSHAH','P','','7c4a8d09ca3762af61e59520943dc26494f8941b','KP WALURAN RT/RW 001/002 DS ANYAR KEC. ANYAR KOTA.SERANG',2147483647,NULL,NULL,1,'2023-05-26 11:01:08','query',NULL,NULL),(200,'IVENDRIA LAXMITA AZZAHRA','P','','7c4a8d09ca3762af61e59520943dc26494f8941b','P. BOJONG KONENG RT.010 RW. 002 KEL. CARENANG KEC. CARENANG KAB. SERANG',2147483647,NULL,NULL,1,'2023-05-26 11:01:08','query',NULL,NULL),(201,'LULU INDRIYANI','P','','7c4a8d09ca3762af61e59520943dc26494f8941b','KP.WADASARI RT/RW. 010/004 KEC. BOJONEGARA KAB.SERANG',2147483647,NULL,NULL,1,'2023-05-26 11:01:08','query',NULL,NULL),(202,'MANSYUROH TOHA SAIPI','P','','7c4a8d09ca3762af61e59520943dc26494f8941b','KUNCIRAN JAYA KEC. PINANG KOTA.TANGERANG',2147483647,NULL,NULL,1,'2023-05-26 11:01:08','query',NULL,NULL),(203,'MEKAR RAHAYU','P','','7c4a8d09ca3762af61e59520943dc26494f8941b','KP. CIKUDA RT/RW 002/001 SUKABARES WARINGINKURUNG KAB SERANG',2147483647,NULL,NULL,1,'2023-05-26 11:01:08','query',NULL,NULL),(204,'NADIA KHAIRUNNISA','P','','7c4a8d09ca3762af61e59520943dc26494f8941b','LINK KERENCENG RT 02/04 KEL KEBOSARI KEC CITANGKIL KOTA CILEGON',2147483647,NULL,NULL,1,'2023-05-26 11:01:08','query',NULL,NULL),(205,'NADIRATUS SALMA','P','','7c4a8d09ca3762af61e59520943dc26494f8941b','KP CIMAUNG JALAN DS SUKARAJA RT/RW 12/06 KEC. CIKEUSAL KAB.SERANG',2147483647,NULL,NULL,1,'2023-05-26 11:01:08','query',NULL,NULL),(206,'NAZWA NAZIRA','P','','7c4a8d09ca3762af61e59520943dc26494f8941b','KP. SABRANG CIBADAK RT.02/04 DS.PASIR GADUNG KEC. CIKUPA KAB. TANGERANG',2147483647,NULL,NULL,1,'2023-05-26 11:01:08','query',NULL,NULL),(207,'RAIHANAH ANGGRAINI','P','','7c4a8d09ca3762af61e59520943dc26494f8941b','KP. WADASARI DS. KARANG KEPUH RT/RW 010/004 KEC. BOJONEGARA KOTA.SERANG',2147483647,NULL,NULL,1,'2023-05-26 11:01:08','query',NULL,NULL),(208,'ROSIDAH','P','','7c4a8d09ca3762af61e59520943dc26494f8941b','KP SUKAJAMAN KOMPA RT 007 RW 003 KEC. CARENANG KOTA.SERANG',2147483647,NULL,NULL,1,'2023-05-26 11:01:08','query',NULL,NULL),(209,'SHOFIA NUR AULIA','P','','7c4a8d09ca3762af61e59520943dc26494f8941b','KOMP. GRAHA WALANTAKA F.6 NO. 27 KEC. WALANTAKA KOTA.SERANG',2147483647,NULL,NULL,1,'2023-05-26 11:01:08','query',NULL,NULL),(210,'TINA APRIYANTI','P','','7c4a8d09ca3762af61e59520943dc26494f8941b','KP. LAES RADAHU RT/RW 009/002 SUKAMAJU KEC. KIBIN KOTA.SERANG',2147483647,NULL,NULL,1,'2023-05-26 11:01:08','query',NULL,NULL),(211,'ALYA NAZWA NABILA','P','','7c4a8d09ca3762af61e59520943dc26494f8941b','KP.JAYANTI RT/RW 009/004 CIKANDE KEC. JAYANTI KAB.TANGERANG',2147483647,NULL,NULL,1,'2023-05-26 11:01:08','query',NULL,NULL),(212,'ANANDA APRILIA PUTRI','P','','7c4a8d09ca3762af61e59520943dc26494f8941b','LINK BARU TAMAN SARI RT 002 RW 004 KEC. PULOMERAK KOTA.CILEGON',2147483647,NULL,NULL,1,'2023-05-26 11:01:08','query',NULL,NULL),(213,'AURA BALQISA','P','','7c4a8d09ca3762af61e59520943dc26494f8941b','JALAN SAKETI MALIMPING DESA CILILITAN RT 001/001 PASAR PICUNG PANDEGLANG',2147483647,NULL,NULL,1,'2023-05-26 11:01:08','query',NULL,NULL),(214,'BELLA BERLIANTY','P','','7c4a8d09ca3762af61e59520943dc26494f8941b','JALAN KP SEGO UTARA RT 002/10 KEL PANIMBANG JAYA KEC PANIMBANG',2147483647,NULL,NULL,1,'2023-05-26 11:01:08','query',NULL,NULL),(215,'BERLIANA SAPUTRI','P','','7c4a8d09ca3762af61e59520943dc26494f8941b','PERM. BUMI NAGARA LESTARI BLOK D,4 NO,26 RT/RW 020 DS. NAGARA KEC. KIBIN KAB.SERANG',2147483647,NULL,NULL,1,'2023-05-26 11:01:08','query',NULL,NULL),(216,'BILQIS ADILA RIZKIA','P','','7c4a8d09ca3762af61e59520943dc26494f8941b','KAMP. OCIT RT/RW 011/002 DESA CIAGEL KEC. KIBIN KOTA.SERANG',2147483647,NULL,NULL,1,'2023-05-26 11:01:08','query',NULL,NULL),(217,'FELISA PUTRI','P','','7c4a8d09ca3762af61e59520943dc26494f8941b','KP. KAKABU RT.03 RW.01 DS. CURUG SULANJANA KEC. GUNUNGSARI KAB.SERANG',2147483647,NULL,NULL,1,'2023-05-26 11:01:08','query',NULL,NULL),(218,'HILDA RAHMANIA','P','','7c4a8d09ca3762af61e59520943dc26494f8941b','KP CIPARUNGPANG DESA BAROS KEC WARUNG GUNUNG KAB LEBAK',2147483647,NULL,NULL,1,'2023-05-26 11:01:08','query',NULL,NULL),(219,'IHFINA','P','','7c4a8d09ca3762af61e59520943dc26494f8941b','LINK. KALORAN PENA, LONTARBARU KEC. SERANG KOTA.SERANG',2147483647,NULL,NULL,1,'2023-05-26 11:01:08','query',NULL,NULL),(220,'INTAN NURAENI','P','','7c4a8d09ca3762af61e59520943dc26494f8941b','KP.KUBANG PUTIH RT 001/001 KEL. SUKA BARES KEC. WARINGIN KURUNG KAB.SERANG',2147483647,NULL,NULL,1,'2023-05-26 11:01:08','query',NULL,NULL),(221,'IRA SYAFIRA','P','','7c4a8d09ca3762af61e59520943dc26494f8941b','KP PANTONGAN RT 001/006 KEL PANGGUNG JATI KEC TAKTAKAN',2147483647,NULL,NULL,1,'2023-05-26 11:01:08','query',NULL,NULL),(222,'KHANSA ALINA ZAHIDAH','P','','7c4a8d09ca3762af61e59520943dc26494f8941b','KOMP. TWI FWA 17 B NO 06 RT/ RW .001/ 004 DS. WARNASARI KEC. CITANGKIL KOTA.CILEGON',2147483647,NULL,NULL,1,'2023-05-26 11:01:08','query',NULL,NULL),(223,'LINDA AMELIA','P','','7c4a8d09ca3762af61e59520943dc26494f8941b','KP. KUBANG GABUS DS KERTASANA RT/RW 001/003 KEC. BOJONEGARA KOTA.SERANG',2147483647,NULL,NULL,1,'2023-05-26 11:01:08','query',NULL,NULL),(224,'LULU ROUDOTUL JANNAH','P','','7c4a8d09ca3762af61e59520943dc26494f8941b','JL. SUNAN DERAJAT LINK. TEMUGIRING RT.01/01 DS. BANJAR NEGARA KEC. CIWANDAN KOTA CILEGON',2147483647,NULL,NULL,1,'2023-05-26 11:01:08','query',NULL,NULL),(225,'NAZWA FITRIYYAH INGGRIANA','P','','7c4a8d09ca3762af61e59520943dc26494f8941b','KOMP. BAMBULEUIT RT/RW 04/12 DS. CIGADUNG KEC. KARANGTANJUNG KAB. PANDEGLANG',2147483647,NULL,NULL,1,'2023-05-26 11:01:08','query',NULL,NULL),(226,'NISA\'U ZAHRA','P','','7c4a8d09ca3762af61e59520943dc26494f8941b','LINK. SUKAJADI RT/RW 004/002 MEKARSARI KEC. PULO MERAK KOTA.CILEGON',2147483647,NULL,NULL,1,'2023-05-26 11:01:08','query',NULL,NULL),(227,'PUTRI RENITA PURNAMA','P','','7c4a8d09ca3762af61e59520943dc26494f8941b','KOMP. PESONA KASEMEN RT/RW 004/004 KEC. KASEMEN KOTA.SERANG',2147483647,NULL,NULL,1,'2023-05-26 11:01:08','query',NULL,NULL),(228,'RIZKA ALIFA KHAERANI','P','','7c4a8d09ca3762af61e59520943dc26494f8941b','KARUNDANG DS. TEMBONG RT/RW 004/001 KEC. CIPOCOK JAYA KOTA.KOTA SERANG',2147483647,NULL,NULL,1,'2023-05-26 11:01:08','query',NULL,NULL),(229,'SAHLA SHAFIRA ALIFA','P','','7c4a8d09ca3762af61e59520943dc26494f8941b','KOMP. BUMI SARI PERMAI BLOK M3 NO. 2 KASEMEN',2147483647,NULL,NULL,1,'2023-05-26 11:01:08','query',NULL,NULL),(230,'SALWA SALSABILA','P','','7c4a8d09ca3762af61e59520943dc26494f8941b','LINK. SAWAH PULORIDA RT/RW 005/004 DESA TAMAN SARI KEC. PULOMERAK KOTA.CILEGON',2147483647,NULL,NULL,1,'2023-05-26 11:01:08','query',NULL,NULL),(231,'SISKA SINTIYA PUTRI','P','','7c4a8d09ca3762af61e59520943dc26494f8941b','JL.SUNAN GIRI LINK. CILODAN RT/RW 018/005 GUNUNG SUGIH CIWANDAN',2147483647,NULL,NULL,1,'2023-05-26 11:01:08','query',NULL,NULL),(232,'SITI AZZAHRA SAFINATUNNAJAH','P','','7c4a8d09ca3762af61e59520943dc26494f8941b','CICERI JAYA RT/RW 001/007 SUMUR PECUNG SERANG KOTA SERANG',2147483647,NULL,NULL,1,'2023-05-26 11:01:08','query',NULL,NULL),(233,'SITI NURUL AENI','P','','7c4a8d09ca3762af61e59520943dc26494f8941b','LINK LEUWEUNG SAWO RT.002/009 KEL, KOTA BUMI KEC. PURWAKARTA KOTA.CILEGON',2147483647,NULL,NULL,1,'2023-05-26 11:01:08','query',NULL,NULL),(234,'YASIKA VEONDA CITRA','P','','7c4a8d09ca3762af61e59520943dc26494f8941b','JL. KAPUAS V RT O5 RW 02 LINGKAR BARAT BENGKULU',2147483647,NULL,NULL,1,'2023-05-26 11:01:08','query',NULL,NULL),(235,'ZAHRA EKA PUTRI RAMADHANI','P','','7c4a8d09ca3762af61e59520943dc26494f8941b','BCP II BLOK F.12 NO.15 RT/RW 036/ 005 KEC. CIRUAS KOTA.SERANG',2147483647,NULL,NULL,1,'2023-05-26 11:01:08','query',NULL,NULL),(236,'ABU ZAKI AN NAAFI','L','','7c4a8d09ca3762af61e59520943dc26494f8941b','KOMP.PGRI TIMUR NO 19 RT/RW. 003/007 JOMBANG KOTA CILEGON',2147483647,NULL,NULL,1,'2023-05-26 11:01:08','query',NULL,NULL),(237,'ADRIAN ARKA ALFARIDZI','L','','7c4a8d09ca3762af61e59520943dc26494f8941b','LING. LANGON 1 RT/RW. 005/001  MEKARSARI KEC.PULO MERAN KOTA CILEGON',2147483647,NULL,NULL,1,'2023-05-26 11:01:08','query',NULL,NULL),(238,'AHMAD FATAHILLAH','L','','7c4a8d09ca3762af61e59520943dc26494f8941b','KP. SANGIANG KECIL RT/RW. 001/004 SANGIANG KEC. SEPATAN TIMUR KAB. TANGERANG',2147483647,NULL,NULL,1,'2023-05-26 11:01:08','query',NULL,NULL),(239,'AL AZAM GENIAL DUDAYEF','L','','7c4a8d09ca3762af61e59520943dc26494f8941b','KP. KADEMANGAN RT/RW. 004/002 SETU KOTA TANGERANG SELATAN',2147483647,NULL,NULL,1,'2023-05-26 11:01:08','query',NULL,NULL),(240,'DAYA RENGGE AKMALLODRA','L','','7c4a8d09ca3762af61e59520943dc26494f8941b','PERUM PESONA CILEGON BLOK C4 NO 10 RT/RW. 002/004 KERTASAN KEC.BOJONEGARA KAB.SERANG',2147483647,NULL,NULL,1,'2023-05-26 11:01:08','query',NULL,NULL),(241,'EGI RAUDOTUL ANWAR','L','','7c4a8d09ca3762af61e59520943dc26494f8941b','KP BAYUR RT/RW. 002/005 SOBANG KAB. PANDEGLANG',2147483647,NULL,NULL,1,'2023-05-26 11:01:08','query',NULL,NULL),(242,'FABIAN SANDOVAL MARDAN','L','','7c4a8d09ca3762af61e59520943dc26494f8941b','PERUMAHAN TAMAN MUTIARA INDAH 1 BLOK J7 NO 15 RT/RW. 004/018 SERANG KOTA SERANG',2147483647,NULL,NULL,1,'2023-05-26 11:01:08','query',NULL,NULL),(243,'FARIS HAMIZ BASAYEV','L','','7c4a8d09ca3762af61e59520943dc26494f8941b','KP LAPANG NO 72 RT/RW. 001/015 KERAGILAN KAB. SERANG',2147483647,NULL,NULL,1,'2023-05-26 11:01:08','query',NULL,NULL),(244,'M. MARVEL BAGUS PANGESTU','L','','7c4a8d09ca3762af61e59520943dc26494f8941b','LING. KESERANGAN RT/RW. 001/004 GEROGOL KOTA CILEGON',2147483647,NULL,NULL,1,'2023-05-26 11:01:08','query',NULL,NULL),(245,'M. PRAJA FAUZAN AL MUMTAZ','L','','7c4a8d09ca3762af61e59520943dc26494f8941b','JLN RAYA LABUAN KP.CIMEDANG DS.MENES RT/RW. 003/009 MENES KAB.PANDEGLANG',2147483647,NULL,NULL,1,'2023-05-26 11:01:08','query',NULL,NULL),(246,'MAULANA M ALFATHIR AKBAR','L','','7c4a8d09ca3762af61e59520943dc26494f8941b','JL BIMA GG DURIAN KAMPUNG BAYUR RAJA BASA JAYA RT/RW. 005/005 KOTA BANDAR LAMPUNG',2147483647,NULL,NULL,1,'2023-05-26 11:01:08','query',NULL,NULL),(247,'MOHAMMAD DIMAS SEPTA PASHA','L','','7c4a8d09ca3762af61e59520943dc26494f8941b','KOMP BANJARSARI PERMAI RT/RW. 004/012 BANJARSARI KEC. CIPOCOK JAYA KOTA SERANG',2147483647,NULL,NULL,1,'2023-05-26 11:01:08','query',NULL,NULL),(248,'MUHAMAD BRAGA NAYAKA','L','','7c4a8d09ca3762af61e59520943dc26494f8941b','PERUMAHAN BANTEN INDAH PERMAI, BLOK C3 NO 15 RT/RW. 001/019 SERANG KOTA SERANG',2147483647,NULL,NULL,1,'2023-05-26 11:01:08','query',NULL,NULL),(249,'MUHAMAD IRSAN','L','','7c4a8d09ca3762af61e59520943dc26494f8941b','LING. LANGON 1 RT/RW. 005/001 MEKARSARI KEC.PULO MERAK KOTA CILEGON',2147483647,NULL,NULL,1,'2023-05-26 11:01:08','query',NULL,NULL),(250,'MUHAMAD KEVIN ALGIFAHRI','L','','7c4a8d09ca3762af61e59520943dc26494f8941b','JL. KANANGA - KIARADOMBA RT/RW. 010/004 KENANGAN  KEC.CIMAHI KAB.KUNINGAN',2147483647,NULL,NULL,1,'2023-05-26 11:01:08','query',NULL,NULL),(251,'MUHAMAD RIZKY FIRMANSYAH','L','','7c4a8d09ca3762af61e59520943dc26494f8941b','JL. SUNAN GIRI LINK. CILODAN RT/RW. 018/005 CIWANDAN KOTA CILEGON',2147483647,NULL,NULL,1,'2023-05-26 11:01:08','query',NULL,NULL),(252,'MUHAMAD ZUBAIL SAFAAT','L','','7c4a8d09ca3762af61e59520943dc26494f8941b','LINK. KUBANG LABAN RT/RW. 001/002 JOMBANG KOTA CILEGON',2147483647,NULL,NULL,1,'2023-05-26 11:01:08','query',NULL,NULL),(253,'MUHAMMAD FAISHAL AJI CAKRANEGARA','L','','7c4a8d09ca3762af61e59520943dc26494f8941b','JL. KOMP AL RT/RW. 005/009 PONDOKGEDE KOTA BEKASI',2147483647,NULL,NULL,1,'2023-05-26 11:01:08','query',NULL,NULL),(254,'MUHAMMAD FARRAZ AL FAITHA','L','','7c4a8d09ca3762af61e59520943dc26494f8941b','PURI KRAKATAU HIJAU BLOK C7 NO.12 RT/RW. 003/006 GEROGOL KOTA CILEGON',2147483647,NULL,NULL,1,'2023-05-26 11:01:08','query',NULL,NULL),(255,'MUHAMMAD RAIHAN ADITYA','L','','7c4a8d09ca3762af61e59520943dc26494f8941b','PERUM DUTA ASRI 2 RESIDENCE RT/RW. 002/011 PONDOK JAYA KEC.SEPATAN KAB. TANGERANG',2147483647,NULL,NULL,1,'2023-05-26 11:01:08','query',NULL,NULL),(256,'AKTRINE LENITA RHEA','P','','7c4a8d09ca3762af61e59520943dc26494f8941b','TAMAN MUTIARA INDAH BLOK.I6 NO.8 RT/RW 005/008 KOTA SERANG',2147483647,NULL,NULL,1,'2023-05-26 11:01:08','query',NULL,NULL),(257,'AURA RIZKY EKA MAULIDA','P','','7c4a8d09ca3762af61e59520943dc26494f8941b','KP.WADAS BOJONG RT/RW. 008/002 SINDANGSARI KEC. PETIR KAB.SERANG',2147483647,NULL,NULL,1,'2023-05-26 11:01:08','query',NULL,NULL),(258,'DENA KHAIRUNNISA','P','','7c4a8d09ca3762af61e59520943dc26494f8941b','JL.IR. SUTAMI LINK CIMERAK RT/RW 003/003 KEC. CITANGKIL KOTA CILEGON',2147483647,NULL,NULL,1,'2023-05-26 11:01:08','query',NULL,NULL),(259,'ERINA HAURAA SALSABIL','P','','7c4a8d09ca3762af61e59520943dc26494f8941b','BANTEN INDAH PERMAI BLOK G6 NO 17 RT/RW 002/027 KOTA SERANG',2147483647,NULL,NULL,1,'2023-05-26 11:01:08','query',NULL,NULL),(260,'FATIMATUZZAHRO','P','','7c4a8d09ca3762af61e59520943dc26494f8941b','LINK. UNALICA RT/RW. 003/004 DESA KERUNDANG KEC. CIPOCOK JAYA KOTA SERANG',2147483647,NULL,NULL,1,'2023-05-26 11:01:08','query',NULL,NULL),(261,'ISNA AULIA','P','','7c4a8d09ca3762af61e59520943dc26494f8941b','KP.GIRILAYA RT/RW. 008/003 PAMENGKANG KEC. KRAMATWATU KAB.SERANG',2147483647,NULL,NULL,1,'2023-05-26 11:01:08','query',NULL,NULL),(262,'KARINA ULFA','P','','7c4a8d09ca3762af61e59520943dc26494f8941b','PURI SERANG HIJAU BLOK D5 NO 6 RT/RW 003/013 KEC. CIPOCOK JAYA KOTA SERANG',2147483647,NULL,NULL,1,'2023-05-26 11:01:08','query',NULL,NULL),(263,'LIVIA VIOLANDA','P','','7c4a8d09ca3762af61e59520943dc26494f8941b','DESA HENI ARONG KEC LUMBOK SEMINUNG KAB LAMPUNG BARAT PROV LAMPUNG',2147483647,NULL,NULL,1,'2023-05-26 11:01:08','query',NULL,NULL),(264,'MUDRIKA TANOSO','P','','7c4a8d09ca3762af61e59520943dc26494f8941b','JL LATUMENTEN II GG.IX/11 RT/RW 007/011 KEC. GROGOL PETAMBURAN KOTA ADM. JAKARTA BARAT DKI JAKARTA',2147483647,NULL,NULL,1,'2023-05-26 11:01:08','query',NULL,NULL),(265,'MUTHIA OCTA FADHILLA','P','','7c4a8d09ca3762af61e59520943dc26494f8941b','KP. BERINGINJAYA RT/RW. 004/016 SERANG KOTA SERANG',2147483647,NULL,NULL,1,'2023-05-26 11:01:08','query',NULL,NULL),(266,'NABILA MAHARANI','P','','7c4a8d09ca3762af61e59520943dc26494f8941b','JL.RAYA PADEGLANG  RT/RW. 001/015 SEMPU SEROJA KEC.CIPARE SERANG BANTEN',2147483647,NULL,NULL,1,'2023-05-26 11:01:08','query',NULL,NULL),(267,'NADIAH','P','','7c4a8d09ca3762af61e59520943dc26494f8941b','KP. TAMBAK RT/RW 004/002 DS. SIREMEN KEC. TANARA KAB. SERANG',2147483647,NULL,NULL,1,'2023-05-26 11:01:08','query',NULL,NULL),(268,'NAYLA AKMALIA SAFITRI','P','','7c4a8d09ca3762af61e59520943dc26494f8941b','JL.FATAHILLAH LINGK.SUKASARI RT.001/001 KEL.RANDAKARI KEC.COWANDAN KOTA CILEGON BANTEN',2147483647,NULL,NULL,1,'2023-05-26 11:01:08','query',NULL,NULL),(269,'NURUL ASSYIFA','P','','7c4a8d09ca3762af61e59520943dc26494f8941b','JL. SUMUR SENTUL KP. SANTRI KEPUH RT/RW 002/001 DS. KLEBET KEC. KEMIRI KAB. TANGERANG',2147483647,NULL,NULL,1,'2023-05-26 11:01:08','query',NULL,NULL),(270,'PUTRI RAHMA AULIA','P','','7c4a8d09ca3762af61e59520943dc26494f8941b','VILLA PERMATA HIJAU BLOK L03/04 CLUSTER JADE SERDANG RT/RW 002/004 SERDANG KRAMATWATU KAB. SERANG',2147483647,NULL,NULL,1,'2023-05-26 11:01:08','query',NULL,NULL),(271,'QISMIKA MAWLAYA JUHAIDI','P','','7c4a8d09ca3762af61e59520943dc26494f8941b','KAMPUNG BEJI RT/RW. 002/005 BOJONEGARA KAB. SERANG',2147483647,NULL,NULL,1,'2023-05-26 11:01:08','query',NULL,NULL),(272,'SAFIRA MEITA JUNINGSIH','P','','7c4a8d09ca3762af61e59520943dc26494f8941b','CIBENING RT/RW 007/002 KEC.KASEMEN KOTA SERANG',2147483647,NULL,NULL,1,'2023-05-26 11:01:08','query',NULL,NULL),(273,'SITI JIHAN DIANA PUTRI','P','','7c4a8d09ca3762af61e59520943dc26494f8941b','KP. CIAKAR RT/RW 004/002 DS. SUKAMENAK KEC. CIKEUSAL KAB. SERANG',2147483647,NULL,NULL,1,'2023-05-26 11:01:08','query',NULL,NULL),(274,'ADHAM PUTRA RIFA\'I','L','','7c4a8d09ca3762af61e59520943dc26494f8941b','PERM.TAMBAK GEMILANG RT/RW 015/004 KIBIN SERANG KEC. KIBIN KAB. SERANG PROV. BANTEN',2147483647,NULL,NULL,1,'2023-05-26 11:01:08','query',NULL,NULL),(275,'AHMAD WAN FAREL','L','','7c4a8d09ca3762af61e59520943dc26494f8941b','LINK.RAU TIMUR RT/RW.002/021 CIMUNCANG KEC.SERANG KOTA SERANG PROV.BANTEN',2147483647,NULL,NULL,1,'2023-05-26 11:01:08','query',NULL,NULL),(276,'FAJRI RESTU SASOLE','L','','7c4a8d09ca3762af61e59520943dc26494f8941b','KP. GRUGUI DS. LIALANG JLN. BALADIKA NO 61 KEC. TAKTAKAN KOTA SERANG PROV. BANTEN',2147483647,NULL,NULL,1,'2023-05-26 11:01:08','query',NULL,NULL),(277,'FIORENZA ABDILLAH TSAQIB','L','','7c4a8d09ca3762af61e59520943dc26494f8941b','BCP BLOK B 1 NO 06 RT:009 RW:004 DS.RANJENG KEC. CIRUAS KOTA SERANG PROV. BANTEN',2147483647,NULL,NULL,1,'2023-05-26 11:01:08','query',NULL,NULL),(278,'M. NAZATUL ALI','L','','7c4a8d09ca3762af61e59520943dc26494f8941b','KP. NYAMUK RT/RW 013/006 DS. MARGAGIRI KEC. BOJONEGARA KAB. SERANG PROV. BANTEN',2147483647,NULL,NULL,1,'2023-05-26 11:01:08','query',NULL,NULL),(279,'MUHAMAD PUTRA PRATAMA','L','','7c4a8d09ca3762af61e59520943dc26494f8941b','JL. SUNAN GIRI LINK CILODAN RT. 018/006 DS. GUNUNG SUGIH KEC. CIWANDAN KOTA CILEGON PROV. BANTEN',2147483647,NULL,NULL,1,'2023-05-26 11:01:08','query',NULL,NULL),(280,'MUHAMAD RAIHAN MAULANA','L','','7c4a8d09ca3762af61e59520943dc26494f8941b','BAO II RT/RW 007/014 KEL.KALIGANDU KEC.SERANG KOTA SERANG PROV.BANTEN',2147483647,NULL,NULL,1,'2023-05-26 11:01:08','query',NULL,NULL),(281,'MUHAMAR KAFI KHADAFI','L','','7c4a8d09ca3762af61e59520943dc26494f8941b','KOMP. TWI FWA 89 C NO.02 RT/RW 003/006 DESA WARNASARI KEC.CITANGFKIL KAB.CILEGON PROV. BANTEN',2147483647,NULL,NULL,1,'2023-05-26 11:01:08','query',NULL,NULL),(282,'MUHAMMAD FARIS','L','','7c4a8d09ca3762af61e59520943dc26494f8941b','PERMATA SAFIRA REGENCY BLOK D.7/12 A RT/RW.004/006 KEL.SERANG KEC.TAKTAKAN KAB.SERANG PROV.BANTEN',2147483647,NULL,NULL,1,'2023-05-26 11:01:08','query',NULL,NULL),(283,'MUHAMMAD FAUZAN JAMANI','L','','7c4a8d09ca3762af61e59520943dc26494f8941b','KP.MACUTE RT.001/RW.001/DESA . ANGSANA/KEC.MANCAK/KAB. SERANG/PROV. BANTEN',2147483647,NULL,NULL,1,'2023-05-26 11:01:08','query',NULL,NULL),(284,'MUHAMMAD RIDHO PRATAMA','L','','7c4a8d09ca3762af61e59520943dc26494f8941b','KP.PISANGAN/RT.003/RW.004/KEL. KAYU AGUNG KEC. SEPATAN KOTA TANGGERANG PROV. BANTEN',2147483647,NULL,NULL,1,'2023-05-26 11:01:08','query',NULL,NULL),(285,'RANGGA RIVANNO','L','','7c4a8d09ca3762af61e59520943dc26494f8941b','JL. SUNAN GIRI LINK CILODAN RT. 018/007 DS. GUNUNG SUGIH KEC. CIWANDAN KOTA CILEGON PROV. BANTEN',2147483647,NULL,NULL,1,'2023-05-26 11:01:08','query',NULL,NULL),(286,'REZA PEBRIANSYAH SAFAAT','L','','7c4a8d09ca3762af61e59520943dc26494f8941b','GRAHA PRIMA BARU BLOK S.2 NO.16 RT/RW 002/027 KEL.MANGUNJAYA KEC.TAMBUN SELATAN KOT.BEKASI PROV.JAWA BARAT',2147483647,NULL,NULL,1,'2023-05-26 11:01:08','query',NULL,NULL),(287,'RIFKI ABDILLAH RAMADHAN','L','','7c4a8d09ca3762af61e59520943dc26494f8941b','PERM.PURI TAMBAK BLOK A.3 NO.15 RT/RW. 013/004 DESA CIAGEL KEC.KIBIN KAB. SERANG PROIV. BANTEN',2147483647,NULL,NULL,1,'2023-05-26 11:01:08','query',NULL,NULL),(288,'RIYO SAPUTRA','L','','7c4a8d09ca3762af61e59520943dc26494f8941b','KP.BEKERAYA RT.013/004 KEL.MARGASARI KEC.PULO AMPEL KAB.SERANG PROV.BANTEN',2147483647,NULL,NULL,1,'2023-05-26 11:01:08','query',NULL,NULL),(289,'RIZKY ARDIWIJAYA','L','','7c4a8d09ca3762af61e59520943dc26494f8941b','PURI SERANG HIJAU BLOK F2 NO. 4B RT/RW 001/15 KEL. BANJAR SARI KEC. CIPOCOK JAYA KOTA SERANG PROV. BANTEN',2147483647,NULL,NULL,1,'2023-05-26 11:01:08','query',NULL,NULL),(290,'SATRIA ADZAN PRASETYA','L','','7c4a8d09ca3762af61e59520943dc26494f8941b','BCP 2 BLOK J.6 NO 23 A RT:041 RW:006 DS.RANJENG KEC. CIRUAS KAB. SERANG PROV. BANTEN',2147483647,NULL,NULL,1,'2023-05-26 11:01:08','query',NULL,NULL),(291,'SULUNG RENDRA SAPUTRA','L','','7c4a8d09ca3762af61e59520943dc26494f8941b','ASRAMA YONIF 320/BP RT. 003/002 DS. CADASARI KEC. CADASARI KAB. PANDEGLANG PROV. BANTEN',2147483647,NULL,NULL,1,'2023-05-26 11:01:08','query',NULL,NULL),(292,'VINO RAFAEL','L','','7c4a8d09ca3762af61e59520943dc26494f8941b','KP.PAMARICAN RT/RW.001/013 BANTEN KEC.KESEMEN KOTA SERANG PROV.BANTEN',2147483647,NULL,NULL,1,'2023-05-26 11:01:08','query',NULL,NULL),(293,'AGNIA RIZKIATILLAH','P','','7c4a8d09ca3762af61e59520943dc26494f8941b','LINK. DRINGO MASJID RT/RW. 007/003 KEL. DRINGO KEC. CITANGKIL KAB. KOTA CILEGON PROV. BANTEN',2147483647,NULL,NULL,1,'2023-05-26 11:01:08','query',NULL,NULL),(294,'ALIFA YUSRIA QANITA','P','','7c4a8d09ca3762af61e59520943dc26494f8941b','LINK. CIWEDUS RT/RW. 003/002 KEL. CIWEDUS KEC. CILEGON KAB. KOTA CILEGON PROV. BANTEN',2147483647,NULL,NULL,1,'2023-05-26 11:01:08','query',NULL,NULL),(295,'AULIA SARI WIGUNA','P','','7c4a8d09ca3762af61e59520943dc26494f8941b','KP. NANGELA PASAR RT/RW.018/005 DESA NANGGUNG KEC. KOPO KAB. SERANG PROV. BANTEN',2147483647,NULL,NULL,1,'2023-05-26 11:01:08','query',NULL,NULL),(296,'AURA APRILIANI','P','','7c4a8d09ca3762af61e59520943dc26494f8941b','PERUM. PURI ANGGREK BLOK B 14 NO.13 RT/RW 013/003 KEL. KALODRAN KEC. WALANTAKA KOTA SERANG PROV. BANTEN',2147483647,NULL,NULL,1,'2023-05-26 11:01:08','query',NULL,NULL),(297,'DINDA MAULIDA APRILIA','P','','7c4a8d09ca3762af61e59520943dc26494f8941b','KP.SAWAH RT/RW. 007/003 DESA SUJUNG KEC. TIRTAYASA KAB. SERANG PROV. BANTEN',2147483647,NULL,NULL,1,'2023-05-26 11:01:08','query',NULL,NULL),(298,'FITRA SABILA','P','','7c4a8d09ca3762af61e59520943dc26494f8941b','JL. IR. SUTAMI LINK CIMERAK RT/RW 003/003 KEL. KEBONSARI KEC. CITANGKIL KOTA CILEGON PROV. BANTEN',2147483647,NULL,NULL,1,'2023-05-26 11:01:08','query',NULL,NULL),(299,'ILMA IZZAH RAISAH','P','','7c4a8d09ca3762af61e59520943dc26494f8941b','KP.TOYOMERTO RT002/RW001 DS.WANAYASA KEC. KRAMATWATU KAB. SERANG PROV. BANTEN',2147483647,NULL,NULL,1,'2023-05-26 11:01:08','query',NULL,NULL),(300,'LOLA AMALIA','P','','7c4a8d09ca3762af61e59520943dc26494f8941b','JL. SUNAN GIRI LINK. CILEGON RT.016/005 KEL. GUNUNG SUGIH KEC. CIWANDAN KOTA CILEGON PROV. BANTEN',2147483647,NULL,NULL,1,'2023-05-26 11:01:08','query',NULL,NULL),(301,'MAULIDIA PUTRI JUITA AULIA RAHMAH','P','','7c4a8d09ca3762af61e59520943dc26494f8941b','KP. MARGALUYU RT.002/ RW. 008 DS. LEUWIDAMAR KEC. LEUWIDAMAR KAB. LEBAK PROV. BANTEN',2147483647,NULL,NULL,1,'2023-05-26 11:01:08','query',NULL,NULL),(302,'NADJWA UMIRA NURHIDAYAH','P','','7c4a8d09ca3762af61e59520943dc26494f8941b','PERUM.PESADA BANTEN BLOK H8 NO.19 RT/RW.004/007 TERITIH KEC.WALANTAKA KAB.KOTA SERANG PROV.BANTEN',2147483647,NULL,NULL,1,'2023-05-26 11:01:08','query',NULL,NULL),(303,'NADYA NAZLA MAULIDA','P','','7c4a8d09ca3762af61e59520943dc26494f8941b','JLN.WALI SYUKUR LARANGAN RT/RW.004/002 KEL.HARJATANI KEC. KERAMATWATU KAB.SERANG PROV.BANTEN',2147483647,NULL,NULL,1,'2023-05-26 11:01:08','query',NULL,NULL),(304,'NAUFA ATHILA UTAMI','P','','7c4a8d09ca3762af61e59520943dc26494f8941b','KOMP.CADIKA RESIDENCE BLOK A NO.14  RT/RW.02/04 KEC.SERANG KAB.SERANG PROV.BANTEN',2147483647,NULL,NULL,1,'2023-05-26 11:01:08','query',NULL,NULL),(305,'NAURA FARREN AZKA','P','','7c4a8d09ca3762af61e59520943dc26494f8941b','KALORAN PENA RT001/RW007 DS.LONTAR BARU KEC. SERANG KOTA SERANG PROV. BANTEN',2147483647,NULL,NULL,1,'2023-05-26 11:01:08','query',NULL,NULL),(306,'PELANGI CARISYA PUTRI','P','','7c4a8d09ca3762af61e59520943dc26494f8941b','KOMP.MAKMUR JAYA 2 KP.CIRENGAS BLOK C NO.3 RT/RW.003/009 DESA.DRANGONG KEC.TAKTAKAN KOTA.SERANG PROV.BANTEN',2147483647,NULL,NULL,1,'2023-05-26 11:01:08','query',NULL,NULL),(307,'PUTRI RANA KINANTHAN','P','','7c4a8d09ca3762af61e59520943dc26494f8941b','PERUM BCK BLOK B.11 NO.99 RT/RW.003/011 KEL CIBEBER KEC.CIBEBER KOTA CILEGON PROV.BANTEN',2147483647,NULL,NULL,1,'2023-05-26 11:01:08','query',NULL,NULL),(308,'RINA OCTAVIANI','P','','7c4a8d09ca3762af61e59520943dc26494f8941b','JL. SUNAN GIRI LINK CILODAN RT. 018/005 DS. GUNUNG SUGIH KEC. CIWANDAN KOTA CILEGON PROV. BANTEN',2147483647,NULL,NULL,1,'2023-05-26 11:01:08','query',NULL,NULL),(309,'SYIFAUNNAZWAH','P','','7c4a8d09ca3762af61e59520943dc26494f8941b','KP.SINGARAJA RT/RW. 003/001 KEL. SINGARAJA KEC.PONTANG KAB. SERANG PROV. BANTEN',2147483647,NULL,NULL,1,'2023-05-26 11:01:08','query',NULL,NULL),(310,'AHMAD DIANDRA SANTRI WIJAYA','L','','7c4a8d09ca3762af61e59520943dc26494f8941b','PURI KARTIKA BANAJARASRI BLOK. B8/07 RT/RW. 006/001 KEC. CIPOCOK JAYA KOTA SERANG',2147483647,NULL,NULL,1,'2023-05-26 11:01:08','query',NULL,NULL),(311,'AHMAD RENDY','L','','7c4a8d09ca3762af61e59520943dc26494f8941b','JL. KH. MUSTAYA RT/RW. 004/002 PONTANG LEGON KEC. TIRTAYASA KAB. SERANG BANTEN',2147483647,NULL,NULL,1,'2023-05-26 11:01:08','query',NULL,NULL),(312,'AJENG PUSPITA SAPUTRI','P','','7c4a8d09ca3762af61e59520943dc26494f8941b','LINK. SAYABULU NO. 08 RT/RW 005/007 KEC. SERANG KOTA SERANG',2147483647,NULL,NULL,1,'2023-05-26 11:01:08','query',NULL,NULL),(313,'AKMIL ANGFASA RIDHO','L','','7c4a8d09ca3762af61e59520943dc26494f8941b','JALAN PESANTREN SIDORAHAYU, 34152 RT/RW. 001/001 SIDOMULYO KEC. PUNGGUR KAB. LAMPUNG TENGAH',2147483647,NULL,NULL,1,'2023-05-26 11:01:08','query',NULL,NULL),(314,'ALINDA PRATIWI','P','','7c4a8d09ca3762af61e59520943dc26494f8941b','KP. PASIR ASEM RT/RW 010/003 DS. SAMBILAWANG KEC. WARINGINKURUNG KAB. SERANG',2147483647,NULL,NULL,1,'2023-05-26 11:01:08','query',NULL,NULL),(315,'ALYA NABIILAH','P','','7c4a8d09ca3762af61e59520943dc26494f8941b','PERUM BAROS CHASANAH BLOK A.2 NO.10 RT/RW 06/02 KEC. BAROS KAB. SERANG',2147483647,NULL,NULL,1,'2023-05-26 11:01:08','query',NULL,NULL),(316,'ANDRE MAULANA APRIANSYAH','L','','7c4a8d09ca3762af61e59520943dc26494f8941b','CIKANDE PERMAI BLOK K14 NO 24 RT/RW. 008/006 CIKANDE PERMAI KEC.CIKANDE KAB. SERANG',2147483647,NULL,NULL,1,'2023-05-26 11:01:08','query',NULL,NULL),(317,'CHELSA BELLA','P','','7c4a8d09ca3762af61e59520943dc26494f8941b','DESA HENI ARONG KEC LUMBOK SEMINUNG KAB LAMPUNG BARAT PROV LAMPUNG',2147483647,NULL,NULL,1,'2023-05-26 11:01:08','query',NULL,NULL),(318,'CHERLITA ANJANI','P','','7c4a8d09ca3762af61e59520943dc26494f8941b','KP. BARU RT/RW. 004/004 KARAWACI KOTA TANGERANG',2147483647,NULL,NULL,1,'2023-05-26 11:01:08','query',NULL,NULL),(319,'FARKHATUN','P','','7c4a8d09ca3762af61e59520943dc26494f8941b','DUSUN IV RT/RW.00/00 TELUK LUBUK KEC. BELIMBING KAB. MUARA ENEM',2147483647,NULL,NULL,1,'2023-05-26 11:01:08','query',NULL,NULL),(320,'INTAN NABILAH PUTRI','P','','7c4a8d09ca3762af61e59520943dc26494f8941b','KSB KELAPA GADING BLOK Y NO.29 RT/RW. 005/010 CIPOCOK JAYA KOTA SERANG',2147483647,NULL,NULL,1,'2023-05-26 11:01:08','query',NULL,NULL),(321,'INTAN NURUL SAPITRI','P','','7c4a8d09ca3762af61e59520943dc26494f8941b','KP.PABUARAN JAYA RT/RW. 003/009 DS.KRAMAT JATI KEC.KRAGILAN KAB.SERANG BANTEN',2147483647,NULL,NULL,1,'2023-05-26 11:01:08','query',NULL,NULL),(322,'M. SAID IMADUDIN DAIYAN','L','','7c4a8d09ca3762af61e59520943dc26494f8941b','KP. LEBAK GEMPOL RT/RW. 001/001 DESA CIREUNDEU KEC. CILOGRANG KAB. LEBAK',2147483647,NULL,NULL,1,'2023-05-26 11:01:08','query',NULL,NULL),(323,'MIFTAHUL JANNAH','P','','7c4a8d09ca3762af61e59520943dc26494f8941b','JALAN TB. BUANG LINGKUNGAN CIKUASA KELURAHAN GEREM RT/RW. 002/001 KEC. GEROGOL KOTA CILEGON',2147483647,NULL,NULL,1,'2023-05-26 11:01:08','query',NULL,NULL),(324,'MUHAMAD PAHRI FIRMANSYAH','L','','7c4a8d09ca3762af61e59520943dc26494f8941b','KP.NYAWANA MASJID RT/RW. 007/003 DESA.SUKAMENAK KEC.CIKEUSAL KAB. SERANG',2147483647,NULL,NULL,1,'2023-05-26 11:01:08','query',NULL,NULL),(325,'NADIA SORAYA','P','','7c4a8d09ca3762af61e59520943dc26494f8941b','KP. KELAPA KURUNG RT/RW. 004/002 DESA SAMBILAWANG KEC. WARINGINKURUNG KAB. SERANG',2147483647,NULL,NULL,1,'2023-05-26 11:01:08','query',NULL,NULL),(326,'RAZWY AWAD','L','','7c4a8d09ca3762af61e59520943dc26494f8941b','KP. PEGADUNGAN RT/RW 002/007 DS. ANYER KEC. ANYER KAB.SERANG',2147483647,NULL,NULL,1,'2023-05-26 11:01:08','query',NULL,NULL),(327,'SINTIA MUTIARA DEWI','P','','7c4a8d09ca3762af61e59520943dc26494f8941b','JL. S. DERAJAT LINK. KUBANG WELUT RT/RW. 002/004 KEC.CIWANDAN KOTA CILEGON',2147483647,NULL,NULL,1,'2023-05-26 11:01:08','query',NULL,NULL),(328,'SYIFA TAZKIA','P','','7c4a8d09ca3762af61e59520943dc26494f8941b','LINK. KLELET KEC. CITANGKIL KOTA.CILEGON',2147483647,NULL,NULL,1,'2023-05-26 11:01:08','query',NULL,NULL),(329,'TUBAGUS RAIHAN FIRDAUS','L','','7c4a8d09ca3762af61e59520943dc26494f8941b','KP. TONGGOH RT/RW. 014/003 CURUG KOTA SERANG',2147483647,NULL,NULL,1,'2023-05-26 11:01:08','query',NULL,NULL),(330,'RADEN ADHIPRAMANA ARYA PUTRA','L','','7c4a8d09ca3762af61e59520943dc26494f8941b','JL BOJONEGARA KP. PANGSORAN RT/RW. 001/007 BOJONEGARA KAB.SERANG',2147483647,NULL,NULL,1,'2023-05-26 11:01:08','query',NULL,NULL),(331,'ALTHAFAH IMANOV KAF','L','','7c4a8d09ca3762af61e59520943dc26494f8941b','PERUM. GRAHA CISAIT A.10/35 KEC. KRAGILAN KAB.SERANG',2147483647,NULL,NULL,1,'2023-05-26 11:01:08','query',NULL,NULL),(332,'ANNISA NOVIYANTI','P','','7c4a8d09ca3762af61e59520943dc26494f8941b','PURI KRAKATAU HIJAU BLOK. E4 NO.18 LINK.KOTASARI KEC. GEROGOL KOTA CILEGON',2147483647,NULL,NULL,1,'2023-05-26 11:01:08','query',NULL,NULL),(333,'DINI SULISTIA','P','','7c4a8d09ca3762af61e59520943dc26494f8941b','JL. RAYA CIRUAS-PETIR KM. 05 KP. CIGOONG RT/RW. 001/001 WALANTAKA KOTA SERANG',2147483647,NULL,NULL,1,'2023-05-26 11:01:08','query',NULL,NULL),(334,'FAISAL RIZAL','L','','7c4a8d09ca3762af61e59520943dc26494f8941b','LINK. SAWAH PULORIDA RT/RW 005/001 DESA LEBAK GEDE KEC. PULOMERAK KOTA.CILEGON',2147483647,NULL,NULL,1,'2023-05-26 11:01:08','query',NULL,NULL),(335,'FIFI WAHYUNI','P','','7c4a8d09ca3762af61e59520943dc26494f8941b','KP.WERA RT/RW 002/003 DS.TOYOMERTO KEC. KRAMATWATU KAB.SERANG',2147483647,NULL,NULL,1,'2023-05-26 11:01:08','query',NULL,NULL),(336,'ILHAM FAJAR MAHENDRA','L','','7c4a8d09ca3762af61e59520943dc26494f8941b','JL KRAMAT EKA 11 NO 22 RT/RW 003/005 DS. KRAMAT WATU KEL. KRAMAT WATU KEC. KRAMAT WATU KAB.SERANG',2147483647,NULL,NULL,1,'2023-05-26 11:01:08','query',NULL,NULL),(337,'INDRIANI HAFIZHOH','P','','7c4a8d09ca3762af61e59520943dc26494f8941b','BUMI CIRUAS PERMAI 1 BLOK C 09 NO 06 RT/RW. 010/004 DESA RANJENG KEC. CIRUAS KAB. SERANG',2147483647,NULL,NULL,1,'2023-05-26 11:01:08','query',NULL,NULL),(338,'LESI RESVIANI','P','','7c4a8d09ca3762af61e59520943dc26494f8941b','KP. CIMARA RT/RW. 001/001 KEL. PADAHERANG KEC. ANGSANA KAB. PANDEGLANG',2147483647,NULL,NULL,1,'2023-05-26 11:01:08','query',NULL,NULL),(339,'MUHAMMAD DAVA MAULANA','L','','7c4a8d09ca3762af61e59520943dc26494f8941b','KP. MAJALAWANG RT/RW.001/001 KEL. UMBUL TENGAH KEC.TAKTAKAN KOTA SERANG',2147483647,NULL,NULL,1,'2023-05-26 11:01:08','query',NULL,NULL),(340,'MARSYA SUHARTINI','P','','7c4a8d09ca3762af61e59520943dc26494f8941b','KP.SARONGGE DS.KEMANISAN RT/RW 02/01 KEC. BAROS KOTA.KOTA SERANG',2147483647,NULL,NULL,1,'2023-05-26 11:01:08','query',NULL,NULL),(341,'NABILATU DZAKIYYAH','P','','7c4a8d09ca3762af61e59520943dc26494f8941b','LINK KRAMAT JATI RT/RW. 005/002 CITANGKIL KOTA CILEGON',2147483647,NULL,NULL,1,'2023-05-26 11:01:08','query',NULL,NULL),(342,'RATU ILA MILLATI NADIYA','P','','7c4a8d09ca3762af61e59520943dc26494f8941b','KP. SAMPARWADI RT/RW 001/001 DS. PUSER KEC. TIRTAYASA KAB. SERANG',2147483647,NULL,NULL,1,'2023-05-26 11:01:08','query',NULL,NULL),(343,'RIZKINA DWI CAHYANI','P','','7c4a8d09ca3762af61e59520943dc26494f8941b','TAMAN BANTEN LESTARI BLOCK G.6A NO.17 KEC. UNYUR KOTA.SERANG',2147483647,NULL,NULL,1,'2023-05-26 11:01:08','query',NULL,NULL),(344,'SERLY KOMALA WIDIYANTO','P','','7c4a8d09ca3762af61e59520943dc26494f8941b','KP KUBU DESA PERDANA RT/RW: 03/01 KEC. SUKARESMI KOTA.PANDEGLANG',2147483647,NULL,NULL,1,'2023-05-26 11:01:08','query',NULL,NULL),(345,'SULTAN AULIA BANGSA','L','','7c4a8d09ca3762af61e59520943dc26494f8941b','KOMP.JERANG BARU PERMAI NO.50 RT.005/003 KEC. CIBEBER KOTA.CILEGON',2147483647,NULL,NULL,1,'2023-05-26 11:01:08','query',NULL,NULL),(346,'SYALSABILA FITRIYANI','P','','7c4a8d09ca3762af61e59520943dc26494f8941b','LINK.SAWAH PULORIDA RT/RW 005/001 DS. LEBAKGEDE KEC. PULOMERAK KOTA.CILEGON',2147483647,NULL,NULL,1,'2023-05-26 11:01:08','query',NULL,NULL),(347,'AHMAD SYARIF HIDAYATULLAH','L','','7c4a8d09ca3762af61e59520943dc26494f8941b','KP.CITANGKIL 001/001 TANGKIL SARI CIMANGGU KEC. CIMANGGU KAB.PANDEGLANG',2147483647,NULL,NULL,1,'2023-05-26 11:01:08','query',NULL,NULL),(348,'ZAHRA KHOIRUN NUFUS','P','','7c4a8d09ca3762af61e59520943dc26494f8941b','KP. TERAHANRT/RW. 001/001 SUKASARI KEC. TUNJUNG TEJA KAB.SERANG',2147483647,NULL,NULL,1,'2023-05-26 11:01:08','query',NULL,NULL),(349,'ZAKI SANDIKARA','L','','7c4a8d09ca3762af61e59520943dc26494f8941b','LING TEGAL CABE RT 004/002 DS. CITANGKIL KEC. CITANGKIL KOTA.CILEGON',2147483647,NULL,NULL,1,'2023-05-26 11:01:08','query',NULL,NULL),(350,'ADITYA RAHMAN','L','','7c4a8d09ca3762af61e59520943dc26494f8941b','BUMI AGUNG PERMAI H2 NO 2 RT/RW. 004/001 SERANG KOTA SERANG',2147483647,NULL,NULL,0,'2023-05-26 11:01:08','query',NULL,NULL),(351,'ARDI RAHMAN','L','','7c4a8d09ca3762af61e59520943dc26494f8941b','BUMI AGUNG PERMAI H2 NO 2 RT/RW. 004/001 SERANG KOTA SERANG',2147483647,NULL,NULL,0,'2023-05-26 11:01:08','query',NULL,NULL),(352,'DAVIN MUBAROK AL-KARDOWI','L','','7c4a8d09ca3762af61e59520943dc26494f8941b','JL. SUNAN BONANG LINK. KERACAK RT/RW. 012/004 DESA BANJAR NEGARA KEC. CIWANDAN KOTA CILEGON',2147483647,NULL,NULL,1,'2023-05-26 11:01:08','query',NULL,NULL),(353,'FAREL','L','','7c4a8d09ca3762af61e59520943dc26494f8941b','KP. PERES PULO PANJANG RT/RW 003/002 KEC. PULO AMPEL KAB. SERANG',2147483647,NULL,NULL,1,'2023-05-26 11:01:08','query',NULL,NULL),(354,'ILHAM MUSTAKIM ALQADOFI','L','','7c4a8d09ca3762af61e59520943dc26494f8941b','JL. SUNAN BONANG LINK. KERACAK RT/RW. 012/004 DESA BANJAR NEGARA KEC. CIWANDAN KOTA CILEGON',2147483647,NULL,NULL,1,'2023-05-26 11:01:08','query',NULL,NULL),(355,'MAULANA M ZIKRUL ARDY','L','','7c4a8d09ca3762af61e59520943dc26494f8941b','JL BIMA GG DURIAN KAMPUNG BAYUR RAJA BASA JAYA RT/RW.005/00 KEC.RAJA BASA KOTA BANDAR LAMPUNG',2147483647,NULL,NULL,1,'2023-05-26 11:01:08','query',NULL,NULL),(356,'MELDA','P','','7c4a8d09ca3762af61e59520943dc26494f8941b','TALANG CIOMAS RT/RW 008/001 KEC. ABUNG BARAT KAB. LAMPUNG',2147483647,NULL,NULL,1,'2023-05-26 11:01:08','query',NULL,NULL),(357,'MUHAMAD ARIF RAHMAT','L','','7c4a8d09ca3762af61e59520943dc26494f8941b','LINGK. KARUNDANG LOR RT/RW. 005/002 CIPOCOK JAYA KOTA SERANG',2147483647,NULL,NULL,1,'2023-05-26 11:01:08','query',NULL,NULL),(358,'MUHAMMAD ALFA FAIRUZ AZHAR','L','','7c4a8d09ca3762af61e59520943dc26494f8941b','LINK.CURUG KATIMAHA RT/RW.001/001 CILEGON KOTA CILEGON',2147483647,NULL,NULL,1,'2023-05-26 11:01:08','query',NULL,NULL),(359,'MUHAMMAD JIBRIL KAFIL','L','','7c4a8d09ca3762af61e59520943dc26494f8941b','SIMPANG 3 PULO CANGKIR RT/RW. 001/001 KRONJO KAB. TANGERANG',2147483647,NULL,NULL,1,'2023-05-26 11:01:08','query',NULL,NULL),(360,'NADIN SEPTIA RAMADANI','P','','7c4a8d09ca3762af61e59520943dc26494f8941b','BCP BLOK C 1A NO 10 RT/RW 017/004 KEC. CIRUAS KAB. SERANG',2147483647,NULL,NULL,1,'2023-05-26 11:01:08','query',NULL,NULL),(361,'RAIHAN MAULANA SYAHPUTRA','L','','7c4a8d09ca3762af61e59520943dc26494f8941b','JL RAYA BINUANGEUN KP SETRA RT/RW. 015/004 MUARA KEC. WANASALAM KAB. LEBAK',2147483647,NULL,NULL,1,'2023-05-26 11:01:08','query',NULL,NULL),(362,'RENITA PUSPITA SARI','P','','7c4a8d09ca3762af61e59520943dc26494f8941b','DUSUN BANGUN REJO RT/RW. 004/002 SUKA MULYA KEC. SUNGAI MELAYU RAYAK KAB.KETAPANG',2147483647,NULL,NULL,1,'2023-05-26 11:01:08','query',NULL,NULL),(363,'RIVKA NATIZATUL AWALIYAH','P','','7c4a8d09ca3762af61e59520943dc26494f8941b','KP. RANCAILAT RT/RW 007/002 DS. RANCAILAT KEC. KRESEK KAB.TANGERANG',2147483647,NULL,NULL,1,'2023-05-26 11:01:08','query',NULL,NULL),(364,'RIYANTI','P','','7c4a8d09ca3762af61e59520943dc26494f8941b','JL.LANUD GORDA KM 7 KP BINUANG PESANTREN RT/RW 003/002 DS. BINUANG KEC. BINUANG KAB. SERANG',2147483647,NULL,NULL,1,'2023-05-26 11:01:08','query',NULL,NULL),(365,'RIZKY SEPTIANDI SAPUTRA','L','','7c4a8d09ca3762af61e59520943dc26494f8941b','LING.KARUNDANG TENGAH RT/RW. 002/002 CIPOCOK JAYA KOTA SERANG',2147483647,NULL,NULL,1,'2023-05-26 11:01:08','query',NULL,NULL),(366,'SELVI ARYANTI','P','','7c4a8d09ca3762af61e59520943dc26494f8941b','PERUM BUKIT MAS RESIDENCE BLOK J3 NO.19 RT/RW. 006/001 CIPOCOK JAYA KOTA SERANG',2147483647,NULL,NULL,1,'2023-05-26 11:01:08','query',NULL,NULL),(367,'SITI NAWALATHONANI','P','','7c4a8d09ca3762af61e59520943dc26494f8941b','KP.SAIT MASJID RT/RW 001/002 DESA CISAIT KEC. KRAGILAN KAB. SERANG',2147483647,NULL,NULL,1,'2023-05-26 11:01:08','query',NULL,NULL),(368,'TABKIATUNNIAH','P','','7c4a8d09ca3762af61e59520943dc26494f8941b','KOMP.PURI KARTIKA BANJARSARI RT/RW 005/011 KEL. BANJARSARI KEC. CIPOCOK JAYA KOTA. SERANG',2147483647,NULL,NULL,1,'2023-05-26 11:01:08','query',NULL,NULL),(369,'FARID ACHMAD','L','','7c4a8d09ca3762af61e59520943dc26494f8941b','TAMAN CIBADUYUT INDAH D 197 RT/RW. 009/016 DESA CANGKUANG KULON KEC. DAYEUHKOLOT KOTA BANDUNG',2147483647,NULL,NULL,1,'2023-05-26 11:01:08','query',NULL,NULL),(370,'MUHAMMAD AZIZ FIRMANSYAH','L','','7c4a8d09ca3762af61e59520943dc26494f8941b','LINK. KETILENG BARAT RT/RW. 006/002 KETILENG KEC. CILEGON KOTA CILEGON',2147483647,NULL,NULL,1,'2023-05-26 11:01:08','query',NULL,NULL),(371,'PANJI PURNA ANJALA','L','','7c4a8d09ca3762af61e59520943dc26494f8941b','MEKAR SARI RT/RW. 001/010 DESA SINAR HARAPAN KEC. KEDONDONG KAB. PESAWARAN',2147483647,NULL,NULL,1,'2023-05-26 11:01:08','query',NULL,NULL),(372,'AGUNG SETIAWAN','L','','7c4a8d09ca3762af61e59520943dc26494f8941b','JL. KALI BARU BARAT VII NP 42 RT/RW. 014/004 KALIBARU KEC. CELINCING KOTA JAKARTA UTARA',2147483647,NULL,NULL,1,'2023-05-26 11:01:08','query',NULL,NULL),(373,'AJATASHATRU FIRDAUS','L','','7c4a8d09ca3762af61e59520943dc26494f8941b','JL. NAKULA NO.21-B KAV BLOK.E RT/RW. 010/005 CIWADUK KEC. CILEGON KOTA CILEGON',2147483647,NULL,NULL,1,'2023-05-26 11:01:08','query',NULL,NULL),(374,'AQSHA ARTA SENA','L','','7c4a8d09ca3762af61e59520943dc26494f8941b','KP. CEMBEH RT/RW 003/001 DESA CIRUAS KEC. CIRUAS KOTA.SERANG',2147483647,NULL,NULL,1,'2023-05-26 11:01:08','query',NULL,NULL),(375,'AULIA KHAERUNNISA','P','','7c4a8d09ca3762af61e59520943dc26494f8941b','TAMAN BANTEN LESTARI D5A/11 RT/RW 001/021 DESA UNY KEC. SERANG KOTA.SERANG',2147483647,NULL,NULL,1,'2023-05-26 11:01:08','query',NULL,NULL),(376,'DIMAS PERMANA','L','','7c4a8d09ca3762af61e59520943dc26494f8941b','KP SIPANJANG RT 012/004 DESA TENJOAAYU KEC TANARA KAB.SERANG',2147483647,NULL,NULL,1,'2023-05-26 11:01:08','query',NULL,NULL),(377,'ESHA PUTRI CHAESARANI','P','','7c4a8d09ca3762af61e59520943dc26494f8941b','KP NYAPAH KIARA RT 02/02 KEL NYAPAH KEC WALANTAKA KOTA SERANG',2147483647,NULL,NULL,1,'2023-05-26 11:01:08','query',NULL,NULL),(378,'FALAHUL FIRDAUS','L','','7c4a8d09ca3762af61e59520943dc26494f8941b','KP. CURUG BONTENG. 07/04.KRAMAT JATI. KRAGILAN. SERANG BANTEN',2147483647,NULL,NULL,1,'2023-05-26 11:01:08','query',NULL,NULL),(379,'HADI SAHLU RIZKI','L','','7c4a8d09ca3762af61e59520943dc26494f8941b','KP. JONGJING RT/RW 010/003 DESA LABAN KEC. TIRTAYASA KAB.SERANG',2147483647,NULL,NULL,1,'2023-05-26 11:01:08','query',NULL,NULL),(380,'INAYAH','P','','7c4a8d09ca3762af61e59520943dc26494f8941b','KP. BEBERAN RT/RW 002/001 KEL. BEBERAN KEC. CIRUAS KAB.SERANG',2147483647,NULL,NULL,1,'2023-05-26 11:01:08','query',NULL,NULL),(381,'ISTI HANAH WIDIA RAHMAWATI','P','','7c4a8d09ca3762af61e59520943dc26494f8941b','GANG H. SATIRI RT.002 RW.003 KEL. ULUJAMI KEC. PESANGGRAHAN KOTA JAKARTA SELATAN PROV. DKI JAKARTA',2147483647,NULL,NULL,1,'2023-05-26 11:01:08','query',NULL,NULL),(382,'LIANA HERLINDA','P','','7c4a8d09ca3762af61e59520943dc26494f8941b','KP. TIRTAYASA RT/RW. 004/002 KEC. TIRTAYASA KAB.SERANG',2147483647,NULL,NULL,1,'2023-05-26 11:01:08','query',NULL,NULL),(383,'MUHAMMAD FATHIR ADRIAN RAMADHAN','L','','7c4a8d09ca3762af61e59520943dc26494f8941b','KP. KERONJO RT/RW 003/001 DS.KRONJO KEC. KRONJO KAB.TANGERANG',2147483647,NULL,NULL,1,'2023-05-26 11:01:08','query',NULL,NULL),(384,'MUHAMMAD WIRA PRATAMA','L','','7c4a8d09ca3762af61e59520943dc26494f8941b','KP TERATE RT/RW 007/002 KEL/TERATE KEC.KRAMATWATU KAB. SERANG PROV. BANTEN',2147483647,NULL,NULL,1,'2023-05-26 11:01:08','query',NULL,NULL),(385,'NANDA ERDINDA BUNGA CAHYA','P','','7c4a8d09ca3762af61e59520943dc26494f8941b','KP KADUODENG RT/RW. 001/003 KEL. BANJARSARI KEC. ANYAR KAB. SERANG PROV. BANTEN',2147483647,NULL,NULL,1,'2023-05-26 11:01:08','query',NULL,NULL),(386,'NAYLA NAJMI ALHAYAH','P','','7c4a8d09ca3762af61e59520943dc26494f8941b','CIKANDE PERMAI BLOK E5 NO. 06 RT/RW 005/002 KEL. CIKANDE KEC. CIKANDE KAB. SERANG PROV. BANTEN',2147483647,NULL,NULL,1,'2023-05-26 11:01:08','query',NULL,NULL),(387,'NOVIA AMANDA','P','','7c4a8d09ca3762af61e59520943dc26494f8941b','KP.SALIRA SABRANG RT/RW. 005/002 KEL. SALIRA KEC. PULO AMPEL KAB. SERANG PROV. BANTEN',2147483647,NULL,NULL,1,'2023-05-26 11:01:08','query',NULL,NULL),(388,'RINA SUHERMAN','P','','7c4a8d09ca3762af61e59520943dc26494f8941b','KP. CIROLE DESA TAMBAK KEC. KIBIN KAB.SERANG',2147483647,NULL,NULL,1,'2023-05-26 11:01:08','query',NULL,NULL),(389,'RISKA AULIYA','P','','7c4a8d09ca3762af61e59520943dc26494f8941b','KP.PENGRANGO KENDAL DS.LAMBANGSARI KEC. BOJONEGARA KAB. SERANG PROV. BANTEN',2147483647,NULL,NULL,1,'2023-05-26 11:01:08','query',NULL,NULL),(390,'RISMA VARISAH','P','','7c4a8d09ca3762af61e59520943dc26494f8941b','JLN.NAMBO CIRUAS RT/RW 001/001 KEL.BEBERAN KEC.CIRUAS KAB.SERANG PROV.BANTEN',2147483647,NULL,NULL,1,'2023-05-26 11:01:08','query',NULL,NULL),(391,'SALSA NABILA','P','','7c4a8d09ca3762af61e59520943dc26494f8941b','KP.SUMUR BATU DESA.SUMUR BATU KE.CIKEUSIK KAB.PANDEGLANG PROV.BANTEN',2147483647,NULL,NULL,1,'2023-05-26 11:01:08','query',NULL,NULL),(392,'SEVEN OCTO GHALBI','L','','7c4a8d09ca3762af61e59520943dc26494f8941b','KP KRAPCAK RT/RW 005/002 WANAYASA KEC. KRAMAT WATU KOTA.SERANG',2147483647,NULL,NULL,1,'2023-05-26 11:01:08','query',NULL,NULL),(393,'TIA NUR KUSUMA DWI HASTUTI','P','','7c4a8d09ca3762af61e59520943dc26494f8941b','CIKANDE PERMAI BLOK Q 8 NO. 07 RT/RW 007/007 KEL. CIKANDE PERMAI KEC. CIKANDE KAB. SERANG PROV. BANTEN',2147483647,NULL,NULL,1,'2023-05-26 11:01:08','query',NULL,NULL),(394,'WARDATUL HAMRO','P','','7c4a8d09ca3762af61e59520943dc26494f8941b','JL. PENAUAN RT/RW 01/01 KEL. KUBANG SARI KEC. CIWANDAN KOTA CILEGON PROV. BANTEN',2147483647,NULL,NULL,1,'2023-05-26 11:01:08','query',NULL,NULL),(395,'ACHMAD FAIMAN','L','','7c4a8d09ca3762af61e59520943dc26494f8941b','LINK CILAMPANG RT/RW 001/007 KEC. SERANG KOTA.SERANG',2147483647,NULL,NULL,1,'2023-05-26 11:01:08','query',NULL,NULL),(396,'ADE RIZAL','L','','7c4a8d09ca3762af61e59520943dc26494f8941b','KP. PARAPATAN TANJUNG RASA RT/RW 18/19 KEC. PATOK BESI KOTA.SUBANG',2147483647,NULL,NULL,1,'2023-05-26 11:01:08','query',NULL,NULL),(397,'AHMAD FAHMIRIFA FAHRUROJI','L','','7c4a8d09ca3762af61e59520943dc26494f8941b','JL. SADEWA NO. 47 KAV BLOK E RT/RW 015/005 KEC. CILEGON KOTA.CILEGON',2147483647,NULL,NULL,1,'2023-05-26 11:01:08','query',NULL,NULL),(398,'ANISA DWI YATI','P','','7c4a8d09ca3762af61e59520943dc26494f8941b','KP.GAMBAR RT/RW 001/006 KEC. KIBIN KAB.SERANG',2147483647,NULL,NULL,1,'2023-05-26 11:01:08','query',NULL,NULL),(399,'ARIEL NUBIANSYAH','L','','7c4a8d09ca3762af61e59520943dc26494f8941b','KP. MEKAR SARI 014/005 KEC. PULO AMPEL KAB.SERANG',811123347,NULL,NULL,1,'2023-05-26 11:01:08','query',NULL,NULL),(400,'CAHYA CINTA CANTIKA','P','','7c4a8d09ca3762af61e59520943dc26494f8941b','PERUM BCK BLOCK C. 09 NO 08 KEC. CIBEBER KOTA.CILEGON',2147483647,NULL,NULL,1,'2023-05-26 11:01:08','query',NULL,NULL),(401,'EGA VIVIN MILAWATI','P','','7c4a8d09ca3762af61e59520943dc26494f8941b','KP. NYAPAH KIARA RT/RW 008/002 KEL. NYAPAH KEC. WALANTAKA KOTA.SERANG',2147483647,NULL,NULL,1,'2023-05-26 11:01:08','query',NULL,NULL),(402,'FAJRIA HIDAYAH','P','','7c4a8d09ca3762af61e59520943dc26494f8941b','KEL.BATU JAYA RT/RW.01/05 KEC.BATU CEPER KAB.TANGERANG PROV.BANTEN',2147483647,NULL,NULL,1,'2023-05-26 11:01:08','query',NULL,NULL),(403,'ILHAM MAULANA YUSUF','L','','7c4a8d09ca3762af61e59520943dc26494f8941b','LING PANCURAN RT/RW 003/003 DESA SURALAYA KEC. PULO MERAK KOTA.CILEGON',2147483647,NULL,NULL,1,'2023-05-26 11:01:08','query',NULL,NULL),(404,'MUHAMAD FAKIH ASIFA','L','','7c4a8d09ca3762af61e59520943dc26494f8941b','KP. DANGDANG RT/RW 005/005 DS. MEKARSARI KEC. RUMPIN KAB. BOGOR PROV. JAWA BARAT',2147483647,NULL,NULL,1,'2023-05-26 11:01:08','query',NULL,NULL),(405,'MUHAMAD SURYA MAULANA','L','','7c4a8d09ca3762af61e59520943dc26494f8941b','KP. DRANGONG RT/RW 001/007 KEL. DRANGONG KEC. TAKTAKAN KOTA SERANG',2147483647,NULL,NULL,1,'2023-05-26 11:01:08','query',NULL,NULL),(406,'MUHAMMAD HARIS','L','','7c4a8d09ca3762af61e59520943dc26494f8941b','JL. SUNAN GIRI LINK. CILODAN RT/RW 017/005 KEL. GUNUNG SUGIH KEC. CIWANDAN KOTA CILEGON PROV. BANTEN',2147483647,NULL,NULL,1,'2023-05-26 11:01:08','query',NULL,NULL),(407,'NAUVAL MASYROFI','L','','7c4a8d09ca3762af61e59520943dc26494f8941b','KP.SINAR KEPUH RT/RW 12/03 DESA KEMUNING KEC. TUNJUNG TEJA KAB. SERANG',2147483647,NULL,NULL,1,'2023-05-26 11:01:08','query',NULL,NULL),(408,'NESA ABDILLAH','P','','7c4a8d09ca3762af61e59520943dc26494f8941b','KP. BINUANGEUN RT/RW.002/001 MUARA KEC.WANASALAM KAB.LEBAK PROV.BANTEN',2147483647,NULL,NULL,1,'2023-05-26 11:01:08','query',NULL,NULL),(409,'NOVARA SOFYATIN','P','','7c4a8d09ca3762af61e59520943dc26494f8941b','KP.KUBANG LABAN RT/RW 006/003 KEL.LAMBANGSARI KEC.BOJENEGARA KAB.SERANG PROV.BANTEN',2147483647,NULL,NULL,1,'2023-05-26 11:01:08','query',NULL,NULL),(410,'RAFI FAUZAN TAQIYUDIN','L','','7c4a8d09ca3762af61e59520943dc26494f8941b','KP.BATU JAYA RT.002/003 CIINJUK KEC. CADASARI KAB.PANDEGLANG',2147483647,NULL,NULL,1,'2023-05-26 11:01:08','query',NULL,NULL),(411,'SANIAH ALFIANTI','P','','7c4a8d09ca3762af61e59520943dc26494f8941b','LINK. BARU RT/RW 003/008 DESA JOMBANG WETAN KEC. JOMBANG KOTA.CILEGON',2147483647,NULL,NULL,1,'2023-05-26 11:01:08','query',NULL,NULL),(412,'SHERINA NABILA RAMADHANI','P','','7c4a8d09ca3762af61e59520943dc26494f8941b','KP. KEBON DESA CISAAT - PADARINCANG KEC. PADARINCANG KAB.SERANG',2147483647,NULL,NULL,1,'2023-05-26 11:01:08','query',NULL,NULL),(413,'SITI SYARIPATUL WAQIAH','P','','7c4a8d09ca3762af61e59520943dc26494f8941b','KP PABUARAN RT/RW. 007/004 DS. SENTUL KEC. KRAGILAN KAB. SERANG PROV. BANTEN',2147483647,NULL,NULL,1,'2023-05-26 11:01:08','query',NULL,NULL),(414,'ULYA ZAQIYA RAMADANI','P','','7c4a8d09ca3762af61e59520943dc26494f8941b','KP.CIRARAB RT/RW.002/001 CIRARAB KEC.LEGOK KAB.TANGERANG PROV.BANTEN',2147483647,NULL,NULL,1,'2023-05-26 11:01:08','query',NULL,NULL),(415,'VIRA SAFIRIYANTI','P','','7c4a8d09ca3762af61e59520943dc26494f8941b','LINK. JAGARAYU RT/RW 002/002 DESA DALUNG KEC. CIPOCOK JAYA KOTA.SERANG',2147483647,NULL,NULL,1,'2023-05-26 11:01:08','query',NULL,NULL),(416,'YOLANDA NURHAPSYAH CIBRO','P','','7c4a8d09ca3762af61e59520943dc26494f8941b','JL.MUJAIR VI RT/RW 002/004 KEL.BAMBU APUS KEC.PAMULANG KAB.TANGGERANG SELATAN PROV.BANTEN',2147483647,NULL,NULL,1,'2023-05-26 11:01:08','query',NULL,NULL),(417,'ACHMAD HIDAYAT','L','','7c4a8d09ca3762af61e59520943dc26494f8941b','PERMATA SAFIRA REGENCY BLOCK D9/27 KEC. TAKTAKAN KOTA.SERANG',2147483647,NULL,NULL,1,'2023-05-26 11:01:08','query',NULL,NULL),(418,'AINUL YATANSA','P','','7c4a8d09ca3762af61e59520943dc26494f8941b','LINK KUBANG LABAN RT/RW.001/002 PANGGUNG RAWI KEC.JOMBANG KOTA CILEGON PROV.BANTEN',2147483647,NULL,NULL,1,'2023-05-26 11:01:08','query',NULL,NULL),(419,'ARFAH MAULANI ASHARI','P','','7c4a8d09ca3762af61e59520943dc26494f8941b','BUMI MUTIARA SERANG BLOK F/10 RT/004 RW/001 KEC.CIPOCOK JAYA KOTA.SERANG PROV.BANTEN',817884051,NULL,NULL,1,'2023-05-26 11:01:08','query',NULL,NULL),(420,'CHARISSA RATU AISYA','P','','7c4a8d09ca3762af61e59520943dc26494f8941b','KP.WALURAN RT.01/01 KEL.ANYER KEC. ANYER KAB.SERANG',2147483647,NULL,NULL,1,'2023-05-26 11:01:08','query',NULL,NULL),(421,'DELON KLEO FATRA','L','','7c4a8d09ca3762af61e59520943dc26494f8941b','JL.PEMANGKU 1 KEL.HENIARONG KEC. LUMBOK SEMINUNG KAB. LAMPUNG BARAT PROV. LAMPUNG',2147483647,NULL,NULL,1,'2023-05-26 11:01:08','query',NULL,NULL),(422,'DWI PUTRI CHAESARANI','P','','7c4a8d09ca3762af61e59520943dc26494f8941b','KP NYAPAH KIARA RT 02/02 KEL NYAPAH KEC. WALANTAKA KOTA SERANG',2147483647,NULL,NULL,1,'2023-05-26 11:01:08','query',NULL,NULL),(423,'DWI SASKIA HAERUNISA','P','','7c4a8d09ca3762af61e59520943dc26494f8941b','KP. TEGAL SEMPU RT/RW. 009/003 KEC. WARINGIN KURUNG KAB. SERANG PROV. BANTEN',2147483647,NULL,NULL,1,'2023-05-26 11:01:08','query',NULL,NULL),(424,'FIO MUTHIA KARINE','P','','7c4a8d09ca3762af61e59520943dc26494f8941b','KP. DOMAS RT/RW 011/003 DS. DOMAS KEC. PONTANG KAB. SERANG PROV. BANTEN',2147483647,NULL,NULL,1,'2023-05-26 11:01:08','query',NULL,NULL),(425,'FIRDAUS SYAHLAN','L','','7c4a8d09ca3762af61e59520943dc26494f8941b','PCI BLOK C 53 NO.14 RT/RW 008/007 DESA HARJATANI KEC. KRAMAT WATU KAB.SERANG',2147483647,NULL,NULL,1,'2023-05-26 11:01:08','query',NULL,NULL),(426,'KAMILATUL MUBAROKAH','P','','7c4a8d09ca3762af61e59520943dc26494f8941b','KP. SUKARAJA RT/RW 008/004 DESA SUKARAJA KEC. RAJABASA KOTA.LAMPUNG SELATAN',2147483647,NULL,NULL,1,'2023-05-26 11:01:08','query',NULL,NULL),(427,'KIMMY ANGELICA','P','','7c4a8d09ca3762af61e59520943dc26494f8941b','DSN SANGGARARUM RT/RW 004/003 DS. MOJOJEJER KEC. MOJOWARNO KAB. JOMBANG PROV. JAWA TIMUR',2147483647,NULL,NULL,1,'2023-05-26 11:01:08','query',NULL,NULL),(428,'MUHAMAD NABIL DHIYA ATHAYA','L','','7c4a8d09ca3762af61e59520943dc26494f8941b','PCI BLOK C 18 NO. 07 RT/RW 003/005 DESA HARJATANI KEC. KRAMAT WATU KAB.SERANG',2147483647,NULL,NULL,1,'2023-05-26 11:01:08','query',NULL,NULL),(429,'MUHAMMAD FITRAH YARLIS','L','','7c4a8d09ca3762af61e59520943dc26494f8941b','GRAND CATANIA BLOK. O 01/30 RT/RW 002/004 DS. CIAKAR KEC. PANONGAN KAB. TANGGERANG PROV. BANTEN',2147483647,NULL,NULL,1,'2023-05-26 11:01:08','query',NULL,NULL),(430,'NUR ANDINI','P','','7c4a8d09ca3762af61e59520943dc26494f8941b','KP SOLOR LOR RT018/008 KEC. BOJONEGARA KAB.SERANG',2147483647,NULL,NULL,1,'2023-05-26 11:01:08','query',NULL,NULL),(431,'RAKANDA ANDARU KALLA CAKRA','L','','7c4a8d09ca3762af61e59520943dc26494f8941b','KOMP.TWI FWA 151 NO.02 RT/RW.003/007 WARNASARI KEC.CITANGKIL KOTA.CILEGON PROV.BANTEN',2147483647,NULL,NULL,1,'2023-05-26 11:01:08','query',NULL,NULL),(432,'REMAS','P','','7c4a8d09ca3762af61e59520943dc26494f8941b','KP.BOJONG RT/RW 03/02 DESA SUKAMANAH KEC. TANARA KAB.SERANG',2147483647,NULL,NULL,1,'2023-05-26 11:01:08','query',NULL,NULL),(433,'RIYANTI KHAERANI MAULIDA','P','','7c4a8d09ca3762af61e59520943dc26494f8941b','KP.CEROCOH RT/RW.003/001 KEL.DOMAS KEC.PONTANG KAB.SERANG PROV.BANTEN',2147483647,NULL,NULL,1,'2023-05-26 11:01:08','query',NULL,NULL),(434,'SALWA SABRIYANTI','P','','7c4a8d09ca3762af61e59520943dc26494f8941b','PERUM. TAMAN WARNASARI BLOK FWA 120 NO. 1 RT/RW 006/006 KEL. CITANGKIL KEC. CITANGKIL KOTA CILEGON PROV. BANTEN',2147483647,NULL,NULL,1,'2023-05-26 11:01:08','query',NULL,NULL),(435,'SIDNEY NASHA AUREL','P','','7c4a8d09ca3762af61e59520943dc26494f8941b','KP. WINONG RT/RW 008/002 DS. KETOS KEC. KIBIN KAB. SERANG PROV. BANTEN',2147483647,NULL,NULL,1,'2023-05-26 11:01:08','query',NULL,NULL),(436,'SUCI RAHMAWATI','P','','7c4a8d09ca3762af61e59520943dc26494f8941b','KP.NYAMUK RT.012/006 KEL.MARGAGIRI KEC. BOJONEGARA KAB. SERANG PROV.BANTEN',2147483647,NULL,NULL,1,'2023-05-26 11:01:08','query',NULL,NULL),(437,'AGHITS HAMDAN HAMADEY','L','','7c4a8d09ca3762af61e59520943dc26494f8941b','TAMAN LOPANG INDAH FU 21/4 RT/RW. 006/003 UNYUR KEC. SERANG KOTA SERANG',2147483647,NULL,NULL,1,'2023-05-26 11:01:08','query',NULL,NULL),(438,'ANIDAH','P','','7c4a8d09ca3762af61e59520943dc26494f8941b','KP.PULO TUNDA RT/RW. 001/002 KEL. WARGASARA KEC. TIRTAYASA KAB. SERANG',2147483647,NULL,NULL,1,'2023-05-26 11:01:08','query',NULL,NULL),(439,'DIMAS SATRIO PUTRA','L','','7c4a8d09ca3762af61e59520943dc26494f8941b','ANYAR KP.KEMASAN RT/RW. 001/001 KEC. CINANGKA KAB.SERANG',2147483647,NULL,NULL,1,'2023-05-26 11:01:08','query',NULL,NULL),(440,'FRISKA AZ ZAHRA','P','','7c4a8d09ca3762af61e59520943dc26494f8941b','KP. KADUDAGO RT/RW. 003/001 SINDANG KARYA KEC. ANYER KAB.SERANG',2147483647,NULL,NULL,1,'2023-05-26 11:01:08','query',NULL,NULL),(441,'GILANG AL KHOLILI','L','','7c4a8d09ca3762af61e59520943dc26494f8941b','KP. KESARAN DS. SUJUNG RT.02/01 KEC. TIRTAYASA KAB.SERANG',2147483647,NULL,NULL,1,'2023-05-26 11:01:08','query',NULL,NULL),(442,'LUTFIYANA MERINI AWALIYAH','P','','7c4a8d09ca3762af61e59520943dc26494f8941b','BUMI SERANG BARU E4/01 RT/RW. 002/013 KALIGANDU KEC. SERANG KOTA SERANG',2147483647,NULL,NULL,1,'2023-05-26 11:01:08','query',NULL,NULL),(443,'MAWADDAH WAROHMAH','P','','7c4a8d09ca3762af61e59520943dc26494f8941b','JL. SYEIKH NAWAWI TANARA KP. BARU RT/RW. 015/004 DESA CERUKCUK KEC.TANARA KAB. SERANG',2147483647,NULL,NULL,1,'2023-05-26 11:01:08','query',NULL,NULL),(444,'MUHAMMAD ABDUL RAUF','L','','7c4a8d09ca3762af61e59520943dc26494f8941b','JL. TAKTAKAN BRIMOB NO. 09 KEC. SERANG KOTA.SERANG',2147483647,NULL,NULL,1,'2023-05-26 11:01:08','query',NULL,NULL),(445,'MUHAMMAD NAZRIL ILHAM PRATAMA','L','','7c4a8d09ca3762af61e59520943dc26494f8941b','KP. BATOK BALI RT/RW 001/018 KEL. SERANG KEC. SERANG KOTA.SERANG',2147483647,NULL,NULL,1,'2023-05-26 11:01:08','query',NULL,NULL),(446,'MUHAMMAD ROZAKI','L','','7c4a8d09ca3762af61e59520943dc26494f8941b','KP.TRENG GADING KEL. KEMBANG KERANG DAYA KEC. AIKMEL LOMBOK',2147483647,NULL,NULL,1,'2023-05-26 11:01:08','query',NULL,NULL),(447,'MUHAMMAD SANY AKROM','L','','7c4a8d09ca3762af61e59520943dc26494f8941b','KOMP.TWI FWA 150/33 RT.03 RW. 07 WARNASARI KEC. CITANGKIL KOTA CILEGON',2147483647,NULL,NULL,1,'2023-05-26 11:01:08','query',NULL,NULL),(448,'MUHAMMAD ZIYAD MUMTAZ','L','','7c4a8d09ca3762af61e59520943dc26494f8941b','TBL BLOK E21A NO.36 RT/RW. 003/026 UNYUR KEC. SERANG KOTA SERANG',2147483647,NULL,NULL,1,'2023-05-26 11:01:08','query',NULL,NULL),(449,'NURHASANAH','P','','7c4a8d09ca3762af61e59520943dc26494f8941b','KP.CANDI RT/RW. 010/003 KEC. PULO AMPEL KAB.SERANG',2147483647,NULL,NULL,1,'2023-05-26 11:01:08','query',NULL,NULL),(450,'PUTRI HENDRI JULIANTI','P','','7c4a8d09ca3762af61e59520943dc26494f8941b','KP. CIBETUS RT/RW 009/003 DESA CIPAYUNG KEC. PADARINCANG KAB.SERANG',2147483647,NULL,NULL,1,'2023-05-26 11:01:08','query',NULL,NULL),(451,'SITI NAJWA NADIROH','P','','7c4a8d09ca3762af61e59520943dc26494f8941b','TERONDOL LEBAK INDAH BLOK D9 NO. 01 RT/RW. 002/001 KEC. SERANG KOTA.SERANG',2147483647,NULL,NULL,1,'2023-05-26 11:01:08','query',NULL,NULL),(452,'SOFI FITRI WAHYUNI','P','','7c4a8d09ca3762af61e59520943dc26494f8941b','KP. CIKOBAK LEBAK WANGI RT/RW 04/02 DESA KENCANA H KEC. LEBAK WANGI KOTA.SERANG',2147483647,NULL,NULL,1,'2023-05-26 11:01:08','query',NULL,NULL),(453,'YAHDI','L','','7c4a8d09ca3762af61e59520943dc26494f8941b','KP. BANGKONG REANG RT/WR 06/02 DESA CIPEDANG KEC. WANASALAM KAB.LEBAK',2147483647,NULL,NULL,1,'2023-05-26 11:01:08','query',NULL,NULL),(454,'YUSUF MUHAMMAD','L','','7c4a8d09ca3762af61e59520943dc26494f8941b','KP. CIPAPAT RT/RW 014/004 DS. KADUBEUREUM KEC. PABUARAN KAB. SERANG PROV. BANTEN',2147483647,NULL,NULL,1,'2023-05-26 11:01:08','query',NULL,NULL),(455,'AGIL EKA SAPUTRA','L','','7c4a8d09ca3762af61e59520943dc26494f8941b','SUMSEL - BELITANG KEC. BELITUNG JAYA KOTA.OKU TIMUR',2147483647,NULL,NULL,1,'2023-05-26 11:01:08','query',NULL,NULL),(456,'ANGGA ROHMANSYAH','L','','7c4a8d09ca3762af61e59520943dc26494f8941b','KP. PABUARAN INDAH DS. KRAGILAN RT/RW 004/004 KEC. KRAGILAN KAB.SERANG',2147483647,NULL,NULL,1,'2023-05-26 11:01:08','query',NULL,NULL),(457,'BAY','P','','7c4a8d09ca3762af61e59520943dc26494f8941b','KP. PAMANYARAN RT/RW. 010/002 DESA LINDUK KEC. PONTANG KAB.SERANG',2147483647,NULL,NULL,1,'2023-05-26 11:01:08','query',NULL,NULL),(458,'DELLFINA FRANSYISCA','P','','7c4a8d09ca3762af61e59520943dc26494f8941b','KRAGILAN KEC. KRAGILAN KAB.SERANG',2147483647,NULL,NULL,1,'2023-05-26 11:01:08','query',NULL,NULL),(459,'DZIKRY FAUZAN ARIEF','L','','7c4a8d09ca3762af61e59520943dc26494f8941b','RANDAKARI - SERANGILIR KEC. CIWANDAN KOTA.CILEGON',2147483647,NULL,NULL,1,'2023-05-26 11:01:08','query',NULL,NULL),(460,'FELIA TRI MULYANI','P','','7c4a8d09ca3762af61e59520943dc26494f8941b','KP. PENGRANGO RT.01 RW.01 DS. LAMBANGSARI KEC. BOJONEGARA KAB. SERANG',2147483647,NULL,NULL,1,'2023-05-26 11:01:08','query',NULL,NULL),(461,'INDRI SULISTIANI','P','','7c4a8d09ca3762af61e59520943dc26494f8941b','KP. AMPEL KEC. PULO AMPEL KOTA.PULO AMPEL',2147483647,NULL,NULL,1,'2023-05-26 11:01:08','query',NULL,NULL),(462,'MIFTAHUL JANNAH','P','','7c4a8d09ca3762af61e59520943dc26494f8941b','KP.LAES NAMBO RT/RW. 003/001 SUKAMAJU KEC. KIBIN KAB. SERANG',2147483647,NULL,NULL,1,'2023-05-26 11:01:08','query',NULL,NULL),(463,'MUHAMMAD FAUZAN AMIN','L','','7c4a8d09ca3762af61e59520943dc26494f8941b','KP. TEGAL PADANG RT/RW 03/03 DESA KEBON DALEM KEC. PURWAKARTA KOTA.CILEGON',871820817,NULL,NULL,1,'2023-05-26 11:01:08','query',NULL,NULL),(464,'MUHAMMAD HERU PRATAMA','L','','7c4a8d09ca3762af61e59520943dc26494f8941b','DESA TANJUNG KURUNG RT/RW 01/01 KEC. MUARA PINANG KOTA.EMPAT LAWANG',2147483647,NULL,NULL,1,'2023-05-26 11:01:08','query',NULL,NULL),(465,'MUHAMMAD RAFLI PRATAMA','L','','7c4a8d09ca3762af61e59520943dc26494f8941b','CIRACAS KP. CAGAR AYU RT/RW. 001/003 KEC. CIPOCOK JAYA KOTA.SERANG',2147483647,NULL,NULL,1,'2023-05-26 11:01:08','query',NULL,NULL),(466,'NAZWA AMALIA','P','','7c4a8d09ca3762af61e59520943dc26494f8941b','KP.SALIRA SABRANG RT 05 RW 02 KEC. PULO AMPEL KAB.SERANG',2147483647,NULL,NULL,1,'2023-05-26 11:01:08','query',NULL,NULL),(467,'NEZLA AMALIYAH','P','','7c4a8d09ca3762af61e59520943dc26494f8941b','KP RAGAS AWURAN RT/RW 001/001 PULAU AMPEL KEC. PULAU AMPEL KAB.SERANG',2147483647,NULL,NULL,1,'2023-05-26 11:01:08','query',NULL,NULL),(468,'PUJA PERMATA HATI','P','','7c4a8d09ca3762af61e59520943dc26494f8941b','JL. TENGKU UMAR KARANG ANYAR RT/RW. 002/001 KEC. CIBEBER KOTA.CILEGON',2147483647,NULL,NULL,1,'2023-05-26 11:01:08','query',NULL,NULL),(469,'RIFANA SABILA','P','','7c4a8d09ca3762af61e59520943dc26494f8941b','KP. CITASUK DS. CITASUK RT/ RW 012/003 KEC. PADARINCANG KAB.SERANG',2147483647,NULL,NULL,1,'2023-05-26 11:01:08','query',NULL,NULL),(470,'RISA AULIAWATI','P','','7c4a8d09ca3762af61e59520943dc26494f8941b','KP. CIENDUT RT/RW 002/001 DESA BUNNIHARA KEC. ANYAR KAB.SERANG',2147483647,NULL,NULL,1,'2023-05-26 11:01:08','query',NULL,NULL),(471,'SULTHAN HUD AL GIBRANI','L','','7c4a8d09ca3762af61e59520943dc26494f8941b','CIWANDAN KEC. CIWANDAN KOTA.CILEGON',2147483647,NULL,NULL,1,'2023-05-26 11:01:08','query',NULL,NULL),(472,'SYIHABUDDIN','L','','7c4a8d09ca3762af61e59520943dc26494f8941b','KP, PASIRBIRU RT/RW. 001/002 KEC. RANGKASBITUNG',2147483647,NULL,NULL,1,'2023-05-26 11:01:08','query',NULL,NULL),(473,'YOGA GALIH NUGRAHA','L','','7c4a8d09ca3762af61e59520943dc26494f8941b','DS. SINGARAJAN RT/RW. 003/001 KEC. PONTANG KAB. SERANG',2147483647,NULL,NULL,1,'2023-05-26 11:01:08','query',NULL,NULL),(474,'ADINDA PUTRI MAHARANI AZZAHRA','P','','7c4a8d09ca3762af61e59520943dc26494f8941b','JL. RI KUSUMA GG TIRTONADI LK.1 KEMILING RAYA KEC. KEMILING KOTA.BANDAR LAMPUNG',2147483647,NULL,NULL,1,'2023-05-26 11:01:08','query',NULL,NULL),(475,'AGHYL PRAMUDYA','L','','7c4a8d09ca3762af61e59520943dc26494f8941b','PERUM. GRAHA INDIRA BLOK L1 NO. 69 DS. MEKAR BAKTI KEC. TANGERANG KOTA.TANGERANG',2147483647,NULL,NULL,1,'2023-05-26 11:01:08','query',NULL,NULL),(476,'ALIF GHANI AL JAVIER','L','','7c4a8d09ca3762af61e59520943dc26494f8941b','LINK. SERANG ILIR RT/RW 007/002 KEL. RANDAKARI KEC. CIWANDAN KOTA CILEGON',2147483647,NULL,NULL,1,'2023-05-26 11:01:08','query',NULL,NULL),(477,'ANDINI','P','','7c4a8d09ca3762af61e59520943dc26494f8941b','KP.SAMBIAYUNAN RT/RW. 001/001 KEL. LAMARAN KEC. BINUANG KAB. SERANG',2147483647,NULL,NULL,1,'2023-05-26 11:01:08','query',NULL,NULL),(478,'BAGAS YUDISTIRA','L','','7c4a8d09ca3762af61e59520943dc26494f8941b','KP TANJAKAN RT RW 002/005 KEC. SOBANG KAB. PANDEGLANG',2147483647,NULL,NULL,1,'2023-05-26 11:01:08','query',NULL,NULL),(479,'BANI RASYIDIN','L','','7c4a8d09ca3762af61e59520943dc26494f8941b','KP. PUSER DESA SAMPARWADI KEC. TIRTAYASA KAB. SERANG',2147483647,NULL,NULL,1,'2023-05-26 11:01:08','query',NULL,NULL),(480,'ELMAYASA NIRMALA SARI','P','','7c4a8d09ca3762af61e59520943dc26494f8941b','PADANG SARI KEC. BUAY RUNJUNG KOTA.OGAN KOMERING ULU SELATAN',2147483647,NULL,NULL,1,'2023-05-26 11:01:08','query',NULL,NULL),(481,'ERAL EFENDI','L','','7c4a8d09ca3762af61e59520943dc26494f8941b','LINTAS TIMUR/KETAPANG RT/RW.001/004 KETAPANG KAB. LAMPUNG SELATAN',2147483647,NULL,NULL,1,'2023-05-26 11:01:08','query',NULL,NULL),(482,'GALUH NAILA ASIH','P','','7c4a8d09ca3762af61e59520943dc26494f8941b','KP LARANGAN RT/RW 005/002 KEC. CARENANG KAB. SERANG',2147483647,NULL,NULL,1,'2023-05-26 11:01:08','query',NULL,NULL),(483,'IHYA FATHUL\'IZZA','L','','7c4a8d09ca3762af61e59520943dc26494f8941b','KP. CILANGGIR, DESA GROGOL INDAH KEC. ANYAR KAB. SERANG',2147483647,NULL,NULL,1,'2023-05-26 11:01:08','query',NULL,NULL),(484,'IQBAL KURNIAWAN','L','','7c4a8d09ca3762af61e59520943dc26494f8941b','KP. KUALA MASJID LK I KETAPANG KUALA KEC. PANJANG KOTA.BANDAR LAMPUNG',2147483647,NULL,NULL,1,'2023-05-26 11:01:08','query',NULL,NULL),(485,'KIKI APRILIA SARI','P','','7c4a8d09ca3762af61e59520943dc26494f8941b','KP.KRONJO RT.004/003 DES KERONJO KEC. KERONJO KAB.TANGERANG',2147483647,NULL,NULL,1,'2023-05-26 11:01:08','query',NULL,NULL),(486,'LATASYA YULIA AZZAHRA','P','','7c4a8d09ca3762af61e59520943dc26494f8941b','BUKIT TIARA BLOK. G4/05 RT/RW. 021/005 PASIR JAYA KEC. CIKUPA TANGERANG',2147483647,NULL,NULL,1,'2023-05-26 11:01:08','query',NULL,NULL),(487,'MULYA UTAMI YUSRIAH SUKMANA','P','','7c4a8d09ca3762af61e59520943dc26494f8941b','PERUM BUKIT GADANG KEC. CISOKA KOTA.TANGERANG',2147483647,NULL,NULL,1,'2023-05-26 11:01:08','query',NULL,NULL),(488,'NADDA FIRA MANAYRA','P','','7c4a8d09ca3762af61e59520943dc26494f8941b','PERUM MUTIARA BOGOR RAYA BLK. F.9 /21 RT/RW. 007/018 KEL. KATULAMPA KOTA BOGOR TIMUR',2147483647,NULL,NULL,1,'2023-05-26 11:01:08','query',NULL,NULL),(489,'NATASYA RAMADANI','P','','7c4a8d09ca3762af61e59520943dc26494f8941b','KH. UNDULUSI CIWEDUS BARU CILEGON RT/RW 001/002 KOTA CILEGON',2147483647,NULL,NULL,1,'2023-05-26 11:01:08','query',NULL,NULL),(490,'NAZWA AULIYA SABILLA','P','','7c4a8d09ca3762af61e59520943dc26494f8941b','CLUSTER NIRWANA ASRI BLOK G.6 KEC. TAKTAKAN KOTA.SERANG',2147483647,NULL,NULL,1,'2023-05-26 11:01:08','query',NULL,NULL),(491,'RAHIMAH HASANATUL FUADAH','P','','7c4a8d09ca3762af61e59520943dc26494f8941b','JLN. HASYIM LINK KRAMAT RT10/05 KEC. CIWANDAN KOTA.CILEGON',2147483647,NULL,NULL,1,'2023-05-26 11:01:08','query',NULL,NULL),(492,'RAMA OKTANA','L','','7c4a8d09ca3762af61e59520943dc26494f8941b','BUKIT GADING CISOKA BLOK E 6 / 12 - B KEC. CISOKA KOTA.TANGGERANG',2147483647,NULL,NULL,1,'2023-05-26 11:01:08','query',NULL,NULL),(493,'REVINA RIZKY HERLIANA','P','','7c4a8d09ca3762af61e59520943dc26494f8941b','KOMP. RSS PEMDA BLOK C2/06 RT/RW 003/013 KEC. CIPOCOK JAYA KOTA.SERANG',2147483647,NULL,NULL,1,'2023-05-26 11:01:08','query',NULL,NULL),(494,'SITI UMI NURHAFIDZOH','P','','7c4a8d09ca3762af61e59520943dc26494f8941b','KENANCANGAN LAMA - CIPOCOK JAYA KEC. CIPOCOK JAYA KOTA.SERANG',2147483647,NULL,NULL,1,'2023-05-26 11:01:08','query',NULL,NULL),(495,'SYIFAUL KOLBI','P','','7c4a8d09ca3762af61e59520943dc26494f8941b','KOMP. GRIA BALADIKA ASRI RT/RW.001/015 KEC. TAKTAKAN KOTA.SERANG',2147483647,NULL,NULL,1,'2023-05-26 11:01:08','query',NULL,NULL),(496,'VERA INDRI AFRILLIYANI','P','','7c4a8d09ca3762af61e59520943dc26494f8941b','KP. BARU - KRAGILAN KEC. KRAGILAN KAB. SERANG',2147483647,NULL,NULL,1,'2023-05-26 11:01:08','query',NULL,NULL),(497,'ABDULLAH AZAM AKBAR','L','','7c4a8d09ca3762af61e59520943dc26494f8941b','Kp/LinkBANTEN INDAH PERMAI G.14 NO.8A RT004 RW027 Desa/Kelurahan UNYUR Kecamatan SERANG Kab/Kota SERANG',2147483647,NULL,NULL,1,'2023-05-26 11:01:08','query',NULL,NULL),(498,'ADIN ISWAHYUDI','L','','7c4a8d09ca3762af61e59520943dc26494f8941b','Kp/LinkKEPANJEN RT001 RW006 Desa/Kelurahan SUDIRO PRAJAN Kecamatan JEBRES Kab/Kota SURAKARTA',2147483647,NULL,NULL,1,'2023-05-26 11:01:08','query',NULL,NULL),(499,'AFIFA MAZHAR RAFANDA','P','','7c4a8d09ca3762af61e59520943dc26494f8941b','Kp/LinkPERUM. BCK BLOK B4 NO.18 RT002 RW011 Desa/Kelurahan CIBEBER Kecamatan CIBEBER Kab/Kota CILEGON',2147483647,NULL,NULL,1,'2023-05-26 11:01:08','query',NULL,NULL),(500,'AL FATAH WIJAYA','L','','7c4a8d09ca3762af61e59520943dc26494f8941b','Kp/LinkJL. GURAME ii NO.26 RT005 RW004 Desa/Kelurahan KARAWACI BARU Kecamatan KARAWACI  Kab/Kota TANGERANG',2147483647,NULL,NULL,1,'2023-05-26 11:01:08','query',NULL,NULL),(501,'AZHAD MUHAMMAD AL HAFIZH','L','','7c4a8d09ca3762af61e59520943dc26494f8941b','Kp/LinkKP. SETU RT002 RW005 Desa/Kelurahan BOJONG GEDE Kecamatan BOJONG GEDE Kab/Kota BOGOR BARAT',2147483647,NULL,NULL,1,'2023-05-26 11:01:08','query',NULL,NULL),(502,'DAFFA IBNU HAFIZ','L','','7c4a8d09ca3762af61e59520943dc26494f8941b','Kp/LinkTAMAN BANTEN LESTARI BLOK C12B NO.12 RT002 RW016 Desa/Kelurahan UNYUR Kecamatan SERANG Kab/Kota SERANG',2147483647,NULL,NULL,1,'2023-05-26 11:01:08','query',NULL,NULL),(503,'FAWAZ PUTRA IKHSAN','L','','7c4a8d09ca3762af61e59520943dc26494f8941b','Kp/LinkLINK. LEBAK GEMPOL RT001 RW010 Desa/Kelurahan PENANCANGAN Kecamatan CIPOCOKJAYA Kab/Kota SERANG',2147483647,NULL,NULL,1,'2023-05-26 11:01:08','query',NULL,NULL),(504,'IRFANUSSYAUQI QUTNI','L','','7c4a8d09ca3762af61e59520943dc26494f8941b','Kp/LinkKP. CIGODAG RT001 RW001 Desa/Kelurahan HARJATANI Kecamatan KRAMATWATU Kab/Kota SERANG',2147483647,NULL,NULL,1,'2023-05-26 11:01:08','query',NULL,NULL),(505,'KELVIN SAPUTRA','L','','7c4a8d09ca3762af61e59520943dc26494f8941b','Kp/LinkLINK. SIDOMUNCUL RT002 RW020 Desa/Kelurahan CIMUNCANG Kecamatan SERANG Kab/Kota SERANG',2147483647,NULL,NULL,1,'2023-05-26 11:01:08','query',NULL,NULL),(506,'M. AGUNG PRAWIRA RAMADHAN','L','','7c4a8d09ca3762af61e59520943dc26494f8941b','Kp/Link RT RW Desa/Kelurahan  Kecamatan  Kab/Kota',2147483647,NULL,NULL,1,'2023-05-26 11:01:08','query',NULL,NULL),(507,'MUHAMAD AZKA RAHMAT','L','','7c4a8d09ca3762af61e59520943dc26494f8941b','Kp/LinkLINGK. KARUNDANG LOR RT005 RW002 Desa/Kelurahan KARUNDANG  Kecamatan CIPOCOK JAYA Kab/Kota SERANG',2147483647,NULL,NULL,1,'2023-05-26 11:01:08','query',NULL,NULL),(508,'MUHAMAD FADLI','L','','7c4a8d09ca3762af61e59520943dc26494f8941b','Kp/LinkLINK PEKOJAN RT001 RW021 Desa/Kelurahan SUMUR PECUNG Kecamatan SERANG Kab/Kota SERANG',2147483647,NULL,NULL,1,'2023-05-26 11:01:08','query',NULL,NULL),(509,'MUHAMMAD AMMAR AL ABDILLAH','L','','7c4a8d09ca3762af61e59520943dc26494f8941b','Kp/LinkCIMUNCANG SIDOMUNCUL RT002 RW020 Desa/Kelurahan CIMUNCANG Kecamatan SERANG Kab/Kota SERANG',2147483647,NULL,NULL,1,'2023-05-26 11:01:08','query',NULL,NULL),(510,'MUHAMMAD HIKAM AL-FATIH','L','','7c4a8d09ca3762af61e59520943dc26494f8941b','Kp/LinkKP. CURUGAGUNG RT001 RW001 Desa/Kelurahan CURUNG AGUNG Kecamatan BAROS Kab/Kota SERANG',2147483647,NULL,NULL,1,'2023-05-26 11:01:08','query',NULL,NULL),(511,'MUHAMMAD RIYAN IBRAHIM AKBAR','L','','7c4a8d09ca3762af61e59520943dc26494f8941b','Kp/LinkLINGK. DALUNG RT001 RW001 Desa/Kelurahan DALUNG Kecamatan CIPOCOK Kab/Kota SERANG',2147483647,NULL,NULL,1,'2023-05-26 11:01:08','query',NULL,NULL),(512,'RAJENDRA ABIYYU RAZIQ FIRMANSYAH','L','','7c4a8d09ca3762af61e59520943dc26494f8941b','Kp/LinkJL. LINGKAR SELATAN KAV. PURI JAYA NO.38 RT001 RW014 Desa/Kelurahan SERANG Kecamatan SERANG Kab/Kota SERANG',2147483647,NULL,NULL,0,'2023-05-26 11:01:08','query',NULL,NULL),(513,'SELLIM WICAKSONO','L','','7c4a8d09ca3762af61e59520943dc26494f8941b','Kp/LinkJL. SOLO PURWODADI RT RW Desa/Kelurahan BULOREJO Kecamatan GONDANGREJO Kab/Kota KARANGANYAR',2147483647,NULL,NULL,1,'2023-05-26 11:01:08','query',NULL,NULL),(514,'SHAVIRA KHOERUNNISA','P','','7c4a8d09ca3762af61e59520943dc26494f8941b','Kp/LinkLINGK. BOGEG RT001 RW002 Desa/Kelurahan BANJAR AGUNG Kecamatan CIPOCOK JAYA Kab/Kota SERANG',2147483647,NULL,NULL,1,'2023-05-26 11:01:08','query',NULL,NULL),(515,'ZHAFIR ASYARIY ASHAM','L','','7c4a8d09ca3762af61e59520943dc26494f8941b','Kp/LinkLINK. SIDOMUNCUL RT002 RW020 Desa/Kelurahan CIMUNCANG Kecamatan SERANG  Kab/Kota SERANG',2147483647,NULL,NULL,1,'2023-05-26 11:01:08','query',NULL,NULL),(516,'FADILAH MUMTAZAH','P','','7c4a8d09ca3762af61e59520943dc26494f8941b','LINK. ULANISA, DS. KARUNDANG, KEC. CIPOCOK JAYA, KOTA SERANG',2147483647,NULL,NULL,1,'2023-05-26 11:01:08','query',NULL,NULL),(517,'MUHAMMAD AZZAM AS\'SHODIQ','L','','7c4a8d09ca3762af61e59520943dc26494f8941b','LINGK. PAKUPATAN',2147483647,NULL,NULL,0,'2023-05-26 11:01:08','query',NULL,NULL),(1,'John Doe','L',NULL,'7c4a8d09ca3762af61e59520943dc26494f8941b',NULL,NULL,NULL,NULL,1,NULL,NULL,NULL,NULL),(2,'Jane Smith','L',NULL,'7c4a8d09ca3762af61e59520943dc26494f8941b',NULL,NULL,NULL,NULL,1,NULL,NULL,NULL,NULL),(3,'Mark Johnson','L',NULL,'7c4a8d09ca3762af61e59520943dc26494f8941b',NULL,NULL,NULL,NULL,1,NULL,NULL,NULL,NULL),(5,'Sarah Thompson','P',NULL,'7c4a8d09ca3762af61e59520943dc26494f8941b',NULL,NULL,NULL,NULL,1,NULL,NULL,NULL,NULL),(6,'Michael Brown','L',NULL,'7c4a8d09ca3762af61e59520943dc26494f8941b',NULL,NULL,NULL,NULL,1,NULL,NULL,NULL,NULL),(8,'Amanda Lee','P',NULL,'7c4a8d09ca3762af61e59520943dc26494f8941b',NULL,NULL,NULL,NULL,1,NULL,NULL,NULL,NULL);

/*Table structure for table `modul` */

DROP TABLE IF EXISTS `modul`;

CREATE TABLE `modul` (
  `id` int(11) NOT NULL AUTO_INCREMENT,
  `name` varchar(50) NOT NULL,
  `slug` varchar(100) DEFAULT NULL,
  `icon` varchar(50) DEFAULT NULL,
  `note` varchar(50) DEFAULT NULL,
  `menu` varchar(50) DEFAULT NULL,
  `role_id` text,
  `parent_id` int(11) DEFAULT NULL,
  PRIMARY KEY (`id`)
) ENGINE=InnoDB AUTO_INCREMENT=86 DEFAULT CHARSET=latin1;

/*Data for the table `modul` */

insert  into `modul`(`id`,`name`,`slug`,`icon`,`note`,`menu`,`role_id`,`parent_id`) values (1,'dashboard','manage','fa fa-th','Dashboard','main_menu','[{\"SUPERUSER\":\"1\",\"USER\":\"1\",\"AKADEMIK\":\"1\",\"KESISWAAN\":\"1\",\"TATA USAHA\":\"1\",\"GURU\":\"0\",\"KEUANGAN\":\"1\",\"KASIR\":\"1\",\"SEKRETARIS\":\"1\",\"PENGASUHAN\":\"0\"}]',0),(2,'keuangan','#','fa fa-exchange','Transaksi','main_menu','[{\"SUPERUSER\":\"1\",\"USER\":\"1\",\"AKADEMIK\":\"1\",\"KESISWAAN\":\"1\",\"TATA USAHA\":\"0\",\"GURU\":\"1\",\"KEUANGAN\":\"1\",\"KASIR\":\"1\",\"SEKRETARIS\":\"0\",\"PENGASUHAN\":\"0\"}]',0),(3,'book_request','manage/book_request','fa fa-inbox','Pengajuan Buku','sub_menu_1','[{\"SUPERUSER\":\"1\",\"USER\":\"0\",\"AKADEMIK\":\"0\",\"KESISWAAN\":\"0\",\"TATA USAHA\":\"0\",\"GURU\":\"0\",\"KEUANGAN\":\"0\",\"KASIR\":\"0\"}]',2),(10,'borrow','manage/borrow','fa fa-backward','Pengembalian Buku','sub_menu_1','[{\"SUPERUSER\":\"1\",\"USER\":\"0\",\"AKADEMIK\":\"1\",\"KESISWAAN\":\"1\",\"TATA USAHA\":\"1\",\"GURU\":\"0\",\"KEUANGAN\":\"1\",\"KASIR\":\"1\",\"SEKRETARIS\":\"0\",\"PENGASUHAN\":\"0\"}]',2),(17,'manajemen_data','#','fa fa-list-alt','Manajemen Data','main_menu','[{\"SUPERUSER\":\"1\",\"USER\":\"0\",\"AKADEMIK\":\"1\",\"KESISWAAN\":\"1\",\"TATA USAHA\":\"1\",\"GURU\":\"0\",\"KEUANGAN\":\"1\",\"KASIR\":\"0\",\"SEKRETARIS\":\"0\",\"PENGASUHAN\":\"0\"}]',0),(31,'laporan','#','fa fa-file-text-o text-stock','Laporan','main_menu','[{\"SUPERUSER\":\"1\",\"USER\":\"0\",\"AKADEMIK\":\"1\",\"KESISWAAN\":\"1\",\"TATA USAHA\":\"1\",\"GURU\":\"1\",\"KEUANGAN\":\"1\",\"KASIR\":\"1\",\"SEKRETARIS\":\"0\",\"PENGASUHAN\":\"0\"}]',0),(32,'report_keuangan','#','fa fa-file-text-o','Lap. Keuangan','sub_menu_1','[{\"SUPERUSER\":\"1\",\"USER\":\"0\",\"AKADEMIK\":\"1\",\"KESISWAAN\":\"1\",\"TATA USAHA\":\"0\",\"GURU\":\"0\",\"KEUANGAN\":\"1\",\"KASIR\":\"1\",\"SEKRETARIS\":\"0\",\"PENGASUHAN\":\"0\"}]',31),(33,'lap_jurnal','manage/report/lap_jurnal','fa fa-file-text-o','Lap. Jurnal','sub_menu_2','[{\"SUPERUSER\":\"1\",\"USER\":\"0\",\"AKADEMIK\":\"1\",\"KESISWAAN\":\"1\",\"TATA USAHA\":\"1\",\"GURU\":\"0\",\"KEUANGAN\":\"1\",\"KASIR\":\"1\",\"SEKRETARIS\":\"0\",\"PENGASUHAN\":\"0\"}]',32),(34,'lap_unit_pos','manage/report/lap_unit_pos','fa fa-file-text-o','Lap. Unit Pos','sub_menu_2','[{\"SUPERUSER\":\"1\",\"USER\":\"0\",\"AKADEMIK\":\"1\",\"KESISWAAN\":\"1\",\"TATA USAHA\":\"1\",\"GURU\":\"0\",\"KEUANGAN\":\"1\",\"KASIR\":\"1\",\"SEKRETARIS\":\"0\",\"PENGASUHAN\":\"0\"}]',32),(41,'lap_banking','manage/report/lap_banking','fa fa-file-text-o','Lap. Tabungan','sub_menu_1','[{\"SUPERUSER\":\"1\",\"USER\":\"0\",\"AKADEMIK\":\"1\",\"KESISWAAN\":\"1\",\"TATA USAHA\":\"1\",\"GURU\":\"0\",\"KEUANGAN\":\"1\",\"KASIR\":\"1\",\"SEKRETARIS\":\"0\",\"PENGASUHAN\":\"0\"}]',32),(42,'information','manage/information','fa fa-bullhorn','Information','sub_menu_1','[{\"SUPERUSER\":\"1\",\"USER\":\"0\",\"AKADEMIK\":\"1\",\"KESISWAAN\":\"1\",\"TATA USAHA\":\"1\",\"GURU\":\"0\",\"KEUANGAN\":\"1\",\"KASIR\":\"1\",\"SEKRETARIS\":\"0\",\"PENGASUHAN\":\"0\"}]',43),(43,'pengaturan','#','fa fa-gear text-stock','Pengaturan','main_menu','[{\"SUPERUSER\":\"1\",\"USER\":\"0\",\"AKADEMIK\":\"1\",\"KESISWAAN\":\"1\",\"TATA USAHA\":\"1\",\"GURU\":\"0\",\"KEUANGAN\":\"0\",\"KASIR\":\"0\",\"SEKRETARIS\":\"0\",\"PENGASUHAN\":\"0\"}]',0),(44,'setting','manage/setting','fa fa-edit','Identitas','sub_menu_1','[{\"SUPERUSER\":\"1\",\"USER\":\"0\",\"AKADEMIK\":\"1\",\"KESISWAAN\":\"1\",\"TATA USAHA\":\"1\",\"GURU\":\"0\",\"KEUANGAN\":\"0\",\"KASIR\":\"0\",\"SEKRETARIS\":\"0\",\"PENGASUHAN\":\"0\"}]',43),(46,'manage_users','manage/users','fa fa-user','Manajemen Pengguna','sub_menu_1','[{\"SUPERUSER\":\"1\",\"USER\":\"0\",\"AKADEMIK\":\"1\",\"KESISWAAN\":\"1\",\"TATA USAHA\":\"0\",\"GURU\":\"0\",\"KEUANGAN\":\"0\",\"KASIR\":\"0\",\"SEKRETARIS\":\"0\",\"PENGASUHAN\":\"0\"}]',43),(47,'maintenance','manage/maintenance','fa fa-database','Pemeliharaan','sub_menu_1','[{\"SUPERUSER\":\"1\",\"USER\":\"0\",\"AKADEMIK\":\"1\",\"KESISWAAN\":\"1\",\"TATA USAHA\":\"0\",\"GURU\":\"0\",\"KEUANGAN\":\"0\",\"KASIR\":\"0\",\"SEKRETARIS\":\"0\",\"PENGASUHAN\":\"0\"}]',43),(53,'modul','manage/modul','fa fa-table','Modul','sub_menu_1','[{\"SUPERUSER\":\"1\",\"USER\":\"0\",\"AKADEMIK\":\"1\",\"KESISWAAN\":\"1\",\"TATA USAHA\":\"0\",\"GURU\":\"0\",\"KEUANGAN\":\"0\",\"KASIR\":\"0\",\"SEKRETARIS\":\"0\",\"PENGASUHAN\":\"0\"}]',43),(59,'logs','manage/logs','fa fa-spinner','Logs','sub_menu_1','[{\"SUPERUSER\":\"1\",\"USER\":\"0\",\"AKADEMIK\":\"0\",\"KESISWAAN\":\"0\",\"TATA USAHA\":\"0\",\"GURU\":\"0\",\"KEUANGAN\":\"0\",\"KASIR\":\"0\",\"SEKRETARIS\":\"0\",\"PENGASUHAN\":\"0\"}]',43),(83,'book','manage/book','fa fa-book','Buku','sub_menu_1','[{\"SUPERUSER\":\"1\",\"USER\":\"0\",\"AKADEMIK\":\"0\",\"KESISWAAN\":\"0\",\"TATA USAHA\":\"0\",\"GURU\":\"0\",\"KEUANGAN\":\"0\",\"KASIR\":\"0\"}]',17),(84,'member','manage/member','fa fa-users','Anggota','sub_menu_1','[{\"SUPERUSER\":\"1\",\"USER\":\"0\",\"AKADEMIK\":\"0\",\"KESISWAAN\":\"0\",\"TATA USAHA\":\"0\",\"GURU\":\"0\",\"KEUANGAN\":\"0\",\"KASIR\":\"0\"}]',17);

/*Table structure for table `period` */

DROP TABLE IF EXISTS `period`;

CREATE TABLE `period` (
  `period_id` int(11) NOT NULL AUTO_INCREMENT,
  `period_start` year(4) DEFAULT NULL,
  `period_end` year(4) DEFAULT NULL,
  `period_status` tinyint(1) DEFAULT '0',
  PRIMARY KEY (`period_id`)
) ENGINE=InnoDB AUTO_INCREMENT=5 DEFAULT CHARSET=latin1;

/*Data for the table `period` */

insert  into `period`(`period_id`,`period_start`,`period_end`,`period_status`) values (3,2022,2023,1),(4,2023,2024,0);

/*Table structure for table `setting` */

DROP TABLE IF EXISTS `setting`;

CREATE TABLE `setting` (
  `setting_id` int(11) NOT NULL AUTO_INCREMENT,
  `setting_name` varchar(255) DEFAULT NULL,
  `setting_value` text,
  `setting_last_update` timestamp NULL DEFAULT NULL,
  PRIMARY KEY (`setting_id`)
) ENGINE=InnoDB AUTO_INCREMENT=19 DEFAULT CHARSET=latin1;

/*Data for the table `setting` */

insert  into `setting`(`setting_id`,`setting_name`,`setting_value`,`setting_last_update`) values (1,'setting_school','PT EMPORE HEZER TAMA','2023-05-26 13:43:56'),(2,'setting_address','Metropolitan tower, level13-A','2023-05-26 13:43:56'),(3,'setting_phone','+62 21 2955 7450','2023-05-26 13:43:56'),(4,'setting_district','Cilandak','2023-05-26 13:43:56'),(5,'setting_city','Jakarta Selatan','2023-05-26 13:43:56'),(6,'setting_logo','PT_EMPORE_HEZER_TAMA.png','2023-05-26 13:43:57'),(7,'setting_level','primary','2023-01-23 10:11:21'),(8,'setting_user_sms','-','2020-06-23 13:06:43'),(9,'setting_pass_sms','password','2020-06-23 13:06:43'),(10,'setting_sms','N','2020-06-23 13:06:43'),(11,'setting_twilio_id','-','2023-05-26 13:43:57'),(12,'setting_twilio_token','-','2023-05-26 13:43:57'),(13,'setting_whatsapp','N','2023-05-26 13:43:57'),(14,'setting_whatsapp_no','-','2023-05-26 13:43:57'),(15,'setting_head_school','-','2023-05-26 14:15:49'),(16,'setting_head_finance','-','2023-05-26 14:15:49'),(17,'server_api_midtrans','-','2023-05-26 13:43:57'),(18,'client_api_midtrans','-','2023-05-26 13:43:57');

/*Table structure for table `user_roles` */

DROP TABLE IF EXISTS `user_roles`;

CREATE TABLE `user_roles` (
  `role_id` int(11) NOT NULL AUTO_INCREMENT,
  `role_name` varchar(100) DEFAULT NULL,
  PRIMARY KEY (`role_id`)
) ENGINE=InnoDB AUTO_INCREMENT=11 DEFAULT CHARSET=latin1;

/*Data for the table `user_roles` */

insert  into `user_roles`(`role_id`,`role_name`) values (1,'SUPERUSER'),(2,'USER'),(3,'AKADEMIK'),(4,'KESISWAAN'),(5,'TATA USAHA'),(6,'GURU'),(7,'KEUANGAN'),(8,'KASIR'),(9,'SEKRETARIS'),(10,'PENGASUHAN');

/*Table structure for table `users` */

DROP TABLE IF EXISTS `users`;

CREATE TABLE `users` (
  `user_id` int(11) NOT NULL AUTO_INCREMENT,
  `user_email` varchar(45) DEFAULT NULL,
  `user_password` varchar(45) DEFAULT NULL,
  `user_full_name` varchar(255) DEFAULT NULL,
  `user_image` varchar(255) DEFAULT NULL,
  `user_description` text,
  `user_role_role_id` int(11) DEFAULT NULL,
  `user_is_deleted` tinyint(1) DEFAULT '0',
  `user_input_date` timestamp NULL DEFAULT NULL,
  `user_last_update` timestamp NULL DEFAULT CURRENT_TIMESTAMP ON UPDATE CURRENT_TIMESTAMP,
  PRIMARY KEY (`user_id`),
  KEY `fk_user_user_role1_idx` (`user_role_role_id`),
  CONSTRAINT `fk_user_user_role1` FOREIGN KEY (`user_role_role_id`) REFERENCES `user_roles` (`role_id`) ON DELETE SET NULL ON UPDATE SET NULL
) ENGINE=InnoDB AUTO_INCREMENT=20 DEFAULT CHARSET=utf8;

/*Data for the table `users` */

insert  into `users`(`user_id`,`user_email`,`user_password`,`user_full_name`,`user_image`,`user_description`,`user_role_role_id`,`user_is_deleted`,`user_input_date`,`user_last_update`) values (1,'admin@admin.com','d033e22ae348aeb5660fc2140aec35850c4da997','Administrator',NULL,'Administrator',1,0,'2018-01-16 10:19:09','2023-01-10 14:41:41'),(2,'ebes.doni@gmail.com','95c946bf622ef93b0a211cd0fd028dfdfcf7e39e','Doni Saiful Bahri',NULL,'Hak Akses User',2,0,'2022-10-23 15:32:18','2022-10-23 15:32:18'),(3,'suhendar@mail.com','f865b53623b121fd34ee5426c792e5c33af8c227','Suhendar',NULL,'',1,0,'2022-10-25 23:30:26','2022-10-26 16:33:23'),(4,'bagus@mail.com','f865b53623b121fd34ee5426c792e5c33af8c227','Bagus',NULL,'',8,0,'2022-10-25 23:31:30','2022-12-23 15:51:52'),(9,'suhada@gmail.com','50673cb6e715b24098c531646e7e38d4b7013f9f','Suhada Rokhman','Suhada_Rohman.jpg','Akun Kasir Ust Suhada',8,0,'2023-01-13 05:04:58','2023-01-31 16:07:13'),(10,'indri@gmail.com','86c40dfda64f0f8d9d522d472f358c655373aae4','Indri','Indri.jpg','Akun Kasir Ustdz Indri',8,0,'2023-01-13 05:06:08','2023-01-13 05:06:08'),(11,'eca@gmail.com','dcc3da9c630fb49cf786ddfac3436a8010601b7c','Meisya Lisye Fatimah Azzahra, SE','Meisya_Lisye_Fatimah_Azzahra,_SE.jpg','',7,0,'2023-01-13 19:26:46','2023-01-13 19:26:46'),(12,'heri@gmail.com','d8f1f2026c9ed9750139e154d32cceaea833d1d3','Heri Irawan, SM',NULL,'',5,0,'2023-01-30 09:02:11','2023-01-30 09:02:11'),(13,'umam@gmail.com','47671b2a89fc05b5bc25ab0d79cc75c2c5b0712d','KH. Syaiful Umam,Lc',NULL,'',1,0,'2023-01-30 09:54:54','2023-01-30 09:54:54'),(14,'isti@gmail.com','03f9fc676d1171ec4efcb9dfbd2a0fefd3f4aab6','Istikomah',NULL,'',5,0,'2023-01-30 12:46:17','2023-01-30 15:10:29'),(16,'wida@gmail.com','b934fc4a5fa5bc8f7c3dc9468e3d7c143cf0bda4','Wida Ayu Lestari','Wida_Ayu_Lestari.jpg','',7,0,'2023-02-01 13:23:44','2023-05-08 12:33:08'),(18,'mila@gmail.com','340cd9cc3f1e1fd285c2a4ab645d4144bf02fd77','Mila Lestari',NULL,'',5,0,'2023-02-07 10:06:17','2023-02-07 10:06:17');

/*!40101 SET SQL_MODE=@OLD_SQL_MODE */;
/*!40014 SET FOREIGN_KEY_CHECKS=@OLD_FOREIGN_KEY_CHECKS */;
/*!40014 SET UNIQUE_CHECKS=@OLD_UNIQUE_CHECKS */;
/*!40111 SET SQL_NOTES=@OLD_SQL_NOTES */;
