-- phpMyAdmin SQL Dump
-- version 4.0.10deb1
-- http://www.phpmyadmin.net
--
-- Servidor: localhost
-- Tiempo de generación: 05-02-2016 a las 12:29:12
-- Versión del servidor: 5.5.46-0ubuntu0.14.04.2
-- Versión de PHP: 5.5.9-1ubuntu4.14

SET SQL_MODE = "NO_AUTO_VALUE_ON_ZERO";
SET time_zone = "+00:00";


/*!40101 SET @OLD_CHARACTER_SET_CLIENT=@@CHARACTER_SET_CLIENT */;
/*!40101 SET @OLD_CHARACTER_SET_RESULTS=@@CHARACTER_SET_RESULTS */;
/*!40101 SET @OLD_COLLATION_CONNECTION=@@COLLATION_CONNECTION */;
/*!40101 SET NAMES utf8 */;

--
-- Base de datos: `contraloria`
--

-- --------------------------------------------------------

--
-- Estructura de tabla para la tabla `abogado`
--

CREATE TABLE IF NOT EXISTS `abogado` (
  `id` int(11) NOT NULL AUTO_INCREMENT,
  `idUsers` int(11) NOT NULL,
  `idTurnador` int(11) DEFAULT NULL,
  `created_at` timestamp NULL DEFAULT NULL,
  `updated_at` timestamp NULL DEFAULT NULL,
  `deleted_at` timestamp NULL DEFAULT NULL,
  PRIMARY KEY (`id`),
  KEY `abogado_idUsers_FK` (`idUsers`),
  KEY `abogado_idTurnador_FK` (`idTurnador`)
) ENGINE=InnoDB  DEFAULT CHARSET=latin1 AUTO_INCREMENT=5 ;

--
-- Volcado de datos para la tabla `abogado`
--

INSERT INTO `abogado` (`id`, `idUsers`, `idTurnador`, `created_at`, `updated_at`, `deleted_at`) VALUES
(1, 33, NULL, NULL, NULL, NULL),
(2, 35, NULL, NULL, NULL, NULL),
(3, 38, NULL, NULL, NULL, NULL),
(4, 43, NULL, NULL, NULL, NULL);

-- --------------------------------------------------------

--
-- Estructura de tabla para la tabla `catestados`
--

CREATE TABLE IF NOT EXISTS `catestados` (
  `id` int(11) NOT NULL AUTO_INCREMENT,
  `nombreEstado` varchar(60) CHARACTER SET utf8 COLLATE utf8_unicode_ci NOT NULL,
  PRIMARY KEY (`id`)
) ENGINE=InnoDB  DEFAULT CHARSET=latin1 AUTO_INCREMENT=33 ;

--
-- Volcado de datos para la tabla `catestados`
--

INSERT INTO `catestados` (`id`, `nombreEstado`) VALUES
(1, 'Aguascalientes'),
(2, 'Baja California'),
(3, 'Baja California Sur'),
(4, 'Campeche'),
(5, 'Chiapas'),
(6, 'Chihuahua'),
(7, 'Coahuila'),
(8, 'Colima'),
(9, 'Distrito Federal'),
(10, 'Durango'),
(11, 'Estado de México'),
(12, 'Guanajuato'),
(13, 'Guerrero'),
(14, 'Hidalgo'),
(15, 'Jalisco'),
(16, 'Michoacán'),
(17, 'Morelos'),
(18, 'Nayarit'),
(19, 'Nuevo León'),
(20, 'Oaxaca'),
(21, 'Puebla'),
(22, 'Querétaro'),
(23, 'Quintana Roo'),
(24, 'San Luis Potosí'),
(25, 'Sinaloa'),
(26, 'Sonora'),
(27, 'Tabasco'),
(28, 'Tamaulipas'),
(29, 'Tlaxcala'),
(30, 'Veracruz'),
(31, 'Yucatán'),
(32, 'Zacatecas');

-- --------------------------------------------------------

--
-- Estructura de tabla para la tabla `catinstituciones`
--

CREATE TABLE IF NOT EXISTS `catinstituciones` (
  `id` int(11) NOT NULL AUTO_INCREMENT,
  `nombreInstitucion` varchar(60) DEFAULT NULL,
  PRIMARY KEY (`id`)
) ENGINE=InnoDB  DEFAULT CHARSET=latin1 AUTO_INCREMENT=11 ;

--
-- Volcado de datos para la tabla `catinstituciones`
--

INSERT INTO `catinstituciones` (`id`, `nombreInstitucion`) VALUES
(1, 'DICONSA'),
(2, 'LICONSA'),
(3, 'FONART'),
(4, 'INAES'),
(5, 'CONADIS'),
(6, 'INAPAM'),
(7, 'PROSPERA'),
(8, 'INDESOL'),
(9, 'IMJUVE'),
(10, 'SEDESOL');

-- --------------------------------------------------------

--
-- Estructura de tabla para la tabla `catmunicipios`
--

CREATE TABLE IF NOT EXISTS `catmunicipios` (
  `id` int(11) NOT NULL,
  `idEstado` int(11) NOT NULL,
  `nombreMunicipio` varchar(50) NOT NULL,
  PRIMARY KEY (`id`),
  UNIQUE KEY `idMunicipios_Unique` (`id`),
  KEY `municipios_idEstado_FK` (`idEstado`)
) ENGINE=InnoDB DEFAULT CHARSET=latin1;

--
-- Volcado de datos para la tabla `catmunicipios`
--

INSERT INTO `catmunicipios` (`id`, `idEstado`, `nombreMunicipio`) VALUES
(1, 1, 'Aguascalientes'),
(2, 1, 'Asientos'),
(3, 1, 'Calvillo'),
(4, 1, 'Cosío'),
(5, 1, 'Jesús María'),
(6, 1, 'Pabellón de Arteaga'),
(7, 1, 'Rincón de Romos'),
(8, 1, 'San José de Gracia'),
(9, 1, 'Tepezalá'),
(10, 1, 'El Llano'),
(11, 1, 'San Francisco de los Romo'),
(12, 2, 'Ensenada'),
(13, 2, 'Mexicali'),
(14, 2, 'Tecate'),
(15, 2, 'Tijuana'),
(16, 2, 'Playas de Rosarito'),
(17, 3, 'Comondú'),
(18, 3, 'Mulegé'),
(19, 3, 'La Paz'),
(20, 3, 'Los Cabos'),
(21, 3, 'Loreto'),
(22, 4, 'Calkiní'),
(23, 4, 'Campeche'),
(24, 4, 'Carmen'),
(25, 4, 'Champotón'),
(26, 4, 'Hecelchakán'),
(27, 4, 'Hopelchén'),
(28, 4, 'Palizada'),
(29, 4, 'Tenabo'),
(30, 4, 'Escárcega'),
(31, 4, 'Calakmul'),
(32, 4, 'Candelaria'),
(33, 5, 'Abasolo'),
(34, 5, 'Acuña'),
(35, 5, 'Allende'),
(36, 5, 'Arteaga'),
(37, 5, 'Candela'),
(38, 5, 'Castaños'),
(39, 5, 'Cuatro Ciénegas'),
(40, 5, 'Escobedo'),
(41, 5, 'Francisco I. Madero'),
(42, 5, 'Frontera'),
(43, 5, 'General Cepeda'),
(44, 5, 'Guerrero'),
(45, 5, 'Hidalgo'),
(46, 5, 'Jiménez'),
(47, 5, 'Juárez'),
(48, 5, 'Lamadrid'),
(49, 5, 'Matamoros'),
(50, 5, 'Monclova'),
(51, 5, 'Morelos'),
(52, 5, 'Múzquiz'),
(53, 5, 'Nadadores'),
(54, 5, 'Nava'),
(55, 5, 'Ocampo'),
(56, 5, 'Parras'),
(57, 5, 'Piedras Negras'),
(58, 5, 'Progreso'),
(59, 5, 'Ramos Arizpe'),
(60, 5, 'Sabinas'),
(61, 5, 'Sacramento'),
(62, 5, 'Saltillo'),
(63, 5, 'San Buenaventura'),
(64, 5, 'San Juan de Sabinas'),
(65, 5, 'San Pedro'),
(66, 5, 'Sierra Mojada'),
(67, 5, 'Torreón'),
(68, 5, 'Viesca'),
(69, 5, 'Villa Unión'),
(70, 5, 'Zaragoza'),
(71, 6, 'Armería'),
(72, 6, 'Colima'),
(73, 6, 'Comala'),
(74, 6, 'Coquimatlán'),
(75, 6, 'Cuauhtémoc'),
(76, 6, 'Ixtlahuacán'),
(77, 6, 'Manzanillo'),
(78, 6, 'Minatitlán'),
(79, 6, 'Tecomán'),
(80, 6, 'Villa de Álvarez'),
(81, 7, 'Acacoyagua'),
(82, 7, 'Acala'),
(83, 7, 'Acapetahua'),
(84, 7, 'Altamirano'),
(85, 7, 'Amatán'),
(86, 7, 'Amatenango de la Frontera'),
(87, 7, 'Amatenango del Valle'),
(88, 7, 'Angel Albino Corzo'),
(89, 7, 'Arriaga'),
(90, 7, 'Bejucal de Ocampo'),
(91, 7, 'Bella Vista'),
(92, 7, 'Berriozábal'),
(93, 7, 'Bochil'),
(94, 7, 'El Bosque'),
(95, 7, 'Cacahoatán'),
(96, 7, 'Catazajá'),
(97, 7, 'Cintalapa'),
(98, 7, 'Coapilla'),
(99, 7, 'Comitán de Domínguez'),
(100, 7, 'La Concordia'),
(101, 7, 'Copainalá'),
(102, 7, 'Chalchihuitán'),
(103, 7, 'Chamula'),
(104, 7, 'Chanal'),
(105, 7, 'Chapultenango'),
(106, 7, 'Chenalhó'),
(107, 7, 'Chiapa de Corzo'),
(108, 7, 'Chiapilla'),
(109, 7, 'Chicoasén'),
(110, 7, 'Chicomuselo'),
(111, 7, 'Chilón'),
(112, 7, 'Escuintla'),
(113, 7, 'Francisco León'),
(114, 7, 'Frontera Comalapa'),
(115, 7, 'Frontera Hidalgo'),
(116, 7, 'La Grandeza'),
(117, 7, 'Huehuetán'),
(118, 7, 'Huixtán'),
(119, 7, 'Huitiupán'),
(120, 7, 'Huixtla'),
(121, 7, 'La Independencia'),
(122, 7, 'Ixhuatán'),
(123, 7, 'Ixtacomitán'),
(124, 7, 'Ixtapa'),
(125, 7, 'Ixtapangajoya'),
(126, 7, 'Jiquipilas'),
(127, 7, 'Jitotol'),
(128, 7, 'Juárez'),
(129, 7, 'Larráinzar'),
(130, 7, 'La Libertad'),
(131, 7, 'Mapastepec'),
(132, 7, 'Las Margaritas'),
(133, 7, 'Mazapa de Madero'),
(134, 7, 'Mazatán'),
(135, 7, 'Metapa'),
(136, 7, 'Mitontic'),
(137, 7, 'Motozintla'),
(138, 7, 'Nicolás Ruíz'),
(139, 7, 'Ocosingo'),
(140, 7, 'Ocotepec'),
(141, 7, 'Ocozocoautla de Espinosa'),
(142, 7, 'Ostuacán'),
(143, 7, 'Osumacinta'),
(144, 7, 'Oxchuc'),
(145, 7, 'Palenque'),
(146, 7, 'Pantelhó'),
(147, 7, 'Pantepec'),
(148, 7, 'Pichucalco'),
(149, 7, 'Pijijiapan'),
(150, 7, 'El Porvenir'),
(151, 7, 'Villa Comaltitlán'),
(152, 7, 'Pueblo Nuevo Solistahuacán'),
(153, 7, 'Rayón'),
(154, 7, 'Reforma'),
(155, 7, 'Las Rosas'),
(156, 7, 'Sabanilla'),
(157, 7, 'Salto de Agua'),
(158, 7, 'San Cristóbal de las Casas'),
(159, 7, 'San Fernando'),
(160, 7, 'Siltepec'),
(161, 7, 'Simojovel'),
(162, 7, 'Sitalá'),
(163, 7, 'Socoltenango'),
(164, 7, 'Solosuchiapa'),
(165, 7, 'Soyaló'),
(166, 7, 'Suchiapa'),
(167, 7, 'Suchiate'),
(168, 7, 'Sunuapa'),
(169, 7, 'Tapachula'),
(170, 7, 'Tapalapa'),
(171, 7, 'Tapilula'),
(172, 7, 'Tecpatán'),
(173, 7, 'Tenejapa'),
(174, 7, 'Teopisca'),
(175, 7, 'Tila'),
(176, 7, 'Tonalá'),
(177, 7, 'Totolapa'),
(178, 7, 'La Trinitaria'),
(179, 7, 'Tumbalá'),
(180, 7, 'Tuxtla Gutiérrez'),
(181, 7, 'Tuxtla Chico'),
(182, 7, 'Tuzantán'),
(183, 7, 'Tzimol'),
(184, 7, 'Unión Juárez'),
(185, 7, 'Venustiano Carranza'),
(186, 7, 'Villa Corzo'),
(187, 7, 'Villaflores'),
(188, 7, 'Yajalón'),
(189, 7, 'San Lucas'),
(190, 7, 'Zinacantán'),
(191, 7, 'San Juan Cancuc'),
(192, 7, 'Aldama'),
(193, 7, 'Benemérito de las Américas'),
(194, 7, 'Maravilla Tenejapa'),
(195, 7, 'Marqués de Comillas'),
(196, 7, 'Montecristo de Guerrero'),
(197, 7, 'San Andrés Duraznal'),
(198, 7, 'Santiago el Pinar'),
(199, 8, 'Ahumada'),
(200, 8, 'Aldama'),
(201, 8, 'Allende'),
(202, 8, 'Aquiles Serdán'),
(203, 8, 'Ascensión'),
(204, 8, 'Bachíniva'),
(205, 8, 'Balleza'),
(206, 8, 'Batopilas'),
(207, 8, 'Bocoyna'),
(208, 8, 'Buenaventura'),
(209, 8, 'Camargo'),
(210, 8, 'Carichí'),
(211, 8, 'Casas Grandes'),
(212, 8, 'Coronado'),
(213, 8, 'Coyame del Sotol'),
(214, 8, 'La Cruz'),
(215, 8, 'Cuauhtémoc'),
(216, 8, 'Cusihuiriachi'),
(217, 8, 'Chihuahua'),
(218, 8, 'Chínipas'),
(219, 8, 'Delicias'),
(220, 8, 'Dr. Belisario Domínguez'),
(221, 8, 'Galeana'),
(222, 8, 'Santa Isabel'),
(223, 8, 'Gómez Farías'),
(224, 8, 'Gran Morelos'),
(225, 8, 'Guachochi'),
(226, 8, 'Guadalupe'),
(227, 8, 'Guadalupe y Calvo'),
(228, 8, 'Guazapares'),
(229, 8, 'Guerrero'),
(230, 8, 'Hidalgo del Parral'),
(231, 8, 'Huejotitán'),
(232, 8, 'Ignacio Zaragoza'),
(233, 8, 'Janos'),
(234, 8, 'Jiménez'),
(235, 8, 'Juárez'),
(236, 8, 'Julimes'),
(237, 8, 'López'),
(238, 8, 'Madera'),
(239, 8, 'Maguarichi'),
(240, 8, 'Manuel Benavides'),
(241, 8, 'Matachí'),
(242, 8, 'Matamoros'),
(243, 8, 'Meoqui'),
(244, 8, 'Morelos'),
(245, 8, 'Moris'),
(246, 8, 'Namiquipa'),
(247, 8, 'Nonoava'),
(248, 8, 'Nuevo Casas Grandes'),
(249, 8, 'Ocampo'),
(250, 8, 'Ojinaga'),
(251, 8, 'Praxedis G. Guerrero'),
(252, 8, 'Riva Palacio'),
(253, 8, 'Rosales'),
(254, 8, 'Rosario'),
(255, 8, 'San Francisco de Borja'),
(256, 8, 'San Francisco de Conchos'),
(257, 8, 'San Francisco del Oro'),
(258, 8, 'Santa Bárbara'),
(259, 8, 'Satevó'),
(260, 8, 'Saucillo'),
(261, 8, 'Temósachic'),
(262, 8, 'El Tule'),
(263, 8, 'Urique'),
(264, 8, 'Uruachi'),
(265, 8, 'Valle de Zaragoza'),
(266, 9, 'Azcapotzalco'),
(267, 9, 'Coyoacán'),
(268, 9, 'Cuajimalpa de Morelos'),
(269, 9, 'Gustavo A. Madero'),
(270, 9, 'Iztacalco'),
(271, 9, 'Iztapalapa'),
(272, 9, 'La Magdalena Contreras'),
(273, 9, 'Milpa Alta'),
(274, 9, 'Álvaro Obregón'),
(275, 9, 'Tláhuac'),
(276, 9, 'Tlalpan'),
(277, 9, 'Xochimilco'),
(278, 9, 'Benito Juárez'),
(279, 9, 'Cuauhtémoc'),
(280, 9, 'Miguel Hidalgo'),
(281, 9, 'Venustiano Carranza'),
(282, 10, 'Canatlán'),
(283, 10, 'Canelas'),
(284, 10, 'Coneto de Comonfort'),
(285, 10, 'Cuencamé'),
(286, 10, 'Durango'),
(287, 10, 'General Simón Bolívar'),
(288, 10, 'Gómez Palacio'),
(289, 10, 'Guadalupe Victoria'),
(290, 10, 'Guanaceví'),
(291, 10, 'Hidalgo'),
(292, 10, 'Indé'),
(293, 10, 'Lerdo'),
(294, 10, 'Mapimí'),
(295, 10, 'Mezquital'),
(296, 10, 'Nazas'),
(297, 10, 'Nombre de Dios'),
(298, 10, 'Ocampo'),
(299, 10, 'El Oro'),
(300, 10, 'Otáez'),
(301, 10, 'Pánuco de Coronado'),
(302, 10, 'Peñón Blanco'),
(303, 10, 'Poanas'),
(304, 10, 'Pueblo Nuevo'),
(305, 10, 'Rodeo'),
(306, 10, 'San Bernardo'),
(307, 10, 'San Dimas'),
(308, 10, 'San Juan de Guadalupe'),
(309, 10, 'San Juan del Río'),
(310, 10, 'San Luis del Cordero'),
(311, 10, 'San Pedro del Gallo'),
(312, 10, 'Santa Clara'),
(313, 10, 'Santiago Papasquiaro'),
(314, 10, 'Súchil'),
(315, 10, 'Tamazula'),
(316, 10, 'Tepehuanes'),
(317, 10, 'Tlahualilo'),
(318, 10, 'Topia'),
(319, 10, 'Vicente Guerrero'),
(320, 10, 'Nuevo Ideal'),
(321, 11, 'Abasolo'),
(322, 11, 'Acámbaro'),
(323, 11, 'San Miguel de Allende'),
(324, 11, 'Apaseo el Alto'),
(325, 11, 'Apaseo el Grande'),
(326, 11, 'Atarjea'),
(327, 11, 'Celaya'),
(328, 11, 'Manuel Doblado'),
(329, 11, 'Comonfort'),
(330, 11, 'Coroneo'),
(331, 11, 'Cortazar'),
(332, 11, 'Cuerámaro'),
(333, 11, 'Doctor Mora'),
(334, 11, 'Dolores Hidalgo Cuna de la Independencia Naci'),
(335, 11, 'Guanajuato'),
(336, 11, 'Huanímaro'),
(337, 11, 'Irapuato'),
(338, 11, 'Jaral del Progreso'),
(339, 11, 'Jerécuaro'),
(340, 11, 'León'),
(341, 11, 'Moroleón'),
(342, 11, 'Ocampo'),
(343, 11, 'Pénjamo'),
(344, 11, 'Pueblo Nuevo'),
(345, 11, 'Purísima del Rincón'),
(346, 11, 'Romita'),
(347, 11, 'Salamanca'),
(348, 11, 'Salvatierra'),
(349, 11, 'San Diego de la Unión'),
(350, 11, 'San Felipe'),
(351, 11, 'San Francisco del Rincón'),
(352, 11, 'San José Iturbide'),
(353, 11, 'San Luis de la Paz'),
(354, 11, 'Santa Catarina'),
(355, 11, 'Santa Cruz de Juventino Rosas'),
(356, 11, 'Santiago Maravatío'),
(357, 11, 'Silao'),
(358, 11, 'Tarandacuao'),
(359, 11, 'Tarimoro'),
(360, 11, 'Tierra Blanca'),
(361, 11, 'Uriangato'),
(362, 11, 'Valle de Santiago'),
(363, 11, 'Victoria'),
(364, 11, 'Villagrán'),
(365, 11, 'Xichú'),
(366, 11, 'Yuriria'),
(367, 12, 'Acapulco de Juárez'),
(368, 12, 'Ahuacuotzingo'),
(369, 12, 'Ajuchitlán del Progreso'),
(370, 12, 'Alcozauca de Guerrero'),
(371, 12, 'Alpoyeca'),
(372, 12, 'Apaxtla'),
(373, 12, 'Arcelia'),
(374, 12, 'Atenango del Río'),
(375, 12, 'Atlamajalcingo del Monte'),
(376, 12, 'Atlixtac'),
(377, 12, 'Atoyac de Álvarez'),
(378, 12, 'Ayutla de los Libres'),
(379, 12, 'Azoyú'),
(380, 12, 'Benito Juárez'),
(381, 12, 'Buenavista de Cuéllar'),
(382, 12, 'Coahuayutla de José María Izazaga'),
(383, 12, 'Cocula'),
(384, 12, 'Copala'),
(385, 12, 'Copalillo'),
(386, 12, 'Copanatoyac'),
(387, 12, 'Coyuca de Benítez'),
(388, 12, 'Coyuca de Catalán'),
(389, 12, 'Cuajinicuilapa'),
(390, 12, 'Cualác'),
(391, 12, 'Cuautepec'),
(392, 12, 'Cuetzala del Progreso'),
(393, 12, 'Cutzamala de Pinzón'),
(394, 12, 'Chilapa de Álvarez'),
(395, 12, 'Chilpancingo de los Bravo'),
(396, 12, 'Florencio Villarreal'),
(397, 12, 'General Canuto A. Neri'),
(398, 12, 'General Heliodoro Castillo'),
(399, 12, 'Huamuxtitlán'),
(400, 12, 'Huitzuco de los Figueroa'),
(401, 12, 'Iguala de la Independencia'),
(402, 12, 'Igualapa'),
(403, 12, 'Ixcateopan de Cuauhtémoc'),
(404, 12, 'Zihuatanejo de Azueta'),
(405, 12, 'Juan R. Escudero'),
(406, 12, 'Leonardo Bravo'),
(407, 12, 'Malinaltepec'),
(408, 12, 'Mártir de Cuilapan'),
(409, 12, 'Metlatónoc'),
(410, 12, 'Mochitlán'),
(411, 12, 'Olinalá'),
(412, 12, 'Ometepec'),
(413, 12, 'Pedro Ascencio Alquisiras'),
(414, 12, 'Petatlán'),
(415, 12, 'Pilcaya'),
(416, 12, 'Pungarabato'),
(417, 12, 'Quechultenango'),
(418, 12, 'San Luis Acatlán'),
(419, 12, 'San Marcos'),
(420, 12, 'San Miguel Totolapan'),
(421, 12, 'Taxco de Alarcón'),
(422, 12, 'Tecoanapa'),
(423, 12, 'Técpan de Galeana'),
(424, 12, 'Teloloapan'),
(425, 12, 'Tepecoacuilco de Trujano'),
(426, 12, 'Tetipac'),
(427, 12, 'Tixtla de Guerrero'),
(428, 12, 'Tlacoachistlahuaca'),
(429, 12, 'Tlacoapa'),
(430, 12, 'Tlalchapa'),
(431, 12, 'Tlalixtaquilla de Maldonado'),
(432, 12, 'Tlapa de Comonfort'),
(433, 12, 'Tlapehuala'),
(434, 12, 'La Unión de Isidoro Montes de Oca'),
(435, 12, 'Xalpatláhuac'),
(436, 12, 'Xochihuehuetlán'),
(437, 12, 'Xochistlahuaca'),
(438, 12, 'Zapotitlán Tablas'),
(439, 12, 'Zirándaro'),
(440, 12, 'Zitlala'),
(441, 12, 'Eduardo Neri'),
(442, 12, 'Acatepec'),
(443, 12, 'Marquelia'),
(444, 12, 'Cochoapa el Grande'),
(445, 12, 'José Joaquin de Herrera'),
(446, 12, 'Juchitán'),
(447, 12, 'Iliatenco'),
(448, 13, 'Acatlán'),
(449, 13, 'Acaxochitlán'),
(450, 13, 'Actopan'),
(451, 13, 'Agua Blanca de Iturbide'),
(452, 13, 'Ajacuba'),
(453, 13, 'Alfajayucan'),
(454, 13, 'Almoloya'),
(455, 13, 'Apan'),
(456, 13, 'El Arenal'),
(457, 13, 'Atitalaquia'),
(458, 13, 'Atlapexco'),
(459, 13, 'Atotonilco el Grande'),
(460, 13, 'Atotonilco de Tula'),
(461, 13, 'Calnali'),
(462, 13, 'Cardonal'),
(463, 13, 'Cuautepec de Hinojosa'),
(464, 13, 'Chapantongo'),
(465, 13, 'Chapulhuacán'),
(466, 13, 'Chilcuautla'),
(467, 13, 'Eloxochitlán'),
(468, 13, 'Emiliano Zapata'),
(469, 13, 'Epazoyucan'),
(470, 13, 'Francisco I. Madero'),
(471, 13, 'Huasca de Ocampo'),
(472, 13, 'Huautla'),
(473, 13, 'Huazalingo'),
(474, 13, 'Huehuetla'),
(475, 13, 'Huejutla de Reyes'),
(476, 13, 'Huichapan'),
(477, 13, 'Ixmiquilpan'),
(478, 13, 'Jacala de Ledezma'),
(479, 13, 'Jaltocán'),
(480, 13, 'Juárez Hidalgo'),
(481, 13, 'Lolotla'),
(482, 13, 'Metepec'),
(483, 13, 'San Agustín Metzquititlán'),
(484, 13, 'Metztitlán'),
(485, 13, 'Mineral del Chico'),
(486, 13, 'Mineral del Monte'),
(487, 13, 'La Misión'),
(488, 13, 'Mixquiahuala de Juárez'),
(489, 13, 'Molango de Escamilla'),
(490, 13, 'Nicolás Flores'),
(491, 13, 'Nopala de Villagrán'),
(492, 13, 'Omitlán de Juárez'),
(493, 13, 'San Felipe Orizatlán'),
(494, 13, 'Pacula'),
(495, 13, 'Pachuca de Soto'),
(496, 13, 'Pisaflores'),
(497, 13, 'Progreso de Obregón'),
(498, 13, 'Mineral de la Reforma'),
(499, 13, 'San Agustín Tlaxiaca'),
(500, 13, 'San Bartolo Tutotepec'),
(501, 13, 'San Salvador'),
(502, 13, 'Santiago de Anaya'),
(503, 13, 'Santiago Tulantepec de Lugo Guerrero'),
(504, 13, 'Singuilucan'),
(505, 13, 'Tasquillo'),
(506, 13, 'Tecozautla'),
(507, 13, 'Tenango de Doria'),
(508, 13, 'Tepeapulco'),
(509, 13, 'Tepehuacán de Guerrero'),
(510, 13, 'Tepeji del Río de Ocampo'),
(511, 13, 'Tepetitlán'),
(512, 13, 'Tetepango'),
(513, 13, 'Villa de Tezontepec'),
(514, 13, 'Tezontepec de Aldama'),
(515, 13, 'Tianguistengo'),
(516, 13, 'Tizayuca'),
(517, 13, 'Tlahuelilpan'),
(518, 13, 'Tlahuiltepa'),
(519, 13, 'Tlanalapa'),
(520, 13, 'Tlanchinol'),
(521, 13, 'Tlaxcoapan'),
(522, 13, 'Tolcayuca'),
(523, 13, 'Tula de Allende'),
(524, 13, 'Tulancingo de Bravo'),
(525, 13, 'Xochiatipan'),
(526, 13, 'Xochicoatlán'),
(527, 13, 'Yahualica'),
(528, 13, 'Zacualtipán de Ángeles'),
(529, 13, 'Zapotlán de Juárez'),
(530, 13, 'Zempoala'),
(531, 13, 'Zimapán'),
(532, 14, 'Acatic'),
(533, 14, 'Acatlán de Juárez'),
(534, 14, 'Ahualulco de Mercado'),
(535, 14, 'Amacueca'),
(536, 14, 'Amatitán'),
(537, 14, 'Ameca'),
(538, 14, 'San Juanito de Escobedo'),
(539, 14, 'Arandas'),
(540, 14, 'El Arenal'),
(541, 14, 'Atemajac de Brizuela'),
(542, 14, 'Atengo'),
(543, 14, 'Atenguillo'),
(544, 14, 'Atotonilco el Alto'),
(545, 14, 'Atoyac'),
(546, 14, 'Autlán de Navarro'),
(547, 14, 'Ayotlán'),
(548, 14, 'Ayutla'),
(549, 14, 'La Barca'),
(550, 14, 'Bolaños'),
(551, 14, 'Cabo Corrientes'),
(552, 14, 'Casimiro Castillo'),
(553, 14, 'Cihuatlán'),
(554, 14, 'Zapotlán el Grande'),
(555, 14, 'Cocula'),
(556, 14, 'Colotlán'),
(557, 14, 'Concepción de Buenos Aires'),
(558, 14, 'Cuautitlán de García Barragán'),
(559, 14, 'Cuautla'),
(560, 14, 'Cuquío'),
(561, 14, 'Chapala'),
(562, 14, 'Chimaltitán'),
(563, 14, 'Chiquilistlán'),
(564, 14, 'Degollado'),
(565, 14, 'Ejutla'),
(566, 14, 'Encarnación de Díaz'),
(567, 14, 'Etzatlán'),
(568, 14, 'El Grullo'),
(569, 14, 'Guachinango'),
(570, 14, 'Guadalajara'),
(571, 14, 'Hostotipaquillo'),
(572, 14, 'Huejúcar'),
(573, 14, 'Huejuquilla el Alto'),
(574, 14, 'La Huerta'),
(575, 14, 'Ixtlahuacán de los Membrillos'),
(576, 14, 'Ixtlahuacán del Río'),
(577, 14, 'Jalostotitlán'),
(578, 14, 'Jamay'),
(579, 14, 'Jesús María'),
(580, 14, 'Jilotlán de los Dolores'),
(581, 14, 'Jocotepec'),
(582, 14, 'Juanacatlán'),
(583, 14, 'Juchitlán'),
(584, 14, 'Lagos de Moreno'),
(585, 14, 'El Limón'),
(586, 14, 'Magdalena'),
(587, 14, 'Santa María del Oro'),
(588, 14, 'La Manzanilla de la Paz'),
(589, 14, 'Mascota'),
(590, 14, 'Mazamitla'),
(591, 14, 'Mexticacán'),
(592, 14, 'Mezquitic'),
(593, 14, 'Mixtlán'),
(594, 14, 'Ocotlán'),
(595, 14, 'Ojuelos de Jalisco'),
(596, 14, 'Pihuamo'),
(597, 14, 'Poncitlán'),
(598, 14, 'Puerto Vallarta'),
(599, 14, 'Villa Purificación'),
(600, 14, 'Quitupan'),
(601, 14, 'El Salto'),
(602, 14, 'San Cristóbal de la Barranca'),
(603, 14, 'San Diego de Alejandría'),
(604, 14, 'San Juan de los Lagos'),
(605, 14, 'San Julián'),
(606, 14, 'San Marcos'),
(607, 14, 'San Martín de Bolaños'),
(608, 14, 'San Martín Hidalgo'),
(609, 14, 'San Miguel el Alto'),
(610, 14, 'Gómez Farías'),
(611, 14, 'San Sebastián del Oeste'),
(612, 14, 'Santa María de los Ángeles'),
(613, 14, 'Sayula'),
(614, 14, 'Tala'),
(615, 14, 'Talpa de Allende'),
(616, 14, 'Tamazula de Gordiano'),
(617, 14, 'Tapalpa'),
(618, 14, 'Tecalitlán'),
(619, 14, 'Tecolotlán'),
(620, 14, 'Techaluta de Montenegro'),
(621, 14, 'Tenamaxtlán'),
(622, 14, 'Teocaltiche'),
(623, 14, 'Teocuitatlán de Corona'),
(624, 14, 'Tepatitlán de Morelos'),
(625, 14, 'Tequila'),
(626, 14, 'Teuchitlán'),
(627, 14, 'Tizapán el Alto'),
(628, 14, 'Tlajomulco de Zúñiga'),
(629, 14, 'Tlaquepaque'),
(630, 14, 'Tolimán'),
(631, 14, 'Tomatlán'),
(632, 14, 'Tonalá'),
(633, 14, 'Tonaya'),
(634, 14, 'Tonila'),
(635, 14, 'Totatiche'),
(636, 14, 'Tototlán'),
(637, 14, 'Tuxcacuesco'),
(638, 14, 'Tuxcueca'),
(639, 14, 'Tuxpan'),
(640, 14, 'Unión de San Antonio'),
(641, 14, 'Unión de Tula'),
(642, 14, 'Valle de Guadalupe'),
(643, 14, 'Valle de Juárez'),
(644, 14, 'San Gabriel'),
(645, 14, 'Villa Corona'),
(646, 14, 'Villa Guerrero'),
(647, 14, 'Villa Hidalgo'),
(648, 14, 'Cañadas de Obregón'),
(649, 14, 'Yahualica de González Gallo'),
(650, 14, 'Zacoalco de Torres'),
(651, 14, 'Zapopan'),
(652, 14, 'Zapotiltic'),
(653, 14, 'Zapotitlán de Vadillo'),
(654, 14, 'Zapotlán del Rey'),
(655, 14, 'Zapotlanejo'),
(656, 14, 'San Ignacio Cerro Gordo'),
(657, 15, 'Acambay'),
(658, 15, 'Acolman'),
(659, 15, 'Aculco'),
(660, 15, 'Almoloya de Alquisiras'),
(661, 15, 'Almoloya de Juárez'),
(662, 15, 'Almoloya del Río'),
(663, 15, 'Amanalco'),
(664, 15, 'Amatepec'),
(665, 15, 'Amecameca'),
(666, 15, 'Apaxco'),
(667, 15, 'Atenco'),
(668, 15, 'Atizapán'),
(669, 15, 'Atizapán de Zaragoza'),
(670, 15, 'Atlacomulco'),
(671, 15, 'Atlautla'),
(672, 15, 'Axapusco'),
(673, 15, 'Ayapango'),
(674, 15, 'Calimaya'),
(675, 15, 'Capulhuac'),
(676, 15, 'Coacalco de Berriozábal'),
(677, 15, 'Coatepec Harinas'),
(678, 15, 'Cocotitlán'),
(679, 15, 'Coyotepec'),
(680, 15, 'Cuautitlán'),
(681, 15, 'Chalco'),
(682, 15, 'Chapa de Mota'),
(683, 15, 'Chapultepec'),
(684, 15, 'Chiautla'),
(685, 15, 'Chicoloapan'),
(686, 15, 'Chiconcuac'),
(687, 15, 'Chimalhuacán'),
(688, 15, 'Donato Guerra'),
(689, 15, 'Ecatepec de Morelos'),
(690, 15, 'Ecatzingo'),
(691, 15, 'Huehuetoca'),
(692, 15, 'Hueypoxtla'),
(693, 15, 'Huixquilucan'),
(694, 15, 'Isidro Fabela'),
(695, 15, 'Ixtapaluca'),
(696, 15, 'Ixtapan de la Sal'),
(697, 15, 'Ixtapan del Oro'),
(698, 15, 'Ixtlahuaca'),
(699, 15, 'Xalatlaco'),
(700, 15, 'Jaltenco'),
(701, 15, 'Jilotepec'),
(702, 15, 'Jilotzingo'),
(703, 15, 'Jiquipilco'),
(704, 15, 'Jocotitlán'),
(705, 15, 'Joquicingo'),
(706, 15, 'Juchitepec'),
(707, 15, 'Lerma'),
(708, 15, 'Malinalco'),
(709, 15, 'Melchor Ocampo'),
(710, 15, 'Metepec'),
(711, 15, 'Mexicaltzingo'),
(712, 15, 'Morelos'),
(713, 15, 'Naucalpan de Juárez'),
(714, 15, 'Nezahualcóyotl'),
(715, 15, 'Nextlalpan'),
(716, 15, 'Nicolás Romero'),
(717, 15, 'Nopaltepec'),
(718, 15, 'Ocoyoacac'),
(719, 15, 'Ocuilan'),
(720, 15, 'El Oro'),
(721, 15, 'Otumba'),
(722, 15, 'Otzoloapan'),
(723, 15, 'Otzolotepec'),
(724, 15, 'Ozumba'),
(725, 15, 'Papalotla'),
(726, 15, 'La Paz'),
(727, 15, 'Polotitlán'),
(728, 15, 'Rayón'),
(729, 15, 'San Antonio la Isla'),
(730, 15, 'San Felipe del Progreso'),
(731, 15, 'San Martín de las Pirámides'),
(732, 15, 'San Mateo Atenco'),
(733, 15, 'San Simón de Guerrero'),
(734, 15, 'Santo Tomás'),
(735, 15, 'Soyaniquilpan de Juárez'),
(736, 15, 'Sultepec'),
(737, 15, 'Tecámac'),
(738, 15, 'Tejupilco'),
(739, 15, 'Temamatla'),
(740, 15, 'Temascalapa'),
(741, 15, 'Temascalcingo'),
(742, 15, 'Temascaltepec'),
(743, 15, 'Temoaya'),
(744, 15, 'Tenancingo'),
(745, 15, 'Tenango del Aire'),
(746, 15, 'Tenango del Valle'),
(747, 15, 'Teoloyucán'),
(748, 15, 'Teotihuacán'),
(749, 15, 'Tepetlaoxtoc'),
(750, 15, 'Tepetlixpa'),
(751, 15, 'Tepotzotlán'),
(752, 15, 'Tequixquiac'),
(753, 15, 'Texcaltitlán'),
(754, 15, 'Texcalyacac'),
(755, 15, 'Texcoco'),
(756, 15, 'Tezoyuca'),
(757, 15, 'Tianguistenco'),
(758, 15, 'Timilpan'),
(759, 15, 'Tlalmanalco'),
(760, 15, 'Tlalnepantla de Baz'),
(761, 15, 'Tlatlaya'),
(762, 15, 'Toluca'),
(763, 15, 'Tonatico'),
(764, 15, 'Tultepec'),
(765, 15, 'Tultitlán'),
(766, 15, 'Valle de Bravo'),
(767, 15, 'Villa de Allende'),
(768, 15, 'Villa del Carbón'),
(769, 15, 'Villa Guerrero'),
(770, 15, 'Villa Victoria'),
(771, 15, 'Xonacatlán'),
(772, 15, 'Zacazonapan'),
(773, 15, 'Zacualpan'),
(774, 15, 'Zinacantepec'),
(775, 15, 'Zumpahuacán'),
(776, 15, 'Zumpango'),
(777, 15, 'Cuautitlán Izcalli'),
(778, 15, 'Valle de Chalco Solidaridad'),
(779, 15, 'Luvianos'),
(780, 15, 'San José del Rincón'),
(781, 15, 'Tonanitla'),
(782, 16, 'Acuitzio'),
(783, 16, 'Aguililla'),
(784, 16, 'Álvaro Obregón'),
(785, 16, 'Angamacutiro'),
(786, 16, 'Angangueo'),
(787, 16, 'Apatzingán'),
(788, 16, 'Aporo'),
(789, 16, 'Aquila'),
(790, 16, 'Ario'),
(791, 16, 'Arteaga'),
(792, 16, 'Briseñas'),
(793, 16, 'Buenavista'),
(794, 16, 'Carácuaro'),
(795, 16, 'Coahuayana'),
(796, 16, 'Coalcomán de Vázquez Pallares'),
(797, 16, 'Coeneo'),
(798, 16, 'Contepec'),
(799, 16, 'Copándaro'),
(800, 16, 'Cotija'),
(801, 16, 'Cuitzeo'),
(802, 16, 'Charapan'),
(803, 16, 'Charo'),
(804, 16, 'Chavinda'),
(805, 16, 'Cherán'),
(806, 16, 'Chilchota'),
(807, 16, 'Chinicuila'),
(808, 16, 'Chucándiro'),
(809, 16, 'Churintzio'),
(810, 16, 'Churumuco'),
(811, 16, 'Ecuandureo'),
(812, 16, 'Epitacio Huerta'),
(813, 16, 'Erongarícuaro'),
(814, 16, 'Gabriel Zamora'),
(815, 16, 'Hidalgo'),
(816, 16, 'La Huacana'),
(817, 16, 'Huandacareo'),
(818, 16, 'Huaniqueo'),
(819, 16, 'Huetamo'),
(820, 16, 'Huiramba'),
(821, 16, 'Indaparapeo'),
(822, 16, 'Irimbo'),
(823, 16, 'Ixtlán'),
(824, 16, 'Jacona'),
(825, 16, 'Jiménez'),
(826, 16, 'Jiquilpan'),
(827, 16, 'Juárez'),
(828, 16, 'Jungapeo'),
(829, 16, 'Lagunillas'),
(830, 16, 'Madero'),
(831, 16, 'Maravatío'),
(832, 16, 'Marcos Castellanos'),
(833, 16, 'Lázaro Cárdenas'),
(834, 16, 'Morelia'),
(835, 16, 'Morelos'),
(836, 16, 'Múgica'),
(837, 16, 'Nahuatzen'),
(838, 16, 'Nocupétaro'),
(839, 16, 'Nuevo Parangaricutiro'),
(840, 16, 'Nuevo Urecho'),
(841, 16, 'Numarán'),
(842, 16, 'Ocampo'),
(843, 16, 'Pajacuarán'),
(844, 16, 'Panindícuaro'),
(845, 16, 'Parácuaro'),
(846, 16, 'Paracho'),
(847, 16, 'Pátzcuaro'),
(848, 16, 'Penjamillo'),
(849, 16, 'Peribán'),
(850, 16, 'La Piedad'),
(851, 16, 'Purépero'),
(852, 16, 'Puruándiro'),
(853, 16, 'Queréndaro'),
(854, 16, 'Quiroga'),
(855, 16, 'Cojumatlán de Régules'),
(856, 16, 'Los Reyes'),
(857, 16, 'Sahuayo'),
(858, 16, 'San Lucas'),
(859, 16, 'Santa Ana Maya'),
(860, 16, 'Salvador Escalante'),
(861, 16, 'Senguio'),
(862, 16, 'Susupuato'),
(863, 16, 'Tacámbaro'),
(864, 16, 'Tancítaro'),
(865, 16, 'Tangamandapio'),
(866, 16, 'Tangancícuaro'),
(867, 16, 'Tanhuato'),
(868, 16, 'Taretan'),
(869, 16, 'Tarímbaro'),
(870, 16, 'Tepalcatepec'),
(871, 16, 'Tingambato'),
(872, 16, 'Tingüindín'),
(873, 16, 'Tiquicheo de Nicolás Romero'),
(874, 16, 'Tlalpujahua'),
(875, 16, 'Tlazazalca'),
(876, 16, 'Tocumbo'),
(877, 16, 'Tumbiscatío'),
(878, 16, 'Turicato'),
(879, 16, 'Tuxpan'),
(880, 16, 'Tuzantla'),
(881, 16, 'Tzintzuntzan'),
(882, 16, 'Tzitzio'),
(883, 16, 'Uruapan'),
(884, 16, 'Venustiano Carranza'),
(885, 16, 'Villamar'),
(886, 16, 'Vista Hermosa'),
(887, 16, 'Yurécuaro'),
(888, 16, 'Zacapu'),
(889, 16, 'Zamora'),
(890, 16, 'Zináparo'),
(891, 16, 'Zinapécuaro'),
(892, 16, 'Ziracuaretiro'),
(893, 16, 'Zitácuaro'),
(894, 16, 'José Sixto Verduzco'),
(895, 17, 'Amacuzac'),
(896, 17, 'Atlatlahucan'),
(897, 17, 'Axochiapan'),
(898, 17, 'Ayala'),
(899, 17, 'Coatlán del Río'),
(900, 17, 'Cuautla'),
(901, 17, 'Cuernavaca'),
(902, 17, 'Emiliano Zapata'),
(903, 17, 'Huitzilac'),
(904, 17, 'Jantetelco'),
(905, 17, 'Jiutepec'),
(906, 17, 'Jojutla'),
(907, 17, 'Jonacatepec'),
(908, 17, 'Mazatepec'),
(909, 17, 'Miacatlán'),
(910, 17, 'Ocuituco'),
(911, 17, 'Puente de Ixtla'),
(912, 17, 'Temixco'),
(913, 17, 'Tepalcingo'),
(914, 17, 'Tepoztlán'),
(915, 17, 'Tetecala'),
(916, 17, 'Tetela del Volcán'),
(917, 17, 'Tlalnepantla'),
(918, 17, 'Tlaltizapán'),
(919, 17, 'Tlaquiltenango'),
(920, 17, 'Tlayacapan'),
(921, 17, 'Totolapan'),
(922, 17, 'Xochitepec'),
(923, 17, 'Yautepec'),
(924, 17, 'Yecapixtla'),
(925, 17, 'Zacatepec'),
(926, 17, 'Zacualpan'),
(927, 17, 'Temoac'),
(928, 18, 'Acaponeta'),
(929, 18, 'Ahuacatlán'),
(930, 18, 'Amatlán de Cañas'),
(931, 18, 'Compostela'),
(932, 18, 'Huajicori'),
(933, 18, 'Ixtlán del Río'),
(934, 18, 'Jala'),
(935, 18, 'Xalisco'),
(936, 18, 'Del Nayar'),
(937, 18, 'Rosamorada'),
(938, 18, 'Ruíz'),
(939, 18, 'San Blas'),
(940, 18, 'San Pedro Lagunillas'),
(941, 18, 'Santa María del Oro'),
(942, 18, 'Santiago Ixcuintla'),
(943, 18, 'Tecuala'),
(944, 18, 'Tepic'),
(945, 18, 'Tuxpan'),
(946, 18, 'La Yesca'),
(947, 18, 'Bahía de Banderas'),
(948, 19, 'Abasolo'),
(949, 19, 'Agualeguas'),
(950, 19, 'Los Aldamas'),
(951, 19, 'Allende'),
(952, 19, 'Anáhuac'),
(953, 19, 'Apodaca'),
(954, 19, 'Aramberri'),
(955, 19, 'Bustamante'),
(956, 19, 'Cadereyta Jiménez'),
(957, 19, 'Carmen'),
(958, 19, 'Cerralvo'),
(959, 19, 'Ciénega de Flores'),
(960, 19, 'China'),
(961, 19, 'Dr. Arroyo'),
(962, 19, 'Dr. Coss'),
(963, 19, 'Dr. González'),
(964, 19, 'Galeana'),
(965, 19, 'García'),
(966, 19, 'San Pedro Garza García'),
(967, 19, 'Gral. Bravo'),
(968, 19, 'Gral. Escobedo'),
(969, 19, 'Gral. Terán'),
(970, 19, 'Gral. Treviño'),
(971, 19, 'Gral. Zaragoza'),
(972, 19, 'Gral. Zuazua'),
(973, 19, 'Guadalupe'),
(974, 19, 'Los Herreras'),
(975, 19, 'Higueras'),
(976, 19, 'Hualahuises'),
(977, 19, 'Iturbide'),
(978, 19, 'Juárez'),
(979, 19, 'Lampazos de Naranjo'),
(980, 19, 'Linares'),
(981, 19, 'Marín'),
(982, 19, 'Melchor Ocampo'),
(983, 19, 'Mier y Noriega'),
(984, 19, 'Mina'),
(985, 19, 'Montemorelos'),
(986, 19, 'Monterrey'),
(987, 19, 'Parás'),
(988, 19, 'Pesquería'),
(989, 19, 'Los Ramones'),
(990, 19, 'Rayones'),
(991, 19, 'Sabinas Hidalgo'),
(992, 19, 'Salinas Victoria'),
(993, 19, 'San Nicolás de los Garza'),
(994, 19, 'Hidalgo'),
(995, 19, 'Santa Catarina'),
(996, 19, 'Santiago'),
(997, 19, 'Vallecillo'),
(998, 19, 'Villaldama'),
(999, 20, 'Abejones'),
(1000, 20, 'Acatlán de Pérez Figueroa'),
(1001, 20, 'Asunción Cacalotepec'),
(1002, 20, 'Asunción Cuyotepeji'),
(1003, 20, 'Asunción Ixtaltepec'),
(1004, 20, 'Asunción Nochixtlán'),
(1005, 20, 'Asunción Ocotlán'),
(1006, 20, 'Asunción Tlacolulita'),
(1007, 20, 'Ayotzintepec'),
(1008, 20, 'El Barrio de la Soledad'),
(1009, 20, 'Calihualá'),
(1010, 20, 'Candelaria Loxicha'),
(1011, 20, 'Ciénega de Zimatlán'),
(1012, 20, 'Ciudad Ixtepec'),
(1013, 20, 'Coatecas Altas'),
(1014, 20, 'Coicoyán de las Flores'),
(1015, 20, 'La Compañía'),
(1016, 20, 'Concepción Buenavista'),
(1017, 20, 'Concepción Pápalo'),
(1018, 20, 'Constancia del Rosario'),
(1019, 20, 'Cosolapa'),
(1020, 20, 'Cosoltepec'),
(1021, 20, 'Cuilápam de Guerrero'),
(1022, 20, 'Cuyamecalco Villa de Zaragoza'),
(1023, 20, 'Chahuites'),
(1024, 20, 'Chalcatongo de Hidalgo'),
(1025, 20, 'Chiquihuitlán de Benito Juárez'),
(1026, 20, 'Heroica Ciudad de Ejutla de Crespo'),
(1027, 20, 'Eloxochitlán de Flores Magón'),
(1028, 20, 'El Espinal'),
(1029, 20, 'Tamazulápam del Espíritu Santo'),
(1030, 20, 'Fresnillo de Trujano'),
(1031, 20, 'Guadalupe Etla'),
(1032, 20, 'Guadalupe de Ramírez'),
(1033, 20, 'Guelatao de Juárez'),
(1034, 20, 'Guevea de Humboldt'),
(1035, 20, 'Mesones Hidalgo'),
(1036, 20, 'Villa Hidalgo'),
(1037, 20, 'Heroica Ciudad de Huajuapan de León'),
(1038, 20, 'Huautepec'),
(1039, 20, 'Huautla de Jiménez'),
(1040, 20, 'Ixtlán de Juárez'),
(1041, 20, 'Heroica Ciudad de Juchitán de Zaragoza'),
(1042, 20, 'Loma Bonita'),
(1043, 20, 'Magdalena Apasco'),
(1044, 20, 'Magdalena Jaltepec'),
(1045, 20, 'Santa Magdalena Jicotlán'),
(1046, 20, 'Magdalena Mixtepec'),
(1047, 20, 'Magdalena Ocotlán'),
(1048, 20, 'Magdalena Peñasco'),
(1049, 20, 'Magdalena Teitipac'),
(1050, 20, 'Magdalena Tequisistlán'),
(1051, 20, 'Magdalena Tlacotepec'),
(1052, 20, 'Magdalena Zahuatlán'),
(1053, 20, 'Mariscala de Juárez'),
(1054, 20, 'Mártires de Tacubaya'),
(1055, 20, 'Matías Romero Avendaño'),
(1056, 20, 'Mazatlán Villa de Flores'),
(1057, 20, 'Miahuatlán de Porfirio Díaz'),
(1058, 20, 'Mixistlán de la Reforma'),
(1059, 20, 'Monjas'),
(1060, 20, 'Natividad'),
(1061, 20, 'Nazareno Etla'),
(1062, 20, 'Nejapa de Madero'),
(1063, 20, 'Ixpantepec Nieves'),
(1064, 20, 'Santiago Niltepec'),
(1065, 20, 'Oaxaca de Juárez'),
(1066, 20, 'Ocotlán de Morelos'),
(1067, 20, 'La Pe'),
(1068, 20, 'Pinotepa de Don Luis'),
(1069, 20, 'Pluma Hidalgo'),
(1070, 20, 'San José del Progreso'),
(1071, 20, 'Putla Villa de Guerrero'),
(1072, 20, 'Santa Catarina Quioquitani'),
(1073, 20, 'Reforma de Pineda'),
(1074, 20, 'La Reforma'),
(1075, 20, 'Reyes Etla'),
(1076, 20, 'Rojas de Cuauhtémoc'),
(1077, 20, 'Salina Cruz'),
(1078, 20, 'San Agustín Amatengo'),
(1079, 20, 'San Agustín Atenango'),
(1080, 20, 'San Agustín Chayuco'),
(1081, 20, 'San Agustín de las Juntas'),
(1082, 20, 'San Agustín Etla'),
(1083, 20, 'San Agustín Loxicha'),
(1084, 20, 'San Agustín Tlacotepec'),
(1085, 20, 'San Agustín Yatareni'),
(1086, 20, 'San Andrés Cabecera Nueva'),
(1087, 20, 'San Andrés Dinicuiti'),
(1088, 20, 'San Andrés Huaxpaltepec'),
(1089, 20, 'San Andrés Huayápam'),
(1090, 20, 'San Andrés Ixtlahuaca'),
(1091, 20, 'San Andrés Lagunas'),
(1092, 20, 'San Andrés Nuxiño'),
(1093, 20, 'San Andrés Paxtlán'),
(1094, 20, 'San Andrés Sinaxtla'),
(1095, 20, 'San Andrés Solaga'),
(1096, 20, 'San Andrés Teotilálpam'),
(1097, 20, 'San Andrés Tepetlapa'),
(1098, 20, 'San Andrés Yaá'),
(1099, 20, 'San Andrés Zabache'),
(1100, 20, 'San Andrés Zautla'),
(1101, 20, 'San Antonino Castillo Velasco'),
(1102, 20, 'San Antonino el Alto'),
(1103, 20, 'San Antonino Monte Verde'),
(1104, 20, 'San Antonio Acutla'),
(1105, 20, 'San Antonio de la Cal'),
(1106, 20, 'San Antonio Huitepec'),
(1107, 20, 'San Antonio Nanahuatípam'),
(1108, 20, 'San Antonio Sinicahua'),
(1109, 20, 'San Antonio Tepetlapa'),
(1110, 20, 'San Baltazar Chichicápam'),
(1111, 20, 'San Baltazar Loxicha'),
(1112, 20, 'San Baltazar Yatzachi el Bajo'),
(1113, 20, 'San Bartolo Coyotepec'),
(1114, 20, 'San Bartolomé Ayautla'),
(1115, 20, 'San Bartolomé Loxicha'),
(1116, 20, 'San Bartolomé Quialana'),
(1117, 20, 'San Bartolomé Yucuañe'),
(1118, 20, 'San Bartolomé Zoogocho'),
(1119, 20, 'San Bartolo Soyaltepec'),
(1120, 20, 'San Bartolo Yautepec'),
(1121, 20, 'San Bernardo Mixtepec'),
(1122, 20, 'San Blas Atempa'),
(1123, 20, 'San Carlos Yautepec'),
(1124, 20, 'San Cristóbal Amatlán'),
(1125, 20, 'San Cristóbal Amoltepec'),
(1126, 20, 'San Cristóbal Lachirioag'),
(1127, 20, 'San Cristóbal Suchixtlahuaca'),
(1128, 20, 'San Dionisio del Mar'),
(1129, 20, 'San Dionisio Ocotepec'),
(1130, 20, 'San Dionisio Ocotlán'),
(1131, 20, 'San Esteban Atatlahuca'),
(1132, 20, 'San Felipe Jalapa de Díaz'),
(1133, 20, 'San Felipe Tejalápam'),
(1134, 20, 'San Felipe Usila'),
(1135, 20, 'San Francisco Cahuacuá'),
(1136, 20, 'San Francisco Cajonos'),
(1137, 20, 'San Francisco Chapulapa'),
(1138, 20, 'San Francisco Chindúa'),
(1139, 20, 'San Francisco del Mar'),
(1140, 20, 'San Francisco Huehuetlán'),
(1141, 20, 'San Francisco Ixhuatán'),
(1142, 20, 'San Francisco Jaltepetongo'),
(1143, 20, 'San Francisco Lachigoló'),
(1144, 20, 'San Francisco Logueche'),
(1145, 20, 'San Francisco Nuxaño'),
(1146, 20, 'San Francisco Ozolotepec'),
(1147, 20, 'San Francisco Sola'),
(1148, 20, 'San Francisco Telixtlahuaca'),
(1149, 20, 'San Francisco Teopan'),
(1150, 20, 'San Francisco Tlapancingo'),
(1151, 20, 'San Gabriel Mixtepec'),
(1152, 20, 'San Ildefonso Amatlán'),
(1153, 20, 'San Ildefonso Sola'),
(1154, 20, 'San Ildefonso Villa Alta'),
(1155, 20, 'San Jacinto Amilpas'),
(1156, 20, 'San Jacinto Tlacotepec'),
(1157, 20, 'San Jerónimo Coatlán'),
(1158, 20, 'San Jerónimo Silacayoapilla'),
(1159, 20, 'San Jerónimo Sosola'),
(1160, 20, 'San Jerónimo Taviche'),
(1161, 20, 'San Jerónimo Tecóatl'),
(1162, 20, 'San Jorge Nuchita'),
(1163, 20, 'San José Ayuquila'),
(1164, 20, 'San José Chiltepec'),
(1165, 20, 'San José del Peñasco'),
(1166, 20, 'San José Estancia Grande'),
(1167, 20, 'San José Independencia'),
(1168, 20, 'San José Lachiguiri'),
(1169, 20, 'San José Tenango'),
(1170, 20, 'San Juan Achiutla'),
(1171, 20, 'San Juan Atepec'),
(1172, 20, 'Ánimas Trujano'),
(1173, 20, 'San Juan Bautista Atatlahuca'),
(1174, 20, 'San Juan Bautista Coixtlahuaca'),
(1175, 20, 'San Juan Bautista Cuicatlán'),
(1176, 20, 'San Juan Bautista Guelache'),
(1177, 20, 'San Juan Bautista Jayacatlán'),
(1178, 20, 'San Juan Bautista Lo de Soto'),
(1179, 20, 'San Juan Bautista Suchitepec'),
(1180, 20, 'San Juan Bautista Tlacoatzintepec'),
(1181, 20, 'San Juan Bautista Tlachichilco'),
(1182, 20, 'San Juan Bautista Tuxtepec'),
(1183, 20, 'San Juan Cacahuatepec'),
(1184, 20, 'San Juan Cieneguilla'),
(1185, 20, 'San Juan Coatzóspam'),
(1186, 20, 'San Juan Colorado'),
(1187, 20, 'San Juan Comaltepec'),
(1188, 20, 'San Juan Cotzocón'),
(1189, 20, 'San Juan Chicomezúchil'),
(1190, 20, 'San Juan Chilateca'),
(1191, 20, 'San Juan del Estado'),
(1192, 20, 'San Juan del Río'),
(1193, 20, 'San Juan Diuxi'),
(1194, 20, 'San Juan Evangelista Analco'),
(1195, 20, 'San Juan Guelavía'),
(1196, 20, 'San Juan Guichicovi'),
(1197, 20, 'San Juan Ihualtepec'),
(1198, 20, 'San Juan Juquila Mixes'),
(1199, 20, 'San Juan Juquila Vijanos'),
(1200, 20, 'San Juan Lachao'),
(1201, 20, 'San Juan Lachigalla'),
(1202, 20, 'San Juan Lajarcia'),
(1203, 20, 'San Juan Lalana'),
(1204, 20, 'San Juan de los Cués'),
(1205, 20, 'San Juan Mazatlán'),
(1206, 20, 'San Juan Mixtepec -Dto. 08 -'),
(1207, 20, 'San Juan Mixtepec -Dto. 26 -'),
(1208, 20, 'San Juan Ñumí'),
(1209, 20, 'San Juan Ozolotepec'),
(1210, 20, 'San Juan Petlapa'),
(1211, 20, 'San Juan Quiahije'),
(1212, 20, 'San Juan Quiotepec'),
(1213, 20, 'San Juan Sayultepec'),
(1214, 20, 'San Juan Tabaá'),
(1215, 20, 'San Juan Tamazola'),
(1216, 20, 'San Juan Teita'),
(1217, 20, 'San Juan Teitipac'),
(1218, 20, 'San Juan Tepeuxila'),
(1219, 20, 'San Juan Teposcolula'),
(1220, 20, 'San Juan Yaeé'),
(1221, 20, 'San Juan Yatzona'),
(1222, 20, 'San Juan Yucuita'),
(1223, 20, 'San Lorenzo'),
(1224, 20, 'San Lorenzo Albarradas'),
(1225, 20, 'San Lorenzo Cacaotepec'),
(1226, 20, 'San Lorenzo Cuaunecuiltitla'),
(1227, 20, 'San Lorenzo Texmelúcan'),
(1228, 20, 'San Lorenzo Victoria'),
(1229, 20, 'San Lucas Camotlán'),
(1230, 20, 'San Lucas Ojitlán'),
(1231, 20, 'San Lucas Quiaviní'),
(1232, 20, 'San Lucas Zoquiápam'),
(1233, 20, 'San Luis Amatlán'),
(1234, 20, 'San Marcial Ozolotepec'),
(1235, 20, 'San Marcos Arteaga'),
(1236, 20, 'San Martín de los Cansecos'),
(1237, 20, 'San Martín Huamelúlpam'),
(1238, 20, 'San Martín Itunyoso'),
(1239, 20, 'San Martín Lachilá'),
(1240, 20, 'San Martín Peras'),
(1241, 20, 'San Martín Tilcajete'),
(1242, 20, 'San Martín Toxpalan'),
(1243, 20, 'San Martín Zacatepec'),
(1244, 20, 'San Mateo Cajonos'),
(1245, 20, 'Capulálpam de Méndez'),
(1246, 20, 'San Mateo del Mar'),
(1247, 20, 'San Mateo Yoloxochitlán'),
(1248, 20, 'San Mateo Etlatongo'),
(1249, 20, 'San Mateo Nejápam'),
(1250, 20, 'San Mateo Peñasco'),
(1251, 20, 'San Mateo Piñas'),
(1252, 20, 'San Mateo Río Hondo'),
(1253, 20, 'San Mateo Sindihui'),
(1254, 20, 'San Mateo Tlapiltepec'),
(1255, 20, 'San Melchor Betaza'),
(1256, 20, 'San Miguel Achiutla'),
(1257, 20, 'San Miguel Ahuehuetitlán'),
(1258, 20, 'San Miguel Aloápam'),
(1259, 20, 'San Miguel Amatitlán'),
(1260, 20, 'San Miguel Amatlán'),
(1261, 20, 'San Miguel Coatlán'),
(1262, 20, 'San Miguel Chicahua'),
(1263, 20, 'San Miguel Chimalapa'),
(1264, 20, 'San Miguel del Puerto'),
(1265, 20, 'San Miguel del Río'),
(1266, 20, 'San Miguel Ejutla'),
(1267, 20, 'San Miguel el Grande'),
(1268, 20, 'San Miguel Huautla'),
(1269, 20, 'San Miguel Mixtepec'),
(1270, 20, 'San Miguel Panixtlahuaca'),
(1271, 20, 'San Miguel Peras'),
(1272, 20, 'San Miguel Piedras'),
(1273, 20, 'San Miguel Quetzaltepec'),
(1274, 20, 'San Miguel Santa Flor'),
(1275, 20, 'Villa Sola de Vega'),
(1276, 20, 'San Miguel Soyaltepec'),
(1277, 20, 'San Miguel Suchixtepec'),
(1278, 20, 'Villa Talea de Castro'),
(1279, 20, 'San Miguel Tecomatlán'),
(1280, 20, 'San Miguel Tenango'),
(1281, 20, 'San Miguel Tequixtepec'),
(1282, 20, 'San Miguel Tilquiápam'),
(1283, 20, 'San Miguel Tlacamama'),
(1284, 20, 'San Miguel Tlacotepec'),
(1285, 20, 'San Miguel Tulancingo'),
(1286, 20, 'San Miguel Yotao'),
(1287, 20, 'San Nicolás'),
(1288, 20, 'San Nicolás Hidalgo'),
(1289, 20, 'San Pablo Coatlán'),
(1290, 20, 'San Pablo Cuatro Venados'),
(1291, 20, 'San Pablo Etla'),
(1292, 20, 'San Pablo Huitzo'),
(1293, 20, 'San Pablo Huixtepec'),
(1294, 20, 'San Pablo Macuiltianguis'),
(1295, 20, 'San Pablo Tijaltepec'),
(1296, 20, 'San Pablo Villa de Mitla'),
(1297, 20, 'San Pablo Yaganiza'),
(1298, 20, 'San Pedro Amuzgos'),
(1299, 20, 'San Pedro Apóstol'),
(1300, 20, 'San Pedro Atoyac'),
(1301, 20, 'San Pedro Cajonos'),
(1302, 20, 'San Pedro Coxcaltepec Cántaros'),
(1303, 20, 'San Pedro Comitancillo'),
(1304, 20, 'San Pedro el Alto'),
(1305, 20, 'San Pedro Huamelula'),
(1306, 20, 'San Pedro Huilotepec'),
(1307, 20, 'San Pedro Ixcatlán'),
(1308, 20, 'San Pedro Ixtlahuaca'),
(1309, 20, 'San Pedro Jaltepetongo'),
(1310, 20, 'San Pedro Jicayán'),
(1311, 20, 'San Pedro Jocotipac'),
(1312, 20, 'San Pedro Juchatengo'),
(1313, 20, 'San Pedro Mártir'),
(1314, 20, 'San Pedro Mártir Quiechapa'),
(1315, 20, 'San Pedro Mártir Yucuxaco'),
(1316, 20, 'San Pedro Mixtepec -Dto. 22 -'),
(1317, 20, 'San Pedro Mixtepec -Dto. 26 -'),
(1318, 20, 'San Pedro Molinos'),
(1319, 20, 'San Pedro Nopala'),
(1320, 20, 'San Pedro Ocopetatillo'),
(1321, 20, 'San Pedro Ocotepec'),
(1322, 20, 'San Pedro Pochutla'),
(1323, 20, 'San Pedro Quiatoni'),
(1324, 20, 'San Pedro Sochiápam'),
(1325, 20, 'San Pedro Tapanatepec'),
(1326, 20, 'San Pedro Taviche'),
(1327, 20, 'San Pedro Teozacoalco'),
(1328, 20, 'San Pedro Teutila'),
(1329, 20, 'San Pedro Tidaá'),
(1330, 20, 'San Pedro Topiltepec'),
(1331, 20, 'San Pedro Totolápam'),
(1332, 20, 'Villa de Tututepec de Melchor Ocampo'),
(1333, 20, 'San Pedro Yaneri'),
(1334, 20, 'San Pedro Yólox'),
(1335, 20, 'San Pedro y San Pablo Ayutla'),
(1336, 20, 'Villa de Etla'),
(1337, 20, 'San Pedro y San Pablo Teposcolula'),
(1338, 20, 'San Pedro y San Pablo Tequixtepec'),
(1339, 20, 'San Pedro Yucunama'),
(1340, 20, 'San Raymundo Jalpan'),
(1341, 20, 'San Sebastián Abasolo'),
(1342, 20, 'San Sebastián Coatlán'),
(1343, 20, 'San Sebastián Ixcapa'),
(1344, 20, 'San Sebastián Nicananduta'),
(1345, 20, 'San Sebastián Río Hondo'),
(1346, 20, 'San Sebastián Tecomaxtlahuaca'),
(1347, 20, 'San Sebastián Teitipac'),
(1348, 20, 'San Sebastián Tutla'),
(1349, 20, 'San Simón Almolongas'),
(1350, 20, 'San Simón Zahuatlán'),
(1351, 20, 'Santa Ana'),
(1352, 20, 'Santa Ana Ateixtlahuaca'),
(1353, 20, 'Santa Ana Cuauhtémoc'),
(1354, 20, 'Santa Ana del Valle'),
(1355, 20, 'Santa Ana Tavela'),
(1356, 20, 'Santa Ana Tlapacoyan'),
(1357, 20, 'Santa Ana Yareni'),
(1358, 20, 'Santa Ana Zegache'),
(1359, 20, 'Santa Catalina Quierí'),
(1360, 20, 'Santa Catarina Cuixtla'),
(1361, 20, 'Santa Catarina Ixtepeji'),
(1362, 20, 'Santa Catarina Juquila'),
(1363, 20, 'Santa Catarina Lachatao'),
(1364, 20, 'Santa Catarina Loxicha'),
(1365, 20, 'Santa Catarina Mechoacán'),
(1366, 20, 'Santa Catarina Minas'),
(1367, 20, 'Santa Catarina Quiané'),
(1368, 20, 'Santa Catarina Tayata'),
(1369, 20, 'Santa Catarina Ticuá'),
(1370, 20, 'Santa Catarina Yosonotú'),
(1371, 20, 'Santa Catarina Zapoquila'),
(1372, 20, 'Santa Cruz Acatepec'),
(1373, 20, 'Santa Cruz Amilpas'),
(1374, 20, 'Santa Cruz de Bravo'),
(1375, 20, 'Santa Cruz Itundujia'),
(1376, 20, 'Santa Cruz Mixtepec'),
(1377, 20, 'Santa Cruz Nundaco'),
(1378, 20, 'Santa Cruz Papalutla'),
(1379, 20, 'Santa Cruz Tacache de Mina'),
(1380, 20, 'Santa Cruz Tacahua'),
(1381, 20, 'Santa Cruz Tayata'),
(1382, 20, 'Santa Cruz Xitla'),
(1383, 20, 'Santa Cruz Xoxocotlán'),
(1384, 20, 'Santa Cruz Zenzontepec'),
(1385, 20, 'Santa Gertrudis'),
(1386, 20, 'Santa Inés del Monte'),
(1387, 20, 'Santa Inés Yatzeche'),
(1388, 20, 'Santa Lucía del Camino'),
(1389, 20, 'Santa Lucía Miahuatlán'),
(1390, 20, 'Santa Lucía Monteverde'),
(1391, 20, 'Santa Lucía Ocotlán'),
(1392, 20, 'Santa María Alotepec'),
(1393, 20, 'Santa María Apazco'),
(1394, 20, 'Santa María la Asunción'),
(1395, 20, 'Heroica Ciudad de Tlaxiaco'),
(1396, 20, 'Ayoquezco de Aldama'),
(1397, 20, 'Santa María Atzompa'),
(1398, 20, 'Santa María Camotlán'),
(1399, 20, 'Santa María Colotepec'),
(1400, 20, 'Santa María Cortijo'),
(1401, 20, 'Santa María Coyotepec'),
(1402, 20, 'Santa María Chachoápam'),
(1403, 20, 'Villa de Chilapa de Díaz'),
(1404, 20, 'Santa María Chilchotla'),
(1405, 20, 'Santa María Chimalapa'),
(1406, 20, 'Santa María del Rosario'),
(1407, 20, 'Santa María del Tule'),
(1408, 20, 'Santa María Ecatepec'),
(1409, 20, 'Santa María Guelacé'),
(1410, 20, 'Santa María Guienagati'),
(1411, 20, 'Santa María Huatulco'),
(1412, 20, 'Santa María Huazolotitlán'),
(1413, 20, 'Santa María Ipalapa'),
(1414, 20, 'Santa María Ixcatlán'),
(1415, 20, 'Santa María Jacatepec'),
(1416, 20, 'Santa María Jalapa del Marqués'),
(1417, 20, 'Santa María Jaltianguis'),
(1418, 20, 'Santa María Lachixío'),
(1419, 20, 'Santa María Mixtequilla'),
(1420, 20, 'Santa María Nativitas'),
(1421, 20, 'Santa María Nduayaco'),
(1422, 20, 'Santa María Ozolotepec'),
(1423, 20, 'Santa María Pápalo'),
(1424, 20, 'Santa María Peñoles'),
(1425, 20, 'Santa María Petapa'),
(1426, 20, 'Santa María Quiegolani'),
(1427, 20, 'Santa María Sola'),
(1428, 20, 'Santa María Tataltepec'),
(1429, 20, 'Santa María Tecomavaca'),
(1430, 20, 'Santa María Temaxcalapa'),
(1431, 20, 'Santa María Temaxcaltepec'),
(1432, 20, 'Santa María Teopoxco'),
(1433, 20, 'Santa María Tepantlali'),
(1434, 20, 'Santa María Texcatitlán'),
(1435, 20, 'Santa María Tlahuitoltepec'),
(1436, 20, 'Santa María Tlalixtac'),
(1437, 20, 'Santa María Tonameca'),
(1438, 20, 'Santa María Totolapilla'),
(1439, 20, 'Santa María Xadani'),
(1440, 20, 'Santa María Yalina'),
(1441, 20, 'Santa María Yavesía'),
(1442, 20, 'Santa María Yolotepec'),
(1443, 20, 'Santa María Yosoyúa'),
(1444, 20, 'Santa María Yucuhiti'),
(1445, 20, 'Santa María Zacatepec'),
(1446, 20, 'Santa María Zaniza'),
(1447, 20, 'Santa María Zoquitlán'),
(1448, 20, 'Santiago Amoltepec'),
(1449, 20, 'Santiago Apoala'),
(1450, 20, 'Santiago Apóstol'),
(1451, 20, 'Santiago Astata'),
(1452, 20, 'Santiago Atitlán'),
(1453, 20, 'Santiago Ayuquililla'),
(1454, 20, 'Santiago Cacaloxtepec'),
(1455, 20, 'Santiago Camotlán'),
(1456, 20, 'Santiago Comaltepec'),
(1457, 20, 'Santiago Chazumba'),
(1458, 20, 'Santiago Choápam'),
(1459, 20, 'Santiago del Río'),
(1460, 20, 'Santiago Huajolotitlán'),
(1461, 20, 'Santiago Huauclilla'),
(1462, 20, 'Santiago Ihuitlán Plumas'),
(1463, 20, 'Santiago Ixcuintepec'),
(1464, 20, 'Santiago Ixtayutla'),
(1465, 20, 'Santiago Jamiltepec'),
(1466, 20, 'Santiago Jocotepec'),
(1467, 20, 'Santiago Juxtlahuaca'),
(1468, 20, 'Santiago Lachiguiri'),
(1469, 20, 'Santiago Lalopa'),
(1470, 20, 'Santiago Laollaga'),
(1471, 20, 'Santiago Laxopa'),
(1472, 20, 'Santiago Llano Grande'),
(1473, 20, 'Santiago Matatlán'),
(1474, 20, 'Santiago Miltepec'),
(1475, 20, 'Santiago Minas'),
(1476, 20, 'Santiago Nacaltepec'),
(1477, 20, 'Santiago Nejapilla'),
(1478, 20, 'Santiago Nundiche'),
(1479, 20, 'Santiago Nuyoó'),
(1480, 20, 'Santiago Pinotepa Nacional'),
(1481, 20, 'Santiago Suchilquitongo'),
(1482, 20, 'Santiago Tamazola'),
(1483, 20, 'Santiago Tapextla'),
(1484, 20, 'Villa Tejúpam de la Unión'),
(1485, 20, 'Santiago Tenango'),
(1486, 20, 'Santiago Tepetlapa'),
(1487, 20, 'Santiago Tetepec'),
(1488, 20, 'Santiago Texcalcingo'),
(1489, 20, 'Santiago Textitlán'),
(1490, 20, 'Santiago Tilantongo'),
(1491, 20, 'Santiago Tillo'),
(1492, 20, 'Santiago Tlazoyaltepec'),
(1493, 20, 'Santiago Xanica'),
(1494, 20, 'Santiago Xiacuí'),
(1495, 20, 'Santiago Yaitepec'),
(1496, 20, 'Santiago Yaveo'),
(1497, 20, 'Santiago Yolomécatl'),
(1498, 20, 'Santiago Yosondúa'),
(1499, 20, 'Santiago Yucuyachi'),
(1500, 20, 'Santiago Zacatepec'),
(1501, 20, 'Santiago Zoochila'),
(1502, 20, 'Nuevo Zoquiápam'),
(1503, 20, 'Santo Domingo Ingenio'),
(1504, 20, 'Santo Domingo Albarradas'),
(1505, 20, 'Santo Domingo Armenta'),
(1506, 20, 'Santo Domingo Chihuitán'),
(1507, 20, 'Santo Domingo de Morelos'),
(1508, 20, 'Santo Domingo Ixcatlán'),
(1509, 20, 'Santo Domingo Nuxaá'),
(1510, 20, 'Santo Domingo Ozolotepec'),
(1511, 20, 'Santo Domingo Petapa'),
(1512, 20, 'Santo Domingo Roayaga'),
(1513, 20, 'Santo Domingo Tehuantepec'),
(1514, 20, 'Santo Domingo Teojomulco'),
(1515, 20, 'Santo Domingo Tepuxtepec'),
(1516, 20, 'Santo Domingo Tlatayápam'),
(1517, 20, 'Santo Domingo Tomaltepec'),
(1518, 20, 'Santo Domingo Tonalá'),
(1519, 20, 'Santo Domingo Tonaltepec'),
(1520, 20, 'Santo Domingo Xagacía'),
(1521, 20, 'Santo Domingo Yanhuitlán'),
(1522, 20, 'Santo Domingo Yodohino'),
(1523, 20, 'Santo Domingo Zanatepec'),
(1524, 20, 'Santos Reyes Nopala'),
(1525, 20, 'Santos Reyes Pápalo'),
(1526, 20, 'Santos Reyes Tepejillo'),
(1527, 20, 'Santos Reyes Yucuná'),
(1528, 20, 'Santo Tomás Jalieza'),
(1529, 20, 'Santo Tomás Mazaltepec'),
(1530, 20, 'Santo Tomás Ocotepec'),
(1531, 20, 'Santo Tomás Tamazulapan'),
(1532, 20, 'San Vicente Coatlán'),
(1533, 20, 'San Vicente Lachixío'),
(1534, 20, 'San Vicente Nuñú'),
(1535, 20, 'Silacayoápam'),
(1536, 20, 'Sitio de Xitlapehua'),
(1537, 20, 'Soledad Etla'),
(1538, 20, 'Villa de Tamazulápam del Progreso'),
(1539, 20, 'Tanetze de Zaragoza'),
(1540, 20, 'Taniche'),
(1541, 20, 'Tataltepec de Valdés'),
(1542, 20, 'Teococuilco de Marcos Pérez'),
(1543, 20, 'Teotitlán de Flores Magón'),
(1544, 20, 'Teotitlán del Valle'),
(1545, 20, 'Teotongo'),
(1546, 20, 'Tepelmeme Villa de Morelos'),
(1547, 20, 'Tezoatlán de Segura y Luna'),
(1548, 20, 'San Jerónimo Tlacochahuaya'),
(1549, 20, 'Tlacolula de Matamoros'),
(1550, 20, 'Tlacotepec Plumas'),
(1551, 20, 'Tlalixtac de Cabrera'),
(1552, 20, 'Totontepec Villa de Morelos'),
(1553, 20, 'Trinidad Zaachila'),
(1554, 20, 'La Trinidad Vista Hermosa'),
(1555, 20, 'Unión Hidalgo'),
(1556, 20, 'Valerio Trujano'),
(1557, 20, 'San Juan Bautista Valle Nacional'),
(1558, 20, 'Villa Díaz Ordaz'),
(1559, 20, 'Yaxe'),
(1560, 20, 'Magdalena Yodocono de Porfirio Díaz'),
(1561, 20, 'Yogana'),
(1562, 20, 'Yutanduchi de Guerrero'),
(1563, 20, 'Villa de Zaachila'),
(1564, 20, 'Zapotitlán del Río'),
(1565, 20, 'Zapotitlán Lagunas'),
(1566, 20, 'Zapotitlán Palmas'),
(1567, 20, 'Santa Inés de Zaragoza'),
(1568, 20, 'Zimatlán de Álvarez'),
(1569, 21, 'Acajete'),
(1570, 21, 'Acateno'),
(1571, 21, 'Acatlán'),
(1572, 21, 'Acatzingo'),
(1573, 21, 'Acteopan'),
(1574, 21, 'Ahuacatlán'),
(1575, 21, 'Ahuatlán'),
(1576, 21, 'Ahuazotepec'),
(1577, 21, 'Ahuehuetitla'),
(1578, 21, 'Ajalpan'),
(1579, 21, 'Albino Zertuche'),
(1580, 21, 'Aljojuca'),
(1581, 21, 'Altepexi'),
(1582, 21, 'Amixtlán'),
(1583, 21, 'Amozoc'),
(1584, 21, 'Aquixtla'),
(1585, 21, 'Atempan'),
(1586, 21, 'Atexcal'),
(1587, 21, 'Atlixco'),
(1588, 21, 'Atoyatempan'),
(1589, 21, 'Atzala'),
(1590, 21, 'Atzitzihuacán'),
(1591, 21, 'Atzitzintla'),
(1592, 21, 'Axutla'),
(1593, 21, 'Ayotoxco de Guerrero'),
(1594, 21, 'Calpan'),
(1595, 21, 'Caltepec'),
(1596, 21, 'Camocuautla'),
(1597, 21, 'Caxhuacan'),
(1598, 21, 'Coatepec'),
(1599, 21, 'Coatzingo'),
(1600, 21, 'Cohetzala'),
(1601, 21, 'Cohuecan'),
(1602, 21, 'Coronango'),
(1603, 21, 'Coxcatlán'),
(1604, 21, 'Coyomeapan'),
(1605, 21, 'Coyotepec'),
(1606, 21, 'Cuapiaxtla de Madero'),
(1607, 21, 'Cuautempan'),
(1608, 21, 'Cuautinchán'),
(1609, 21, 'Cuautlancingo'),
(1610, 21, 'Cuayuca de Andrade'),
(1611, 21, 'Cuetzalan del Progreso'),
(1612, 21, 'Cuyoaco'),
(1613, 21, 'Chalchicomula de Sesma'),
(1614, 21, 'Chapulco'),
(1615, 21, 'Chiautla'),
(1616, 21, 'Chiautzingo'),
(1617, 21, 'Chiconcuautla'),
(1618, 21, 'Chichiquila'),
(1619, 21, 'Chietla'),
(1620, 21, 'Chigmecatitlán'),
(1621, 21, 'Chignahuapan'),
(1622, 21, 'Chignautla'),
(1623, 21, 'Chila'),
(1624, 21, 'Chila de la Sal'),
(1625, 21, 'Honey'),
(1626, 21, 'Chilchotla'),
(1627, 21, 'Chinantla'),
(1628, 21, 'Domingo Arenas'),
(1629, 21, 'Eloxochitlán'),
(1630, 21, 'Epatlán'),
(1631, 21, 'Esperanza'),
(1632, 21, 'Francisco Z. Mena'),
(1633, 21, 'General Felipe Ángeles'),
(1634, 21, 'Guadalupe'),
(1635, 21, 'Guadalupe Victoria'),
(1636, 21, 'Hermenegildo Galeana'),
(1637, 21, 'Huaquechula'),
(1638, 21, 'Huatlatlauca'),
(1639, 21, 'Huauchinango'),
(1640, 21, 'Huehuetla'),
(1641, 21, 'Huehuetlán el Chico'),
(1642, 21, 'Huejotzingo'),
(1643, 21, 'Hueyapan'),
(1644, 21, 'Hueytamalco'),
(1645, 21, 'Hueytlalpan'),
(1646, 21, 'Huitzilan de Serdán'),
(1647, 21, 'Huitziltepec'),
(1648, 21, 'Atlequizayan'),
(1649, 21, 'Ixcamilpa de Guerrero'),
(1650, 21, 'Ixcaquixtla'),
(1651, 21, 'Ixtacamaxtitlán'),
(1652, 21, 'Ixtepec'),
(1653, 21, 'Izúcar de Matamoros'),
(1654, 21, 'Jalpan'),
(1655, 21, 'Jolalpan'),
(1656, 21, 'Jonotla'),
(1657, 21, 'Jopala'),
(1658, 21, 'Juan C. Bonilla'),
(1659, 21, 'Juan Galindo'),
(1660, 21, 'Juan N. Méndez'),
(1661, 21, 'Lafragua'),
(1662, 21, 'Libres'),
(1663, 21, 'La Magdalena Tlatlauquitepec'),
(1664, 21, 'Mazapiltepec de Juárez'),
(1665, 21, 'Mixtla'),
(1666, 21, 'Molcaxac'),
(1667, 21, 'Cañada Morelos'),
(1668, 21, 'Naupan'),
(1669, 21, 'Nauzontla'),
(1670, 21, 'Nealtican'),
(1671, 21, 'Nicolás Bravo'),
(1672, 21, 'Nopalucan'),
(1673, 21, 'Ocotepec'),
(1674, 21, 'Ocoyucan'),
(1675, 21, 'Olintla'),
(1676, 21, 'Oriental'),
(1677, 21, 'Pahuatlán'),
(1678, 21, 'Palmar de Bravo'),
(1679, 21, 'Pantepec'),
(1680, 21, 'Petlalcingo'),
(1681, 21, 'Piaxtla'),
(1682, 21, 'Puebla'),
(1683, 21, 'Quecholac'),
(1684, 21, 'Quimixtlán'),
(1685, 21, 'Rafael Lara Grajales'),
(1686, 21, 'Los Reyes de Juárez'),
(1687, 21, 'San Andrés Cholula'),
(1688, 21, 'San Antonio Cañada'),
(1689, 21, 'San Diego la Mesa Tochimiltzingo'),
(1690, 21, 'San Felipe Teotlalcingo'),
(1691, 21, 'San Felipe Tepatlán'),
(1692, 21, 'San Gabriel Chilac'),
(1693, 21, 'San Gregorio Atzompa'),
(1694, 21, 'San Jerónimo Tecuanipan'),
(1695, 21, 'San Jerónimo Xayacatlán'),
(1696, 21, 'San José Chiapa'),
(1697, 21, 'San José Miahuatlán'),
(1698, 21, 'San Juan Atenco'),
(1699, 21, 'San Juan Atzompa'),
(1700, 21, 'San Martín Texmelucan'),
(1701, 21, 'San Martín Totoltepec'),
(1702, 21, 'San Matías Tlalancaleca'),
(1703, 21, 'San Miguel Ixitlán'),
(1704, 21, 'San Miguel Xoxtla'),
(1705, 21, 'San Nicolás Buenos Aires'),
(1706, 21, 'San Nicolás de los Ranchos'),
(1707, 21, 'San Pablo Anicano'),
(1708, 21, 'San Pedro Cholula'),
(1709, 21, 'San Pedro Yeloixtlahuaca'),
(1710, 21, 'San Salvador el Seco'),
(1711, 21, 'San Salvador el Verde'),
(1712, 21, 'San Salvador Huixcolotla'),
(1713, 21, 'San Sebastián Tlacotepec'),
(1714, 21, 'Santa Catarina Tlaltempan'),
(1715, 21, 'Santa Inés Ahuatempan'),
(1716, 21, 'Santa Isabel Cholula'),
(1717, 21, 'Santiago Miahuatlán'),
(1718, 21, 'Huehuetlán el Grande'),
(1719, 21, 'Santo Tomás Hueyotlipan'),
(1720, 21, 'Soltepec'),
(1721, 21, 'Tecali de Herrera'),
(1722, 21, 'Tecamachalco'),
(1723, 21, 'Tecomatlán'),
(1724, 21, 'Tehuacán'),
(1725, 21, 'Tehuitzingo'),
(1726, 21, 'Tenampulco'),
(1727, 21, 'Teopantlán'),
(1728, 21, 'Teotlalco'),
(1729, 21, 'Tepanco de López'),
(1730, 21, 'Tepango de Rodríguez'),
(1731, 21, 'Tepatlaxco de Hidalgo'),
(1732, 21, 'Tepeaca'),
(1733, 21, 'Tepemaxalco'),
(1734, 21, 'Tepeojuma'),
(1735, 21, 'Tepetzintla'),
(1736, 21, 'Tepexco'),
(1737, 21, 'Tepexi de Rodríguez'),
(1738, 21, 'Tepeyahualco'),
(1739, 21, 'Tepeyahualco de Cuauhtémoc'),
(1740, 21, 'Tetela de Ocampo'),
(1741, 21, 'Teteles de Avila Castillo'),
(1742, 21, 'Teziutlán'),
(1743, 21, 'Tianguismanalco'),
(1744, 21, 'Tilapa'),
(1745, 21, 'Tlacotepec de Benito Juárez'),
(1746, 21, 'Tlacuilotepec'),
(1747, 21, 'Tlachichuca'),
(1748, 21, 'Tlahuapan'),
(1749, 21, 'Tlaltenango'),
(1750, 21, 'Tlanepantla'),
(1751, 21, 'Tlaola'),
(1752, 21, 'Tlapacoya'),
(1753, 21, 'Tlapanalá'),
(1754, 21, 'Tlatlauquitepec'),
(1755, 21, 'Tlaxco'),
(1756, 21, 'Tochimilco'),
(1757, 21, 'Tochtepec'),
(1758, 21, 'Totoltepec de Guerrero'),
(1759, 21, 'Tulcingo'),
(1760, 21, 'Tuzamapan de Galeana'),
(1761, 21, 'Tzicatlacoyan'),
(1762, 21, 'Venustiano Carranza'),
(1763, 21, 'Vicente Guerrero'),
(1764, 21, 'Xayacatlán de Bravo'),
(1765, 21, 'Xicotepec'),
(1766, 21, 'Xicotlán'),
(1767, 21, 'Xiutetelco'),
(1768, 21, 'Xochiapulco'),
(1769, 21, 'Xochiltepec'),
(1770, 21, 'Xochitlán de Vicente Suárez'),
(1771, 21, 'Xochitlán Todos Santos'),
(1772, 21, 'Yaonáhuac'),
(1773, 21, 'Yehualtepec'),
(1774, 21, 'Zacapala'),
(1775, 21, 'Zacapoaxtla'),
(1776, 21, 'Zacatlán'),
(1777, 21, 'Zapotitlán'),
(1778, 21, 'Zapotitlán de Méndez'),
(1779, 21, 'Zaragoza'),
(1780, 21, 'Zautla'),
(1781, 21, 'Zihuateutla'),
(1782, 21, 'Zinacatepec'),
(1783, 21, 'Zongozotla'),
(1784, 21, 'Zoquiapan'),
(1785, 21, 'Zoquitlán');
INSERT INTO `catmunicipios` (`id`, `idEstado`, `nombreMunicipio`) VALUES
(1786, 22, 'Amealco de Bonfil'),
(1787, 22, 'Pinal de Amoles'),
(1788, 22, 'Arroyo Seco'),
(1789, 22, 'Cadereyta de Montes'),
(1790, 22, 'Colón'),
(1791, 22, 'Corregidora'),
(1792, 22, 'Ezequiel Montes'),
(1793, 22, 'Huimilpan'),
(1794, 22, 'Jalpan de Serra'),
(1795, 22, 'Landa de Matamoros'),
(1796, 22, 'El Marqués'),
(1797, 22, 'Pedro Escobedo'),
(1798, 22, 'Peñamiller'),
(1799, 22, 'Querétaro'),
(1800, 22, 'San Joaquín'),
(1801, 22, 'San Juan del Río'),
(1802, 22, 'Tequisquiapan'),
(1803, 22, 'Tolimán'),
(1804, 23, 'Cozumel'),
(1805, 23, 'Felipe Carrillo Puerto'),
(1806, 23, 'Isla Mujeres'),
(1807, 23, 'Othón P. Blanco'),
(1808, 23, 'Benito Juárez'),
(1809, 23, 'José María Morelos'),
(1810, 23, 'Lázaro Cárdenas'),
(1811, 23, 'Solidaridad'),
(1812, 23, 'Tulum'),
(1813, 24, 'Ahualulco'),
(1814, 24, 'Alaquines'),
(1815, 24, 'Aquismón'),
(1816, 24, 'Armadillo de los Infante'),
(1817, 24, 'Cárdenas'),
(1818, 24, 'Catorce'),
(1819, 24, 'Cedral'),
(1820, 24, 'Cerritos'),
(1821, 24, 'Cerro de San Pedro'),
(1822, 24, 'Ciudad del Maíz'),
(1823, 24, 'Ciudad Fernández'),
(1824, 24, 'Tancanhuitz'),
(1825, 24, 'Ciudad Valles'),
(1826, 24, 'Coxcatlán'),
(1827, 24, 'Charcas'),
(1828, 24, 'Ebano'),
(1829, 24, 'Guadalcázar'),
(1830, 24, 'Huehuetlán'),
(1831, 24, 'Lagunillas'),
(1832, 24, 'Matehuala'),
(1833, 24, 'Mexquitic de Carmona'),
(1834, 24, 'Moctezuma'),
(1835, 24, 'Rayón'),
(1836, 24, 'Rioverde'),
(1837, 24, 'Salinas'),
(1838, 24, 'San Antonio'),
(1839, 24, 'San Ciro de Acosta'),
(1840, 24, 'San Luis Potosí'),
(1841, 24, 'San Martín Chalchicuautla'),
(1842, 24, 'San Nicolás Tolentino'),
(1843, 24, 'Santa Catarina'),
(1844, 24, 'Santa María del Río'),
(1845, 24, 'Santo Domingo'),
(1846, 24, 'San Vicente Tancuayalab'),
(1847, 24, 'Soledad de Graciano Sánchez'),
(1848, 24, 'Tamasopo'),
(1849, 24, 'Tamazunchale'),
(1850, 24, 'Tampacán'),
(1851, 24, 'Tampamolón Corona'),
(1852, 24, 'Tamuín'),
(1853, 24, 'Tanlajás'),
(1854, 24, 'Tanquián de Escobedo'),
(1855, 24, 'Tierra Nueva'),
(1856, 24, 'Vanegas'),
(1857, 24, 'Venado'),
(1858, 24, 'Villa de Arriaga'),
(1859, 24, 'Villa de Guadalupe'),
(1860, 24, 'Villa de la Paz'),
(1861, 24, 'Villa de Ramos'),
(1862, 24, 'Villa de Reyes'),
(1863, 24, 'Villa Hidalgo'),
(1864, 24, 'Villa Juárez'),
(1865, 24, 'Axtla de Terrazas'),
(1866, 24, 'Xilitla'),
(1867, 24, 'Zaragoza'),
(1868, 24, 'Villa de Arista'),
(1869, 24, 'Matlapa'),
(1870, 24, 'El Naranjo'),
(1871, 25, 'Ahome'),
(1872, 25, 'Angostura'),
(1873, 25, 'Badiraguato'),
(1874, 25, 'Concordia'),
(1875, 25, 'Cosalá'),
(1876, 25, 'Culiacán'),
(1877, 25, 'Choix'),
(1878, 25, 'Elota'),
(1879, 25, 'Escuinapa'),
(1880, 25, 'El Fuerte'),
(1881, 25, 'Guasave'),
(1882, 25, 'Mazatlán'),
(1883, 25, 'Mocorito'),
(1884, 25, 'Rosario'),
(1885, 25, 'Salvador Alvarado'),
(1886, 25, 'San Ignacio'),
(1887, 25, 'Sinaloa'),
(1888, 25, 'Navolato'),
(1889, 26, 'Aconchi'),
(1890, 26, 'Agua Prieta'),
(1891, 26, 'Alamos'),
(1892, 26, 'Altar'),
(1893, 26, 'Arivechi'),
(1894, 26, 'Arizpe'),
(1895, 26, 'Atil'),
(1896, 26, 'Bacadéhuachi'),
(1897, 26, 'Bacanora'),
(1898, 26, 'Bacerac'),
(1899, 26, 'Bacoachi'),
(1900, 26, 'Bácum'),
(1901, 26, 'Banámichi'),
(1902, 26, 'Baviácora'),
(1903, 26, 'Bavispe'),
(1904, 26, 'Benjamín Hill'),
(1905, 26, 'Caborca'),
(1906, 26, 'Cajeme'),
(1907, 26, 'Cananea'),
(1908, 26, 'Carbó'),
(1909, 26, 'La Colorada'),
(1910, 26, 'Cucurpe'),
(1911, 26, 'Cumpas'),
(1912, 26, 'Divisaderos'),
(1913, 26, 'Empalme'),
(1914, 26, 'Etchojoa'),
(1915, 26, 'Fronteras'),
(1916, 26, 'Granados'),
(1917, 26, 'Guaymas'),
(1918, 26, 'Hermosillo'),
(1919, 26, 'Huachinera'),
(1920, 26, 'Huásabas'),
(1921, 26, 'Huatabampo'),
(1922, 26, 'Huépac'),
(1923, 26, 'Imuris'),
(1924, 26, 'Magdalena'),
(1925, 26, 'Mazatán'),
(1926, 26, 'Moctezuma'),
(1927, 26, 'Naco'),
(1928, 26, 'Nácori Chico'),
(1929, 26, 'Nacozari de García'),
(1930, 26, 'Navojoa'),
(1931, 26, 'Nogales'),
(1932, 26, 'Onavas'),
(1933, 26, 'Opodepe'),
(1934, 26, 'Oquitoa'),
(1935, 26, 'Pitiquito'),
(1936, 26, 'Puerto Peñasco'),
(1937, 26, 'Quiriego'),
(1938, 26, 'Rayón'),
(1939, 26, 'Rosario'),
(1940, 26, 'Sahuaripa'),
(1941, 26, 'San Felipe de Jesús'),
(1942, 26, 'San Javier'),
(1943, 26, 'San Luis Río Colorado'),
(1944, 26, 'San Miguel de Horcasitas'),
(1945, 26, 'San Pedro de la Cueva'),
(1946, 26, 'Santa Ana'),
(1947, 26, 'Santa Cruz'),
(1948, 26, 'Sáric'),
(1949, 26, 'Soyopa'),
(1950, 26, 'Suaqui Grande'),
(1951, 26, 'Tepache'),
(1952, 26, 'Trincheras'),
(1953, 26, 'Tubutama'),
(1954, 26, 'Ures'),
(1955, 26, 'Villa Hidalgo'),
(1956, 26, 'Villa Pesqueira'),
(1957, 26, 'Yécora'),
(1958, 26, 'General Plutarco Elías Calles'),
(1959, 26, 'Benito Juárez'),
(1960, 26, 'San Ignacio Río Muerto'),
(1961, 27, 'Balancán'),
(1962, 27, 'Cárdenas'),
(1963, 27, 'Centla'),
(1964, 27, 'Centro'),
(1965, 27, 'Comalcalco'),
(1966, 27, 'Cunduacán'),
(1967, 27, 'Emiliano Zapata'),
(1968, 27, 'Huimanguillo'),
(1969, 27, 'Jalapa'),
(1970, 27, 'Jalpa de Méndez'),
(1971, 27, 'Jonuta'),
(1972, 27, 'Macuspana'),
(1973, 27, 'Nacajuca'),
(1974, 27, 'Paraíso'),
(1975, 27, 'Tacotalpa'),
(1976, 27, 'Teapa'),
(1977, 27, 'Tenosique'),
(1978, 28, 'Abasolo'),
(1979, 28, 'Aldama'),
(1980, 28, 'Altamira'),
(1981, 28, 'Antiguo Morelos'),
(1982, 28, 'Burgos'),
(1983, 28, 'Bustamante'),
(1984, 28, 'Camargo'),
(1985, 28, 'Casas'),
(1986, 28, 'Ciudad Madero'),
(1987, 28, 'Cruillas'),
(1988, 28, 'Gómez Farías'),
(1989, 28, 'González'),
(1990, 28, 'Güémez'),
(1991, 28, 'Guerrero'),
(1992, 28, 'Gustavo Díaz Ordaz'),
(1993, 28, 'Hidalgo'),
(1994, 28, 'Jaumave'),
(1995, 28, 'Jiménez'),
(1996, 28, 'Llera'),
(1997, 28, 'Mainero'),
(1998, 28, 'El Mante'),
(1999, 28, 'Matamoros'),
(2000, 28, 'Méndez'),
(2001, 28, 'Mier'),
(2002, 28, 'Miguel Alemán'),
(2003, 28, 'Miquihuana'),
(2004, 28, 'Nuevo Laredo'),
(2005, 28, 'Nuevo Morelos'),
(2006, 28, 'Ocampo'),
(2007, 28, 'Padilla'),
(2008, 28, 'Palmillas'),
(2009, 28, 'Reynosa'),
(2010, 28, 'Río Bravo'),
(2011, 28, 'San Carlos'),
(2012, 28, 'San Fernando'),
(2013, 28, 'San Nicolás'),
(2014, 28, 'Soto la Marina'),
(2015, 28, 'Tampico'),
(2016, 28, 'Tula'),
(2017, 28, 'Valle Hermoso'),
(2018, 28, 'Victoria'),
(2019, 28, 'Villagrán'),
(2020, 28, 'Xicoténcatl'),
(2021, 29, 'Amaxac de Guerrero'),
(2022, 29, 'Apetatitlán de Antonio Carvajal'),
(2023, 29, 'Atlangatepec'),
(2024, 29, 'Atltzayanca'),
(2025, 29, 'Apizaco'),
(2026, 29, 'Calpulalpan'),
(2027, 29, 'El Carmen Tequexquitla'),
(2028, 29, 'Cuapiaxtla'),
(2029, 29, 'Cuaxomulco'),
(2030, 29, 'Chiautempan'),
(2031, 29, 'Muñoz de Domingo Arenas'),
(2032, 29, 'Españita'),
(2033, 29, 'Huamantla'),
(2034, 29, 'Hueyotlipan'),
(2035, 29, 'Ixtacuixtla de Mariano Matamoros'),
(2036, 29, 'Ixtenco'),
(2037, 29, 'Mazatecochco de José María Morelos'),
(2038, 29, 'Contla de Juan Cuamatzi'),
(2039, 29, 'Tepetitla de Lardizábal'),
(2040, 29, 'Sanctórum de Lázaro Cárdenas'),
(2041, 29, 'Nanacamilpa de Mariano Arista'),
(2042, 29, 'Acuamanala de Miguel Hidalgo'),
(2043, 29, 'Natívitas'),
(2044, 29, 'Panotla'),
(2045, 29, 'San Pablo del Monte'),
(2046, 29, 'Santa Cruz Tlaxcala'),
(2047, 29, 'Tenancingo'),
(2048, 29, 'Teolocholco'),
(2049, 29, 'Tepeyanco'),
(2050, 29, 'Terrenate'),
(2051, 29, 'Tetla de la Solidaridad'),
(2052, 29, 'Tetlatlahuca'),
(2053, 29, 'Tlaxcala'),
(2054, 29, 'Tlaxco'),
(2055, 29, 'Tocatlán'),
(2056, 29, 'Totolac'),
(2057, 29, 'Ziltlaltépec de Trinidad Sánchez Santos'),
(2058, 29, 'Tzompantepec'),
(2059, 29, 'Xaloztoc'),
(2060, 29, 'Xaltocan'),
(2061, 29, 'Papalotla de Xicohténcatl'),
(2062, 29, 'Xicohtzinco'),
(2063, 29, 'Yauhquemehcan'),
(2064, 29, 'Zacatelco'),
(2065, 29, 'Benito Juárez'),
(2066, 29, 'Emiliano Zapata'),
(2067, 29, 'Lázaro Cárdenas'),
(2068, 29, 'La Magdalena Tlaltelulco'),
(2069, 29, 'San Damián Texóloc'),
(2070, 29, 'San Francisco Tetlanohcan'),
(2071, 29, 'San Jerónimo Zacualpan'),
(2072, 29, 'San José Teacalco'),
(2073, 29, 'San Juan Huactzinco'),
(2074, 29, 'San Lorenzo Axocomanitla'),
(2075, 29, 'San Lucas Tecopilco'),
(2076, 29, 'Santa Ana Nopalucan'),
(2077, 29, 'Santa Apolonia Teacalco'),
(2078, 29, 'Santa Catarina Ayometla'),
(2079, 29, 'Santa Cruz Quilehtla'),
(2080, 29, 'Santa Isabel Xiloxoxtla'),
(2081, 30, 'Acajete'),
(2082, 30, 'Acatlán'),
(2083, 30, 'Acayucan'),
(2084, 30, 'Actopan'),
(2085, 30, 'Acula'),
(2086, 30, 'Acultzingo'),
(2087, 30, 'Camarón de Tejeda'),
(2088, 30, 'Alpatláhuac'),
(2089, 30, 'Alto Lucero de Gutiérrez Barrios'),
(2090, 30, 'Altotonga'),
(2091, 30, 'Alvarado'),
(2092, 30, 'Amatitlán'),
(2093, 30, 'Naranjos Amatlán'),
(2094, 30, 'Amatlán de los Reyes'),
(2095, 30, 'Angel R. Cabada'),
(2096, 30, 'La Antigua'),
(2097, 30, 'Apazapan'),
(2098, 30, 'Aquila'),
(2099, 30, 'Astacinga'),
(2100, 30, 'Atlahuilco'),
(2101, 30, 'Atoyac'),
(2102, 30, 'Atzacan'),
(2103, 30, 'Atzalan'),
(2104, 30, 'Tlaltetela'),
(2105, 30, 'Ayahualulco'),
(2106, 30, 'Banderilla'),
(2107, 30, 'Benito Juárez'),
(2108, 30, 'Boca del Río'),
(2109, 30, 'Calcahualco'),
(2110, 30, 'Camerino Z. Mendoza'),
(2111, 30, 'Carrillo Puerto'),
(2112, 30, 'Catemaco'),
(2113, 30, 'Cazones de Herrera'),
(2114, 30, 'Cerro Azul'),
(2115, 30, 'Citlaltépetl'),
(2116, 30, 'Coacoatzintla'),
(2117, 30, 'Coahuitlán'),
(2118, 30, 'Coatepec'),
(2119, 30, 'Coatzacoalcos'),
(2120, 30, 'Coatzintla'),
(2121, 30, 'Coetzala'),
(2122, 30, 'Colipa'),
(2123, 30, 'Comapa'),
(2124, 30, 'Córdoba'),
(2125, 30, 'Cosamaloapan de Carpio'),
(2126, 30, 'Cosautlán de Carvajal'),
(2127, 30, 'Coscomatepec'),
(2128, 30, 'Cosoleacaque'),
(2129, 30, 'Cotaxtla'),
(2130, 30, 'Coxquihui'),
(2131, 30, 'Coyutla'),
(2132, 30, 'Cuichapa'),
(2133, 30, 'Cuitláhuac'),
(2134, 30, 'Chacaltianguis'),
(2135, 30, 'Chalma'),
(2136, 30, 'Chiconamel'),
(2137, 30, 'Chiconquiaco'),
(2138, 30, 'Chicontepec'),
(2139, 30, 'Chinameca'),
(2140, 30, 'Chinampa de Gorostiza'),
(2141, 30, 'Las Choapas'),
(2142, 30, 'Chocamán'),
(2143, 30, 'Chontla'),
(2144, 30, 'Chumatlán'),
(2145, 30, 'Emiliano Zapata'),
(2146, 30, 'Espinal'),
(2147, 30, 'Filomeno Mata'),
(2148, 30, 'Fortín'),
(2149, 30, 'Gutiérrez Zamora'),
(2150, 30, 'Hidalgotitlán'),
(2151, 30, 'Huatusco'),
(2152, 30, 'Huayacocotla'),
(2153, 30, 'Hueyapan de Ocampo'),
(2154, 30, 'Huiloapan de Cuauhtémoc'),
(2155, 30, 'Ignacio de la Llave'),
(2156, 30, 'Ilamatlán'),
(2157, 30, 'Isla'),
(2158, 30, 'Ixcatepec'),
(2159, 30, 'Ixhuacán de los Reyes'),
(2160, 30, 'Ixhuatlán del Café'),
(2161, 30, 'Ixhuatlancillo'),
(2162, 30, 'Ixhuatlán del Sureste'),
(2163, 30, 'Ixhuatlán de Madero'),
(2164, 30, 'Ixmatlahuacan'),
(2165, 30, 'Ixtaczoquitlán'),
(2166, 30, 'Jalacingo'),
(2167, 30, 'Xalapa'),
(2168, 30, 'Jalcomulco'),
(2169, 30, 'Jáltipan'),
(2170, 30, 'Jamapa'),
(2171, 30, 'Jesús Carranza'),
(2172, 30, 'Xico'),
(2173, 30, 'Jilotepec'),
(2174, 30, 'Juan Rodríguez Clara'),
(2175, 30, 'Juchique de Ferrer'),
(2176, 30, 'Landero y Coss'),
(2177, 30, 'Lerdo de Tejada'),
(2178, 30, 'Magdalena'),
(2179, 30, 'Maltrata'),
(2180, 30, 'Manlio Fabio Altamirano'),
(2181, 30, 'Mariano Escobedo'),
(2182, 30, 'Martínez de la Torre'),
(2183, 30, 'Mecatlán'),
(2184, 30, 'Mecayapan'),
(2185, 30, 'Medellín'),
(2186, 30, 'Miahuatlán'),
(2187, 30, 'Las Minas'),
(2188, 30, 'Minatitlán'),
(2189, 30, 'Misantla'),
(2190, 30, 'Mixtla de Altamirano'),
(2191, 30, 'Moloacán'),
(2192, 30, 'Naolinco'),
(2193, 30, 'Naranjal'),
(2194, 30, 'Nautla'),
(2195, 30, 'Nogales'),
(2196, 30, 'Oluta'),
(2197, 30, 'Omealca'),
(2198, 30, 'Orizaba'),
(2199, 30, 'Otatitlán'),
(2200, 30, 'Oteapan'),
(2201, 30, 'Ozuluama de Mascareñas'),
(2202, 30, 'Pajapan'),
(2203, 30, 'Pánuco'),
(2204, 30, 'Papantla'),
(2205, 30, 'Paso del Macho'),
(2206, 30, 'Paso de Ovejas'),
(2207, 30, 'La Perla'),
(2208, 30, 'Perote'),
(2209, 30, 'Platón Sánchez'),
(2210, 30, 'Playa Vicente'),
(2211, 30, 'Poza Rica de Hidalgo'),
(2212, 30, 'Las Vigas de Ramírez'),
(2213, 30, 'Pueblo Viejo'),
(2214, 30, 'Puente Nacional'),
(2215, 30, 'Rafael Delgado'),
(2216, 30, 'Rafael Lucio'),
(2217, 30, 'Los Reyes'),
(2218, 30, 'Río Blanco'),
(2219, 30, 'Saltabarranca'),
(2220, 30, 'San Andrés Tenejapan'),
(2221, 30, 'San Andrés Tuxtla'),
(2222, 30, 'San Juan Evangelista'),
(2223, 30, 'Santiago Tuxtla'),
(2224, 30, 'Sayula de Alemán'),
(2225, 30, 'Soconusco'),
(2226, 30, 'Sochiapa'),
(2227, 30, 'Soledad Atzompa'),
(2228, 30, 'Soledad de Doblado'),
(2229, 30, 'Soteapan'),
(2230, 30, 'Tamalín'),
(2231, 30, 'Tamiahua'),
(2232, 30, 'Tampico Alto'),
(2233, 30, 'Tancoco'),
(2234, 30, 'Tantima'),
(2235, 30, 'Tantoyuca'),
(2236, 30, 'Tatatila'),
(2237, 30, 'Castillo de Teayo'),
(2238, 30, 'Tecolutla'),
(2239, 30, 'Tehuipango'),
(2240, 30, 'Álamo Temapache'),
(2241, 30, 'Tempoal'),
(2242, 30, 'Tenampa'),
(2243, 30, 'Tenochtitlán'),
(2244, 30, 'Teocelo'),
(2245, 30, 'Tepatlaxco'),
(2246, 30, 'Tepetlán'),
(2247, 30, 'Tepetzintla'),
(2248, 30, 'Tequila'),
(2249, 30, 'José Azueta'),
(2250, 30, 'Texcatepec'),
(2251, 30, 'Texhuacán'),
(2252, 30, 'Texistepec'),
(2253, 30, 'Tezonapa'),
(2254, 30, 'Tierra Blanca'),
(2255, 30, 'Tihuatlán'),
(2256, 30, 'Tlacojalpan'),
(2257, 30, 'Tlacolulan'),
(2258, 30, 'Tlacotalpan'),
(2259, 30, 'Tlacotepec de Mejía'),
(2260, 30, 'Tlachichilco'),
(2261, 30, 'Tlalixcoyan'),
(2262, 30, 'Tlalnelhuayocan'),
(2263, 30, 'Tlapacoyan'),
(2264, 30, 'Tlaquilpa'),
(2265, 30, 'Tlilapan'),
(2266, 30, 'Tomatlán'),
(2267, 30, 'Tonayán'),
(2268, 30, 'Totutla'),
(2269, 30, 'Tuxpan'),
(2270, 30, 'Tuxtilla'),
(2271, 30, 'Ursulo Galván'),
(2272, 30, 'Vega de Alatorre'),
(2273, 30, 'Veracruz'),
(2274, 30, 'Villa Aldama'),
(2275, 30, 'Xoxocotla'),
(2276, 30, 'Yanga'),
(2277, 30, 'Yecuatla'),
(2278, 30, 'Zacualpan'),
(2279, 30, 'Zaragoza'),
(2280, 30, 'Zentla'),
(2281, 30, 'Zongolica'),
(2282, 30, 'Zontecomatlán de López y Fuentes'),
(2283, 30, 'Zozocolco de Hidalgo'),
(2284, 30, 'Agua Dulce'),
(2285, 30, 'El Higo'),
(2286, 30, 'Nanchital de Lázaro Cárdenas del Río'),
(2287, 30, 'Tres Valles'),
(2288, 30, 'Carlos A. Carrillo'),
(2289, 30, 'Tatahuicapan de Juárez'),
(2290, 30, 'Uxpanapa'),
(2291, 30, 'San Rafael'),
(2292, 30, 'Santiago Sochiapan'),
(2293, 31, 'Abalá'),
(2294, 31, 'Acanceh'),
(2295, 31, 'Akil'),
(2296, 31, 'Baca'),
(2297, 31, 'Bokobá'),
(2298, 31, 'Buctzotz'),
(2299, 31, 'Cacalchén'),
(2300, 31, 'Calotmul'),
(2301, 31, 'Cansahcab'),
(2302, 31, 'Cantamayec'),
(2303, 31, 'Celestún'),
(2304, 31, 'Cenotillo'),
(2305, 31, 'Conkal'),
(2306, 31, 'Cuncunul'),
(2307, 31, 'Cuzamá'),
(2308, 31, 'Chacsinkín'),
(2309, 31, 'Chankom'),
(2310, 31, 'Chapab'),
(2311, 31, 'Chemax'),
(2312, 31, 'Chicxulub Pueblo'),
(2313, 31, 'Chichimilá'),
(2314, 31, 'Chikindzonot'),
(2315, 31, 'Chocholá'),
(2316, 31, 'Chumayel'),
(2317, 31, 'Dzán'),
(2318, 31, 'Dzemul'),
(2319, 31, 'Dzidzantún'),
(2320, 31, 'Dzilam de Bravo'),
(2321, 31, 'Dzilam González'),
(2322, 31, 'Dzitás'),
(2323, 31, 'Dzoncauich'),
(2324, 31, 'Espita'),
(2325, 31, 'Halachó'),
(2326, 31, 'Hocabá'),
(2327, 31, 'Hoctún'),
(2328, 31, 'Homún'),
(2329, 31, 'Huhí'),
(2330, 31, 'Hunucmá'),
(2331, 31, 'Ixil'),
(2332, 31, 'Izamal'),
(2333, 31, 'Kanasín'),
(2334, 31, 'Kantunil'),
(2335, 31, 'Kaua'),
(2336, 31, 'Kinchil'),
(2337, 31, 'Kopomá'),
(2338, 31, 'Mama'),
(2339, 31, 'Maní'),
(2340, 31, 'Maxcanú'),
(2341, 31, 'Mayapán'),
(2342, 31, 'Mérida'),
(2343, 31, 'Mocochá'),
(2344, 31, 'Motul'),
(2345, 31, 'Muna'),
(2346, 31, 'Muxupip'),
(2347, 31, 'Opichén'),
(2348, 31, 'Oxkutzcab'),
(2349, 31, 'Panabá'),
(2350, 31, 'Peto'),
(2351, 31, 'Progreso'),
(2352, 31, 'Quintana Roo'),
(2353, 31, 'Río Lagartos'),
(2354, 31, 'Sacalum'),
(2355, 31, 'Samahil'),
(2356, 31, 'Sanahcat'),
(2357, 31, 'San Felipe'),
(2358, 31, 'Santa Elena'),
(2359, 31, 'Seyé'),
(2360, 31, 'Sinanché'),
(2361, 31, 'Sotuta'),
(2362, 31, 'Sucilá'),
(2363, 31, 'Sudzal'),
(2364, 31, 'Suma'),
(2365, 31, 'Tahdziú'),
(2366, 31, 'Tahmek'),
(2367, 31, 'Teabo'),
(2368, 31, 'Tecoh'),
(2369, 31, 'Tekal de Venegas'),
(2370, 31, 'Tekantó'),
(2371, 31, 'Tekax'),
(2372, 31, 'Tekit'),
(2373, 31, 'Tekom'),
(2374, 31, 'Telchac Pueblo'),
(2375, 31, 'Telchac Puerto'),
(2376, 31, 'Temax'),
(2377, 31, 'Temozón'),
(2378, 31, 'Tepakán'),
(2379, 31, 'Tetiz'),
(2380, 31, 'Teya'),
(2381, 31, 'Ticul'),
(2382, 31, 'Timucuy'),
(2383, 31, 'Tinum'),
(2384, 31, 'Tixcacalcupul'),
(2385, 31, 'Tixkokob'),
(2386, 31, 'Tixmehuac'),
(2387, 31, 'Tixpéhual'),
(2388, 31, 'Tizimín'),
(2389, 31, 'Tunkás'),
(2390, 31, 'Tzucacab'),
(2391, 31, 'Uayma'),
(2392, 31, 'Ucú'),
(2393, 31, 'Umán'),
(2394, 31, 'Valladolid'),
(2395, 31, 'Xocchel'),
(2396, 31, 'Yaxcabá'),
(2397, 31, 'Yaxkukul'),
(2398, 31, 'Yobaín'),
(2399, 32, 'Apozol'),
(2400, 32, 'Apulco'),
(2401, 32, 'Atolinga'),
(2402, 32, 'Benito Juárez'),
(2403, 32, 'Calera'),
(2404, 32, 'Cañitas de Felipe Pescador'),
(2405, 32, 'Concepción del Oro'),
(2406, 32, 'Cuauhtémoc'),
(2407, 32, 'Chalchihuites'),
(2408, 32, 'Fresnillo'),
(2409, 32, 'Trinidad García de la Cadena'),
(2410, 32, 'Genaro Codina'),
(2411, 32, 'General Enrique Estrada'),
(2412, 32, 'General Francisco R. Murguía'),
(2413, 32, 'El Plateado de Joaquín Amaro'),
(2414, 32, 'General Pánfilo Natera'),
(2415, 32, 'Guadalupe'),
(2416, 32, 'Huanusco'),
(2417, 32, 'Jalpa'),
(2418, 32, 'Jerez'),
(2419, 32, 'Jiménez del Teul'),
(2420, 32, 'Juan Aldama'),
(2421, 32, 'Juchipila'),
(2422, 32, 'Loreto'),
(2423, 32, 'Luis Moya'),
(2424, 32, 'Mazapil'),
(2425, 32, 'Melchor Ocampo'),
(2426, 32, 'Mezquital del Oro'),
(2427, 32, 'Miguel Auza'),
(2428, 32, 'Momax'),
(2429, 32, 'Monte Escobedo'),
(2430, 32, 'Morelos'),
(2431, 32, 'Moyahua de Estrada'),
(2432, 32, 'Nochistlán de Mejía'),
(2433, 32, 'Noria de Ángeles'),
(2434, 32, 'Ojocaliente'),
(2435, 32, 'Pánuco'),
(2436, 32, 'Pinos'),
(2437, 32, 'Río Grande'),
(2438, 32, 'Sain Alto'),
(2439, 32, 'El Salvador'),
(2440, 32, 'Sombrerete'),
(2441, 32, 'Susticacán'),
(2442, 32, 'Tabasco'),
(2443, 32, 'Tepechitlán'),
(2444, 32, 'Tepetongo'),
(2445, 32, 'Teúl de González Ortega'),
(2446, 32, 'Tlaltenango de Sánchez Román'),
(2447, 32, 'Valparaíso'),
(2448, 32, 'Vetagrande'),
(2449, 32, 'Villa de Cos'),
(2450, 32, 'Villa García'),
(2451, 32, 'Villa González Ortega'),
(2452, 32, 'Villa Hidalgo'),
(2453, 32, 'Villanueva'),
(2454, 32, 'Zacatecas'),
(2455, 32, 'Trancoso'),
(2456, 32, 'Santa María de la Paz');

-- --------------------------------------------------------

--
-- Estructura de tabla para la tabla `catprograma`
--

CREATE TABLE IF NOT EXISTS `catprograma` (
  `id` int(11) NOT NULL AUTO_INCREMENT,
  `idInstitucion` int(11) DEFAULT NULL,
  `nombrePrograma` varchar(200) CHARACTER SET utf8 COLLATE utf8_unicode_ci NOT NULL,
  `rutaImagen` varchar(60) CHARACTER SET utf8 COLLATE utf8_unicode_ci DEFAULT NULL,
  PRIMARY KEY (`id`),
  KEY `catprograma_idInstitucion_FK` (`idInstitucion`)
) ENGINE=InnoDB  DEFAULT CHARSET=latin1 AUTO_INCREMENT=19 ;

--
-- Volcado de datos para la tabla `catprograma`
--

INSERT INTO `catprograma` (`id`, `idInstitucion`, `nombrePrograma`, `rutaImagen`) VALUES
(1, 10, 'Programa Seguro de Vida para Jefas de Familia', NULL),
(2, 7, 'PROSPERA, Programa de Incursión Social', NULL),
(3, 10, 'Programa de Apoyo Alimentario (PAL)', NULL),
(4, 10, 'Programa de Pensión para Adultos Mayores (+65)', NULL),
(5, 10, 'Programa de Estancias Infantiles para Apoyar a Madres Trabajadoras', NULL),
(6, 1, 'Abasto Rural a cargo de DICONSA, S. A. de C. V.', NULL),
(7, 2, 'Abasto Social de Leche a cargo de LICONSA, S. A. de C. V.', NULL),
(8, 10, 'Programa de Empleo Temporal', NULL),
(9, 10, 'Programa de Apoyo a las Instancias de Mujeres en las Entidades Federativas para \n  Implementar y Ejecutar Programas de Prevención de la Violencia contra las Mujeres (PAIMEF)', NULL),
(10, 10, 'Programa de Atención a Jornaleros Agrícolas', NULL),
(11, 10, 'Programa 3x1 para Migrantes', NULL),
(12, 3, 'Fondo Nacional para el Fomento de las Artesanías (FONART)', NULL),
(13, 10, 'Programa para el Desarrollo de Zonas Prioritarias', NULL),
(14, 10, 'Programa de Opciones Productivas', NULL),
(15, 10, 'Programa de Coinversión Social', NULL),
(16, 9, 'Instituto Mexicano de la Juventud (IMJUVE)', NULL),
(17, 5, 'Consejo Nacional para el Desarrollo y la Inclusión de las Personas con Discapacidad (CONADIS)', NULL),
(18, 6, 'Instituto Nacional de las Personas Adultas Mayores (INAPAM)', NULL);

-- --------------------------------------------------------

--
-- Estructura de tabla para la tabla `cattipoqueja`
--

CREATE TABLE IF NOT EXISTS `cattipoqueja` (
  `id` int(11) NOT NULL AUTO_INCREMENT,
  `nombreQueja` varchar(60) CHARACTER SET utf8 COLLATE utf8_unicode_ci NOT NULL,
  `descripcionQueja` varchar(50) CHARACTER SET utf8 COLLATE utf8_unicode_ci DEFAULT NULL,
  PRIMARY KEY (`id`)
) ENGINE=InnoDB  DEFAULT CHARSET=latin1 AUTO_INCREMENT=9 ;

--
-- Volcado de datos para la tabla `cattipoqueja`
--

INSERT INTO `cattipoqueja` (`id`, `nombreQueja`, `descripcionQueja`) VALUES
(1, 'Trato del personal', NULL),
(2, 'Entrega de apoyos', NULL),
(3, 'Aplicación del programa', NULL),
(4, 'Ejecución del programa', NULL),
(5, 'Omisión de la información', NULL),
(6, 'Fines electorales', NULL),
(7, 'Se condiciona el apoyo', NULL),
(8, 'Otros', NULL);

-- --------------------------------------------------------

--
-- Estructura de tabla para la tabla `enlace`
--

CREATE TABLE IF NOT EXISTS `enlace` (
  `id` int(11) NOT NULL AUTO_INCREMENT,
  `idUsers` int(11) NOT NULL,
  `created_at` timestamp NULL DEFAULT NULL,
  `updated_at` timestamp NULL DEFAULT NULL,
  `deleted_at` timestamp NULL DEFAULT NULL,
  PRIMARY KEY (`id`),
  KEY `enlace_idUsers_FK` (`idUsers`)
) ENGINE=InnoDB  DEFAULT CHARSET=latin1 AUTO_INCREMENT=5 ;

--
-- Volcado de datos para la tabla `enlace`
--

INSERT INTO `enlace` (`id`, `idUsers`, `created_at`, `updated_at`, `deleted_at`) VALUES
(1, 25, NULL, NULL, NULL),
(2, 28, NULL, NULL, NULL),
(3, 32, NULL, NULL, NULL),
(4, 39, NULL, NULL, NULL);

-- --------------------------------------------------------

--
-- Estructura de tabla para la tabla `historicoQuejas`
--

CREATE TABLE IF NOT EXISTS `historicoQuejas` (
  `id` int(11) NOT NULL AUTO_INCREMENT,
  `idQueja` int(11) NOT NULL,
  `estadoQueja` enum('Pendiente','Rechazada','Aceptada','Concluida') NOT NULL,
  `idEnlace` int(11) NOT NULL,
  `idAbogado` int(11) NOT NULL,
  `idTurnador` int(11) NOT NULL,
  `created_at` timestamp NULL DEFAULT NULL,
  `updated_at` timestamp NULL DEFAULT NULL,
  `deleted_at` timestamp NULL DEFAULT NULL,
  PRIMARY KEY (`id`),
  KEY `historicoQuejas_idQueja_FK` (`idQueja`),
  KEY `historicoQuejas_idEnlace_FK` (`idEnlace`),
  KEY `historicoQuejas_idAbogado_FK` (`idAbogado`),
  KEY `historicoQuejas_idTurnador_FK` (`idTurnador`)
) ENGINE=InnoDB DEFAULT CHARSET=latin1 AUTO_INCREMENT=1 ;

-- --------------------------------------------------------

--
-- Estructura de tabla para la tabla `migrations`
--

CREATE TABLE IF NOT EXISTS `migrations` (
  `migration` varchar(255) COLLATE utf8_unicode_ci NOT NULL,
  `batch` int(11) NOT NULL
) ENGINE=InnoDB DEFAULT CHARSET=utf8 COLLATE=utf8_unicode_ci;

--
-- Volcado de datos para la tabla `migrations`
--

INSERT INTO `migrations` (`migration`, `batch`) VALUES
('2014_10_12_000000_create_users_table', 1),
('2014_10_12_100000_create_password_resets_table', 1);

-- --------------------------------------------------------

--
-- Estructura de tabla para la tabla `password_resets`
--

CREATE TABLE IF NOT EXISTS `password_resets` (
  `email` varchar(255) COLLATE utf8_unicode_ci NOT NULL,
  `token` varchar(255) COLLATE utf8_unicode_ci NOT NULL,
  `created_at` timestamp NOT NULL DEFAULT CURRENT_TIMESTAMP ON UPDATE CURRENT_TIMESTAMP,
  KEY `password_resets_email_index` (`email`),
  KEY `password_resets_token_index` (`token`)
) ENGINE=InnoDB DEFAULT CHARSET=utf8 COLLATE=utf8_unicode_ci;

-- --------------------------------------------------------

--
-- Estructura de tabla para la tabla `pruebas`
--

CREATE TABLE IF NOT EXISTS `pruebas` (
  `id` int(11) NOT NULL AUTO_INCREMENT,
  `rutaPrueba` varchar(50) DEFAULT NULL,
  `idQueja` int(11) NOT NULL,
  `created_at` timestamp NULL DEFAULT NULL,
  `updated_at` timestamp NULL DEFAULT NULL,
  `deleted_at` timestamp NULL DEFAULT NULL,
  PRIMARY KEY (`id`),
  KEY `pruebas_idQueja_FK` (`idQueja`)
) ENGINE=InnoDB DEFAULT CHARSET=latin1 AUTO_INCREMENT=1 ;

-- --------------------------------------------------------

--
-- Estructura de tabla para la tabla `queja`
--

CREATE TABLE IF NOT EXISTS `queja` (
  `id` int(11) NOT NULL AUTO_INCREMENT,
  `calle` varchar(60) NOT NULL,
  `numInt` varchar(5) DEFAULT NULL,
  `numExt` varchar(5) DEFAULT NULL,
  `colonia` varchar(60) NOT NULL,
  `cp` varchar(5) NOT NULL,
  `municipio` varchar(60) NOT NULL,
  `fechaHechos` date NOT NULL,
  `horaAproximada` varchar(10) DEFAULT NULL,
  `nombreFuncionario` varchar(60) NOT NULL,
  `apellidoPatFuncionario` varchar(60) NOT NULL,
  `apellidoMatFuncionario` varchar(60) DEFAULT NULL,
  `cargoFuncionario` varchar(60) NOT NULL,
  `areaAdscripcion` varchar(60) NOT NULL,
  `dependenciaGobierno` int(11) DEFAULT NULL,
  `narrativa` varchar(1000) NOT NULL,
  `descripcionPruebas` varchar(500) NOT NULL,
  `tipoPruebas` enum('Video','Audio','Imagen','Archivo','Otro') NOT NULL,
  `visto` varchar(1) DEFAULT NULL,
  `estadoQueja` enum('Pendiente','Rechazada','Aceptada','Concluida') NOT NULL,
  `comentarioRechazo` varchar(200) DEFAULT NULL,
  `fechaCreacion` date NOT NULL,
  `fechaRechazo` date NOT NULL,
  `razonesQuejosoNoInfo` varchar(200) DEFAULT NULL,
  `idTipoQueja` int(11) NOT NULL,
  `idQuejoso` int(11) NOT NULL,
  `idEnlace` int(11) NOT NULL,
  `idAbogado` int(11) NOT NULL,
  `idEstado` int(11) NOT NULL,
  `idPrograma` int(11) NOT NULL,
  `created_at` timestamp NULL DEFAULT NULL,
  `updated_at` timestamp NULL DEFAULT NULL,
  `deleted_at` timestamp NULL DEFAULT NULL,
  PRIMARY KEY (`id`),
  KEY `queja_idTipoQueja_FK` (`idTipoQueja`),
  KEY `queja_idQuejoso_FK` (`idQuejoso`),
  KEY `queja_idEnlace_FK` (`idEnlace`),
  KEY `queja_idAbogado_FK` (`idAbogado`),
  KEY `queja_idEstado_FK` (`idEstado`),
  KEY `queja_idPrograma_FK` (`idPrograma`)
) ENGINE=InnoDB DEFAULT CHARSET=latin1 AUTO_INCREMENT=1 ;

-- --------------------------------------------------------

--
-- Estructura de tabla para la tabla `quejoso`
--

CREATE TABLE IF NOT EXISTS `quejoso` (
  `id` int(11) NOT NULL AUTO_INCREMENT,
  `nombre` varchar(50) DEFAULT 'Anonimo',
  `apPaterno` varchar(50) DEFAULT 'Anonimo',
  `apMaterno` varchar(50) DEFAULT 'Anonimo',
  `calle` varchar(100) DEFAULT NULL,
  `numInt` varchar(5) DEFAULT NULL,
  `numExt` varchar(5) DEFAULT NULL,
  `colonia` varchar(60) DEFAULT NULL,
  `cp` varchar(5) DEFAULT NULL,
  `municipio` varchar(60) DEFAULT NULL,
  `telefono` varchar(30) DEFAULT NULL,
  `email` varchar(50) DEFAULT NULL,
  `created_at` timestamp NULL DEFAULT NULL,
  `updated_at` timestamp NULL DEFAULT NULL,
  `deleted_at` timestamp NULL DEFAULT NULL,
  `idEstado` int(11) NOT NULL,
  PRIMARY KEY (`id`),
  KEY `quejoso_idEstado_FK` (`idEstado`)
) ENGINE=InnoDB DEFAULT CHARSET=latin1 AUTO_INCREMENT=1 ;

-- --------------------------------------------------------

--
-- Estructura de tabla para la tabla `turnador`
--

CREATE TABLE IF NOT EXISTS `turnador` (
  `id` int(11) NOT NULL AUTO_INCREMENT,
  `idUsers` int(11) NOT NULL,
  `created_at` timestamp NULL DEFAULT NULL,
  `updated_at` timestamp NULL DEFAULT NULL,
  `deleted_at` timestamp NULL DEFAULT NULL,
  PRIMARY KEY (`id`),
  KEY `turnador_idUsers_FK` (`idUsers`)
) ENGINE=InnoDB  DEFAULT CHARSET=latin1 AUTO_INCREMENT=4 ;

--
-- Volcado de datos para la tabla `turnador`
--

INSERT INTO `turnador` (`id`, `idUsers`, `created_at`, `updated_at`, `deleted_at`) VALUES
(1, 27, NULL, NULL, NULL),
(2, 41, NULL, NULL, NULL),
(3, 42, NULL, NULL, NULL);

-- --------------------------------------------------------

--
-- Estructura de tabla para la tabla `users`
--

CREATE TABLE IF NOT EXISTS `users` (
  `id` int(10) NOT NULL AUTO_INCREMENT,
  `username` varchar(45) COLLATE utf8_unicode_ci NOT NULL,
  `password` varchar(255) COLLATE utf8_unicode_ci NOT NULL,
  `categoria` enum('Enlace','Turnador','Abogado','AbogadoTurnador','Supervisor','SuperAdministrador') COLLATE utf8_unicode_ci NOT NULL,
  `email` varchar(80) COLLATE utf8_unicode_ci NOT NULL,
  `nombre` varchar(50) COLLATE utf8_unicode_ci NOT NULL,
  `apPaterno` varchar(50) COLLATE utf8_unicode_ci NOT NULL,
  `apMaterno` varchar(50) COLLATE utf8_unicode_ci NOT NULL,
  `idInstitucion` int(11) NOT NULL,
  `idEstados` int(11) NOT NULL,
  `remember_token` varchar(100) COLLATE utf8_unicode_ci DEFAULT NULL,
  `created_at` timestamp NULL DEFAULT NULL,
  `updated_at` timestamp NULL DEFAULT NULL,
  `deleted_at` timestamp NULL DEFAULT NULL,
  PRIMARY KEY (`id`),
  UNIQUE KEY `users_username_unique` (`username`),
  KEY `users_idInstitucion_FK` (`idInstitucion`),
  KEY `users_idEstados_FK` (`idEstados`)
) ENGINE=InnoDB  DEFAULT CHARSET=utf8 COLLATE=utf8_unicode_ci AUTO_INCREMENT=45 ;

--
-- Volcado de datos para la tabla `users`
--

INSERT INTO `users` (`id`, `username`, `password`, `categoria`, `email`, `nombre`, `apPaterno`, `apMaterno`, `idInstitucion`, `idEstados`, `remember_token`, `created_at`, `updated_at`, `deleted_at`) VALUES
(23, 'Fachi', '$2y$10$M5wCdFt4ivL0rX.U/OZeCugkS1eEfXs.QKPAcpxJT1iWjGkdj7LS2', 'Enlace', 'phachi3@gmail.com', 'Claudine Dare', 'Raleigh', 'Hoppe', 10, 9, 'LuGQZQnDlJR3OZzpHqEe3D0YVCapTGAdSEXIFSGSyQSSWBkpeuNydne5oWV0', '2016-02-05 03:31:20', '2016-02-05 23:20:05', NULL),
(24, 'alexis', '$2y$10$CfdFVTstNVmTAImApBr6c.qcZeny0fmchZEetJtQ0RHsi4i//syFa', 'SuperAdministrador', 'ealexis.t@gmail.com', 'Mr. Mohamed VonRueden I', 'Annie', 'Hackett', 10, 9, '7nlVUGXyKE', '2016-02-05 03:31:21', '2016-02-05 03:31:21', NULL),
(25, 'Kohler.Louie', '$2y$10$OPMBt.v3yBaV8fyREv8f7O4RyP4aNB4/0T1NITBG12pnMYgQeAlQ.', 'Enlace', 'Berneice.Williamson@Windler.com', 'Prof. Kari Kreiger DVM', 'Conrad', 'Runte', 10, 9, 'CCWZ899zPE', '2016-02-05 03:31:23', '2016-02-05 03:31:23', NULL),
(26, 'Bechtelar.Abigale', '$2y$10$p4n/0BUZOM.Y.GJR.X/v4.sfa0j35VptEmuwIl5KVMklQNU/nXkUi', 'AbogadoTurnador', 'Soledad.Breitenberg@Gottlieb.com', 'Larue Haley', 'Maximillia', 'O''Connell', 10, 9, 'OuweUnCDCk', '2016-02-05 03:31:23', '2016-02-05 03:31:23', NULL),
(27, 'Brice61', '$2y$10$zN/B0vbucnFaPqMFQdGSEuBGftRdCoLShKCXdg74tIiDjDPPWGw/.', 'Turnador', 'Dejon61@Schulist.net', 'Winona Kohler DVM', 'Alvah', 'Gorczany', 10, 9, 'yOnh15Vwka', '2016-02-05 03:31:23', '2016-02-05 03:31:23', NULL),
(28, 'Gideon88', '$2y$10$FcRnlWuawEJ8MIIyvBQ2GOz61zkOzjVyrwszsfpcrOTvxdkAibfc6', 'Enlace', 'Zetta.Kerluke@Franecki.com', 'Miss Rosemary Wunsch MD', 'Frederick', 'O''Connell', 10, 9, 'v4Lm2Fl62s', '2016-02-05 03:31:23', '2016-02-05 03:31:23', NULL),
(29, 'Strosin.Orval', '$2y$10$FiEr/bhmsFv0kGT/ArGByOGLR9ObP0oVVGazr7Vk5mWJoeVqIrVay', 'Supervisor', 'Gibson.Arvel@Abernathy.com', 'Mrs. Lorine Kuphal PhD', 'Cynthia', 'Mertz', 10, 9, 'c1zU2IUdQu', '2016-02-05 03:31:23', '2016-02-05 03:31:23', NULL),
(30, 'Hilma.Schinner', '$2y$10$OKTdGr.RltQWJRHSpU4OKeXUBMcjftVIoqYPArRSrmDODamLrtxRy', 'SuperAdministrador', 'Henry.Grimes@Kuvalis.com', 'William Lehner MD', 'Orlando', 'Fisher', 10, 9, '1ZLJUk0QQ1', '2016-02-05 03:31:23', '2016-02-05 03:31:23', NULL),
(31, 'lKlein', '$2y$10$9ynYcuGh.a4RPzIjZuCWneQY5NiPOdKE6qsSbb3QLKDKitCpdc2Vm', 'Supervisor', 'dLeuschke@Nader.biz', 'Kayley Grant Jr.', 'Effie', 'Funk', 10, 9, 'cBR5KQd7fT', '2016-02-05 03:31:23', '2016-02-05 03:31:23', NULL),
(32, 'Mohr.Zora', '$2y$10$nE77qZnY8xl2V4jlHqHbQOk3VV3JUmGexTZQPjUFG8Qz.jOcItUvi', 'Enlace', 'Kelli.Raynor@Streich.com', 'Mrs. Paula Tillman', 'Sibyl', 'Bogan', 10, 9, 'nWkmMfNS2e', '2016-02-05 03:31:23', '2016-02-05 03:31:23', NULL),
(33, 'kAbbott', '$2y$10$r9ucZuLqFnG/1579ocxPNOnqq2KLbCq9wdDQmLdGXJcOoUAe7qlYC', 'Abogado', 'rJohns@yahoo.com', 'Adella Metz', 'Joshuah', 'Renner', 10, 9, 'CHmkmjfuUV', '2016-02-05 03:31:23', '2016-02-05 03:31:23', NULL),
(34, 'Trisha22', '$2y$10$21YI7dwtUM28ven0wY5rq.D3tfjO9oRWFhLmmh25OiBE1z9pXKvXa', 'Supervisor', 'Dulce57@Kirlin.com', 'Simone Weimann', 'Ocie', 'Bergnaum', 10, 9, 'Q3nzZF7sO0', '2016-02-05 03:31:23', '2016-02-05 03:31:23', NULL),
(35, 'Iva.Sipes', '$2y$10$XSXndBGGL7nw9.a6Uy1dIeuA6dpbhIAqs0FaEoUGSdn8T6KAY53zi', 'Abogado', 'bHeaney@hotmail.com', 'Pansy Koch II', 'Luz', 'Gorczany', 10, 9, '2mwV8SUXZG', '2016-02-05 03:31:23', '2016-02-05 03:31:23', NULL),
(36, 'Loyal.Wisoky', '$2y$10$n5P0pAW6uOywOBNkB6lGi.h6/MPAH9GFgIYiaI55i4LO57IGR2Wmi', 'Supervisor', 'Susie71@DAmore.net', 'Leonardo Tillman Jr.', 'Grant', 'Murazik', 10, 9, '3068zlI4cU', '2016-02-05 03:31:23', '2016-02-05 03:31:23', NULL),
(37, 'Bill84', '$2y$10$/cxrAbM8waFg8iZO8WYO1e98GhpyutoD2IeHQ5Mx1qi9nX1tjuYF.', 'SuperAdministrador', 'vSatterfield@hotmail.com', 'Gussie Ledner', 'Cornelius', 'Emard', 10, 9, '9K33EDicob', '2016-02-05 03:31:23', '2016-02-05 03:31:23', NULL),
(38, 'Alvah99', '$2y$10$UW.bkgeGtbjKIuTkKv5I5ukk/jmdkdNm13paZSsVjTOJSRruD2VFu', 'Abogado', 'Diamond.Dooley@Abshire.info', 'Alexzander King', 'Madilyn', 'Gutkowski', 10, 9, '9kg2b5rfL1', '2016-02-05 03:31:24', '2016-02-05 03:31:24', NULL),
(39, 'Alize.Schmitt', '$2y$10$j/4R.yX2P5/8tSVvhxiOR.5k9AJAusHVNxyxTz4IDG/2OpDhK79JC', 'Enlace', 'Juston.Goyette@Dare.com', 'Herminia Marquardt', 'Lennie', 'Harber', 10, 9, 'wluCqMTID2', '2016-02-05 03:31:24', '2016-02-05 03:31:24', NULL),
(40, 'Nicklaus.Mayert', '$2y$10$CDssS/LiZy4faO4AfU7dNurbNdjb4la1M4PwCd/FmcASS1EkdPvG.', 'Supervisor', 'Matteo.Heller@Halvorson.com', 'Dr. Mekhi Runolfsson MD', 'Katharina', 'Hagenes', 10, 9, '2roRxMKGOZ', '2016-02-05 03:31:24', '2016-02-05 03:31:24', NULL),
(41, 'yRoob', '$2y$10$ga9PfW1ZMzGpaMWzvYvLbeQ.BXPe3DiMUoM2ystpjO9oIxFV.AX9S', 'Turnador', 'zLuettgen@yahoo.com', 'Corbin Dibbert', 'Isabella', 'Borer', 10, 9, 'NA525Er5tT', '2016-02-05 03:31:24', '2016-02-05 03:31:24', NULL),
(42, 'Malinda.King', '$2y$10$c.es7i9cZBHBG1SPL1MWKeEx9vZnn45Kg00TwfFz2J5iTCik.l6.W', 'Turnador', 'Raynor.Yvette@gmail.com', 'Oceane Schaden', 'Heaven', 'Stehr', 10, 9, 'UWtu6hWccC', '2016-02-05 03:31:24', '2016-02-05 03:31:24', NULL),
(43, 'Ludie68', '$2y$10$OhtDGXXtv9/VKqBfmWq33.EfHSPhqL5oOxJoFI2lRpSyGxN4XnCEi', 'Abogado', 'kSchiller@McCullough.org', 'Lesley Hansen MD', 'Lenna', 'O''Keefe', 10, 9, 'jFhYirfnPR', '2016-02-05 03:31:24', '2016-02-05 03:31:24', NULL),
(44, 'vMoore', '$2y$10$8VKZxgLlzJFFZc6Gp3mKuu8ppcIQZSxEItxCoMVyOqIPs9f.B53dq', 'AbogadoTurnador', 'Prosacco.Velda@Gislason.com', 'Warren Conroy', 'Sabryna', 'Runolfsdottir', 10, 9, 'zCpk4ROJMX', '2016-02-05 03:31:24', '2016-02-05 03:31:24', NULL);

--
-- Restricciones para tablas volcadas
--

--
-- Filtros para la tabla `abogado`
--
ALTER TABLE `abogado`
  ADD CONSTRAINT `abogado_idTurnador_FK` FOREIGN KEY (`idTurnador`) REFERENCES `turnador` (`id`),
  ADD CONSTRAINT `abogado_idUsers_FK` FOREIGN KEY (`idUsers`) REFERENCES `users` (`id`);

--
-- Filtros para la tabla `catmunicipios`
--
ALTER TABLE `catmunicipios`
  ADD CONSTRAINT `municipios_idEstado_FK` FOREIGN KEY (`idEstado`) REFERENCES `catestados` (`id`);

--
-- Filtros para la tabla `catprograma`
--
ALTER TABLE `catprograma`
  ADD CONSTRAINT `catprograma_idInstitucion_FK` FOREIGN KEY (`idInstitucion`) REFERENCES `catinstituciones` (`id`);

--
-- Filtros para la tabla `enlace`
--
ALTER TABLE `enlace`
  ADD CONSTRAINT `enlace_idUsers_FK` FOREIGN KEY (`idUsers`) REFERENCES `users` (`id`);

--
-- Filtros para la tabla `historicoQuejas`
--
ALTER TABLE `historicoQuejas`
  ADD CONSTRAINT `historicoQuejas_idAbogado_FK` FOREIGN KEY (`idAbogado`) REFERENCES `abogado` (`id`),
  ADD CONSTRAINT `historicoQuejas_idEnlace_FK` FOREIGN KEY (`idEnlace`) REFERENCES `enlace` (`id`),
  ADD CONSTRAINT `historicoQuejas_idQueja_FK` FOREIGN KEY (`idQueja`) REFERENCES `queja` (`id`),
  ADD CONSTRAINT `historicoQuejas_idTurnador_FK` FOREIGN KEY (`idTurnador`) REFERENCES `turnador` (`id`);

--
-- Filtros para la tabla `pruebas`
--
ALTER TABLE `pruebas`
  ADD CONSTRAINT `pruebas_idQueja_FK` FOREIGN KEY (`idQueja`) REFERENCES `queja` (`id`);

--
-- Filtros para la tabla `queja`
--
ALTER TABLE `queja`
  ADD CONSTRAINT `queja_idAbogado_FK` FOREIGN KEY (`idAbogado`) REFERENCES `abogado` (`id`),
  ADD CONSTRAINT `queja_idEnlace_FK` FOREIGN KEY (`idEnlace`) REFERENCES `enlace` (`id`),
  ADD CONSTRAINT `queja_idEstado_FK` FOREIGN KEY (`idEstado`) REFERENCES `catestados` (`id`),
  ADD CONSTRAINT `queja_idPrograma_FK` FOREIGN KEY (`idPrograma`) REFERENCES `catprograma` (`id`),
  ADD CONSTRAINT `queja_idQuejoso_FK` FOREIGN KEY (`idQuejoso`) REFERENCES `quejoso` (`id`),
  ADD CONSTRAINT `queja_idTipoQueja_FK` FOREIGN KEY (`idTipoQueja`) REFERENCES `cattipoqueja` (`id`);

--
-- Filtros para la tabla `quejoso`
--
ALTER TABLE `quejoso`
  ADD CONSTRAINT `quejoso_idEstado_FK` FOREIGN KEY (`idEstado`) REFERENCES `catestados` (`id`);

--
-- Filtros para la tabla `turnador`
--
ALTER TABLE `turnador`
  ADD CONSTRAINT `turnador_idUsers_FK` FOREIGN KEY (`idUsers`) REFERENCES `users` (`id`);

--
-- Filtros para la tabla `users`
--
ALTER TABLE `users`
  ADD CONSTRAINT `users_idEstados_FK` FOREIGN KEY (`idEstados`) REFERENCES `catestados` (`id`),
  ADD CONSTRAINT `users_idInstitucion_FK` FOREIGN KEY (`idInstitucion`) REFERENCES `catinstituciones` (`id`);

/*!40101 SET CHARACTER_SET_CLIENT=@OLD_CHARACTER_SET_CLIENT */;
/*!40101 SET CHARACTER_SET_RESULTS=@OLD_CHARACTER_SET_RESULTS */;
/*!40101 SET COLLATION_CONNECTION=@OLD_COLLATION_CONNECTION */;
