-- phpMyAdmin SQL Dump
-- version 4.8.5
-- https://www.phpmyadmin.net/
--
-- Hôte : 127.0.0.1:3306
-- Généré le :  jeu. 03 oct. 2019 à 13:10
-- Version du serveur :  5.7.26
-- Version de PHP :  7.2.18

SET SQL_MODE = "NO_AUTO_VALUE_ON_ZERO";
SET AUTOCOMMIT = 0;
START TRANSACTION;
SET time_zone = "+00:00";


/*!40101 SET @OLD_CHARACTER_SET_CLIENT=@@CHARACTER_SET_CLIENT */;
/*!40101 SET @OLD_CHARACTER_SET_RESULTS=@@CHARACTER_SET_RESULTS */;
/*!40101 SET @OLD_COLLATION_CONNECTION=@@COLLATION_CONNECTION */;
/*!40101 SET NAMES utf8mb4 */;

--
-- Base de données :  `demons_et_merveilles`
--

-- --------------------------------------------------------

--
-- Structure de la table `calendar`
--

DROP TABLE IF EXISTS `calendar`;
CREATE TABLE IF NOT EXISTS `calendar` (
  `idCalendar` int(11) NOT NULL AUTO_INCREMENT,
  `dateEvent` date NOT NULL,
  `hourEvent` time NOT NULL,
  `content` varchar(255) NOT NULL,
  `dateCreationEvent` timestamp NOT NULL DEFAULT CURRENT_TIMESTAMP,
  `idMembre` int(11) NOT NULL,
  PRIMARY KEY (`idCalendar`)
) ENGINE=MyISAM AUTO_INCREMENT=43 DEFAULT CHARSET=utf8;

-- --------------------------------------------------------

--
-- Structure de la table `espace_membres`
--

DROP TABLE IF EXISTS `espace_membres`;
CREATE TABLE IF NOT EXISTS `espace_membres` (
  `idMembre` int(11) NOT NULL AUTO_INCREMENT,
  `pseudo` varchar(50) NOT NULL,
  `mdp` varchar(50) NOT NULL,
  `email` varchar(50) NOT NULL,
  `nom` varchar(50) DEFAULT NULL,
  `prenom` varchar(50) DEFAULT NULL,
  `dateCreation` datetime NOT NULL DEFAULT CURRENT_TIMESTAMP,
  `rang` int(11) NOT NULL,
  PRIMARY KEY (`idMembre`)
) ENGINE=MyISAM AUTO_INCREMENT=416 DEFAULT CHARSET=utf8;

--
-- Déchargement des données de la table `espace_membres`
--

INSERT INTO `espace_membres` (`idMembre`, `pseudo`, `mdp`, `email`, `nom`, `prenom`, `dateCreation`, `rang`) VALUES
(49, 'Kaélin', 'cb3a787903390d808634c0633b67c9c9', 'jlaconnaispastg@fdp.net', NULL, NULL, '2019-08-29 12:38:44', 2),
(405, 'Admin', '7f9155eeb9f9360a0ceb9cc46916e170', 'admin@gmail.com', NULL, NULL, '2019-09-13 16:21:32', 2),
(409, 'Yohann', '47dcc228dd567d23284203f264b18446', 'joignant.y@gmail.com', NULL, NULL, '2019-09-28 15:28:20', 1),
(74, 'JF', '1b61c224205695e113a7ee11a0f13000', 'jfchatillon@yahoo.fr', NULL, NULL, '2019-08-30 11:20:28', 2),
(408, 'Illicouptère ', '02459a45c335df5e5bac1c3ccb7ce2ff', 'leabaudry@hotmail.fr', NULL, NULL, '2019-09-28 15:10:07', 1),
(410, 'Baty9630', '79a5ad81cc235415e2253f5b9d5336c1', 'baty9630@yahoo.com', NULL, NULL, '2019-09-28 15:28:33', 1),
(411, 'oisarlq ', 'd31ed7b5908a90701e803af892a68c31', 'vallet.nicolascv@gmail.com', NULL, NULL, '2019-09-28 20:25:09', 1),
(412, 'Goodni', '952e7566c87581ca2c3137fc7bd6060c', 'demercastelf@gmail.com', NULL, NULL, '2019-09-29 16:08:52', 1),
(413, 'jérémy', 'da250f08fb42e9db44e372e72486b118', 'gege7620@hotmail.fr', NULL, NULL, '2019-09-29 16:48:24', 1),
(414, 'Noah', '2b0a0e2611ef2da27aae0417c1bfd4f7', 'slloth@hotmail.fr', NULL, NULL, '2019-09-30 13:52:03', 2),
(415, 'baweeh', 'a69c07d66d296215feb20b0c4ed70508', 'baweeh@gmail.com', NULL, NULL, '2019-10-03 00:37:37', 0);

-- --------------------------------------------------------

--
-- Structure de la table `f_categories`
--

DROP TABLE IF EXISTS `f_categories`;
CREATE TABLE IF NOT EXISTS `f_categories` (
  `idCategorie` int(11) NOT NULL AUTO_INCREMENT,
  `nomCategories` varchar(255) NOT NULL,
  PRIMARY KEY (`idCategorie`)
) ENGINE=MyISAM AUTO_INCREMENT=10 DEFAULT CHARSET=utf8;

--
-- Déchargement des données de la table `f_categories`
--

INSERT INTO `f_categories` (`idCategorie`, `nomCategories`) VALUES
(6, 'Univers'),
(5, 'Discussion');

-- --------------------------------------------------------

--
-- Structure de la table `f_messages`
--

DROP TABLE IF EXISTS `f_messages`;
CREATE TABLE IF NOT EXISTS `f_messages` (
  `idMessage` int(11) NOT NULL AUTO_INCREMENT,
  `sujetTopics` longtext NOT NULL,
  `idMembre` int(11) NOT NULL,
  `contenuMessage` longtext NOT NULL,
  `sousCategorieParent` varchar(50) NOT NULL,
  `dateHeurePost` timestamp NOT NULL DEFAULT CURRENT_TIMESTAMP,
  PRIMARY KEY (`idMessage`)
) ENGINE=MyISAM AUTO_INCREMENT=92 DEFAULT CHARSET=utf8;

--
-- Déchargement des données de la table `f_messages`
--

INSERT INTO `f_messages` (`idMessage`, `sujetTopics`, `idMembre`, `contenuMessage`, `sousCategorieParent`, `dateHeurePost`) VALUES
(71, 'Pour les tests : commentaires pour nos sbires     ', 74, 'Je viens de tester, si je mets juste quelques mots, ça a l\'air de fonctionner mais dès que je mets un gros bloc de texte, la modif ne s\'applique pas.', 'Informations', '2019-09-30 11:55:58'),
(90, 'Pour les tests : commentaires pour nos sbires  ', 49, 'Résolu', 'Informations', '2019-09-30 13:42:40'),
(70, 'Pour les tests : commentaires pour nos sbires', 49, 'Non ça vient du bouton en lui même je regarde ça', 'Informations', '2019-09-30 11:54:51'),
(69, 'Pour les tests : commentaires pour nos sbires', 49, 'Attend je regarde ça je pense savoir pourquoi ', 'Informations', '2019-09-30 11:53:52'),
(68, 'Pour les tests : commentaires pour nos sbires   ', 74, 'Bon ok, ça marche cette fois-ci. j\'ai dû me tromper de bouton.', 'Informations', '2019-09-30 11:53:21'),
(67, 'Pour les tests : commentaires pour nos sbires', 74, 'Les modifications sur le message que j\'ai créé. Par exemple, le premier message de 13h42, si j\'essaie de le modifier, ces modifications ne sont pas prises en compte. En revanche, sur le message de 13h46, je peux modifier. ', 'Informations', '2019-09-30 11:52:25'),
(65, 'Pour les tests : commentaires pour nos sbires   ', 74, 'J\'ai tester le bouton \"supprimer le topic\". Il ne fonctionnait pas jusqu\'à l\'ajout d\'un premier message. Ensuite, il a bien effacé le topic et le message qu\'il contenait.', 'Informations', '2019-09-30 11:46:10'),
(66, 'Pour les tests : commentaires pour nos sbires   ', 49, 'Comment ça ? les modifications des messages que tu as créer ? ou l\'affichage sur la page ?', 'Informations', '2019-09-30 11:48:35'),
(74, 'Pour les tests : commentaires pour nos sbires', 74, 'J\'ai tester le bouton \"supprimer le topic\". Il ne fonctionnait jusqu\'à l\'ajout d\'un premier message. Ensuite, il a bien effacé le topic et le message qu\'il contenait.', 'Informations', '2019-09-30 12:01:44'),
(91, 'Pour les tests : commentaires pour nos sbires', 74, 'Merci :)', 'Informations', '2019-09-30 15:23:29');

-- --------------------------------------------------------

--
-- Structure de la table `f_sondages`
--

DROP TABLE IF EXISTS `f_sondages`;
CREATE TABLE IF NOT EXISTS `f_sondages` (
  `idSondage` int(11) NOT NULL AUTO_INCREMENT,
  `titreSondage` longtext NOT NULL,
  `dateCreationSondage` timestamp NOT NULL DEFAULT CURRENT_TIMESTAMP,
  `dateValiditeSondage` date NOT NULL,
  `idMembre` int(11) NOT NULL,
  `idCalendar` int(11) DEFAULT NULL,
  PRIMARY KEY (`idSondage`)
) ENGINE=MyISAM AUTO_INCREMENT=130 DEFAULT CHARSET=utf8;

--
-- Déchargement des données de la table `f_sondages`
--

INSERT INTO `f_sondages` (`idSondage`, `titreSondage`, `dateCreationSondage`, `dateValiditeSondage`, `idMembre`, `idCalendar`) VALUES
(129, 'Talislanta La Fabrique Rouelles', '2019-09-30 12:19:10', '2019-10-06', 74, NULL);

-- --------------------------------------------------------

--
-- Structure de la table `f_souscategories`
--

DROP TABLE IF EXISTS `f_souscategories`;
CREATE TABLE IF NOT EXISTS `f_souscategories` (
  `idSousCategories` int(11) NOT NULL AUTO_INCREMENT,
  `nomSousCategories` varchar(255) NOT NULL,
  `categorieParent` varchar(255) NOT NULL,
  `dateHeureCreation` timestamp NOT NULL DEFAULT CURRENT_TIMESTAMP,
  PRIMARY KEY (`idSousCategories`)
) ENGINE=MyISAM AUTO_INCREMENT=65 DEFAULT CHARSET=utf8;

--
-- Déchargement des données de la table `f_souscategories`
--

INSERT INTO `f_souscategories` (`idSousCategories`, `nomSousCategories`, `categorieParent`, `dateHeureCreation`) VALUES
(1, '13éme Age', 'Univers', '2019-09-02 09:15:44'),
(2, 'Ars Magica', 'Univers', '2019-09-02 09:15:44'),
(3, 'Deadland Reloaded', 'Univers', '2019-09-02 09:15:44'),
(4, 'Delta Green', 'Univers', '2019-09-02 09:15:44'),
(5, 'Dying Earth', 'Univers', '2019-09-02 09:15:44'),
(6, 'Earthdawn', 'Univers', '2019-09-02 09:15:44'),
(7, 'Fading Suns', 'Univers', '2019-09-02 09:15:44'),
(8, 'In Nomine Satanis Magna Veritas', 'Univers', '2019-09-02 09:15:44'),
(62, 'Informations', 'Discussion', '2019-09-30 11:39:49'),
(10, 'Knight', 'Univers', '2019-09-02 09:15:44'),
(11, 'La Méthode du docteur Chestel', 'Univers', '2019-09-02 09:15:44'),
(12, 'Les 7 rois', 'Univers', '2019-09-02 09:15:44'),
(13, 'Les Immortels', 'Univers', '2019-09-02 09:15:44'),
(14, 'Les Ombres d\'Esteren', 'Univers', '2019-09-02 09:15:44'),
(15, 'Pathfinder', 'Univers', '2019-09-02 09:15:44'),
(16, 'Pavillon Noir', 'Univers', '2019-09-02 09:15:44'),
(17, 'Ravnica', 'Univers', '2019-09-02 09:15:44'),
(18, 'Scale', 'Univers', '2019-09-02 09:15:44'),
(19, 'Scion', 'Univers', '2019-09-02 09:15:44'),
(20, 'Scion Apocalypse', 'Univers', '2019-09-02 09:15:44'),
(21, 'Secret de la 7ème Mer', 'Univers', '2019-09-02 09:15:44'),
(22, 'Shayo', 'Univers', '2019-09-02 09:15:44'),
(23, 'Warhammer 40K', 'Univers', '2019-09-02 09:15:44'),
(24, 'Yggdrasill', 'Univers', '2019-09-02 09:15:44'),
(64, 'Faite un sujet par Problème. A destination des sbires', 'Discussion', '2019-09-30 13:41:57');

-- --------------------------------------------------------

--
-- Structure de la table `f_s_choix`
--

DROP TABLE IF EXISTS `f_s_choix`;
CREATE TABLE IF NOT EXISTS `f_s_choix` (
  `idChoix` int(11) NOT NULL AUTO_INCREMENT,
  `idSondage` int(11) NOT NULL,
  `choix` longtext NOT NULL,
  PRIMARY KEY (`idChoix`)
) ENGINE=MyISAM AUTO_INCREMENT=249 DEFAULT CHARSET=utf8;

--
-- Déchargement des données de la table `f_s_choix`
--

INSERT INTO `f_s_choix` (`idChoix`, `idSondage`, `choix`) VALUES
(247, 129, 'Je participe'),
(248, 129, 'Je ne participe pas');

-- --------------------------------------------------------

--
-- Structure de la table `f_s_vote`
--

DROP TABLE IF EXISTS `f_s_vote`;
CREATE TABLE IF NOT EXISTS `f_s_vote` (
  `idChoix` int(11) NOT NULL,
  `idMembres` int(11) NOT NULL,
  `idSondage` int(11) NOT NULL,
  PRIMARY KEY (`idChoix`,`idMembres`,`idSondage`)
) ENGINE=MyISAM DEFAULT CHARSET=utf8;

--
-- Déchargement des données de la table `f_s_vote`
--

INSERT INTO `f_s_vote` (`idChoix`, `idMembres`, `idSondage`) VALUES
(248, 49, 129);

-- --------------------------------------------------------

--
-- Structure de la table `f_topics`
--

DROP TABLE IF EXISTS `f_topics`;
CREATE TABLE IF NOT EXISTS `f_topics` (
  `idTopic` int(11) NOT NULL AUTO_INCREMENT,
  `idCreateur` int(11) NOT NULL,
  `sujetTopics` varchar(255) NOT NULL,
  `contenuTopics` longtext NOT NULL,
  `sousCategorieParent` varchar(50) NOT NULL,
  `dateHeureCreation` timestamp NULL DEFAULT CURRENT_TIMESTAMP,
  PRIMARY KEY (`idTopic`)
) ENGINE=MyISAM AUTO_INCREMENT=99 DEFAULT CHARSET=utf8;

--
-- Déchargement des données de la table `f_topics`
--

INSERT INTO `f_topics` (`idTopic`, `idCreateur`, `sujetTopics`, `contenuTopics`, `sousCategorieParent`, `dateHeureCreation`) VALUES
(81, 74, 'Pour les tests : commentaires pour nos sbires', 'Premier post qui a pour but de tester le forum et de centraliser les commentaires et les remarques pour nos sbires.\r\n\r\nTest modif 1', 'Informations', '2019-09-30 11:42:03');

-- --------------------------------------------------------

--
-- Structure de la table `gen_actions`
--

DROP TABLE IF EXISTS `gen_actions`;
CREATE TABLE IF NOT EXISTS `gen_actions` (
  `idAction` int(11) NOT NULL AUTO_INCREMENT,
  `nomAction` varchar(25) NOT NULL,
  `cibleAction` varchar(25) NOT NULL,
  PRIMARY KEY (`idAction`)
) ENGINE=InnoDB AUTO_INCREMENT=26 DEFAULT CHARSET=utf8;

--
-- Déchargement des données de la table `gen_actions`
--

INSERT INTO `gen_actions` (`idAction`, `nomAction`, `cibleAction`) VALUES
(1, 'aller chercher', 'Objet'),
(2, 'transporter', 'Objet'),
(3, 'escorter', 'Personnage'),
(4, 'délivrer', 'Personnage'),
(5, 'survivre à', 'Personnage'),
(6, 'survivre à ', 'Situation'),
(7, 'explorer', 'Lieux'),
(8, 'élucider', 'Situation'),
(9, 'se venger', 'Personnage'),
(10, 'humilier', 'Personnage'),
(11, 'défendre', 'Personnage'),
(12, 'défendre', 'Lieux'),
(13, 'défendre', 'Objet'),
(14, 'convaincre', 'Personnage'),
(15, 'créer', 'Objet'),
(16, 'dissimuler', 'Personnage'),
(17, 'dissimuler', 'Objet'),
(18, 'faire chanter', 'Personnage'),
(19, 'détruire', 'Lieux'),
(20, 'détruire', 'Objet'),
(21, 'tromper', 'Personnage'),
(22, 'sacrifier', 'Personnage'),
(24, 'sacrifier', 'Objet'),
(25, 'conquérir', 'Lieux');

-- --------------------------------------------------------

--
-- Structure de la table `gen_lieux`
--

DROP TABLE IF EXISTS `gen_lieux`;
CREATE TABLE IF NOT EXISTS `gen_lieux` (
  `idLieux` int(11) NOT NULL AUTO_INCREMENT,
  `nomLieux` varchar(255) DEFAULT NULL,
  `nomUnivers` varchar(255) DEFAULT NULL,
  PRIMARY KEY (`idLieux`)
) ENGINE=MyISAM AUTO_INCREMENT=2416 DEFAULT CHARSET=utf8;

--
-- Déchargement des données de la table `gen_lieux`
--

INSERT INTO `gen_lieux` (`idLieux`, `nomLieux`, `nomUnivers`) VALUES
(1, 'un cachot', 'Yggdrasill'),
(2, 'un cachot', 'Pathfinder'),
(4, 'un cachot', 'Deadland Reloaded'),
(5, 'un cachot', 'Warhammer 40K'),
(6, 'un cachot', 'Ars Magica'),
(7, 'un cachot', 'Delta Green'),
(8, 'un cachot', 'Dying Earth'),
(9, 'un cachot', 'Earthdawn'),
(11, 'un cachot', 'Knight'),
(12, 'un cachot', 'La Méthode du docteur Chestel'),
(13, 'un cachot', 'Les 7 Rois'),
(14, 'un cachot', 'Les Immortels'),
(15, 'un cachot', 'Les Ombres d\'Esteren'),
(16, 'un cachot', 'Pavillon Noir'),
(17, 'un cachot', 'Ravnica'),
(18, 'un cachot', 'Scion'),
(19, 'un cachot', 'Scion Apocalypse'),
(21, 'un cachot', 'Secret de la 7ème Mer'),
(23, 'un cachot', '13ème Age'),
(24, 'un palais', 'Yggdrasill'),
(25, 'un palais', 'Pathfinder'),
(26, 'un palais', 'In Nomine Satanis Magna Veritas'),
(28, 'un palais', 'Warhammer 40K'),
(29, 'un palais', 'Ars Magica'),
(30, 'un palais', 'Delta Green'),
(31, 'un palais', 'Dying Earth'),
(32, 'un palais', 'Earthdawn'),
(33, 'un palais', 'Fading Suns'),
(34, 'un palais', 'Knight'),
(35, 'un palais', 'La Méthode du docteur Chestel'),
(36, 'un palais', 'Les 7 Rois'),
(37, 'un palais', 'Les Immortels'),
(38, 'un palais', 'Les Ombres d\'Esteren'),
(39, 'un palais', 'Pavillon Noir'),
(40, 'un palais', 'Ravnica'),
(41, 'un palais', 'Scion'),
(42, 'un palais', 'Scion Apocalypse'),
(43, 'un palais', 'Scales'),
(44, 'un palais', 'Secret de la 7ème Mer'),
(45, 'un palais', 'Shayo'),
(46, 'un palais', '13ème Age'),
(47, 'une ville', 'Yggdrasill'),
(48, 'une ville', 'Pathfinder'),
(49, 'une ville', 'In Nomine Satanis Magna Veritas'),
(50, 'une ville', 'Deadland Reloaded'),
(51, 'une ville', 'Warhammer 40K'),
(52, 'une ville', 'Ars Magica'),
(53, 'une ville', 'Delta Green'),
(54, 'une ville', 'Dying Earth'),
(55, 'une ville', 'Earthdawn'),
(56, 'une ville', 'Fading Suns'),
(57, 'une ville', 'Knight'),
(58, 'une ville', 'La Méthode du docteur Chestel'),
(59, 'une ville', 'Les 7 Rois'),
(60, 'une ville', 'Les Immortels'),
(61, 'une ville', 'Les Ombres d\'Esteren'),
(62, 'une ville', 'Pavillon Noir'),
(64, 'une ville', 'Scion'),
(65, 'une ville', 'Scion Apocalypse'),
(66, 'une ville', 'Scales'),
(67, 'une ville', 'Secret de la 7ème Mer'),
(68, 'une ville', 'Shayo'),
(69, 'une ville', '13ème Age'),
(70, 'une officine', 'Yggdrasill'),
(71, 'une officine', 'Pathfinder'),
(73, 'une officine', 'Deadland Reloaded'),
(75, 'une officine', 'Ars Magica'),
(77, 'une officine', 'Dying Earth'),
(78, 'une officine', 'Earthdawn'),
(80, 'une officine', 'Knight'),
(81, 'une officine', 'La Méthode du docteur Chestel'),
(83, 'une officine', 'Les Immortels'),
(84, 'une officine', 'Les Ombres d\'Esteren'),
(85, 'une officine', 'Pavillon Noir'),
(86, 'une officine', 'Ravnica'),
(88, 'une officine', 'Scion Apocalypse'),
(89, 'une officine', 'Scales'),
(90, 'une officine', 'Secret de la 7ème Mer'),
(91, 'une officine', 'Shayo'),
(92, 'une officine', '13ème Age'),
(93, 'une forêt', 'Yggdrasill'),
(94, 'une forêt', 'Pathfinder'),
(95, 'une forêt', 'In Nomine Satanis Magna Veritas'),
(96, 'une forêt', 'Deadland Reloaded'),
(97, 'une forêt', 'Warhammer 40K'),
(98, 'une forêt', 'Ars Magica'),
(99, 'une forêt', 'Delta Green'),
(100, 'une forêt', 'Dying Earth'),
(101, 'une forêt', 'Earthdawn'),
(102, 'une forêt', 'Fading Suns'),
(104, 'une forêt', 'La Méthode du docteur Chestel'),
(105, 'une forêt', 'Les 7 Rois'),
(106, 'une forêt', 'Les Immortels'),
(107, 'une forêt', 'Les Ombres d\'Esteren'),
(108, 'une forêt', 'Pavillon Noir'),
(110, 'une forêt', 'Scion'),
(111, 'une forêt', 'Scion Apocalypse'),
(112, 'une forêt', 'Scales'),
(113, 'une forêt', 'Secret de la 7ème Mer'),
(114, 'une forêt', 'Shayo'),
(115, 'une forêt', '13ème Age'),
(116, 'une hospice', 'Yggdrasill'),
(118, 'une hospice', 'In Nomine Satanis Magna Veritas'),
(119, 'une hospice', 'Deadland Reloaded'),
(120, 'une hospice', 'Warhammer 40K'),
(121, 'une hospice', 'Ars Magica'),
(122, 'une hospice', 'Delta Green'),
(123, 'une hospice', 'Dying Earth'),
(124, 'une hospice', 'Earthdawn'),
(126, 'une hospice', 'Knight'),
(127, 'une hospice', 'La Méthode du docteur Chestel'),
(129, 'une hospice', 'Les Immortels'),
(130, 'une hospice', 'Les Ombres d\'Esteren'),
(131, 'une hospice', 'Pavillon Noir'),
(132, 'une hospice', 'Ravnica'),
(133, 'une hospice', 'Scion'),
(135, 'une hospice', 'Scales'),
(136, 'une hospice', 'Secret de la 7ème Mer'),
(137, 'une hospice', 'Shayo'),
(138, 'une hospice', '13ème Age'),
(139, 'un temple', 'Yggdrasill'),
(140, 'un temple', 'Pathfinder'),
(141, 'un temple', 'In Nomine Satanis Magna Veritas'),
(143, 'un temple', 'Warhammer 40K'),
(144, 'un temple', 'Ars Magica'),
(145, 'un temple', 'Delta Green'),
(146, 'un temple', 'Dying Earth'),
(147, 'un temple', 'Earthdawn'),
(148, 'un temple', 'Fading Suns'),
(149, 'un temple', 'Knight'),
(150, 'un temple', 'La Méthode du docteur Chestel'),
(151, 'un temple', 'Les 7 Rois'),
(152, 'un temple', 'Les Immortels'),
(153, 'un temple', 'Les Ombres d\'Esteren'),
(155, 'un temple', 'Ravnica'),
(156, 'un temple', 'Scion'),
(157, 'un temple', 'Scion Apocalypse'),
(159, 'un temple', 'Secret de la 7ème Mer'),
(160, 'un temple', 'Shayo'),
(161, 'un temple', '13ème Age'),
(162, 'une maison close', 'Yggdrasill'),
(163, 'une maison close', 'Pathfinder'),
(164, 'une maison close', 'In Nomine Satanis Magna Veritas'),
(165, 'une maison close', 'Deadland Reloaded'),
(166, 'une maison close', 'Warhammer 40K'),
(167, 'une maison close', 'Ars Magica'),
(168, 'une maison close', 'Delta Green'),
(169, 'une maison close', 'Dying Earth'),
(170, 'une maison close', 'Earthdawn'),
(171, 'une maison close', 'Fading Suns'),
(172, 'une maison close', 'Knight'),
(173, 'une maison close', 'La Méthode du docteur Chestel'),
(174, 'une maison close', 'Les 7 Rois'),
(175, 'une maison close', 'Les Immortels'),
(176, 'une maison close', 'Les Ombres d\'Esteren'),
(177, 'une maison close', 'Pavillon Noir'),
(178, 'une maison close', 'Ravnica'),
(179, 'une maison close', 'Scion'),
(180, 'une maison close', 'Scion Apocalypse'),
(181, 'une maison close', 'Scales'),
(182, 'une maison close', 'Secret de la 7ème Mer'),
(183, 'une maison close', 'Shayo'),
(184, 'une maison close', '13ème Age'),
(185, 'une nef', 'Yggdrasill'),
(187, 'une nef', 'In Nomine Satanis Magna Veritas'),
(189, 'une nef', 'Warhammer 40K'),
(190, 'une nef', 'Ars Magica'),
(191, 'une nef', 'Delta Green'),
(192, 'une nef', 'Dying Earth'),
(195, 'une nef', 'Knight'),
(196, 'une nef', 'La Méthode du docteur Chestel'),
(199, 'une nef', 'Les Ombres d\'Esteren'),
(200, 'une nef', 'Pavillon Noir'),
(203, 'une nef', 'Scion Apocalypse'),
(204, 'une nef', 'Scales'),
(205, 'une nef', 'Secret de la 7ème Mer'),
(206, 'une nef', 'Shayo'),
(207, 'une nef', '13ème Age'),
(208, 'une taverne', 'Yggdrasill'),
(209, 'une taverne', 'Pathfinder'),
(210, 'une taverne', 'In Nomine Satanis Magna Veritas'),
(211, 'une taverne', 'Deadland Reloaded'),
(212, 'une taverne', 'Warhammer 40K'),
(213, 'une taverne', 'Ars Magica'),
(215, 'une taverne', 'Dying Earth'),
(216, 'une taverne', 'Earthdawn'),
(218, 'une taverne', 'Knight'),
(219, 'une taverne', 'La Méthode du docteur Chestel'),
(220, 'une taverne', 'Les 7 Rois'),
(221, 'une taverne', 'Les Immortels'),
(222, 'une taverne', 'Les Ombres d\'Esteren'),
(223, 'une taverne', 'Pavillon Noir'),
(224, 'une taverne', 'Ravnica'),
(226, 'une taverne', 'Scion Apocalypse'),
(227, 'une taverne', 'Scales'),
(228, 'une taverne', 'Secret de la 7ème Mer'),
(229, 'une taverne', 'Shayo'),
(230, 'une taverne', '13ème Age'),
(231, 'un sanctuaire', 'Yggdrasill'),
(232, 'un sanctuaire', 'Pathfinder'),
(233, 'un sanctuaire', 'In Nomine Satanis Magna Veritas'),
(235, 'un sanctuaire', 'Warhammer 40K'),
(236, 'un sanctuaire', 'Ars Magica'),
(237, 'un sanctuaire', 'Delta Green'),
(238, 'un sanctuaire', 'Dying Earth'),
(239, 'un sanctuaire', 'Earthdawn'),
(241, 'un sanctuaire', 'Knight'),
(242, 'un sanctuaire', 'La Méthode du docteur Chestel'),
(243, 'un sanctuaire', 'Les 7 Rois'),
(244, 'un sanctuaire', 'Les Immortels'),
(245, 'un sanctuaire', 'Les Ombres d\'Esteren'),
(246, 'un sanctuaire', 'Pavillon Noir'),
(247, 'un sanctuaire', 'Ravnica'),
(249, 'un sanctuaire', 'Scion Apocalypse'),
(250, 'un sanctuaire', 'Scales'),
(251, 'un sanctuaire', 'Secret de la 7ème Mer'),
(252, 'un sanctuaire', 'Shayo'),
(253, 'un sanctuaire', '13ème Age'),
(254, 'des oubliettes', 'Yggdrasill'),
(255, 'des oubliettes', 'Pathfinder'),
(256, 'des oubliettes', 'In Nomine Satanis Magna Veritas'),
(257, 'des oubliettes', 'Deadland Reloaded'),
(258, 'des oubliettes', 'Warhammer 40K'),
(259, 'des oubliettes', 'Ars Magica'),
(261, 'des oubliettes', 'Dying Earth'),
(262, 'des oubliettes', 'Earthdawn'),
(264, 'des oubliettes', 'Knight'),
(265, 'des oubliettes', 'La Méthode du docteur Chestel'),
(266, 'des oubliettes', 'Les 7 Rois'),
(267, 'des oubliettes', 'Les Immortels'),
(268, 'des oubliettes', 'Les Ombres d\'Esteren'),
(269, 'des oubliettes', 'Pavillon Noir'),
(270, 'des oubliettes', 'Ravnica'),
(272, 'des oubliettes', 'Scion Apocalypse'),
(273, 'des oubliettes', 'Scales'),
(274, 'des oubliettes', 'Secret de la 7ème Mer'),
(275, 'des oubliettes', 'Shayo'),
(276, 'des oubliettes', '13ème Age'),
(277, 'la salle du trône', 'Yggdrasill'),
(278, 'la salle du trône', 'Pathfinder'),
(279, 'la salle du trône', 'In Nomine Satanis Magna Veritas'),
(282, 'la salle d\'un trône', 'Ars Magica'),
(284, 'la salle du trône', 'Dying Earth'),
(285, 'la salle du trône', 'Earthdawn'),
(287, 'la salle du trône', 'Knight'),
(288, 'la salle du trône', 'La Méthode du docteur Chestel'),
(289, 'la salle du trône', 'Les 7 Rois'),
(291, 'la salle du trône', 'Les Ombres d\'Esteren'),
(295, 'la salle du trône', 'Scion Apocalypse'),
(296, 'la salle du trône', 'Scales'),
(298, 'la salle du trône', 'Shayo'),
(299, 'la salle du trône', '13ème Age'),
(300, 'une échoppe', 'Yggdrasill'),
(301, 'une échoppe', 'Pathfinder'),
(302, 'une échoppe', 'In Nomine Satanis Magna Veritas'),
(303, 'une échoppe', 'Deadland Reloaded'),
(304, 'une échoppe', 'Warhammer 40K'),
(305, 'une échoppe', 'Ars Magica'),
(306, 'une échoppe', 'Delta Green'),
(307, 'une échoppe', 'Dying Earth'),
(308, 'une échoppe', 'Earthdawn'),
(310, 'une échoppe', 'Knight'),
(311, 'une échoppe', 'La Méthode du docteur Chestel'),
(312, 'une échoppe', 'Les 7 Rois'),
(313, 'une échoppe', 'Les Immortels'),
(314, 'une échoppe', 'Les Ombres d\'Esteren'),
(315, 'une échoppe', 'Pavillon Noir'),
(316, 'une échoppe', 'Ravnica'),
(317, 'une échoppe', 'Scion'),
(318, 'une échoppe', 'Scion Apocalypse'),
(319, 'une échoppe', 'Scales'),
(320, 'une échoppe', 'Secret de la 7ème Mer'),
(321, 'une échoppe', 'Shayo'),
(322, 'une échoppe', '13ème Age'),
(323, 'une mine', 'Yggdrasill'),
(324, 'une mine', 'Pathfinder'),
(325, 'une mine', 'In Nomine Satanis Magna Veritas'),
(326, 'une mine', 'Deadland Reloaded'),
(328, 'une mine', 'Ars Magica'),
(329, 'une mine', 'Delta Green'),
(330, 'une mine', 'Dying Earth'),
(331, 'une mine', 'Earthdawn'),
(332, 'une mine', 'Fading Suns'),
(333, 'une mine', 'Knight'),
(334, 'une mine', 'La Méthode du docteur Chestel'),
(335, 'une mine', 'Les 7 Rois'),
(336, 'une mine', 'Les Immortels'),
(337, 'une mine', 'Les Ombres d\'Esteren'),
(338, 'une mine', 'Pavillon Noir'),
(339, 'une mine', 'Ravnica'),
(340, 'une mine', 'Scion'),
(341, 'une mine', 'Scion Apocalypse'),
(342, 'une mine', 'Scales'),
(343, 'une mine', 'Secret de la 7ème Mer'),
(344, 'une mine', 'Shayo'),
(345, 'une mine', '13ème Age'),
(347, 'un antre de dragon', 'Pathfinder'),
(351, 'un antre de dragon', 'Ars Magica'),
(353, 'un antre de dragon', 'Dying Earth'),
(356, 'un antre de dragon', 'Knight'),
(357, 'un antre de dragon', 'La Méthode du docteur Chestel'),
(367, 'un antre de dragon', 'Shayo'),
(368, 'un antre de dragon', '13ème Age'),
(369, 'un port', 'Yggdrasill'),
(370, 'un port', 'Pathfinder'),
(371, 'un port', 'In Nomine Satanis Magna Veritas'),
(372, 'un port', 'Deadland Reloaded'),
(374, 'un port', 'Ars Magica'),
(375, 'un port', 'Delta Green'),
(376, 'un port', 'Dying Earth'),
(377, 'un port', 'Earthdawn'),
(378, 'un port', 'Fading Suns'),
(380, 'un port', 'La Méthode du docteur Chestel'),
(381, 'un port', 'Les 7 Rois'),
(382, 'un port', 'Les Immortels'),
(383, 'un port', 'Les Ombres d\'Esteren'),
(384, 'un port', 'Pavillon Noir'),
(386, 'un port', 'Scion'),
(387, 'un port', 'Scion Apocalypse'),
(388, 'un port', 'Scales'),
(389, 'un port', 'Secret de la 7ème Mer'),
(390, 'un port', 'Shayo'),
(391, 'un port', '13ème Age'),
(393, 'une province', 'Pathfinder'),
(394, 'une province', 'In Nomine Satanis Magna Veritas'),
(395, 'une province', 'Deadland Reloaded'),
(397, 'une province', 'Ars Magica'),
(398, 'une province', 'Delta Green'),
(400, 'une province', 'Earthdawn'),
(403, 'une province', 'La Méthode du docteur Chestel'),
(404, 'une province', 'Les 7 Rois'),
(405, 'une province', 'Les Immortels'),
(409, 'une province', 'Scion'),
(410, 'une province', 'Scion Apocalypse'),
(411, 'une province', 'Scales'),
(412, 'une province', 'Secret de la 7ème Mer'),
(413, 'une province', 'Shayo'),
(414, 'une province', '13ème Age'),
(416, 'un scriptorium', 'Pathfinder'),
(419, 'un scriptorium', 'Warhammer 40K'),
(420, 'un scriptorium', 'Ars Magica'),
(422, 'un scriptorium', 'Dying Earth'),
(425, 'un scriptorium', 'Knight'),
(426, 'un scriptorium', 'La Méthode du docteur Chestel'),
(428, 'un scriptorium', 'Les Immortels'),
(429, 'un scriptorium', 'Les Ombres d\'Esteren'),
(431, 'un scriptorium', 'Ravnica'),
(432, 'un scriptorium', 'Scion'),
(433, 'un scriptorium', 'Scion Apocalypse'),
(437, 'un scriptorium', '13ème Age'),
(438, 'un bagne', 'Yggdrasill'),
(439, 'un bagne', 'Pathfinder'),
(441, 'un bagne', 'Deadland Reloaded'),
(442, 'un bagne', 'Warhammer 40K'),
(443, 'un bagne', 'Ars Magica'),
(444, 'un bagne', 'Delta Green'),
(449, 'un bagne', 'La Méthode du docteur Chestel'),
(451, 'un bagne', 'Les Immortels'),
(452, 'un bagne', 'Les Ombres d\'Esteren'),
(453, 'un bagne', 'Pavillon Noir'),
(454, 'un bagne', 'Ravnica'),
(455, 'un bagne', 'Scion'),
(456, 'un bagne', 'Scion Apocalypse'),
(457, 'un bagne', 'Scales'),
(458, 'un bagne', 'Secret de la 7ème Mer'),
(459, 'un bagne', 'Shayo'),
(460, 'un bagne', '13ème Age'),
(463, 'un palace', 'In Nomine Satanis Magna Veritas'),
(464, 'un palace', 'Deadland Reloaded'),
(467, 'un palace', 'Delta Green'),
(468, 'un palace', 'Dying Earth'),
(470, 'un palace', 'Fading Suns'),
(472, 'un palace', 'La Méthode du docteur Chestel'),
(473, 'un palace', 'Les 7 Rois'),
(474, 'un palace', 'Les Immortels'),
(476, 'un palace', 'Pavillon Noir'),
(477, 'un palace', 'Ravnica'),
(478, 'un palace', 'Scion'),
(479, 'un palace', 'Scion Apocalypse'),
(480, 'un palace', 'Scales'),
(482, 'un palace', 'Shayo'),
(483, 'un palace', '13ème Age'),
(485, 'une capitale', 'Pathfinder'),
(486, 'une capitale', 'In Nomine Satanis Magna Veritas'),
(487, 'une capitale', 'Deadland Reloaded'),
(488, 'une capitale', 'Warhammer 40K'),
(489, 'une capitale', 'Ars Magica'),
(490, 'une capitale', 'Delta Green'),
(491, 'une capitale', 'Dying Earth'),
(492, 'une capitale', 'Earthdawn'),
(493, 'une capitale', 'Fading Suns'),
(494, 'une capitale', 'Knight'),
(495, 'une capitale', 'La Méthode du docteur Chestel'),
(496, 'une capitale', 'Les 7 Rois'),
(497, 'une capitale', 'Les Immortels'),
(498, 'une capitale', 'Les Ombres d\'Esteren'),
(499, 'une capitale', 'Pavillon Noir'),
(500, 'une capitale', 'Ravnica'),
(501, 'une capitale', 'Scion'),
(502, 'une capitale', 'Scion Apocalypse'),
(503, 'une capitale', 'Scales'),
(504, 'une capitale', 'Secret de la 7ème Mer'),
(506, 'une capitale', '13ème Age'),
(508, 'un laboratoire', 'Pathfinder'),
(509, 'un laboratoire', 'In Nomine Satanis Magna Veritas'),
(510, 'un laboratoire', 'Deadland Reloaded'),
(511, 'un laboratoire', 'Warhammer 40K'),
(512, 'un laboratoire', 'Ars Magica'),
(513, 'un laboratoire', 'Delta Green'),
(514, 'un laboratoire', 'Dying Earth'),
(515, 'un laboratoire', 'Earthdawn'),
(516, 'un laboratoire', 'Fading Suns'),
(517, 'un laboratoire', 'Knight'),
(518, 'un laboratoire', 'La Méthode du docteur Chestel'),
(519, 'un laboratoire', 'Les 7 Rois'),
(520, 'un laboratoire', 'Les Immortels'),
(521, 'un laboratoire', 'Les Ombres d\'Esteren'),
(522, 'un laboratoire', 'Pavillon Noir'),
(523, 'un laboratoire', 'Ravnica'),
(524, 'un laboratoire', 'Scion'),
(525, 'un laboratoire', 'Scion Apocalypse'),
(526, 'un laboratoire', 'Scales'),
(527, 'un laboratoire', 'Secret de la 7ème Mer'),
(528, 'un laboratoire', 'Shayo'),
(529, 'un laboratoire', '13ème Age'),
(530, 'une fête foraine', 'Yggdrasill'),
(531, 'une fête foraine', 'Pathfinder'),
(532, 'une fête foraine', 'In Nomine Satanis Magna Veritas'),
(533, 'une fête foraine', 'Deadland Reloaded'),
(535, 'une fête foraine', 'Ars Magica'),
(536, 'une fête foraine', 'Delta Green'),
(537, 'une fête foraine', 'Dying Earth'),
(538, 'une fête foraine', 'Earthdawn'),
(541, 'une fête foraine', 'La Méthode du docteur Chestel'),
(542, 'une fête foraine', 'Les 7 Rois'),
(543, 'une fête foraine', 'Les Immortels'),
(544, 'une fête foraine', 'Les Ombres d\'Esteren'),
(546, 'une fête foraine', 'Ravnica'),
(547, 'une fête foraine', 'Scion'),
(548, 'une fête foraine', 'Scion Apocalypse'),
(549, 'une fête foraine', 'Scales'),
(551, 'une fête foraine', 'Shayo'),
(552, 'une fête foraine', '13ème Age'),
(553, 'un hôpital', 'Yggdrasill'),
(555, 'un hôpital', 'In Nomine Satanis Magna Veritas'),
(556, 'un hôpital', 'Deadland Reloaded'),
(558, 'un hôpital', 'Ars Magica'),
(559, 'un hôpital', 'Delta Green'),
(562, 'un hôpital', 'Fading Suns'),
(563, 'un hôpital', 'Knight'),
(564, 'un hôpital', 'La Méthode du docteur Chestel'),
(565, 'un hôpital', 'Les 7 Rois'),
(566, 'un hôpital', 'Les Immortels'),
(567, 'un hôpital', 'Les Ombres d\'Esteren'),
(568, 'un hôpital', 'Pavillon Noir'),
(569, 'un hôpital', 'Ravnica'),
(570, 'un hôpital', 'Scion'),
(571, 'un hôpital', 'Scion Apocalypse'),
(572, 'un hôpital', 'Scales'),
(574, 'un hôpital', 'Shayo'),
(575, 'un hôpital', '13ème Age'),
(576, 'une église', 'Yggdrasill'),
(577, 'une église', 'Pathfinder'),
(578, 'une église', 'In Nomine Satanis Magna Veritas'),
(579, 'une église', 'Deadland Reloaded'),
(580, 'une église', 'Warhammer 40K'),
(581, 'une église', 'Ars Magica'),
(582, 'une église', 'Delta Green'),
(583, 'une église', 'Dying Earth'),
(585, 'une église', 'Fading Suns'),
(586, 'une église', 'Knight'),
(587, 'une église', 'La Méthode du docteur Chestel'),
(588, 'une église', 'Les 7 Rois'),
(589, 'une église', 'Les Immortels'),
(590, 'une église', 'Les Ombres d\'Esteren'),
(591, 'une église', 'Pavillon Noir'),
(592, 'une église', 'Ravnica'),
(593, 'une église', 'Scion'),
(594, 'une église', 'Scion Apocalypse'),
(595, 'une église', 'Scales'),
(596, 'une église', 'Secret de la 7ème Mer'),
(597, 'une église', 'Shayo'),
(598, 'une église', '13ème Age'),
(599, 'un tripot', 'Yggdrasill'),
(600, 'un tripot', 'Pathfinder'),
(602, 'un tripot', 'Deadland Reloaded'),
(604, 'un tripot', 'Ars Magica'),
(606, 'un tripot', 'Dying Earth'),
(607, 'un tripot', 'Earthdawn'),
(609, 'un tripot', 'Knight'),
(610, 'un tripot', 'La Méthode du docteur Chestel'),
(612, 'un tripot', 'Les Immortels'),
(613, 'un tripot', 'Les Ombres d\'Esteren'),
(614, 'un tripot', 'Pavillon Noir'),
(615, 'un tripot', 'Ravnica'),
(616, 'un tripot', 'Scion'),
(619, 'un tripot', 'Secret de la 7ème Mer'),
(621, 'un tripot', '13ème Age'),
(628, 'un dirigeable', 'Delta Green'),
(630, 'un dirigeable', 'Earthdawn'),
(633, 'un dirigeable', 'La Méthode du docteur Chestel'),
(634, 'un dirigeable', 'Les 7 Rois'),
(635, 'un dirigeable', 'Les Immortels'),
(638, 'un dirigeable', 'Ravnica'),
(639, 'un dirigeable', 'Scion'),
(640, 'un dirigeable', 'Scion Apocalypse'),
(641, 'un dirigeable', 'Scales'),
(642, 'un dirigeable', 'Secret de la 7ème Mer'),
(644, 'un dirigeable', '13ème Age'),
(646, 'un cabaret', 'Pathfinder'),
(647, 'un cabaret', 'In Nomine Satanis Magna Veritas'),
(648, 'un cabaret', 'Deadland Reloaded'),
(651, 'un cabaret', 'Delta Green'),
(652, 'un cabaret', 'Dying Earth'),
(654, 'un cabaret', 'Fading Suns'),
(655, 'un cabaret', 'Knight'),
(656, 'un cabaret', 'La Méthode du docteur Chestel'),
(657, 'un cabaret', 'Les 7 Rois'),
(658, 'un cabaret', 'Les Immortels'),
(660, 'un cabaret', 'Pavillon Noir'),
(662, 'un cabaret', 'Scion'),
(663, 'un cabaret', 'Scion Apocalypse'),
(664, 'un cabaret', 'Scales'),
(666, 'un cabaret', 'Shayo'),
(667, 'un cabaret', '13ème Age'),
(668, 'des catacombes', 'Yggdrasill'),
(669, 'des catacombes', 'Pathfinder'),
(670, 'des catacombes', 'In Nomine Satanis Magna Veritas'),
(671, 'des catacombes', 'Deadland Reloaded'),
(672, 'des catacombes', 'Warhammer 40K'),
(673, 'des catacombes', 'Ars Magica'),
(674, 'des catacombes', 'Delta Green'),
(675, 'des catacombes', 'Dying Earth'),
(676, 'des catacombes', 'Earthdawn'),
(678, 'des catacombes', 'Knight'),
(679, 'des catacombes', 'La Méthode du docteur Chestel'),
(680, 'des catacombes', 'Les 7 Rois'),
(681, 'des catacombes', 'Les Immortels'),
(682, 'des catacombes', 'Les Ombres d\'Esteren'),
(683, 'des catacombes', 'Pavillon Noir'),
(684, 'des catacombes', 'Ravnica'),
(685, 'des catacombes', 'Scion'),
(686, 'des catacombes', 'Scion Apocalypse'),
(687, 'des catacombes', 'Scales'),
(688, 'des catacombes', 'Secret de la 7ème Mer'),
(689, 'des catacombes', 'Shayo'),
(690, 'des catacombes', '13ème Age'),
(692, 'un théâtre', 'Pathfinder'),
(693, 'un théâtre', 'In Nomine Satanis Magna Veritas'),
(694, 'un théâtre', 'Deadland Reloaded'),
(696, 'un théâtre', 'Ars Magica'),
(697, 'un théâtre', 'Delta Green'),
(702, 'un théâtre', 'La Méthode du docteur Chestel'),
(703, 'un théâtre', 'Les 7 Rois'),
(704, 'un théâtre', 'Les Immortels'),
(707, 'un théâtre', 'Ravnica'),
(708, 'un théâtre', 'Scion'),
(709, 'un théâtre', 'Scion Apocalypse'),
(710, 'un théâtre', 'Scales'),
(711, 'un théâtre', 'Secret de la 7ème Mer'),
(712, 'un théâtre', 'Shayo'),
(713, 'un théâtre', '13ème Age'),
(714, 'une armurerie', 'Yggdrasill'),
(715, 'une armurerie', 'Pathfinder'),
(716, 'une armurerie', 'In Nomine Satanis Magna Veritas'),
(717, 'une armurerie', 'Deadland Reloaded'),
(719, 'une armurerie', 'Ars Magica'),
(720, 'une armurerie', 'Delta Green'),
(721, 'une armurerie', 'Dying Earth'),
(722, 'une armurerie', 'Earthdawn'),
(724, 'une armurerie', 'Knight'),
(725, 'une armurerie', 'La Méthode du docteur Chestel'),
(726, 'une armurerie', 'Les 7 Rois'),
(727, 'une armurerie', 'Les Immortels'),
(728, 'une armurerie', 'Les Ombres d\'Esteren'),
(729, 'une armurerie', 'Pavillon Noir'),
(730, 'une armurerie', 'Ravnica'),
(731, 'une armurerie', 'Scion'),
(732, 'une armurerie', 'Scion Apocalypse'),
(733, 'une armurerie', 'Scales'),
(734, 'une armurerie', 'Secret de la 7ème Mer'),
(735, 'une armurerie', 'Shayo'),
(736, 'une armurerie', '13ème Age'),
(738, 'une fabrique', 'Pathfinder'),
(739, 'une fabrique', 'In Nomine Satanis Magna Veritas'),
(740, 'une fabrique', 'Deadland Reloaded'),
(741, 'une fabrique', 'Warhammer 40K'),
(743, 'une fabrique', 'Delta Green'),
(746, 'une fabrique', 'Fading Suns'),
(747, 'une fabrique', 'Knight'),
(748, 'une fabrique', 'La Méthode du docteur Chestel'),
(749, 'une fabrique', 'Les 7 Rois'),
(750, 'une fabrique', 'Les Immortels'),
(752, 'une fabrique', 'Pavillon Noir'),
(753, 'une fabrique', 'Ravnica'),
(754, 'une fabrique', 'Scion'),
(755, 'une fabrique', 'Scion Apocalypse'),
(756, 'une fabrique', 'Scales'),
(757, 'une fabrique', 'Secret de la 7ème Mer'),
(759, 'une fabrique', '13ème Age'),
(762, 'un zoo', 'In Nomine Satanis Magna Veritas'),
(766, 'un zoo', 'Delta Green'),
(769, 'un zoo', 'Fading Suns'),
(771, 'un zoo', 'La Méthode du docteur Chestel'),
(772, 'un zoo', 'Les 7 Rois'),
(773, 'un zoo', 'Les Immortels'),
(777, 'un zoo', 'Scion'),
(778, 'un zoo', 'Scion Apocalypse'),
(779, 'un zoo', 'Scales'),
(782, 'un zoo', '13ème Age'),
(783, 'une colonie', 'Yggdrasill'),
(784, 'une colonie', 'Pathfinder'),
(787, 'une colonie', 'Warhammer 40K'),
(791, 'une colonie', 'Earthdawn'),
(792, 'une colonie', 'Fading Suns'),
(793, 'une colonie', 'Knight'),
(794, 'une colonie', 'La Méthode du docteur Chestel'),
(795, 'une colonie', 'Les 7 Rois'),
(796, 'une colonie', 'Les Immortels'),
(797, 'une colonie', 'Les Ombres d\'Esteren'),
(798, 'une colonie', 'Pavillon Noir'),
(799, 'une colonie', 'Ravnica'),
(800, 'une colonie', 'Scion'),
(801, 'une colonie', 'Scion Apocalypse'),
(802, 'une colonie', 'Scales'),
(803, 'une colonie', 'Secret de la 7ème Mer'),
(805, 'une colonie', '13ème Age'),
(807, 'une bibliothèque', 'Pathfinder'),
(808, 'une bibliothèque', 'In Nomine Satanis Magna Veritas'),
(809, 'une bibliothèque', 'Deadland Reloaded'),
(810, 'une bibliothèque', 'Warhammer 40K'),
(811, 'une bibliothèque', 'Ars Magica'),
(812, 'une bibliothèque', 'Delta Green'),
(813, 'une bibliothèque', 'Dying Earth'),
(814, 'une bibliothèque', 'Earthdawn'),
(815, 'une bibliothèque', 'Fading Suns'),
(816, 'une bibliothèque', 'Knight'),
(817, 'une bibliothèque', 'La Méthode du docteur Chestel'),
(818, 'une bibliothèque', 'Les 7 Rois'),
(819, 'une bibliothèque', 'Les Immortels'),
(820, 'une bibliothèque', 'Les Ombres d\'Esteren'),
(821, 'une bibliothèque', 'Pavillon Noir'),
(822, 'une bibliothèque', 'Ravnica'),
(823, 'une bibliothèque', 'Scion'),
(824, 'une bibliothèque', 'Scion Apocalypse'),
(825, 'une bibliothèque', 'Scales'),
(826, 'une bibliothèque', 'Secret de la 7ème Mer'),
(827, 'une bibliothèque', 'Shayo'),
(828, 'une bibliothèque', '13ème Age'),
(830, 'une prison', 'Pathfinder'),
(831, 'une prison', 'In Nomine Satanis Magna Veritas'),
(832, 'une prison', 'Deadland Reloaded'),
(833, 'une prison', 'Warhammer 40K'),
(834, 'une prison', 'Ars Magica'),
(835, 'une prison', 'Delta Green'),
(836, 'une prison', 'Dying Earth'),
(838, 'une prison', 'Fading Suns'),
(839, 'une prison', 'Knight'),
(840, 'une prison', 'La Méthode du docteur Chestel'),
(841, 'une prison', 'Les 7 Rois'),
(842, 'une prison', 'Les Immortels'),
(843, 'une prison', 'Les Ombres d\'Esteren'),
(844, 'une prison', 'Pavillon Noir'),
(845, 'une prison', 'Ravnica'),
(846, 'une prison', 'Scion'),
(847, 'une prison', 'Scion Apocalypse'),
(848, 'une prison', 'Scales'),
(849, 'une prison', 'Secret de la 7ème Mer'),
(850, 'une prison', 'Shayo'),
(851, 'une prison', '13ème Age'),
(854, 'un grand hôtel', 'In Nomine Satanis Magna Veritas'),
(855, 'un grand hôtel', 'Deadland Reloaded'),
(858, 'un grand hôtel', 'Delta Green'),
(861, 'un grand hôtel', 'Fading Suns'),
(863, 'un grand hôtel', 'La Méthode du docteur Chestel'),
(864, 'un grand hôtel', 'Les 7 Rois'),
(865, 'un grand hôtel', 'Les Immortels'),
(866, 'un grand hôtel', 'Les Ombres d\'Esteren'),
(869, 'un grand hôtel', 'Scion'),
(870, 'un grand hôtel', 'Scion Apocalypse'),
(871, 'un grand hôtel', 'Scales'),
(874, 'un grand hôtel', '13ème Age'),
(877, 'une métropole', 'In Nomine Satanis Magna Veritas'),
(881, 'une métropole', 'Delta Green'),
(886, 'une métropole', 'La Méthode du docteur Chestel'),
(887, 'une métropole', 'Les 7 Rois'),
(888, 'une métropole', 'Les Immortels'),
(892, 'une métropole', 'Scion'),
(893, 'une métropole', 'Scion Apocalypse'),
(894, 'une métropole', 'Scales'),
(897, 'une métropole', '13ème Age'),
(900, 'un parc d\'attractions', 'In Nomine Satanis Magna Veritas'),
(904, 'un parc d\'attractions', 'Delta Green'),
(909, 'un parc d\'attractions', 'La Méthode du docteur Chestel'),
(910, 'un parc d\'attractions', 'Les 7 Rois'),
(911, 'un parc d\'attractions', 'Les Immortels'),
(915, 'un parc d\'attractions', 'Scion'),
(916, 'un parc d\'attractions', 'Scion Apocalypse'),
(917, 'un parc d\'attractions', 'Scales'),
(920, 'un parc d\'attractions', '13ème Age'),
(921, 'une secte', 'Yggdrasill'),
(922, 'une secte', 'Pathfinder'),
(923, 'une secte', 'In Nomine Satanis Magna Veritas'),
(924, 'une secte', 'Deadland Reloaded'),
(925, 'une secte', 'Warhammer 40K'),
(926, 'une secte', 'Ars Magica'),
(927, 'une secte', 'Delta Green'),
(928, 'une secte', 'Dying Earth'),
(929, 'une secte', 'Earthdawn'),
(930, 'une secte', 'Fading Suns'),
(931, 'une secte', 'Knight'),
(932, 'une secte', 'La Méthode du docteur Chestel'),
(933, 'une secte', 'Les 7 Rois'),
(934, 'une secte', 'Les Immortels'),
(935, 'une secte', 'Les Ombres d\'Esteren'),
(937, 'une secte', 'Ravnica'),
(938, 'une secte', 'Scion'),
(939, 'une secte', 'Scion Apocalypse'),
(940, 'une secte', 'Scales'),
(941, 'une secte', 'Secret de la 7ème Mer'),
(942, 'une secte', 'Shayo'),
(943, 'une secte', '13ème Age'),
(946, 'un casino', 'In Nomine Satanis Magna Veritas'),
(947, 'un casino', 'Deadland Reloaded'),
(950, 'un casino', 'Delta Green'),
(953, 'un casino', 'Fading Suns'),
(955, 'un casino', 'La Méthode du docteur Chestel'),
(956, 'un casino', 'Les 7 Rois'),
(957, 'un casino', 'Les Immortels'),
(961, 'un casino', 'Scion'),
(962, 'un casino', 'Scion Apocalypse'),
(963, 'un casino', 'Scales'),
(966, 'un casino', '13ème Age'),
(969, 'un paquebot', 'In Nomine Satanis Magna Veritas'),
(973, 'un paquebot', 'Delta Green'),
(978, 'un paquebot', 'La Méthode du docteur Chestel'),
(979, 'un paquebot', 'Les 7 Rois'),
(980, 'un paquebot', 'Les Immortels'),
(984, 'un paquebot', 'Scion'),
(985, 'un paquebot', 'Scion Apocalypse'),
(986, 'un paquebot', 'Scales'),
(989, 'un paquebot', '13ème Age'),
(992, 'une boîte de nuit', 'In Nomine Satanis Magna Veritas'),
(996, 'une boîte de nuit', 'Delta Green'),
(999, 'une boîte de nuit', 'Fading Suns'),
(1001, 'une boîte de nuit', 'La Méthode du docteur Chestel'),
(1002, 'une boîte de nuit', 'Les 7 Rois'),
(1003, 'une boîte de nuit', 'Les Immortels'),
(1007, 'une boîte de nuit', 'Scion'),
(1008, 'une boîte de nuit', 'Scion Apocalypse'),
(1009, 'une boîte de nuit', 'Scales'),
(1012, 'une boîte de nuit', '13ème Age'),
(1013, 'une morgue', 'Yggdrasill'),
(1014, 'une morgue', 'Pathfinder'),
(1015, 'une morgue', 'In Nomine Satanis Magna Veritas'),
(1016, 'une morgue', 'Deadland Reloaded'),
(1017, 'une morgue', 'Warhammer 40K'),
(1018, 'une morgue', 'Ars Magica'),
(1019, 'une morgue', 'Delta Green'),
(1020, 'une morgue', 'Dying Earth'),
(1021, 'une morgue', 'Earthdawn'),
(1022, 'une morgue', 'Fading Suns'),
(1023, 'une morgue', 'Knight'),
(1024, 'une morgue', 'La Méthode du docteur Chestel'),
(1025, 'une morgue', 'Les 7 Rois'),
(1026, 'une morgue', 'Les Immortels'),
(1028, 'une morgue', 'Pavillon Noir'),
(1029, 'une morgue', 'Ravnica'),
(1030, 'une morgue', 'Scion'),
(1031, 'une morgue', 'Scion Apocalypse'),
(1032, 'une morgue', 'Scales'),
(1033, 'une morgue', 'Secret de la 7ème Mer'),
(1034, 'une morgue', 'Shayo'),
(1035, 'une morgue', '13ème Age'),
(1038, 'des égouts', 'In Nomine Satanis Magna Veritas'),
(1040, 'des égouts', 'Warhammer 40K'),
(1042, 'des égouts', 'Delta Green'),
(1043, 'des égouts', 'Dying Earth'),
(1045, 'des égouts', 'Fading Suns'),
(1046, 'des égouts', 'Knight'),
(1047, 'des égouts', 'La Méthode du docteur Chestel'),
(1048, 'des égouts', 'Les 7 Rois'),
(1049, 'des égouts', 'Les Immortels'),
(1051, 'des égouts', 'Pavillon Noir'),
(1052, 'des égouts', 'Ravnica'),
(1053, 'des égouts', 'Scion'),
(1054, 'des égouts', 'Scion Apocalypse'),
(1055, 'des égouts', 'Scales'),
(1056, 'des égouts', 'Secret de la 7ème Mer'),
(1057, 'des égouts', 'Shayo'),
(1058, 'des égouts', '13ème Age'),
(1061, 'un cinéma', 'In Nomine Satanis Magna Veritas'),
(1062, 'un cinéma', 'Deadland Reloaded'),
(1065, 'un cinéma', 'Delta Green'),
(1069, 'un cinéma', 'Knight'),
(1070, 'un cinéma', 'La Méthode du docteur Chestel'),
(1071, 'un cinéma', 'Les 7 Rois'),
(1072, 'un cinéma', 'Les Immortels'),
(1076, 'un cinéma', 'Scion'),
(1077, 'un cinéma', 'Scion Apocalypse'),
(1078, 'un cinéma', 'Scales'),
(1081, 'un cinéma', '13ème Age'),
(1084, 'un supermarché', 'In Nomine Satanis Magna Veritas'),
(1088, 'un supermarché', 'Delta Green'),
(1093, 'un supermarché', 'La Méthode du docteur Chestel'),
(1094, 'un supermarché', 'Les 7 Rois'),
(1095, 'un supermarché', 'Les Immortels'),
(1099, 'un supermarché', 'Scion'),
(1100, 'un supermarché', 'Scion Apocalypse'),
(1101, 'un supermarché', 'Scales'),
(1104, 'un supermarché', '13ème Age'),
(1107, 'une centrale nucléaire', 'In Nomine Satanis Magna Veritas'),
(1111, 'une centrale nucléaire', 'Delta Green'),
(1116, 'une centrale nucléaire', 'La Méthode du docteur Chestel'),
(1117, 'une centrale nucléaire', 'Les 7 Rois'),
(1118, 'une centrale nucléaire', 'Les Immortels'),
(1122, 'une centrale nucléaire', 'Scion'),
(1123, 'une centrale nucléaire', 'Scion Apocalypse'),
(1124, 'une centrale nucléaire', 'Scales'),
(1127, 'une centrale nucléaire', '13ème Age'),
(1129, 'un grand monument', 'Pathfinder'),
(1130, 'un grand monument', 'In Nomine Satanis Magna Veritas'),
(1131, 'un grand monument', 'Deadland Reloaded'),
(1132, 'un grand monument', 'Warhammer 40K'),
(1133, 'un grand monument', 'Ars Magica'),
(1134, 'un grand monument', 'Delta Green'),
(1136, 'un grand monument', 'Earthdawn'),
(1137, 'un grand monument', 'Fading Suns'),
(1139, 'un grand monument', 'La Méthode du docteur Chestel'),
(1140, 'un grand monument', 'Les 7 Rois'),
(1141, 'un grand monument', 'Les Immortels'),
(1142, 'un grand monument', 'Les Ombres d\'Esteren'),
(1143, 'un grand monument', 'Pavillon Noir'),
(1144, 'un grand monument', 'Ravnica'),
(1145, 'un grand monument', 'Scion'),
(1146, 'un grand monument', 'Scion Apocalypse'),
(1147, 'un grand monument', 'Scales'),
(1148, 'un grand monument', 'Secret de la 7ème Mer'),
(1149, 'un grand monument', 'Shayo'),
(1150, 'un grand monument', '13ème Age'),
(1153, 'un aéroport', 'In Nomine Satanis Magna Veritas'),
(1157, 'un aéroport', 'Delta Green'),
(1162, 'un aéroport', 'La Méthode du docteur Chestel'),
(1163, 'un aéroport', 'Les 7 Rois'),
(1164, 'un aéroport', 'Les Immortels'),
(1168, 'un aéroport', 'Scion'),
(1169, 'un aéroport', 'Scion Apocalypse'),
(1170, 'un aéroport', 'Scales'),
(1173, 'un aéroport', '13ème Age'),
(1176, 'une base militaire', 'In Nomine Satanis Magna Veritas'),
(1177, 'une base militaire', 'Deadland Reloaded'),
(1178, 'une base militaire', 'Warhammer 40K'),
(1180, 'une base militaire', 'Delta Green'),
(1183, 'une base militaire', 'Fading Suns'),
(1184, 'une base militaire', 'Knight'),
(1185, 'une base militaire', 'La Méthode du docteur Chestel'),
(1186, 'une base militaire', 'Les 7 Rois'),
(1187, 'une base militaire', 'Les Immortels'),
(1189, 'une base militaire', 'Pavillon Noir'),
(1191, 'une base militaire', 'Scion'),
(1192, 'une base militaire', 'Scion Apocalypse'),
(1193, 'une base militaire', 'Scales'),
(1196, 'une base militaire', '13ème Age'),
(1199, 'une médiathèque', 'In Nomine Satanis Magna Veritas'),
(1201, 'une médiathèque', 'Warhammer 40K'),
(1203, 'une médiathèque', 'Delta Green'),
(1206, 'une médiathèque', 'Fading Suns'),
(1208, 'une médiathèque', 'La Méthode du docteur Chestel'),
(1209, 'une médiathèque', 'Les 7 Rois'),
(1210, 'une médiathèque', 'Les Immortels'),
(1214, 'une médiathèque', 'Scion'),
(1215, 'une médiathèque', 'Scion Apocalypse'),
(1219, 'une médiathèque', '13ème Age'),
(1221, 'un pénitencier', 'Pathfinder'),
(1223, 'un pénitencier', 'Deadland Reloaded'),
(1224, 'un pénitencier', 'Warhammer 40K'),
(1225, 'un pénitencier', 'Ars Magica'),
(1226, 'un pénitencier', 'Delta Green'),
(1227, 'un pénitencier', 'Dying Earth'),
(1229, 'un pénitencier', 'Fading Suns'),
(1230, 'un pénitencier', 'Knight'),
(1231, 'un pénitencier', 'La Méthode du docteur Chestel'),
(1232, 'un pénitencier', 'Les 7 Rois'),
(1233, 'un pénitencier', 'Les Immortels'),
(1234, 'un pénitencier', 'Les Ombres d\'Esteren'),
(1235, 'un pénitencier', 'Pavillon Noir'),
(1236, 'un pénitencier', 'Ravnica'),
(1237, 'un pénitencier', 'Scion'),
(1238, 'un pénitencier', 'Scion Apocalypse'),
(1239, 'un pénitencier', 'Scales'),
(1240, 'un pénitencier', 'Secret de la 7ème Mer'),
(1242, 'un pénitencier', '13ème Age'),
(1245, 'un motel', 'In Nomine Satanis Magna Veritas'),
(1249, 'un motel', 'Delta Green'),
(1254, 'un motel', 'La Méthode du docteur Chestel'),
(1255, 'un motel', 'Les 7 Rois'),
(1256, 'un motel', 'Les Immortels'),
(1260, 'un motel', 'Scion'),
(1261, 'un motel', 'Scion Apocalypse'),
(1262, 'un motel', 'Scales'),
(1265, 'un motel', '13ème Age'),
(1268, 'une mégapole', 'In Nomine Satanis Magna Veritas'),
(1272, 'une mégapole', 'Delta Green'),
(1275, 'une mégapole', 'Fading Suns'),
(1277, 'une mégapole', 'La Méthode du docteur Chestel'),
(1278, 'une mégapole', 'Les 7 Rois'),
(1279, 'une mégapole', 'Les Immortels'),
(1283, 'une mégapole', 'Scion'),
(1285, 'une mégapole', 'Scales'),
(1288, 'une mégapole', '13ème Age'),
(1291, 'une banque d\'organes', 'In Nomine Satanis Magna Veritas'),
(1293, 'une banque d\'organes', 'Warhammer 40K'),
(1295, 'une banque d\'organes', 'Delta Green'),
(1298, 'une banque d\'organes', 'Fading Suns'),
(1300, 'une banque d\'organes', 'La Méthode du docteur Chestel'),
(1301, 'une banque d\'organes', 'Les 7 Rois'),
(1302, 'une banque d\'organes', 'Les Immortels'),
(1306, 'une banque d\'organes', 'Scion'),
(1307, 'une banque d\'organes', 'Scion Apocalypse'),
(1308, 'une banque d\'organes', 'Scales'),
(1311, 'une banque d\'organes', '13ème Age'),
(1313, 'un terrain vague', 'Pathfinder'),
(1314, 'un terrain vague', 'In Nomine Satanis Magna Veritas'),
(1315, 'un terrain vague', 'Deadland Reloaded'),
(1316, 'un terrain vague', 'Warhammer 40K'),
(1318, 'un terrain vague', 'Delta Green'),
(1319, 'un terrain vague', 'Dying Earth'),
(1322, 'un terrain vague', 'Knight'),
(1323, 'un terrain vague', 'La Méthode du docteur Chestel'),
(1324, 'un terrain vague', 'Les 7 Rois'),
(1325, 'un terrain vague', 'Les Immortels'),
(1329, 'un terrain vague', 'Scion'),
(1330, 'un terrain vague', 'Scion Apocalypse'),
(1331, 'un terrain vague', 'Scales'),
(1334, 'un terrain vague', '13ème Age'),
(1336, 'un asile psychiatrique', 'Pathfinder'),
(1337, 'un asile psychiatrique', 'In Nomine Satanis Magna Veritas'),
(1338, 'un asile psychiatrique', 'Deadland Reloaded'),
(1340, 'un asile psychiatrique', 'Ars Magica'),
(1341, 'un asile psychiatrique', 'Delta Green'),
(1342, 'un asile psychiatrique', 'Dying Earth'),
(1344, 'un asile psychiatrique', 'Fading Suns'),
(1345, 'un asile psychiatrique', 'Knight'),
(1346, 'un asile psychiatrique', 'La Méthode du docteur Chestel'),
(1347, 'un asile psychiatrique', 'Les 7 Rois'),
(1348, 'un asile psychiatrique', 'Les Immortels'),
(1349, 'un asile psychiatrique', 'Les Ombres d\'Esteren'),
(1350, 'un asile psychiatrique', 'Pavillon Noir'),
(1351, 'un asile psychiatrique', 'Ravnica'),
(1352, 'un asile psychiatrique', 'Scion'),
(1354, 'un asile psychiatrique', 'Scales'),
(1355, 'un asile psychiatrique', 'Secret de la 7ème Mer'),
(1357, 'un asile psychiatrique', '13ème Age'),
(1362, 'une nécrocathédrale', 'Warhammer 40K'),
(1363, 'une nécrocathédrale', 'Ars Magica'),
(1367, 'une nécrocathédrale', 'Fading Suns'),
(1369, 'une nécrocathédrale', 'La Méthode du docteur Chestel'),
(1380, 'une nécrocathédrale', '13ème Age'),
(1382, 'une salle de jeux', 'Pathfinder'),
(1383, 'une salle de jeux', 'In Nomine Satanis Magna Veritas'),
(1385, 'une salle de jeux', 'Warhammer 40K'),
(1387, 'une salle de jeux', 'Delta Green'),
(1388, 'une salle de jeux', 'Dying Earth'),
(1391, 'une salle de jeux', 'Knight'),
(1392, 'une salle de jeux', 'La Méthode du docteur Chestel'),
(1393, 'une salle de jeux', 'Les 7 Rois'),
(1398, 'une salle de jeux', 'Scion'),
(1400, 'une salle de jeux', 'Scales'),
(1401, 'une salle de jeux', 'Secret de la 7ème Mer'),
(1402, 'une salle de jeux', 'Shayo'),
(1403, 'une salle de jeux', '13ème Age'),
(1408, 'un spatiocargo', 'Warhammer 40K'),
(1413, 'un spatiocargo', 'Fading Suns'),
(1415, 'un spatiocargo', 'La Méthode du docteur Chestel'),
(1426, 'un spatiocargo', '13ème Age'),
(1429, 'un club', 'In Nomine Satanis Magna Veritas'),
(1433, 'un club', 'Delta Green'),
(1436, 'un club', 'Fading Suns'),
(1438, 'un club', 'La Méthode du docteur Chestel'),
(1439, 'un club', 'Les 7 Rois'),
(1440, 'un club', 'Les Immortels'),
(1444, 'un club', 'Scion'),
(1446, 'un club', 'Scales'),
(1449, 'un club', '13ème Age'),
(1452, 'un crématorium', 'In Nomine Satanis Magna Veritas'),
(1454, 'un crématorium', 'Warhammer 40K'),
(1456, 'un crématorium', 'Delta Green'),
(1457, 'un crématorium', 'Dying Earth'),
(1459, 'un crématorium', 'Fading Suns'),
(1461, 'un crématorium', 'La Méthode du docteur Chestel'),
(1462, 'un crématorium', 'Les 7 Rois'),
(1463, 'un crématorium', 'Les Immortels'),
(1465, 'un crématorium', 'Pavillon Noir'),
(1472, 'un crématorium', '13ème Age'),
(1482, 'un holociné', 'Fading Suns'),
(1484, 'un holociné', 'La Méthode du docteur Chestel'),
(1495, 'un holociné', '13ème Age'),
(1497, 'un souk', 'Pathfinder'),
(1498, 'un souk', 'In Nomine Satanis Magna Veritas'),
(1501, 'un souk', 'Ars Magica'),
(1502, 'un souk', 'Delta Green'),
(1506, 'un souk', 'Knight'),
(1507, 'un souk', 'La Méthode du docteur Chestel'),
(1508, 'un souk', 'Les 7 Rois'),
(1509, 'un souk', 'Les Immortels'),
(1511, 'un souk', 'Pavillon Noir'),
(1513, 'un souk', 'Scion'),
(1514, 'un souk', 'Scion Apocalypse'),
(1515, 'un souk', 'Scales'),
(1516, 'un souk', 'Secret de la 7ème Mer'),
(1518, 'un souk', '13ème Age'),
(1521, 'une usine', 'In Nomine Satanis Magna Veritas'),
(1523, 'une usine', 'Warhammer 40K'),
(1525, 'une usine', 'Delta Green'),
(1527, 'une usine', 'Earthdawn'),
(1528, 'une usine', 'Fading Suns'),
(1529, 'une usine', 'Knight'),
(1530, 'une usine', 'La Méthode du docteur Chestel'),
(1531, 'une usine', 'Les 7 Rois'),
(1532, 'une usine', 'Les Immortels'),
(1536, 'une usine', 'Scion'),
(1537, 'une usine', 'Scion Apocalypse'),
(1538, 'une usine', 'Scales'),
(1539, 'une usine', 'Secret de la 7ème Mer'),
(1541, 'une usine', '13ème Age'),
(1544, 'la matrice', 'In Nomine Satanis Magna Veritas'),
(1552, 'la matrice', 'Knight'),
(1553, 'la matrice', 'La Méthode du docteur Chestel'),
(1564, 'la matrice', '13ème Age'),
(1569, 'un astroport', 'Warhammer 40K'),
(1574, 'un astroport', 'Fading Suns'),
(1576, 'un astroport', 'La Méthode du docteur Chestel'),
(1587, 'un astroport', '13ème Age'),
(1592, 'un QG corporatiste', 'Warhammer 40K'),
(1599, 'un QG corporatiste', 'La Méthode du docteur Chestel'),
(1610, 'un QG corporatiste', '13ème Age'),
(1615, 'un centre informatique', 'Warhammer 40K'),
(1617, 'un centre informatique', 'Delta Green'),
(1622, 'un centre informatique', 'La Méthode du docteur Chestel'),
(1623, 'un centre informatique', 'Les 7 Rois'),
(1624, 'un centre informatique', 'Les Immortels'),
(1628, 'un centre informatique', 'Scion'),
(1633, 'un centre informatique', '13ème Age'),
(1634, 'un campement', 'Yggdrasill'),
(1635, 'un campement', 'Pathfinder'),
(1637, 'un campement', 'Deadland Reloaded'),
(1638, 'un campement', 'Warhammer 40K'),
(1639, 'un campement', 'Ars Magica'),
(1641, 'un campement', 'Dying Earth'),
(1642, 'un campement', 'Earthdawn'),
(1645, 'un campement', 'La Méthode du docteur Chestel'),
(1646, 'un campement', 'Les 7 Rois'),
(1647, 'un campement', 'Les Immortels'),
(1648, 'un campement', 'Les Ombres d\'Esteren'),
(1649, 'un campement', 'Pavillon Noir'),
(1651, 'un campement', 'Scion'),
(1652, 'un campement', 'Scion Apocalypse'),
(1653, 'un campement', 'Scales'),
(1654, 'un campement', 'Secret de la 7ème Mer'),
(1655, 'un campement', 'Shayo'),
(1656, 'un campement', '13ème Age'),
(1657, 'un ghetto', 'Yggdrasill'),
(1659, 'un ghetto', 'In Nomine Satanis Magna Veritas'),
(1661, 'un ghetto', 'Warhammer 40K'),
(1663, 'un ghetto', 'Delta Green'),
(1665, 'un ghetto', 'Earthdawn'),
(1667, 'un ghetto', 'Knight'),
(1668, 'un ghetto', 'La Méthode du docteur Chestel'),
(1669, 'un ghetto', 'Les 7 Rois'),
(1670, 'un ghetto', 'Les Immortels'),
(1672, 'un ghetto', 'Pavillon Noir'),
(1673, 'un ghetto', 'Ravnica'),
(1674, 'un ghetto', 'Scion'),
(1675, 'un ghetto', 'Scion Apocalypse'),
(1676, 'un ghetto', 'Scales'),
(1679, 'un ghetto', '13ème Age'),
(1681, 'un labo miteux', 'Pathfinder'),
(1682, 'un labo miteux', 'In Nomine Satanis Magna Veritas'),
(1683, 'un labo miteux', 'Deadland Reloaded'),
(1684, 'un labo miteux', 'Warhammer 40K'),
(1685, 'un labo miteux', 'Ars Magica'),
(1686, 'un labo miteux', 'Delta Green'),
(1687, 'un labo miteux', 'Dying Earth'),
(1688, 'un labo miteux', 'Earthdawn'),
(1689, 'un labo miteux', 'Fading Suns'),
(1690, 'un labo miteux', 'Knight'),
(1691, 'un labo miteux', 'La Méthode du docteur Chestel'),
(1692, 'un labo miteux', 'Les 7 Rois'),
(1693, 'un labo miteux', 'Les Immortels'),
(1695, 'un labo miteux', 'Pavillon Noir'),
(1697, 'un labo miteux', 'Scion'),
(1698, 'un labo miteux', 'Scion Apocalypse'),
(1699, 'un labo miteux', 'Scales'),
(1702, 'un labo miteux', '13ème Age'),
(1705, 'une autoroute', 'In Nomine Satanis Magna Veritas'),
(1709, 'une autoroute', 'Delta Green'),
(1712, 'une autoroute', 'Fading Suns'),
(1714, 'une autoroute', 'La Méthode du docteur Chestel'),
(1716, 'une autoroute', 'Les Immortels'),
(1720, 'une autoroute', 'Scion'),
(1721, 'une autoroute', 'Scion Apocalypse'),
(1722, 'une autoroute', 'Scales'),
(1725, 'une autoroute', '13ème Age'),
(1727, 'un dispensaire', 'Pathfinder'),
(1728, 'un dispensaire', 'In Nomine Satanis Magna Veritas'),
(1729, 'un dispensaire', 'Deadland Reloaded'),
(1730, 'un dispensaire', 'Warhammer 40K'),
(1731, 'un dispensaire', 'Ars Magica'),
(1734, 'un dispensaire', 'Earthdawn'),
(1735, 'un dispensaire', 'Fading Suns'),
(1736, 'un dispensaire', 'Knight'),
(1737, 'un dispensaire', 'La Méthode du docteur Chestel'),
(1739, 'un dispensaire', 'Les Immortels'),
(1740, 'un dispensaire', 'Les Ombres d\'Esteren'),
(1741, 'un dispensaire', 'Pavillon Noir'),
(1744, 'un dispensaire', 'Scion Apocalypse'),
(1745, 'un dispensaire', 'Scales'),
(1746, 'un dispensaire', 'Secret de la 7ème Mer'),
(1747, 'un dispensaire', 'Shayo'),
(1748, 'un dispensaire', '13ème Age'),
(1749, 'des ruines', 'Yggdrasill'),
(1750, 'des ruines', 'Pathfinder'),
(1751, 'des ruines', 'In Nomine Satanis Magna Veritas'),
(1752, 'des ruines', 'Deadland Reloaded'),
(1753, 'des ruines', 'Warhammer 40K'),
(1754, 'des ruines', 'Ars Magica'),
(1755, 'des ruines', 'Delta Green'),
(1756, 'des ruines', 'Dying Earth'),
(1757, 'des ruines', 'Earthdawn'),
(1758, 'des ruines', 'Fading Suns'),
(1759, 'des ruines', 'Knight'),
(1760, 'des ruines', 'La Méthode du docteur Chestel'),
(1761, 'des ruines', 'Les 7 Rois'),
(1762, 'des ruines', 'Les Immortels'),
(1763, 'des ruines', 'Les Ombres d\'Esteren'),
(1764, 'des ruines', 'Pavillon Noir'),
(1765, 'des ruines', 'Ravnica'),
(1766, 'des ruines', 'Scion'),
(1767, 'des ruines', 'Scion Apocalypse'),
(1768, 'des ruines', 'Scales'),
(1769, 'des ruines', 'Secret de la 7ème Mer'),
(1770, 'des ruines', 'Shayo'),
(1771, 'des ruines', '13ème Age'),
(1772, 'une arène', 'Yggdrasill'),
(1773, 'une arène', 'Pathfinder'),
(1774, 'une arène', 'In Nomine Satanis Magna Veritas'),
(1775, 'une arène', 'Deadland Reloaded'),
(1776, 'une arène', 'Warhammer 40K'),
(1777, 'une arène', 'Ars Magica'),
(1779, 'une arène', 'Dying Earth'),
(1780, 'une arène', 'Earthdawn'),
(1781, 'une arène', 'Fading Suns'),
(1782, 'une arène', 'Knight'),
(1783, 'une arène', 'La Méthode du docteur Chestel'),
(1784, 'une arène', 'Les 7 Rois'),
(1785, 'une arène', 'Les Immortels'),
(1786, 'une arène', 'Les Ombres d\'Esteren'),
(1787, 'une arène', 'Pavillon Noir'),
(1788, 'une arène', 'Ravnica'),
(1790, 'une arène', 'Scion Apocalypse'),
(1794, 'une arène', '13ème Age'),
(1796, 'un convoi', 'Pathfinder'),
(1797, 'un convoi', 'In Nomine Satanis Magna Veritas'),
(1798, 'un convoi', 'Deadland Reloaded'),
(1801, 'un convoi', 'Delta Green'),
(1804, 'un convoi', 'Fading Suns'),
(1805, 'un convoi', 'Knight'),
(1806, 'un convoi', 'La Méthode du docteur Chestel'),
(1807, 'un convoi', 'Les 7 Rois'),
(1808, 'un convoi', 'Les Immortels'),
(1810, 'un convoi', 'Pavillon Noir'),
(1812, 'un convoi', 'Scion'),
(1813, 'un convoi', 'Scion Apocalypse'),
(1814, 'un convoi', 'Scales'),
(1815, 'un convoi', 'Secret de la 7ème Mer'),
(1817, 'un convoi', '13ème Age'),
(1819, 'un oasis', 'Pathfinder'),
(1820, 'un oasis', 'In Nomine Satanis Magna Veritas'),
(1821, 'un oasis', 'Deadland Reloaded'),
(1824, 'un oasis', 'Delta Green'),
(1825, 'un oasis', 'Dying Earth'),
(1826, 'un oasis', 'Earthdawn'),
(1829, 'un oasis', 'La Méthode du docteur Chestel'),
(1830, 'un oasis', 'Les 7 Rois'),
(1831, 'un oasis', 'Les Immortels'),
(1833, 'un oasis', 'Pavillon Noir'),
(1835, 'un oasis', 'Scion'),
(1836, 'un oasis', 'Scion Apocalypse'),
(1837, 'un oasis', 'Scales'),
(1838, 'un oasis', 'Secret de la 7ème Mer'),
(1840, 'un oasis', '13ème Age'),
(1841, 'un cimetière', 'Yggdrasill'),
(1842, 'un cimetière', 'Pathfinder'),
(1843, 'un cimetière', 'In Nomine Satanis Magna Veritas'),
(1844, 'un cimetière', 'Deadland Reloaded'),
(1845, 'un cimetière', 'Warhammer 40K'),
(1846, 'un cimetière', 'Ars Magica'),
(1847, 'un cimetière', 'Delta Green'),
(1848, 'un cimetière', 'Dying Earth'),
(1849, 'un cimetière', 'Earthdawn'),
(1850, 'un cimetière', 'Fading Suns'),
(1851, 'un cimetière', 'Knight'),
(1852, 'un cimetière', 'La Méthode du docteur Chestel'),
(1853, 'un cimetière', 'Les 7 Rois'),
(1854, 'un cimetière', 'Les Immortels'),
(1855, 'un cimetière', 'Les Ombres d\'Esteren'),
(1856, 'un cimetière', 'Pavillon Noir'),
(1857, 'un cimetière', 'Ravnica'),
(1858, 'un cimetière', 'Scion'),
(1859, 'un cimetière', 'Scion Apocalypse'),
(1860, 'un cimetière', 'Scales'),
(1861, 'un cimetière', 'Secret de la 7ème Mer'),
(1862, 'un cimetière', 'Shayo'),
(1863, 'un cimetière', '13ème Age'),
(1865, 'un bunker', 'Pathfinder'),
(1866, 'un bunker', 'In Nomine Satanis Magna Veritas'),
(1868, 'un bunker', 'Warhammer 40K'),
(1870, 'un bunker', 'Delta Green'),
(1873, 'un bunker', 'Fading Suns'),
(1875, 'un bunker', 'La Méthode du docteur Chestel'),
(1876, 'un bunker', 'Les 7 Rois'),
(1877, 'un bunker', 'Les Immortels'),
(1879, 'un bunker', 'Pavillon Noir'),
(1881, 'un bunker', 'Scion'),
(1882, 'un bunker', 'Scion Apocalypse'),
(1883, 'un bunker', 'Scales'),
(1884, 'un bunker', 'Secret de la 7ème Mer'),
(1885, 'un bunker', 'Shayo'),
(1886, 'un bunker', '13ème Age'),
(1887, 'un bâtiment en ruine', 'Yggdrasill'),
(1888, 'un bâtiment en ruine', 'Pathfinder'),
(1889, 'un bâtiment en ruine', 'In Nomine Satanis Magna Veritas'),
(1890, 'un bâtiment en ruine', 'Deadland Reloaded'),
(1891, 'un bâtiment en ruine', 'Warhammer 40K'),
(1892, 'un bâtiment en ruine', 'Ars Magica'),
(1893, 'un bâtiment en ruine', 'Delta Green'),
(1895, 'un bâtiment en ruine', 'Earthdawn'),
(1896, 'un bâtiment en ruine', 'Fading Suns'),
(1897, 'un bâtiment en ruine', 'Knight'),
(1898, 'un bâtiment en ruine', 'La Méthode du docteur Chestel'),
(1899, 'un bâtiment en ruine', 'Les 7 Rois'),
(1900, 'un bâtiment en ruine', 'Les Immortels'),
(1901, 'un bâtiment en ruine', 'Les Ombres d\'Esteren'),
(1902, 'un bâtiment en ruine', 'Pavillon Noir'),
(1903, 'un bâtiment en ruine', 'Ravnica'),
(1904, 'un bâtiment en ruine', 'Scion'),
(1905, 'un bâtiment en ruine', 'Scion Apocalypse'),
(1906, 'un bâtiment en ruine', 'Scales'),
(1907, 'un bâtiment en ruine', 'Secret de la 7ème Mer'),
(1908, 'un bâtiment en ruine', 'Shayo'),
(1909, 'un bâtiment en ruine', '13ème Age'),
(1911, 'un bazar', 'Pathfinder'),
(1912, 'un bazar', 'In Nomine Satanis Magna Veritas'),
(1913, 'un bazar', 'Deadland Reloaded'),
(1915, 'un bazar', 'Ars Magica'),
(1916, 'un bazar', 'Delta Green'),
(1917, 'un bazar', 'Dying Earth'),
(1919, 'un bazar', 'Fading Suns'),
(1920, 'un bazar', 'Knight'),
(1921, 'un bazar', 'La Méthode du docteur Chestel'),
(1922, 'un bazar', 'Les 7 Rois'),
(1923, 'un bazar', 'Les Immortels'),
(1924, 'un bazar', 'Les Ombres d\'Esteren'),
(1925, 'un bazar', 'Pavillon Noir'),
(1926, 'un bazar', 'Ravnica'),
(1927, 'un bazar', 'Scion'),
(1928, 'un bazar', 'Scion Apocalypse'),
(1929, 'un bazar', 'Scales'),
(1930, 'un bazar', 'Secret de la 7ème Mer'),
(1932, 'un bazar', '13ème Age'),
(1935, 'un hangar', 'In Nomine Satanis Magna Veritas'),
(1937, 'un hangar', 'Warhammer 40K'),
(1939, 'un hangar', 'Delta Green'),
(1942, 'un hangar', 'Fading Suns'),
(1943, 'un hangar', 'Knight'),
(1944, 'un hangar', 'La Méthode du docteur Chestel'),
(1945, 'un hangar', 'Les 7 Rois'),
(1946, 'un hangar', 'Les Immortels'),
(1948, 'un hangar', 'Pavillon Noir'),
(1949, 'un hangar', 'Ravnica'),
(1950, 'un hangar', 'Scion'),
(1951, 'un hangar', 'Scion Apocalypse'),
(1952, 'un hangar', 'Scales'),
(1953, 'un hangar', 'Secret de la 7ème Mer'),
(1955, 'un hangar', '13ème Age'),
(1958, 'une salles d\'archives', 'In Nomine Satanis Magna Veritas'),
(1959, 'une salles d\'archives', 'Deadland Reloaded'),
(1960, 'une salles d\'archives', 'Warhammer 40K'),
(1961, 'une salles d\'archives', 'Ars Magica'),
(1962, 'une salles d\'archives', 'Delta Green');
INSERT INTO `gen_lieux` (`idLieux`, `nomLieux`, `nomUnivers`) VALUES
(1963, 'une salles d\'archives', 'Dying Earth'),
(1965, 'une salles d\'archives', 'Fading Suns'),
(1967, 'une salles d\'archives', 'La Méthode du docteur Chestel'),
(1968, 'une salles d\'archives', 'Les 7 Rois'),
(1969, 'une salles d\'archives', 'Les Immortels'),
(1971, 'une salles d\'archives', 'Pavillon Noir'),
(1972, 'une salles d\'archives', 'Ravnica'),
(1973, 'une salles d\'archives', 'Scion'),
(1974, 'une salles d\'archives', 'Scion Apocalypse'),
(1975, 'une salles d\'archives', 'Scales'),
(1977, 'une salles d\'archives', 'Shayo'),
(1978, 'une salles d\'archives', '13ème Age'),
(1981, 'le métro', 'In Nomine Satanis Magna Veritas'),
(1985, 'le métro', 'Delta Green'),
(1989, 'le métro', 'Knight'),
(1990, 'le métro', 'La Méthode du docteur Chestel'),
(1991, 'le métro', 'Les 7 Rois'),
(1992, 'le métro', 'Les Immortels'),
(1996, 'le métro', 'Scion'),
(1997, 'le métro', 'Scion Apocalypse'),
(1998, 'le métro', 'Scales'),
(1999, 'le métro', 'Secret de la 7ème Mer'),
(2001, 'le métro', '13ème Age'),
(2004, 'une zone irradiée', 'In Nomine Satanis Magna Veritas'),
(2006, 'une zone irradiée', 'Warhammer 40K'),
(2008, 'une zone irradiée', 'Delta Green'),
(2011, 'une zone irradiée', 'Fading Suns'),
(2013, 'une zone irradiée', 'La Méthode du docteur Chestel'),
(2014, 'une zone irradiée', 'Les 7 Rois'),
(2015, 'une zone irradiée', 'Les Immortels'),
(2019, 'une zone irradiée', 'Scion'),
(2021, 'une zone irradiée', 'Scales'),
(2024, 'une zone irradiée', '13ème Age'),
(2025, 'l\'antre d\'un érudit', 'Yggdrasill'),
(2026, 'l\'antre d\'un érudit', 'Pathfinder'),
(2030, 'l\'antre d\'un érudit', 'Ars Magica'),
(2032, 'l\'antre d\'un érudit', 'Dying Earth'),
(2033, 'l\'antre d\'un érudit', 'Earthdawn'),
(2036, 'l\'antre d\'un érudit', 'La Méthode du docteur Chestel'),
(2037, 'l\'antre d\'un érudit', 'Les 7 Rois'),
(2038, 'l\'antre d\'un érudit', 'Les Immortels'),
(2039, 'l\'antre d\'un érudit', 'Les Ombres d\'Esteren'),
(2041, 'l\'antre d\'un érudit', 'Ravnica'),
(2044, 'l\'antre d\'un érudit', 'Scales'),
(2045, 'l\'antre d\'un érudit', 'Secret de la 7ème Mer'),
(2046, 'l\'antre d\'un érudit', 'Shayo'),
(2047, 'l\'antre d\'un érudit', '13ème Age'),
(2052, 'un satellite d\'acceuil', 'Warhammer 40K'),
(2057, 'un satellite d\'acceuil', 'Fading Suns'),
(2059, 'un satellite d\'acceuil', 'La Méthode du docteur Chestel'),
(2070, 'un satellite d\'acceuil', '13ème Age'),
(2075, 'une base spatiale', 'Warhammer 40K'),
(2080, 'une base spatiale', 'Fading Suns'),
(2082, 'une base spatiale', 'La Méthode du docteur Chestel'),
(2093, 'une base spatiale', '13ème Age'),
(2098, 'une planète', 'Warhammer 40K'),
(2103, 'une planète', 'Fading Suns'),
(2105, 'une planète', 'La Méthode du docteur Chestel'),
(2107, 'une planète', 'Les Immortels'),
(2116, 'une planète', '13ème Age'),
(2121, 'un vaisseau-hôpital', 'Warhammer 40K'),
(2126, 'un vaisseau-hôpital', 'Fading Suns'),
(2128, 'un vaisseau-hôpital', 'La Méthode du docteur Chestel'),
(2139, 'un vaisseau-hôpital', '13ème Age'),
(2144, 'un vaisseau fantôme', 'Warhammer 40K'),
(2145, 'un vaisseau fantôme', 'Ars Magica'),
(2149, 'un vaisseau fantôme', 'Fading Suns'),
(2150, 'un vaisseau fantôme', 'Knight'),
(2151, 'un vaisseau fantôme', 'La Méthode du docteur Chestel'),
(2153, 'un vaisseau fantôme', 'Les Immortels'),
(2160, 'un vaisseau fantôme', 'Secret de la 7ème Mer'),
(2162, 'un vaisseau fantôme', '13ème Age'),
(2167, 'un astéroïde casino', 'Warhammer 40K'),
(2172, 'un astéroïde du jeu', 'Fading Suns'),
(2174, 'un astéroïde du jeu', 'La Méthode du docteur Chestel'),
(2185, 'un astéroïde du jeu', '13ème Age'),
(2189, 'une barge voilé', 'Deadland Reloaded'),
(2191, 'une barge voilé', 'Ars Magica'),
(2193, 'une barge voilé', 'Dying Earth'),
(2194, 'une barge voilé', 'Earthdawn'),
(2197, 'une barge voilé', 'La Méthode du docteur Chestel'),
(2201, 'une barge voilé', 'Pavillon Noir'),
(2204, 'une barge voilé', 'Scion Apocalypse'),
(2206, 'une barge voilé', 'Secret de la 7ème Mer'),
(2208, 'une barge voilé', '13ème Age'),
(2213, 'un spatiobar', 'Warhammer 40K'),
(2218, 'un spatiobar', 'Fading Suns'),
(2220, 'un spatiobar', 'La Méthode du docteur Chestel'),
(2231, 'un spatiobar', '13ème Age'),
(2236, 'un cryosanctorium', 'Warhammer 40K'),
(2241, 'un cryosanctorium', 'Fading Suns'),
(2243, 'un cryosanctorium', 'La Méthode du docteur Chestel'),
(2254, 'un cryosanctorium', '13ème Age'),
(2259, 'un conseil galactique', 'Warhammer 40K'),
(2264, 'un conseil galactique', 'Fading Suns'),
(2266, 'un conseil galactique', 'La Méthode du docteur Chestel'),
(2277, 'un conseil galactique', '13ème Age'),
(2282, 'un marché extra terrestre', 'Warhammer 40K'),
(2287, 'un marché extra terrestre', 'Fading Suns'),
(2289, 'un marché extra terrestre', 'La Méthode du docteur Chestel'),
(2300, 'un marché extra terrestre', '13ème Age'),
(2305, 'une station minière', 'Warhammer 40K'),
(2307, 'une station minière', 'Delta Green'),
(2310, 'une station minière', 'Fading Suns'),
(2312, 'une station minière', 'La Méthode du docteur Chestel'),
(2313, 'une station minière', 'Les 7 Rois'),
(2323, 'une station minière', '13ème Age'),
(2328, 'un astre inconnu', 'Warhammer 40K'),
(2333, 'un astre inconnu', 'Fading Suns'),
(2335, 'un astre inconnu', 'La Méthode du docteur Chestel'),
(2346, 'un astre inconnu', '13ème Age'),
(2351, 'un saptioport', 'Warhammer 40K'),
(2356, 'un saptioport', 'Fading Suns'),
(2358, 'un saptioport', 'La Méthode du docteur Chestel'),
(2369, 'un saptioport', '13ème Age'),
(2374, 'une lune artificielle', 'Warhammer 40K'),
(2379, 'une lune artificielle', 'Fading Suns'),
(2381, 'une lune artificielle', 'La Méthode du docteur Chestel'),
(2392, 'une lune artificielle', '13ème Age'),
(2397, 'un champs d\'astéroïdes', 'Warhammer 40K'),
(2402, 'un champs d\'astéroïdes', 'Fading Suns'),
(2404, 'un champs d\'astéroïdes', 'La Méthode du docteur Chestel'),
(2415, 'un champs d\'astéroïdes', '13ème Age');

-- --------------------------------------------------------

--
-- Structure de la table `gen_motivations`
--

DROP TABLE IF EXISTS `gen_motivations`;
CREATE TABLE IF NOT EXISTS `gen_motivations` (
  `idMotivation` int(11) NOT NULL AUTO_INCREMENT,
  `nomMotivation` varchar(50) NOT NULL,
  PRIMARY KEY (`idMotivation`)
) ENGINE=InnoDB AUTO_INCREMENT=23 DEFAULT CHARSET=utf8;

--
-- Déchargement des données de la table `gen_motivations`
--

INSERT INTO `gen_motivations` (`idMotivation`, `nomMotivation`) VALUES
(1, 'l\'obéissance'),
(5, 'un bénéfice matériel'),
(6, 'un bénéfice immatériel'),
(7, 'un bénéfice spirituel'),
(8, 'la survie'),
(9, 'une contrainte'),
(10, 'la vengence'),
(11, 'le plaisir'),
(12, 'le fanatisme'),
(13, 'la solidarité'),
(14, 'altruisme'),
(16, 'leur curiosité'),
(17, 'méchanceté'),
(20, 'la peur'),
(21, 'une altération du discernement'),
(22, 'au choix');

-- --------------------------------------------------------

--
-- Structure de la table `gen_perso_imp`
--

DROP TABLE IF EXISTS `gen_perso_imp`;
CREATE TABLE IF NOT EXISTS `gen_perso_imp` (
  `idPersoImp` int(11) NOT NULL AUTO_INCREMENT,
  `nomRole` varchar(25) NOT NULL,
  `nomUnivers` varchar(50) NOT NULL,
  PRIMARY KEY (`idPersoImp`)
) ENGINE=InnoDB AUTO_INCREMENT=1422 DEFAULT CHARSET=utf8;

--
-- Déchargement des données de la table `gen_perso_imp`
--

INSERT INTO `gen_perso_imp` (`idPersoImp`, `nomRole`, `nomUnivers`) VALUES
(1, 'un voleur', 'Yggdrasill'),
(2, 'un voleur', 'Pathfinder'),
(3, 'un voleur', 'In Nomine Satanis Magna Veritas'),
(4, 'un voleur', 'Deadland Reloaded'),
(5, 'un voleur', 'Warhammer 40K'),
(6, 'un voleur', 'Ars Magica'),
(7, 'un voleur', 'Delta Green'),
(8, 'un voleur', 'Dying Earth'),
(9, 'un voleur', 'Earthdawn'),
(10, 'un voleur', 'Fading Suns'),
(11, 'un voleur', 'Knight'),
(12, 'un voleur', 'La Méthode du docteur Chestel'),
(13, 'un voleur', 'Les 7 Rois'),
(14, 'un voleur', 'Les Immortels'),
(15, 'un voleur', 'Les Ombres d\'Esteren'),
(16, 'un voleur', 'Pavillon Noir'),
(17, 'un voleur', 'Ravnica'),
(18, 'un voleur', 'Scion'),
(19, 'un voleur', 'Scion Apocalypse'),
(20, 'un voleur', 'Scales'),
(21, 'un voleur', 'Secret de la 7ème Mer'),
(22, 'un voleur', 'Shayo'),
(23, 'un voleur', '13ème Age'),
(24, 'un assassin', 'Yggdrasill'),
(25, 'un assassin', 'Pathfinder'),
(26, 'un assassin', 'In Nomine Satanis Magna Veritas'),
(27, 'un assassin', 'Deadland Reloaded'),
(28, 'un assassin', 'Warhammer 40K'),
(29, 'un assassin', 'Ars Magica'),
(30, 'un assassin', 'Delta Green'),
(31, 'un assassin', 'Dying Earth'),
(32, 'un assassin', 'Earthdawn'),
(33, 'un assassin', 'Fading Suns'),
(34, 'un assassin', 'Knight'),
(35, 'un assassin', 'La Méthode du docteur Chestel'),
(36, 'un assassin', 'Les 7 Rois'),
(37, 'un assassin', 'Les Immortels'),
(38, 'un assassin', 'Les Ombres d\'Esteren'),
(39, 'un assassin', 'Pavillon Noir'),
(40, 'un assassin', 'Ravnica'),
(41, 'un assassin', 'Scion'),
(42, 'un assassin', 'Scion Apocalypse'),
(43, 'un assassin', 'Scales'),
(44, 'un assassin', 'Secret de la 7ème Mer'),
(45, 'un assassin', 'Shayo'),
(46, 'un assassin', '13ème Age'),
(47, 'un magicien', 'Pathfinder'),
(48, 'un magicien', 'In Nomine Satanis Magna Veritas'),
(49, 'un magicien', 'Ars Magica'),
(50, 'un magicien', 'Delta Green'),
(51, 'un magicien', 'Dying Earth'),
(52, 'un magicien', 'Earthdawn'),
(53, 'un magicien', 'Fading Suns'),
(54, 'un magicien', 'La Méthode du docteur Chestel'),
(55, 'un magicien', 'Ravnica'),
(56, 'un magicien', 'Shayo'),
(57, 'un devin', 'Yggdrasill'),
(58, 'un devin', 'Pathfinder'),
(59, 'un devin', 'In Nomine Satanis Magna Veritas'),
(60, 'un devin', 'Deadland Reloaded'),
(61, 'un devin', 'Warhammer 40K'),
(62, 'un devin', 'Ars Magica'),
(63, 'un devin', 'Delta Green'),
(64, 'un devin', 'Dying Earth'),
(65, 'un devin', 'Earthdawn'),
(66, 'un devin', 'Fading Suns'),
(67, 'un devin', 'Knight'),
(68, 'un devin', 'La Méthode du docteur Chestel'),
(69, 'un devin', 'Les 7 Rois'),
(70, 'un devin', 'Les Immortels'),
(71, 'un devin', 'Les Ombres d\'Esteren'),
(72, 'un devin', 'Pavillon Noir'),
(73, 'un devin', 'Ravnica'),
(74, 'un devin', 'Scion'),
(75, 'un devin', 'Scion Apocalypse'),
(76, 'un devin', 'Scales'),
(77, 'un devin', 'Secret de la 7ème Mer'),
(78, 'un devin', 'Shayo'),
(79, 'un garde', 'Yggdrasill'),
(80, 'un garde', 'Pathfinder'),
(81, 'un garde', 'In Nomine Satanis Magna Veritas'),
(82, 'un garde', 'Deadland Reloaded'),
(83, 'un garde', 'Warhammer 40K'),
(84, 'un garde', 'Ars Magica'),
(85, 'un garde', 'Delta Green'),
(86, 'un garde', 'Dying Earth'),
(87, 'un garde', 'Earthdawn'),
(88, 'un garde', 'Fading Suns'),
(89, 'un garde', 'Knight'),
(90, 'un garde', 'La Méthode du docteur Chestel'),
(91, 'un garde', 'Les 7 Rois'),
(92, 'un garde', 'Les Immortels'),
(93, 'un garde', 'Les Ombres d\'Esteren'),
(94, 'un garde', 'Pavillon Noir'),
(95, 'un garde', 'Ravnica'),
(96, 'un garde', 'Scion'),
(97, 'un garde', 'Scion Apocalypse'),
(98, 'un garde', 'Scales'),
(99, 'un garde', 'Secret de la 7ème Mer'),
(100, 'un garde', 'Shayo'),
(101, 'un garde', '13ème Age'),
(102, 'un pèlerin', 'Yggdrasill'),
(103, 'un pèlerin', 'Pathfinder'),
(104, 'un pèlerin', 'In Nomine Satanis Magna Veritas'),
(105, 'un pèlerin', 'Deadland Reloaded'),
(106, 'un pèlerin', 'Warhammer 40K'),
(107, 'un pèlerin', 'Ars Magica'),
(108, 'un pèlerin', 'Delta Green'),
(109, 'un pèlerin', 'Dying Earth'),
(110, 'un pèlerin', 'Earthdawn'),
(111, 'un pèlerin', 'Fading Suns'),
(112, 'un pèlerin', 'Knight'),
(113, 'un pèlerin', 'La Méthode du docteur Chestel'),
(114, 'un pèlerin', 'Les 7 Rois'),
(115, 'un pèlerin', 'Les Immortels'),
(116, 'un pèlerin', 'Les Ombres d\'Esteren'),
(117, 'un pèlerin', 'Pavillon Noir'),
(118, 'un pèlerin', 'Ravnica'),
(119, 'un pèlerin', 'Scion'),
(120, 'un pèlerin', 'Scion Apocalypse'),
(121, 'un pèlerin', 'Scales'),
(122, 'un pèlerin', 'Secret de la 7ème Mer'),
(123, 'un pèlerin', 'Shayo'),
(124, 'un pèlerin', '13ème Age'),
(125, 'une guilde', 'Yggdrasill'),
(126, 'une guilde', 'Pathfinder'),
(127, 'une guilde', 'Ars Magica'),
(128, 'une guilde', 'Delta Green'),
(129, 'une guilde', 'Dying Earth'),
(130, 'une guilde', 'Earthdawn'),
(131, 'une guilde', 'Fading Suns'),
(132, 'une guilde', 'Knight'),
(133, 'une guilde', 'La Méthode du docteur Chestel'),
(134, 'une guilde', 'Les 7 Rois'),
(135, 'une guilde', 'Les Ombres d\'Esteren'),
(136, 'une guilde', 'Pavillon Noir'),
(137, 'une guilde', 'Secret de la 7ème Mer'),
(138, 'une guilde', 'Shayo'),
(139, 'un troubadour', 'Yggdrasill'),
(140, 'un troubadour', 'Pathfinder'),
(141, 'un troubadour', 'In Nomine Satanis Magna Veritas'),
(142, 'un troubadour', 'Deadland Reloaded'),
(143, 'un troubadour', 'Ars Magica'),
(144, 'un troubadour', 'Delta Green'),
(145, 'un troubadour', 'Dying Earth'),
(146, 'un troubadour', 'Earthdawn'),
(147, 'un troubadour', 'Fading Suns'),
(148, 'un troubadour', 'La Méthode du docteur Chestel'),
(149, 'un troubadour', 'Les 7 Rois'),
(150, 'un troubadour', 'Les Immortels'),
(151, 'un troubadour', 'Les Ombres d\'Esteren'),
(152, 'un troubadour', 'Pavillon Noir'),
(153, 'un troubadour', 'Ravnica'),
(154, 'un troubadour', 'Scion'),
(155, 'un troubadour', 'Scales'),
(156, 'un troubadour', 'Secret de la 7ème Mer'),
(157, 'un troubadour', 'Shayo'),
(158, 'un troubadour', '13ème Age'),
(159, 'un marchand', 'Yggdrasill'),
(160, 'un marchand', 'Pathfinder'),
(161, 'un marchand', 'In Nomine Satanis Magna Veritas'),
(162, 'un marchand', 'Deadland Reloaded'),
(163, 'un marchand', 'Warhammer 40K'),
(164, 'un marchand', 'Ars Magica'),
(165, 'un marchand', 'Delta Green'),
(166, 'un marchand', 'Dying Earth'),
(167, 'un marchand', 'Earthdawn'),
(168, 'un marchand', 'Fading Suns'),
(169, 'un marchand', 'Knight'),
(170, 'un marchand', 'La Méthode du docteur Chestel'),
(171, 'un marchand', 'Les 7 Rois'),
(172, 'un marchand', 'Les Immortels'),
(173, 'un marchand', 'Les Ombres d\'Esteren'),
(174, 'un marchand', 'Pavillon Noir'),
(175, 'un marchand', 'Ravnica'),
(176, 'un marchand', 'Scion'),
(177, 'un marchand', 'Scion Apocalypse'),
(178, 'un marchand', 'Scales'),
(179, 'un marchand', 'Secret de la 7ème Mer'),
(180, 'un marchand', 'Shayo'),
(181, 'un marchand', '13ème Age'),
(182, 'un roi', 'Pathfinder'),
(183, 'un roi', 'Ars Magica'),
(184, 'un roi', 'Delta Green'),
(185, 'un roi', 'Dying Earth'),
(186, 'un roi', 'Earthdawn'),
(187, 'un roi', 'Fading Suns'),
(188, 'un roi', 'Knight'),
(189, 'un roi', 'La Méthode du docteur Chestel'),
(190, 'un roi', 'Les 7 Rois'),
(191, 'un roi', 'Les Ombres d\'Esteren'),
(192, 'un roi', 'Pavillon Noir'),
(193, 'un roi', 'Scion'),
(194, 'un roi', 'Scales'),
(195, 'un monstre', 'Yggdrasill'),
(196, 'un monstre', 'Pathfinder'),
(197, 'un monstre', 'In Nomine Satanis Magna Veritas'),
(198, 'un monstre', 'Deadland Reloaded'),
(199, 'un monstre', 'Warhammer 40K'),
(200, 'un monstre', 'Ars Magica'),
(201, 'un monstre', 'Delta Green'),
(202, 'un monstre', 'Dying Earth'),
(203, 'un monstre', 'Earthdawn'),
(204, 'un monstre', 'Fading Suns'),
(205, 'un monstre', 'Knight'),
(206, 'un monstre', 'La Méthode du docteur Chestel'),
(207, 'un monstre', 'Les 7 Rois'),
(208, 'un monstre', 'Les Immortels'),
(209, 'un monstre', 'Les Ombres d\'Esteren'),
(210, 'un monstre', 'Pavillon Noir'),
(211, 'un monstre', 'Ravnica'),
(212, 'un monstre', 'Scion'),
(213, 'un monstre', 'Scion Apocalypse'),
(214, 'un monstre', 'Scales'),
(215, 'un monstre', 'Secret de la 7ème Mer'),
(216, 'un monstre', 'Shayo'),
(217, 'un monstre', '13ème Age'),
(218, 'une divinité', 'Yggdrasill'),
(219, 'une divinité', 'Pathfinder'),
(220, 'une divinité', 'In Nomine Satanis Magna Veritas'),
(221, 'une divinité', 'Deadland Reloaded'),
(222, 'une divinité', 'Warhammer 40K'),
(223, 'une divinité', 'Ars Magica'),
(224, 'une divinité', 'Delta Green'),
(225, 'une divinité', 'Dying Earth'),
(226, 'une divinité', 'Earthdawn'),
(227, 'une divinité', 'Fading Suns'),
(228, 'une divinité', 'Knight'),
(229, 'une divinité', 'La Méthode du docteur Chestel'),
(230, 'une divinité', 'Les 7 Rois'),
(231, 'une divinité', 'Les Immortels'),
(232, 'une divinité', 'Les Ombres d\'Esteren'),
(233, 'une divinité', 'Pavillon Noir'),
(234, 'une divinité', 'Ravnica'),
(235, 'une divinité', 'Scion'),
(236, 'une divinité', 'Scion Apocalypse'),
(237, 'une divinité', 'Scales'),
(238, 'une divinité', 'Secret de la 7ème Mer'),
(239, 'une divinité', 'Shayo'),
(240, 'une divinité', '13ème Age'),
(241, 'un prêtre', 'Yggdrasill'),
(242, 'un prêtre', 'Pathfinder'),
(243, 'un prêtre', 'In Nomine Satanis Magna Veritas'),
(244, 'un prêtre', 'Deadland Reloaded'),
(245, 'un prêtre', 'Warhammer 40K'),
(246, 'un prêtre', 'Ars Magica'),
(247, 'un prêtre', 'Delta Green'),
(248, 'un prêtre', 'Dying Earth'),
(249, 'un prêtre', 'Earthdawn'),
(250, 'un prêtre', 'Fading Suns'),
(251, 'un prêtre', 'Knight'),
(252, 'un prêtre', 'La Méthode du docteur Chestel'),
(253, 'un prêtre', 'Les 7 Rois'),
(254, 'un prêtre', 'Les Immortels'),
(255, 'un prêtre', 'Les Ombres d\'Esteren'),
(256, 'un prêtre', 'Pavillon Noir'),
(257, 'un prêtre', 'Ravnica'),
(258, 'un prêtre', 'Scion'),
(259, 'un prêtre', 'Scion Apocalypse'),
(260, 'un prêtre', 'Scales'),
(261, 'un prêtre', 'Secret de la 7ème Mer'),
(262, 'un prêtre', 'Shayo'),
(263, 'un prêtre', '13ème Age'),
(264, 'un scribe', 'Yggdrasill'),
(265, 'un scribe', 'Pathfinder'),
(266, 'un scribe', 'Ars Magica'),
(267, 'un scribe', 'Delta Green'),
(268, 'un scribe', 'Dying Earth'),
(269, 'un scribe', 'Earthdawn'),
(270, 'un scribe', 'Fading Suns'),
(271, 'un scribe', 'La Méthode du docteur Chestel'),
(272, 'un scribe', 'Les 7 Rois'),
(273, 'un scribe', 'Les Ombres d\'Esteren'),
(274, 'un scribe', 'Pavillon Noir'),
(275, 'un scribe', 'Ravnica'),
(276, 'un scribe', 'Secret de la 7ème Mer'),
(277, 'un scribe', 'Shayo'),
(278, 'un enfant', 'Yggdrasill'),
(279, 'un enfant', 'Pathfinder'),
(280, 'un enfant', 'In Nomine Satanis Magna Veritas'),
(281, 'un enfant', 'Deadland Reloaded'),
(282, 'un enfant', 'Warhammer 40K'),
(283, 'un enfant', 'Ars Magica'),
(284, 'un enfant', 'Delta Green'),
(285, 'un enfant', 'Dying Earth'),
(286, 'un enfant', 'Earthdawn'),
(287, 'un enfant', 'Fading Suns'),
(288, 'un enfant', 'Knight'),
(289, 'un enfant', 'La Méthode du docteur Chestel'),
(290, 'un enfant', 'Les 7 Rois'),
(291, 'un enfant', 'Les Immortels'),
(292, 'un enfant', 'Les Ombres d\'Esteren'),
(293, 'un enfant', 'Pavillon Noir'),
(294, 'un enfant', 'Ravnica'),
(295, 'un enfant', 'Scion'),
(296, 'un enfant', 'Scion Apocalypse'),
(297, 'un enfant', 'Scales'),
(298, 'un enfant', 'Secret de la 7ème Mer'),
(299, 'un enfant', 'Shayo'),
(300, 'un enfant', '13ème Age'),
(301, 'un gitan', 'Yggdrasill'),
(302, 'un gitan', 'Pathfinder'),
(303, 'un gitan', 'In Nomine Satanis Magna Veritas'),
(304, 'un gitan', 'Deadland Reloaded'),
(305, 'un gitan', 'Warhammer 40K'),
(306, 'un gitan', 'Ars Magica'),
(307, 'un gitan', 'Delta Green'),
(308, 'un gitan', 'Dying Earth'),
(309, 'un gitan', 'Earthdawn'),
(310, 'un gitan', 'Fading Suns'),
(311, 'un gitan', 'Knight'),
(312, 'un gitan', 'La Méthode du docteur Chestel'),
(313, 'un gitan', 'Les 7 Rois'),
(314, 'un gitan', 'Les Immortels'),
(315, 'un gitan', 'Les Ombres d\'Esteren'),
(316, 'un gitan', 'Pavillon Noir'),
(317, 'un gitan', 'Ravnica'),
(318, 'un gitan', 'Scion'),
(319, 'un gitan', 'Scion Apocalypse'),
(320, 'un gitan', 'Scales'),
(321, 'un gitan', 'Secret de la 7ème Mer'),
(322, 'un gitan', 'Shayo'),
(323, 'un gitan', '13ème Age'),
(324, 'un guerrier', 'Yggdrasill'),
(325, 'un guerrier', 'Pathfinder'),
(326, 'un guerrier', 'In Nomine Satanis Magna Veritas'),
(327, 'un guerrier', 'Deadland Reloaded'),
(328, 'un guerrier', 'Warhammer 40K'),
(329, 'un guerrier', 'Ars Magica'),
(330, 'un guerrier', 'Delta Green'),
(331, 'un guerrier', 'Dying Earth'),
(332, 'un guerrier', 'Earthdawn'),
(333, 'un guerrier', 'Fading Suns'),
(334, 'un guerrier', 'Knight'),
(335, 'un guerrier', 'La Méthode du docteur Chestel'),
(336, 'un guerrier', 'Les 7 Rois'),
(337, 'un guerrier', 'Les Immortels'),
(338, 'un guerrier', 'Les Ombres d\'Esteren'),
(339, 'un guerrier', 'Pavillon Noir'),
(340, 'un guerrier', 'Ravnica'),
(341, 'un guerrier', 'Scion'),
(342, 'un guerrier', 'Scion Apocalypse'),
(343, 'un guerrier', 'Scales'),
(344, 'un guerrier', 'Secret de la 7ème Mer'),
(345, 'un guerrier', 'Shayo'),
(346, 'un guerrier', '13ème Age'),
(347, 'la pègre', 'Pathfinder'),
(348, 'la pègre', 'In Nomine Satanis Magna Veritas'),
(349, 'la pègre', 'Deadland Reloaded'),
(351, 'la pègre', 'Ars Magica'),
(352, 'la pègre', 'Delta Green'),
(353, 'la pègre', 'Dying Earth'),
(354, 'la pègre', 'Earthdawn'),
(355, 'la pègre', 'Fading Suns'),
(356, 'la pègre', 'Knight'),
(357, 'la pègre', 'La Méthode du docteur Chestel'),
(358, 'la pègre', 'Les 7 Rois'),
(359, 'la pègre', 'Les Immortels'),
(360, 'la pègre', 'Les Ombres d\'Esteren'),
(361, 'la pègre', 'Pavillon Noir'),
(362, 'la pègre', 'Ravnica'),
(363, 'la pègre', 'Scion'),
(364, 'la pègre', 'Scion Apocalypse'),
(365, 'la pègre', 'Scales'),
(366, 'la pègre', 'Secret de la 7ème Mer'),
(367, 'la pègre', 'Shayo'),
(368, 'la pègre', '13ème Age'),
(369, 'un adorateur', 'Yggdrasill'),
(370, 'un adorateur', 'Pathfinder'),
(371, 'un adorateur', 'In Nomine Satanis Magna Veritas'),
(372, 'un adorateur', 'Deadland Reloaded'),
(373, 'un adorateur', 'Warhammer 40K'),
(374, 'un adorateur', 'Ars Magica'),
(375, 'un adorateur', 'Delta Green'),
(376, 'un adorateur', 'Dying Earth'),
(377, 'un adorateur', 'Earthdawn'),
(378, 'un adorateur', 'Fading Suns'),
(379, 'un adorateur', 'Knight'),
(380, 'un adorateur', 'La Méthode du docteur Chestel'),
(381, 'un adorateur', 'Les 7 Rois'),
(382, 'un adorateur', 'Les Immortels'),
(383, 'un adorateur', 'Les Ombres d\'Esteren'),
(384, 'un adorateur', 'Pavillon Noir'),
(385, 'un adorateur', 'Ravnica'),
(386, 'un adorateur', 'Scion'),
(387, 'un adorateur', 'Scion Apocalypse'),
(388, 'un adorateur', 'Scales'),
(389, 'un adorateur', 'Secret de la 7ème Mer'),
(390, 'un adorateur', 'Shayo'),
(391, 'un adorateur', '13ème Age'),
(392, 'un androïd', 'Warhammer 40K'),
(393, 'un androïd', 'Fading Suns'),
(394, 'un androïd', 'Knight'),
(395, 'un androïd', 'La Méthode du docteur Chestel'),
(396, 'un aubergiste', 'Yggdrasill'),
(397, 'un aubergiste', 'Pathfinder'),
(398, 'un aubergiste', 'Ars Magica'),
(399, 'un aubergiste', 'Earthdawn'),
(400, 'un aubergiste', 'La Méthode du docteur Chestel'),
(401, 'un aubergiste', 'Pavillon Noir'),
(402, 'un aubergiste', 'Ravnica'),
(403, 'un aubergiste', 'Secret de la 7ème Mer'),
(404, 'un aubergiste', 'Shayo'),
(405, 'un barman', 'In Nomine Satanis Magna Veritas'),
(406, 'un barman', 'Deadland Reloaded'),
(407, 'un barman', 'Warhammer 40K'),
(408, 'un barman', 'Delta Green'),
(409, 'un barman', 'Dying Earth'),
(410, 'un barman', 'Fading Suns'),
(411, 'un barman', 'Knight'),
(412, 'un barman', 'La Méthode du docteur Chestel'),
(413, 'un barman', 'Les 7 Rois'),
(414, 'un barman', 'Les Immortels'),
(415, 'un barman', 'Les Ombres d\'Esteren'),
(416, 'un barman', 'Ravnica'),
(417, 'un barman', 'Scion'),
(418, 'un barman', 'Scion Apocalypse'),
(419, 'un barman', 'Scales'),
(420, 'un barman', '13ème Age'),
(421, 'un boutiquier', 'Yggdrasill'),
(422, 'un boutiquier', 'Pathfinder'),
(423, 'un boutiquier', 'In Nomine Satanis Magna Veritas'),
(424, 'un boutiquier', 'Deadland Reloaded'),
(425, 'un boutiquier', 'Warhammer 40K'),
(426, 'un boutiquier', 'Ars Magica'),
(427, 'un boutiquier', 'Delta Green'),
(428, 'un boutiquier', 'Dying Earth'),
(429, 'un boutiquier', 'Earthdawn'),
(430, 'un boutiquier', 'Fading Suns'),
(431, 'un boutiquier', 'Knight'),
(432, 'un boutiquier', 'La Méthode du docteur Chestel'),
(433, 'un boutiquier', 'Les 7 Rois'),
(434, 'un boutiquier', 'Les Immortels'),
(435, 'un boutiquier', 'Les Ombres d\'Esteren'),
(436, 'un boutiquier', 'Pavillon Noir'),
(437, 'un boutiquier', 'Ravnica'),
(438, 'un boutiquier', 'Scion'),
(439, 'un boutiquier', 'Scion Apocalypse'),
(440, 'un boutiquier', 'Scales'),
(441, 'un boutiquier', 'Secret de la 7ème Mer'),
(442, 'un boutiquier', 'Shayo'),
(443, 'un boutiquier', '13ème Age'),
(444, 'un chaman', 'Yggdrasill'),
(445, 'un chaman', 'Pathfinder'),
(446, 'un chaman', 'Deadland Reloaded'),
(447, 'un chaman', 'Ars Magica'),
(448, 'un chaman', 'Earthdawn'),
(449, 'un chaman', 'Knight'),
(450, 'un chaman', 'Secret de la 7ème Mer'),
(451, 'un chaman', 'Shayo'),
(452, 'un charlatant', 'Yggdrasill'),
(453, 'un charlatant', 'Pathfinder'),
(454, 'un charlatant', 'In Nomine Satanis Magna Veritas'),
(455, 'un charlatant', 'Deadland Reloaded'),
(456, 'un charlatant', 'Warhammer 40K'),
(457, 'un charlatant', 'Ars Magica'),
(458, 'un charlatant', 'Delta Green'),
(459, 'un charlatant', 'Dying Earth'),
(460, 'un charlatant', 'Earthdawn'),
(461, 'un charlatant', 'Fading Suns'),
(462, 'un charlatant', 'Knight'),
(463, 'un charlatant', 'La Méthode du docteur Chestel'),
(464, 'un charlatant', 'Les 7 Rois'),
(465, 'un charlatant', 'Les Immortels'),
(466, 'un charlatant', 'Les Ombres d\'Esteren'),
(467, 'un charlatant', 'Pavillon Noir'),
(468, 'un charlatant', 'Ravnica'),
(469, 'un charlatant', 'Scion'),
(470, 'un charlatant', 'Scion Apocalypse'),
(471, 'un charlatant', 'Scales'),
(472, 'un charlatant', 'Secret de la 7ème Mer'),
(473, 'un charlatant', 'Shayo'),
(474, 'un charlatant', '13ème Age'),
(475, 'un chasseur de prime', 'Yggdrasill'),
(476, 'un chasseur de prime', 'Pathfinder'),
(477, 'un chasseur de prime', 'In Nomine Satanis Magna Veritas'),
(478, 'un chasseur de prime', 'Deadland Reloaded'),
(479, 'un chasseur de prime', 'Warhammer 40K'),
(480, 'un chasseur de prime', 'Ars Magica'),
(481, 'un chasseur de prime', 'Delta Green'),
(482, 'un chasseur de prime', 'Dying Earth'),
(483, 'un chasseur de prime', 'Earthdawn'),
(484, 'un chasseur de prime', 'Fading Suns'),
(485, 'un chasseur de prime', 'Knight'),
(486, 'un chasseur de prime', 'La Méthode du docteur Chestel'),
(487, 'un chasseur de prime', 'Les 7 Rois'),
(488, 'un chasseur de prime', 'Les Immortels'),
(489, 'un chasseur de prime', 'Les Ombres d\'Esteren'),
(490, 'un chasseur de prime', 'Pavillon Noir'),
(491, 'un chasseur de prime', 'Ravnica'),
(492, 'un chasseur de prime', 'Scion'),
(493, 'un chasseur de prime', 'Scion Apocalypse'),
(494, 'un chasseur de prime', 'Scales'),
(495, 'un chasseur de prime', 'Secret de la 7ème Mer'),
(496, 'un chasseur de prime', 'Shayo'),
(497, 'un chasseur de prime', '13ème Age'),
(498, 'un chef de guerre', 'Yggdrasill'),
(499, 'un chef de guerre', 'Pathfinder'),
(500, 'un chef de guerre', 'Warhammer 40K'),
(501, 'un chef de guerre', 'Ars Magica'),
(502, 'un chef de guerre', 'Dying Earth'),
(503, 'un chef de guerre', 'Earthdawn'),
(504, 'un chef de guerre', 'Fading Suns'),
(505, 'un chef de guerre', 'La Méthode du docteur Chestel'),
(506, 'un chef de guerre', 'Ravnica'),
(507, 'un chef de guerre', 'Shayo'),
(508, 'un chef de village', 'Yggdrasill'),
(509, 'un chef de village', 'Pathfinder'),
(510, 'un chef de village', 'In Nomine Satanis Magna Veritas'),
(511, 'un chef de village', 'Deadland Reloaded'),
(512, 'un chef de village', 'Warhammer 40K'),
(513, 'un chef de village', 'Ars Magica'),
(514, 'un chef de village', 'Delta Green'),
(515, 'un chef de village', 'Dying Earth'),
(516, 'un chef de village', 'Earthdawn'),
(517, 'un chef de village', 'Fading Suns'),
(518, 'un chef de village', 'Knight'),
(519, 'un chef de village', 'La Méthode du docteur Chestel'),
(520, 'un chef de village', 'Les 7 Rois'),
(521, 'un chef de village', 'Les Immortels'),
(522, 'un chef de village', 'Les Ombres d\'Esteren'),
(523, 'un chef de village', 'Pavillon Noir'),
(524, 'un chef de village', 'Ravnica'),
(525, 'un chef de village', 'Scion'),
(526, 'un chef de village', 'Scion Apocalypse'),
(527, 'un chef de village', 'Scales'),
(528, 'un chef de village', 'Secret de la 7ème Mer'),
(529, 'un chef de village', 'Shayo'),
(530, 'un chef de village', '13ème Age'),
(531, 'un chroniqueur', 'Yggdrasill'),
(532, 'un chroniqueur', 'Pathfinder'),
(533, 'un chroniqueur', 'In Nomine Satanis Magna Veritas'),
(534, 'un chroniqueur', 'Warhammer 40K'),
(535, 'un chroniqueur', 'Ars Magica'),
(536, 'un chroniqueur', 'Delta Green'),
(537, 'un chroniqueur', 'Dying Earth'),
(538, 'un chroniqueur', 'Earthdawn'),
(539, 'un chroniqueur', 'Fading Suns'),
(540, 'un chroniqueur', 'Knight'),
(541, 'un chroniqueur', 'La Méthode du docteur Chestel'),
(542, 'un chroniqueur', 'Les 7 Rois'),
(543, 'un chroniqueur', 'Les Ombres d\'Esteren'),
(544, 'un chroniqueur', 'Pavillon Noir'),
(545, 'un chroniqueur', 'Ravnica'),
(546, 'un chroniqueur', 'Scion'),
(547, 'un chroniqueur', 'Scion Apocalypse'),
(548, 'un chroniqueur', 'Scales'),
(549, 'un chroniqueur', 'Secret de la 7ème Mer'),
(550, 'un chroniqueur', 'Shayo'),
(551, 'un chroniqueur', '13ème Age'),
(552, 'un colonialiste', 'Yggdrasill'),
(553, 'un colonialiste', 'Deadland Reloaded'),
(554, 'un colonialiste', 'Warhammer 40K'),
(555, 'un colonialiste', 'La Méthode du docteur Chestel'),
(556, 'un colonialiste', 'Pavillon Noir'),
(557, 'un colonialiste', 'Secret de la 7ème Mer'),
(558, 'un combrioleur', 'Yggdrasill'),
(559, 'un combrioleur', 'Pathfinder'),
(560, 'un combrioleur', 'In Nomine Satanis Magna Veritas'),
(561, 'un combrioleur', 'Deadland Reloaded'),
(562, 'un combrioleur', 'Warhammer 40K'),
(563, 'un combrioleur', 'Ars Magica'),
(564, 'un combrioleur', 'Delta Green'),
(565, 'un combrioleur', 'Dying Earth'),
(566, 'un combrioleur', 'Earthdawn'),
(567, 'un combrioleur', 'Fading Suns'),
(568, 'un combrioleur', 'Knight'),
(569, 'un combrioleur', 'La Méthode du docteur Chestel'),
(570, 'un combrioleur', 'Les 7 Rois'),
(571, 'un combrioleur', 'Les Immortels'),
(572, 'un combrioleur', 'Les Ombres d\'Esteren'),
(573, 'un combrioleur', 'Pavillon Noir'),
(574, 'un combrioleur', 'Ravnica'),
(575, 'un combrioleur', 'Scion'),
(576, 'un combrioleur', 'Scion Apocalypse'),
(577, 'un combrioleur', 'Scales'),
(578, 'un combrioleur', 'Secret de la 7ème Mer'),
(579, 'un combrioleur', 'Shayo'),
(580, 'un combrioleur', '13ème Age'),
(581, 'un comissaire', 'Yggdrasill'),
(582, 'un comissaire', 'Pathfinder'),
(583, 'un comissaire', 'In Nomine Satanis Magna Veritas'),
(584, 'un comissaire', 'Deadland Reloaded'),
(585, 'un comissaire', 'Warhammer 40K'),
(586, 'un comissaire', 'Ars Magica'),
(587, 'un comissaire', 'Delta Green'),
(588, 'un comissaire', 'Dying Earth'),
(589, 'un comissaire', 'Earthdawn'),
(590, 'un comissaire', 'Fading Suns'),
(591, 'un comissaire', 'Knight'),
(592, 'un comissaire', 'La Méthode du docteur Chestel'),
(593, 'un comissaire', 'Les 7 Rois'),
(594, 'un comissaire', 'Les Immortels'),
(595, 'un comissaire', 'Les Ombres d\'Esteren'),
(596, 'un comissaire', 'Pavillon Noir'),
(598, 'un comissaire', 'Scion'),
(599, 'un comissaire', 'Scion Apocalypse'),
(600, 'un comissaire', 'Scales'),
(601, 'un comissaire', 'Secret de la 7ème Mer'),
(602, 'un comissaire', 'Shayo'),
(603, 'un comissaire', '13ème Age'),
(604, 'un criminel', 'Yggdrasill'),
(605, 'un criminel', 'Pathfinder'),
(606, 'un criminel', 'In Nomine Satanis Magna Veritas'),
(607, 'un criminel', 'Deadland Reloaded'),
(608, 'un criminel', 'Warhammer 40K'),
(609, 'un criminel', 'Ars Magica'),
(610, 'un criminel', 'Delta Green'),
(611, 'un criminel', 'Dying Earth'),
(612, 'un criminel', 'Earthdawn'),
(613, 'un criminel', 'Fading Suns'),
(614, 'un criminel', 'Knight'),
(615, 'un criminel', 'La Méthode du docteur Chestel'),
(616, 'un criminel', 'Les 7 Rois'),
(617, 'un criminel', 'Les Immortels'),
(618, 'un criminel', 'Les Ombres d\'Esteren'),
(619, 'un criminel', 'Pavillon Noir'),
(620, 'un criminel', 'Ravnica'),
(621, 'un criminel', 'Scion'),
(622, 'un criminel', 'Scion Apocalypse'),
(623, 'un criminel', 'Scales'),
(624, 'un criminel', 'Secret de la 7ème Mer'),
(625, 'un criminel', 'Shayo'),
(626, 'un criminel', '13ème Age'),
(627, 'un dealer', 'Yggdrasill'),
(628, 'un dealer', 'Pathfinder'),
(629, 'un dealer', 'In Nomine Satanis Magna Veritas'),
(630, 'un dealer', 'Deadland Reloaded'),
(631, 'un dealer', 'Warhammer 40K'),
(632, 'un dealer', 'Ars Magica'),
(633, 'un dealer', 'Delta Green'),
(634, 'un dealer', 'Dying Earth'),
(635, 'un dealer', 'Earthdawn'),
(636, 'un dealer', 'Fading Suns'),
(637, 'un dealer', 'Knight'),
(638, 'un dealer', 'La Méthode du docteur Chestel'),
(639, 'un dealer', 'Les 7 Rois'),
(640, 'un dealer', 'Les Immortels'),
(641, 'un dealer', 'Les Ombres d\'Esteren'),
(642, 'un dealer', 'Pavillon Noir'),
(643, 'un dealer', 'Ravnica'),
(644, 'un dealer', 'Scion'),
(645, 'un dealer', 'Scion Apocalypse'),
(646, 'un dealer', 'Scales'),
(647, 'un dealer', 'Secret de la 7ème Mer'),
(648, 'un dealer', 'Shayo'),
(649, 'un dealer', '13ème Age'),
(650, 'un démon', 'Yggdrasill'),
(651, 'un démon', 'Pathfinder'),
(652, 'un démon', 'In Nomine Satanis Magna Veritas'),
(653, 'un démon', 'Deadland Reloaded'),
(654, 'un démon', 'Warhammer 40K'),
(655, 'un démon', 'Ars Magica'),
(656, '', 'Delta Green'),
(657, 'un démon', 'Dying Earth'),
(658, 'un démon', 'Earthdawn'),
(659, 'un démon', 'Fading Suns'),
(660, 'un démon', 'Knight'),
(661, 'un démon', 'La Méthode du docteur Chestel'),
(662, 'un démon', 'Les 7 Rois'),
(663, 'un démon', 'Les Immortels'),
(664, 'un démon', 'Les Ombres d\'Esteren'),
(665, 'un démon', 'Pavillon Noir'),
(666, 'un démon', 'Ravnica'),
(667, 'un démon', 'Scion'),
(668, 'un démon', 'Scion Apocalypse'),
(669, 'un démon', 'Scales'),
(670, 'un démon', 'Secret de la 7ème Mer'),
(671, 'un démon', 'Shayo'),
(672, 'un démon', '13ème Age'),
(673, 'un détective privé', 'In Nomine Satanis Magna Veritas'),
(674, 'un détective privé', 'Deadland Reloaded'),
(675, 'un détective privé', 'Delta Green'),
(676, 'un détective privé', 'Dying Earth'),
(677, 'un détective privé', 'Fading Suns'),
(678, 'un détective privé', 'La Méthode du docteur Chestel'),
(679, 'un détective privé', 'Les 7 Rois'),
(680, 'un détective privé', 'Les Immortels'),
(681, 'un détective privé', 'Les Ombres d\'Esteren'),
(682, 'un détective privé', 'Scion'),
(683, 'un détective privé', 'Scales'),
(684, 'un détective privé', 'Secret de la 7ème Mer'),
(685, 'un détective privé', '13ème Age'),
(686, 'un directeur', 'Pathfinder'),
(687, 'un directeur', 'In Nomine Satanis Magna Veritas'),
(688, 'un directeur', 'Deadland Reloaded'),
(689, 'un directeur', 'Warhammer 40K'),
(690, 'un directeur', 'Ars Magica'),
(691, 'un directeur', 'Delta Green'),
(692, 'un directeur', 'Dying Earth'),
(693, 'un directeur', 'Earthdawn'),
(694, 'un directeur', 'Fading Suns'),
(695, 'un directeur', 'Knight'),
(696, 'un directeur', 'La Méthode du docteur Chestel'),
(697, 'un directeur', 'Les 7 Rois'),
(698, 'un directeur', 'Les Immortels'),
(699, 'un directeur', 'Les Ombres d\'Esteren'),
(700, 'un directeur', 'Ravnica'),
(701, 'un directeur', 'Scion'),
(702, 'un directeur', 'Scion Apocalypse'),
(703, 'un directeur', 'Scales'),
(704, 'un directeur', 'Secret de la 7ème Mer'),
(705, 'un directeur', '13ème Age'),
(706, 'un espion', 'Yggdrasill'),
(707, 'un espion', 'Pathfinder'),
(708, 'un espion', 'In Nomine Satanis Magna Veritas'),
(709, 'un espion', 'Deadland Reloaded'),
(710, 'un espion', 'Warhammer 40K'),
(711, 'un espion', 'Ars Magica'),
(712, 'un espion', 'Delta Green'),
(713, 'un espion', 'Dying Earth'),
(714, 'un espion', 'Earthdawn'),
(715, 'un espion', 'Fading Suns'),
(716, 'un espion', 'Knight'),
(717, 'un espion', 'La Méthode du docteur Chestel'),
(718, 'un espion', 'Les 7 Rois'),
(719, 'un espion', 'Les Immortels'),
(720, 'un espion', 'Les Ombres d\'Esteren'),
(721, 'un espion', 'Pavillon Noir'),
(722, 'un espion', 'Ravnica'),
(723, 'un espion', 'Scion'),
(724, 'un espion', 'Scion Apocalypse'),
(725, 'un espion', 'Scales'),
(726, 'un espion', 'Secret de la 7ème Mer'),
(727, 'un espion', 'Shayo'),
(728, 'un espion', '13ème Age'),
(729, 'un être celeste', 'Yggdrasill'),
(730, 'un être celeste', 'Pathfinder'),
(731, 'un être celeste', 'In Nomine Satanis Magna Veritas'),
(732, 'un être celeste', 'Deadland Reloaded'),
(733, 'un être celeste', 'Warhammer 40K'),
(734, 'un être celeste', 'Ars Magica'),
(735, 'un être celeste', 'Delta Green'),
(736, 'un être celeste', 'Dying Earth'),
(737, 'un être celeste', 'Earthdawn'),
(738, 'un être celeste', 'Fading Suns'),
(739, 'un être celeste', 'Knight'),
(740, 'un être celeste', 'La Méthode du docteur Chestel'),
(741, 'un être celeste', 'Les 7 Rois'),
(742, 'un être celeste', 'Les Immortels'),
(743, 'un être celeste', 'Les Ombres d\'Esteren'),
(744, 'un être celeste', 'Pavillon Noir'),
(745, 'un être celeste', 'Ravnica'),
(746, 'un être celeste', 'Scion'),
(747, 'un être celeste', 'Scion Apocalypse'),
(748, 'un être celeste', 'Scales'),
(749, 'un être celeste', 'Secret de la 7ème Mer'),
(750, 'un être celeste', 'Shayo'),
(751, 'un être celeste', '13ème Age'),
(752, 'un hors la loi', 'Yggdrasill'),
(753, 'un hors la loi', 'Pathfinder'),
(754, 'un hors la loi', 'In Nomine Satanis Magna Veritas'),
(755, 'un hors la loi', 'Deadland Reloaded'),
(756, 'un hors la loi', 'Warhammer 40K'),
(757, 'un hors la loi', 'Ars Magica'),
(758, 'un hors la loi', 'Delta Green'),
(759, 'un hors la loi', 'Dying Earth'),
(760, 'un hors la loi', 'Earthdawn'),
(761, 'un hors la loi', 'Fading Suns'),
(762, 'un hors la loi', 'Knight'),
(763, 'un hors la loi', 'La Méthode du docteur Chestel'),
(764, 'un hors la loi', 'Les 7 Rois'),
(765, 'un hors la loi', 'Les Immortels'),
(766, 'un hors la loi', 'Les Ombres d\'Esteren'),
(767, 'un hors la loi', 'Pavillon Noir'),
(768, 'un hors la loi', 'Ravnica'),
(769, 'un hors la loi', 'Scion'),
(770, 'un hors la loi', 'Scion Apocalypse'),
(771, 'un hors la loi', 'Scales'),
(772, 'un hors la loi', 'Secret de la 7ème Mer'),
(773, 'un hors la loi', 'Shayo'),
(774, 'un hors la loi', '13ème Age'),
(775, 'un illuminé', 'Yggdrasill'),
(776, 'un illuminé', 'Pathfinder'),
(777, 'un illuminé', 'In Nomine Satanis Magna Veritas'),
(778, 'un illuminé', 'Deadland Reloaded'),
(779, 'un illuminé', 'Warhammer 40K'),
(780, 'un illuminé', 'Ars Magica'),
(781, 'un illuminé', 'Delta Green'),
(782, 'un illuminé', 'Dying Earth'),
(783, 'un illuminé', 'Earthdawn'),
(784, 'un illuminé', 'Fading Suns'),
(785, 'un illuminé', 'Knight'),
(786, 'un illuminé', 'La Méthode du docteur Chestel'),
(787, 'un illuminé', 'Les 7 Rois'),
(788, 'un illuminé', 'Les Immortels'),
(789, 'un illuminé', 'Les Ombres d\'Esteren'),
(790, 'un illuminé', 'Pavillon Noir'),
(791, 'un illuminé', 'Ravnica'),
(792, 'un illuminé', 'Scion'),
(793, 'un illuminé', 'Scion Apocalypse'),
(794, 'un illuminé', 'Scales'),
(795, 'un illuminé', 'Secret de la 7ème Mer'),
(796, 'un illuminé', 'Shayo'),
(797, 'un illuminé', '13ème Age'),
(798, 'un indic', 'Yggdrasill'),
(799, 'un indic', 'Pathfinder'),
(800, 'un indic', 'In Nomine Satanis Magna Veritas'),
(801, 'un indic', 'Deadland Reloaded'),
(802, 'un indic', 'Warhammer 40K'),
(803, 'un indic', 'Ars Magica'),
(804, 'un indic', 'Delta Green'),
(805, 'un indic', 'Dying Earth'),
(806, 'un indic', 'Earthdawn'),
(807, 'un indic', 'Fading Suns'),
(808, 'un indic', 'Knight'),
(809, 'un indic', 'La Méthode du docteur Chestel'),
(810, 'un indic', 'Les 7 Rois'),
(811, 'un indic', 'Les Immortels'),
(812, 'un indic', 'Les Ombres d\'Esteren'),
(813, 'un indic', 'Pavillon Noir'),
(814, 'un indic', 'Ravnica'),
(815, 'un indic', 'Scion'),
(816, 'un indic', 'Scion Apocalypse'),
(817, 'un indic', 'Scales'),
(818, 'un indic', 'Secret de la 7ème Mer'),
(819, 'un indic', 'Shayo'),
(820, 'un indic', '13ème Age'),
(821, 'un informaticien', 'In Nomine Satanis Magna Veritas'),
(822, 'un informaticien', 'Delta Green'),
(823, 'un informaticien', 'Dying Earth'),
(824, 'un informaticien', 'Fading Suns'),
(825, 'un informaticien', 'Knight'),
(826, 'un informaticien', 'La Méthode du docteur Chestel'),
(827, 'un informaticien', 'Les 7 Rois'),
(828, 'un informaticien', 'Les Immortels'),
(829, 'un informaticien', 'Scion'),
(830, 'un informaticien', 'Scales'),
(831, 'un inquisiteur', 'Pathfinder'),
(832, 'un inquisiteur', 'Warhammer 40K'),
(833, 'un inquisiteur', 'Ars Magica'),
(834, 'un inquisiteur', 'Dying Earth'),
(835, 'un inquisiteur', 'Fading Suns'),
(836, 'un inquisiteur', 'La Méthode du docteur Chestel'),
(837, 'un inquisiteur', 'Les Ombres d\'Esteren'),
(838, 'un inquisiteur', 'Pavillon Noir'),
(839, 'un inquisiteur', 'Ravnica'),
(840, 'un journaliste', 'In Nomine Satanis Magna Veritas'),
(841, 'un journaliste', 'Delta Green'),
(842, 'un journaliste', 'Dying Earth'),
(843, 'un journaliste', 'Fading Suns'),
(844, 'un journaliste', 'Knight'),
(845, 'un journaliste', 'La Méthode du docteur Chestel'),
(846, 'un journaliste', 'Les 7 Rois'),
(847, 'un journaliste', 'Les Immortels'),
(848, 'un journaliste', 'Scion'),
(849, 'un journaliste', 'Scales'),
(850, 'un mage', 'Pathfinder'),
(851, 'un mage', 'Ars Magica'),
(852, 'un mage', 'Delta Green'),
(853, 'un mage', 'Dying Earth'),
(854, 'un mage', 'Earthdawn'),
(855, 'un mage', 'La Méthode du docteur Chestel'),
(856, 'un mage', 'Les Ombres d\'Esteren'),
(857, 'un mage', 'Ravnica'),
(858, 'un mage', 'Scales'),
(859, 'un mage', 'Secret de la 7ème Mer'),
(860, 'un mage', 'Shayo'),
(861, 'un maitre-chanteur', 'Yggdrasill'),
(862, 'un maitre-chanteur', 'Pathfinder'),
(863, 'un maitre-chanteur', 'In Nomine Satanis Magna Veritas'),
(864, 'un maitre-chanteur', 'Deadland Reloaded'),
(865, 'un maitre-chanteur', 'Warhammer 40K'),
(866, 'un maitre-chanteur', 'Ars Magica'),
(867, 'un maitre-chanteur', 'Delta Green'),
(868, 'un maitre-chanteur', 'Dying Earth'),
(869, 'un maitre-chanteur', 'Earthdawn'),
(870, 'un maitre-chanteur', 'Fading Suns'),
(871, 'un maitre-chanteur', 'Knight'),
(872, 'un maitre-chanteur', 'La Méthode du docteur Chestel'),
(873, 'un maitre-chanteur', 'Les 7 Rois'),
(874, 'un maitre-chanteur', 'Les Immortels'),
(875, 'un maitre-chanteur', 'Les Ombres d\'Esteren'),
(876, 'un maitre-chanteur', 'Pavillon Noir'),
(877, 'un maitre-chanteur', 'Ravnica'),
(878, 'un maitre-chanteur', 'Scion'),
(879, 'un maitre-chanteur', 'Scion Apocalypse'),
(880, 'un maitre-chanteur', 'Scales'),
(881, 'un maitre-chanteur', 'Secret de la 7ème Mer'),
(882, 'un maitre-chanteur', 'Shayo'),
(883, 'un maitre-chanteur', '13ème Age'),
(884, 'un médecin', 'Yggdrasill'),
(885, 'un médecin', 'Pathfinder'),
(886, 'un médecin', 'In Nomine Satanis Magna Veritas'),
(887, 'un médecin', 'Deadland Reloaded'),
(888, 'un médecin', 'Warhammer 40K'),
(889, 'un médecin', 'Ars Magica'),
(890, 'un médecin', 'Delta Green'),
(891, 'un médecin', 'Dying Earth'),
(892, 'un médecin', 'Earthdawn'),
(893, 'un médecin', 'Fading Suns'),
(894, 'un médecin', 'Knight'),
(895, 'un médecin', 'La Méthode du docteur Chestel'),
(896, 'un médecin', 'Les 7 Rois'),
(897, 'un médecin', 'Les Immortels'),
(898, 'un médecin', 'Les Ombres d\'Esteren'),
(899, 'un médecin', 'Pavillon Noir'),
(900, 'un médecin', 'Ravnica'),
(901, 'un médecin', 'Scion'),
(902, 'un médecin', 'Scion Apocalypse'),
(903, 'un médecin', 'Scales'),
(904, 'un médecin', 'Secret de la 7ème Mer'),
(905, 'un médecin', 'Shayo'),
(906, 'un médecin', '13ème Age'),
(907, 'un média', 'In Nomine Satanis Magna Veritas'),
(908, 'un média', 'Deadland Reloaded'),
(909, 'un média', 'Ars Magica'),
(910, 'un média', 'Delta Green'),
(911, 'un média', 'Dying Earth'),
(912, 'un média', 'Earthdawn'),
(913, 'un média', 'Fading Suns'),
(914, 'un média', 'Knight'),
(915, 'un média', 'La Méthode du docteur Chestel'),
(916, 'un média', 'Les 7 Rois'),
(917, 'un média', 'Les Immortels'),
(918, 'un média', 'Les Ombres d\'Esteren'),
(919, 'un média', 'Scion'),
(920, 'un média', 'Scales'),
(921, 'un medium', 'Yggdrasill'),
(922, 'un medium', 'Pathfinder'),
(923, 'un medium', 'In Nomine Satanis Magna Veritas'),
(924, 'un medium', 'Deadland Reloaded'),
(925, 'un medium', 'Ars Magica'),
(926, 'un medium', 'Delta Green'),
(927, 'un medium', 'Dying Earth'),
(928, 'un medium', 'Earthdawn'),
(929, 'un medium', 'Fading Suns'),
(930, 'un medium', 'La Méthode du docteur Chestel'),
(931, 'un medium', 'Les 7 Rois'),
(932, 'un medium', 'Les Immortels'),
(933, 'un medium', 'Les Ombres d\'Esteren'),
(934, 'un medium', 'Ravnica'),
(935, 'un medium', 'Scion'),
(936, 'un medium', 'Scion Apocalypse'),
(937, 'un medium', 'Scales'),
(938, 'un medium', 'Secret de la 7ème Mer'),
(939, 'un medium', '13ème Age'),
(940, 'un mercenaire', 'Yggdrasill'),
(941, 'un mercenaire', 'Pathfinder'),
(942, 'un mercenaire', 'In Nomine Satanis Magna Veritas'),
(943, 'un mercenaire', 'Deadland Reloaded'),
(944, 'un mercenaire', 'Warhammer 40K'),
(945, 'un mercenaire', 'Ars Magica'),
(946, 'un mercenaire', 'Delta Green'),
(947, 'un mercenaire', 'Dying Earth'),
(948, 'un mercenaire', 'Earthdawn'),
(949, 'un mercenaire', 'Fading Suns'),
(950, 'un mercenaire', 'Knight'),
(951, 'un mercenaire', 'La Méthode du docteur Chestel'),
(952, 'un mercenaire', 'Les 7 Rois'),
(953, 'un mercenaire', 'Les Immortels'),
(954, 'un mercenaire', 'Les Ombres d\'Esteren'),
(955, 'un mercenaire', 'Pavillon Noir'),
(956, 'un mercenaire', 'Ravnica'),
(957, 'un mercenaire', 'Scion'),
(958, 'un mercenaire', 'Scion Apocalypse'),
(959, 'un mercenaire', 'Scales'),
(960, 'un mercenaire', 'Secret de la 7ème Mer'),
(961, 'un mercenaire', 'Shayo'),
(962, 'un mercenaire', '13ème Age'),
(963, 'un miliardaire', 'In Nomine Satanis Magna Veritas'),
(964, 'un miliardaire', 'Deadland Reloaded'),
(965, 'un miliardaire', 'Delta Green'),
(966, 'un miliardaire', 'Dying Earth'),
(967, 'un miliardaire', 'Fading Suns'),
(968, 'un miliardaire', 'Knight'),
(969, 'un miliardaire', 'La Méthode du docteur Chestel'),
(970, 'un miliardaire', 'Les 7 Rois'),
(971, 'un miliardaire', 'Les Immortels'),
(972, 'un miliardaire', 'Scion'),
(973, 'un miliardaire', 'Scales'),
(974, 'un milicien', 'Yggdrasill'),
(975, 'un milicien', 'Pathfinder'),
(976, 'un milicien', 'In Nomine Satanis Magna Veritas'),
(977, 'un milicien', 'Deadland Reloaded'),
(978, 'un milicien', 'Warhammer 40K'),
(979, 'un milicien', 'Ars Magica'),
(980, 'un milicien', 'Delta Green'),
(981, 'un milicien', 'Dying Earth'),
(982, 'un milicien', 'Earthdawn'),
(983, 'un milicien', 'Fading Suns'),
(984, 'un milicien', 'Knight'),
(985, 'un milicien', 'La Méthode du docteur Chestel'),
(986, 'un milicien', 'Les 7 Rois'),
(987, 'un milicien', 'Les Immortels'),
(988, 'un milicien', 'Les Ombres d\'Esteren'),
(989, 'un milicien', 'Pavillon Noir'),
(990, 'un milicien', 'Ravnica'),
(991, 'un milicien', 'Scion'),
(992, 'un milicien', 'Scion Apocalypse'),
(993, 'un milicien', 'Scales'),
(994, 'un milicien', 'Secret de la 7ème Mer'),
(995, 'un milicien', 'Shayo'),
(996, 'un milicien', '13ème Age'),
(997, 'un militaire', 'In Nomine Satanis Magna Veritas'),
(998, 'un militaire', 'Warhammer 40K'),
(999, 'un militaire', 'Delta Green'),
(1000, 'un militaire', 'Dying Earth'),
(1001, 'un militaire', 'Fading Suns'),
(1002, 'un militaire', 'Knight'),
(1003, 'un militaire', 'La Méthode du docteur Chestel'),
(1004, 'un militaire', 'Les 7 Rois'),
(1005, 'un militaire', 'Les Immortels'),
(1006, 'un militaire', 'Ravnica'),
(1007, 'un militaire', 'Scion'),
(1008, 'un militaire', 'Scion Apocalypse'),
(1009, 'un militaire', 'Scales'),
(1010, 'un musicien', 'Yggdrasill'),
(1011, 'un musicien', 'Pathfinder'),
(1012, 'un musicien', 'In Nomine Satanis Magna Veritas'),
(1013, 'un musicien', 'Deadland Reloaded'),
(1014, 'un musicien', 'Ars Magica'),
(1015, 'un musicien', 'Delta Green'),
(1016, 'un musicien', 'Dying Earth'),
(1017, 'un musicien', 'Earthdawn'),
(1018, 'un musicien', 'Fading Suns'),
(1019, 'un musicien', 'Knight'),
(1020, 'un musicien', 'La Méthode du docteur Chestel'),
(1021, 'un musicien', 'Les 7 Rois'),
(1022, 'un musicien', 'Les Immortels'),
(1023, 'un musicien', 'Les Ombres d\'Esteren'),
(1024, 'un musicien', 'Pavillon Noir'),
(1025, 'un musicien', 'Ravnica'),
(1026, 'un musicien', 'Scion'),
(1027, 'un musicien', 'Scion Apocalypse'),
(1028, 'un musicien', 'Scales'),
(1029, 'un musicien', 'Secret de la 7ème Mer'),
(1030, 'un musicien', 'Shayo'),
(1031, 'un musicien', '13ème Age'),
(1032, 'un mutant', 'Pathfinder'),
(1033, 'un mutant', 'Warhammer 40K'),
(1034, 'un mutant', 'Earthdawn'),
(1035, 'un mutant', 'Fading Suns'),
(1036, 'un mutant', 'Knight'),
(1037, 'un mutant', 'La Méthode du docteur Chestel'),
(1038, 'un mutant', 'Les Immortels'),
(1039, 'un mutant', 'Les Ombres d\'Esteren'),
(1040, 'un noble', 'Yggdrasill'),
(1041, 'un noble', 'Pathfinder'),
(1042, 'un noble', 'In Nomine Satanis Magna Veritas'),
(1043, 'un noble', 'Deadland Reloaded'),
(1044, 'un noble', 'Warhammer 40K'),
(1045, 'un noble', 'Ars Magica'),
(1046, 'un noble', 'Delta Green'),
(1047, 'un noble', 'Dying Earth'),
(1048, 'un noble', 'Earthdawn'),
(1049, 'un noble', 'Fading Suns'),
(1050, 'un noble', 'Knight'),
(1051, 'un noble', 'La Méthode du docteur Chestel'),
(1052, 'un noble', 'Les 7 Rois'),
(1053, 'un noble', 'Les Immortels'),
(1054, 'un noble', 'Les Ombres d\'Esteren'),
(1055, 'un noble', 'Pavillon Noir'),
(1056, 'un noble', 'Ravnica'),
(1057, 'un noble', 'Scion'),
(1058, 'un noble', 'Scion Apocalypse'),
(1059, 'un noble', 'Scales'),
(1060, 'un noble', 'Secret de la 7ème Mer'),
(1061, 'un noble', 'Shayo'),
(1062, 'un noble', '13ème Age'),
(1063, 'un nomade', 'Yggdrasill'),
(1064, 'un nomade', 'Pathfinder'),
(1065, 'un nomade', 'In Nomine Satanis Magna Veritas'),
(1066, 'un nomade', 'Deadland Reloaded'),
(1067, 'un nomade', 'Warhammer 40K'),
(1068, 'un nomade', 'Ars Magica'),
(1069, 'un nomade', 'Delta Green'),
(1070, 'un nomade', 'Dying Earth'),
(1071, 'un nomade', 'Earthdawn'),
(1072, 'un nomade', 'Fading Suns'),
(1073, 'un nomade', 'Knight'),
(1074, 'un nomade', 'La Méthode du docteur Chestel'),
(1075, 'un nomade', 'Les 7 Rois'),
(1076, 'un nomade', 'Les Immortels'),
(1077, 'un nomade', 'Les Ombres d\'Esteren'),
(1078, 'un nomade', 'Pavillon Noir'),
(1079, 'un nomade', 'Ravnica'),
(1080, 'un nomade', 'Scion'),
(1081, 'un nomade', 'Scion Apocalypse'),
(1082, 'un nomade', 'Scales'),
(1083, 'un nomade', 'Secret de la 7ème Mer'),
(1084, 'un nomade', 'Shayo'),
(1085, 'un nomade', '13ème Age'),
(1086, 'un pirate', 'Pathfinder'),
(1087, 'un pirate', 'Warhammer 40K'),
(1088, 'un pirate', 'Ars Magica'),
(1089, 'un pirate', 'Earthdawn'),
(1090, 'un pirate', 'Fading Suns'),
(1091, 'un pirate', 'Knight'),
(1092, 'un pirate', 'La Méthode du docteur Chestel'),
(1093, 'un pirate', 'Pavillon Noir'),
(1094, 'un pirate', 'Ravnica'),
(1095, 'un pirate', 'Secret de la 7ème Mer'),
(1096, 'un psionics', 'Dying Earth'),
(1097, 'un psionics', 'Fading Suns'),
(1098, 'un psionics', 'Ravnica'),
(1099, 'un psionics', 'Scales'),
(1100, 'un psyker', 'Warhammer 40K'),
(1101, 'un psyker', 'Fading Suns'),
(1102, 'un récupérateur', 'Deadland Reloaded'),
(1103, 'un récupérateur', 'Warhammer 40K'),
(1104, 'un récupérateur', 'Delta Green'),
(1105, 'un récupérateur', 'Dying Earth'),
(1106, 'un récupérateur', 'Earthdawn'),
(1107, 'un récupérateur', 'Fading Suns'),
(1108, 'un récupérateur', 'Knight'),
(1109, 'un récupérateur', 'La Méthode du docteur Chestel'),
(1110, 'un récupérateur', 'Les 7 Rois'),
(1111, 'un récupérateur', 'Scion Apocalypse'),
(1112, 'un robot', 'In Nomine Satanis Magna Veritas'),
(1113, 'un robot', 'Delta Green'),
(1114, 'un robot', 'Dying Earth'),
(1115, 'un robot', 'Fading Suns'),
(1116, 'un robot', 'La Méthode du docteur Chestel'),
(1117, 'un robot', 'Les Immortels'),
(1118, 'un robot', 'Scales'),
(1119, 'un routier', 'In Nomine Satanis Magna Veritas'),
(1120, 'un routier', 'Warhammer 40K'),
(1121, 'un routier', 'Delta Green'),
(1122, 'un routier', 'Fading Suns'),
(1123, 'un routier', 'La Méthode du docteur Chestel'),
(1124, 'un routier', 'Les Immortels'),
(1125, 'un routier', 'Pavillon Noir'),
(1126, 'un routier', 'Scion'),
(1127, 'un routier', 'Scales'),
(1128, 'un routier', '13ème Age'),
(1129, 'un savant fou', 'Yggdrasill'),
(1130, 'un savant fou', 'Pathfinder'),
(1131, 'un savant fou', 'In Nomine Satanis Magna Veritas'),
(1132, 'un savant fou', 'Deadland Reloaded'),
(1133, 'un savant fou', 'Warhammer 40K'),
(1134, 'un savant fou', 'Ars Magica'),
(1135, 'un savant fou', 'Delta Green'),
(1136, 'un savant fou', 'Dying Earth'),
(1137, 'un savant fou', 'Earthdawn'),
(1138, 'un savant fou', 'Fading Suns'),
(1139, 'un savant fou', 'Knight'),
(1140, 'un savant fou', 'La Méthode du docteur Chestel'),
(1141, 'un savant fou', 'Les 7 Rois'),
(1142, 'un savant fou', 'Les Immortels'),
(1143, 'un savant fou', 'Les Ombres d\'Esteren'),
(1144, 'un savant fou', 'Pavillon Noir'),
(1145, 'un savant fou', 'Ravnica'),
(1146, 'un savant fou', 'Scion'),
(1147, 'un savant fou', 'Scion Apocalypse'),
(1148, 'un savant fou', 'Scales'),
(1149, 'un savant fou', 'Secret de la 7ème Mer'),
(1150, 'un savant fou', 'Shayo'),
(1151, 'un savant fou', '13ème Age'),
(1152, 'un scientifique', 'In Nomine Satanis Magna Veritas'),
(1153, 'un scientifique', 'Warhammer 40K'),
(1154, 'un scientifique', 'Delta Green'),
(1155, 'un scientifique', 'Fading Suns'),
(1156, 'un scientifique', 'Knight'),
(1157, 'un scientifique', 'La Méthode du docteur Chestel'),
(1158, 'un scientifique', 'Les Immortels'),
(1159, 'un scientifique', 'Les Ombres d\'Esteren'),
(1160, 'un scientifique', 'Pavillon Noir'),
(1161, 'un scientifique', 'Scion'),
(1162, 'un scientifique', 'Scales'),
(1163, 'un scientifique', '13ème Age'),
(1164, 'un sorcier', 'Pathfinder'),
(1165, 'un sorcier', 'Ars Magica'),
(1166, 'un sorcier', 'Delta Green'),
(1167, 'un sorcier', 'Dying Earth'),
(1168, 'un sorcier', 'Earthdawn'),
(1169, 'un sorcier', 'La Méthode du docteur Chestel'),
(1170, 'un sorcier', 'Les Ombres d\'Esteren'),
(1171, 'un sorcier', 'Ravnica'),
(1172, 'un sorcier', 'Scales'),
(1173, 'un sorcier', 'Secret de la 7ème Mer'),
(1174, 'un sorcier', 'Shayo'),
(1175, 'un technomencien', 'Warhammer 40K'),
(1176, 'un télépathe', 'Pathfinder'),
(1177, 'un télépathe', 'In Nomine Satanis Magna Veritas'),
(1178, 'un télépathe', 'Warhammer 40K'),
(1179, 'un télépathe', 'Dying Earth'),
(1180, 'un télépathe', 'Fading Suns'),
(1181, 'un télépathe', 'Knight'),
(1182, 'un télépathe', 'La Méthode du docteur Chestel'),
(1183, 'un télépathe', 'Ravnica'),
(1184, 'un terroriste', 'Pathfinder'),
(1185, 'un terroriste', 'In Nomine Satanis Magna Veritas'),
(1186, 'un terroriste', 'Warhammer 40K'),
(1187, 'un terroriste', 'Delta Green'),
(1188, 'un terroriste', 'Knight'),
(1189, 'un terroriste', 'La Méthode du docteur Chestel'),
(1190, 'un terroriste', 'Les Immortels'),
(1191, 'un terroriste', 'Les Ombres d\'Esteren'),
(1192, 'un terroriste', 'Pavillon Noir'),
(1193, 'un terroriste', 'Scion'),
(1194, 'un terroriste', 'Scales'),
(1195, 'un terroriste', 'Secret de la 7ème Mer'),
(1196, 'un terroriste', '13ème Age'),
(1197, 'un traitre', 'Yggdrasill'),
(1198, 'un traitre', 'Pathfinder'),
(1199, 'un traitre', 'In Nomine Satanis Magna Veritas'),
(1200, 'un traitre', 'Deadland Reloaded'),
(1201, 'un traitre', 'Warhammer 40K'),
(1202, 'un traitre', 'Ars Magica'),
(1203, 'un traitre', 'Delta Green'),
(1204, 'un traitre', 'Dying Earth'),
(1205, 'un traitre', 'Earthdawn'),
(1206, 'un traitre', 'Fading Suns'),
(1207, 'un traitre', 'Knight'),
(1208, 'un traitre', 'La Méthode du docteur Chestel'),
(1209, 'un traitre', 'Les 7 Rois'),
(1210, 'un traitre', 'Les Immortels'),
(1211, 'un traitre', 'Les Ombres d\'Esteren'),
(1212, 'un traitre', 'Pavillon Noir'),
(1213, 'un traitre', 'Ravnica'),
(1214, 'un traitre', 'Scion'),
(1215, 'un traitre', 'Scion Apocalypse'),
(1216, 'un traitre', 'Scales'),
(1217, 'un traitre', 'Secret de la 7ème Mer'),
(1218, 'un traitre', 'Shayo'),
(1219, 'un traitre', '13ème Age'),
(1220, 'un vieux', 'Yggdrasill'),
(1221, 'un vieux', 'Pathfinder'),
(1222, 'un vieux', 'In Nomine Satanis Magna Veritas'),
(1223, 'un vieux', 'Deadland Reloaded'),
(1224, 'un vieux', 'Warhammer 40K'),
(1225, 'un vieux', 'Ars Magica'),
(1226, 'un vieux', 'Delta Green'),
(1227, 'un vieux', 'Dying Earth'),
(1228, 'un vieux', 'Earthdawn'),
(1229, 'un vieux', 'Fading Suns'),
(1230, 'un vieux', 'Knight'),
(1231, 'un vieux', 'La Méthode du docteur Chestel'),
(1232, 'un vieux', 'Les 7 Rois'),
(1233, 'un vieux', 'Les Immortels'),
(1234, 'un vieux', 'Les Ombres d\'Esteren'),
(1235, 'un vieux', 'Pavillon Noir'),
(1236, 'un vieux', 'Ravnica'),
(1237, 'un vieux', 'Scion'),
(1238, 'un vieux', 'Scion Apocalypse'),
(1239, 'un vieux', 'Scales'),
(1240, 'un vieux', 'Secret de la 7ème Mer'),
(1241, 'un vieux', 'Shayo'),
(1242, 'un vieux', '13ème Age'),
(1243, 'une chef d\'état', 'In Nomine Satanis Magna Veritas'),
(1244, 'une chef d\'état', 'Delta Green'),
(1245, 'une chef d\'état', 'Dying Earth'),
(1246, 'une chef d\'état', 'Fading Suns'),
(1247, 'une chef d\'état', 'Knight'),
(1248, 'une chef d\'état', 'La Méthode du docteur Chestel'),
(1249, 'une chef d\'état', 'Les 7 Rois'),
(1250, 'une chef d\'état', 'Les Immortels'),
(1251, 'une chef d\'état', 'Scion'),
(1252, 'une chef d\'état', 'Scales'),
(1253, 'une créature', 'Yggdrasill'),
(1254, 'une créature', 'Pathfinder'),
(1255, 'une créature', 'In Nomine Satanis Magna Veritas'),
(1256, 'une créature', 'Deadland Reloaded'),
(1257, 'une créature', 'Warhammer 40K'),
(1258, 'une créature', 'Ars Magica'),
(1259, 'une créature', 'Delta Green'),
(1260, 'une créature', 'Dying Earth'),
(1261, 'une créature', 'Earthdawn'),
(1262, 'une créature', 'Fading Suns'),
(1263, 'une créature', 'Knight'),
(1264, 'une créature', 'La Méthode du docteur Chestel'),
(1265, 'une créature', 'Les 7 Rois'),
(1266, 'une créature', 'Les Immortels'),
(1267, 'une créature', 'Les Ombres d\'Esteren'),
(1268, 'une créature', 'Pavillon Noir'),
(1269, 'une créature', 'Ravnica'),
(1270, 'une créature', 'Scion'),
(1271, 'une créature', 'Scion Apocalypse'),
(1272, 'une créature', 'Scales'),
(1273, 'une créature', 'Secret de la 7ème Mer'),
(1274, 'une créature', 'Shayo'),
(1275, 'une créature', '13ème Age'),
(1276, 'une firme', 'In Nomine Satanis Magna Veritas'),
(1277, 'une firme', 'Deadland Reloaded'),
(1278, 'une firme', 'Delta Green'),
(1279, 'une firme', 'Dying Earth'),
(1280, 'une firme', 'Fading Suns'),
(1281, 'une firme', 'Knight'),
(1282, 'une firme', 'La Méthode du docteur Chestel'),
(1283, 'une firme', 'Les 7 Rois'),
(1284, 'une firme', 'Les Immortels'),
(1285, 'une firme', 'Scion'),
(1286, 'une firme', 'Scales'),
(1287, 'UNE I.A', 'Warhammer 40K'),
(1288, 'UNE I.A', 'Fading Suns'),
(1289, 'UNE I.A', 'Knight'),
(1290, 'UNE I.A', 'La Méthode du docteur Chestel'),
(1291, 'une organisation', 'In Nomine Satanis Magna Veritas'),
(1292, 'une organisation', 'Deadland Reloaded'),
(1293, 'une organisation', 'Delta Green'),
(1294, 'une organisation', 'Dying Earth'),
(1295, 'une organisation', 'Fading Suns'),
(1296, 'une organisation', 'Knight'),
(1297, 'une organisation', 'La Méthode du docteur Chestel'),
(1298, 'une organisation', 'Les 7 Rois'),
(1299, 'une organisation', 'Les Immortels'),
(1300, 'une organisation', 'Scion'),
(1301, 'une organisation', 'Scales'),
(1302, 'une personnalité', 'Yggdrasill'),
(1303, 'une personnalité', 'Pathfinder'),
(1304, 'une personnalité', 'In Nomine Satanis Magna Veritas'),
(1305, 'une personnalité', 'Deadland Reloaded'),
(1306, 'une personnalité', 'Warhammer 40K'),
(1307, 'une personnalité', 'Ars Magica'),
(1308, 'une personnalité', 'Delta Green'),
(1309, 'une personnalité', 'Dying Earth'),
(1310, 'une personnalité', 'Earthdawn'),
(1311, 'une personnalité', 'Fading Suns'),
(1312, 'une personnalité', 'Knight'),
(1313, 'une personnalité', 'La Méthode du docteur Chestel'),
(1314, 'une personnalité', 'Les 7 Rois'),
(1315, 'une personnalité', 'Les Immortels'),
(1316, 'une personnalité', 'Les Ombres d\'Esteren'),
(1317, 'une personnalité', 'Pavillon Noir'),
(1318, 'une personnalité', 'Ravnica'),
(1319, 'une personnalité', 'Scion'),
(1320, 'une personnalité', 'Scion Apocalypse'),
(1321, 'une personnalité', 'Scales'),
(1322, 'une personnalité', 'Secret de la 7ème Mer'),
(1323, 'une personnalité', 'Shayo'),
(1324, 'une personnalité', '13ème Age'),
(1325, 'une secte', 'Yggdrasill'),
(1326, 'une secte', 'Pathfinder'),
(1327, 'une secte', 'In Nomine Satanis Magna Veritas'),
(1328, 'une secte', 'Deadland Reloaded'),
(1329, 'une secte', 'Warhammer 40K'),
(1330, 'une secte', 'Ars Magica'),
(1331, 'une secte', 'Delta Green'),
(1332, 'une secte', 'Dying Earth');
INSERT INTO `gen_perso_imp` (`idPersoImp`, `nomRole`, `nomUnivers`) VALUES
(1333, 'une secte', 'Earthdawn'),
(1334, 'une secte', 'Fading Suns'),
(1335, 'une secte', 'Knight'),
(1336, 'une secte', 'La Méthode du docteur Chestel'),
(1337, 'une secte', 'Les 7 Rois'),
(1338, 'une secte', 'Les Immortels'),
(1339, 'une secte', 'Les Ombres d\'Esteren'),
(1340, 'une secte', 'Pavillon Noir'),
(1341, 'une secte', 'Ravnica'),
(1342, 'une secte', 'Scion'),
(1343, 'une secte', 'Scion Apocalypse'),
(1344, 'une secte', 'Scales'),
(1345, 'une secte', 'Secret de la 7ème Mer'),
(1346, 'une secte', 'Shayo'),
(1347, 'une secte', '13ème Age'),
(1348, 'une sorcière', 'Pathfinder'),
(1349, 'une sorcière', 'Ars Magica'),
(1350, 'une sorcière', 'Delta Green'),
(1351, 'une sorcière', 'Dying Earth'),
(1352, 'une sorcière', 'Earthdawn'),
(1353, 'une sorcière', 'La Méthode du docteur Chestel'),
(1354, 'une sorcière', 'Les Ombres d\'Esteren'),
(1355, 'une sorcière', 'Ravnica'),
(1356, 'une sorcière', 'Scales'),
(1357, 'une sorcière', 'Secret de la 7ème Mer'),
(1358, 'une sorcière', 'Shayo'),
(1359, 'une tête couronnée', 'Yggdrasill'),
(1360, 'une tête couronnée', 'Pathfinder'),
(1361, 'une tête couronnée', 'In Nomine Satanis Magna Veritas'),
(1362, 'une tête couronnée', 'Ars Magica'),
(1363, 'une tête couronnée', 'Delta Green'),
(1364, 'une tête couronnée', 'Dying Earth'),
(1365, 'une tête couronnée', 'Earthdawn'),
(1366, 'une tête couronnée', 'Fading Suns'),
(1367, 'une tête couronnée', 'Knight'),
(1368, 'une tête couronnée', 'La Méthode du docteur Chestel'),
(1369, 'une tête couronnée', 'Les 7 Rois'),
(1370, 'une tête couronnée', 'Pavillon Noir'),
(1371, 'une tête couronnée', 'Ravnica'),
(1372, 'une tête couronnée', 'Scion'),
(1373, 'une tête couronnée', 'Scales'),
(1374, 'une tête couronnée', 'Secret de la 7ème Mer'),
(1375, 'une tête couronnée', '13ème Age'),
(1376, 'une tribu', 'Yggdrasill'),
(1377, 'une tribu', 'Pathfinder'),
(1378, 'une tribu', 'In Nomine Satanis Magna Veritas'),
(1379, 'une tribu', 'Deadland Reloaded'),
(1380, 'une tribu', 'Warhammer 40K'),
(1381, 'une tribu', 'Ars Magica'),
(1382, 'une tribu', 'Delta Green'),
(1383, 'une tribu', 'Dying Earth'),
(1384, 'une tribu', 'Earthdawn'),
(1385, 'une tribu', 'Fading Suns'),
(1386, 'une tribu', 'Knight'),
(1387, 'une tribu', 'La Méthode du docteur Chestel'),
(1388, 'une tribu', 'Les 7 Rois'),
(1389, 'une tribu', 'Les Immortels'),
(1390, 'une tribu', 'Les Ombres d\'Esteren'),
(1391, 'une tribu', 'Pavillon Noir'),
(1392, 'une tribu', 'Ravnica'),
(1393, 'une tribu', 'Scion'),
(1394, 'une tribu', 'Scion Apocalypse'),
(1395, 'une tribu', 'Scales'),
(1396, 'une tribu', 'Secret de la 7ème Mer'),
(1397, 'une tribu', 'Shayo'),
(1398, 'une tribu', '13ème Age'),
(1399, 'sbire', 'Yggdrasill'),
(1400, 'sbire', 'Pathfinder'),
(1401, 'sbire', 'In Nomine Satanis Magna Veritas'),
(1402, 'sbire', 'Deadland Reloaded'),
(1403, 'sbire', 'Warhammer 40K'),
(1404, 'sbire', 'Ars Magica'),
(1405, 'sbire', 'Delta Green'),
(1406, 'sbire', 'Dying Earth'),
(1407, '', 'Earthdawn'),
(1408, '', 'Fading Suns'),
(1409, 'sbire', 'Knight'),
(1410, 'sbire', 'La Méthode du docteur Chestel'),
(1411, 'sbire', 'Les 7 Rois'),
(1412, 'sbire', 'Les Immortels'),
(1413, 'sbire', 'Les Ombres d\'Esteren'),
(1414, 'sbire', 'Pavillon Noir'),
(1415, 'sbire', 'Ravnica'),
(1416, 'sbire', 'Scion'),
(1417, 'sbire', 'Scion Apocalypse'),
(1418, 'sbire', 'Scales'),
(1419, 'sbire', 'Secret de la 7ème Mer'),
(1420, 'sbire', 'Shayo'),
(1421, 'sbire', '13éme Age');

-- --------------------------------------------------------

--
-- Structure de la table `gen_pnjs`
--

DROP TABLE IF EXISTS `gen_pnjs`;
CREATE TABLE IF NOT EXISTS `gen_pnjs` (
  `idImage` int(11) NOT NULL,
  `pathImage` varchar(255) DEFAULT NULL,
  `nomImage` varchar(255) DEFAULT NULL,
  `typeImage` varchar(5) NOT NULL,
  `sexePnj` varchar(255) DEFAULT NULL,
  `racePnj` varchar(255) DEFAULT NULL,
  `fonctionPnj` varchar(255) DEFAULT NULL,
  `typeUnivers` varchar(255) DEFAULT NULL,
  PRIMARY KEY (`idImage`)
) ENGINE=MyISAM DEFAULT CHARSET=utf8;

--
-- Déchargement des données de la table `gen_pnjs`
--

INSERT INTO `gen_pnjs` (`idImage`, `pathImage`, `nomImage`, `typeImage`, `sexePnj`, `racePnj`, `fonctionPnj`, `typeUnivers`) VALUES
(1, 'assets\\img\\pnj\\', 'demon_sbire_heroic fantasy', '.jpg', 'Mâle', 'démon', 'sbire', 'Médiéval Fantastique'),
(2, 'assets\\img\\pnj\\', 'elfe_roublard_heroic fantasy', '.jpg', 'Femelle', 'elfe', 'roublard', 'Médiéval Fantastique'),
(3, 'assets\\img\\pnj\\', 'humain_artiste_western', '.jpg', 'Femelle', 'humain', 'artiste', 'Western'),
(4, 'assets\\img\\pnj\\', 'humain_bourgeois_science fiction', '.jpg', 'Mâle', 'humain', 'noble', 'Science Fiction'),
(5, 'assets\\img\\pnj\\', 'humain_combattant_heroic fantasy (2)', '.jpg', 'Mâle', 'humain', 'combattant', 'Médiéval Fantastique'),
(6, 'assets\\img\\pnj\\', 'humain_combattant_heroic fantasy', '.jpg', 'Mâle', 'humain', 'combattant', 'Médiéval Fantastique'),
(7, 'assets\\img\\pnj\\', 'humain_combattant_medieval fantastique', '.jpg', 'Mâle', 'humain', 'conbattant', 'Médiéval Fantastique'),
(8, 'assets\\img\\pnj\\', 'humain_combattant_post apo', '.jpg', 'Mâle', 'humain', 'combattant', 'Post Apo'),
(9, 'assets\\img\\pnj\\', 'humain_combattant_post apo', '.jpg', 'Mâle', 'humain', 'ranger', 'Science Fiction'),
(10, 'assets\\img\\pnj\\', 'humain_combattant_science fiction', '.jpg', 'Mâle', 'humain', 'combattant', 'Science Fiction'),
(11, 'assets\\img\\pnj\\', 'humain_heroic fantasy_ranger', '.jpg', 'Mâle', 'humain', 'ranger', 'Médiéval Fantastique'),
(12, 'assets\\img\\pnj\\', 'humain_mage_heroic fantasy (2)', '.jpg', 'Femelle', 'humain', 'mage', 'Médiéval Fantastique'),
(13, 'assets\\img\\pnj\\', 'humain_mage_heroic fantasy', '.jpg', 'Mâle', 'humain', 'mage', 'Médiéval Fantastique'),
(14, 'assets\\img\\pnj\\', 'humain_marchand_science fiction', '.jpg', 'Mâle', 'humain', 'marchand', 'Science Fiction'),
(15, 'assets\\img\\pnj\\', 'humain_noble_medieval fantastique (2)', '.jpg', 'Mâle', 'humain', 'noble', 'Médiéval Fantastique'),
(16, 'assets\\img\\pnj\\', 'humain_noble_medieval fantastique', '.jpg', ' Femelle', 'humain', 'noble', 'Médiéval Fantastique'),
(17, 'assets\\img\\pnj\\', 'humain_pretre_heroic fantasy', '.jpg', 'Mâle', 'humain', 'moine', 'Médiéval Fantastique'),
(18, 'assets\\img\\pnj\\', 'humain_pretre_post apo', '.jpg', 'Mâle', 'humain', 'prêtre', 'Post Apo'),
(19, 'assets\\img\\pnj\\', 'humain_ranger_heroic fantasy (2)', '.jpg', 'Mâle', 'humain', 'ranger', 'Médiéval Fantastique'),
(20, 'assets\\img\\pnj\\', 'humain_ranger_heroic fantasy', '.jpg', 'Mâle', 'humain', 'ranger', 'Post Apo'),
(21, 'assets\\img\\pnj\\', 'humain_ranger_post apo (2)', '.jpg', 'Mâle', 'humain', 'ranger', 'Post Apo'),
(22, 'assets\\img\\pnj\\', 'humain_ranger_post apo', '.jpg', 'Mâle', 'humain', 'ranger', 'Post Apo'),
(23, 'assets\\img\\pnj\\', 'humain_rebelle_science fiction', '.jpg', 'Mâle', 'humain', 'roublard', 'Science Fiction'),
(24, 'assets\\img\\pnj\\', 'humain_roublard_post apo', '.jpg', 'Mâle', 'humain', 'roublard', 'Post Apo'),
(25, 'assets\\img\\pnj\\', 'humain_savant_post apo', '.jpg', 'Mâle', 'humain', 'ranger', 'Post Apo'),
(26, 'assets\\img\\pnj', 'humain_sbire_medieval fantastique', '', 'Mâle', 'humain', 'combatant', 'Médiéval Fantastique'),
(27, 'assets\\img\\pnj', 'humain_voyageur_post apo (2)', '', 'Mâle', 'humain', 'roublard', 'Post Apo'),
(28, 'assets\\img\\pnj', 'humain_voyageur_post apo', '', 'Mâle', 'humain', 'combatant', 'Post Apo'),
(29, 'assets\\img\\pnj', 'humain2_combattant_heroic fantasy', '', 'Mâle', 'humain', 'combatant', 'Médiéval Fantastique'),
(30, 'assets\\img\\pnj', 'humain3_combattant_heroic fantasy', '', 'Mâle', 'humain', 'combatant', 'Médiéval Fantastique'),
(31, 'assets\\img\\pnj', 'mort vivant_sbire_heroique fantasy', '', 'Aséxué', 'mort-vivant', 'combatant', 'Médiéval Fantastique');

-- --------------------------------------------------------

--
-- Structure de la table `gen_univers`
--

DROP TABLE IF EXISTS `gen_univers`;
CREATE TABLE IF NOT EXISTS `gen_univers` (
  `idUnivers` int(11) NOT NULL AUTO_INCREMENT,
  `nomUnivers` varchar(50) NOT NULL,
  `typeUnivers` varchar(50) NOT NULL,
  `descriptionUnivers` longtext NOT NULL,
  PRIMARY KEY (`idUnivers`)
) ENGINE=InnoDB AUTO_INCREMENT=24 DEFAULT CHARSET=utf8;

--
-- Déchargement des données de la table `gen_univers`
--

INSERT INTO `gen_univers` (`idUnivers`, `nomUnivers`, `typeUnivers`, `descriptionUnivers`) VALUES
(1, 'Yggdrasill', 'Historique Fantastique', 'Yggdrasill propose de jouer des hommes du Nord dans une Europe mythique située entre le  quatrième et le sixième siècle. En incarnant ceux qui plus tard deviendront les Vikings, les joueurs pourront écrire une saga digne de celle de Beowulf.  Les aventures d\'Yggdrasill se déroulent ainsi dans la Scandia, Scandinavie actuelle, et sur les différents mondes de la mythologie nordique. Les personnages devront faire face à leurs destins, une notion importante pour les hommes du Nord. Qu\'il soient simples paysans, scaldes ou völvas à la grande sagesse, nobles ou guerrier berserkrs, les personnages devront vivre une histoire dont sont faites les sagas.'),
(2, 'Pathfinder', 'Médiéval Fantastique', 'Golarion est le monde de jeu de la gamme Pathfinder, un monde médiéval-fantastique recelant de mystères, de secrets et d\'occasions de partir à l\'aventure'),
(3, 'In Nomine Satanis Magna Veritas', 'Contemporain', 'Dans Magna Veritas, vous incarnez un groupe d\'anges, chacun aux ordres d\'un archange. Les joueurs sont réincarnés dans des corps humains à notre époque et doivent faire attention à ne pas se faire remarquer par l\'humanité dans l’exercice de leurs missions. L\'ambiance du jeu est volontairement à l\'opposé des standards et à prendre généralement au second degré.'),
(4, 'Deadland Reloaded', 'Western Fantastique', 'Nous sommes en 1876, quelque part dans les grandes étendues de l\'ouest américain, vous approchez d\'une ville constituée de quelques maisons alignées le long de deux rues, et un type à l\'allure débonnaire vous interpelle : \"Hola amigo ! J\'vois bien que t\'es un peu perdu, et va falloir faire gaffe à pas être pris pour un de ces pied-tendres de l\'Est. Sinon y aura bien un pistolero un peu nerveux qui voudra profiter de toi pour ajouter un cran à la crosse de son flingue. Ici c\'est l\'ouest, beaucoup de nouveaux disent même le Weird West... Faut dire qu\'on s\'ennuie pas, avec toutes ces histoires de cauchemar qui deviennent réalité et de types qui sont pas foutus de rester six pieds sous terre... Comme si on avait pas déjà assez de soucis à se faire avec la Guerre de Sécession qui s\'éternise ou les indiens qui viennent nous voler nos bonnes terres américaines... Enfin bref, ici t\'as autant de chances de croiser Wyatt Earp que Baron Samedi... Alors bienvenue à Coffin Town !\"'),
(5, 'Warhammer 40K', 'Space Opera', 'Dans l\'univers de Warhammer 40,000, l\'humanité a perdu son statut de superpuissance intergalactique et son âge d\'or technologique après l\'hérésie d\'Horus, rétrogradant l\'humanité plusieurs millénaires en arrière avec un mode de pensée très « religieux ». Dans l\'imperium, régime totalitaire, toutes les actions des forces armées sont guidées par un seul et même homme: l\'empereur. Éminent personnage de l\'univers de Warhammer 40000, il se fait également appeler dieu de la race humaine ou encore seigneur de l\'imperium. Après sa victoire contre Horus, son fils, il est perçu comme un véritable dieu. Les restes de son vaste empire qui s\'est étendu à travers toute la Voie Lactée est largement fédérée dans le cadre de l’Imperium.'),
(6, 'Ars Magica', 'Historique Fantastique', 'Ce jeu vous place dans l\'Ordre d\'Hermès, une congrégation de mages s\'étendant dans toute l\'Europe du 13e siècle. Vous lutterez pour conserver l\'équilibre entre les forces féeriques, divines, démoniaques et politiques en incarnant un mage, son compagnon et son serviteur. Intrigues, politique, secrets enfouis et surnaturel vous attendent.'),
(7, 'Delta Green', 'Contemporain', 'A notre époque, dans notre monde, celui qu\'on croit connaitre pourtant si bien, des forces occultes agissent dans l\'ombre. Les agents d\'un groupe secret nommé Delta Green sont missionnés pour enquêter aux quatre coins du monde. De messe noire en conspiration, de ce qui semble être un vampire à ce qui pourrait être un parasite sanguin, il sera difficile de démêler le vrai du faux. A mi-chemin entre des enquêtes occultes à la X-files/Supernatural et de l\'horreur psychologique à la Lovecraft/Barker, suspicions et doutes seront au rendez-vous.'),
(8, 'Dying Earth', 'Science-Fiction', 'La Terre est mourante. Les civilisations se sont succédées les unes aux autres, les éons ont passé, et aujourd\'hui le Soleil est sur le point de s\'éteindre. Les cultures, décadentes, sont souvent baroques et surprenantes, et la magie, même puissante, n\'est plus que l\'ombre de ce qu\'elle était. Les hommes de ce 21ème éon sont les héritiers de plusieurs millénaires de raffinement et de sophistication, mais vivent dans le cynisme et le fatalisme de qui se sait condamné. La civilisation est de prime abord médiévale, mais personne n\'est surpris de tomber de temps à autre sur un artefact magique ou technologique de l\'Antiquité. En fait, le manque de curiosité est un trait répandu : personne ne sait ce qui se trouve derrière la colline suivante, et personne ne cherche à le savoir. Le voyageur a donc l\'impression de baguenauder d\'un microcosme à un autre, et de trouver chaque fois des mœurs et des coutumes plus exotiques que dans le village précédent. Quelques villes majeures existent, dans lesquelles les hommes cultivés ratiocinent avec délectation sur le sens de la vie, la couleur du soleil, ou les civilisations disparues. Arrogance, avidité, gourmandise, luxure, pédanterie, sont des défauts partagés par tous.'),
(9, 'Earthdawn', 'Médiéval Fantastique', 'Nous sommes plusieurs milliers d\'années avant notre ère, en un pays nommé Barsaive. Lors d\'un pic de magie, des monstres innommables, les Horreurs, ont envahi la Terre. Les gens ont alors dû se réfugier dans des forteresses, les Kaers. Les Héros se battent aujourd\'hui pour défendre les populations des monstres qui rôdent encore et hantent les campagnes et les montagnes, massacrant des villages entiers et corrompant la terre. '),
(10, 'Fading Suns', 'Space Opera', 'Année 4999 : Suite à la découverte des portails reliant des systèmes solaires, l’humanité a colonisé la voie lactée et l’Empire du Phoenix, sous l’égide d’Alexius Hawkwood, tente de survivre aux nombreuses menaces de l’intérieur et de l’extérieur. Serez-vous un descendant d’une famille noble dominant des systèmes, un guildien gardant jalousement les technologies, un religieux qui souhaite sauver l’âme du peuple, un homme libre ou un extra-terrestre qui s’est enrôlé dans l’Ordre du Phoenix, créé par l’Empereur, pour redécouvrir les mondes perdus. Confrontez-vous à des cultes hérétiques, des psioniques, des adorateurs de démons, des sectes schismatiques, des technologies perdues, des barbares qui souhaitent tous la fin de l’Empire et l’avènement d’un âge sombre.'),
(11, 'Knight', 'SciFi Post Apo Horreur', 'la Geste de la fin des temps.  C\'est arrivé en 2034. L\'Anathème a recouvert le monde de ténèbres. De l\'obscurité ont jailli l\'Horreur, le Désespoir et des êtres issus de nos pires cauchemars. Alors que l\'humanité perd peu à peu Espoir et créativité. Alors que le monde semble plus froid et gris à chaque instant. Une confrérie de héros se dresse face à l\'Apocalypse. Rejoignez le Knight. Revêtez votre méta-armure et devenez un guerrier de Lumière. Aux côtés d\'Arthur et des chevaliers de la Table Ronde, vous porterez le fer et l\'Espoir au cœur des ténèbres.'),
(12, 'La Méthode du docteur Chestel', 'Inception', 'Tenté de visiter le monde le plus étrange de tous?  Ce jeu se situe dans un futur très proche où un médecin a découvert une drogue qui permet de pénétrer dans l\'esprit de son patient. Les joueurs sont des \"soigneurs\" qui s\'incarnent dans l\'Inconscient du Patient, le monde tel qu\'il se l\'imagine. Le but des \"soigneurs\" est de guérir le Patient de sa phobie dans la réalité.'),
(13, 'Les 7 Rois', 'Contemporain', 'Dans un monde comme le nôtre, règnent sept entités divines qui se font appeler les sept rois. Ils règnent chacun de leur coté sur leur territoire. Vous, les joueurs, serez des champions. Vous aurez à vous battre contre des entités corrompues par le Dévoreur et aussi contre les sombres machinations des rois .'),
(14, 'Les Immortels', 'Contemporain', 'Création maison, maîtrisée par l\'auteur, inspiré de la saga Days of Future Past. Des \"mutants\" venant d\'un futur dévasté arrivent dans notre présent (entre 2000 et aujourd\'hui) pour modifier des éléments de l\'Histoire afin d\'améliorer le sort du monde.'),
(15, 'Les Ombres d\'Esteren', 'Horreur', 'Les ombres s\'étirent en Tri-kazel. Les horreurs cauchemardesques se répandent et seule la religion, la spiritualité et la science pourront vous aider. Prenez garde, votre corps ne sera pas la seule chose à protéger et la folie pourrait devenir votre plus grande crainte.'),
(16, 'Pavillon Noir', 'Piraterie', 'Pavillon noir est un jeu de rôle vous permettant de revivre les aventures mouvementées des pirates des Caraïbes... Loin des histoires édulcorées de la piraterie hollywoodienne, voici un univers réaliste, basé sur le quotidien de ces terribles hors-la-loi, tel qu\'ils l\'ont vécu à l\'époque. Grâce à la magie du jeu de rôle, vous connaîtrez bientôt l\'ambiance qui régnait à bord d\'un fier navire voguant sur les mers bleues de l\'Atlantique, vous prendrez part à tous les événements qui rythmaient autrefois la rude vie des marins, et vous participerez aux escapades audacieuses qui ont fait la réputation des plus grands équipages ! Mieux encore : à l\'instar de ces pirates révoltés contre le monde entier, vous pourrez à votre tour tenter de reconstruire une société idéale au sein de votre propre équipage. A vous, maintenant, de hisser les voiles, et d\'entrer dans l\'histoire par la grande porte !'),
(17, 'Ravnica', 'Médiéval Fantastique', 'Le monde de Ravnica était dominé depuis des dizaines de milliers d\'années par des puissantes factions. Ces factions s\'affrontaient régulièrement. Il y a environ 10.000 ans, ce conflit atteint de tels sommets de destruction que la planète elle même répondit en envoyant des abominations dévoreuses de magie nommées les Nephilims. Les groupes les plus puissants du moment durent s\'allier pour les vaincre et ne parvinrent pas à les détruire définitivement. Pour éviter que ça ne se reproduise les dix groupes les plus puissants s\'accordèrent sur la fondation d\'un pacte : Le Pacte des Guildes. Il créèrent une puissante relique intelligente et y gravèrent des lois magiques qu\'ils seraient obligés de suivre.  Chaque Guilde devait avoir un rôle et différentes missions à respecter pour que la société perdure.  Cela a bien fonctionné, voila près de 10.000 ans que le pacte tient. Mais de sombres volontés s’attellent à le briser avant la très attendue célébration du Dix-millième.  Et puisque actuellement personne ne conçoit un monde sans les Guildes, ça sonne comme une annonce d\'apocalypse.'),
(18, 'Scion', 'Contemporain', 'Il y a longtemps, les Dieux combattirent les Titans, êtres chaotiques représentant les forces primordiales de l\'Univers, lors de la Titanomachie qui se solda par la victoire des Dieux et l\'enfermement des Titans dans Tartarus. S\'ensuivit une période de prospérité qui permit à l\'humanité de se développer jusqu\'au monde moderne que nous connaissons de nos jours. Malheureusement, les Titans se sont évadés de leur prison millénaire et ont repris la guerre contre les Dieux avec pour enjeu la survie de l\'humanité. Venez jouer un Scion, enfant d\'un ou une mortel(le) avec une Déesse ou un Dieu, qui possède ainsi des pouvoirs sur les éléments et des capacités physiques, sociales ou mentales surnaturelles. Votre mission est simple mais difficile : protéger l\'humanité des engeances, enfants des Titans qui ne souhaitent que corrompre et détruire celle-ci.'),
(19, 'Scion Apocalypse', 'Horreur', 'Vous êtes devenus des demi-dieux mais le défi à relever est immense : sauver l\'humanité !  Quelques temps après une invasion de zombies façon \"28 jours plus tard\" ou \"crossed\", les différentes barrières qui protégeaient l\'humanité tombent les unes après les autres. Vos pouvoirs suffiront-ils à éviter l\'apocalypse ?'),
(20, 'Scales', 'Science Fiction', 'Vous êtes en 2018, et vous pensiez le monde banal. Mais il ne l\'est pas, et vous non plus. Alors que les mystères se lèvent et que vos pouvoirs s\'éveillent. Les grandes familles draconiques qui régissent le monde en secret en viennent vous solliciter vous, votre groupe, vos amis. Votre \'Gestalt\' comme ils disent. Car aujourd\'hui, tous savent que ni l\'inventivité tordue des technomanciens, ni l\'indomptable témérité des légions de nouveaux-nés ne pourra être affrontée aisément. D\'intrigues en enquêtes, vous ne vaincrez l\'adversité et ne percerez les secrets qu\'avec ce qui vous caractérise le plus : Justesse, pugnacité, et ce soupçon de magie.'),
(21, 'Secret de la 7ème Mer', 'Historique Fantastique', 'Dans un 17ème siècle alternatif, vue par le cinéma populaire, vous viviez des aventure épiques.  Que ce soit à la cours du Roi Léon Alexandre 14, dans les steppes d\'Ussura, dans les complots des cités marchandes ou à bord d\'un bateau pirate, serez-vous assez héroïques pour marquer l\'histoire ?  Et comme disait d\'Artagnan \"vous n\'êtes que 12 ? bon, je mettrai la main dans le dos pour qu\'il y ait un peu de sport...\"'),
(22, 'Shayo', 'Japon Fantastique', 'Dans un avenir proche et suite à un cataclysme de nature inconnue, le gouvernement de l’archipel nippon a décidé de revenir à une époque similaire à la période EDO au niveau culturel et technologique (Un shogun (chef militaire) donne ses ordres à des daimyo (chef de région) sous la supervision d’un empereur). Vous jouez des personnages vivant 300 ans plus tard dans un monde craignant les mutants (humains ayant subi des transformations) et les onis (démons). Vous faites partie d’un village qui cherche à prospérer dans ce monde hostile. Pour cela, votre groupe est amené à découvrir des territoires et des secrets en tout genre dans ce Japon tombant en ruine.'),
(23, '13ème Age', 'Médiévale Fantastique', 'C\'est un univers où vous jouez des Héros, où dans un monde vivent 13 Légendes, des Dieux. Votre objectif est de régler des problèmes et enquêter.  Dans ce monde treize âges se sont passés, et chaque âge s\'est fini par une catastrophe. La dernière catastrophe connue a vu un des dieux mourir. Les dieux sont très importants car il y a un équilibre parfait entre eux. Si il y avait un mort, ça serait la fin du monde. Et si ils mourraient tous en même temps ? Que se passerait-il ?');
COMMIT;

/*!40101 SET CHARACTER_SET_CLIENT=@OLD_CHARACTER_SET_CLIENT */;
/*!40101 SET CHARACTER_SET_RESULTS=@OLD_CHARACTER_SET_RESULTS */;
/*!40101 SET COLLATION_CONNECTION=@OLD_COLLATION_CONNECTION */;
