
--
-- Đang đổ dữ liệu cho bảng `vouchers`
--

INSERT INTO `drinks` (`id`, `ma_nuoc_uong`, `ten_nuoc_uong`, `gia_nuoc_uong`, `ghi_chu` , `ngay_tao`, `ngay_cap_nhat`) VALUES
(01, "TRATAC", 'Trà Tắc', "10000", null, "2023-04-20 20:05:36", "2023-04-20 20:05:36"),
(02, "COCA", 'Cocacola', "15000", null, "2023-04-20 20:05:36", "2023-04-20 20:05:36"),
(03, "PEPSI", 'Pepsi', "15000", null, "2023-04-20 20:05:36", "2023-04-20 20:05:36"),
(04, "LAVIE", 'Lavie', "12000", null, "2023-04-20 20:05:36", "2023-04-20 20:05:36"),
(05, "TRASUA", 'Trà sữa trân châu', "45000", null, "2023-04-20 20:05:36", "2023-04-20 20:05:36");

INSERT INTO `menu` (`id`, `size`, `duong_kinh`, `suon_nuong`, `salad` , `nuoc_ngot`, `don_gia`) VALUES
(01, "S", '4 cm', "2", "4", "2", "200000"),
(02, "M", '6 cm', "4", "6", "4", "300000"),
(03, "L", '8 cm', "6", "8", "6", "400000");

INSERT INTO `pizza_user` (`id`, `fullname`, `email`, `phone`, `address` , `created_at`, `updated_at`) VALUES
(01, "Nguyễn Văn A", 'A@gmail.com', "0978465213", "Sài Gòn", "2023-04-23 21:05:36", "2023-04-23 21:30:58"),
(02, "Phạm Thị B", 'B@gmail.com', "0987654123", "Hà Nội", "2023-04-23 21:05:36", "2023-04-23 21:30:58"),
(03, "Lê Chí C", 'C@gmail.com', "0879546213", "Huế", "2023-04-23 21:05:36", "2023-04-23 22:30:58"),
(04, "Phan Thành D", 'D@gmail.com', "0798465213", "Đà Nẵng", "2023-04-23 21:05:36", "2023-04-23 22:30:58");

INSERT INTO `pizza_order` (`id`, `order_code`, `pizza_size`, `pizza_type`, `voucher_code`, `price` , `paid`, `created_at` , `updated_at` , `user_id`) VALUES
(01, "CHW01", "M", "Hawai", '10465', "250000", "175000", "2023-04-23 21:05:36", "2023-04-23 21:30:58",01),
(02, "CBC01", "M", "Bacon", '10743', "200000", "180000", "2023-04-23 21:05:36", "2023-04-23 21:30:58",02),
(03, "CBC02", "L", "Bacon", '10832', "300000", "250000", "2023-04-23 21:05:36", "2023-04-23 22:30:58",03),
(04, "CHW02", "L", "Hawai", '10182', "300000", "250000", "2023-04-23 21:05:36", "2023-04-23 22:30:58",04);

INSERT INTO `country` (`id`, `country_code`, `country_name`) VALUES
(01, "VN", 'Việt Nam'),
(02, "US", 'United State'),
(03, "UK", 'United Kingdom'),
(04, "CN", 'China');

INSERT INTO `region` (`id`, `region_code`, `region_name`, `country_id`) VALUES
(01, "SG", 'Sài Gòn', 01),
(02, "Cali", 'Californha', 02),
(03, "LD", 'London', 03),
(04, "TH", 'Thượng hải', 04);

INSERT INTO `districts` (`id`, `name_district`, `prefix_district`, `region`) VALUES
(01, "District", 'Thủ đức', 01),
(02, "City", 'Los Angeles', 02),
(03, "City", 'Waltham Forest', 03),
(04, "District", 'Hongkou', 04);

INSERT INTO `vouchers` (`id`, `ghi_chu`, `ma_voucher`, `ngay_cap_nhat`, `ngay_tao`, `phan_tram_giam_gia`) VALUES
(01, NULL, '16512', "2023-04-23 21:05:36", "2023-04-23 21:05:36", '10'),
(02, NULL, '12354', "2023-04-23 21:05:36", "2023-04-23 21:05:36", '10'),
(03, NULL, '12331', "2023-04-23 21:05:36", "2023-04-23 21:05:36", '10'),
(04, NULL, '12332', "2023-04-23 21:05:36", "2023-04-23 21:05:36", '10'),
(05, NULL, '95531', "2023-04-23 21:05:36", "2023-04-23 21:05:36", '10'),
(06, NULL, '81432', "2023-04-23 21:05:36", "2023-04-23 21:05:36", '10'),
(07, NULL, '15746', "2023-04-23 21:05:36", "2023-04-23 21:05:36", '10'),
(08, NULL, '76241', "2023-04-23 21:05:36", "2023-04-23 21:05:36", '10'),
(09, NULL, '64562', "2023-04-23 21:05:36", "2023-04-23 21:05:36", '10'),
(10, NULL, '25896', "2023-04-23 21:05:36", "2023-04-23 21:05:36", '10'),
(11, NULL, '87654', "2023-04-23 21:05:36", "2023-04-23 21:05:36", '20'),
(12, NULL, '86423', "2023-04-23 21:05:36", "2023-04-23 21:05:36", '20'),
(13, NULL, '46253', "2023-04-23 21:05:36", "2023-04-23 21:05:36", '20'),
(14, NULL, '46211', "2023-04-23 21:05:36", "2023-04-23 21:05:36", '20'),
(15, NULL, '36594', "2023-04-23 21:05:36", "2023-04-23 21:05:36", '20'),
(16, NULL, '24864', "2023-04-23 21:05:36", "2023-04-23 21:05:36", '20'),
(17, NULL, '23156', "2023-04-23 21:05:36", "2023-04-23 21:05:36", '20'),
(18, NULL, '13946', "2023-04-23 21:05:36", "2023-04-23 21:05:36", '20'),
(19, NULL, '34962', "2023-04-23 21:05:36", "2023-04-23 21:05:36", '20'),
(20, NULL, '26491', "2023-04-23 21:05:36", "2023-04-23 21:05:36", '20'),
(21, NULL, '94634', "2023-04-23 21:05:36", "2023-04-23 21:05:36", '30'),
(22, NULL, '87643', "2023-04-23 21:05:36", "2023-04-23 21:05:36", '30'),
(23, NULL, '61353', "2023-04-23 21:05:36", "2023-04-23 21:05:36", '30'),
(24, NULL, '64532', "2023-04-23 21:05:36", "2023-04-23 21:05:36", '30'),
(25, NULL, '89436', "2023-04-23 21:05:36", "2023-04-23 21:05:36", '30'),
(26, NULL, '73256', "2023-04-23 21:05:36", "2023-04-23 21:05:36", '30'),
(27, NULL, '21561', "2023-04-23 21:05:36", "2023-04-23 21:05:36", '30'),
(28, NULL, '35468', "2023-04-23 21:05:36", "2023-04-23 21:05:36", '30'),
(29, NULL, '32486', "2023-04-23 21:05:36", "2023-04-23 21:05:36", '30'),
(30, NULL, '96462', "2023-04-23 21:05:36", "2023-04-23 21:05:36", '40'),
(31, NULL, '41356', "2023-04-23 21:05:36", "2023-04-23 21:05:36", '40'),
(32, NULL, '76164', "2023-04-23 21:05:36", "2023-04-23 21:05:36", '40'),
(33, NULL, '72156', "2023-04-23 21:05:36", "2023-04-23 21:05:36", '40'),
(34, NULL, '46594', "2023-04-23 21:05:36", "2023-04-23 21:05:36", '40'),
(35, NULL, '35469', "2023-04-23 21:05:36", "2023-04-23 21:05:36", '40'),
(36, NULL, '34546', "2023-04-23 21:05:36", "2023-04-23 21:05:36", '40'),
(37, NULL, '34862', "2023-04-23 21:05:36", "2023-04-23 21:05:36", '40'),
(38, NULL, '14652', "2023-04-23 21:05:36", "2023-04-23 21:05:36", '40'),
(39, NULL, '40685', "2023-04-23 21:05:36", "2023-04-23 21:05:36", '40'),
(40, NULL, '92061', "2023-04-23 21:05:36", "2023-04-23 21:05:36", '50'),
(41, NULL, '70056', "2023-04-23 21:05:36", "2023-04-23 21:05:36", '50'),
(42, NULL, '41603', "2023-04-23 21:05:36", "2023-04-23 21:05:36", '50'),
(43, NULL, '80320', "2023-04-23 21:05:36", "2023-04-23 21:05:36", '50'),
(44, NULL, '40381', "2023-04-23 21:05:36", "2023-04-23 21:05:36", '50'),
(45, NULL, '44306', "2023-04-23 21:05:36", "2023-04-23 21:05:36", '50'),
(46, NULL, '10641', "2023-04-23 21:05:36", "2023-04-23 21:05:36", '50'),
(47, NULL, '70651', "2023-04-23 21:05:36", "2023-04-23 21:05:36", '50'),
(48, NULL, '80325', "2023-04-23 21:05:36", "2023-04-23 21:05:36", '50'),
(49, NULL, '50516', "2023-04-23 21:05:36", "2023-04-23 21:05:36", '50'),
(50, NULL, '10056', "2023-04-23 21:05:36", "2023-04-23 21:05:36", '50');