-- MySQL dump 10.13  Distrib 5.7.17, for Win64 (x86_64)
--
-- Host: 127.0.0.1    Database: co_morbidity
-- ------------------------------------------------------
-- Server version	5.5.5-10.1.28-MariaDB

/*!40101 SET @OLD_CHARACTER_SET_CLIENT=@@CHARACTER_SET_CLIENT */;
/*!40101 SET @OLD_CHARACTER_SET_RESULTS=@@CHARACTER_SET_RESULTS */;
/*!40101 SET @OLD_COLLATION_CONNECTION=@@COLLATION_CONNECTION */;
/*!40101 SET NAMES utf8 */;
/*!40103 SET @OLD_TIME_ZONE=@@TIME_ZONE */;
/*!40103 SET TIME_ZONE='+00:00' */;
/*!40014 SET @OLD_UNIQUE_CHECKS=@@UNIQUE_CHECKS, UNIQUE_CHECKS=0 */;
/*!40014 SET @OLD_FOREIGN_KEY_CHECKS=@@FOREIGN_KEY_CHECKS, FOREIGN_KEY_CHECKS=0 */;
/*!40101 SET @OLD_SQL_MODE=@@SQL_MODE, SQL_MODE='NO_AUTO_VALUE_ON_ZERO' */;
/*!40111 SET @OLD_SQL_NOTES=@@SQL_NOTES, SQL_NOTES=0 */;

--
-- Table structure for table `meg_activity_procedures`
--

DROP TABLE IF EXISTS `meg_activity_procedures`;
/*!40101 SET @saved_cs_client     = @@character_set_client */;
/*!40101 SET character_set_client = utf8 */;
CREATE TABLE `meg_activity_procedures` (
  `id` int(10) unsigned NOT NULL AUTO_INCREMENT,
  `activity_title` varchar(200) COLLATE utf8mb4_unicode_ci NOT NULL,
  `activity_recordatory` varchar(150) COLLATE utf8mb4_unicode_ci NOT NULL,
  `activity_id` int(10) unsigned NOT NULL,
  `activity_level` int(11) NOT NULL,
  `activity_type` int(11) NOT NULL,
  `created_at` timestamp NULL DEFAULT NULL,
  `updated_at` timestamp NULL DEFAULT NULL,
  `activity_message` int(11) DEFAULT NULL,
  PRIMARY KEY (`id`),
  KEY `activity_procedures_id_index` (`id`),
  KEY `activity_procedures_activity_id_foreign` (`activity_id`),
  CONSTRAINT `activity_procedures_activity_id_foreign` FOREIGN KEY (`activity_id`) REFERENCES `meg_procedures` (`id`)
) ENGINE=InnoDB AUTO_INCREMENT=21 DEFAULT CHARSET=utf8mb4 COLLATE=utf8mb4_unicode_ci;
/*!40101 SET character_set_client = @saved_cs_client */;

--
-- Dumping data for table `meg_activity_procedures`
--

LOCK TABLES `meg_activity_procedures` WRITE;
/*!40000 ALTER TABLE `meg_activity_procedures` DISABLE KEYS */;
INSERT INTO `meg_activity_procedures` VALUES (1,'Actividad Indicaciones','0',1,1,1,'2017-11-06 16:37:19','2017-11-06 19:57:31',1),(2,'Actividad Inserción','0',2,2,1,'2017-11-06 16:37:19','2017-11-06 16:37:19',2),(3,'Iure ut quibusdam voluptas voluptas voluptas. Est provident ipsa veritatis modi recusandae.','0',3,0,0,'2017-11-06 16:37:19','2017-11-06 16:37:19',NULL),(4,'Et dolore qui ut. Mollitia repudiandae et ut recusandae aut dolores.','0',1,0,0,'2017-11-06 16:37:19','2017-11-06 16:37:19',NULL),(5,'Deserunt ea neque omnis et et fugiat. Repellendus animi voluptas sint quod.','0',3,0,0,'2017-11-06 16:37:19','2017-11-06 16:37:19',NULL),(6,'Ut ipsa saepe ducimus sit voluptatem veniam amet rerum. Ut et quasi ut quam quia quos deserunt.','0',3,0,0,'2017-11-06 16:37:19','2017-11-06 16:37:19',NULL),(7,'Totam fugit quis odio doloribus est. Nobis aliquam deleniti iste.','0',3,0,0,'2017-11-06 16:37:19','2017-11-06 16:37:19',NULL),(8,'Totam necessitatibus suscipit sit esse labore. Provident eius culpa aut.','0',3,0,0,'2017-11-06 16:37:19','2017-11-06 16:37:19',NULL),(9,'Doloribus voluptas eaque iure quidem. Aut et non ullam nostrum.','0',1,0,0,'2017-11-06 16:37:19','2017-11-06 16:37:19',NULL),(10,'Neque nihil perferendis dolores laboriosam amet. Sed qui cumque neque esse voluptas ea quas.','0',3,0,0,'2017-11-06 16:37:19','2017-11-06 16:37:19',NULL),(11,'Labore ex nesciunt sed molestiae enim minima aperiam omnis. Id repellat nihil possimus ut autem.','0',3,0,0,'2017-11-06 16:37:19','2017-11-06 16:37:19',NULL),(12,'Vel praesentium explicabo ut. Dolores ullam repudiandae blanditiis adipisci cupiditate.','0',3,0,0,'2017-11-06 16:37:20','2017-11-06 16:37:20',NULL),(13,'Voluptas fugiat ad reiciendis aliquid non. Pariatur enim eius dolorem qui inventore soluta.','0',1,0,0,'2017-11-06 16:37:20','2017-11-06 16:37:20',NULL),(14,'Rerum ad magnam enim saepe veritatis vitae. Est ipsam rem quae nihil.','0',1,0,0,'2017-11-06 16:37:20','2017-11-06 16:37:20',NULL),(15,'Accusantium minus aspernatur sunt et ad. Quod et aut at incidunt. Maiores a iure doloremque sunt.','0',2,0,0,'2017-11-06 16:37:20','2017-11-06 16:37:20',NULL),(16,'Aliquid voluptas inventore natus saepe voluptas odit commodi. Laboriosam maxime sapiente id.','0',2,0,0,'2017-11-06 16:37:20','2017-11-06 16:37:20',NULL),(17,'Commodi laborum nisi aperiam dolorem. Sed rerum commodi ad optio. Dolorem esse ab at aut.','0',3,0,0,'2017-11-06 16:37:20','2017-11-06 16:37:20',NULL),(18,'Fugit dolore modi asperiores voluptatem harum sit ad. Unde iusto commodi quia accusamus.','0',2,0,0,'2017-11-06 16:37:20','2017-11-06 16:37:20',NULL),(19,'Actividad Mantenimiento','0',3,1,1,'2017-11-06 16:37:20','2017-11-06 16:37:20',3),(20,'Deleniti possimus illo eius est eos et quos. Animi quam accusamus omnis eligendi.','0',3,0,0,'2017-11-06 16:37:20','2017-11-06 16:37:20',NULL);
/*!40000 ALTER TABLE `meg_activity_procedures` ENABLE KEYS */;
UNLOCK TABLES;

--
-- Table structure for table `meg_alerts_activities`
--

DROP TABLE IF EXISTS `meg_alerts_activities`;
/*!40101 SET @saved_cs_client     = @@character_set_client */;
/*!40101 SET character_set_client = utf8 */;
CREATE TABLE `meg_alerts_activities` (
  `id` int(10) unsigned NOT NULL AUTO_INCREMENT,
  `alert_main` int(10) unsigned NOT NULL,
  `alert_type` int(11) NOT NULL,
  `created_at` timestamp NULL DEFAULT NULL,
  `updated_at` timestamp NULL DEFAULT NULL,
  `alert_main_patient` int(11) DEFAULT NULL,
  `status` int(11) DEFAULT NULL,
  `next_alert` timestamp NULL DEFAULT NULL,
  PRIMARY KEY (`id`),
  KEY `alerts_activities_id_index` (`id`),
  KEY `alerts_activities_alert_main_foreign` (`alert_main`),
  CONSTRAINT `alerts_activities_alert_main_foreign` FOREIGN KEY (`alert_main`) REFERENCES `meg_activity_procedures` (`id`)
) ENGINE=InnoDB AUTO_INCREMENT=21 DEFAULT CHARSET=utf8mb4 COLLATE=utf8mb4_unicode_ci;
/*!40101 SET character_set_client = @saved_cs_client */;

--
-- Dumping data for table `meg_alerts_activities`
--

LOCK TABLES `meg_alerts_activities` WRITE;
/*!40000 ALTER TABLE `meg_alerts_activities` DISABLE KEYS */;
INSERT INTO `meg_alerts_activities` VALUES (1,1,2,NULL,NULL,NULL,0,NULL),(2,2,2,NULL,NULL,NULL,0,NULL),(3,1,2,NULL,NULL,NULL,0,NULL),(4,1,2,NULL,NULL,NULL,0,NULL),(5,19,2,NULL,NULL,NULL,0,NULL),(6,1,2,'2017-11-08 08:13:20',NULL,NULL,0,NULL),(7,19,2,'2017-11-08 08:13:24',NULL,NULL,0,NULL),(8,19,2,'2017-11-08 08:14:27',NULL,NULL,0,NULL),(9,1,2,'2017-11-08 08:14:34',NULL,NULL,0,NULL),(10,1,2,'2017-11-08 08:39:01',NULL,2,0,NULL),(11,6,2,'2017-11-08 08:41:23',NULL,2,0,NULL),(12,11,2,'2017-11-08 08:41:23',NULL,2,0,NULL),(13,12,2,'2017-11-08 08:41:23',NULL,2,0,NULL),(14,19,2,'2017-11-08 08:41:23',NULL,2,0,NULL),(15,2,2,'2017-11-08 08:41:29',NULL,2,0,NULL),(16,16,2,'2017-11-08 08:41:29',NULL,2,0,NULL),(17,1,2,'2017-11-08 20:15:32',NULL,1,0,NULL),(18,2,2,'2017-11-09 16:12:08',NULL,2,0,NULL),(19,1,2,'2017-11-09 16:45:13',NULL,2,0,NULL),(20,1,2,'2017-11-09 13:01:03',NULL,2,0,NULL);
/*!40000 ALTER TABLE `meg_alerts_activities` ENABLE KEYS */;
UNLOCK TABLES;

--
-- Table structure for table `meg_config_platform`
--

DROP TABLE IF EXISTS `meg_config_platform`;
/*!40101 SET @saved_cs_client     = @@character_set_client */;
/*!40101 SET character_set_client = utf8 */;
CREATE TABLE `meg_config_platform` (
  `alerts_dashboard` varchar(100) COLLATE utf8mb4_unicode_ci NOT NULL,
  `color_platform` varchar(45) COLLATE utf8mb4_unicode_ci DEFAULT NULL,
  `mail_extension` varchar(45) COLLATE utf8mb4_unicode_ci DEFAULT NULL
) ENGINE=InnoDB DEFAULT CHARSET=utf8mb4 COLLATE=utf8mb4_unicode_ci;
/*!40101 SET character_set_client = @saved_cs_client */;

--
-- Dumping data for table `meg_config_platform`
--

LOCK TABLES `meg_config_platform` WRITE;
/*!40000 ALTER TABLE `meg_config_platform` DISABLE KEYS */;
INSERT INTO `meg_config_platform` VALUES ('1/1-2/3-19/2',NULL,NULL),('',NULL,NULL);
/*!40000 ALTER TABLE `meg_config_platform` ENABLE KEYS */;
UNLOCK TABLES;

--
-- Table structure for table `meg_log_access`
--

DROP TABLE IF EXISTS `meg_log_access`;
/*!40101 SET @saved_cs_client     = @@character_set_client */;
/*!40101 SET character_set_client = utf8 */;
CREATE TABLE `meg_log_access` (
  `id` int(10) unsigned NOT NULL AUTO_INCREMENT,
  `type` int(11) NOT NULL,
  `main_user` int(10) unsigned NOT NULL,
  `created_at` timestamp NULL DEFAULT NULL,
  `updated_at` timestamp NULL DEFAULT NULL,
  PRIMARY KEY (`id`),
  KEY `log_access_id_index` (`id`)
) ENGINE=InnoDB DEFAULT CHARSET=utf8mb4 COLLATE=utf8mb4_unicode_ci;
/*!40101 SET character_set_client = @saved_cs_client */;

--
-- Dumping data for table `meg_log_access`
--

LOCK TABLES `meg_log_access` WRITE;
/*!40000 ALTER TABLE `meg_log_access` DISABLE KEYS */;
/*!40000 ALTER TABLE `meg_log_access` ENABLE KEYS */;
UNLOCK TABLES;

--
-- Table structure for table `meg_logs_activities`
--

DROP TABLE IF EXISTS `meg_logs_activities`;
/*!40101 SET @saved_cs_client     = @@character_set_client */;
/*!40101 SET character_set_client = utf8 */;
CREATE TABLE `meg_logs_activities` (
  `id` int(10) unsigned NOT NULL AUTO_INCREMENT,
  `type` int(11) NOT NULL,
  `main_activity` int(10) unsigned NOT NULL,
  `main_patient` int(10) unsigned NOT NULL,
  `main_user` int(10) unsigned NOT NULL,
  `main_room` int(10) unsigned NOT NULL,
  `created_at` timestamp NULL DEFAULT NULL,
  `updated_at` timestamp NULL DEFAULT NULL,
  PRIMARY KEY (`id`),
  KEY `logs_activities_id_index` (`id`),
  KEY `logs_activities_main_activity_foreign` (`main_activity`),
  KEY `logs_activities_main_patient_foreign` (`main_patient`),
  KEY `logs_activities_main_user_foreign` (`main_user`),
  KEY `logs_activities_main_room_foreign` (`main_room`),
  CONSTRAINT `logs_activities_main_activity_foreign` FOREIGN KEY (`main_activity`) REFERENCES `meg_activity_procedures` (`id`),
  CONSTRAINT `logs_activities_main_patient_foreign` FOREIGN KEY (`main_patient`) REFERENCES `meg_patients` (`id`),
  CONSTRAINT `logs_activities_main_room_foreign` FOREIGN KEY (`main_room`) REFERENCES `meg_rooms` (`id`),
  CONSTRAINT `logs_activities_main_user_foreign` FOREIGN KEY (`main_user`) REFERENCES `meg_users` (`id`)
) ENGINE=InnoDB AUTO_INCREMENT=102 DEFAULT CHARSET=utf8mb4 COLLATE=utf8mb4_unicode_ci;
/*!40101 SET character_set_client = @saved_cs_client */;

--
-- Dumping data for table `meg_logs_activities`
--

LOCK TABLES `meg_logs_activities` WRITE;
/*!40000 ALTER TABLE `meg_logs_activities` DISABLE KEYS */;
INSERT INTO `meg_logs_activities` VALUES (1,1,1,1,1,1,'2017-11-08 07:37:35',NULL),(2,0,4,1,1,1,'2017-11-08 07:37:35',NULL),(3,0,9,1,1,1,'2017-11-08 07:37:35',NULL),(4,0,13,1,1,1,'2017-11-08 07:37:35',NULL),(5,0,14,1,1,1,'2017-11-08 07:37:35',NULL),(6,1,2,1,1,1,'2017-11-08 07:37:39',NULL),(7,0,15,1,1,1,'2017-11-08 07:37:39',NULL),(8,0,16,1,1,1,'2017-11-08 07:37:39',NULL),(9,0,18,1,1,1,'2017-11-08 07:37:39',NULL),(10,1,1,1,1,1,'2017-11-08 07:38:41',NULL),(11,0,4,1,1,1,'2017-11-08 07:38:41',NULL),(12,0,9,1,1,1,'2017-11-08 07:38:41',NULL),(13,0,13,1,1,1,'2017-11-08 07:38:41',NULL),(14,0,14,1,1,1,'2017-11-08 07:38:41',NULL),(15,1,1,1,1,1,'2017-11-08 08:08:47',NULL),(16,0,4,1,1,1,'2017-11-08 08:08:47',NULL),(17,0,9,1,1,1,'2017-11-08 08:08:47',NULL),(18,0,13,1,1,1,'2017-11-08 08:08:47',NULL),(19,0,14,1,1,1,'2017-11-08 08:08:47',NULL),(20,0,3,1,1,1,'2017-11-08 08:12:13',NULL),(21,0,5,1,1,1,'2017-11-08 08:12:13',NULL),(22,0,6,1,1,1,'2017-11-08 08:12:13',NULL),(23,0,7,1,1,1,'2017-11-08 08:12:13',NULL),(24,0,8,1,1,1,'2017-11-08 08:12:13',NULL),(25,0,10,1,1,1,'2017-11-08 08:12:13',NULL),(26,0,11,1,1,1,'2017-11-08 08:12:13',NULL),(27,0,12,1,1,1,'2017-11-08 08:12:13',NULL),(28,0,17,1,1,1,'2017-11-08 08:12:13',NULL),(29,1,19,1,1,1,'2017-11-08 08:12:13',NULL),(30,0,20,1,1,1,'2017-11-08 08:12:13',NULL),(31,1,1,1,1,1,'2017-11-08 08:13:20',NULL),(32,0,4,1,1,1,'2017-11-08 08:13:20',NULL),(33,0,9,1,1,1,'2017-11-08 08:13:20',NULL),(34,0,13,1,1,1,'2017-11-08 08:13:20',NULL),(35,0,14,1,1,1,'2017-11-08 08:13:20',NULL),(36,0,3,1,1,1,'2017-11-08 08:13:24',NULL),(37,0,5,1,1,1,'2017-11-08 08:13:24',NULL),(38,0,6,1,1,1,'2017-11-08 08:13:24',NULL),(39,0,7,1,1,1,'2017-11-08 08:13:24',NULL),(40,0,8,1,1,1,'2017-11-08 08:13:24',NULL),(41,0,10,1,1,1,'2017-11-08 08:13:24',NULL),(42,0,11,1,1,1,'2017-11-08 08:13:24',NULL),(43,0,12,1,1,1,'2017-11-08 08:13:24',NULL),(44,0,17,1,1,1,'2017-11-08 08:13:24',NULL),(45,1,19,1,1,1,'2017-11-08 08:13:24',NULL),(46,0,20,1,1,1,'2017-11-08 08:13:24',NULL),(47,0,3,1,1,1,'2017-11-08 08:14:27',NULL),(48,0,5,1,1,1,'2017-11-08 08:14:27',NULL),(49,0,6,1,1,1,'2017-11-08 08:14:27',NULL),(50,0,7,1,1,1,'2017-11-08 08:14:27',NULL),(51,0,8,1,1,1,'2017-11-08 08:14:27',NULL),(52,0,10,1,1,1,'2017-11-08 08:14:27',NULL),(53,0,11,1,1,1,'2017-11-08 08:14:27',NULL),(54,0,12,1,1,1,'2017-11-08 08:14:27',NULL),(55,0,17,1,1,1,'2017-11-08 08:14:27',NULL),(56,1,19,1,1,1,'2017-11-08 08:14:27',NULL),(57,0,20,1,1,1,'2017-11-08 08:14:27',NULL),(58,1,1,1,1,1,'2017-11-08 08:14:34',NULL),(59,0,4,1,1,1,'2017-11-08 08:14:34',NULL),(60,0,9,1,1,1,'2017-11-08 08:14:34',NULL),(61,0,13,1,1,1,'2017-11-08 08:14:34',NULL),(62,0,14,1,1,1,'2017-11-08 08:14:34',NULL),(63,1,1,2,1,2,'2017-11-08 08:39:01',NULL),(64,0,4,2,1,2,'2017-11-08 08:39:01',NULL),(65,0,9,2,1,2,'2017-11-08 08:39:01',NULL),(66,0,13,2,1,2,'2017-11-08 08:39:01',NULL),(67,0,14,2,1,2,'2017-11-08 08:39:01',NULL),(68,0,3,2,1,2,'2017-11-08 08:41:23',NULL),(69,0,5,2,1,2,'2017-11-08 08:41:23',NULL),(70,1,6,2,1,2,'2017-11-08 08:41:23',NULL),(71,0,7,2,1,2,'2017-11-08 08:41:23',NULL),(72,0,8,2,1,2,'2017-11-08 08:41:23',NULL),(73,0,10,2,1,2,'2017-11-08 08:41:23',NULL),(74,1,11,2,1,2,'2017-11-08 08:41:23',NULL),(75,1,12,2,1,2,'2017-11-08 08:41:23',NULL),(76,0,17,2,1,2,'2017-11-08 08:41:23',NULL),(77,1,19,2,1,2,'2017-11-08 08:41:23',NULL),(78,0,20,2,1,2,'2017-11-08 08:41:23',NULL),(79,1,2,2,1,2,'2017-11-08 08:41:29',NULL),(80,0,15,2,1,2,'2017-11-08 08:41:29',NULL),(81,1,16,2,1,2,'2017-11-08 08:41:29',NULL),(82,0,18,2,1,2,'2017-11-08 08:41:29',NULL),(83,1,1,1,1,1,'2017-11-08 20:15:32',NULL),(84,0,4,1,1,1,'2017-11-08 20:15:32',NULL),(85,0,9,1,1,1,'2017-11-08 20:15:32',NULL),(86,0,13,1,1,1,'2017-11-08 20:15:32',NULL),(87,0,14,1,1,1,'2017-11-08 20:15:32',NULL),(88,1,2,2,1,2,'2017-11-09 16:12:08',NULL),(89,0,15,2,1,2,'2017-11-09 16:12:08',NULL),(90,0,16,2,1,2,'2017-11-09 16:12:08',NULL),(91,0,18,2,1,2,'2017-11-09 16:12:08',NULL),(92,1,1,2,1,2,'2017-11-09 16:45:13',NULL),(93,0,4,2,1,2,'2017-11-09 16:45:13',NULL),(94,0,9,2,1,2,'2017-11-09 16:45:13',NULL),(95,0,13,2,1,2,'2017-11-09 16:45:13',NULL),(96,0,14,2,1,2,'2017-11-09 16:45:13',NULL),(97,1,1,2,1,2,'2017-11-09 13:01:03',NULL),(98,0,4,2,1,2,'2017-11-09 19:01:03',NULL),(99,0,9,2,1,2,'2017-11-09 19:01:03',NULL),(100,0,13,2,1,2,'2017-11-09 19:01:03',NULL),(101,0,14,2,1,2,'2017-11-09 19:01:03',NULL);
/*!40000 ALTER TABLE `meg_logs_activities` ENABLE KEYS */;
UNLOCK TABLES;

--
-- Table structure for table `meg_main_organizations`
--

DROP TABLE IF EXISTS `meg_main_organizations`;
/*!40101 SET @saved_cs_client     = @@character_set_client */;
/*!40101 SET character_set_client = utf8 */;
CREATE TABLE `meg_main_organizations` (
  `id` int(10) unsigned NOT NULL AUTO_INCREMENT,
  `organization_name` varchar(100) COLLATE utf8mb4_unicode_ci NOT NULL,
  `organization_title` varchar(100) COLLATE utf8mb4_unicode_ci NOT NULL,
  `logo` varchar(150) COLLATE utf8mb4_unicode_ci NOT NULL,
  `background_color` char(16) COLLATE utf8mb4_unicode_ci NOT NULL,
  `created_at` timestamp NULL DEFAULT NULL,
  `updated_at` timestamp NULL DEFAULT NULL,
  PRIMARY KEY (`id`),
  UNIQUE KEY `main_organizations_organization_title_unique` (`organization_title`),
  KEY `main_organizations_id_index` (`id`)
) ENGINE=InnoDB AUTO_INCREMENT=2 DEFAULT CHARSET=utf8mb4 COLLATE=utf8mb4_unicode_ci;
/*!40101 SET character_set_client = @saved_cs_client */;

--
-- Dumping data for table `meg_main_organizations`
--

LOCK TABLES `meg_main_organizations` WRITE;
/*!40000 ALTER TABLE `meg_main_organizations` DISABLE KEYS */;
INSERT INTO `meg_main_organizations` VALUES (1,'Hermann Hilll','Hermann Hilll','','','2017-11-06 16:37:16','2017-11-06 16:37:16');
/*!40000 ALTER TABLE `meg_main_organizations` ENABLE KEYS */;
UNLOCK TABLES;

--
-- Table structure for table `meg_messages`
--

DROP TABLE IF EXISTS `meg_messages`;
/*!40101 SET @saved_cs_client     = @@character_set_client */;
/*!40101 SET character_set_client = utf8 */;
CREATE TABLE `meg_messages` (
  `id` int(11) NOT NULL AUTO_INCREMENT,
  `type` int(11) DEFAULT NULL,
  `title_message` varchar(45) DEFAULT NULL,
  PRIMARY KEY (`id`)
) ENGINE=InnoDB AUTO_INCREMENT=4 DEFAULT CHARSET=utf8mb4;
/*!40101 SET character_set_client = @saved_cs_client */;

--
-- Dumping data for table `meg_messages`
--

LOCK TABLES `meg_messages` WRITE;
/*!40000 ALTER TABLE `meg_messages` DISABLE KEYS */;
INSERT INTO `meg_messages` VALUES (1,1,'inserción de Catéter.'),(2,1,'se insertó y retiró el Catéter.'),(3,1,'vaciado de Bolsa.');
/*!40000 ALTER TABLE `meg_messages` ENABLE KEYS */;
UNLOCK TABLES;

--
-- Table structure for table `meg_migrations`
--

DROP TABLE IF EXISTS `meg_migrations`;
/*!40101 SET @saved_cs_client     = @@character_set_client */;
/*!40101 SET character_set_client = utf8 */;
CREATE TABLE `meg_migrations` (
  `id` int(10) unsigned NOT NULL AUTO_INCREMENT,
  `migration` varchar(255) COLLATE utf8mb4_unicode_ci NOT NULL,
  `batch` int(11) NOT NULL,
  PRIMARY KEY (`id`)
) ENGINE=InnoDB AUTO_INCREMENT=2 DEFAULT CHARSET=utf8mb4 COLLATE=utf8mb4_unicode_ci;
/*!40101 SET character_set_client = @saved_cs_client */;

--
-- Dumping data for table `meg_migrations`
--

LOCK TABLES `meg_migrations` WRITE;
/*!40000 ALTER TABLE `meg_migrations` DISABLE KEYS */;
INSERT INTO `meg_migrations` VALUES (1,'2017_10_30_165049_create_main_migrations_app',1);
/*!40000 ALTER TABLE `meg_migrations` ENABLE KEYS */;
UNLOCK TABLES;

--
-- Table structure for table `meg_patients`
--

DROP TABLE IF EXISTS `meg_patients`;
/*!40101 SET @saved_cs_client     = @@character_set_client */;
/*!40101 SET character_set_client = utf8 */;
CREATE TABLE `meg_patients` (
  `id` int(10) unsigned NOT NULL AUTO_INCREMENT,
  `patient_identity` char(10) COLLATE utf8mb4_unicode_ci NOT NULL,
  `patient_firstname` varchar(150) COLLATE utf8mb4_unicode_ci NOT NULL,
  `patient_age` varchar(150) COLLATE utf8mb4_unicode_ci NOT NULL,
  `patient_gender` varchar(150) COLLATE utf8mb4_unicode_ci NOT NULL,
  `last_interaction` datetime NOT NULL,
  `created_at` timestamp NULL DEFAULT NULL,
  `updated_at` timestamp NULL DEFAULT NULL,
  PRIMARY KEY (`id`),
  UNIQUE KEY `patients_patient_identity_unique` (`patient_identity`),
  KEY `patients_id_index` (`id`)
) ENGINE=InnoDB AUTO_INCREMENT=26 DEFAULT CHARSET=utf8mb4 COLLATE=utf8mb4_unicode_ci;
/*!40101 SET character_set_client = @saved_cs_client */;

--
-- Dumping data for table `meg_patients`
--

LOCK TABLES `meg_patients` WRITE;
/*!40000 ALTER TABLE `meg_patients` DISABLE KEYS */;
INSERT INTO `meg_patients` VALUES (1,'Missj-4854','Howell Ortiz','23','M','2017-11-06 00:00:00','2017-11-06 16:37:17','2017-11-06 16:37:17'),(2,'Naomi-8578','Sylvan Feil','23','M','2017-11-06 00:00:00','2017-11-06 16:37:17','2017-11-06 16:37:17'),(3,'Elyse-9248','Frederik Waters','23','M','2017-11-06 00:00:00','2017-11-06 16:37:17','2017-11-06 16:37:17'),(4,'Royal-2877','Cooper Deckow','23','M','2017-11-06 00:00:00','2017-11-06 16:37:17','2017-11-06 16:37:17'),(5,'Patri-1173','Ms. Diana Halvorson','23','M','2017-11-06 00:00:00','2017-11-06 16:37:17','2017-11-06 16:37:17'),(6,'Treve-7465','Amaya Harvey','23','M','2017-11-06 00:00:00','2017-11-06 16:37:17','2017-11-06 16:37:17'),(7,'Caraj-3442','Karen Bogan','23','M','2017-11-06 00:00:00','2017-11-06 16:37:17','2017-11-06 16:37:17'),(8,'Prof.-5149','Joaquin Marquardt','23','M','2017-11-06 00:00:00','2017-11-06 16:37:17','2017-11-06 16:37:17'),(9,'Margo-4643','Denis Beahan','23','M','2017-11-06 00:00:00','2017-11-06 16:37:17','2017-11-06 16:37:17'),(10,'Prof.-3639','Kenneth West','23','M','2017-11-06 00:00:00','2017-11-06 16:37:17','2017-11-06 16:37:17'),(11,'Berna-3128','Aurore Hirthe IV','23','M','2017-11-06 00:00:00','2017-11-06 16:37:18','2017-11-06 16:37:18'),(12,'Chels-3482','Mr. Henderson Toy PhD','23','M','2017-11-06 00:00:00','2017-11-06 16:37:18','2017-11-06 16:37:18'),(13,'Conne-7737','Boyd Hamill','23','M','2017-11-06 00:00:00','2017-11-06 16:37:18','2017-11-06 16:37:18'),(14,'Manle-5054','Prof. Margret Schmidt','23','M','2017-11-06 00:00:00','2017-11-06 16:37:18','2017-11-06 16:37:18'),(15,'Lucie-3472','Lexus Spinka','23','M','2017-11-06 00:00:00','2017-11-06 16:37:18','2017-11-06 16:37:18'),(16,'Missj-6419','Rebekah O\'Hara','23','M','2017-11-06 00:00:00','2017-11-06 16:37:18','2017-11-06 16:37:18'),(17,'Prof.-1225','Rosendo Will','23','M','2017-11-06 00:00:00','2017-11-06 16:37:18','2017-11-06 16:37:18'),(18,'Tyree-2073','Ms. Marielle Gutmann','23','M','2017-11-06 00:00:00','2017-11-06 16:37:18','2017-11-06 16:37:18'),(19,'Jazmy-1744','Dr. Timothy Murazik Jr.','23','M','2017-11-06 00:00:00','2017-11-06 16:37:18','2017-11-06 16:37:18'),(20,'Modes-2486','Jovan O\'Conner','23','M','2017-11-06 00:00:00','2017-11-06 16:37:18','2017-11-06 16:37:18'),(21,'Orion-4963','Elza Davis PhD','23','M','2017-11-06 00:00:00','2017-11-06 16:37:18','2017-11-06 16:37:18'),(22,'Dr.jN-5755','Demarcus Cronin','23','M','2017-11-06 00:00:00','2017-11-06 16:37:18','2017-11-06 16:37:18'),(23,'EvajE-1180','Prof. Kaitlyn Bartoletti','23','M','2017-11-06 00:00:00','2017-11-06 16:37:18','2017-11-06 16:37:18'),(24,'Saige-4813','Dion Wisozk','23','M','2017-11-06 00:00:00','2017-11-06 16:37:18','2017-11-06 16:37:18'),(25,'Missj-4132','Abbey Harber','23','M','2017-11-06 00:00:00','2017-11-06 16:37:18','2017-11-06 16:37:18');
/*!40000 ALTER TABLE `meg_patients` ENABLE KEYS */;
UNLOCK TABLES;

--
-- Table structure for table `meg_procedures`
--

DROP TABLE IF EXISTS `meg_procedures`;
/*!40101 SET @saved_cs_client     = @@character_set_client */;
/*!40101 SET character_set_client = utf8 */;
CREATE TABLE `meg_procedures` (
  `id` int(10) unsigned NOT NULL AUTO_INCREMENT,
  `procedure_title` varchar(60) COLLATE utf8mb4_unicode_ci NOT NULL,
  `created_at` timestamp NULL DEFAULT NULL,
  `updated_at` timestamp NULL DEFAULT NULL,
  PRIMARY KEY (`id`),
  KEY `procedures_id_index` (`id`)
) ENGINE=InnoDB AUTO_INCREMENT=4 DEFAULT CHARSET=utf8mb4 COLLATE=utf8mb4_unicode_ci;
/*!40101 SET character_set_client = @saved_cs_client */;

--
-- Dumping data for table `meg_procedures`
--

LOCK TABLES `meg_procedures` WRITE;
/*!40000 ALTER TABLE `meg_procedures` DISABLE KEYS */;
INSERT INTO `meg_procedures` VALUES (1,'Indicaciones','2017-11-06 16:37:18','2017-11-06 16:37:18'),(2,'Inserción','2017-11-06 16:37:18','2017-11-06 16:37:18'),(3,'Mantenimiento','2017-11-06 16:37:19','2017-11-06 16:37:19');
/*!40000 ALTER TABLE `meg_procedures` ENABLE KEYS */;
UNLOCK TABLES;

--
-- Table structure for table `meg_roles`
--

DROP TABLE IF EXISTS `meg_roles`;
/*!40101 SET @saved_cs_client     = @@character_set_client */;
/*!40101 SET character_set_client = utf8 */;
CREATE TABLE `meg_roles` (
  `id` int(10) unsigned NOT NULL AUTO_INCREMENT,
  `rol_title` varchar(50) COLLATE utf8mb4_unicode_ci NOT NULL,
  `rol_level` int(11) NOT NULL,
  `organization` int(10) unsigned NOT NULL,
  `created_at` timestamp NULL DEFAULT NULL,
  `updated_at` timestamp NULL DEFAULT NULL,
  PRIMARY KEY (`id`),
  UNIQUE KEY `roles_rol_title_unique` (`rol_title`),
  KEY `roles_id_index` (`id`),
  KEY `roles_organization_foreign` (`organization`),
  CONSTRAINT `roles_organization_foreign` FOREIGN KEY (`organization`) REFERENCES `meg_main_organizations` (`id`)
) ENGINE=InnoDB AUTO_INCREMENT=2 DEFAULT CHARSET=utf8mb4 COLLATE=utf8mb4_unicode_ci;
/*!40101 SET character_set_client = @saved_cs_client */;

--
-- Dumping data for table `meg_roles`
--

LOCK TABLES `meg_roles` WRITE;
/*!40000 ALTER TABLE `meg_roles` DISABLE KEYS */;
INSERT INTO `meg_roles` VALUES (1,'enfermeras',2,1,'2017-11-06 16:37:16','2017-11-06 16:37:16');
/*!40000 ALTER TABLE `meg_roles` ENABLE KEYS */;
UNLOCK TABLES;

--
-- Table structure for table `meg_rooms`
--

DROP TABLE IF EXISTS `meg_rooms`;
/*!40101 SET @saved_cs_client     = @@character_set_client */;
/*!40101 SET character_set_client = utf8 */;
CREATE TABLE `meg_rooms` (
  `id` int(10) unsigned NOT NULL AUTO_INCREMENT,
  `room_identity` varchar(25) COLLATE utf8mb4_unicode_ci NOT NULL,
  `room_name` varchar(150) COLLATE utf8mb4_unicode_ci NOT NULL,
  `created_at` timestamp NULL DEFAULT NULL,
  `updated_at` timestamp NULL DEFAULT NULL,
  PRIMARY KEY (`id`),
  UNIQUE KEY `rooms_room_identity_unique` (`room_identity`),
  KEY `rooms_id_index` (`id`)
) ENGINE=InnoDB AUTO_INCREMENT=4 DEFAULT CHARSET=utf8mb4 COLLATE=utf8mb4_unicode_ci;
/*!40101 SET character_set_client = @saved_cs_client */;

--
-- Dumping data for table `meg_rooms`
--

LOCK TABLES `meg_rooms` WRITE;
/*!40000 ALTER TABLE `meg_rooms` DISABLE KEYS */;
INSERT INTO `meg_rooms` VALUES (1,'2668','Operación','2017-11-06 16:37:20','2017-11-06 16:37:20'),(2,'8976','UCI','2017-11-06 16:37:20','2017-11-06 16:37:20'),(3,'5781','UTI','2017-11-06 16:37:20','2017-11-06 16:37:20');
/*!40000 ALTER TABLE `meg_rooms` ENABLE KEYS */;
UNLOCK TABLES;

--
-- Table structure for table `meg_users`
--

DROP TABLE IF EXISTS `meg_users`;
/*!40101 SET @saved_cs_client     = @@character_set_client */;
/*!40101 SET character_set_client = utf8 */;
CREATE TABLE `meg_users` (
  `id` int(10) unsigned NOT NULL AUTO_INCREMENT,
  `user_firstname` varchar(50) COLLATE utf8mb4_unicode_ci NOT NULL,
  `user_lastname` varchar(50) COLLATE utf8mb4_unicode_ci NOT NULL,
  `user_password` varchar(150) COLLATE utf8mb4_unicode_ci NOT NULL,
  `user_picture` varchar(150) COLLATE utf8mb4_unicode_ci NOT NULL,
  `user_email` varchar(150) COLLATE utf8mb4_unicode_ci NOT NULL,
  `user_type` int(10) unsigned NOT NULL,
  `main_organization` int(10) unsigned NOT NULL,
  `last_login` datetime NOT NULL,
  `created_at` timestamp NULL DEFAULT NULL,
  `updated_at` timestamp NULL DEFAULT NULL,
  PRIMARY KEY (`id`),
  UNIQUE KEY `users_user_email_unique` (`user_email`),
  KEY `users_id_index` (`id`),
  KEY `users_user_type_foreign` (`user_type`),
  KEY `users_main_organization_foreign` (`main_organization`),
  CONSTRAINT `users_main_organization_foreign` FOREIGN KEY (`main_organization`) REFERENCES `meg_main_organizations` (`id`),
  CONSTRAINT `users_user_type_foreign` FOREIGN KEY (`user_type`) REFERENCES `meg_roles` (`id`) ON DELETE CASCADE
) ENGINE=InnoDB AUTO_INCREMENT=2 DEFAULT CHARSET=utf8mb4 COLLATE=utf8mb4_unicode_ci;
/*!40101 SET character_set_client = @saved_cs_client */;

--
-- Dumping data for table `meg_users`
--

LOCK TABLES `meg_users` WRITE;
/*!40000 ALTER TABLE `meg_users` DISABLE KEYS */;
INSERT INTO `meg_users` VALUES (1,'Rhea Bernier','Selena Jenkins Sr.','$2y$10$BLqz9oru8k8oQZUZpbHpcepcKeICplANSJVfpmTddh50pWTBWJrrO','','norberto44@example.com',1,1,'2017-11-06 00:00:00','2017-11-06 16:37:17','2017-11-06 16:37:17');
/*!40000 ALTER TABLE `meg_users` ENABLE KEYS */;
UNLOCK TABLES;
/*!40103 SET TIME_ZONE=@OLD_TIME_ZONE */;

/*!40101 SET SQL_MODE=@OLD_SQL_MODE */;
/*!40014 SET FOREIGN_KEY_CHECKS=@OLD_FOREIGN_KEY_CHECKS */;
/*!40014 SET UNIQUE_CHECKS=@OLD_UNIQUE_CHECKS */;
/*!40101 SET CHARACTER_SET_CLIENT=@OLD_CHARACTER_SET_CLIENT */;
/*!40101 SET CHARACTER_SET_RESULTS=@OLD_CHARACTER_SET_RESULTS */;
/*!40101 SET COLLATION_CONNECTION=@OLD_COLLATION_CONNECTION */;
/*!40111 SET SQL_NOTES=@OLD_SQL_NOTES */;

-- Dump completed on 2017-11-09 15:44:30
