--------------------------------------------------------
--  File created - Monday-February-12-2018   
--------------------------------------------------------
DROP TABLE "META"."ATTRIBUTES" cascade constraints;
DROP TABLE "META"."ATTR_PRIVILEGES" cascade constraints;
DROP TABLE "META"."OBJECTS" cascade constraints;
DROP TABLE "META"."OBJECTS_PRIVILEGES" cascade constraints;
DROP TABLE "META"."OBJECT_TYPES" cascade constraints;
DROP TABLE "META"."OBJECT_TYPES_PRIVILEGES" cascade constraints;
DROP TABLE "META"."PARAMS" cascade constraints;
--------------------------------------------------------
--  DDL for Table ATTRIBUTES
--------------------------------------------------------

  CREATE TABLE "META"."ATTRIBUTES" 
   (	"ATTR_ID" NUMBER(*,0), 
	"NAME" VARCHAR2(20 BYTE), 
	"OBJECT_TYPE_ID" NUMBER(*,0)
   ) SEGMENT CREATION IMMEDIATE 
  PCTFREE 10 PCTUSED 40 INITRANS 1 MAXTRANS 255 NOCOMPRESS LOGGING
  STORAGE(INITIAL 65536 NEXT 1048576 MINEXTENTS 1 MAXEXTENTS 2147483645
  PCTINCREASE 0 FREELISTS 1 FREELIST GROUPS 1 BUFFER_POOL DEFAULT FLASH_CACHE DEFAULT CELL_FLASH_CACHE DEFAULT)
  TABLESPACE "SYSTEM" ;
--------------------------------------------------------
--  DDL for Table ATTR_PRIVILEGES
--------------------------------------------------------

  CREATE TABLE "META"."ATTR_PRIVILEGES" 
   (	"ROLE" VARCHAR2(200 BYTE), 
	"ATTR_ID" NUMBER(*,0), 
	"READ" NUMBER, 
	"WRITE" NUMBER
   ) SEGMENT CREATION IMMEDIATE 
  PCTFREE 10 PCTUSED 40 INITRANS 1 MAXTRANS 255 NOCOMPRESS LOGGING
  STORAGE(INITIAL 65536 NEXT 1048576 MINEXTENTS 1 MAXEXTENTS 2147483645
  PCTINCREASE 0 FREELISTS 1 FREELIST GROUPS 1 BUFFER_POOL DEFAULT FLASH_CACHE DEFAULT CELL_FLASH_CACHE DEFAULT)
  TABLESPACE "SYSTEM" ;
--------------------------------------------------------
--  DDL for Table OBJECTS
--------------------------------------------------------

  CREATE TABLE "META"."OBJECTS" 
   (	"OBJECT_ID" NUMBER(*,0), 
	"NAME" VARCHAR2(200 BYTE), 
	"OBJECT_TYPE_ID" NUMBER(*,0), 
	"PARENT_ID" NUMBER(*,0)
   ) SEGMENT CREATION IMMEDIATE 
  PCTFREE 10 PCTUSED 40 INITRANS 1 MAXTRANS 255 NOCOMPRESS LOGGING
  STORAGE(INITIAL 65536 NEXT 1048576 MINEXTENTS 1 MAXEXTENTS 2147483645
  PCTINCREASE 0 FREELISTS 1 FREELIST GROUPS 1 BUFFER_POOL DEFAULT FLASH_CACHE DEFAULT CELL_FLASH_CACHE DEFAULT)
  TABLESPACE "SYSTEM" ;
--------------------------------------------------------
--  DDL for Table OBJECTS_PRIVILEGES
--------------------------------------------------------

  CREATE TABLE "META"."OBJECTS_PRIVILEGES" 
   (	"ROLE" VARCHAR2(200 BYTE), 
	"OBJECT_ID" NUMBER(*,0), 
	"READ" NUMBER, 
	"WRITE" NUMBER
   ) SEGMENT CREATION IMMEDIATE 
  PCTFREE 10 PCTUSED 40 INITRANS 1 MAXTRANS 255 NOCOMPRESS LOGGING
  STORAGE(INITIAL 65536 NEXT 1048576 MINEXTENTS 1 MAXEXTENTS 2147483645
  PCTINCREASE 0 FREELISTS 1 FREELIST GROUPS 1 BUFFER_POOL DEFAULT FLASH_CACHE DEFAULT CELL_FLASH_CACHE DEFAULT)
  TABLESPACE "SYSTEM" ;
--------------------------------------------------------
--  DDL for Table OBJECT_TYPES
--------------------------------------------------------

  CREATE TABLE "META"."OBJECT_TYPES" 
   (	"OBJECT_TYPE_ID" NUMBER(*,0), 
	"NAME" VARCHAR2(20 BYTE), 
	"PARENT_ID" NUMBER(*,0)
   ) SEGMENT CREATION IMMEDIATE 
  PCTFREE 10 PCTUSED 40 INITRANS 1 MAXTRANS 255 NOCOMPRESS LOGGING
  STORAGE(INITIAL 65536 NEXT 1048576 MINEXTENTS 1 MAXEXTENTS 2147483645
  PCTINCREASE 0 FREELISTS 1 FREELIST GROUPS 1 BUFFER_POOL DEFAULT FLASH_CACHE DEFAULT CELL_FLASH_CACHE DEFAULT)
  TABLESPACE "SYSTEM" ;
--------------------------------------------------------
--  DDL for Table OBJECT_TYPES_PRIVILEGES
--------------------------------------------------------

  CREATE TABLE "META"."OBJECT_TYPES_PRIVILEGES" 
   (	"ROLE" VARCHAR2(200 BYTE), 
	"OBJECT_TYPE_ID" NUMBER(*,0), 
	"READ" NUMBER, 
	"WRITE" NUMBER
   ) SEGMENT CREATION IMMEDIATE 
  PCTFREE 10 PCTUSED 40 INITRANS 1 MAXTRANS 255 NOCOMPRESS LOGGING
  STORAGE(INITIAL 65536 NEXT 1048576 MINEXTENTS 1 MAXEXTENTS 2147483645
  PCTINCREASE 0 FREELISTS 1 FREELIST GROUPS 1 BUFFER_POOL DEFAULT FLASH_CACHE DEFAULT CELL_FLASH_CACHE DEFAULT)
  TABLESPACE "SYSTEM" ;
--------------------------------------------------------
--  DDL for Table PARAMS
--------------------------------------------------------

  CREATE TABLE "META"."PARAMS" 
   (	"TEXT_VALUE" VARCHAR2(200 BYTE), 
	"NUMBER_VALUE" NUMBER(*,0), 
	"DATE_VALUE" DATE, 
	"ATTR_ID" NUMBER(*,0), 
	"OBJECT_ID" NUMBER(*,0)
   ) SEGMENT CREATION IMMEDIATE 
  PCTFREE 10 PCTUSED 40 INITRANS 1 MAXTRANS 255 NOCOMPRESS LOGGING
  STORAGE(INITIAL 65536 NEXT 1048576 MINEXTENTS 1 MAXEXTENTS 2147483645
  PCTINCREASE 0 FREELISTS 1 FREELIST GROUPS 1 BUFFER_POOL DEFAULT FLASH_CACHE DEFAULT CELL_FLASH_CACHE DEFAULT)
  TABLESPACE "SYSTEM" ;
REM INSERTING into META.ATTRIBUTES
SET DEFINE OFF;
Insert into META.ATTRIBUTES (ATTR_ID,NAME,OBJECT_TYPE_ID) values (1517220103811194983,'LOC',1517219781766152066);
Insert into META.ATTRIBUTES (ATTR_ID,NAME,OBJECT_TYPE_ID) values (1517220760895132314,'JOB',1517219695869150524);
Insert into META.ATTRIBUTES (ATTR_ID,NAME,OBJECT_TYPE_ID) values (1517220790071197803,'MRG',1517219695869150524);
Insert into META.ATTRIBUTES (ATTR_ID,NAME,OBJECT_TYPE_ID) values (1517220813974174143,'HIRE_DATE',1517219695869150524);
Insert into META.ATTRIBUTES (ATTR_ID,NAME,OBJECT_TYPE_ID) values (1517221400464141556,'SALL',1517219695869150524);
Insert into META.ATTRIBUTES (ATTR_ID,NAME,OBJECT_TYPE_ID) values (1517221417533186574,'COMM',1517219695869150524);
Insert into META.ATTRIBUTES (ATTR_ID,NAME,OBJECT_TYPE_ID) values (1517221433255197923,'DEPT_NO',1517219695869150524);
Insert into META.ATTRIBUTES (ATTR_ID,NAME,OBJECT_TYPE_ID) values (1517232599785111092,'GRADE',1517219798206125355);
Insert into META.ATTRIBUTES (ATTR_ID,NAME,OBJECT_TYPE_ID) values (1517232616197174099,'LOSAL',1517219798206125355);
Insert into META.ATTRIBUTES (ATTR_ID,NAME,OBJECT_TYPE_ID) values (1517232632321166343,'HISAL',1517219798206125355);
Insert into META.ATTRIBUTES (ATTR_ID,NAME,OBJECT_TYPE_ID) values (1517841260156172034,'VERSION',1517219695869150524);
Insert into META.ATTRIBUTES (ATTR_ID,NAME,OBJECT_TYPE_ID) values (1517918464977182234,'VERSION',1517219781766152066);
REM INSERTING into META.ATTR_PRIVILEGES
SET DEFINE OFF;
Insert into META.ATTR_PRIVILEGES (ROLE,ATTR_ID,READ,WRITE) values ('GOD',1517220103811194983,1,1);
Insert into META.ATTR_PRIVILEGES (ROLE,ATTR_ID,READ,WRITE) values ('GOD',1517220760895132314,1,1);
Insert into META.ATTR_PRIVILEGES (ROLE,ATTR_ID,READ,WRITE) values ('GOD',1517220790071197803,1,1);
Insert into META.ATTR_PRIVILEGES (ROLE,ATTR_ID,READ,WRITE) values ('GOD',1517220813974174143,1,1);
Insert into META.ATTR_PRIVILEGES (ROLE,ATTR_ID,READ,WRITE) values ('GOD',1517221400464141556,1,1);
Insert into META.ATTR_PRIVILEGES (ROLE,ATTR_ID,READ,WRITE) values ('GOD',1517221417533186574,1,1);
Insert into META.ATTR_PRIVILEGES (ROLE,ATTR_ID,READ,WRITE) values ('GOD',1517221433255197923,1,1);
Insert into META.ATTR_PRIVILEGES (ROLE,ATTR_ID,READ,WRITE) values ('GOD',1517232599785111092,1,1);
Insert into META.ATTR_PRIVILEGES (ROLE,ATTR_ID,READ,WRITE) values ('GOD',1517232616197174099,1,1);
Insert into META.ATTR_PRIVILEGES (ROLE,ATTR_ID,READ,WRITE) values ('GOD',1517232632321166343,1,1);
Insert into META.ATTR_PRIVILEGES (ROLE,ATTR_ID,READ,WRITE) values ('GOD',1517841260156172034,1,1);
Insert into META.ATTR_PRIVILEGES (ROLE,ATTR_ID,READ,WRITE) values ('GOD',1517918464977182234,1,1);
Insert into META.ATTR_PRIVILEGES (ROLE,ATTR_ID,READ,WRITE) values ('NY_ACCOUNTANT',1517221400464141556,1,1);
Insert into META.ATTR_PRIVILEGES (ROLE,ATTR_ID,READ,WRITE) values ('NY_ACCOUNTANT',1517221417533186574,1,1);
Insert into META.ATTR_PRIVILEGES (ROLE,ATTR_ID,READ,WRITE) values ('NY_ACCOUNTANT',1517841260156172034,1,1);
Insert into META.ATTR_PRIVILEGES (ROLE,ATTR_ID,READ,WRITE) values ('DALLAS_PRESIDENT',1517220103811194983,1,1);
Insert into META.ATTR_PRIVILEGES (ROLE,ATTR_ID,READ,WRITE) values ('DALLAS_PRESIDENT',1517220760895132314,1,1);
Insert into META.ATTR_PRIVILEGES (ROLE,ATTR_ID,READ,WRITE) values ('DALLAS_PRESIDENT',1517220790071197803,1,1);
Insert into META.ATTR_PRIVILEGES (ROLE,ATTR_ID,READ,WRITE) values ('DALLAS_PRESIDENT',1517220813974174143,1,1);
Insert into META.ATTR_PRIVILEGES (ROLE,ATTR_ID,READ,WRITE) values ('DALLAS_PRESIDENT',1517221400464141556,1,1);
Insert into META.ATTR_PRIVILEGES (ROLE,ATTR_ID,READ,WRITE) values ('DALLAS_PRESIDENT',1517221417533186574,1,1);
Insert into META.ATTR_PRIVILEGES (ROLE,ATTR_ID,READ,WRITE) values ('DALLAS_PRESIDENT',1517221433255197923,1,1);
Insert into META.ATTR_PRIVILEGES (ROLE,ATTR_ID,READ,WRITE) values ('DALLAS_PRESIDENT',1517841260156172034,1,1);
Insert into META.ATTR_PRIVILEGES (ROLE,ATTR_ID,READ,WRITE) values ('DALLAS_PRESIDENT',1517918464977182234,1,1);
Insert into META.ATTR_PRIVILEGES (ROLE,ATTR_ID,READ,WRITE) values ('SCOTT',1517220760895132314,1,0);
Insert into META.ATTR_PRIVILEGES (ROLE,ATTR_ID,READ,WRITE) values ('SCOTT',1517220790071197803,1,0);
Insert into META.ATTR_PRIVILEGES (ROLE,ATTR_ID,READ,WRITE) values ('SCOTT',1517220813974174143,1,0);
Insert into META.ATTR_PRIVILEGES (ROLE,ATTR_ID,READ,WRITE) values ('SCOTT',1517221400464141556,1,0);
Insert into META.ATTR_PRIVILEGES (ROLE,ATTR_ID,READ,WRITE) values ('SCOTT',1517221417533186574,1,0);
Insert into META.ATTR_PRIVILEGES (ROLE,ATTR_ID,READ,WRITE) values ('SCOTT',1517221433255197923,1,0);
Insert into META.ATTR_PRIVILEGES (ROLE,ATTR_ID,READ,WRITE) values ('NY_ACCOUNTANT',1517232599785111092,1,0);
Insert into META.ATTR_PRIVILEGES (ROLE,ATTR_ID,READ,WRITE) values ('NY_ACCOUNTANT',1517232616197174099,1,0);
Insert into META.ATTR_PRIVILEGES (ROLE,ATTR_ID,READ,WRITE) values ('NY_ACCOUNTANT',1517232632321166343,1,0);
REM INSERTING into META.OBJECTS
SET DEFINE OFF;
Insert into META.OBJECTS (OBJECT_ID,NAME,OBJECT_TYPE_ID,PARENT_ID) values (1517219979851138876,'ACCOUNT',1517219781766152066,null);
Insert into META.OBJECTS (OBJECT_ID,NAME,OBJECT_TYPE_ID,PARENT_ID) values (1517219995492193440,'RESEARCH',1517219781766152066,null);
Insert into META.OBJECTS (OBJECT_ID,NAME,OBJECT_TYPE_ID,PARENT_ID) values (1517220009966184256,'SALES',1517219781766152066,null);
Insert into META.OBJECTS (OBJECT_ID,NAME,OBJECT_TYPE_ID,PARENT_ID) values (1517220024814124497,'OPERATIONS',1517219781766152066,null);
Insert into META.OBJECTS (OBJECT_ID,NAME,OBJECT_TYPE_ID,PARENT_ID) values (1517220414825198362,'SMITH',1517219695869150524,null);
Insert into META.OBJECTS (OBJECT_ID,NAME,OBJECT_TYPE_ID,PARENT_ID) values (1517220430058141196,'ALLEN',1517219695869150524,null);
Insert into META.OBJECTS (OBJECT_ID,NAME,OBJECT_TYPE_ID,PARENT_ID) values (1517220443096183741,'WARD',1517219695869150524,null);
Insert into META.OBJECTS (OBJECT_ID,NAME,OBJECT_TYPE_ID,PARENT_ID) values (1517220457508163946,'JONES',1517219695869150524,null);
Insert into META.OBJECTS (OBJECT_ID,NAME,OBJECT_TYPE_ID,PARENT_ID) values (1517220469451114997,'MARTIN',1517219695869150524,null);
Insert into META.OBJECTS (OBJECT_ID,NAME,OBJECT_TYPE_ID,PARENT_ID) values (1517220484427164981,'BLAKE',1517219695869150524,null);
Insert into META.OBJECTS (OBJECT_ID,NAME,OBJECT_TYPE_ID,PARENT_ID) values (1517220495923127744,'CLARK',1517219695869150524,null);
Insert into META.OBJECTS (OBJECT_ID,NAME,OBJECT_TYPE_ID,PARENT_ID) values (1517220509588153873,'SCOTT',1517219695869150524,null);
Insert into META.OBJECTS (OBJECT_ID,NAME,OBJECT_TYPE_ID,PARENT_ID) values (1517220523571154511,'KING',1517219695869150524,null);
Insert into META.OBJECTS (OBJECT_ID,NAME,OBJECT_TYPE_ID,PARENT_ID) values (1517220630220169423,'TURNER',1517219695869150524,null);
Insert into META.OBJECTS (OBJECT_ID,NAME,OBJECT_TYPE_ID,PARENT_ID) values (1517220646376186793,'ADAMS',1517219695869150524,null);
Insert into META.OBJECTS (OBJECT_ID,NAME,OBJECT_TYPE_ID,PARENT_ID) values (1517220658320140924,'JAMES',1517219695869150524,null);
Insert into META.OBJECTS (OBJECT_ID,NAME,OBJECT_TYPE_ID,PARENT_ID) values (1517220670979171846,'FORD',1517219695869150524,null);
Insert into META.OBJECTS (OBJECT_ID,NAME,OBJECT_TYPE_ID,PARENT_ID) values (1517220682649132245,'MILLER',1517219695869150524,null);
Insert into META.OBJECTS (OBJECT_ID,NAME,OBJECT_TYPE_ID,PARENT_ID) values (1517232795111161321,'1',1517219798206125355,null);
Insert into META.OBJECTS (OBJECT_ID,NAME,OBJECT_TYPE_ID,PARENT_ID) values (1517232811169102832,'2',1517219798206125355,null);
Insert into META.OBJECTS (OBJECT_ID,NAME,OBJECT_TYPE_ID,PARENT_ID) values (1517232825519126246,'3',1517219798206125355,null);
Insert into META.OBJECTS (OBJECT_ID,NAME,OBJECT_TYPE_ID,PARENT_ID) values (1517232837098144347,'4',1517219798206125355,null);
Insert into META.OBJECTS (OBJECT_ID,NAME,OBJECT_TYPE_ID,PARENT_ID) values (1517232849445166022,'5',1517219798206125355,null);
REM INSERTING into META.OBJECTS_PRIVILEGES
SET DEFINE OFF;
Insert into META.OBJECTS_PRIVILEGES (ROLE,OBJECT_ID,READ,WRITE) values ('SCOTT',1517220646376186793,1,0);
Insert into META.OBJECTS_PRIVILEGES (ROLE,OBJECT_ID,READ,WRITE) values ('SCOTT',1517220523571154511,0,0);
Insert into META.OBJECTS_PRIVILEGES (ROLE,OBJECT_ID,READ,WRITE) values ('GOD',1517219995492193440,1,1);
Insert into META.OBJECTS_PRIVILEGES (ROLE,OBJECT_ID,READ,WRITE) values ('GOD',1517220009966184256,1,1);
Insert into META.OBJECTS_PRIVILEGES (ROLE,OBJECT_ID,READ,WRITE) values ('GOD',1517220024814124497,1,1);
Insert into META.OBJECTS_PRIVILEGES (ROLE,OBJECT_ID,READ,WRITE) values ('NY_ACCOUNTANT',1517220523571154511,0,0);
Insert into META.OBJECTS_PRIVILEGES (ROLE,OBJECT_ID,READ,WRITE) values ('NY_ACCOUNTANT',1517219979851138876,1,1);
Insert into META.OBJECTS_PRIVILEGES (ROLE,OBJECT_ID,READ,WRITE) values ('GOD',1517219979851138876,1,1);
Insert into META.OBJECTS_PRIVILEGES (ROLE,OBJECT_ID,READ,WRITE) values ('DALLAS_PRESIDENT',1517219995492193440,1,1);
Insert into META.OBJECTS_PRIVILEGES (ROLE,OBJECT_ID,READ,WRITE) values ('NY_ACCOUNTANT',1517232795111161321,1,0);
Insert into META.OBJECTS_PRIVILEGES (ROLE,OBJECT_ID,READ,WRITE) values ('NY_ACCOUNTANT',1517232811169102832,1,0);
Insert into META.OBJECTS_PRIVILEGES (ROLE,OBJECT_ID,READ,WRITE) values ('NY_ACCOUNTANT',1517232825519126246,1,0);
Insert into META.OBJECTS_PRIVILEGES (ROLE,OBJECT_ID,READ,WRITE) values ('NY_ACCOUNTANT',1517232837098144347,1,0);
Insert into META.OBJECTS_PRIVILEGES (ROLE,OBJECT_ID,READ,WRITE) values ('NY_ACCOUNTANT',1517232849445166022,1,0);
Insert into META.OBJECTS_PRIVILEGES (ROLE,OBJECT_ID,READ,WRITE) values ('DALLAS_PRESIDENT',1517220523571154511,0,0);
REM INSERTING into META.OBJECT_TYPES
SET DEFINE OFF;
Insert into META.OBJECT_TYPES (OBJECT_TYPE_ID,NAME,PARENT_ID) values (1517219657903190803,'ALL',null);
Insert into META.OBJECT_TYPES (OBJECT_TYPE_ID,NAME,PARENT_ID) values (1517219695869150524,'EMP',1517219657903190803);
Insert into META.OBJECT_TYPES (OBJECT_TYPE_ID,NAME,PARENT_ID) values (1517219781766152066,'DEPT',1517219657903190803);
Insert into META.OBJECT_TYPES (OBJECT_TYPE_ID,NAME,PARENT_ID) values (1517219798206125355,'SALEGRADE',1517219657903190803);
REM INSERTING into META.OBJECT_TYPES_PRIVILEGES
SET DEFINE OFF;
Insert into META.OBJECT_TYPES_PRIVILEGES (ROLE,OBJECT_TYPE_ID,READ,WRITE) values ('GOD',1517219657903190803,1,1);
Insert into META.OBJECT_TYPES_PRIVILEGES (ROLE,OBJECT_TYPE_ID,READ,WRITE) values ('NY_ACCOUNTANT',1517219695869150524,1,1);
Insert into META.OBJECT_TYPES_PRIVILEGES (ROLE,OBJECT_TYPE_ID,READ,WRITE) values ('NY_ACCOUNTANT',1517219695869150524,1,1);
Insert into META.OBJECT_TYPES_PRIVILEGES (ROLE,OBJECT_TYPE_ID,READ,WRITE) values ('DALLAS_PRESIDENT',1517219695869150524,1,1);
Insert into META.OBJECT_TYPES_PRIVILEGES (ROLE,OBJECT_TYPE_ID,READ,WRITE) values ('DALLAS_PRESIDENT',1517219781766152066,1,1);
Insert into META.OBJECT_TYPES_PRIVILEGES (ROLE,OBJECT_TYPE_ID,READ,WRITE) values ('SCOTT',1517219695869150524,1,0);
Insert into META.OBJECT_TYPES_PRIVILEGES (ROLE,OBJECT_TYPE_ID,READ,WRITE) values ('NY_ACCOUNTANT',1517219798206125355,1,0);
REM INSERTING into META.PARAMS
SET DEFINE OFF;
Insert into META.PARAMS (TEXT_VALUE,NUMBER_VALUE,DATE_VALUE,ATTR_ID,OBJECT_ID) values ('NEW YORK',null,null,1517220103811194983,1517219979851138876);
Insert into META.PARAMS (TEXT_VALUE,NUMBER_VALUE,DATE_VALUE,ATTR_ID,OBJECT_ID) values ('DALLAS',null,null,1517220103811194983,1517219995492193440);
Insert into META.PARAMS (TEXT_VALUE,NUMBER_VALUE,DATE_VALUE,ATTR_ID,OBJECT_ID) values ('CHICAGO',null,null,1517220103811194983,1517220009966184256);
Insert into META.PARAMS (TEXT_VALUE,NUMBER_VALUE,DATE_VALUE,ATTR_ID,OBJECT_ID) values ('BOSTON',null,null,1517220103811194983,1517220024814124497);
Insert into META.PARAMS (TEXT_VALUE,NUMBER_VALUE,DATE_VALUE,ATTR_ID,OBJECT_ID) values ('CLERK',null,null,1517220760895132314,1517220414825198362);
Insert into META.PARAMS (TEXT_VALUE,NUMBER_VALUE,DATE_VALUE,ATTR_ID,OBJECT_ID) values ('SALESMAN',null,null,1517220760895132314,1517220430058141196);
Insert into META.PARAMS (TEXT_VALUE,NUMBER_VALUE,DATE_VALUE,ATTR_ID,OBJECT_ID) values ('SALESMAN',null,null,1517220760895132314,1517220443096183741);
Insert into META.PARAMS (TEXT_VALUE,NUMBER_VALUE,DATE_VALUE,ATTR_ID,OBJECT_ID) values ('MANAGER',null,null,1517220760895132314,1517220457508163946);
Insert into META.PARAMS (TEXT_VALUE,NUMBER_VALUE,DATE_VALUE,ATTR_ID,OBJECT_ID) values ('SALESMAN',null,null,1517220760895132314,1517220469451114997);
Insert into META.PARAMS (TEXT_VALUE,NUMBER_VALUE,DATE_VALUE,ATTR_ID,OBJECT_ID) values ('MANAGER',null,null,1517220760895132314,1517220484427164981);
Insert into META.PARAMS (TEXT_VALUE,NUMBER_VALUE,DATE_VALUE,ATTR_ID,OBJECT_ID) values ('MANAGER',null,null,1517220760895132314,1517220495923127744);
Insert into META.PARAMS (TEXT_VALUE,NUMBER_VALUE,DATE_VALUE,ATTR_ID,OBJECT_ID) values ('ANALYST',null,null,1517220760895132314,1517220509588153873);
Insert into META.PARAMS (TEXT_VALUE,NUMBER_VALUE,DATE_VALUE,ATTR_ID,OBJECT_ID) values ('PRESIDENT',null,null,1517220760895132314,1517220523571154511);
Insert into META.PARAMS (TEXT_VALUE,NUMBER_VALUE,DATE_VALUE,ATTR_ID,OBJECT_ID) values ('SALESMAN',null,null,1517220760895132314,1517220630220169423);
Insert into META.PARAMS (TEXT_VALUE,NUMBER_VALUE,DATE_VALUE,ATTR_ID,OBJECT_ID) values ('CLERK',null,null,1517220760895132314,1517220646376186793);
Insert into META.PARAMS (TEXT_VALUE,NUMBER_VALUE,DATE_VALUE,ATTR_ID,OBJECT_ID) values ('CLERK',null,null,1517220760895132314,1517220658320140924);
Insert into META.PARAMS (TEXT_VALUE,NUMBER_VALUE,DATE_VALUE,ATTR_ID,OBJECT_ID) values ('ANALYST',null,null,1517220760895132314,1517220670979171846);
Insert into META.PARAMS (TEXT_VALUE,NUMBER_VALUE,DATE_VALUE,ATTR_ID,OBJECT_ID) values ('CLERK',null,null,1517220760895132314,1517220682649132245);
Insert into META.PARAMS (TEXT_VALUE,NUMBER_VALUE,DATE_VALUE,ATTR_ID,OBJECT_ID) values (null,1517220670979171846,null,1517220790071197803,1517220414825198362);
Insert into META.PARAMS (TEXT_VALUE,NUMBER_VALUE,DATE_VALUE,ATTR_ID,OBJECT_ID) values (null,1517220484427164981,null,1517220790071197803,1517220430058141196);
Insert into META.PARAMS (TEXT_VALUE,NUMBER_VALUE,DATE_VALUE,ATTR_ID,OBJECT_ID) values (null,1517220484427164981,null,1517220790071197803,1517220443096183741);
Insert into META.PARAMS (TEXT_VALUE,NUMBER_VALUE,DATE_VALUE,ATTR_ID,OBJECT_ID) values (null,1517220523571154511,null,1517220790071197803,1517220457508163946);
Insert into META.PARAMS (TEXT_VALUE,NUMBER_VALUE,DATE_VALUE,ATTR_ID,OBJECT_ID) values (null,1517220484427164981,null,1517220790071197803,1517220469451114997);
Insert into META.PARAMS (TEXT_VALUE,NUMBER_VALUE,DATE_VALUE,ATTR_ID,OBJECT_ID) values (null,1517220523571154511,null,1517220790071197803,1517220484427164981);
Insert into META.PARAMS (TEXT_VALUE,NUMBER_VALUE,DATE_VALUE,ATTR_ID,OBJECT_ID) values (null,1517220523571154511,null,1517220790071197803,1517220495923127744);
Insert into META.PARAMS (TEXT_VALUE,NUMBER_VALUE,DATE_VALUE,ATTR_ID,OBJECT_ID) values (null,1517220457508163946,null,1517220790071197803,1517220509588153873);
Insert into META.PARAMS (TEXT_VALUE,NUMBER_VALUE,DATE_VALUE,ATTR_ID,OBJECT_ID) values (null,1517220484427164981,null,1517220790071197803,1517220630220169423);
Insert into META.PARAMS (TEXT_VALUE,NUMBER_VALUE,DATE_VALUE,ATTR_ID,OBJECT_ID) values (null,1517220509588153873,null,1517220790071197803,1517220646376186793);
Insert into META.PARAMS (TEXT_VALUE,NUMBER_VALUE,DATE_VALUE,ATTR_ID,OBJECT_ID) values (null,1517220484427164981,null,1517220790071197803,1517220658320140924);
Insert into META.PARAMS (TEXT_VALUE,NUMBER_VALUE,DATE_VALUE,ATTR_ID,OBJECT_ID) values (null,1517220457508163946,null,1517220790071197803,1517220670979171846);
Insert into META.PARAMS (TEXT_VALUE,NUMBER_VALUE,DATE_VALUE,ATTR_ID,OBJECT_ID) values (null,1517220495923127744,null,1517220790071197803,1517220682649132245);
Insert into META.PARAMS (TEXT_VALUE,NUMBER_VALUE,DATE_VALUE,ATTR_ID,OBJECT_ID) values (null,null,to_date('17-DEC-80','DD-MON-RR'),1517220813974174143,1517220414825198362);
Insert into META.PARAMS (TEXT_VALUE,NUMBER_VALUE,DATE_VALUE,ATTR_ID,OBJECT_ID) values (null,null,to_date('20-FEB-81','DD-MON-RR'),1517220813974174143,1517220430058141196);
Insert into META.PARAMS (TEXT_VALUE,NUMBER_VALUE,DATE_VALUE,ATTR_ID,OBJECT_ID) values (null,null,to_date('22-FEB-81','DD-MON-RR'),1517220813974174143,1517220443096183741);
Insert into META.PARAMS (TEXT_VALUE,NUMBER_VALUE,DATE_VALUE,ATTR_ID,OBJECT_ID) values (null,null,to_date('02-APR-81','DD-MON-RR'),1517220813974174143,1517220457508163946);
Insert into META.PARAMS (TEXT_VALUE,NUMBER_VALUE,DATE_VALUE,ATTR_ID,OBJECT_ID) values (null,null,to_date('28-SEP-81','DD-MON-RR'),1517220813974174143,1517220469451114997);
Insert into META.PARAMS (TEXT_VALUE,NUMBER_VALUE,DATE_VALUE,ATTR_ID,OBJECT_ID) values (null,null,to_date('01-MAY-81','DD-MON-RR'),1517220813974174143,1517220484427164981);
Insert into META.PARAMS (TEXT_VALUE,NUMBER_VALUE,DATE_VALUE,ATTR_ID,OBJECT_ID) values (null,null,to_date('09-JUN-81','DD-MON-RR'),1517220813974174143,1517220495923127744);
Insert into META.PARAMS (TEXT_VALUE,NUMBER_VALUE,DATE_VALUE,ATTR_ID,OBJECT_ID) values (null,null,to_date('09-DEC-82','DD-MON-RR'),1517220813974174143,1517220509588153873);
Insert into META.PARAMS (TEXT_VALUE,NUMBER_VALUE,DATE_VALUE,ATTR_ID,OBJECT_ID) values (null,null,to_date('17-NOV-81','DD-MON-RR'),1517220813974174143,1517220523571154511);
Insert into META.PARAMS (TEXT_VALUE,NUMBER_VALUE,DATE_VALUE,ATTR_ID,OBJECT_ID) values (null,null,to_date('08-SEP-81','DD-MON-RR'),1517220813974174143,1517220630220169423);
Insert into META.PARAMS (TEXT_VALUE,NUMBER_VALUE,DATE_VALUE,ATTR_ID,OBJECT_ID) values (null,null,to_date('12-JAN-83','DD-MON-RR'),1517220813974174143,1517220646376186793);
Insert into META.PARAMS (TEXT_VALUE,NUMBER_VALUE,DATE_VALUE,ATTR_ID,OBJECT_ID) values (null,null,to_date('03-DEC-81','DD-MON-RR'),1517220813974174143,1517220658320140924);
Insert into META.PARAMS (TEXT_VALUE,NUMBER_VALUE,DATE_VALUE,ATTR_ID,OBJECT_ID) values (null,null,to_date('03-DEC-81','DD-MON-RR'),1517220813974174143,1517220670979171846);
Insert into META.PARAMS (TEXT_VALUE,NUMBER_VALUE,DATE_VALUE,ATTR_ID,OBJECT_ID) values (null,null,to_date('23-JAN-82','DD-MON-RR'),1517220813974174143,1517220682649132245);
Insert into META.PARAMS (TEXT_VALUE,NUMBER_VALUE,DATE_VALUE,ATTR_ID,OBJECT_ID) values (null,800,null,1517221400464141556,1517220414825198362);
Insert into META.PARAMS (TEXT_VALUE,NUMBER_VALUE,DATE_VALUE,ATTR_ID,OBJECT_ID) values (null,1600,null,1517221400464141556,1517220430058141196);
Insert into META.PARAMS (TEXT_VALUE,NUMBER_VALUE,DATE_VALUE,ATTR_ID,OBJECT_ID) values (null,1250,null,1517221400464141556,1517220443096183741);
Insert into META.PARAMS (TEXT_VALUE,NUMBER_VALUE,DATE_VALUE,ATTR_ID,OBJECT_ID) values (null,2975,null,1517221400464141556,1517220457508163946);
Insert into META.PARAMS (TEXT_VALUE,NUMBER_VALUE,DATE_VALUE,ATTR_ID,OBJECT_ID) values (null,1250,null,1517221400464141556,1517220469451114997);
Insert into META.PARAMS (TEXT_VALUE,NUMBER_VALUE,DATE_VALUE,ATTR_ID,OBJECT_ID) values (null,2850,null,1517221400464141556,1517220484427164981);
Insert into META.PARAMS (TEXT_VALUE,NUMBER_VALUE,DATE_VALUE,ATTR_ID,OBJECT_ID) values (null,2450,null,1517221400464141556,1517220495923127744);
Insert into META.PARAMS (TEXT_VALUE,NUMBER_VALUE,DATE_VALUE,ATTR_ID,OBJECT_ID) values (null,3000,null,1517221400464141556,1517220509588153873);
Insert into META.PARAMS (TEXT_VALUE,NUMBER_VALUE,DATE_VALUE,ATTR_ID,OBJECT_ID) values (null,5000,null,1517221400464141556,1517220523571154511);
Insert into META.PARAMS (TEXT_VALUE,NUMBER_VALUE,DATE_VALUE,ATTR_ID,OBJECT_ID) values (null,1500,null,1517221400464141556,1517220630220169423);
Insert into META.PARAMS (TEXT_VALUE,NUMBER_VALUE,DATE_VALUE,ATTR_ID,OBJECT_ID) values (null,1100,null,1517221400464141556,1517220646376186793);
Insert into META.PARAMS (TEXT_VALUE,NUMBER_VALUE,DATE_VALUE,ATTR_ID,OBJECT_ID) values (null,950,null,1517221400464141556,1517220658320140924);
Insert into META.PARAMS (TEXT_VALUE,NUMBER_VALUE,DATE_VALUE,ATTR_ID,OBJECT_ID) values (null,3000,null,1517221400464141556,1517220670979171846);
Insert into META.PARAMS (TEXT_VALUE,NUMBER_VALUE,DATE_VALUE,ATTR_ID,OBJECT_ID) values (null,1300,null,1517221400464141556,1517220682649132245);
Insert into META.PARAMS (TEXT_VALUE,NUMBER_VALUE,DATE_VALUE,ATTR_ID,OBJECT_ID) values (null,300,null,1517221417533186574,1517220430058141196);
Insert into META.PARAMS (TEXT_VALUE,NUMBER_VALUE,DATE_VALUE,ATTR_ID,OBJECT_ID) values (null,500,null,1517221417533186574,1517220443096183741);
Insert into META.PARAMS (TEXT_VALUE,NUMBER_VALUE,DATE_VALUE,ATTR_ID,OBJECT_ID) values (null,1400,null,1517221417533186574,1517220469451114997);
Insert into META.PARAMS (TEXT_VALUE,NUMBER_VALUE,DATE_VALUE,ATTR_ID,OBJECT_ID) values (null,0,null,1517221417533186574,1517220630220169423);
Insert into META.PARAMS (TEXT_VALUE,NUMBER_VALUE,DATE_VALUE,ATTR_ID,OBJECT_ID) values (null,1517219979851138876,null,1517221433255197923,1517220495923127744);
Insert into META.PARAMS (TEXT_VALUE,NUMBER_VALUE,DATE_VALUE,ATTR_ID,OBJECT_ID) values (null,1517219979851138876,null,1517221433255197923,1517220523571154511);
Insert into META.PARAMS (TEXT_VALUE,NUMBER_VALUE,DATE_VALUE,ATTR_ID,OBJECT_ID) values (null,1517219979851138876,null,1517221433255197923,1517220682649132245);
Insert into META.PARAMS (TEXT_VALUE,NUMBER_VALUE,DATE_VALUE,ATTR_ID,OBJECT_ID) values (null,1517219995492193440,null,1517221433255197923,1517220457508163946);
Insert into META.PARAMS (TEXT_VALUE,NUMBER_VALUE,DATE_VALUE,ATTR_ID,OBJECT_ID) values (null,1517219995492193440,null,1517221433255197923,1517220670979171846);
Insert into META.PARAMS (TEXT_VALUE,NUMBER_VALUE,DATE_VALUE,ATTR_ID,OBJECT_ID) values (null,1517219995492193440,null,1517221433255197923,1517220646376186793);
Insert into META.PARAMS (TEXT_VALUE,NUMBER_VALUE,DATE_VALUE,ATTR_ID,OBJECT_ID) values (null,1517219995492193440,null,1517221433255197923,1517220414825198362);
Insert into META.PARAMS (TEXT_VALUE,NUMBER_VALUE,DATE_VALUE,ATTR_ID,OBJECT_ID) values (null,1517219995492193440,null,1517221433255197923,1517220509588153873);
Insert into META.PARAMS (TEXT_VALUE,NUMBER_VALUE,DATE_VALUE,ATTR_ID,OBJECT_ID) values (null,1517220009966184256,null,1517221433255197923,1517220443096183741);
Insert into META.PARAMS (TEXT_VALUE,NUMBER_VALUE,DATE_VALUE,ATTR_ID,OBJECT_ID) values (null,1517220009966184256,null,1517221433255197923,1517220630220169423);
Insert into META.PARAMS (TEXT_VALUE,NUMBER_VALUE,DATE_VALUE,ATTR_ID,OBJECT_ID) values (null,1517220009966184256,null,1517221433255197923,1517220430058141196);
Insert into META.PARAMS (TEXT_VALUE,NUMBER_VALUE,DATE_VALUE,ATTR_ID,OBJECT_ID) values (null,1517220009966184256,null,1517221433255197923,1517220658320140924);
Insert into META.PARAMS (TEXT_VALUE,NUMBER_VALUE,DATE_VALUE,ATTR_ID,OBJECT_ID) values (null,1517220009966184256,null,1517221433255197923,1517220484427164981);
Insert into META.PARAMS (TEXT_VALUE,NUMBER_VALUE,DATE_VALUE,ATTR_ID,OBJECT_ID) values (null,700,null,1517232616197174099,1517232795111161321);
Insert into META.PARAMS (TEXT_VALUE,NUMBER_VALUE,DATE_VALUE,ATTR_ID,OBJECT_ID) values (null,1201,null,1517232616197174099,1517232811169102832);
Insert into META.PARAMS (TEXT_VALUE,NUMBER_VALUE,DATE_VALUE,ATTR_ID,OBJECT_ID) values (null,1401,null,1517232616197174099,1517232825519126246);
Insert into META.PARAMS (TEXT_VALUE,NUMBER_VALUE,DATE_VALUE,ATTR_ID,OBJECT_ID) values (null,2001,null,1517232616197174099,1517232837098144347);
Insert into META.PARAMS (TEXT_VALUE,NUMBER_VALUE,DATE_VALUE,ATTR_ID,OBJECT_ID) values (null,3001,null,1517232616197174099,1517232849445166022);
Insert into META.PARAMS (TEXT_VALUE,NUMBER_VALUE,DATE_VALUE,ATTR_ID,OBJECT_ID) values (null,1200,null,1517232632321166343,1517232795111161321);
Insert into META.PARAMS (TEXT_VALUE,NUMBER_VALUE,DATE_VALUE,ATTR_ID,OBJECT_ID) values (null,1400,null,1517232632321166343,1517232811169102832);
Insert into META.PARAMS (TEXT_VALUE,NUMBER_VALUE,DATE_VALUE,ATTR_ID,OBJECT_ID) values (null,2000,null,1517232632321166343,1517232825519126246);
Insert into META.PARAMS (TEXT_VALUE,NUMBER_VALUE,DATE_VALUE,ATTR_ID,OBJECT_ID) values (null,3000,null,1517232632321166343,1517232837098144347);
Insert into META.PARAMS (TEXT_VALUE,NUMBER_VALUE,DATE_VALUE,ATTR_ID,OBJECT_ID) values (null,9999,null,1517232632321166343,1517232849445166022);
Insert into META.PARAMS (TEXT_VALUE,NUMBER_VALUE,DATE_VALUE,ATTR_ID,OBJECT_ID) values (null,0,null,1517841260156172034,1517220414825198362);
Insert into META.PARAMS (TEXT_VALUE,NUMBER_VALUE,DATE_VALUE,ATTR_ID,OBJECT_ID) values (null,0,null,1517841260156172034,1517220430058141196);
Insert into META.PARAMS (TEXT_VALUE,NUMBER_VALUE,DATE_VALUE,ATTR_ID,OBJECT_ID) values (null,0,null,1517841260156172034,1517220443096183741);
Insert into META.PARAMS (TEXT_VALUE,NUMBER_VALUE,DATE_VALUE,ATTR_ID,OBJECT_ID) values (null,0,null,1517841260156172034,1517220457508163946);
Insert into META.PARAMS (TEXT_VALUE,NUMBER_VALUE,DATE_VALUE,ATTR_ID,OBJECT_ID) values (null,1,null,1517841260156172034,1517220469451114997);
Insert into META.PARAMS (TEXT_VALUE,NUMBER_VALUE,DATE_VALUE,ATTR_ID,OBJECT_ID) values (null,0,null,1517841260156172034,1517220484427164981);
Insert into META.PARAMS (TEXT_VALUE,NUMBER_VALUE,DATE_VALUE,ATTR_ID,OBJECT_ID) values (null,0,null,1517841260156172034,1517220495923127744);
Insert into META.PARAMS (TEXT_VALUE,NUMBER_VALUE,DATE_VALUE,ATTR_ID,OBJECT_ID) values (null,0,null,1517841260156172034,1517220509588153873);
Insert into META.PARAMS (TEXT_VALUE,NUMBER_VALUE,DATE_VALUE,ATTR_ID,OBJECT_ID) values (null,0,null,1517841260156172034,1517220523571154511);
Insert into META.PARAMS (TEXT_VALUE,NUMBER_VALUE,DATE_VALUE,ATTR_ID,OBJECT_ID) values (null,0,null,1517841260156172034,1517220630220169423);
Insert into META.PARAMS (TEXT_VALUE,NUMBER_VALUE,DATE_VALUE,ATTR_ID,OBJECT_ID) values (null,0,null,1517841260156172034,1517220646376186793);
Insert into META.PARAMS (TEXT_VALUE,NUMBER_VALUE,DATE_VALUE,ATTR_ID,OBJECT_ID) values (null,0,null,1517841260156172034,1517220658320140924);
Insert into META.PARAMS (TEXT_VALUE,NUMBER_VALUE,DATE_VALUE,ATTR_ID,OBJECT_ID) values (null,0,null,1517841260156172034,1517220670979171846);
Insert into META.PARAMS (TEXT_VALUE,NUMBER_VALUE,DATE_VALUE,ATTR_ID,OBJECT_ID) values (null,0,null,1517841260156172034,1517220682649132245);
Insert into META.PARAMS (TEXT_VALUE,NUMBER_VALUE,DATE_VALUE,ATTR_ID,OBJECT_ID) values (null,1517219979851138876,null,1517221433255197923,1517220509588153873);
Insert into META.PARAMS (TEXT_VALUE,NUMBER_VALUE,DATE_VALUE,ATTR_ID,OBJECT_ID) values (null,1,null,1517918464977182234,1517219979851138876);
Insert into META.PARAMS (TEXT_VALUE,NUMBER_VALUE,DATE_VALUE,ATTR_ID,OBJECT_ID) values (null,0,null,1517918464977182234,1517219995492193440);
Insert into META.PARAMS (TEXT_VALUE,NUMBER_VALUE,DATE_VALUE,ATTR_ID,OBJECT_ID) values (null,0,null,1517918464977182234,1517220009966184256);
Insert into META.PARAMS (TEXT_VALUE,NUMBER_VALUE,DATE_VALUE,ATTR_ID,OBJECT_ID) values (null,0,null,1517918464977182234,1517220024814124497);
Insert into META.PARAMS (TEXT_VALUE,NUMBER_VALUE,DATE_VALUE,ATTR_ID,OBJECT_ID) values (null,1,null,1517232599785111092,1517232795111161321);
Insert into META.PARAMS (TEXT_VALUE,NUMBER_VALUE,DATE_VALUE,ATTR_ID,OBJECT_ID) values (null,2,null,1517232599785111092,1517232811169102832);
Insert into META.PARAMS (TEXT_VALUE,NUMBER_VALUE,DATE_VALUE,ATTR_ID,OBJECT_ID) values (null,3,null,1517232599785111092,1517232825519126246);
Insert into META.PARAMS (TEXT_VALUE,NUMBER_VALUE,DATE_VALUE,ATTR_ID,OBJECT_ID) values (null,4,null,1517232599785111092,1517232837098144347);
Insert into META.PARAMS (TEXT_VALUE,NUMBER_VALUE,DATE_VALUE,ATTR_ID,OBJECT_ID) values (null,5,null,1517232599785111092,1517232849445166022);
Insert into META.PARAMS (TEXT_VALUE,NUMBER_VALUE,DATE_VALUE,ATTR_ID,OBJECT_ID) values (null,1517220009966184256,null,1517221433255197923,1517220469451114997);
--------------------------------------------------------
--  DDL for Index SYS_C007014
--------------------------------------------------------

  CREATE UNIQUE INDEX "META"."SYS_C007014" ON "META"."ATTRIBUTES" ("ATTR_ID") 
  PCTFREE 10 INITRANS 2 MAXTRANS 255 COMPUTE STATISTICS 
  STORAGE(INITIAL 65536 NEXT 1048576 MINEXTENTS 1 MAXEXTENTS 2147483645
  PCTINCREASE 0 FREELISTS 1 FREELIST GROUPS 1 BUFFER_POOL DEFAULT FLASH_CACHE DEFAULT CELL_FLASH_CACHE DEFAULT)
  TABLESPACE "SYSTEM" ;
--------------------------------------------------------
--  DDL for Index SYS_C007010
--------------------------------------------------------

  CREATE UNIQUE INDEX "META"."SYS_C007010" ON "META"."OBJECTS" ("OBJECT_ID") 
  PCTFREE 10 INITRANS 2 MAXTRANS 255 COMPUTE STATISTICS 
  STORAGE(INITIAL 65536 NEXT 1048576 MINEXTENTS 1 MAXEXTENTS 2147483645
  PCTINCREASE 0 FREELISTS 1 FREELIST GROUPS 1 BUFFER_POOL DEFAULT FLASH_CACHE DEFAULT CELL_FLASH_CACHE DEFAULT)
  TABLESPACE "SYSTEM" ;
--------------------------------------------------------
--  DDL for Index SYS_C007006
--------------------------------------------------------

  CREATE UNIQUE INDEX "META"."SYS_C007006" ON "META"."OBJECT_TYPES" ("OBJECT_TYPE_ID") 
  PCTFREE 10 INITRANS 2 MAXTRANS 255 COMPUTE STATISTICS 
  STORAGE(INITIAL 65536 NEXT 1048576 MINEXTENTS 1 MAXEXTENTS 2147483645
  PCTINCREASE 0 FREELISTS 1 FREELIST GROUPS 1 BUFFER_POOL DEFAULT FLASH_CACHE DEFAULT CELL_FLASH_CACHE DEFAULT)
  TABLESPACE "SYSTEM" ;
--------------------------------------------------------
--  Constraints for Table ATTRIBUTES
--------------------------------------------------------

  ALTER TABLE "META"."ATTRIBUTES" ADD PRIMARY KEY ("ATTR_ID")
  USING INDEX PCTFREE 10 INITRANS 2 MAXTRANS 255 COMPUTE STATISTICS 
  STORAGE(INITIAL 65536 NEXT 1048576 MINEXTENTS 1 MAXEXTENTS 2147483645
  PCTINCREASE 0 FREELISTS 1 FREELIST GROUPS 1 BUFFER_POOL DEFAULT FLASH_CACHE DEFAULT CELL_FLASH_CACHE DEFAULT)
  TABLESPACE "SYSTEM"  ENABLE;
  ALTER TABLE "META"."ATTRIBUTES" MODIFY ("OBJECT_TYPE_ID" NOT NULL ENABLE);
  ALTER TABLE "META"."ATTRIBUTES" MODIFY ("NAME" NOT NULL ENABLE);
  ALTER TABLE "META"."ATTRIBUTES" MODIFY ("ATTR_ID" NOT NULL ENABLE);
--------------------------------------------------------
--  Constraints for Table ATTR_PRIVILEGES
--------------------------------------------------------

  ALTER TABLE "META"."ATTR_PRIVILEGES" MODIFY ("ATTR_ID" NOT NULL ENABLE);
  ALTER TABLE "META"."ATTR_PRIVILEGES" MODIFY ("ROLE" NOT NULL ENABLE);
--------------------------------------------------------
--  Constraints for Table OBJECTS
--------------------------------------------------------

  ALTER TABLE "META"."OBJECTS" ADD PRIMARY KEY ("OBJECT_ID")
  USING INDEX PCTFREE 10 INITRANS 2 MAXTRANS 255 COMPUTE STATISTICS 
  STORAGE(INITIAL 65536 NEXT 1048576 MINEXTENTS 1 MAXEXTENTS 2147483645
  PCTINCREASE 0 FREELISTS 1 FREELIST GROUPS 1 BUFFER_POOL DEFAULT FLASH_CACHE DEFAULT CELL_FLASH_CACHE DEFAULT)
  TABLESPACE "SYSTEM"  ENABLE;
  ALTER TABLE "META"."OBJECTS" MODIFY ("OBJECT_TYPE_ID" NOT NULL ENABLE);
  ALTER TABLE "META"."OBJECTS" MODIFY ("NAME" NOT NULL ENABLE);
  ALTER TABLE "META"."OBJECTS" MODIFY ("OBJECT_ID" NOT NULL ENABLE);
--------------------------------------------------------
--  Constraints for Table OBJECTS_PRIVILEGES
--------------------------------------------------------

  ALTER TABLE "META"."OBJECTS_PRIVILEGES" MODIFY ("OBJECT_ID" NOT NULL ENABLE);
  ALTER TABLE "META"."OBJECTS_PRIVILEGES" MODIFY ("ROLE" NOT NULL ENABLE);
--------------------------------------------------------
--  Constraints for Table OBJECT_TYPES
--------------------------------------------------------

  ALTER TABLE "META"."OBJECT_TYPES" ADD PRIMARY KEY ("OBJECT_TYPE_ID")
  USING INDEX PCTFREE 10 INITRANS 2 MAXTRANS 255 COMPUTE STATISTICS 
  STORAGE(INITIAL 65536 NEXT 1048576 MINEXTENTS 1 MAXEXTENTS 2147483645
  PCTINCREASE 0 FREELISTS 1 FREELIST GROUPS 1 BUFFER_POOL DEFAULT FLASH_CACHE DEFAULT CELL_FLASH_CACHE DEFAULT)
  TABLESPACE "SYSTEM"  ENABLE;
  ALTER TABLE "META"."OBJECT_TYPES" MODIFY ("NAME" NOT NULL ENABLE);
  ALTER TABLE "META"."OBJECT_TYPES" MODIFY ("OBJECT_TYPE_ID" NOT NULL ENABLE);
--------------------------------------------------------
--  Constraints for Table OBJECT_TYPES_PRIVILEGES
--------------------------------------------------------

  ALTER TABLE "META"."OBJECT_TYPES_PRIVILEGES" MODIFY ("OBJECT_TYPE_ID" NOT NULL ENABLE);
  ALTER TABLE "META"."OBJECT_TYPES_PRIVILEGES" MODIFY ("ROLE" NOT NULL ENABLE);
--------------------------------------------------------
--  Constraints for Table PARAMS
--------------------------------------------------------

  ALTER TABLE "META"."PARAMS" MODIFY ("OBJECT_ID" NOT NULL ENABLE);
  ALTER TABLE "META"."PARAMS" MODIFY ("ATTR_ID" NOT NULL ENABLE);
