/*
 Navicat Premium Data Transfer

 Source Server         : local-data
 Source Server Type    : MySQL
 Source Server Version : 80024
 Source Host           : localhost:3306
 Source Schema         : spp

 Target Server Type    : MySQL
 Target Server Version : 80024
 File Encoding         : 65001

 Date: 26/02/2022 01:48:17
*/

SET NAMES utf8mb4;
SET FOREIGN_KEY_CHECKS = 0;

-- ----------------------------
-- Table structure for akses
-- ----------------------------
DROP TABLE IF EXISTS `akses`;
CREATE TABLE `akses` (
  `id_jabatan` bigint NOT NULL,
  `id_menu` bigint NOT NULL,
  `baca` tinyint DEFAULT NULL,
  `tulis` tinyint DEFAULT NULL,
  PRIMARY KEY (`id_jabatan`,`id_menu`) USING BTREE
) ENGINE=InnoDB DEFAULT CHARSET=utf8mb4 COLLATE=utf8mb4_0900_ai_ci;

-- ----------------------------
-- Records of akses
-- ----------------------------
BEGIN;
INSERT INTO `akses` VALUES (1, 1, 1, 1);
INSERT INTO `akses` VALUES (1, 2, 1, 1);
INSERT INTO `akses` VALUES (1, 3, 1, 1);
INSERT INTO `akses` VALUES (1, 4, 1, 1);
INSERT INTO `akses` VALUES (1, 5, 1, 1);
INSERT INTO `akses` VALUES (1, 6, 1, 1);
INSERT INTO `akses` VALUES (1, 7, 1, 1);
INSERT INTO `akses` VALUES (1, 8, 1, 1);
INSERT INTO `akses` VALUES (1, 9, 1, 1);
INSERT INTO `akses` VALUES (1, 10, 1, 1);
INSERT INTO `akses` VALUES (1, 11, 1, 1);
INSERT INTO `akses` VALUES (1, 12, 1, 1);
INSERT INTO `akses` VALUES (1, 13, 1, 1);
INSERT INTO `akses` VALUES (1, 14, 1, 1);
INSERT INTO `akses` VALUES (1, 15, 1, 1);
INSERT INTO `akses` VALUES (1, 16, 1, 1);
INSERT INTO `akses` VALUES (1, 17, 1, 1);
INSERT INTO `akses` VALUES (1, 18, 1, 1);
INSERT INTO `akses` VALUES (1, 19, 1, 1);
INSERT INTO `akses` VALUES (1, 20, 1, 1);
INSERT INTO `akses` VALUES (1, 21, 1, 1);
INSERT INTO `akses` VALUES (1, 22, 1, 1);
INSERT INTO `akses` VALUES (1, 23, 1, 1);
INSERT INTO `akses` VALUES (1, 24, 1, 1);
INSERT INTO `akses` VALUES (1, 25, 1, 1);
INSERT INTO `akses` VALUES (1, 26, 1, 1);
INSERT INTO `akses` VALUES (1, 27, 1, 1);
INSERT INTO `akses` VALUES (1, 28, 1, 1);
INSERT INTO `akses` VALUES (1, 29, 1, 1);
INSERT INTO `akses` VALUES (1, 30, 1, 1);
INSERT INTO `akses` VALUES (1, 31, 1, 1);
INSERT INTO `akses` VALUES (1, 32, 1, 1);
INSERT INTO `akses` VALUES (1, 33, 1, 1);
INSERT INTO `akses` VALUES (1, 34, 1, 1);
INSERT INTO `akses` VALUES (1, 35, 1, 1);
INSERT INTO `akses` VALUES (1, 36, 1, 1);
INSERT INTO `akses` VALUES (1, 37, 1, 1);
INSERT INTO `akses` VALUES (1, 38, 1, 1);
INSERT INTO `akses` VALUES (1, 39, 1, 1);
INSERT INTO `akses` VALUES (1, 40, 1, 1);
INSERT INTO `akses` VALUES (1, 41, 1, 1);
INSERT INTO `akses` VALUES (2, 5, 1, 0);
INSERT INTO `akses` VALUES (2, 40, 1, 0);
INSERT INTO `akses` VALUES (2, 41, 1, 0);
INSERT INTO `akses` VALUES (3, 2, 1, 1);
INSERT INTO `akses` VALUES (3, 3, 1, 1);
INSERT INTO `akses` VALUES (3, 4, 1, 1);
INSERT INTO `akses` VALUES (3, 5, 1, 0);
INSERT INTO `akses` VALUES (3, 6, 1, 1);
INSERT INTO `akses` VALUES (3, 10, 1, 1);
INSERT INTO `akses` VALUES (3, 11, 1, 1);
INSERT INTO `akses` VALUES (3, 12, 1, 1);
INSERT INTO `akses` VALUES (3, 13, 1, 1);
INSERT INTO `akses` VALUES (3, 14, 1, 1);
INSERT INTO `akses` VALUES (3, 15, 1, 1);
INSERT INTO `akses` VALUES (3, 40, 1, 0);
INSERT INTO `akses` VALUES (3, 41, 1, 0);
INSERT INTO `akses` VALUES (4, 2, 1, 1);
INSERT INTO `akses` VALUES (4, 3, 1, 1);
INSERT INTO `akses` VALUES (4, 4, 1, 1);
INSERT INTO `akses` VALUES (4, 5, 1, 0);
INSERT INTO `akses` VALUES (4, 6, 1, 1);
INSERT INTO `akses` VALUES (4, 16, 1, 1);
INSERT INTO `akses` VALUES (4, 17, 1, 1);
INSERT INTO `akses` VALUES (4, 18, 1, 1);
INSERT INTO `akses` VALUES (4, 40, 1, 0);
INSERT INTO `akses` VALUES (4, 41, 1, 0);
INSERT INTO `akses` VALUES (5, 2, 1, 1);
INSERT INTO `akses` VALUES (5, 3, 1, 1);
INSERT INTO `akses` VALUES (5, 4, 1, 1);
INSERT INTO `akses` VALUES (5, 5, 1, 0);
INSERT INTO `akses` VALUES (5, 6, 1, 1);
INSERT INTO `akses` VALUES (5, 19, 1, 1);
INSERT INTO `akses` VALUES (5, 20, 1, 1);
INSERT INTO `akses` VALUES (5, 21, 1, 1);
INSERT INTO `akses` VALUES (5, 22, 1, 1);
INSERT INTO `akses` VALUES (5, 26, 1, 1);
INSERT INTO `akses` VALUES (5, 27, 1, 1);
INSERT INTO `akses` VALUES (5, 28, 1, 1);
INSERT INTO `akses` VALUES (5, 29, 1, 1);
INSERT INTO `akses` VALUES (5, 33, 1, 1);
INSERT INTO `akses` VALUES (5, 34, 1, 1);
INSERT INTO `akses` VALUES (5, 35, 1, 1);
INSERT INTO `akses` VALUES (5, 36, 1, 1);
INSERT INTO `akses` VALUES (5, 40, 1, 0);
INSERT INTO `akses` VALUES (5, 41, 1, 0);
INSERT INTO `akses` VALUES (6, 2, 1, 1);
INSERT INTO `akses` VALUES (6, 3, 1, 1);
INSERT INTO `akses` VALUES (6, 4, 1, 1);
INSERT INTO `akses` VALUES (6, 5, 1, 0);
INSERT INTO `akses` VALUES (6, 6, 1, 1);
INSERT INTO `akses` VALUES (6, 23, 1, 1);
INSERT INTO `akses` VALUES (6, 24, 1, 1);
INSERT INTO `akses` VALUES (6, 25, 1, 1);
INSERT INTO `akses` VALUES (6, 30, 1, 1);
INSERT INTO `akses` VALUES (6, 31, 1, 1);
INSERT INTO `akses` VALUES (6, 32, 1, 1);
INSERT INTO `akses` VALUES (6, 37, 1, 1);
INSERT INTO `akses` VALUES (6, 38, 1, 1);
INSERT INTO `akses` VALUES (6, 39, 1, 1);
INSERT INTO `akses` VALUES (6, 40, 1, 0);
INSERT INTO `akses` VALUES (6, 41, 1, 0);
INSERT INTO `akses` VALUES (7, 2, 1, 0);
INSERT INTO `akses` VALUES (7, 10, 1, 0);
INSERT INTO `akses` VALUES (7, 11, 1, 0);
INSERT INTO `akses` VALUES (7, 12, 1, 0);
INSERT INTO `akses` VALUES (7, 13, 1, 0);
INSERT INTO `akses` VALUES (7, 14, 1, 0);
INSERT INTO `akses` VALUES (7, 15, 1, 0);
INSERT INTO `akses` VALUES (8, 2, 1, 0);
INSERT INTO `akses` VALUES (8, 16, 1, 0);
INSERT INTO `akses` VALUES (8, 17, 1, 0);
INSERT INTO `akses` VALUES (8, 18, 1, 0);
INSERT INTO `akses` VALUES (9, 2, 1, 0);
INSERT INTO `akses` VALUES (9, 19, 1, 0);
INSERT INTO `akses` VALUES (9, 20, 1, 0);
INSERT INTO `akses` VALUES (9, 21, 1, 0);
INSERT INTO `akses` VALUES (9, 22, 1, 0);
INSERT INTO `akses` VALUES (9, 26, 1, 0);
INSERT INTO `akses` VALUES (9, 27, 1, 0);
INSERT INTO `akses` VALUES (9, 28, 1, 0);
INSERT INTO `akses` VALUES (9, 29, 1, 0);
INSERT INTO `akses` VALUES (9, 33, 1, 0);
INSERT INTO `akses` VALUES (9, 34, 1, 0);
INSERT INTO `akses` VALUES (9, 35, 1, 0);
INSERT INTO `akses` VALUES (9, 36, 1, 0);
INSERT INTO `akses` VALUES (10, 2, 1, 0);
INSERT INTO `akses` VALUES (10, 23, 1, 0);
INSERT INTO `akses` VALUES (10, 24, 1, 0);
INSERT INTO `akses` VALUES (10, 25, 1, 0);
INSERT INTO `akses` VALUES (10, 30, 1, 0);
INSERT INTO `akses` VALUES (10, 31, 1, 0);
INSERT INTO `akses` VALUES (10, 32, 1, 0);
INSERT INTO `akses` VALUES (10, 37, 1, 0);
INSERT INTO `akses` VALUES (10, 38, 1, 0);
INSERT INTO `akses` VALUES (10, 39, 1, 0);
COMMIT;

-- ----------------------------
-- Table structure for detail_du
-- ----------------------------
DROP TABLE IF EXISTS `detail_du`;
CREATE TABLE `detail_du` (
  `id_du` bigint NOT NULL,
  `nis` varchar(10) NOT NULL,
  `jumlah_du` double NOT NULL DEFAULT '0',
  `tahun_ajaran` varchar(10) CHARACTER SET utf8mb4 COLLATE utf8mb4_0900_ai_ci NOT NULL,
  `dibuat_oleh` varchar(10) NOT NULL,
  `tanggal_buat` timestamp NOT NULL DEFAULT CURRENT_TIMESTAMP,
  `diubah_oleh` varchar(10) NOT NULL,
  `tanggal_ubah` timestamp NOT NULL DEFAULT CURRENT_TIMESTAMP ON UPDATE CURRENT_TIMESTAMP,
  PRIMARY KEY (`id_du`,`nis`) USING BTREE
) ENGINE=InnoDB DEFAULT CHARSET=utf8mb4 COLLATE=utf8mb4_0900_ai_ci;

-- ----------------------------
-- Records of detail_du
-- ----------------------------
BEGIN;
INSERT INTO `detail_du` VALUES (1, '5390', 0, '2021-22', 'mou', '2022-01-17 12:14:49', 'mou', '2022-01-17 13:01:15');
INSERT INTO `detail_du` VALUES (1, '5391', 300000, '2021-22', 'mou', '2022-01-17 12:14:49', 'mou', '2022-01-17 12:14:49');
INSERT INTO `detail_du` VALUES (1, '5392', 300000, '2021-22', 'mou', '2022-01-17 12:14:49', 'mou', '2022-01-17 12:14:49');
INSERT INTO `detail_du` VALUES (1, '5393', 300000, '2021-22', 'mou', '2022-01-17 12:14:49', 'mou', '2022-01-17 12:14:49');
INSERT INTO `detail_du` VALUES (1, '5394', 300000, '2021-22', 'mou', '2022-01-17 12:14:49', 'mou', '2022-01-17 12:14:49');
INSERT INTO `detail_du` VALUES (1, '5395', 300000, '2021-22', 'mou', '2022-01-17 12:14:49', 'mou', '2022-01-17 12:14:49');
INSERT INTO `detail_du` VALUES (1, '5396', 300000, '2021-22', 'mou', '2022-01-17 12:14:49', 'mou', '2022-01-17 12:14:49');
INSERT INTO `detail_du` VALUES (1, '5397', 300000, '2021-22', 'mou', '2022-01-17 12:14:49', 'mou', '2022-01-17 12:14:49');
INSERT INTO `detail_du` VALUES (1, '5398', 300000, '2021-22', 'mou', '2022-01-17 12:14:49', 'mou', '2022-01-17 12:14:49');
INSERT INTO `detail_du` VALUES (1, '5399', 300000, '2021-22', 'mou', '2022-01-17 12:14:49', 'mou', '2022-01-17 12:14:49');
INSERT INTO `detail_du` VALUES (1, '5400', 300000, '2021-22', 'mou', '2022-01-17 12:14:49', 'mou', '2022-01-17 12:14:49');
INSERT INTO `detail_du` VALUES (1, '5401', 300000, '2021-22', 'mou', '2022-01-17 12:14:49', 'mou', '2022-01-17 12:14:49');
INSERT INTO `detail_du` VALUES (1, '5402', 300000, '2021-22', 'mou', '2022-01-17 12:14:49', 'mou', '2022-01-17 12:14:49');
INSERT INTO `detail_du` VALUES (1, '5403', 300000, '2021-22', 'mou', '2022-01-17 12:14:49', 'mou', '2022-01-17 12:14:49');
INSERT INTO `detail_du` VALUES (1, '5404', 300000, '2021-22', 'mou', '2022-01-17 12:14:49', 'mou', '2022-01-17 12:14:49');
INSERT INTO `detail_du` VALUES (1, '5405', 300000, '2021-22', 'mou', '2022-01-17 12:14:49', 'mou', '2022-01-17 12:14:49');
INSERT INTO `detail_du` VALUES (1, '5406', 300000, '2021-22', 'mou', '2022-01-17 12:14:49', 'mou', '2022-01-17 12:14:49');
INSERT INTO `detail_du` VALUES (1, '5407', 300000, '2021-22', 'mou', '2022-01-17 12:14:49', 'mou', '2022-01-17 12:14:49');
INSERT INTO `detail_du` VALUES (1, '5408', 300000, '2021-22', 'mou', '2022-01-17 12:14:49', 'mou', '2022-01-17 12:14:49');
INSERT INTO `detail_du` VALUES (1, '5409', 300000, '2021-22', 'mou', '2022-01-17 12:14:49', 'mou', '2022-01-17 12:14:49');
INSERT INTO `detail_du` VALUES (1, '5410', 300000, '2021-22', 'mou', '2022-01-17 12:14:49', 'mou', '2022-01-17 12:14:49');
INSERT INTO `detail_du` VALUES (1, '5411', 300000, '2021-22', 'mou', '2022-01-17 12:14:49', 'mou', '2022-01-17 12:14:49');
INSERT INTO `detail_du` VALUES (1, '5412', 300000, '2021-22', 'mou', '2022-01-17 12:14:49', 'mou', '2022-01-17 12:14:49');
INSERT INTO `detail_du` VALUES (1, '5413', 300000, '2021-22', 'mou', '2022-01-17 12:14:49', 'mou', '2022-01-17 12:14:49');
INSERT INTO `detail_du` VALUES (1, '5414', 300000, '2021-22', 'mou', '2022-01-17 12:14:49', 'mou', '2022-01-17 12:14:49');
INSERT INTO `detail_du` VALUES (1, '5415', 300000, '2021-22', 'mou', '2022-01-17 12:14:49', 'mou', '2022-01-17 12:14:49');
INSERT INTO `detail_du` VALUES (1, '5416', 300000, '2021-22', 'mou', '2022-01-17 12:14:49', 'mou', '2022-01-17 12:14:49');
INSERT INTO `detail_du` VALUES (1, '5417', 300000, '2021-22', 'mou', '2022-01-17 12:14:49', 'mou', '2022-01-17 12:14:49');
INSERT INTO `detail_du` VALUES (1, '5418', 300000, '2021-22', 'mou', '2022-01-17 12:14:49', 'mou', '2022-01-17 12:14:49');
INSERT INTO `detail_du` VALUES (1, '5419', 300000, '2021-22', 'mou', '2022-01-17 12:14:49', 'mou', '2022-01-17 12:14:49');
INSERT INTO `detail_du` VALUES (1, '5420', 300000, '2021-22', 'mou', '2022-01-17 12:14:49', 'mou', '2022-01-17 12:14:49');
INSERT INTO `detail_du` VALUES (1, '5421', 300000, '2021-22', 'mou', '2022-01-17 12:14:49', 'mou', '2022-01-17 12:14:49');
INSERT INTO `detail_du` VALUES (1, '5422', 300000, '2021-22', 'mou', '2022-01-17 12:14:49', 'mou', '2022-01-17 12:14:49');
INSERT INTO `detail_du` VALUES (1, '5423', 300000, '2021-22', 'mou', '2022-01-17 12:14:49', 'mou', '2022-01-17 12:14:49');
INSERT INTO `detail_du` VALUES (1, '5424', 300000, '2021-22', 'mou', '2022-01-17 12:14:49', 'mou', '2022-01-17 12:14:49');
INSERT INTO `detail_du` VALUES (1, '5425', 300000, '2021-22', 'mou', '2022-01-17 12:14:49', 'mou', '2022-01-17 12:14:49');
INSERT INTO `detail_du` VALUES (1, '5426', 300000, '2021-22', 'mou', '2022-01-17 12:14:49', 'mou', '2022-01-17 12:14:49');
INSERT INTO `detail_du` VALUES (1, '5427', 300000, '2021-22', 'mou', '2022-01-17 12:14:49', 'mou', '2022-01-17 12:14:49');
INSERT INTO `detail_du` VALUES (1, '5428', 300000, '2021-22', 'mou', '2022-01-17 12:14:49', 'mou', '2022-01-17 12:14:49');
INSERT INTO `detail_du` VALUES (1, '5429', 300000, '2021-22', 'mou', '2022-01-17 12:14:49', 'mou', '2022-01-17 12:14:49');
INSERT INTO `detail_du` VALUES (1, '5430', 0, '2021-22', 'mou', '2022-01-17 12:23:06', 'mou', '2022-02-05 01:32:02');
INSERT INTO `detail_du` VALUES (2, '5430', 0, '2020-21', 'mou', '2022-02-04 23:35:12', 'mou', '2022-02-05 01:30:54');
COMMIT;

-- ----------------------------
-- Table structure for detail_spp_tb
-- ----------------------------
DROP TABLE IF EXISTS `detail_spp_tb`;
CREATE TABLE `detail_spp_tb` (
  `id_spp_tb` bigint NOT NULL,
  `nis` varchar(10) NOT NULL,
  `tahun_ajaran` varchar(10) NOT NULL,
  `spp_tl` double NOT NULL DEFAULT '0',
  `spp_juli` double NOT NULL DEFAULT '0',
  `spp_agustus` double NOT NULL DEFAULT '0',
  `spp_september` double NOT NULL DEFAULT '0',
  `spp_oktober` double NOT NULL DEFAULT '0',
  `spp_november` double NOT NULL DEFAULT '0',
  `spp_desember` double NOT NULL DEFAULT '0',
  `spp_januari` double NOT NULL DEFAULT '0',
  `spp_februari` double NOT NULL DEFAULT '0',
  `spp_maret` double NOT NULL DEFAULT '0',
  `spp_april` double NOT NULL DEFAULT '0',
  `spp_mei` double NOT NULL DEFAULT '0',
  `spp_juni` double NOT NULL DEFAULT '0',
  `dibuat_oleh` varchar(10) NOT NULL,
  `tanggal_buat` timestamp NOT NULL DEFAULT CURRENT_TIMESTAMP,
  `diubah_oleh` varchar(10) NOT NULL,
  `tanggal_ubah` timestamp NOT NULL DEFAULT CURRENT_TIMESTAMP ON UPDATE CURRENT_TIMESTAMP,
  PRIMARY KEY (`id_spp_tb`) USING BTREE
) ENGINE=InnoDB DEFAULT CHARSET=utf8mb4 COLLATE=utf8mb4_0900_ai_ci;

-- ----------------------------
-- Records of detail_spp_tb
-- ----------------------------
BEGIN;
INSERT INTO `detail_spp_tb` VALUES (1, '5390', '2020-21', 0, 0, 275000, 175000, 375000, 675000, 675000, 675000, 675000, 675000, 675000, 675000, 675000, 'mou', '2022-01-17 12:14:48', 'mou', '2022-01-20 13:36:37');
INSERT INTO `detail_spp_tb` VALUES (2, '5391', '2020-21', 0, 0, 675000, 675000, 675000, 675000, 675000, 675000, 675000, 675000, 675000, 675000, 675000, 'mou', '2022-01-17 12:14:48', 'mou', '2022-01-20 19:55:44');
INSERT INTO `detail_spp_tb` VALUES (3, '5392', '2020-21', 0, 675000, 675000, 675000, 675000, 675000, 675000, 675000, 675000, 675000, 675000, 675000, 675000, 'mou', '2022-01-17 12:14:48', 'mou', '2022-01-17 12:15:50');
INSERT INTO `detail_spp_tb` VALUES (4, '5393', '2020-21', 0, 675000, 675000, 675000, 675000, 675000, 675000, 675000, 675000, 675000, 675000, 675000, 675000, 'mou', '2022-01-17 12:14:48', 'mou', '2022-01-17 12:15:50');
INSERT INTO `detail_spp_tb` VALUES (5, '5394', '2020-21', 0, 675000, 675000, 675000, 675000, 675000, 675000, 675000, 675000, 675000, 675000, 675000, 675000, 'mou', '2022-01-17 12:14:48', 'mou', '2022-01-17 12:15:50');
INSERT INTO `detail_spp_tb` VALUES (6, '5395', '2020-21', 3915000, 675000, 675000, 675000, 675000, 675000, 675000, 675000, 675000, 675000, 675000, 675000, 675000, 'mou', '2022-01-17 12:14:48', 'mou', '2022-01-17 12:15:50');
INSERT INTO `detail_spp_tb` VALUES (7, '5396', '2020-21', 3915000, 675000, 675000, 675000, 675000, 675000, 675000, 675000, 675000, 675000, 675000, 675000, 675000, 'mou', '2022-01-17 12:14:48', 'mou', '2022-01-17 12:15:50');
INSERT INTO `detail_spp_tb` VALUES (8, '5397', '2020-21', 0, 675000, 675000, 675000, 675000, 675000, 675000, 675000, 675000, 675000, 675000, 675000, 675000, 'mou', '2022-01-17 12:14:48', 'mou', '2022-01-17 12:15:50');
INSERT INTO `detail_spp_tb` VALUES (9, '5398', '2020-21', 0, 675000, 675000, 675000, 675000, 675000, 675000, 675000, 675000, 675000, 675000, 675000, 675000, 'mou', '2022-01-17 12:14:48', 'mou', '2022-01-17 12:15:50');
INSERT INTO `detail_spp_tb` VALUES (10, '5399', '2020-21', 0, 675000, 675000, 675000, 675000, 675000, 675000, 675000, 675000, 675000, 675000, 675000, 675000, 'mou', '2022-01-17 12:14:48', 'mou', '2022-01-17 12:15:50');
INSERT INTO `detail_spp_tb` VALUES (11, '5400', '2020-21', 0, 675000, 675000, 675000, 675000, 675000, 675000, 675000, 675000, 675000, 675000, 675000, 675000, 'mou', '2022-01-17 12:14:48', 'mou', '2022-01-17 12:15:50');
INSERT INTO `detail_spp_tb` VALUES (12, '5401', '2020-21', 0, 675000, 675000, 675000, 675000, 675000, 675000, 675000, 675000, 675000, 675000, 675000, 675000, 'mou', '2022-01-17 12:14:48', 'mou', '2022-01-17 12:15:50');
INSERT INTO `detail_spp_tb` VALUES (13, '5402', '2020-21', 0, 675000, 675000, 675000, 675000, 675000, 675000, 675000, 675000, 675000, 675000, 675000, 675000, 'mou', '2022-01-17 12:14:48', 'mou', '2022-01-17 12:15:50');
INSERT INTO `detail_spp_tb` VALUES (14, '5403', '2020-21', 0, 675000, 675000, 675000, 675000, 675000, 675000, 675000, 675000, 675000, 675000, 675000, 675000, 'mou', '2022-01-17 12:14:48', 'mou', '2022-01-17 12:15:50');
INSERT INTO `detail_spp_tb` VALUES (15, '5404', '2020-21', 0, 675000, 675000, 675000, 675000, 675000, 675000, 675000, 675000, 675000, 675000, 675000, 675000, 'mou', '2022-01-17 12:14:48', 'mou', '2022-01-17 12:15:50');
INSERT INTO `detail_spp_tb` VALUES (16, '5405', '2020-21', 3915000, 675000, 675000, 675000, 675000, 675000, 675000, 675000, 675000, 675000, 675000, 675000, 675000, 'mou', '2022-01-17 12:14:48', 'mou', '2022-01-17 12:15:50');
INSERT INTO `detail_spp_tb` VALUES (17, '5406', '2020-21', 0, 675000, 675000, 675000, 675000, 675000, 675000, 675000, 675000, 675000, 675000, 675000, 675000, 'mou', '2022-01-17 12:14:48', 'mou', '2022-01-17 12:15:50');
INSERT INTO `detail_spp_tb` VALUES (18, '5407', '2020-21', 0, 675000, 675000, 675000, 675000, 675000, 675000, 675000, 675000, 675000, 675000, 675000, 675000, 'mou', '2022-01-17 12:14:48', 'mou', '2022-01-17 12:15:50');
INSERT INTO `detail_spp_tb` VALUES (19, '5408', '2020-21', 0, 675000, 675000, 675000, 675000, 675000, 675000, 675000, 675000, 675000, 675000, 675000, 675000, 'mou', '2022-01-17 12:14:48', 'mou', '2022-01-17 12:15:50');
INSERT INTO `detail_spp_tb` VALUES (20, '5409', '2020-21', 0, 675000, 675000, 675000, 675000, 675000, 675000, 675000, 675000, 675000, 675000, 675000, 675000, 'mou', '2022-01-17 12:14:48', 'mou', '2022-01-17 12:15:50');
INSERT INTO `detail_spp_tb` VALUES (21, '5410', '2020-21', 0, 675000, 675000, 675000, 675000, 675000, 675000, 675000, 675000, 675000, 675000, 675000, 675000, 'mou', '2022-01-17 12:14:48', 'mou', '2022-01-17 12:15:50');
INSERT INTO `detail_spp_tb` VALUES (22, '5411', '2020-21', 0, 675000, 675000, 675000, 675000, 675000, 675000, 675000, 675000, 675000, 675000, 675000, 675000, 'mou', '2022-01-17 12:14:48', 'mou', '2022-01-17 12:15:50');
INSERT INTO `detail_spp_tb` VALUES (23, '5412', '2020-21', 0, 675000, 675000, 675000, 675000, 675000, 675000, 675000, 675000, 675000, 675000, 675000, 675000, 'mou', '2022-01-17 12:14:48', 'mou', '2022-01-17 12:15:50');
INSERT INTO `detail_spp_tb` VALUES (24, '5413', '2020-21', 0, 675000, 675000, 675000, 675000, 675000, 675000, 675000, 675000, 675000, 675000, 675000, 675000, 'mou', '2022-01-17 12:14:48', 'mou', '2022-01-17 12:15:50');
INSERT INTO `detail_spp_tb` VALUES (25, '5414', '2020-21', 0, 675000, 675000, 675000, 675000, 675000, 675000, 675000, 675000, 675000, 675000, 675000, 675000, 'mou', '2022-01-17 12:14:48', 'mou', '2022-01-17 12:15:50');
INSERT INTO `detail_spp_tb` VALUES (26, '5415', '2020-21', 0, 675000, 675000, 675000, 675000, 675000, 675000, 675000, 675000, 675000, 675000, 675000, 675000, 'mou', '2022-01-17 12:14:48', 'mou', '2022-01-17 12:15:50');
INSERT INTO `detail_spp_tb` VALUES (27, '5416', '2020-21', 0, 675000, 675000, 675000, 675000, 675000, 675000, 675000, 675000, 675000, 675000, 675000, 675000, 'mou', '2022-01-17 12:14:48', 'mou', '2022-01-17 12:15:50');
INSERT INTO `detail_spp_tb` VALUES (28, '5417', '2020-21', 0, 675000, 675000, 675000, 675000, 675000, 675000, 675000, 675000, 675000, 675000, 675000, 675000, 'mou', '2022-01-17 12:14:48', 'mou', '2022-01-17 12:15:50');
INSERT INTO `detail_spp_tb` VALUES (29, '5418', '2020-21', 0, 675000, 675000, 675000, 675000, 675000, 675000, 675000, 675000, 675000, 675000, 675000, 675000, 'mou', '2022-01-17 12:14:48', 'mou', '2022-01-17 12:15:50');
INSERT INTO `detail_spp_tb` VALUES (30, '5419', '2020-21', 0, 675000, 675000, 675000, 675000, 675000, 675000, 675000, 675000, 675000, 675000, 675000, 675000, 'mou', '2022-01-17 12:14:48', 'mou', '2022-01-17 12:15:50');
INSERT INTO `detail_spp_tb` VALUES (31, '5420', '2020-21', 0, 675000, 675000, 675000, 675000, 675000, 675000, 675000, 675000, 675000, 675000, 675000, 675000, 'mou', '2022-01-17 12:14:48', 'mou', '2022-01-17 12:15:50');
INSERT INTO `detail_spp_tb` VALUES (32, '5421', '2020-21', 3915000, 675000, 675000, 675000, 675000, 675000, 675000, 675000, 675000, 675000, 675000, 675000, 675000, 'mou', '2022-01-17 12:14:48', 'mou', '2022-01-17 12:15:50');
INSERT INTO `detail_spp_tb` VALUES (33, '5422', '2020-21', 0, 675000, 675000, 675000, 675000, 675000, 675000, 675000, 675000, 675000, 675000, 675000, 675000, 'mou', '2022-01-17 12:14:48', 'mou', '2022-01-17 12:15:50');
INSERT INTO `detail_spp_tb` VALUES (34, '5423', '2020-21', 0, 675000, 675000, 675000, 675000, 675000, 675000, 675000, 675000, 675000, 675000, 675000, 675000, 'mou', '2022-01-17 12:14:48', 'mou', '2022-01-17 12:15:50');
INSERT INTO `detail_spp_tb` VALUES (35, '5424', '2020-21', 0, 675000, 675000, 675000, 675000, 675000, 675000, 675000, 675000, 675000, 675000, 675000, 675000, 'mou', '2022-01-17 12:14:48', 'mou', '2022-01-17 12:15:50');
INSERT INTO `detail_spp_tb` VALUES (36, '5425', '2020-21', 0, 675000, 675000, 675000, 675000, 675000, 675000, 675000, 675000, 675000, 675000, 675000, 675000, 'mou', '2022-01-17 12:14:48', 'mou', '2022-01-17 12:15:50');
INSERT INTO `detail_spp_tb` VALUES (37, '5426', '2020-21', 0, 675000, 675000, 675000, 675000, 675000, 675000, 675000, 675000, 675000, 675000, 675000, 675000, 'mou', '2022-01-17 12:14:48', 'mou', '2022-01-17 12:15:50');
INSERT INTO `detail_spp_tb` VALUES (38, '5427', '2020-21', 0, 675000, 675000, 675000, 675000, 675000, 675000, 675000, 675000, 675000, 675000, 675000, 675000, 'mou', '2022-01-17 12:14:48', 'mou', '2022-01-17 12:15:50');
INSERT INTO `detail_spp_tb` VALUES (39, '5428', '2020-21', 0, 675000, 675000, 675000, 675000, 675000, 675000, 675000, 675000, 675000, 675000, 675000, 675000, 'mou', '2022-01-17 12:14:48', 'mou', '2022-01-17 12:15:50');
INSERT INTO `detail_spp_tb` VALUES (40, '5429', '2020-21', 0, 675000, 675000, 675000, 675000, 675000, 675000, 675000, 675000, 675000, 675000, 675000, 675000, 'mou', '2022-01-17 12:14:48', 'mou', '2022-01-17 12:15:50');
INSERT INTO `detail_spp_tb` VALUES (41, '5430', '2021-22', 0, 0, 0, 0, 0, 0, 0, 0, 0, 500000, 500000, 500000, 500000, 'mou', '2022-01-17 12:23:06', 'mou', '2022-02-05 02:50:01');
COMMIT;

-- ----------------------------
-- Table structure for detail_spp_tl
-- ----------------------------
DROP TABLE IF EXISTS `detail_spp_tl`;
CREATE TABLE `detail_spp_tl` (
  `id_spp_tl` bigint NOT NULL,
  `nis` varchar(10) NOT NULL,
  `tahun_ajaran` varchar(10) NOT NULL,
  `spp_juli` double NOT NULL DEFAULT '0',
  `spp_agustus` double NOT NULL DEFAULT '0',
  `spp_september` double NOT NULL DEFAULT '0',
  `spp_oktober` double NOT NULL DEFAULT '0',
  `spp_november` double NOT NULL DEFAULT '0',
  `spp_desember` double NOT NULL DEFAULT '0',
  `spp_januari` double NOT NULL DEFAULT '0',
  `spp_februari` double NOT NULL DEFAULT '0',
  `spp_maret` double NOT NULL DEFAULT '0',
  `spp_april` double NOT NULL DEFAULT '0',
  `spp_mei` double NOT NULL DEFAULT '0',
  `spp_juni` double NOT NULL DEFAULT '0',
  `dibuat_oleh` varchar(10) NOT NULL,
  `tanggal_buat` timestamp NOT NULL DEFAULT CURRENT_TIMESTAMP,
  `diubah_oleh` varchar(10) NOT NULL,
  `tanggal_ubah` timestamp NOT NULL DEFAULT CURRENT_TIMESTAMP ON UPDATE CURRENT_TIMESTAMP,
  PRIMARY KEY (`id_spp_tl`,`nis`) USING BTREE
) ENGINE=InnoDB DEFAULT CHARSET=utf8mb4 COLLATE=utf8mb4_0900_ai_ci;

-- ----------------------------
-- Records of detail_spp_tl
-- ----------------------------
BEGIN;
INSERT INTO `detail_spp_tl` VALUES (1, '5390', '2019-20', 0, 0, 0, 0, 0, 0, 0, 0, 0, 0, 0, 0, 'mou', '2022-01-17 12:14:49', 'mou', '2022-01-17 19:00:15');
INSERT INTO `detail_spp_tl` VALUES (1, '5391', '2019-20', 675000, 675000, 675000, 675000, 675000, 675000, 675000, 675000, 675000, 675000, 675000, 675000, 'mou', '2022-01-17 12:14:49', 'mou', '2022-01-17 12:14:49');
INSERT INTO `detail_spp_tl` VALUES (1, '5392', '2019-20', 675000, 675000, 675000, 675000, 675000, 675000, 675000, 675000, 675000, 675000, 675000, 675000, 'mou', '2022-01-17 12:14:49', 'mou', '2022-01-17 12:14:49');
INSERT INTO `detail_spp_tl` VALUES (1, '5393', '2019-20', 675000, 675000, 675000, 675000, 675000, 675000, 675000, 675000, 675000, 675000, 675000, 675000, 'mou', '2022-01-17 12:14:49', 'mou', '2022-01-17 12:14:49');
INSERT INTO `detail_spp_tl` VALUES (1, '5394', '2019-20', 675000, 675000, 675000, 675000, 675000, 675000, 675000, 675000, 675000, 675000, 675000, 675000, 'mou', '2022-01-17 12:14:49', 'mou', '2022-01-17 12:14:49');
INSERT INTO `detail_spp_tl` VALUES (1, '5395', '2019-20', 675000, 675000, 675000, 675000, 675000, 675000, 675000, 675000, 675000, 675000, 675000, 675000, 'mou', '2022-01-17 12:14:49', 'mou', '2022-01-17 12:14:49');
INSERT INTO `detail_spp_tl` VALUES (1, '5396', '2019-20', 675000, 675000, 675000, 675000, 675000, 675000, 675000, 675000, 675000, 675000, 675000, 675000, 'mou', '2022-01-17 12:14:49', 'mou', '2022-01-17 12:14:49');
INSERT INTO `detail_spp_tl` VALUES (1, '5397', '2019-20', 675000, 675000, 675000, 675000, 675000, 675000, 675000, 675000, 675000, 675000, 675000, 675000, 'mou', '2022-01-17 12:14:49', 'mou', '2022-01-17 12:14:49');
INSERT INTO `detail_spp_tl` VALUES (1, '5398', '2019-20', 675000, 675000, 675000, 675000, 675000, 675000, 675000, 675000, 675000, 675000, 675000, 675000, 'mou', '2022-01-17 12:14:49', 'mou', '2022-01-17 12:14:49');
INSERT INTO `detail_spp_tl` VALUES (1, '5399', '2019-20', 675000, 675000, 675000, 675000, 675000, 675000, 675000, 675000, 675000, 675000, 675000, 675000, 'mou', '2022-01-17 12:14:49', 'mou', '2022-01-17 12:14:49');
INSERT INTO `detail_spp_tl` VALUES (1, '5400', '2019-20', 675000, 675000, 675000, 675000, 675000, 675000, 675000, 675000, 675000, 675000, 675000, 675000, 'mou', '2022-01-17 12:14:49', 'mou', '2022-01-17 12:14:49');
INSERT INTO `detail_spp_tl` VALUES (1, '5401', '2019-20', 675000, 675000, 675000, 675000, 675000, 675000, 675000, 675000, 675000, 675000, 675000, 675000, 'mou', '2022-01-17 12:14:49', 'mou', '2022-01-17 12:14:49');
INSERT INTO `detail_spp_tl` VALUES (1, '5402', '2019-20', 675000, 675000, 675000, 675000, 675000, 675000, 675000, 675000, 675000, 675000, 675000, 675000, 'mou', '2022-01-17 12:14:49', 'mou', '2022-01-17 12:14:49');
INSERT INTO `detail_spp_tl` VALUES (1, '5403', '2019-20', 675000, 675000, 675000, 675000, 675000, 675000, 675000, 675000, 675000, 675000, 675000, 675000, 'mou', '2022-01-17 12:14:49', 'mou', '2022-01-17 12:14:49');
INSERT INTO `detail_spp_tl` VALUES (1, '5404', '2019-20', 675000, 675000, 675000, 675000, 675000, 675000, 675000, 675000, 675000, 675000, 675000, 675000, 'mou', '2022-01-17 12:14:49', 'mou', '2022-01-17 12:14:49');
INSERT INTO `detail_spp_tl` VALUES (1, '5405', '2019-20', 675000, 675000, 675000, 675000, 675000, 675000, 675000, 675000, 675000, 675000, 675000, 675000, 'mou', '2022-01-17 12:14:49', 'mou', '2022-01-17 12:14:49');
INSERT INTO `detail_spp_tl` VALUES (1, '5406', '2019-20', 675000, 675000, 675000, 675000, 675000, 675000, 675000, 675000, 675000, 675000, 675000, 675000, 'mou', '2022-01-17 12:14:49', 'mou', '2022-01-17 12:14:49');
INSERT INTO `detail_spp_tl` VALUES (1, '5407', '2019-20', 675000, 675000, 675000, 675000, 675000, 675000, 675000, 675000, 675000, 675000, 675000, 675000, 'mou', '2022-01-17 12:14:49', 'mou', '2022-01-17 12:14:49');
INSERT INTO `detail_spp_tl` VALUES (1, '5408', '2019-20', 675000, 675000, 675000, 675000, 675000, 675000, 675000, 675000, 675000, 675000, 675000, 675000, 'mou', '2022-01-17 12:14:49', 'mou', '2022-01-17 12:14:49');
INSERT INTO `detail_spp_tl` VALUES (1, '5409', '2019-20', 675000, 675000, 675000, 675000, 675000, 675000, 675000, 675000, 675000, 675000, 675000, 675000, 'mou', '2022-01-17 12:14:49', 'mou', '2022-01-17 12:14:49');
INSERT INTO `detail_spp_tl` VALUES (1, '5410', '2019-20', 675000, 675000, 675000, 675000, 675000, 675000, 675000, 675000, 675000, 675000, 675000, 675000, 'mou', '2022-01-17 12:14:49', 'mou', '2022-01-17 12:14:49');
INSERT INTO `detail_spp_tl` VALUES (1, '5411', '2019-20', 675000, 675000, 675000, 675000, 675000, 675000, 675000, 675000, 675000, 675000, 675000, 675000, 'mou', '2022-01-17 12:14:49', 'mou', '2022-01-17 12:14:49');
INSERT INTO `detail_spp_tl` VALUES (1, '5412', '2019-20', 675000, 675000, 675000, 675000, 675000, 675000, 675000, 675000, 675000, 675000, 675000, 675000, 'mou', '2022-01-17 12:14:49', 'mou', '2022-01-17 12:14:49');
INSERT INTO `detail_spp_tl` VALUES (1, '5413', '2019-20', 675000, 675000, 675000, 675000, 675000, 675000, 675000, 675000, 675000, 675000, 675000, 675000, 'mou', '2022-01-17 12:14:49', 'mou', '2022-01-17 12:14:49');
INSERT INTO `detail_spp_tl` VALUES (1, '5414', '2019-20', 675000, 675000, 675000, 675000, 675000, 675000, 675000, 675000, 675000, 675000, 675000, 675000, 'mou', '2022-01-17 12:14:49', 'mou', '2022-01-17 12:14:49');
INSERT INTO `detail_spp_tl` VALUES (1, '5415', '2019-20', 675000, 675000, 675000, 675000, 675000, 675000, 675000, 675000, 675000, 675000, 675000, 675000, 'mou', '2022-01-17 12:14:49', 'mou', '2022-01-17 12:14:49');
INSERT INTO `detail_spp_tl` VALUES (1, '5416', '2019-20', 675000, 675000, 675000, 675000, 675000, 675000, 675000, 675000, 675000, 675000, 675000, 675000, 'mou', '2022-01-17 12:14:49', 'mou', '2022-01-17 12:14:49');
INSERT INTO `detail_spp_tl` VALUES (1, '5417', '2019-20', 675000, 675000, 675000, 675000, 675000, 675000, 675000, 675000, 675000, 675000, 675000, 675000, 'mou', '2022-01-17 12:14:49', 'mou', '2022-01-17 12:14:49');
INSERT INTO `detail_spp_tl` VALUES (1, '5418', '2019-20', 675000, 675000, 675000, 675000, 675000, 675000, 675000, 675000, 675000, 675000, 675000, 675000, 'mou', '2022-01-17 12:14:49', 'mou', '2022-01-17 12:14:49');
INSERT INTO `detail_spp_tl` VALUES (1, '5419', '2019-20', 675000, 675000, 675000, 675000, 675000, 675000, 675000, 675000, 675000, 675000, 675000, 675000, 'mou', '2022-01-17 12:14:49', 'mou', '2022-01-17 12:14:49');
INSERT INTO `detail_spp_tl` VALUES (1, '5420', '2019-20', 675000, 675000, 675000, 675000, 675000, 675000, 675000, 675000, 675000, 675000, 675000, 675000, 'mou', '2022-01-17 12:14:49', 'mou', '2022-01-17 12:14:49');
INSERT INTO `detail_spp_tl` VALUES (1, '5421', '2019-20', 675000, 675000, 675000, 675000, 675000, 675000, 675000, 675000, 675000, 675000, 675000, 675000, 'mou', '2022-01-17 12:14:49', 'mou', '2022-01-17 12:14:49');
INSERT INTO `detail_spp_tl` VALUES (1, '5422', '2019-20', 675000, 675000, 675000, 675000, 675000, 675000, 675000, 675000, 675000, 675000, 675000, 675000, 'mou', '2022-01-17 12:14:49', 'mou', '2022-01-17 12:14:49');
INSERT INTO `detail_spp_tl` VALUES (1, '5423', '2019-20', 675000, 675000, 675000, 675000, 675000, 675000, 675000, 675000, 675000, 675000, 675000, 675000, 'mou', '2022-01-17 12:14:49', 'mou', '2022-01-17 12:14:49');
INSERT INTO `detail_spp_tl` VALUES (1, '5424', '2019-20', 675000, 675000, 675000, 675000, 675000, 675000, 675000, 675000, 675000, 675000, 675000, 675000, 'mou', '2022-01-17 12:14:49', 'mou', '2022-01-17 12:14:49');
INSERT INTO `detail_spp_tl` VALUES (1, '5425', '2019-20', 675000, 675000, 675000, 675000, 675000, 675000, 675000, 675000, 675000, 675000, 675000, 675000, 'mou', '2022-01-17 12:14:49', 'mou', '2022-01-17 12:14:49');
INSERT INTO `detail_spp_tl` VALUES (1, '5426', '2019-20', 675000, 675000, 675000, 675000, 675000, 675000, 675000, 675000, 675000, 675000, 675000, 675000, 'mou', '2022-01-17 12:14:49', 'mou', '2022-01-17 12:14:49');
INSERT INTO `detail_spp_tl` VALUES (1, '5427', '2019-20', 675000, 675000, 675000, 675000, 675000, 675000, 675000, 675000, 675000, 675000, 675000, 675000, 'mou', '2022-01-17 12:14:49', 'mou', '2022-01-17 12:14:49');
INSERT INTO `detail_spp_tl` VALUES (1, '5428', '2019-20', 675000, 675000, 675000, 675000, 675000, 675000, 675000, 675000, 675000, 675000, 675000, 675000, 'mou', '2022-01-17 12:14:49', 'mou', '2022-01-17 12:14:49');
INSERT INTO `detail_spp_tl` VALUES (1, '5429', '2019-20', 675000, 675000, 675000, 675000, 675000, 675000, 675000, 675000, 675000, 675000, 675000, 675000, 'mou', '2022-01-17 12:14:49', 'mou', '2022-01-17 12:14:49');
INSERT INTO `detail_spp_tl` VALUES (1, '5430', '2019-20', 0, 0, 0, 0, 0, 0, 0, 0, 0, 0, 0, 0, 'mou', '2022-02-05 02:53:48', 'mou', '2022-02-05 03:24:43');
INSERT INTO `detail_spp_tl` VALUES (2, '5430', '2020-21', 0, 0, 0, 0, 0, 0, 0, 0, 0, 0, 0, 0, 'mou', '2022-02-05 02:53:48', 'mou', '2022-02-05 03:26:48');
COMMIT;

-- ----------------------------
-- Table structure for detail_up
-- ----------------------------
DROP TABLE IF EXISTS `detail_up`;
CREATE TABLE `detail_up` (
  `id_up` bigint NOT NULL,
  `nis` varchar(10) NOT NULL,
  `jumlah_up` double NOT NULL DEFAULT '0',
  `dibuat_oleh` varchar(10) NOT NULL,
  `tanggal_buat` timestamp NOT NULL DEFAULT CURRENT_TIMESTAMP,
  `diubah_oleh` varchar(10) NOT NULL,
  `tanggal_ubah` timestamp NOT NULL DEFAULT CURRENT_TIMESTAMP ON UPDATE CURRENT_TIMESTAMP,
  PRIMARY KEY (`id_up`) USING BTREE
) ENGINE=InnoDB DEFAULT CHARSET=utf8mb4 COLLATE=utf8mb4_0900_ai_ci;

-- ----------------------------
-- Records of detail_up
-- ----------------------------
BEGIN;
INSERT INTO `detail_up` VALUES (1, '5390', 0, 'mou', '2022-01-17 12:11:21', 'mou', '2022-01-17 13:01:03');
INSERT INTO `detail_up` VALUES (2, '5391', 1000000, 'mou', '2022-01-17 12:11:21', 'mou', '2022-01-17 12:14:49');
INSERT INTO `detail_up` VALUES (3, '5392', 1000000, 'mou', '2022-01-17 12:11:21', 'mou', '2022-01-17 12:14:49');
INSERT INTO `detail_up` VALUES (4, '5393', 1000000, 'mou', '2022-01-17 12:11:21', 'mou', '2022-01-17 12:14:49');
INSERT INTO `detail_up` VALUES (5, '5394', 1000000, 'mou', '2022-01-17 12:11:21', 'mou', '2022-01-17 12:14:49');
INSERT INTO `detail_up` VALUES (6, '5395', 1000000, 'mou', '2022-01-17 12:11:21', 'mou', '2022-01-17 12:14:49');
INSERT INTO `detail_up` VALUES (7, '5396', 1000000, 'mou', '2022-01-17 12:11:21', 'mou', '2022-01-17 12:14:49');
INSERT INTO `detail_up` VALUES (8, '5397', 1000000, 'mou', '2022-01-17 12:11:21', 'mou', '2022-01-17 12:14:49');
INSERT INTO `detail_up` VALUES (9, '5398', 1000000, 'mou', '2022-01-17 12:11:21', 'mou', '2022-01-17 12:14:49');
INSERT INTO `detail_up` VALUES (10, '5399', 1000000, 'mou', '2022-01-17 12:11:21', 'mou', '2022-01-17 12:14:49');
INSERT INTO `detail_up` VALUES (11, '5400', 1000000, 'mou', '2022-01-17 12:11:21', 'mou', '2022-01-17 12:14:49');
INSERT INTO `detail_up` VALUES (12, '5401', 1000000, 'mou', '2022-01-17 12:11:21', 'mou', '2022-01-17 12:14:49');
INSERT INTO `detail_up` VALUES (13, '5402', 1000000, 'mou', '2022-01-17 12:11:21', 'mou', '2022-01-17 12:14:49');
INSERT INTO `detail_up` VALUES (14, '5403', 1000000, 'mou', '2022-01-17 12:11:21', 'mou', '2022-01-17 12:14:49');
INSERT INTO `detail_up` VALUES (15, '5404', 1000000, 'mou', '2022-01-17 12:11:21', 'mou', '2022-01-17 12:14:49');
INSERT INTO `detail_up` VALUES (16, '5405', 1000000, 'mou', '2022-01-17 12:11:21', 'mou', '2022-01-17 12:14:49');
INSERT INTO `detail_up` VALUES (17, '5406', 1000000, 'mou', '2022-01-17 12:11:21', 'mou', '2022-01-17 12:14:49');
INSERT INTO `detail_up` VALUES (18, '5407', 1000000, 'mou', '2022-01-17 12:11:21', 'mou', '2022-01-17 12:14:49');
INSERT INTO `detail_up` VALUES (19, '5408', 1000000, 'mou', '2022-01-17 12:11:21', 'mou', '2022-01-17 12:14:49');
INSERT INTO `detail_up` VALUES (20, '5409', 1000000, 'mou', '2022-01-17 12:11:21', 'mou', '2022-01-17 12:14:49');
INSERT INTO `detail_up` VALUES (21, '5410', 1000000, 'mou', '2022-01-17 12:11:21', 'mou', '2022-01-17 12:14:49');
INSERT INTO `detail_up` VALUES (22, '5411', 1000000, 'mou', '2022-01-17 12:11:21', 'mou', '2022-01-17 12:14:49');
INSERT INTO `detail_up` VALUES (23, '5412', 1000000, 'mou', '2022-01-17 12:11:21', 'mou', '2022-01-17 12:14:49');
INSERT INTO `detail_up` VALUES (24, '5413', 1000000, 'mou', '2022-01-17 12:11:21', 'mou', '2022-01-17 12:14:49');
INSERT INTO `detail_up` VALUES (25, '5414', 1000000, 'mou', '2022-01-17 12:11:21', 'mou', '2022-01-17 12:14:49');
INSERT INTO `detail_up` VALUES (26, '5415', 1000000, 'mou', '2022-01-17 12:11:21', 'mou', '2022-01-17 12:14:49');
INSERT INTO `detail_up` VALUES (27, '5416', 1000000, 'mou', '2022-01-17 12:11:21', 'mou', '2022-01-17 12:14:49');
INSERT INTO `detail_up` VALUES (28, '5417', 1000000, 'mou', '2022-01-17 12:11:21', 'mou', '2022-01-17 12:14:49');
INSERT INTO `detail_up` VALUES (29, '5418', 1000000, 'mou', '2022-01-17 12:11:21', 'mou', '2022-01-17 12:14:49');
INSERT INTO `detail_up` VALUES (30, '5419', 1000000, 'mou', '2022-01-17 12:11:21', 'mou', '2022-01-17 12:14:49');
INSERT INTO `detail_up` VALUES (31, '5420', 1000000, 'mou', '2022-01-17 12:11:21', 'mou', '2022-01-17 12:14:49');
INSERT INTO `detail_up` VALUES (32, '5421', 1000000, 'mou', '2022-01-17 12:11:21', 'mou', '2022-01-17 12:14:49');
INSERT INTO `detail_up` VALUES (33, '5422', 1000000, 'mou', '2022-01-17 12:11:21', 'mou', '2022-01-17 12:14:49');
INSERT INTO `detail_up` VALUES (34, '5423', 1000000, 'mou', '2022-01-17 12:11:21', 'mou', '2022-01-17 12:14:49');
INSERT INTO `detail_up` VALUES (35, '5424', 1000000, 'mou', '2022-01-17 12:11:21', 'mou', '2022-01-17 12:14:49');
INSERT INTO `detail_up` VALUES (36, '5425', 1000000, 'mou', '2022-01-17 12:11:21', 'mou', '2022-01-17 12:14:49');
INSERT INTO `detail_up` VALUES (37, '5426', 1000000, 'mou', '2022-01-17 12:11:21', 'mou', '2022-01-17 12:14:49');
INSERT INTO `detail_up` VALUES (38, '5427', 1000000, 'mou', '2022-01-17 12:11:21', 'mou', '2022-01-17 12:14:49');
INSERT INTO `detail_up` VALUES (39, '5428', 1000000, 'mou', '2022-01-17 12:11:21', 'mou', '2022-01-17 12:14:49');
INSERT INTO `detail_up` VALUES (40, '5429', 1000000, 'mou', '2022-01-17 12:11:21', 'mou', '2022-01-17 12:14:49');
INSERT INTO `detail_up` VALUES (41, '5430', 0, 'mou', '2022-01-17 12:23:06', 'mou', '2022-02-05 01:45:42');
COMMIT;

-- ----------------------------
-- Table structure for jabatan
-- ----------------------------
DROP TABLE IF EXISTS `jabatan`;
CREATE TABLE `jabatan` (
  `id_jabatan` bigint NOT NULL,
  `nama` varchar(50) NOT NULL,
  `akses_jenjang` varchar(10) DEFAULT NULL,
  `status` varchar(10) NOT NULL,
  `dibuat_oleh` varchar(10) NOT NULL,
  `tanggal_buat` timestamp NOT NULL DEFAULT CURRENT_TIMESTAMP,
  `diubah_oleh` varchar(10) NOT NULL,
  `tanggal_ubah` timestamp NOT NULL DEFAULT CURRENT_TIMESTAMP ON UPDATE CURRENT_TIMESTAMP,
  PRIMARY KEY (`id_jabatan`) USING BTREE
) ENGINE=InnoDB DEFAULT CHARSET=utf8mb4 COLLATE=utf8mb4_0900_ai_ci;

-- ----------------------------
-- Records of jabatan
-- ----------------------------
BEGIN;
INSERT INTO `jabatan` VALUES (1, 'Administrator', 'Semua', 'Aktif', 'admin', '2021-10-08 20:32:36', 'admin', '2021-10-08 20:32:36');
INSERT INTO `jabatan` VALUES (2, 'Ketua Yayasan', 'Semua', 'Aktif', 'admin', '2021-10-08 20:32:36', 'admin', '2021-11-15 12:21:40');
INSERT INTO `jabatan` VALUES (3, 'Tata Usaha SD', 'SD', 'Aktif', 'admin', '2021-10-08 20:32:36', 'admin', '2021-10-08 20:32:36');
INSERT INTO `jabatan` VALUES (4, 'Tata Usaha SMP', 'SMP', 'Aktif', 'admin', '2021-10-08 20:32:36', 'admin', '2021-10-08 20:32:36');
INSERT INTO `jabatan` VALUES (5, 'Tata Usaha SMA', 'SMA', 'Aktif', 'admin', '2021-10-08 20:32:36', 'admin', '2021-10-08 20:32:36');
INSERT INTO `jabatan` VALUES (6, 'Tata Usaha SMK', 'SMK', 'Aktif', 'admin', '2021-10-08 20:32:36', 'admin', '2021-10-08 20:32:36');
INSERT INTO `jabatan` VALUES (7, 'Wali Kelas SD', 'SD', 'Aktif', 'admin', '2021-10-08 20:32:36', 'admin', '2021-10-20 01:17:33');
INSERT INTO `jabatan` VALUES (8, 'Wali Kelas SMP', 'SMP', 'Aktif', 'admin', '2021-10-20 01:19:07', 'admin', '2021-10-20 01:19:07');
INSERT INTO `jabatan` VALUES (9, 'Wali Kelas SMA', 'SMA', 'Aktif', 'admin', '2021-10-20 01:19:07', 'admin', '2021-10-20 01:19:07');
INSERT INTO `jabatan` VALUES (10, 'Wali Kelas SMK', 'SMK', 'Aktif', 'admin', '2021-10-20 01:19:07', 'admin', '2021-10-20 01:19:07');
COMMIT;

-- ----------------------------
-- Table structure for menu
-- ----------------------------
DROP TABLE IF EXISTS `menu`;
CREATE TABLE `menu` (
  `id_menu` bigint NOT NULL,
  `parent_id` bigint DEFAULT NULL,
  `nama` varchar(50) NOT NULL,
  `jenjang` varchar(3) DEFAULT NULL,
  `url` varchar(255) DEFAULT NULL,
  `ikon` varchar(30) DEFAULT NULL,
  PRIMARY KEY (`id_menu`) USING BTREE
) ENGINE=InnoDB DEFAULT CHARSET=utf8mb4 COLLATE=utf8mb4_0900_ai_ci;

-- ----------------------------
-- Records of menu
-- ----------------------------
BEGIN;
INSERT INTO `menu` VALUES (1, 0, 'Master Data', '-', '-', 'fa-archive');
INSERT INTO `menu` VALUES (2, 0, 'Pilih Kelas', '-', '-', 'fa-list-alt');
INSERT INTO `menu` VALUES (3, 0, 'Input', '-', '/siswa/tambah', 'fa-tasks');
INSERT INTO `menu` VALUES (4, 0, 'Edit / Hapus', '-', '/siswa', 'fa-pencil');
INSERT INTO `menu` VALUES (5, 0, 'Laporan', '-', '-', 'fa-folder-open');
INSERT INTO `menu` VALUES (6, 0, 'Upload Tagihan', '-', '/upload/tagihan', 'fa-upload');
INSERT INTO `menu` VALUES (7, 1, 'Guru / Karyawan', '-', '/pengguna', 'fa-user-plus');
INSERT INTO `menu` VALUES (8, 1, 'Reset Password', '-', '/pengguna/reset-password', 'fa-key');
INSERT INTO `menu` VALUES (9, 1, 'Pulihkan Pengguna', '-', '/pengguna/pulihkan-akun', 'fa-medkit');
INSERT INTO `menu` VALUES (10, 2, 'I', 'SD', '/siswa/transaksi?id=10', 'fa-university');
INSERT INTO `menu` VALUES (11, 2, 'II', 'SD', '/siswa/transaksi?id=11', 'fa-university');
INSERT INTO `menu` VALUES (12, 2, 'III', 'SD', '/siswa/transaksi?id=12', 'fa-university');
INSERT INTO `menu` VALUES (13, 2, 'IV', 'SD', '/siswa/transaksi?id=13', 'fa-university');
INSERT INTO `menu` VALUES (14, 2, 'V', 'SD', '/siswa/transaksi?id=14', 'fa-university');
INSERT INTO `menu` VALUES (15, 2, 'VI', 'SD', '/siswa/transaksi?id=15', 'fa-university');
INSERT INTO `menu` VALUES (16, 2, 'VII', 'SMP', '/siswa/transaksi?id=16', 'fa-university');
INSERT INTO `menu` VALUES (17, 2, 'VIII', 'SMP', '/siswa/transaksi?id=17', 'fa-university');
INSERT INTO `menu` VALUES (18, 2, 'IX', 'SMP', '/siswa/transaksi?id=18', 'fa-university');
INSERT INTO `menu` VALUES (19, 2, 'X IPA 1', 'SMA', '/siswa/transaksi?id=19', 'fa-university');
INSERT INTO `menu` VALUES (20, 2, 'X IPA 2', 'SMA', '/siswa/transaksi?id=20', 'fa-university');
INSERT INTO `menu` VALUES (21, 2, 'X IPS 1', 'SMA', '/siswa/transaksi?id=21', 'fa-university');
INSERT INTO `menu` VALUES (22, 2, 'X IPS 2', 'SMA', '/siswa/transaksi?id=22', 'fa-university');
INSERT INTO `menu` VALUES (23, 2, 'X AKUNTANSI', 'SMK', '/siswa/transaksi?id=23', 'fa-university');
INSERT INTO `menu` VALUES (24, 2, 'X PERKANTORAN', 'SMK', '/siswa/transaksi?id=24', 'fa-university');
INSERT INTO `menu` VALUES (25, 2, 'X MULTIMEDIA', 'SMK', '/siswa/transaksi?id=25', 'fa-university');
INSERT INTO `menu` VALUES (26, 2, 'XI IPA 1', 'SMA', '/siswa/transaksi?id=26', 'fa-university');
INSERT INTO `menu` VALUES (27, 2, 'XI IPA 2', 'SMA', '/siswa/transaksi?id=27', 'fa-university');
INSERT INTO `menu` VALUES (28, 2, 'XI IPS 1', 'SMA', '/siswa/transaksi?id=28', 'fa-university');
INSERT INTO `menu` VALUES (29, 2, 'XI IPS 2', 'SMA', '/siswa/transaksi?id=29', 'fa-university');
INSERT INTO `menu` VALUES (30, 2, 'XI AKUNTANSI', 'SMK', '/siswa/transaksi?id=30', 'fa-university');
INSERT INTO `menu` VALUES (31, 2, 'XI PERKANTORAN', 'SMK', '/siswa/transaksi?id=31', 'fa-university');
INSERT INTO `menu` VALUES (32, 2, 'XI MULTIMEDIA', 'SMK', '/siswa/transaksi?id=32', 'fa-university');
INSERT INTO `menu` VALUES (33, 2, 'XII IPA 1', 'SMA', '/siswa/transaksi?id=33', 'fa-university');
INSERT INTO `menu` VALUES (34, 2, 'XII IPA 2', 'SMA', '/siswa/transaksi?id=34', 'fa-university');
INSERT INTO `menu` VALUES (35, 2, 'XII IPS 1', 'SMA', '/siswa/transaksi?id=35', 'fa-university');
INSERT INTO `menu` VALUES (36, 2, 'XII IPS 2', 'SMA', '/siswa/transaksi?id=36', 'fa-university');
INSERT INTO `menu` VALUES (37, 2, 'XII AKUNTANSI', 'SMK', '/siswa/transaksi?id=37', 'fa-university');
INSERT INTO `menu` VALUES (38, 2, 'XII PERKANTORAN', 'SMK', '/siswa/transaksi?id=38', 'fa-university');
INSERT INTO `menu` VALUES (39, 2, 'XII MULTIMEDIA', 'SMK', '/siswa/transaksi?id=39', 'fa-university');
INSERT INTO `menu` VALUES (40, 5, 'Laporan Transaksi', '-', '/laporan/transaksi', 'fa-list-alt');
INSERT INTO `menu` VALUES (41, 5, 'Rekapan Tunggakan', '-', '/laporan/tunggakan', 'fa-list-alt');
COMMIT;

-- ----------------------------
-- Table structure for pembayaran
-- ----------------------------
DROP TABLE IF EXISTS `pembayaran`;
CREATE TABLE `pembayaran` (
  `id_bayar` bigint NOT NULL,
  `nis` varchar(10) NOT NULL,
  `no_bayar` varchar(15) DEFAULT NULL,
  `jenis_pembayaran` varchar(30) CHARACTER SET utf8mb4 COLLATE utf8mb4_0900_ai_ci DEFAULT NULL,
  `bulan` varchar(10) DEFAULT NULL,
  `tipe_bayar` varchar(15) DEFAULT NULL,
  `jumlah_bayar` double NOT NULL DEFAULT '0',
  `dibuat_oleh` varchar(10) NOT NULL,
  `tanggal_buat` timestamp NOT NULL DEFAULT CURRENT_TIMESTAMP,
  `diubah_oleh` varchar(10) NOT NULL,
  `tanggal_ubah` timestamp NOT NULL DEFAULT CURRENT_TIMESTAMP ON UPDATE CURRENT_TIMESTAMP,
  PRIMARY KEY (`id_bayar`,`nis`) USING BTREE
) ENGINE=InnoDB DEFAULT CHARSET=utf8mb4 COLLATE=utf8mb4_0900_ai_ci;

-- ----------------------------
-- Records of pembayaran
-- ----------------------------
BEGIN;
INSERT INTO `pembayaran` VALUES (1, '5390', 'UP53900000001', 'Uang Pangkal', '-', 'Normal', 800000, 'mou', '2022-01-17 13:00:53', 'mou', '2022-01-17 13:00:53');
INSERT INTO `pembayaran` VALUES (1, '5391', 'TB53910000005', 'SPP Tahun Berjalan', 'Juli', 'Normal', 675000, 'mou', '2022-01-20 19:52:04', 'mou', '2022-01-20 19:52:04');
INSERT INTO `pembayaran` VALUES (1, '5430', 'TB54300000001', 'SPP Tahun Berjalan', 'Juli', 'Normal', 300000, 'mou', '2022-01-26 21:01:35', 'mou', '2022-01-26 21:01:35');
INSERT INTO `pembayaran` VALUES (2, '5390', 'UP53900000002', 'Uang Pangkal', '-', 'Normal', 500000, 'mou', '2022-01-17 13:01:03', 'mou', '2022-01-17 13:01:03');
INSERT INTO `pembayaran` VALUES (2, '5430', 'TB54300000002', 'SPP Tahun Berjalan', 'Agustus', 'Normal', 500000, 'mou', '2022-01-26 21:01:44', 'mou', '2022-01-26 21:01:44');
INSERT INTO `pembayaran` VALUES (3, '5390', 'DU53900000001', 'Daftar Ulang', '-', 'Normal', 300000, 'mou', '2022-01-17 13:01:15', 'mou', '2022-01-17 13:01:15');
INSERT INTO `pembayaran` VALUES (3, '5430', 'TB54300000003', 'SPP Tahun Berjalan', 'Juli', 'Normal', 100000, 'mou', '2022-01-26 21:01:44', 'mou', '2022-01-26 21:01:44');
INSERT INTO `pembayaran` VALUES (4, '5390', 'TL53900000001', 'SPP Tahun Lalu', 'Juli', 'Normal', 675000, 'mou', '2022-01-17 18:18:14', 'mou', '2022-01-17 18:18:14');
INSERT INTO `pembayaran` VALUES (4, '5430', 'TB54300000004', 'SPP Tahun Berjalan', 'September', 'Normal', 500000, 'mou', '2022-01-26 21:01:52', 'mou', '2022-01-26 21:01:52');
INSERT INTO `pembayaran` VALUES (5, '5390', 'TL53900000002', 'SPP Tahun Lalu', 'Agustus', 'Normal', 675000, 'mou', '2022-01-17 18:18:14', 'mou', '2022-01-17 18:18:14');
INSERT INTO `pembayaran` VALUES (5, '5430', 'TB54300000005', 'SPP Tahun Berjalan', 'Juli', 'Normal', 100000, 'mou', '2022-01-26 21:01:52', 'mou', '2022-01-26 21:01:52');
INSERT INTO `pembayaran` VALUES (6, '5390', 'TL53900000003', 'SPP Tahun Lalu', 'September', 'Normal', 675000, 'mou', '2022-01-17 18:18:14', 'mou', '2022-01-17 18:18:14');
INSERT INTO `pembayaran` VALUES (6, '5430', 'TB54300000006', 'SPP Tahun Berjalan', 'Oktober', 'Normal', 500000, 'mou', '2022-01-26 21:02:02', 'mou', '2022-01-26 21:02:02');
INSERT INTO `pembayaran` VALUES (7, '5390', 'TL53900000004', 'SPP Tahun Lalu', 'Oktober', 'Normal', 675000, 'mou', '2022-01-17 18:18:14', 'mou', '2022-01-17 18:18:14');
INSERT INTO `pembayaran` VALUES (7, '5430', 'DU54300000001', 'Daftar Ulang', 'Februari', 'Penyesuaian', 400000, 'mou', '2022-02-05 01:30:54', 'mou', '2022-02-05 01:30:54');
INSERT INTO `pembayaran` VALUES (8, '5390', 'TL53900000005', 'SPP Tahun Lalu', 'November', 'Normal', 675000, 'mou', '2022-01-17 18:18:14', 'mou', '2022-01-17 18:18:14');
INSERT INTO `pembayaran` VALUES (8, '5430', 'DU54300000002', 'Daftar Ulang', 'Februari', 'Penyesuaian', 300000, 'mou', '2022-02-05 01:30:54', 'mou', '2022-02-05 01:30:54');
INSERT INTO `pembayaran` VALUES (9, '5390', 'TL53900000006', 'SPP Tahun Lalu', 'Desember', 'Normal', 675000, 'mou', '2022-01-17 18:18:14', 'mou', '2022-01-17 18:18:14');
INSERT INTO `pembayaran` VALUES (9, '5430', 'DU54300000003', 'Daftar Ulang', 'Februari', 'Penyesuaian', 100000, 'mou', '2022-02-05 01:32:02', 'mou', '2022-02-05 01:32:29');
INSERT INTO `pembayaran` VALUES (10, '5390', 'TL53900000007', 'SPP Tahun Lalu', 'Januari', 'Normal', 675000, 'mou', '2022-01-17 18:18:14', 'mou', '2022-01-17 18:18:14');
INSERT INTO `pembayaran` VALUES (10, '5430', 'UP54300000001', 'Uang Pangkal', 'Februari', 'Penyesuaian', 600000, 'mou', '2022-02-05 01:41:48', 'mou', '2022-02-05 01:41:48');
INSERT INTO `pembayaran` VALUES (11, '5390', 'TL53900000008', 'SPP Tahun Lalu', 'Februari', 'Normal', 275000, 'mou', '2022-01-17 18:18:14', 'mou', '2022-01-17 18:18:14');
INSERT INTO `pembayaran` VALUES (11, '5430', 'UP54300000002', 'Uang Pangkal', 'Februari', 'Penyesuaian', 400000, 'mou', '2022-02-05 01:45:42', 'mou', '2022-02-05 01:45:42');
INSERT INTO `pembayaran` VALUES (12, '5390', 'TL53900000009', 'SPP Tahun Lalu', 'Februari', 'Normal', 400000, 'mou', '2022-01-17 19:00:15', 'mou', '2022-01-17 19:00:15');
INSERT INTO `pembayaran` VALUES (12, '5430', 'TB54300000007', 'SPP Tahun Berjalan', 'November', 'Penyesuaian', 500000, 'mou', '2022-02-05 02:37:58', 'mou', '2022-02-05 02:37:58');
INSERT INTO `pembayaran` VALUES (13, '5390', 'TL53900000010', 'SPP Tahun Lalu', 'Maret', 'Normal', 675000, 'mou', '2022-01-17 19:00:15', 'mou', '2022-01-17 19:00:15');
INSERT INTO `pembayaran` VALUES (13, '5430', 'TB54300000008', 'SPP Tahun Berjalan', 'Desember', 'Penyesuaian', 400000, 'mou', '2022-02-05 02:37:58', 'mou', '2022-02-05 02:37:58');
INSERT INTO `pembayaran` VALUES (14, '5390', 'TL53900000011', 'SPP Tahun Lalu', 'April', 'Normal', 675000, 'mou', '2022-01-17 19:00:15', 'mou', '2022-01-17 19:00:15');
INSERT INTO `pembayaran` VALUES (14, '5430', 'TB54300000009', 'SPP Tahun Berjalan', 'Desember', 'Penyesuaian', 100000, 'mou', '2022-02-05 02:38:36', 'mou', '2022-02-05 02:38:36');
INSERT INTO `pembayaran` VALUES (15, '5390', 'TL53900000012', 'SPP Tahun Lalu', 'Mei', 'Normal', 675000, 'mou', '2022-01-17 19:00:15', 'mou', '2022-01-17 19:00:15');
INSERT INTO `pembayaran` VALUES (15, '5430', 'TB54300000010', 'SPP Tahun Berjalan', 'Januari', 'Penyesuaian', 500000, 'mou', '2022-02-05 02:38:36', 'mou', '2022-02-05 02:38:36');
INSERT INTO `pembayaran` VALUES (16, '5390', 'TL53900000013', 'SPP Tahun Lalu', 'Juni', 'Normal', 675000, 'mou', '2022-01-20 00:16:55', 'mou', '2022-01-20 00:18:47');
INSERT INTO `pembayaran` VALUES (16, '5430', 'TB54300000011', 'SPP Tahun Berjalan', 'Februari', 'Penyesuaian', 200000, 'mou', '2022-02-05 02:38:36', 'mou', '2022-02-05 02:38:36');
INSERT INTO `pembayaran` VALUES (17, '5390', 'TB53900000001', 'SPP Tahun Berjalan', 'Juli', 'Normal', 675000, 'mou', '2022-01-20 00:21:57', 'mou', '2022-01-20 00:21:57');
INSERT INTO `pembayaran` VALUES (17, '5430', 'TB54300000012', 'SPP Tahun Berjalan', 'Februari', 'Penyesuaian', 300000, 'mou', '2022-02-05 02:50:01', 'mou', '2022-02-05 02:50:01');
INSERT INTO `pembayaran` VALUES (18, '5390', 'TB53900000002', 'SPP Tahun Berjalan', 'Agustus', 'Normal', 400000, 'mou', '2022-01-20 01:00:16', 'mou', '2022-01-20 01:00:16');
INSERT INTO `pembayaran` VALUES (18, '5430', 'TL54300000001', 'SPP Tahun Lalu', 'Juli', 'Penyesuaian', 500000, 'mou', '2022-02-05 03:03:58', 'mou', '2022-02-05 03:03:58');
INSERT INTO `pembayaran` VALUES (19, '5390', 'TB53900000003', 'SPP Tahun Berjalan', 'September', 'Normal', 500000, 'mou', '2022-01-20 01:00:54', 'mou', '2022-01-20 01:00:54');
INSERT INTO `pembayaran` VALUES (19, '5430', 'TL54300000002', 'SPP Tahun Lalu', 'Agustus', 'Penyesuaian', 500000, 'mou', '2022-02-05 03:03:58', 'mou', '2022-02-05 03:03:58');
INSERT INTO `pembayaran` VALUES (20, '5390', 'TB53900000004', 'SPP Tahun Berjalan', 'Oktober', 'Normal', 300000, 'mou', '2022-01-20 01:01:20', 'mou', '2022-01-20 01:01:20');
INSERT INTO `pembayaran` VALUES (20, '5430', 'TL54300000003', 'SPP Tahun Lalu', 'September', 'Penyesuaian', 500000, 'mou', '2022-02-05 03:03:58', 'mou', '2022-02-05 03:03:58');
INSERT INTO `pembayaran` VALUES (21, '5430', 'TL54300000004', 'SPP Tahun Lalu', 'Oktober', 'Penyesuaian', 500000, 'mou', '2022-02-05 03:03:58', 'mou', '2022-02-05 03:03:58');
INSERT INTO `pembayaran` VALUES (22, '5430', 'TL54300000005', 'SPP Tahun Lalu', 'November', 'Penyesuaian', 500000, 'mou', '2022-02-05 03:03:58', 'mou', '2022-02-05 03:03:58');
INSERT INTO `pembayaran` VALUES (23, '5430', 'TL54300000006', 'SPP Tahun Lalu', 'Desember', 'Penyesuaian', 500000, 'mou', '2022-02-05 03:03:58', 'mou', '2022-02-05 03:03:58');
INSERT INTO `pembayaran` VALUES (24, '5430', 'TL54300000007', 'SPP Tahun Lalu', 'Januari', 'Penyesuaian', 500000, 'mou', '2022-02-05 03:03:58', 'mou', '2022-02-05 03:03:58');
INSERT INTO `pembayaran` VALUES (25, '5430', 'TL54300000008', 'SPP Tahun Lalu', 'Februari', 'Penyesuaian', 500000, 'mou', '2022-02-05 03:24:43', 'mou', '2022-02-05 03:24:43');
INSERT INTO `pembayaran` VALUES (26, '5430', 'TL54300000009', 'SPP Tahun Lalu', 'Maret', 'Penyesuaian', 500000, 'mou', '2022-02-05 03:24:43', 'mou', '2022-02-05 03:24:43');
INSERT INTO `pembayaran` VALUES (27, '5430', 'TL54300000010', 'SPP Tahun Lalu', 'April', 'Penyesuaian', 500000, 'mou', '2022-02-05 03:24:43', 'mou', '2022-02-05 03:24:43');
INSERT INTO `pembayaran` VALUES (28, '5430', 'TL54300000011', 'SPP Tahun Lalu', 'Mei', 'Penyesuaian', 500000, 'mou', '2022-02-05 03:24:43', 'mou', '2022-02-05 03:24:43');
INSERT INTO `pembayaran` VALUES (29, '5430', 'TL54300000012', 'SPP Tahun Lalu', 'Juni', 'Penyesuaian', 500000, 'mou', '2022-02-05 03:24:43', 'mou', '2022-02-05 03:24:43');
INSERT INTO `pembayaran` VALUES (30, '5430', 'TL54300000013', 'SPP Tahun Lalu', 'Juli', 'Penyesuaian', 500000, 'mou', '2022-02-05 03:24:43', 'mou', '2022-02-05 03:24:43');
INSERT INTO `pembayaran` VALUES (31, '5430', 'TL54300000014', 'SPP Tahun Lalu', 'Agustus', 'Penyesuaian', 500000, 'mou', '2022-02-05 03:24:43', 'mou', '2022-02-05 03:24:43');
INSERT INTO `pembayaran` VALUES (32, '5430', 'TL54300000015', 'SPP Tahun Lalu', 'September', 'Penyesuaian', 500000, 'mou', '2022-02-05 03:24:43', 'mou', '2022-02-05 03:24:43');
INSERT INTO `pembayaran` VALUES (33, '5430', 'TL54300000016', 'SPP Tahun Lalu', 'Oktober', 'Penyesuaian', 500000, 'mou', '2022-02-05 03:24:43', 'mou', '2022-02-05 03:24:43');
INSERT INTO `pembayaran` VALUES (34, '5430', 'TL54300000017', 'SPP Tahun Lalu', 'November', 'Penyesuaian', 500000, 'mou', '2022-02-05 03:24:43', 'mou', '2022-02-05 03:24:43');
INSERT INTO `pembayaran` VALUES (35, '5430', 'TL54300000018', 'SPP Tahun Lalu', 'Desember', 'Penyesuaian', 500000, 'mou', '2022-02-05 03:24:43', 'mou', '2022-02-05 03:24:43');
INSERT INTO `pembayaran` VALUES (36, '5430', 'TL54300000019', 'SPP Tahun Lalu', 'Januari', 'Penyesuaian', 500000, 'mou', '2022-02-05 03:24:43', 'mou', '2022-02-05 03:24:43');
INSERT INTO `pembayaran` VALUES (37, '5430', 'TL54300000020', 'SPP Tahun Lalu', 'Februari', 'Penyesuaian', 500000, 'mou', '2022-02-05 03:26:48', 'mou', '2022-02-05 03:26:48');
INSERT INTO `pembayaran` VALUES (38, '5430', 'TL54300000021', 'SPP Tahun Lalu', 'Maret', 'Penyesuaian', 500000, 'mou', '2022-02-05 03:26:48', 'mou', '2022-02-05 03:26:48');
INSERT INTO `pembayaran` VALUES (39, '5430', 'TL54300000022', 'SPP Tahun Lalu', 'April', 'Penyesuaian', 500000, 'mou', '2022-02-05 03:26:48', 'mou', '2022-02-05 03:26:48');
INSERT INTO `pembayaran` VALUES (40, '5430', 'TL54300000023', 'SPP Tahun Lalu', 'Mei', 'Penyesuaian', 500000, 'mou', '2022-02-05 03:26:48', 'mou', '2022-02-05 03:26:48');
INSERT INTO `pembayaran` VALUES (41, '5430', 'TL54300000024', 'SPP Tahun Lalu', 'Juni', 'Penyesuaian', 500000, 'mou', '2022-02-05 03:26:48', 'mou', '2022-02-05 03:26:48');
COMMIT;

-- ----------------------------
-- Table structure for pengguna
-- ----------------------------
DROP TABLE IF EXISTS `pengguna`;
CREATE TABLE `pengguna` (
  `nip` varchar(10) NOT NULL,
  `username` varchar(10) NOT NULL,
  `password` varchar(64) NOT NULL,
  `nama` varchar(50) NOT NULL,
  `jenis_kelamin` varchar(10) NOT NULL,
  `total_gagal` int NOT NULL DEFAULT '0',
  `gelar_depan` varchar(35) DEFAULT NULL,
  `gelar_belakang` varchar(35) DEFAULT NULL,
  `pendidikan_terakhir` varchar(10) DEFAULT NULL,
  `wali_kelas` varchar(20) DEFAULT NULL,
  `id_jabatan` bigint DEFAULT NULL,
  `status` varchar(10) NOT NULL,
  `dibuat_oleh` varchar(10) NOT NULL,
  `tanggal_buat` timestamp NOT NULL DEFAULT CURRENT_TIMESTAMP,
  `diubah_oleh` varchar(10) NOT NULL,
  `tanggal_ubah` timestamp NOT NULL DEFAULT CURRENT_TIMESTAMP ON UPDATE CURRENT_TIMESTAMP,
  PRIMARY KEY (`nip`) USING BTREE
) ENGINE=InnoDB DEFAULT CHARSET=utf8mb4 COLLATE=utf8mb4_0900_ai_ci;

-- ----------------------------
-- Records of pengguna
-- ----------------------------
BEGIN;
INSERT INTO `pengguna` VALUES ('0000000001', 'admin', '8c6976e5b5410415bde908bd4dee15dfb167a9c873fc4bb8a81f6f2ab448a918', 'Administrator', 'Laki laki', 0, '-', '-', '-', '-', 1, 'Aktif', 'admin', '2021-11-08 17:29:15', 'admin', '2021-11-19 21:58:25');
INSERT INTO `pengguna` VALUES ('0000000002', 'fergie', '8c6976e5b5410415bde908bd4dee15dfb167a9c873fc4bb8a81f6f2ab448a918', 'Sir Alex Ferguson', 'Laki laki', 0, 'Drs. KH. H.', 'A.Md S.E M.M', 'S3', '-', 2, 'Aktif', 'admin', '2021-11-13 21:50:41', 'admin', '2021-12-31 21:31:05');
INSERT INTO `pengguna` VALUES ('0000000003', 'tuchel', '8c6976e5b5410415bde908bd4dee15dfb167a9c873fc4bb8a81f6f2ab448a918', 'Tomas Tuchel', 'Laki laki', 0, 'H.', 'A.Md', 'D3', '-', 3, 'Aktif', 'admin', '2021-11-13 21:50:41', 'admin', '2021-12-31 18:37:19');
INSERT INTO `pengguna` VALUES ('0000000004', 'klop', '8c6976e5b5410415bde908bd4dee15dfb167a9c873fc4bb8a81f6f2ab448a918', 'Jurgen Klopp', 'Laki laki', 0, 'H.', 'A.Md', 'D3', '-', 4, 'Aktif', 'admin', '2021-11-13 21:50:41', 'admin', '2021-12-31 18:37:38');
INSERT INTO `pengguna` VALUES ('0000000005', 'mou', '8c6976e5b5410415bde908bd4dee15dfb167a9c873fc4bb8a81f6f2ab448a918', 'Jose Mourinho', 'Laki laki', 0, '-', 'A.Md S.E', 'S1', '-', 5, 'Aktif', 'admin', '2021-11-13 21:50:41', 'mou', '2022-02-19 23:10:18');
INSERT INTO `pengguna` VALUES ('0000000006', 'eric', '8c6976e5b5410415bde908bd4dee15dfb167a9c873fc4bb8a81f6f2ab448a918', 'Eric Ten Haag', 'Laki laki', 0, '', 'A.Md S.Kom', 'S1', '-', 6, 'Aktif', 'admin', '2021-11-13 21:50:41', 'admin', '2021-12-31 21:31:15');
INSERT INTO `pengguna` VALUES ('0000000007', 'wenger', '8c6976e5b5410415bde908bd4dee15dfb167a9c873fc4bb8a81f6f2ab448a918', 'Arsene Wenger', 'Laki laki', 0, '', 'A.Md S.T', 'S1', 'I', 7, 'Aktif', 'admin', '2021-11-13 21:50:41', 'admin', '2021-12-31 18:38:31');
INSERT INTO `pengguna` VALUES ('0000000008', 'maria', '8c6976e5b5410415bde908bd4dee15dfb167a9c873fc4bb8a81f6f2ab448a918', 'Maria Saraphova', 'Perempuan', 0, 'Hj.', 'A.Md S.Sos', 'S1', 'II', 7, 'Aktif', 'admin', '2021-11-13 21:50:41', 'admin', '2021-12-31 18:38:43');
INSERT INTO `pengguna` VALUES ('0000000009', 'eva', '8c6976e5b5410415bde908bd4dee15dfb167a9c873fc4bb8a81f6f2ab448a918', 'Eva Caneiro', 'Perempuan', 0, 'Hj. ', 'A.Md. S.T', 'S1', 'III', 7, 'Aktif', 'admin', '2021-11-15 22:19:44', 'admin', '2021-12-31 18:38:54');
INSERT INTO `pengguna` VALUES ('0000000010', 'pep', '8c6976e5b5410415bde908bd4dee15dfb167a9c873fc4bb8a81f6f2ab448a918', 'Josep Guardiola', 'Laki laki', 0, 'H.', 'A.Md S.Pd', 'S1', 'IV', 7, 'Aktif', 'admin', '2021-11-13 21:50:41', 'admin', '2021-12-31 18:39:05');
INSERT INTO `pengguna` VALUES ('0000000011', 'conte', '8c6976e5b5410415bde908bd4dee15dfb167a9c873fc4bb8a81f6f2ab448a918', 'Antonio Conte', 'Laki laki', 0, '', 'A.Md S.Kom M.Kom', 'S2', 'V', 7, 'Aktif', 'admin', '2021-11-13 21:50:41', 'admin', '2021-12-31 18:39:20');
INSERT INTO `pengguna` VALUES ('0000000012', 'mat', '8c6976e5b5410415bde908bd4dee15dfb167a9c873fc4bb8a81f6f2ab448a918', 'Matilde Serrano', 'Perempuan', 0, '', 'A.Md S.E M.Hum', 'S2', 'VI', 7, 'Aktif', 'admin', '2021-11-13 21:50:41', 'admin', '2021-12-31 18:39:34');
INSERT INTO `pengguna` VALUES ('0000000013', 'edu', '8c6976e5b5410415bde908bd4dee15dfb167a9c873fc4bb8a81f6f2ab448a918', 'Edurne Quintana', 'Perempuan', 0, 'Hj.', 'A.Md S.Ag', 'S1', 'VII', 8, 'Aktif', 'admin', '2021-11-13 21:50:41', 'admin', '2021-12-31 18:40:01');
INSERT INTO `pengguna` VALUES ('0000000014', 'vilia', '8c6976e5b5410415bde908bd4dee15dfb167a9c873fc4bb8a81f6f2ab448a918', 'Villia Schraf', 'Perempuan', 0, 'Hj.', 'A.Md S.M', 'S1', 'VIII', 8, 'Aktif', 'admin', '2021-11-13 21:50:41', 'admin', '2021-12-31 18:40:18');
INSERT INTO `pengguna` VALUES ('0000000015', 'lisa', '8c6976e5b5410415bde908bd4dee15dfb167a9c873fc4bb8a81f6f2ab448a918', 'Lisa Adelia', 'Perempuan', 0, 'Hj.', 'A.Md S.Kom M.Kom', 'S2', 'IX', 8, 'Aktif', 'admin', '2021-11-13 21:50:41', 'admin', '2021-12-31 18:41:10');
INSERT INTO `pengguna` VALUES ('0000000016', 'ole', '8c6976e5b5410415bde908bd4dee15dfb167a9c873fc4bb8a81f6f2ab448a918', 'Ole Gunnar Solskjaer', 'Laki laki', 0, '', 'A.Md S.Ag', 'S1', 'X IPA 1', 9, 'Aktif', 'admin', '2021-11-13 21:50:41', 'admin', '2022-01-17 12:58:17');
INSERT INTO `pengguna` VALUES ('0000000017', 'moyes', '8c6976e5b5410415bde908bd4dee15dfb167a9c873fc4bb8a81f6f2ab448a918', 'David Moyes', 'Laki laki', 0, 'H.', 'A.Md S.E', 'S1', 'X IPA 2', 9, 'Aktif', 'admin', '2021-11-13 21:50:41', 'admin', '2022-01-17 12:58:21');
INSERT INTO `pengguna` VALUES ('0000000018', 'benitez', '8c6976e5b5410415bde908bd4dee15dfb167a9c873fc4bb8a81f6f2ab448a918', 'Rafael Benitez', 'Laki laki', 0, '', 'A.Md S.Ag', 'S1', 'X IPS 1', 9, 'Aktif', 'admin', '2021-11-13 21:50:41', 'admin', '2021-12-31 18:41:43');
INSERT INTO `pengguna` VALUES ('0000000019', 'koeman', '8c6976e5b5410415bde908bd4dee15dfb167a9c873fc4bb8a81f6f2ab448a918', 'Ronald Koeman', 'Laki laki', 0, '', 'A.Md S.Pd.I', 'S1', 'X IPS 2', 9, 'Aktif', 'admin', '2021-11-13 21:50:41', 'admin', '2021-12-31 18:41:58');
INSERT INTO `pengguna` VALUES ('0000000020', 'gaal', '8c6976e5b5410415bde908bd4dee15dfb167a9c873fc4bb8a81f6f2ab448a918', 'Louis Van Gaal', 'Laki laki', 0, 'H.', 'A.Md S.Kom', 'S1', 'XI IPA 1', 9, 'Aktif', 'admin', '2021-11-13 21:50:41', 'admin', '2022-01-17 12:58:25');
INSERT INTO `pengguna` VALUES ('0000000021', 'rodgers', '8c6976e5b5410415bde908bd4dee15dfb167a9c873fc4bb8a81f6f2ab448a918', 'Brendan Rodgers', 'Laki laki', 0, 'H.', 'A.Md S.T', 'S1', 'XI IPA 2', 9, 'Aktif', 'admin', '2021-11-13 21:50:41', 'admin', '2022-01-17 12:58:28');
INSERT INTO `pengguna` VALUES ('0000000022', 'arteta', '8c6976e5b5410415bde908bd4dee15dfb167a9c873fc4bb8a81f6f2ab448a918', 'Mikel Arteta', 'Laki laki', 0, 'H.', 'A.Md S.E', 'S1', 'XI IPS 1', 9, 'Aktif', 'admin', '2021-11-13 21:50:41', 'admin', '2021-12-31 18:42:38');
INSERT INTO `pengguna` VALUES ('0000000023', 'dyche', '8c6976e5b5410415bde908bd4dee15dfb167a9c873fc4bb8a81f6f2ab448a918', 'Sean Dyche', 'Laki laki', 0, '', 'A.Md S.Ag', 'S1', 'XI IPS 2', 9, 'Aktif', 'admin', '2021-11-13 21:50:41', 'admin', '2021-12-31 18:42:49');
INSERT INTO `pengguna` VALUES ('0000000024', 'haruka', '8c6976e5b5410415bde908bd4dee15dfb167a9c873fc4bb8a81f6f2ab448a918', 'Haruka Tamada', 'Perempuan', 0, 'Hj.', 'A.Md S.A M.Pd', 'S2', 'XII IPA 1', 9, 'Aktif', 'admin', '2021-11-13 21:50:41', 'admin', '2022-01-17 12:58:32');
INSERT INTO `pengguna` VALUES ('0000000025', 'ina', '8c6976e5b5410415bde908bd4dee15dfb167a9c873fc4bb8a81f6f2ab448a918', 'Maya Inamoto', 'Perempuan', 0, 'Hj.', 'A.Md S.Pd M.Pd', 'S2', 'XII IPA 2', 9, 'Aktif', 'admin', '2021-11-13 21:50:41', 'admin', '2022-01-17 12:58:36');
INSERT INTO `pengguna` VALUES ('0000000026', 'cole', '8c6976e5b5410415bde908bd4dee15dfb167a9c873fc4bb8a81f6f2ab448a918', 'Chris Coleman', 'Laki laki', 0, 'H.', 'A.Md S.Kom M.M', 'S2', 'XII IPS 1', 9, 'Aktif', 'admin', '2021-11-13 21:50:41', 'admin', '2021-12-31 18:43:21');
INSERT INTO `pengguna` VALUES ('0000000027', 'sou', '8c6976e5b5410415bde908bd4dee15dfb167a9c873fc4bb8a81f6f2ab448a918', 'Gareth Southgate', 'Laki laki', 0, '', 'A.Md S.T M.T', 'S2', 'XII IPS 2', 9, 'Aktif', 'admin', '2021-11-13 21:50:41', 'admin', '2021-12-31 18:43:38');
INSERT INTO `pengguna` VALUES ('0000000028', 'ranieri', '8c6976e5b5410415bde908bd4dee15dfb167a9c873fc4bb8a81f6f2ab448a918', 'Claudio Ranieri', 'Laki laki', 0, 'H.', 'A.Md S.Kom', 'S1', 'X AKUNTANSI', 10, 'Aktif', 'admin', '2021-11-13 21:54:23', 'admin', '2021-12-31 18:44:08');
INSERT INTO `pengguna` VALUES ('0000000029', 'cla', '8c6976e5b5410415bde908bd4dee15dfb167a9c873fc4bb8a81f6f2ab448a918', 'Claudia Mendez', 'Perempuan', 0, '', 'A.Md S.E', 'S1', 'X PERKANTORAN', 10, 'Aktif', 'admin', '2021-11-13 21:54:23', 'admin', '2021-12-31 18:44:22');
INSERT INTO `pengguna` VALUES ('0000000030', 'laura', '8c6976e5b5410415bde908bd4dee15dfb167a9c873fc4bb8a81f6f2ab448a918', 'Laura Gomez', 'Perempuan', 0, 'Hj.', 'A.Md S.T', 'S1', 'X MULTIMEDIA', 10, 'Aktif', 'admin', '2021-11-13 21:54:23', 'admin', '2021-12-31 18:44:41');
INSERT INTO `pengguna` VALUES ('0000000031', 'carlo', '8c6976e5b5410415bde908bd4dee15dfb167a9c873fc4bb8a81f6f2ab448a918', 'Carlo Ancelotti', 'Laki laki', 0, 'H.', 'A.Md S.Sos', 'S1', 'XI AKUNTANSI', 10, 'Aktif', 'admin', '2021-11-13 21:54:23', 'admin', '2021-12-31 21:27:18');
INSERT INTO `pengguna` VALUES ('0000000032', 'fabio', '8c6976e5b5410415bde908bd4dee15dfb167a9c873fc4bb8a81f6f2ab448a918', 'Fabio Capello', 'Laki laki', 0, 'H.', 'A.Md S.Hum', 'S1', 'XI PERKANTORAN', 10, 'Aktif', 'admin', '2021-11-13 21:54:23', 'admin', '2021-12-31 21:27:28');
INSERT INTO `pengguna` VALUES ('0000000033', 'marga', '8c6976e5b5410415bde908bd4dee15dfb167a9c873fc4bb8a81f6f2ab448a918', 'Margaretha Tatcher', 'Perempuan', 0, '', 'A.Md S.M', 'S1', 'XI MULTIMEDIA', 10, 'Aktif', 'admin', '2021-11-13 21:54:23', 'admin', '2021-12-31 21:27:43');
INSERT INTO `pengguna` VALUES ('0000000034', 'lia', '8c6976e5b5410415bde908bd4dee15dfb167a9c873fc4bb8a81f6f2ab448a918', 'Eliana Hoever', 'Perempuan', 0, 'Hj.', 'A.Md S.M M.M', 'S2', 'XII AKUNTANSI', 10, 'Aktif', 'admin', '2021-11-13 21:54:23', 'admin', '2021-12-31 21:28:46');
INSERT INTO `pengguna` VALUES ('0000000035', 'harry', '8c6976e5b5410415bde908bd4dee15dfb167a9c873fc4bb8a81f6f2ab448a918', 'Harry Redknapp', 'Laki laki', 0, 'H.', 'A.Md S.Pd M.Pd', 'S2', 'XII PERKANTORAN', 10, 'Aktif', 'admin', '2021-11-13 21:54:23', 'admin', '2021-12-31 21:29:41');
INSERT INTO `pengguna` VALUES ('0000000036', 'mancini', '8c6976e5b5410415bde908bd4dee15dfb167a9c873fc4bb8a81f6f2ab448a918', 'Roberto Mancini', 'Laki laki', 0, 'H.', 'A.Md S.Kom M.Kom', 'S2', 'XII MULTIMEDIA', 10, 'Aktif', 'admin', '2021-11-13 21:54:23', 'admin', '2021-12-31 21:30:14');
COMMIT;

-- ----------------------------
-- Table structure for siswa
-- ----------------------------
DROP TABLE IF EXISTS `siswa`;
CREATE TABLE `siswa` (
  `nis` varchar(10) NOT NULL,
  `nama` varchar(50) NOT NULL,
  `jenis_kelamin` varchar(10) NOT NULL,
  `alamat` varchar(100) DEFAULT NULL,
  `tempat_lahir` varchar(50) DEFAULT NULL,
  `tanggal_lahir` timestamp NULL DEFAULT NULL,
  `tahun_masuk` varchar(10) DEFAULT NULL,
  `tahun_ajaran` varchar(10) DEFAULT NULL,
  `kelas` varchar(25) DEFAULT NULL,
  `status` varchar(10) NOT NULL,
  `id_trans` bigint DEFAULT NULL,
  `id_up` bigint DEFAULT NULL,
  `id_spp` bigint DEFAULT NULL,
  `dibuat_oleh` varchar(10) NOT NULL,
  `tanggal_buat` timestamp NOT NULL DEFAULT CURRENT_TIMESTAMP,
  `diubah_oleh` varchar(10) NOT NULL,
  `tanggal_ubah` timestamp NOT NULL DEFAULT CURRENT_TIMESTAMP ON UPDATE CURRENT_TIMESTAMP,
  PRIMARY KEY (`nis`) USING BTREE
) ENGINE=InnoDB DEFAULT CHARSET=utf8mb4 COLLATE=utf8mb4_0900_ai_ci;

-- ----------------------------
-- Records of siswa
-- ----------------------------
BEGIN;
INSERT INTO `siswa` VALUES ('5390', 'Ander Herrera', 'Laki Laki', '-', '-', NULL, '2019-20', '2020-21', 'XI IPS 1', 'Aktif', 1, 1, 1, 'mou', '2022-01-17 12:11:21', 'mou', '2022-01-17 12:15:50');
INSERT INTO `siswa` VALUES ('5391', 'Andy Cole', 'Laki Laki', '-', '-', NULL, '2019-20', '2020-21', 'XI IPS 1', 'Non Aktif', 2, 2, 2, 'mou', '2022-01-17 12:11:21', 'mou', '2022-02-08 17:42:03');
INSERT INTO `siswa` VALUES ('5392', 'Antonio Valencia', 'Laki Laki', '-', '-', NULL, '2019-20', '2020-21', 'XI IPS 1', 'Aktif', 3, 3, 3, 'mou', '2022-01-17 12:11:21', 'mou', '2022-01-17 12:15:50');
INSERT INTO `siswa` VALUES ('5393', 'Ariana Brisa', 'Perempuan', '-', '-', NULL, '2019-20', '2020-21', 'XI IPS 1', 'Non Aktif', 4, 4, 4, 'mou', '2022-01-17 12:11:21', 'mou', '2022-02-08 17:42:03');
INSERT INTO `siswa` VALUES ('5394', 'Bruno Fernandes', 'Laki Laki', '-', '-', NULL, '2019-20', '2020-21', 'XI IPS 1', 'Aktif', 5, 5, 5, 'mou', '2022-01-17 12:11:21', 'mou', '2022-01-17 12:15:50');
INSERT INTO `siswa` VALUES ('5395', 'Bryan Robson', 'Laki Laki', '-', '-', NULL, '2019-20', '2020-21', 'XI IPS 1', 'Non Aktif', 6, 6, 6, 'mou', '2022-01-17 12:11:21', 'mou', '2022-02-08 17:42:03');
INSERT INTO `siswa` VALUES ('5396', 'Caroline Joy', 'Perempuan', '-', '-', NULL, '2019-20', '2020-21', 'XI IPS 1', 'Aktif', 7, 7, 7, 'mou', '2022-01-17 12:11:21', 'mou', '2022-01-17 12:15:50');
INSERT INTO `siswa` VALUES ('5397', 'Cristiano Ronaldo', 'Laki Laki', '-', '-', NULL, '2019-20', '2020-21', 'XI IPS 1', 'Aktif', 8, 8, 8, 'mou', '2022-01-17 12:11:21', 'mou', '2022-01-17 12:15:50');
INSERT INTO `siswa` VALUES ('5398', 'David Beckham', 'Laki Laki', '-', '-', NULL, '2019-20', '2020-21', 'XI IPS 1', 'Aktif', 9, 9, 9, 'mou', '2022-01-17 12:11:21', 'mou', '2022-01-17 12:15:50');
INSERT INTO `siswa` VALUES ('5399', 'David De Gea', 'Laki Laki', '-', '-', NULL, '2019-20', '2020-21', 'XI IPS 1', 'Aktif', 10, 10, 10, 'mou', '2022-01-17 12:11:21', 'mou', '2022-01-17 12:15:50');
INSERT INTO `siswa` VALUES ('5400', 'Denis Irwin', 'Laki Laki', '-', '-', NULL, '2019-20', '2020-21', 'XI IPS 1', 'Non Aktif', 11, 11, 11, 'mou', '2022-01-17 12:11:21', 'mou', '2022-02-08 17:42:03');
INSERT INTO `siswa` VALUES ('5401', 'Dwight yorke', 'Laki Laki', '-', '-', NULL, '2019-20', '2020-21', 'XI IPS 1', 'Aktif', 12, 12, 12, 'mou', '2022-01-17 12:11:21', 'mou', '2022-01-17 12:15:50');
INSERT INTO `siswa` VALUES ('5402', 'Edwin Van Der Saar', 'Laki Laki', '-', '-', NULL, '2019-20', '2020-21', 'XI IPS 1', 'Aktif', 13, 13, 13, 'mou', '2022-01-17 12:11:21', 'mou', '2022-01-17 12:15:50');
INSERT INTO `siswa` VALUES ('5403', 'Eliana Hanna', 'Perempuan', '-', '-', NULL, '2019-20', '2020-21', 'XI IPS 1', 'Non Aktif', 14, 14, 14, 'mou', '2022-01-17 12:11:21', 'mou', '2022-02-08 17:42:03');
INSERT INTO `siswa` VALUES ('5404', 'Elizabeth Garcia', 'Perempuan', '-', '-', NULL, '2019-20', '2020-21', 'XI IPS 1', 'Aktif', 15, 15, 15, 'mou', '2022-01-17 12:11:21', 'mou', '2022-01-17 12:15:50');
INSERT INTO `siswa` VALUES ('5405', 'Emily Isabella', 'Perempuan', '-', '-', NULL, '2019-20', '2020-21', 'XI IPS 1', 'Aktif', 16, 16, 16, 'mou', '2022-01-17 12:11:21', 'mou', '2022-01-17 12:15:50');
INSERT INTO `siswa` VALUES ('5406', 'Eric Cantona', 'Laki Laki', '-', '-', NULL, '2019-20', '2020-21', 'XI IPS 1', 'Non Aktif', 17, 17, 17, 'mou', '2022-01-17 12:11:21', 'mou', '2022-02-08 17:42:03');
INSERT INTO `siswa` VALUES ('5407', 'Gary Neville', 'Laki Laki', '-', '-', NULL, '2019-20', '2020-21', 'XI IPS 1', 'Aktif', 18, 18, 18, 'mou', '2022-01-17 12:11:21', 'mou', '2022-01-17 12:15:50');
INSERT INTO `siswa` VALUES ('5408', 'Gary Pallister', 'Laki Laki', '-', '-', NULL, '2019-20', '2020-21', 'XI IPS 1', 'Aktif', 19, 19, 19, 'mou', '2022-01-17 12:11:21', 'mou', '2022-01-17 12:15:50');
INSERT INTO `siswa` VALUES ('5409', 'Grace Gabriella', 'Perempuan', '-', '-', NULL, '2019-20', '2020-21', 'XI IPS 1', 'Aktif', 20, 20, 20, 'mou', '2022-01-17 12:11:21', 'mou', '2022-01-17 12:15:50');
INSERT INTO `siswa` VALUES ('5410', 'Jaap Stam', 'Laki Laki', '-', '-', NULL, '2019-20', '2020-21', 'XI IPS 1', 'Aktif', 21, 21, 21, 'mou', '2022-01-17 12:11:21', 'mou', '2022-01-17 12:15:50');
INSERT INTO `siswa` VALUES ('5411', 'Julie Esmeralda', 'Perempuan', '-', '-', NULL, '2019-20', '2020-21', 'XI IPS 1', 'Aktif', 22, 22, 22, 'mou', '2022-01-17 12:11:21', 'mou', '2022-01-17 12:15:50');
INSERT INTO `siswa` VALUES ('5412', 'Marcus Rashford', 'Laki Laki', '-', '-', NULL, '2019-20', '2020-21', 'XI IPS 1', 'Aktif', 23, 23, 23, 'mou', '2022-01-17 12:11:21', 'mou', '2022-01-17 12:15:50');
INSERT INTO `siswa` VALUES ('5413', 'Martha Sonya', 'Perempuan', '-', '-', NULL, '2019-20', '2020-21', 'XI IPS 1', 'Aktif', 24, 24, 24, 'mou', '2022-01-17 12:11:21', 'mou', '2022-01-17 12:15:50');
INSERT INTO `siswa` VALUES ('5414', 'Maureen Edu', 'Perempuan', '-', '-', NULL, '2019-20', '2020-21', 'XI IPS 1', 'Non Aktif', 25, 25, 25, 'mou', '2022-01-17 12:11:21', 'mou', '2022-02-08 17:42:03');
INSERT INTO `siswa` VALUES ('5415', 'Michael Carrick', 'Laki Laki', '-', '-', NULL, '2019-20', '2020-21', 'XI IPS 1', 'Aktif', 26, 26, 26, 'mou', '2022-01-17 12:11:21', 'mou', '2022-01-17 12:15:50');
INSERT INTO `siswa` VALUES ('5416', 'Nadya Aurora', 'Perempuan', '-', '-', NULL, '2019-20', '2020-21', 'XI IPS 1', 'Aktif', 27, 27, 27, 'mou', '2022-01-17 12:11:21', 'mou', '2022-01-17 12:15:50');
INSERT INTO `siswa` VALUES ('5417', 'Nemanja Vidic', 'Laki Laki', '-', '-', NULL, '2019-20', '2020-21', 'XI IPS 1', 'Aktif', 28, 28, 28, 'mou', '2022-01-17 12:11:21', 'mou', '2022-01-17 12:15:50');
INSERT INTO `siswa` VALUES ('5418', 'Park Ji Sung', 'Laki Laki', '-', '-', NULL, '2019-20', '2020-21', 'XI IPS 1', 'Aktif', 29, 29, 29, 'mou', '2022-01-17 12:11:21', 'mou', '2022-01-17 12:15:50');
INSERT INTO `siswa` VALUES ('5419', 'Patrice Evra', 'Laki Laki', '-', '-', NULL, '2019-20', '2020-21', 'XI IPS 1', 'Aktif', 30, 30, 30, 'mou', '2022-01-17 12:11:21', 'mou', '2022-01-17 12:15:50');
INSERT INTO `siswa` VALUES ('5420', 'Paul Scholes ', 'Laki Laki', '-', '-', NULL, '2019-20', '2020-21', 'XI IPS 1', 'Aktif', 31, 31, 31, 'mou', '2022-01-17 12:11:21', 'mou', '2022-01-17 12:15:50');
INSERT INTO `siswa` VALUES ('5421', 'Peter Scmeichel', 'Laki Laki', '-', '-', NULL, '2019-20', '2020-21', 'XI IPS 1', 'Non Aktif', 32, 32, 32, 'mou', '2022-01-17 12:11:21', 'mou', '2022-02-08 17:42:03');
INSERT INTO `siswa` VALUES ('5422', 'Rio Ferdinand ', 'Laki Laki', '-', '-', NULL, '2019-20', '2020-21', 'XI IPS 1', 'Aktif', 33, 33, 33, 'mou', '2022-01-17 12:11:21', 'mou', '2022-01-17 12:15:50');
INSERT INTO `siswa` VALUES ('5423', 'Robin Van Persie', 'Laki Laki', '-', '-', NULL, '2019-20', '2020-21', 'XI IPS 1', 'Aktif', 34, 34, 34, 'mou', '2022-01-17 12:11:21', 'mou', '2022-01-17 12:15:50');
INSERT INTO `siswa` VALUES ('5424', 'Roy Keane', 'Laki Laki', '-', '-', NULL, '2019-20', '2020-21', 'XI IPS 1', 'Aktif', 35, 35, 35, 'mou', '2022-01-17 12:11:21', 'mou', '2022-01-17 12:15:50');
INSERT INTO `siswa` VALUES ('5425', 'Ruud Van Nistelrooy', 'Laki Laki', '-', '-', NULL, '2019-20', '2020-21', 'XI IPS 1', 'Aktif', 36, 36, 36, 'mou', '2022-01-17 12:11:21', 'mou', '2022-01-17 12:15:50');
INSERT INTO `siswa` VALUES ('5426', 'Ryan Giggs', 'Laki Laki', '-', '-', NULL, '2019-20', '2020-21', 'XI IPS 1', 'Aktif', 37, 37, 37, 'mou', '2022-01-17 12:11:21', 'mou', '2022-01-17 12:15:50');
INSERT INTO `siswa` VALUES ('5427', 'Steve Bruce', 'Laki Laki', '-', '-', NULL, '2019-20', '2020-21', 'XI IPS 1', 'Non Aktif', 38, 38, 38, 'mou', '2022-01-17 12:11:21', 'mou', '2022-02-08 17:42:03');
INSERT INTO `siswa` VALUES ('5428', 'Wayne Rooney', 'Laki Laki', '-', '-', NULL, '2019-20', '2020-21', 'XI IPS 1', 'Aktif', 39, 39, 39, 'mou', '2022-01-17 12:11:21', 'mou', '2022-01-17 12:15:50');
INSERT INTO `siswa` VALUES ('5429', 'Zlatan Ibrahimovic', 'Laki Laki', '-', '-', NULL, '2019-20', '2020-21', 'XI IPS 1', 'Aktif', 40, 40, 40, 'mou', '2022-01-17 12:11:21', 'mou', '2022-01-17 12:15:50');
INSERT INTO `siswa` VALUES ('5430', 'Harry Maguire', 'Laki laki', '-', '-', NULL, '2021-22', '2021-22', 'XI IPA 2', 'Aktif', 41, 41, 41, 'mou', '2022-01-17 12:23:06', 'mou', '2022-02-05 03:26:48');
COMMIT;

-- ----------------------------
-- Table structure for siswa_history
-- ----------------------------
DROP TABLE IF EXISTS `siswa_history`;
CREATE TABLE `siswa_history` (
  `id_history` bigint NOT NULL,
  `nis` varchar(10) NOT NULL,
  `tahun_ajaran` varchar(10) NOT NULL,
  `kelas` varchar(25) CHARACTER SET utf8mb4 COLLATE utf8mb4_0900_ai_ci NOT NULL,
  `dibuat_oleh` varchar(10) NOT NULL,
  `tanggal_buat` timestamp NOT NULL,
  `diubah_oleh` varchar(10) NOT NULL,
  `tanggal_ubah` timestamp NOT NULL,
  PRIMARY KEY (`id_history`,`nis`) USING BTREE
) ENGINE=InnoDB DEFAULT CHARSET=utf8mb4 COLLATE=utf8mb4_0900_ai_ci;

-- ----------------------------
-- Records of siswa_history
-- ----------------------------
BEGIN;
INSERT INTO `siswa_history` VALUES (1, '5390', '2019-20', 'X IPS 1', 'mou', '2022-01-17 12:14:49', 'mou', '2022-01-17 12:14:49');
INSERT INTO `siswa_history` VALUES (1, '5391', '2019-20', 'X IPS 1', 'mou', '2022-01-17 12:14:49', 'mou', '2022-01-17 12:14:49');
INSERT INTO `siswa_history` VALUES (1, '5392', '2019-20', 'X IPS 1', 'mou', '2022-01-17 12:14:49', 'mou', '2022-01-17 12:14:49');
INSERT INTO `siswa_history` VALUES (1, '5393', '2019-20', 'X IPS 1', 'mou', '2022-01-17 12:14:49', 'mou', '2022-01-17 12:14:49');
INSERT INTO `siswa_history` VALUES (1, '5394', '2019-20', 'X IPS 1', 'mou', '2022-01-17 12:14:49', 'mou', '2022-01-17 12:14:49');
INSERT INTO `siswa_history` VALUES (1, '5395', '2019-20', 'X IPS 1', 'mou', '2022-01-17 12:14:49', 'mou', '2022-01-17 12:14:49');
INSERT INTO `siswa_history` VALUES (1, '5396', '2019-20', 'X IPS 1', 'mou', '2022-01-17 12:14:49', 'mou', '2022-01-17 12:14:49');
INSERT INTO `siswa_history` VALUES (1, '5397', '2019-20', 'X IPS 1', 'mou', '2022-01-17 12:14:49', 'mou', '2022-01-17 12:14:49');
INSERT INTO `siswa_history` VALUES (1, '5398', '2019-20', 'X IPS 1', 'mou', '2022-01-17 12:14:49', 'mou', '2022-01-17 12:14:49');
INSERT INTO `siswa_history` VALUES (1, '5399', '2019-20', 'X IPS 1', 'mou', '2022-01-17 12:14:49', 'mou', '2022-01-17 12:14:49');
INSERT INTO `siswa_history` VALUES (1, '5400', '2019-20', 'X IPS 1', 'mou', '2022-01-17 12:14:49', 'mou', '2022-01-17 12:14:49');
INSERT INTO `siswa_history` VALUES (1, '5401', '2019-20', 'X IPS 1', 'mou', '2022-01-17 12:14:49', 'mou', '2022-01-17 12:14:49');
INSERT INTO `siswa_history` VALUES (1, '5402', '2019-20', 'X IPS 1', 'mou', '2022-01-17 12:14:49', 'mou', '2022-01-17 12:14:49');
INSERT INTO `siswa_history` VALUES (1, '5403', '2019-20', 'X IPS 1', 'mou', '2022-01-17 12:14:49', 'mou', '2022-01-17 12:14:49');
INSERT INTO `siswa_history` VALUES (1, '5404', '2019-20', 'X IPS 1', 'mou', '2022-01-17 12:14:49', 'mou', '2022-01-17 12:14:49');
INSERT INTO `siswa_history` VALUES (1, '5405', '2019-20', 'X IPS 1', 'mou', '2022-01-17 12:14:49', 'mou', '2022-01-17 12:14:49');
INSERT INTO `siswa_history` VALUES (1, '5406', '2019-20', 'X IPS 1', 'mou', '2022-01-17 12:14:49', 'mou', '2022-01-17 12:14:49');
INSERT INTO `siswa_history` VALUES (1, '5407', '2019-20', 'X IPS 1', 'mou', '2022-01-17 12:14:49', 'mou', '2022-01-17 12:14:49');
INSERT INTO `siswa_history` VALUES (1, '5408', '2019-20', 'X IPS 1', 'mou', '2022-01-17 12:14:49', 'mou', '2022-01-17 12:14:49');
INSERT INTO `siswa_history` VALUES (1, '5409', '2019-20', 'X IPS 1', 'mou', '2022-01-17 12:14:49', 'mou', '2022-01-17 12:14:49');
INSERT INTO `siswa_history` VALUES (1, '5410', '2019-20', 'X IPS 1', 'mou', '2022-01-17 12:14:49', 'mou', '2022-01-17 12:14:49');
INSERT INTO `siswa_history` VALUES (1, '5411', '2019-20', 'X IPS 1', 'mou', '2022-01-17 12:14:49', 'mou', '2022-01-17 12:14:49');
INSERT INTO `siswa_history` VALUES (1, '5412', '2019-20', 'X IPS 1', 'mou', '2022-01-17 12:14:49', 'mou', '2022-01-17 12:14:49');
INSERT INTO `siswa_history` VALUES (1, '5413', '2019-20', 'X IPS 1', 'mou', '2022-01-17 12:14:49', 'mou', '2022-01-17 12:14:49');
INSERT INTO `siswa_history` VALUES (1, '5414', '2019-20', 'X IPS 1', 'mou', '2022-01-17 12:14:49', 'mou', '2022-01-17 12:14:49');
INSERT INTO `siswa_history` VALUES (1, '5415', '2019-20', 'X IPS 1', 'mou', '2022-01-17 12:14:49', 'mou', '2022-01-17 12:14:49');
INSERT INTO `siswa_history` VALUES (1, '5416', '2019-20', 'X IPS 1', 'mou', '2022-01-17 12:14:49', 'mou', '2022-01-17 12:14:49');
INSERT INTO `siswa_history` VALUES (1, '5417', '2019-20', 'X IPS 1', 'mou', '2022-01-17 12:14:49', 'mou', '2022-01-17 12:14:49');
INSERT INTO `siswa_history` VALUES (1, '5418', '2019-20', 'X IPS 1', 'mou', '2022-01-17 12:14:49', 'mou', '2022-01-17 12:14:49');
INSERT INTO `siswa_history` VALUES (1, '5419', '2019-20', 'X IPS 1', 'mou', '2022-01-17 12:14:49', 'mou', '2022-01-17 12:14:49');
INSERT INTO `siswa_history` VALUES (1, '5420', '2019-20', 'X IPS 1', 'mou', '2022-01-17 12:14:49', 'mou', '2022-01-17 12:14:49');
INSERT INTO `siswa_history` VALUES (1, '5421', '2019-20', 'X IPS 1', 'mou', '2022-01-17 12:14:49', 'mou', '2022-01-17 12:14:49');
INSERT INTO `siswa_history` VALUES (1, '5422', '2019-20', 'X IPS 1', 'mou', '2022-01-17 12:14:49', 'mou', '2022-01-17 12:14:49');
INSERT INTO `siswa_history` VALUES (1, '5423', '2019-20', 'X IPS 1', 'mou', '2022-01-17 12:14:49', 'mou', '2022-01-17 12:14:49');
INSERT INTO `siswa_history` VALUES (1, '5424', '2019-20', 'X IPS 1', 'mou', '2022-01-17 12:14:49', 'mou', '2022-01-17 12:14:49');
INSERT INTO `siswa_history` VALUES (1, '5425', '2019-20', 'X IPS 1', 'mou', '2022-01-17 12:14:49', 'mou', '2022-01-17 12:14:49');
INSERT INTO `siswa_history` VALUES (1, '5426', '2019-20', 'X IPS 1', 'mou', '2022-01-17 12:14:49', 'mou', '2022-01-17 12:14:49');
INSERT INTO `siswa_history` VALUES (1, '5427', '2019-20', 'X IPS 1', 'mou', '2022-01-17 12:14:49', 'mou', '2022-01-17 12:14:49');
INSERT INTO `siswa_history` VALUES (1, '5428', '2019-20', 'X IPS 1', 'mou', '2022-01-17 12:14:49', 'mou', '2022-01-17 12:14:49');
INSERT INTO `siswa_history` VALUES (1, '5429', '2019-20', 'X IPS 1', 'mou', '2022-01-17 12:14:49', 'mou', '2022-01-17 12:14:49');
COMMIT;

-- ----------------------------
-- Table structure for transaksi
-- ----------------------------
DROP TABLE IF EXISTS `transaksi`;
CREATE TABLE `transaksi` (
  `id_transaksi` bigint NOT NULL,
  `nis` varchar(10) NOT NULL,
  `spp_tb_total` double NOT NULL DEFAULT '0',
  `spp_tb_bayar` double NOT NULL DEFAULT '0',
  `spp_tb_sisa` double NOT NULL DEFAULT '0',
  `spp_tb_lebih` double NOT NULL DEFAULT '0',
  `spp_tl_total` double NOT NULL DEFAULT '0',
  `spp_tl_bayar` double NOT NULL DEFAULT '0',
  `spp_tl_sisa` double NOT NULL DEFAULT '0',
  `spp_tl_lebih` double NOT NULL DEFAULT '0',
  `up_total` double NOT NULL DEFAULT '0',
  `up_bayar` double NOT NULL DEFAULT '0',
  `up_sisa` double NOT NULL DEFAULT '0',
  `up_lebih` double NOT NULL DEFAULT '0',
  `du_total` double NOT NULL,
  `du_bayar` double NOT NULL,
  `du_sisa` double NOT NULL,
  `du_lebih` double NOT NULL,
  `dibuat_oleh` varchar(10) NOT NULL,
  `tanggal_buat` timestamp NOT NULL DEFAULT CURRENT_TIMESTAMP,
  `diubah_oleh` varchar(10) NOT NULL,
  `tanggal_ubah` timestamp NOT NULL DEFAULT CURRENT_TIMESTAMP ON UPDATE CURRENT_TIMESTAMP,
  PRIMARY KEY (`id_transaksi`) USING BTREE
) ENGINE=InnoDB DEFAULT CHARSET=utf8mb4 COLLATE=utf8mb4_0900_ai_ci;

-- ----------------------------
-- Records of transaksi
-- ----------------------------
BEGIN;
INSERT INTO `transaksi` VALUES (1, '5390', 8100000, 1875000, 6225000, 0, 8100000, 8500000, 0, 400000, 1000000, 1300000, 0, 300000, 300000, 300000, 0, 0, 'mou', '2022-01-17 12:11:21', 'mou', '2022-01-20 13:36:45');
INSERT INTO `transaksi` VALUES (2, '5391', 8100000, 800000, 7300000, 125000, 8100000, 0, 8100000, 0, 1000000, 0, 1000000, 0, 300000, 0, 300000, 0, 'mou', '2022-01-17 12:11:21', 'mou', '2022-01-20 19:57:18');
INSERT INTO `transaksi` VALUES (3, '5392', 8100000, 0, 8100000, 0, 8100000, 0, 8100000, 0, 1000000, 0, 1000000, 0, 300000, 0, 300000, 0, 'mou', '2022-01-17 12:11:21', 'mou', '2022-01-17 12:14:49');
INSERT INTO `transaksi` VALUES (4, '5393', 8100000, 0, 8100000, 0, 8100000, 0, 8100000, 0, 1000000, 0, 1000000, 0, 300000, 0, 300000, 0, 'mou', '2022-01-17 12:11:21', 'mou', '2022-01-17 12:14:49');
INSERT INTO `transaksi` VALUES (5, '5394', 8100000, 0, 8100000, 0, 8100000, 0, 8100000, 0, 1000000, 0, 1000000, 0, 300000, 0, 300000, 0, 'mou', '2022-01-17 12:11:21', 'mou', '2022-01-17 12:14:49');
INSERT INTO `transaksi` VALUES (6, '5395', 8100000, 0, 8100000, 0, 8100000, 0, 8100000, 0, 1000000, 0, 1000000, 0, 300000, 0, 300000, 0, 'mou', '2022-01-17 12:11:21', 'mou', '2022-01-17 12:14:49');
INSERT INTO `transaksi` VALUES (7, '5396', 8100000, 0, 8100000, 0, 8100000, 0, 8100000, 0, 1000000, 0, 1000000, 0, 300000, 0, 300000, 0, 'mou', '2022-01-17 12:11:21', 'mou', '2022-01-17 12:14:49');
INSERT INTO `transaksi` VALUES (8, '5397', 8100000, 0, 8100000, 0, 8100000, 0, 8100000, 0, 1000000, 0, 1000000, 0, 300000, 0, 300000, 0, 'mou', '2022-01-17 12:11:21', 'mou', '2022-01-17 12:14:49');
INSERT INTO `transaksi` VALUES (9, '5398', 8100000, 0, 8100000, 0, 8100000, 0, 8100000, 0, 1000000, 0, 1000000, 0, 300000, 0, 300000, 0, 'mou', '2022-01-17 12:11:21', 'mou', '2022-01-17 12:14:49');
INSERT INTO `transaksi` VALUES (10, '5399', 8100000, 0, 8100000, 0, 8100000, 0, 8100000, 0, 1000000, 0, 1000000, 0, 300000, 0, 300000, 0, 'mou', '2022-01-17 12:11:21', 'mou', '2022-01-17 12:14:49');
INSERT INTO `transaksi` VALUES (11, '5400', 8100000, 0, 8100000, 0, 8100000, 0, 8100000, 0, 1000000, 0, 1000000, 0, 300000, 0, 300000, 0, 'mou', '2022-01-17 12:11:21', 'mou', '2022-01-17 12:14:49');
INSERT INTO `transaksi` VALUES (12, '5401', 8100000, 0, 8100000, 0, 8100000, 0, 8100000, 0, 1000000, 0, 1000000, 0, 300000, 0, 300000, 0, 'mou', '2022-01-17 12:11:21', 'mou', '2022-01-17 12:14:49');
INSERT INTO `transaksi` VALUES (13, '5402', 8100000, 0, 8100000, 0, 8100000, 0, 8100000, 0, 1000000, 0, 1000000, 0, 300000, 0, 300000, 0, 'mou', '2022-01-17 12:11:21', 'mou', '2022-01-17 12:14:49');
INSERT INTO `transaksi` VALUES (14, '5403', 8100000, 0, 8100000, 0, 8100000, 0, 8100000, 0, 1000000, 0, 1000000, 0, 300000, 0, 300000, 0, 'mou', '2022-01-17 12:11:21', 'mou', '2022-01-17 12:14:49');
INSERT INTO `transaksi` VALUES (15, '5404', 8100000, 0, 8100000, 0, 8100000, 0, 8100000, 0, 1000000, 0, 1000000, 0, 300000, 0, 300000, 0, 'mou', '2022-01-17 12:11:21', 'mou', '2022-01-17 12:14:49');
INSERT INTO `transaksi` VALUES (16, '5405', 8100000, 0, 8100000, 0, 8100000, 0, 8100000, 0, 1000000, 0, 1000000, 0, 300000, 0, 300000, 0, 'mou', '2022-01-17 12:11:21', 'mou', '2022-01-17 12:14:49');
INSERT INTO `transaksi` VALUES (17, '5406', 8100000, 0, 8100000, 0, 8100000, 0, 8100000, 0, 1000000, 0, 1000000, 0, 300000, 0, 300000, 0, 'mou', '2022-01-17 12:11:21', 'mou', '2022-01-17 12:14:49');
INSERT INTO `transaksi` VALUES (18, '5407', 8100000, 0, 8100000, 0, 8100000, 0, 8100000, 0, 1000000, 0, 1000000, 0, 300000, 0, 300000, 0, 'mou', '2022-01-17 12:11:21', 'mou', '2022-01-17 12:14:49');
INSERT INTO `transaksi` VALUES (19, '5408', 8100000, 0, 8100000, 0, 8100000, 0, 8100000, 0, 1000000, 0, 1000000, 0, 300000, 0, 300000, 0, 'mou', '2022-01-17 12:11:21', 'mou', '2022-01-17 12:14:49');
INSERT INTO `transaksi` VALUES (20, '5409', 8100000, 0, 8100000, 0, 8100000, 0, 8100000, 0, 1000000, 0, 1000000, 0, 300000, 0, 300000, 0, 'mou', '2022-01-17 12:11:21', 'mou', '2022-01-17 12:14:49');
INSERT INTO `transaksi` VALUES (21, '5410', 8100000, 0, 8100000, 0, 8100000, 0, 8100000, 0, 1000000, 0, 1000000, 0, 300000, 0, 300000, 0, 'mou', '2022-01-17 12:11:21', 'mou', '2022-01-17 12:14:49');
INSERT INTO `transaksi` VALUES (22, '5411', 8100000, 0, 8100000, 0, 8100000, 0, 8100000, 0, 1000000, 0, 1000000, 0, 300000, 0, 300000, 0, 'mou', '2022-01-17 12:11:21', 'mou', '2022-01-17 12:14:49');
INSERT INTO `transaksi` VALUES (23, '5412', 8100000, 0, 8100000, 0, 8100000, 0, 8100000, 0, 1000000, 0, 1000000, 0, 300000, 0, 300000, 0, 'mou', '2022-01-17 12:11:21', 'mou', '2022-01-17 12:14:49');
INSERT INTO `transaksi` VALUES (24, '5413', 8100000, 0, 8100000, 0, 8100000, 0, 8100000, 0, 1000000, 0, 1000000, 0, 300000, 0, 300000, 0, 'mou', '2022-01-17 12:11:21', 'mou', '2022-01-17 12:14:49');
INSERT INTO `transaksi` VALUES (25, '5414', 8100000, 0, 8100000, 0, 8100000, 0, 8100000, 0, 1000000, 0, 1000000, 0, 300000, 0, 300000, 0, 'mou', '2022-01-17 12:11:21', 'mou', '2022-01-17 12:14:49');
INSERT INTO `transaksi` VALUES (26, '5415', 8100000, 0, 8100000, 0, 8100000, 0, 8100000, 0, 1000000, 0, 1000000, 0, 300000, 0, 300000, 0, 'mou', '2022-01-17 12:11:21', 'mou', '2022-01-17 12:14:49');
INSERT INTO `transaksi` VALUES (27, '5416', 8100000, 0, 8100000, 0, 8100000, 0, 8100000, 0, 1000000, 0, 1000000, 0, 300000, 0, 300000, 0, 'mou', '2022-01-17 12:11:21', 'mou', '2022-01-17 12:14:49');
INSERT INTO `transaksi` VALUES (28, '5417', 8100000, 0, 8100000, 0, 8100000, 0, 8100000, 0, 1000000, 0, 1000000, 0, 300000, 0, 300000, 0, 'mou', '2022-01-17 12:11:21', 'mou', '2022-01-17 12:14:49');
INSERT INTO `transaksi` VALUES (29, '5418', 8100000, 0, 8100000, 0, 8100000, 0, 8100000, 0, 1000000, 0, 1000000, 0, 300000, 0, 300000, 0, 'mou', '2022-01-17 12:11:21', 'mou', '2022-01-17 12:14:49');
INSERT INTO `transaksi` VALUES (30, '5419', 8100000, 0, 8100000, 0, 8100000, 0, 8100000, 0, 1000000, 0, 1000000, 0, 300000, 0, 300000, 0, 'mou', '2022-01-17 12:11:21', 'mou', '2022-01-17 12:14:49');
INSERT INTO `transaksi` VALUES (31, '5420', 8100000, 0, 8100000, 0, 8100000, 0, 8100000, 0, 1000000, 0, 1000000, 0, 300000, 0, 300000, 0, 'mou', '2022-01-17 12:11:21', 'mou', '2022-01-17 12:14:49');
INSERT INTO `transaksi` VALUES (32, '5421', 8100000, 0, 8100000, 0, 8100000, 0, 8100000, 0, 1000000, 0, 1000000, 0, 300000, 0, 300000, 0, 'mou', '2022-01-17 12:11:21', 'mou', '2022-01-17 12:14:49');
INSERT INTO `transaksi` VALUES (33, '5422', 8100000, 0, 8100000, 0, 8100000, 0, 8100000, 0, 1000000, 0, 1000000, 0, 300000, 0, 300000, 0, 'mou', '2022-01-17 12:11:21', 'mou', '2022-01-17 12:14:49');
INSERT INTO `transaksi` VALUES (34, '5423', 8100000, 0, 8100000, 0, 8100000, 0, 8100000, 0, 1000000, 0, 1000000, 0, 300000, 0, 300000, 0, 'mou', '2022-01-17 12:11:21', 'mou', '2022-01-17 12:14:49');
INSERT INTO `transaksi` VALUES (35, '5424', 8100000, 0, 8100000, 0, 8100000, 0, 8100000, 0, 1000000, 0, 1000000, 0, 300000, 0, 300000, 0, 'mou', '2022-01-17 12:11:21', 'mou', '2022-01-17 12:14:49');
INSERT INTO `transaksi` VALUES (36, '5425', 8100000, 0, 8100000, 0, 8100000, 0, 8100000, 0, 1000000, 0, 1000000, 0, 300000, 0, 300000, 0, 'mou', '2022-01-17 12:11:21', 'mou', '2022-01-17 12:14:49');
INSERT INTO `transaksi` VALUES (37, '5426', 8100000, 0, 8100000, 0, 8100000, 0, 8100000, 0, 1000000, 0, 1000000, 0, 300000, 0, 300000, 0, 'mou', '2022-01-17 12:11:21', 'mou', '2022-01-17 12:14:49');
INSERT INTO `transaksi` VALUES (38, '5427', 8100000, 0, 8100000, 0, 8100000, 0, 8100000, 0, 1000000, 0, 1000000, 0, 300000, 0, 300000, 0, 'mou', '2022-01-17 12:11:21', 'mou', '2022-01-17 12:14:49');
INSERT INTO `transaksi` VALUES (39, '5428', 8100000, 0, 8100000, 0, 8100000, 0, 8100000, 0, 1000000, 0, 1000000, 0, 300000, 0, 300000, 0, 'mou', '2022-01-17 12:11:21', 'mou', '2022-01-17 12:14:49');
INSERT INTO `transaksi` VALUES (40, '5429', 8100000, 0, 8100000, 0, 8100000, 0, 8100000, 0, 1000000, 0, 1000000, 0, 300000, 0, 300000, 0, 'mou', '2022-01-17 12:11:21', 'mou', '2022-01-17 12:14:49');
INSERT INTO `transaksi` VALUES (41, '5430', 6000000, 4000000, 2000000, 0, 12000000, 12000000, 0, 0, 1000000, 0, 0, 500000, 0, 0, 0, 0, 'mou', '2022-01-17 12:23:06', 'mou', '2022-02-05 03:27:07');
COMMIT;

SET FOREIGN_KEY_CHECKS = 1;
