-- phpMyAdmin SQL Dump
-- version 5.1.0
-- https://www.phpmyadmin.net/
--
-- Host: localhost
-- Generation Time: Mar 31, 2022 at 09:27 AM
-- Server version: 10.4.18-MariaDB
-- PHP Version: 7.3.27

SET SQL_MODE = "NO_AUTO_VALUE_ON_ZERO";
START TRANSACTION;
SET time_zone = "+00:00";


/*!40101 SET @OLD_CHARACTER_SET_CLIENT=@@CHARACTER_SET_CLIENT */;
/*!40101 SET @OLD_CHARACTER_SET_RESULTS=@@CHARACTER_SET_RESULTS */;
/*!40101 SET @OLD_COLLATION_CONNECTION=@@COLLATION_CONNECTION */;
/*!40101 SET NAMES utf8mb4 */;

--
-- Database: `mlm`
--

-- --------------------------------------------------------

--
-- Table structure for table `application_fees_trans`
--

CREATE TABLE `application_fees_trans` (
  `id` int(11) NOT NULL,
  `utrn` varchar(255) NOT NULL,
  `amount` double NOT NULL,
  `trans_date` timestamp NOT NULL DEFAULT current_timestamp() ON UPDATE current_timestamp(),
  `user_id` int(11) NOT NULL
) ENGINE=InnoDB DEFAULT CHARSET=utf8mb4;

--
-- Dumping data for table `application_fees_trans`
--

INSERT INTO `application_fees_trans` (`id`, `utrn`, `amount`, `trans_date`, `user_id`) VALUES
(1, 'UTRN1', 600, '2022-03-28 18:30:00', 2),
(2, 'UTRN2', 650, '2022-03-28 18:30:00', 3),
(3, 'UTRA4', 600, '2022-03-28 18:30:00', 4),
(4, 'UTRN5', 600, '2022-03-28 18:30:00', 4),
(5, 'UTRN6', 600, '2022-03-28 18:30:00', 6),
(6, 'UTRN7', 600, '2022-03-28 18:30:00', 7),
(7, 'UTRN8', 600, '2022-03-28 18:30:00', 8),
(8, 'UTRN05', 600, '2022-03-28 18:30:00', 5),
(9, 'UTRN999888', 6000, '2022-03-29 18:30:00', 9);

-- --------------------------------------------------------

--
-- Table structure for table `bank_settings`
--

CREATE TABLE `bank_settings` (
  `id` int(11) NOT NULL,
  `donation_heading` text NOT NULL,
  `donation_description` text DEFAULT NULL,
  `account_name` varchar(255) DEFAULT NULL,
  `bank_name` text DEFAULT NULL,
  `account_no` varchar(255) DEFAULT NULL,
  `ifsc_code` varchar(255) DEFAULT NULL,
  `branch_address` text DEFAULT NULL,
  `donation_image` varchar(255) DEFAULT NULL
) ENGINE=InnoDB DEFAULT CHARSET=utf8mb4;

--
-- Dumping data for table `bank_settings`
--

INSERT INTO `bank_settings` (`id`, `donation_heading`, `donation_description`, `account_name`, `bank_name`, `account_no`, `ifsc_code`, `branch_address`, `donation_image`) VALUES
(1, 'Raise Your Hand To Right Place Or Foundation', '<p>Lorem ipsum dolor sit amet, consectetur adipisicing elit, sed do eiusmod tempor incididunt ut labore et dolore magna aliqua. Ut enim ad minim veniam, quis nostrud exercitation ullamco laboris nisi ut aliquip ex ea commodo consequat.</p>\r\n', 'Bigpage E-Commerce Pvt. Ltd.', 'ICICI Bank', '082405001897', 'ICIC0000824', 'Barasat nabapally', 'd520aca8de965b6be6922fed00d0e8b8.jpg');

-- --------------------------------------------------------

--
-- Table structure for table `business_settings`
--

CREATE TABLE `business_settings` (
  `id` int(11) NOT NULL,
  `level_step` int(11) NOT NULL,
  `designation` varchar(255) NOT NULL,
  `left_leg` int(11) NOT NULL,
  `right_leg` int(11) NOT NULL,
  `total_leg` int(11) NOT NULL,
  `anount` decimal(10,2) NOT NULL
) ENGINE=InnoDB DEFAULT CHARSET=utf8mb4;

--
-- Dumping data for table `business_settings`
--

INSERT INTO `business_settings` (`id`, `level_step`, `designation`, `left_leg`, `right_leg`, `total_leg`, `anount`) VALUES
(1, 1, 'Distributor', 2, 2, 4, '700.00'),
(3, 2, 'Block Distributor', 8, 8, 16, '1000.00'),
(4, 3, 'Sinier', 32, 30, 62, '2000.00');

-- --------------------------------------------------------

--
-- Table structure for table `cashback_settings`
--

CREATE TABLE `cashback_settings` (
  `id` int(11) NOT NULL,
  `total_member` int(11) NOT NULL,
  `amount` decimal(10,2) NOT NULL
) ENGINE=InnoDB DEFAULT CHARSET=utf8mb4;

--
-- Dumping data for table `cashback_settings`
--

INSERT INTO `cashback_settings` (`id`, `total_member`, `amount`) VALUES
(1, 200, '2000.00');

-- --------------------------------------------------------

--
-- Table structure for table `cashback_user_list`
--

CREATE TABLE `cashback_user_list` (
  `id` int(11) NOT NULL,
  `user_id` int(11) NOT NULL
) ENGINE=InnoDB DEFAULT CHARSET=utf8mb4;

-- --------------------------------------------------------

--
-- Table structure for table `cashback_user_trans`
--

CREATE TABLE `cashback_user_trans` (
  `id` int(11) NOT NULL,
  `user_id` int(11) NOT NULL,
  `amount` double(10,2) NOT NULL,
  `description` varchar(255) NOT NULL,
  `created_at` timestamp NULL DEFAULT NULL,
  `payment_on` timestamp NULL DEFAULT NULL,
  `status` tinyint(1) NOT NULL DEFAULT 0 COMMENT '0=pending 1= paid'
) ENGINE=InnoDB DEFAULT CHARSET=utf8mb4;

-- --------------------------------------------------------

--
-- Table structure for table `ci_sessions`
--

CREATE TABLE `ci_sessions` (
  `id` varchar(128) NOT NULL,
  `ip_address` varchar(45) NOT NULL,
  `timestamp` int(10) UNSIGNED NOT NULL DEFAULT 0,
  `data` blob NOT NULL
) ENGINE=InnoDB DEFAULT CHARSET=utf8;

--
-- Dumping data for table `ci_sessions`
--

INSERT INTO `ci_sessions` (`id`, `ip_address`, `timestamp`, `data`) VALUES
('63b1db5d8d466a72d7f3c52e93353861462d9569', '127.0.0.1', 1648463744, 0x5f5f63695f6c6173745f726567656e65726174657c693a313634383436333734343b62705f736573735f757365725f69647c733a313a2231223b62705f736573735f757365725f656d61696c7c733a31353a22696e666f40626967706167652e696e223b62705f736573735f757365725f726f6c657c733a353a2261646d696e223b62705f736573735f6c6f676765645f696e7c623a313b62705f736573735f757365726e616d657c733a353a2261646d696e223b62705f736573735f75736572747970657c733a353a2261646d696e223b),
('43f7e14c902ac1fd3920d009060a9355571bf940', '127.0.0.1', 1648464070, 0x5f5f63695f6c6173745f726567656e65726174657c693a313634383436343037303b62705f736573735f757365725f69647c733a313a2231223b62705f736573735f757365725f656d61696c7c733a31353a22696e666f40626967706167652e696e223b62705f736573735f757365725f726f6c657c733a353a2261646d696e223b62705f736573735f6c6f676765645f696e7c623a313b62705f736573735f757365726e616d657c733a353a2261646d696e223b62705f736573735f75736572747970657c733a353a2261646d696e223b),
('0b19e21f7d4a12345fea33a84246d7927a8a0ed5', '127.0.0.1', 1648464883, 0x5f5f63695f6c6173745f726567656e65726174657c693a313634383436343838333b62705f736573735f757365725f69647c733a313a2231223b62705f736573735f757365725f656d61696c7c733a31353a22696e666f40626967706167652e696e223b62705f736573735f757365725f726f6c657c733a353a2261646d696e223b62705f736573735f6c6f676765645f696e7c623a313b62705f736573735f757365726e616d657c733a353a2261646d696e223b62705f736573735f75736572747970657c733a353a2261646d696e223b),
('e7b582426d880744a742891976523db4c33be55b', '127.0.0.1', 1648465223, 0x5f5f63695f6c6173745f726567656e65726174657c693a313634383436353232333b62705f736573735f757365725f69647c733a313a2231223b62705f736573735f757365725f656d61696c7c733a31353a22696e666f40626967706167652e696e223b62705f736573735f757365725f726f6c657c733a353a2261646d696e223b62705f736573735f6c6f676765645f696e7c623a313b62705f736573735f757365726e616d657c733a353a2261646d696e223b62705f736573735f75736572747970657c733a353a2261646d696e223b),
('d1668bd294a8f9aa3268eaaf36b58cf0ec29700b', '127.0.0.1', 1648465576, 0x5f5f63695f6c6173745f726567656e65726174657c693a313634383436353537363b62705f736573735f757365725f69647c733a313a2231223b62705f736573735f757365725f656d61696c7c733a31353a22696e666f40626967706167652e696e223b62705f736573735f757365725f726f6c657c733a353a2261646d696e223b62705f736573735f6c6f676765645f696e7c623a313b62705f736573735f757365726e616d657c733a353a2261646d696e223b62705f736573735f75736572747970657c733a353a2261646d696e223b),
('d0c9cbb7d5daa787b1575d3ac9e9ba88b67a48e9', '127.0.0.1', 1648465903, 0x5f5f63695f6c6173745f726567656e65726174657c693a313634383436353930333b62705f736573735f757365725f69647c733a313a2231223b62705f736573735f757365725f656d61696c7c733a31353a22696e666f40626967706167652e696e223b62705f736573735f757365725f726f6c657c733a353a2261646d696e223b62705f736573735f6c6f676765645f696e7c623a313b62705f736573735f757365726e616d657c733a353a2261646d696e223b62705f736573735f75736572747970657c733a353a2261646d696e223b),
('41e8f4287c29843ee5f176fab9c346157356ab7d', '127.0.0.1', 1648466334, 0x5f5f63695f6c6173745f726567656e65726174657c693a313634383436363333343b62705f736573735f757365725f69647c733a313a2231223b62705f736573735f757365725f656d61696c7c733a31353a22696e666f40626967706167652e696e223b62705f736573735f757365725f726f6c657c733a353a2261646d696e223b62705f736573735f6c6f676765645f696e7c623a313b62705f736573735f757365726e616d657c733a353a2261646d696e223b62705f736573735f75736572747970657c733a353a2261646d696e223b),
('424e4154c66492a19625290e1f370a6f7adfc624', '127.0.0.1', 1648466813, 0x5f5f63695f6c6173745f726567656e65726174657c693a313634383436363831333b62705f736573735f757365725f69647c733a313a2231223b62705f736573735f757365725f656d61696c7c733a31353a22696e666f40626967706167652e696e223b62705f736573735f757365725f726f6c657c733a353a2261646d696e223b62705f736573735f6c6f676765645f696e7c623a313b62705f736573735f757365726e616d657c733a353a2261646d696e223b62705f736573735f75736572747970657c733a353a2261646d696e223b),
('d55bd0e3624cd872d7b49d826eb89b813a0aed45', '127.0.0.1', 1648467134, 0x5f5f63695f6c6173745f726567656e65726174657c693a313634383436373133343b62705f736573735f757365725f69647c733a313a2231223b62705f736573735f757365725f656d61696c7c733a31353a22696e666f40626967706167652e696e223b62705f736573735f757365725f726f6c657c733a353a2261646d696e223b62705f736573735f6c6f676765645f696e7c623a313b62705f736573735f757365726e616d657c733a353a2261646d696e223b62705f736573735f75736572747970657c733a353a2261646d696e223b),
('53c1695ca8aa38aea43fe8bb831016890241608c', '127.0.0.1', 1648467455, 0x5f5f63695f6c6173745f726567656e65726174657c693a313634383436373435353b62705f736573735f757365725f69647c733a313a2231223b62705f736573735f757365725f656d61696c7c733a31353a22696e666f40626967706167652e696e223b62705f736573735f757365725f726f6c657c733a353a2261646d696e223b62705f736573735f6c6f676765645f696e7c623a313b62705f736573735f757365726e616d657c733a353a2261646d696e223b62705f736573735f75736572747970657c733a353a2261646d696e223b),
('b11662d9dbfd0ff8434f6493d8b8edf9b4722c7e', '127.0.0.1', 1648468705, 0x5f5f63695f6c6173745f726567656e65726174657c693a313634383436383730353b62705f736573735f757365725f69647c733a313a2231223b62705f736573735f757365725f656d61696c7c733a31353a22696e666f40626967706167652e696e223b62705f736573735f757365725f726f6c657c733a353a2261646d696e223b62705f736573735f6c6f676765645f696e7c623a313b62705f736573735f757365726e616d657c733a353a2261646d696e223b62705f736573735f75736572747970657c733a353a2261646d696e223b737563636573737c733a32303a22416c6c205061796d656e742052656c6561736564223b5f5f63695f766172737c613a313a7b733a373a2273756363657373223b733a333a226f6c64223b7d),
('65eef8cfadec7c1b9167262aa3967a3efc6a2a0a', '127.0.0.1', 1648469226, 0x5f5f63695f6c6173745f726567656e65726174657c693a313634383436393232363b62705f736573735f757365725f69647c733a313a2231223b62705f736573735f757365725f656d61696c7c733a31353a22696e666f40626967706167652e696e223b62705f736573735f757365725f726f6c657c733a353a2261646d696e223b62705f736573735f6c6f676765645f696e7c623a313b62705f736573735f757365726e616d657c733a353a2261646d696e223b62705f736573735f75736572747970657c733a353a2261646d696e223b),
('d9c07609ef045d7cdd7ad9d71ff9b12b8b338085', '127.0.0.1', 1648469716, 0x5f5f63695f6c6173745f726567656e65726174657c693a313634383436393731363b62705f736573735f757365725f69647c733a313a2231223b62705f736573735f757365725f656d61696c7c733a31353a22696e666f40626967706167652e696e223b62705f736573735f757365725f726f6c657c733a353a2261646d696e223b62705f736573735f6c6f676765645f696e7c623a313b62705f736573735f757365726e616d657c733a353a2261646d696e223b62705f736573735f75736572747970657c733a353a2261646d696e223b),
('0549ff570c0a03a949360e2abd6d91c33417093c', '127.0.0.1', 1648470154, 0x5f5f63695f6c6173745f726567656e65726174657c693a313634383437303135343b62705f736573735f757365725f69647c733a313a2231223b62705f736573735f757365725f656d61696c7c733a31353a22696e666f40626967706167652e696e223b62705f736573735f757365725f726f6c657c733a353a2261646d696e223b62705f736573735f6c6f676765645f696e7c623a313b62705f736573735f757365726e616d657c733a353a2261646d696e223b62705f736573735f75736572747970657c733a353a2261646d696e223b),
('4c39d3db8a7b1f35779fcef85b00ca2c1349d9c4', '127.0.0.1', 1648470452, 0x5f5f63695f6c6173745f726567656e65726174657c693a313634383437303135343b62705f736573735f757365725f69647c733a313a2231223b62705f736573735f757365725f656d61696c7c733a31353a22696e666f40626967706167652e696e223b62705f736573735f757365725f726f6c657c733a353a2261646d696e223b62705f736573735f6c6f676765645f696e7c623a313b62705f736573735f757365726e616d657c733a353a2261646d696e223b62705f736573735f75736572747970657c733a353a2261646d696e223b),
('79a4b50c3e13ea13a47746d33f7e32d86fd55445', '127.0.0.1', 1648532274, 0x5f5f63695f6c6173745f726567656e65726174657c693a313634383533323237343b62705f736573735f757365725f69647c733a313a2231223b62705f736573735f757365725f656d61696c7c733a31353a22696e666f40626967706167652e696e223b62705f736573735f757365725f726f6c657c733a353a2261646d696e223b62705f736573735f6c6f676765645f696e7c623a313b62705f736573735f757365726e616d657c733a353a2261646d696e223b62705f736573735f75736572747970657c733a353a2261646d696e223b),
('49e7fb3b0d7b2d2ef0c5ff2a9b5fbeac9129ed20', '127.0.0.1', 1648533505, 0x5f5f63695f6c6173745f726567656e65726174657c693a313634383533333530353b62705f736573735f757365725f69647c733a313a2231223b62705f736573735f757365725f656d61696c7c733a31353a22696e666f40626967706167652e696e223b62705f736573735f757365725f726f6c657c733a353a2261646d696e223b62705f736573735f6c6f676765645f696e7c623a313b62705f736573735f757365726e616d657c733a353a2261646d696e223b62705f736573735f75736572747970657c733a353a2261646d696e223b),
('b1cf539db10c40ea21e6fabf1ff5055d4c61b696', '127.0.0.1', 1648534426, 0x5f5f63695f6c6173745f726567656e65726174657c693a313634383533343432363b62705f736573735f757365725f69647c733a313a2231223b62705f736573735f757365725f656d61696c7c733a31353a22696e666f40626967706167652e696e223b62705f736573735f757365725f726f6c657c733a353a2261646d696e223b62705f736573735f6c6f676765645f696e7c623a313b62705f736573735f757365726e616d657c733a353a2261646d696e223b62705f736573735f75736572747970657c733a353a2261646d696e223b),
('45733d8eecd6ec3e30071359c5355da0edb5e691', '127.0.0.1', 1648534738, 0x5f5f63695f6c6173745f726567656e65726174657c693a313634383533343733383b62705f736573735f757365725f69647c733a313a2231223b62705f736573735f757365725f656d61696c7c733a31353a22696e666f40626967706167652e696e223b62705f736573735f757365725f726f6c657c733a353a2261646d696e223b62705f736573735f6c6f676765645f696e7c623a313b62705f736573735f757365726e616d657c733a353a2261646d696e223b62705f736573735f75736572747970657c733a353a2261646d696e223b),
('0303a1bb9990fc02617a889988e69b8f001195b9', '127.0.0.1', 1648535057, 0x5f5f63695f6c6173745f726567656e65726174657c693a313634383533353035373b62705f736573735f757365725f69647c733a313a2231223b62705f736573735f757365725f656d61696c7c733a31353a22696e666f40626967706167652e696e223b62705f736573735f757365725f726f6c657c733a353a2261646d696e223b62705f736573735f6c6f676765645f696e7c623a313b62705f736573735f757365726e616d657c733a353a2261646d696e223b62705f736573735f75736572747970657c733a353a2261646d696e223b),
('6b7b5d12cc329204ad1f87745b80256a9bbf754a', '127.0.0.1', 1648535368, 0x5f5f63695f6c6173745f726567656e65726174657c693a313634383533353336383b62705f736573735f757365725f69647c733a313a2231223b62705f736573735f757365725f656d61696c7c733a31353a22696e666f40626967706167652e696e223b62705f736573735f757365725f726f6c657c733a353a2261646d696e223b62705f736573735f6c6f676765645f696e7c623a313b62705f736573735f757365726e616d657c733a353a2261646d696e223b62705f736573735f75736572747970657c733a353a2261646d696e223b),
('7885b46467295ac70af7184e48467ff74ff97117', '127.0.0.1', 1648535791, 0x5f5f63695f6c6173745f726567656e65726174657c693a313634383533353739313b62705f736573735f757365725f69647c733a313a2231223b62705f736573735f757365725f656d61696c7c733a31353a22696e666f40626967706167652e696e223b62705f736573735f757365725f726f6c657c733a353a2261646d696e223b62705f736573735f6c6f676765645f696e7c623a313b62705f736573735f757365726e616d657c733a353a2261646d696e223b62705f736573735f75736572747970657c733a353a2261646d696e223b),
('6353696e3f72ca056bd6f23720573a795be9d56e', '127.0.0.1', 1648537458, 0x5f5f63695f6c6173745f726567656e65726174657c693a313634383533373435383b62705f736573735f757365725f69647c733a313a2231223b62705f736573735f757365725f656d61696c7c733a31353a22696e666f40626967706167652e696e223b62705f736573735f757365725f726f6c657c733a353a2261646d696e223b62705f736573735f6c6f676765645f696e7c623a313b62705f736573735f757365726e616d657c733a353a2261646d696e223b62705f736573735f75736572747970657c733a353a2261646d696e223b),
('0af7acc84c7359f46765d16b958ef65f1a1fa4b6', '127.0.0.1', 1648537784, 0x5f5f63695f6c6173745f726567656e65726174657c693a313634383533373738343b62705f736573735f757365725f69647c733a313a2231223b62705f736573735f757365725f656d61696c7c733a31353a22696e666f40626967706167652e696e223b62705f736573735f757365725f726f6c657c733a353a2261646d696e223b62705f736573735f6c6f676765645f696e7c623a313b62705f736573735f757365726e616d657c733a353a2261646d696e223b62705f736573735f75736572747970657c733a353a2261646d696e223b),
('a685dd3a51ab83ea6c846800c84d0f0b158c0803', '127.0.0.1', 1648538107, 0x5f5f63695f6c6173745f726567656e65726174657c693a313634383533383130373b62705f736573735f757365725f69647c733a313a2231223b62705f736573735f757365725f656d61696c7c733a31353a22696e666f40626967706167652e696e223b62705f736573735f757365725f726f6c657c733a353a2261646d696e223b62705f736573735f6c6f676765645f696e7c623a313b62705f736573735f757365726e616d657c733a353a2261646d696e223b62705f736573735f75736572747970657c733a353a2261646d696e223b),
('0884515d027a4ea1f55e8441a3706c00edd48204', '127.0.0.1', 1648538452, 0x5f5f63695f6c6173745f726567656e65726174657c693a313634383533383435323b62705f736573735f757365725f69647c733a313a2231223b62705f736573735f757365725f656d61696c7c733a31353a22696e666f40626967706167652e696e223b62705f736573735f757365725f726f6c657c733a353a2261646d696e223b62705f736573735f6c6f676765645f696e7c623a313b62705f736573735f757365726e616d657c733a353a2261646d696e223b62705f736573735f75736572747970657c733a353a2261646d696e223b),
('4f3d87e55731b65d5ea7c26ceebbe8207358a595', '127.0.0.1', 1648538851, 0x5f5f63695f6c6173745f726567656e65726174657c693a313634383533383835313b62705f736573735f757365725f69647c733a313a2231223b62705f736573735f757365725f656d61696c7c733a31353a22696e666f40626967706167652e696e223b62705f736573735f757365725f726f6c657c733a353a2261646d696e223b62705f736573735f6c6f676765645f696e7c623a313b62705f736573735f757365726e616d657c733a353a2261646d696e223b62705f736573735f75736572747970657c733a353a2261646d696e223b),
('d5519d6f63353e0ab53ce3142834bb4240dd62b0', '127.0.0.1', 1648539308, 0x5f5f63695f6c6173745f726567656e65726174657c693a313634383533393330383b62705f736573735f757365725f69647c733a313a2231223b62705f736573735f757365725f656d61696c7c733a31353a22696e666f40626967706167652e696e223b62705f736573735f757365725f726f6c657c733a353a2261646d696e223b62705f736573735f6c6f676765645f696e7c623a313b62705f736573735f757365726e616d657c733a353a2261646d696e223b62705f736573735f75736572747970657c733a353a2261646d696e223b),
('ec3c096afc38e08b976ddb390babf3a949d94516', '127.0.0.1', 1648539698, 0x5f5f63695f6c6173745f726567656e65726174657c693a313634383533393639383b62705f736573735f757365725f69647c733a313a2231223b62705f736573735f757365725f656d61696c7c733a31353a22696e666f40626967706167652e696e223b62705f736573735f757365725f726f6c657c733a353a2261646d696e223b62705f736573735f6c6f676765645f696e7c623a313b62705f736573735f757365726e616d657c733a353a2261646d696e223b62705f736573735f75736572747970657c733a353a2261646d696e223b),
('e8b395c350bf3dead3d0cd206e57f7cb42d81f91', '127.0.0.1', 1648540019, 0x5f5f63695f6c6173745f726567656e65726174657c693a313634383534303031393b62705f736573735f757365725f69647c733a313a2231223b62705f736573735f757365725f656d61696c7c733a31353a22696e666f40626967706167652e696e223b62705f736573735f757365725f726f6c657c733a353a2261646d696e223b62705f736573735f6c6f676765645f696e7c623a313b62705f736573735f757365726e616d657c733a353a2261646d696e223b62705f736573735f75736572747970657c733a353a2261646d696e223b),
('cda063dfe435d00e87c421c21e0d5e83c03809a7', '127.0.0.1', 1648541399, 0x5f5f63695f6c6173745f726567656e65726174657c693a313634383534313339393b62705f736573735f757365725f69647c733a313a2231223b62705f736573735f757365725f656d61696c7c733a31353a22696e666f40626967706167652e696e223b62705f736573735f757365725f726f6c657c733a353a2261646d696e223b62705f736573735f6c6f676765645f696e7c623a313b62705f736573735f757365726e616d657c733a353a2261646d696e223b62705f736573735f75736572747970657c733a353a2261646d696e223b),
('dab47a980ea883c442210e241bc0e69da39a5e9a', '127.0.0.1', 1648541800, 0x5f5f63695f6c6173745f726567656e65726174657c693a313634383534313830303b62705f736573735f757365725f69647c733a313a2231223b62705f736573735f757365725f656d61696c7c733a31353a22696e666f40626967706167652e696e223b62705f736573735f757365725f726f6c657c733a353a2261646d696e223b62705f736573735f6c6f676765645f696e7c623a313b62705f736573735f757365726e616d657c733a353a2261646d696e223b62705f736573735f75736572747970657c733a353a2261646d696e223b),
('236bd76dbfb652edcf267713e96451d3207fac55', '127.0.0.1', 1648543096, 0x5f5f63695f6c6173745f726567656e65726174657c693a313634383534333039363b62705f736573735f757365725f69647c733a313a2231223b62705f736573735f757365725f656d61696c7c733a31353a22696e666f40626967706167652e696e223b62705f736573735f757365725f726f6c657c733a353a2261646d696e223b62705f736573735f6c6f676765645f696e7c623a313b62705f736573735f757365726e616d657c733a353a2261646d696e223b62705f736573735f75736572747970657c733a353a2261646d696e223b),
('a1e442e4f8324975622c4f528a824e4e96adcbec', '127.0.0.1', 1648548284, 0x5f5f63695f6c6173745f726567656e65726174657c693a313634383534383238343b62705f736573735f757365725f69647c733a313a2231223b62705f736573735f757365725f656d61696c7c733a31353a22696e666f40626967706167652e696e223b62705f736573735f757365725f726f6c657c733a353a2261646d696e223b62705f736573735f6c6f676765645f696e7c623a313b62705f736573735f757365726e616d657c733a353a2261646d696e223b62705f736573735f75736572747970657c733a353a2261646d696e223b),
('e9a22d541746a1ffd861eb49cd1eff4a14348c00', '127.0.0.1', 1648548867, 0x5f5f63695f6c6173745f726567656e65726174657c693a313634383534383836373b),
('77706fae4c5033a0dc8a39a48b71de1166fd01c8', '127.0.0.1', 1648549227, 0x5f5f63695f6c6173745f726567656e65726174657c693a313634383534393232373b),
('627abf6930785d751a2afa1f69f5a8756fe9933e', '127.0.0.1', 1648549692, 0x5f5f63695f6c6173745f726567656e65726174657c693a313634383534393639323b62705f736573735f757365725f69647c733a313a2231223b62705f736573735f757365725f656d61696c7c733a31353a22696e666f40626967706167652e696e223b62705f736573735f757365725f726f6c657c733a353a2261646d696e223b62705f736573735f6c6f676765645f696e7c623a313b62705f736573735f757365726e616d657c733a353a2261646d696e223b62705f736573735f75736572747970657c733a353a2261646d696e223b),
('b290772bde8859daa31cf929f9053836fedf6784', '127.0.0.1', 1648549552, 0x5f5f63695f6c6173745f726567656e65726174657c693a313634383534393535323b),
('227338a370d65969eea24739be263abe6a16bf04', '127.0.0.1', 1648549952, 0x5f5f63695f6c6173745f726567656e65726174657c693a313634383534393935323b),
('5ca8def332a4c4816c10e2bd3dea96a556dafdce', '127.0.0.1', 1648549692, 0x5f5f63695f6c6173745f726567656e65726174657c693a313634383534393639323b62705f736573735f757365725f69647c733a313a2231223b62705f736573735f757365725f656d61696c7c733a31353a22696e666f40626967706167652e696e223b62705f736573735f757365725f726f6c657c733a353a2261646d696e223b62705f736573735f6c6f676765645f696e7c623a313b62705f736573735f757365726e616d657c733a353a2261646d696e223b62705f736573735f75736572747970657c733a353a2261646d696e223b),
('6adb79d89e587cec516a2a05f7f0d045820e43bf', '127.0.0.1', 1648550322, 0x5f5f63695f6c6173745f726567656e65726174657c693a313634383535303332323b62705f736573735f757365725f69647c733a313a2231223b62705f736573735f757365725f656d61696c7c733a31353a22696e666f40626967706167652e696e223b62705f736573735f757365725f726f6c657c733a353a2261646d696e223b62705f736573735f6c6f676765645f696e7c623a313b62705f736573735f757365726e616d657c733a353a2261646d696e223b62705f736573735f75736572747970657c733a353a2261646d696e223b),
('265b8af6b8137a6d8e5eeb9cbcde067b4ac03047', '127.0.0.1', 1648550628, 0x5f5f63695f6c6173745f726567656e65726174657c693a313634383535303632383b62705f736573735f757365725f69647c733a313a2231223b62705f736573735f757365725f656d61696c7c733a31353a22696e666f40626967706167652e696e223b62705f736573735f757365725f726f6c657c733a353a2261646d696e223b62705f736573735f6c6f676765645f696e7c623a313b62705f736573735f757365726e616d657c733a353a2261646d696e223b62705f736573735f75736572747970657c733a353a2261646d696e223b),
('3a0541fd1d17924cfbbbbe02e45ce493455c9f28', '127.0.0.1', 1648551273, 0x5f5f63695f6c6173745f726567656e65726174657c693a313634383535313237333b62705f736573735f757365725f69647c733a313a2231223b62705f736573735f757365725f656d61696c7c733a31353a22696e666f40626967706167652e696e223b62705f736573735f757365725f726f6c657c733a353a2261646d696e223b62705f736573735f6c6f676765645f696e7c623a313b62705f736573735f757365726e616d657c733a353a2261646d696e223b62705f736573735f75736572747970657c733a353a2261646d696e223b),
('0f1f3c254d7e02ac22cbecf6d1b2f201480e0a0c', '127.0.0.1', 1648552721, 0x5f5f63695f6c6173745f726567656e65726174657c693a313634383535323732313b62705f736573735f757365725f69647c733a313a2231223b62705f736573735f757365725f656d61696c7c733a31353a22696e666f40626967706167652e696e223b62705f736573735f757365725f726f6c657c733a353a2261646d696e223b62705f736573735f6c6f676765645f696e7c623a313b62705f736573735f757365726e616d657c733a353a2261646d696e223b62705f736573735f75736572747970657c733a353a2261646d696e223b),
('4e41ab839ac70f3fad16fb06a0b70eb176d625d8', '127.0.0.1', 1648553052, 0x5f5f63695f6c6173745f726567656e65726174657c693a313634383535333035323b62705f736573735f757365725f69647c733a313a2231223b62705f736573735f757365725f656d61696c7c733a31353a22696e666f40626967706167652e696e223b62705f736573735f757365725f726f6c657c733a353a2261646d696e223b62705f736573735f6c6f676765645f696e7c623a313b62705f736573735f757365726e616d657c733a353a2261646d696e223b62705f736573735f75736572747970657c733a353a2261646d696e223b),
('3c59a2480e0a058e9286d1ac88097bf74d830e62', '127.0.0.1', 1648553366, 0x5f5f63695f6c6173745f726567656e65726174657c693a313634383535333336363b62705f736573735f757365725f69647c733a313a2231223b62705f736573735f757365725f656d61696c7c733a31353a22696e666f40626967706167652e696e223b62705f736573735f757365725f726f6c657c733a353a2261646d696e223b62705f736573735f6c6f676765645f696e7c623a313b62705f736573735f757365726e616d657c733a353a2261646d696e223b62705f736573735f75736572747970657c733a353a2261646d696e223b),
('443e3a8961969766c1f2164da65b841132fe7874', '127.0.0.1', 1648553798, 0x5f5f63695f6c6173745f726567656e65726174657c693a313634383535333739383b62705f736573735f757365725f69647c733a313a2231223b62705f736573735f757365725f656d61696c7c733a31353a22696e666f40626967706167652e696e223b62705f736573735f757365725f726f6c657c733a353a2261646d696e223b62705f736573735f6c6f676765645f696e7c623a313b62705f736573735f757365726e616d657c733a353a2261646d696e223b62705f736573735f75736572747970657c733a353a2261646d696e223b),
('62af558c93f024ea78996c82def2e70e7c25d726', '127.0.0.1', 1648558356, 0x5f5f63695f6c6173745f726567656e65726174657c693a313634383535383335363b62705f736573735f757365725f69647c733a313a2231223b62705f736573735f757365725f656d61696c7c733a31353a22696e666f40626967706167652e696e223b62705f736573735f757365725f726f6c657c733a353a2261646d696e223b62705f736573735f6c6f676765645f696e7c623a313b62705f736573735f757365726e616d657c733a353a2261646d696e223b62705f736573735f75736572747970657c733a353a2261646d696e223b),
('d41398edc8456b9f2054468341e1774fd0543a8f', '127.0.0.1', 1648558818, 0x5f5f63695f6c6173745f726567656e65726174657c693a313634383535383335363b62705f736573735f757365725f69647c733a313a2231223b62705f736573735f757365725f656d61696c7c733a31353a22696e666f40626967706167652e696e223b62705f736573735f757365725f726f6c657c733a353a2261646d696e223b62705f736573735f6c6f676765645f696e7c623a313b62705f736573735f757365726e616d657c733a353a2261646d696e223b62705f736573735f75736572747970657c733a353a2261646d696e223b),
('53d153608d419a623047d462f53f083174b24ce4', '127.0.0.1', 1648618556, 0x5f5f63695f6c6173745f726567656e65726174657c693a313634383631383535353b),
('deded6ae571af6df976501ac0212561a268bdab4', '127.0.0.1', 1648621544, 0x5f5f63695f6c6173745f726567656e65726174657c693a313634383632313534343b),
('f1c62bdb9148c8aa669425906443704d7b9a8a39', '127.0.0.1', 1648621889, 0x5f5f63695f6c6173745f726567656e65726174657c693a313634383632313838393b62705f736573735f757365725f69647c733a313a2231223b62705f736573735f757365725f656d61696c7c733a31353a22696e666f40626967706167652e696e223b62705f736573735f757365725f726f6c657c733a353a2261646d696e223b62705f736573735f6c6f676765645f696e7c623a313b62705f736573735f757365726e616d657c733a353a2261646d696e223b62705f736573735f75736572747970657c733a353a2261646d696e223b),
('c7f5055a44251a47eb3c9367f2a838f217534a84', '127.0.0.1', 1648622261, 0x5f5f63695f6c6173745f726567656e65726174657c693a313634383632323236313b62705f736573735f757365725f69647c733a313a2231223b62705f736573735f757365725f656d61696c7c733a31353a22696e666f40626967706167652e696e223b62705f736573735f757365725f726f6c657c733a353a2261646d696e223b62705f736573735f6c6f676765645f696e7c623a313b62705f736573735f757365726e616d657c733a353a2261646d696e223b62705f736573735f75736572747970657c733a353a2261646d696e223b),
('abe7e2cdffc1ee3832ff23284c50fe98922f7c61', '127.0.0.1', 1648622695, 0x5f5f63695f6c6173745f726567656e65726174657c693a313634383632323639353b62705f736573735f757365725f69647c733a313a2231223b62705f736573735f757365725f656d61696c7c733a31353a22696e666f40626967706167652e696e223b62705f736573735f757365725f726f6c657c733a353a2261646d696e223b62705f736573735f6c6f676765645f696e7c623a313b62705f736573735f757365726e616d657c733a353a2261646d696e223b62705f736573735f75736572747970657c733a353a2261646d696e223b),
('66119655f5b1450eba6749fbf091a63700cdfeed', '127.0.0.1', 1648622725, 0x5f5f63695f6c6173745f726567656e65726174657c693a313634383632323639353b62705f736573735f757365725f69647c733a313a2231223b62705f736573735f757365725f656d61696c7c733a31353a22696e666f40626967706167652e696e223b62705f736573735f757365725f726f6c657c733a353a2261646d696e223b62705f736573735f6c6f676765645f696e7c623a313b62705f736573735f757365726e616d657c733a353a2261646d696e223b62705f736573735f75736572747970657c733a353a2261646d696e223b),
('e277e19f20404d305ecd50f85faadf6e94d5b785', '127.0.0.1', 1648708759, 0x5f5f63695f6c6173745f726567656e65726174657c693a313634383730383735393b),
('f2c6998da753cfd0f80f3d766684bfdb4b49c900', '127.0.0.1', 1648709398, 0x5f5f63695f6c6173745f726567656e65726174657c693a313634383730393339383b),
('f7d9f58cc5c6b2442ed9a50bdeb3cb5a06fa3633', '127.0.0.1', 1648711255, 0x5f5f63695f6c6173745f726567656e65726174657c693a313634383731313235353b62705f736573735f757365725f69647c733a313a2231223b62705f736573735f757365725f656d61696c7c733a31353a22696e666f40626967706167652e696e223b62705f736573735f757365725f726f6c657c733a353a2261646d696e223b62705f736573735f6c6f676765645f696e7c623a313b62705f736573735f757365726e616d657c733a353a2261646d696e223b62705f736573735f75736572747970657c733a353a2261646d696e223b),
('c161f738c14c79e0908c635f3d2169ab27b03b71', '127.0.0.1', 1648711587, 0x5f5f63695f6c6173745f726567656e65726174657c693a313634383731313538373b62705f736573735f757365725f69647c733a313a2231223b62705f736573735f757365725f656d61696c7c733a31353a22696e666f40626967706167652e696e223b62705f736573735f757365725f726f6c657c733a353a2261646d696e223b62705f736573735f6c6f676765645f696e7c623a313b62705f736573735f757365726e616d657c733a353a2261646d696e223b62705f736573735f75736572747970657c733a353a2261646d696e223b),
('a7b737f2ff6b92a78d204e598ed0448ed5e53d41', '127.0.0.1', 1648711651, 0x5f5f63695f6c6173745f726567656e65726174657c693a313634383731313538373b62705f736573735f757365725f69647c733a313a2231223b62705f736573735f757365725f656d61696c7c733a31353a22696e666f40626967706167652e696e223b62705f736573735f757365725f726f6c657c733a353a2261646d696e223b62705f736573735f6c6f676765645f696e7c623a313b62705f736573735f757365726e616d657c733a353a2261646d696e223b62705f736573735f75736572747970657c733a353a2261646d696e223b);

-- --------------------------------------------------------

--
-- Table structure for table `company_rewad_tracking`
--

CREATE TABLE `company_rewad_tracking` (
  `id` int(11) NOT NULL,
  `user_id` int(11) NOT NULL,
  `amount` double(10,2) NOT NULL,
  `description` varchar(255) NOT NULL,
  `created_at` timestamp NULL DEFAULT NULL,
  `payment_on` timestamp NULL DEFAULT NULL,
  `status` tinyint(1) NOT NULL DEFAULT 0 COMMENT '0=pending 1= paid'
) ENGINE=InnoDB DEFAULT CHARSET=utf8mb4;

-- --------------------------------------------------------

--
-- Table structure for table `company_reward_settings`
--

CREATE TABLE `company_reward_settings` (
  `id` int(11) NOT NULL,
  `level_step` int(11) NOT NULL,
  `timeline` varchar(255) NOT NULL,
  `reward_name` varchar(255) NOT NULL,
  `price` decimal(10,2) NOT NULL
) ENGINE=InnoDB DEFAULT CHARSET=utf8mb4;

--
-- Dumping data for table `company_reward_settings`
--

INSERT INTO `company_reward_settings` (`id`, `level_step`, `timeline`, `reward_name`, `price`) VALUES
(3, 4, '15', 'watch', '225.00');

-- --------------------------------------------------------

--
-- Table structure for table `contacts`
--

CREATE TABLE `contacts` (
  `id` int(11) NOT NULL,
  `name` varchar(255) DEFAULT NULL,
  `email` varchar(255) DEFAULT NULL,
  `message` varchar(5000) DEFAULT NULL,
  `created_at` timestamp NULL DEFAULT current_timestamp()
) ENGINE=InnoDB DEFAULT CHARSET=utf8;

-- --------------------------------------------------------

--
-- Table structure for table `general_settings`
--

CREATE TABLE `general_settings` (
  `id` int(11) NOT NULL,
  `site_lang` int(11) DEFAULT 1,
  `application_name` varchar(255) DEFAULT NULL,
  `recaptcha_site_key` varchar(500) DEFAULT NULL,
  `recaptcha_secret_key` varchar(500) DEFAULT NULL,
  `recaptcha_lang` varchar(500) DEFAULT NULL,
  `custom_css_codes` mediumtext DEFAULT NULL,
  `mail_host` varchar(255) DEFAULT NULL,
  `mail_port` varchar(255) DEFAULT NULL,
  `mail_username` varchar(255) DEFAULT NULL,
  `mail_password` varchar(255) DEFAULT NULL,
  `mail_protocol` varchar(15) NOT NULL,
  `mail_title` varchar(255) DEFAULT NULL,
  `google_analytics` text DEFAULT NULL,
  `multilingual_system` int(11) DEFAULT 1,
  `reviews` tinyint(1) DEFAULT 1,
  `blog_comments` int(11) DEFAULT 1,
  `slider_status` tinyint(1) DEFAULT 1,
  `logo` varchar(255) DEFAULT NULL,
  `logo_email` varchar(255) DEFAULT NULL,
  `favicon` varchar(255) DEFAULT NULL,
  `menu_limit` tinyint(4) NOT NULL DEFAULT 9,
  `item_per_page` tinyint(4) NOT NULL,
  `max_file_size_image` bigint(20) DEFAULT 10485760,
  `google_adsense_code` varchar(2000) DEFAULT NULL,
  `custom_javascript_codes` mediumtext DEFAULT NULL,
  `comment_approval_system` tinyint(1) DEFAULT 1,
  `sitemap_frequency` varchar(30) DEFAULT NULL,
  `sitemap_last_modification` varchar(30) DEFAULT NULL,
  `sitemap_priority` varchar(30) DEFAULT NULL,
  `last_cron_update` timestamp NOT NULL DEFAULT current_timestamp()
) ENGINE=InnoDB DEFAULT CHARSET=utf8;

--
-- Dumping data for table `general_settings`
--

INSERT INTO `general_settings` (`id`, `site_lang`, `application_name`, `recaptcha_site_key`, `recaptcha_secret_key`, `recaptcha_lang`, `custom_css_codes`, `mail_host`, `mail_port`, `mail_username`, `mail_password`, `mail_protocol`, `mail_title`, `google_analytics`, `multilingual_system`, `reviews`, `blog_comments`, `slider_status`, `logo`, `logo_email`, `favicon`, `menu_limit`, `item_per_page`, `max_file_size_image`, `google_adsense_code`, `custom_javascript_codes`, `comment_approval_system`, `sitemap_frequency`, `sitemap_last_modification`, `sitemap_priority`, `last_cron_update`) VALUES
(1, 1, 'ACM MARKETING PVT.LTD.', '6LeIxAcTAAAAAJcZVRqyHh71UMIEGNQ_MXjiZKhI', '6LeIxAcTAAAAAGG-vFI1TnRWxMZNFuojJ4WifJWe', 'en', '', 'smtp.gmail.com', '587', 'user', '123456', 'SMTP', 'ACM MARKETING PVT.LTD.', '', 1, 1, 1, 1, '412056f7f9a4eba1726ed5e4ba74e33b.png', '412056f7f9a4eba1726ed5e4ba74e33b.png', '9e6fcb5ce3f19a84e5e54b269f950e92.png', 9, 15, 10485760, NULL, '', 1, 'monthly', 'server_response', 'automatically', '2021-09-18 12:03:33');

-- --------------------------------------------------------

--
-- Table structure for table `network`
--

CREATE TABLE `network` (
  `id` int(11) NOT NULL,
  `user_id` int(11) NOT NULL,
  `l1` int(11) DEFAULT 0,
  `l2` int(11) DEFAULT 0,
  `r1` int(11) DEFAULT 0,
  `r2` int(11) DEFAULT 0,
  `parrent_id` int(11) DEFAULT 0,
  `total_left_set` int(11) DEFAULT 0,
  `total_right_set` int(11) DEFAULT 0,
  `total_left_member` int(11) NOT NULL DEFAULT 0,
  `total_right_member` int(11) NOT NULL DEFAULT 0,
  `is_my_set_compleate` tinyint(1) NOT NULL DEFAULT 0
) ENGINE=InnoDB DEFAULT CHARSET=utf8mb4;

--
-- Dumping data for table `network`
--

INSERT INTO `network` (`id`, `user_id`, `l1`, `l2`, `r1`, `r2`, `parrent_id`, `total_left_set`, `total_right_set`, `total_left_member`, `total_right_member`, `is_my_set_compleate`) VALUES
(1, 2, 3, 4, 5, 6, 1, 0, 0, 0, 0, 0),
(2, 3, 7, 8, 0, 0, 2, 0, 0, 0, 0, 0),
(3, 4, 10, 11, 12, 13, 2, 0, 0, 0, 0, 0),
(4, 5, 21, 22, 23, 24, 2, 0, 0, 0, 0, 0),
(5, 6, 41, 42, 43, 44, 2, 0, 0, 0, 0, 0),
(6, 7, 45, 46, 47, 48, 2, 0, 0, 0, 0, 0),
(7, 8, 9, 50, 51, 52, 3, 0, 0, 0, 0, 0),
(8, 9, 53, 54, 55, 56, 8, 0, 0, 0, 0, 0),
(9, 10, 14, 15, 16, 17, 4, 0, 0, 0, 0, 0),
(10, 11, 18, 19, 20, 60, 4, 0, 0, 0, 0, 0),
(11, 12, 70, 71, 72, 73, 4, 0, 0, 0, 0, 0),
(12, 13, 0, 0, 0, 0, 4, 0, 0, 0, 0, 0),
(13, 14, 0, 0, 0, 0, 4, 0, 0, 0, 0, 0),
(14, 15, 0, 0, 0, 0, 4, 0, 0, 0, 0, 0),
(15, 16, 0, 0, 0, 0, 4, 0, 0, 0, 0, 0),
(16, 17, 0, 0, 0, 0, 4, 0, 0, 0, 0, 0),
(17, 18, 0, 0, 0, 0, 4, 0, 0, 0, 0, 0),
(18, 19, 0, 0, 0, 0, 4, 0, 0, 0, 0, 0),
(19, 20, 80, 81, 82, 83, 4, 0, 0, 0, 0, 0),
(20, 21, 25, 26, 27, 28, 5, 0, 0, 0, 0, 0),
(21, 22, 29, 30, 0, 0, 5, 0, 0, 0, 0, 0),
(22, 23, 0, 0, 0, 0, 5, 0, 0, 0, 0, 0),
(23, 24, 0, 0, 0, 0, 5, 0, 0, 0, 0, 0),
(24, 25, 0, 0, 0, 0, 5, 0, 0, 0, 0, 0),
(25, 26, 0, 0, 0, 0, 5, 0, 0, 0, 0, 0),
(26, 27, 0, 0, 0, 0, 5, 0, 0, 0, 0, 0),
(27, 28, 0, 0, 0, 0, 5, 0, 0, 0, 0, 0),
(28, 29, 0, 0, 0, 0, 5, 0, 0, 0, 0, 0),
(29, 30, 0, 0, 0, 0, 5, 0, 0, 0, 0, 0),
(30, 31, 31, 32, 33, 34, 10, 0, 0, 0, 0, 0),
(31, 32, 35, 36, 37, 38, 10, 0, 0, 0, 0, 0),
(32, 33, 39, 40, 0, 0, 10, 0, 0, 0, 0, 0),
(33, 34, 0, 0, 0, 0, 10, 0, 0, 0, 0, 0),
(34, 35, 0, 0, 0, 0, 10, 0, 0, 0, 0, 0),
(35, 36, 0, 0, 0, 0, 10, 0, 0, 0, 0, 0),
(36, 37, 0, 0, 0, 0, 10, 0, 0, 0, 0, 0),
(37, 38, 0, 0, 0, 0, 10, 0, 0, 0, 0, 0),
(38, 39, 0, 0, 0, 0, 10, 0, 0, 0, 0, 0),
(39, 40, 0, 0, 0, 0, 10, 0, 0, 0, 0, 0),
(40, 41, 0, 0, 0, 0, 6, 0, 0, 0, 0, 0),
(41, 42, 0, 0, 0, 0, 6, 0, 0, 0, 0, 0),
(42, 43, 0, 0, 0, 0, 6, 0, 0, 0, 0, 0),
(43, 44, 0, 0, 0, 0, 6, 0, 0, 0, 0, 0),
(44, 45, 49, 0, 0, 0, 7, 0, 0, 0, 0, 0),
(45, 46, 0, 0, 0, 0, 7, 0, 0, 0, 0, 0),
(46, 47, 0, 0, 0, 0, 7, 0, 0, 0, 0, 0),
(47, 48, 0, 0, 0, 0, 7, 0, 0, 0, 0, 0),
(48, 49, 0, 0, 0, 0, 7, 0, 0, 0, 0, 0),
(49, 50, 57, 58, 59, 0, 8, 0, 0, 0, 0, 0),
(50, 51, 0, 0, 0, 0, 8, 0, 0, 0, 0, 0),
(51, 52, 0, 0, 0, 0, 8, 0, 0, 0, 0, 0),
(52, 53, 0, 0, 0, 0, 8, 0, 0, 0, 0, 0),
(53, 54, 0, 0, 0, 0, 8, 0, 0, 0, 0, 0),
(54, 55, 0, 0, 0, 0, 8, 0, 0, 0, 0, 0),
(55, 56, 0, 0, 0, 0, 8, 0, 0, 0, 0, 0),
(56, 57, 0, 0, 0, 0, 8, 0, 0, 0, 0, 0),
(57, 58, 0, 0, 0, 0, 8, 0, 0, 0, 0, 0),
(58, 59, 0, 0, 0, 0, 8, 0, 0, 0, 0, 0),
(59, 60, 61, 62, 63, 64, 11, 0, 0, 0, 0, 0),
(60, 61, 65, 66, 67, 68, 11, 0, 0, 0, 0, 0),
(61, 62, 69, 0, 0, 0, 11, 0, 0, 0, 0, 0),
(62, 63, 0, 0, 0, 0, 11, 0, 0, 0, 0, 0),
(63, 64, 0, 0, 0, 0, 11, 0, 0, 0, 0, 0),
(64, 65, 0, 0, 0, 0, 11, 0, 0, 0, 0, 0),
(65, 66, 0, 0, 0, 0, 11, 0, 0, 0, 0, 0),
(66, 67, 0, 0, 0, 0, 11, 0, 0, 0, 0, 0),
(67, 68, 0, 0, 0, 0, 11, 0, 0, 0, 0, 0),
(68, 69, 0, 0, 0, 0, 11, 0, 0, 0, 0, 0),
(69, 70, 74, 75, 76, 77, 12, 0, 0, 0, 0, 0),
(70, 71, 78, 79, 0, 0, 12, 0, 0, 0, 0, 0),
(71, 72, 0, 0, 0, 0, 12, 0, 0, 0, 0, 0),
(72, 73, 0, 0, 0, 0, 12, 0, 0, 0, 0, 0),
(73, 74, 0, 0, 0, 0, 12, 0, 0, 0, 0, 0),
(74, 75, 0, 0, 0, 0, 12, 0, 0, 0, 0, 0),
(75, 76, 0, 0, 0, 0, 12, 0, 0, 0, 0, 0),
(76, 77, 0, 0, 0, 0, 12, 0, 0, 0, 0, 0),
(77, 78, 0, 0, 0, 0, 12, 0, 0, 0, 0, 0),
(78, 79, 0, 0, 0, 0, 12, 0, 0, 0, 0, 0),
(79, 80, 84, 85, 86, 87, 20, 0, 0, 0, 0, 0),
(80, 81, 88, 89, 90, 91, 20, 0, 0, 0, 0, 0),
(81, 82, 92, 93, 94, 95, 20, 0, 0, 0, 0, 0),
(82, 83, 96, 97, 98, 99, 20, 0, 0, 0, 0, 0),
(83, 84, 0, 0, 0, 0, 20, 0, 0, 0, 0, 0),
(84, 85, 0, 0, 0, 0, 20, 0, 0, 0, 0, 0),
(85, 86, 0, 0, 0, 0, 20, 0, 0, 0, 0, 0),
(86, 87, 0, 0, 0, 0, 20, 0, 0, 0, 0, 0),
(87, 88, 0, 0, 0, 0, 20, 0, 0, 0, 0, 0),
(88, 89, 0, 0, 0, 0, 20, 0, 0, 0, 0, 0),
(89, 90, 0, 0, 0, 0, 20, 0, 0, 0, 0, 0),
(90, 91, 0, 0, 0, 0, 20, 0, 0, 0, 0, 0),
(91, 92, 0, 0, 0, 0, 20, 0, 0, 0, 0, 0),
(92, 93, 0, 0, 0, 0, 20, 0, 0, 0, 0, 0),
(93, 94, 0, 0, 0, 0, 20, 0, 0, 0, 0, 0),
(94, 95, 0, 0, 0, 0, 20, 0, 0, 0, 0, 0),
(95, 96, 0, 0, 0, 0, 20, 0, 0, 0, 0, 0),
(96, 97, 0, 0, 0, 0, 20, 0, 0, 0, 0, 0),
(97, 98, 0, 0, 0, 0, 20, 0, 0, 0, 0, 0),
(98, 99, 0, 0, 0, 0, 20, 0, 0, 0, 0, 0);

-- --------------------------------------------------------

--
-- Table structure for table `pages`
--

CREATE TABLE `pages` (
  `id` int(11) NOT NULL,
  `lang_id` tinyint(4) DEFAULT 1,
  `title` varchar(500) DEFAULT NULL,
  `page_description` varchar(500) DEFAULT NULL,
  `page_keywords` varchar(500) DEFAULT NULL,
  `slug` varchar(500) DEFAULT NULL,
  `page_content` longtext DEFAULT NULL,
  `page_order` int(11) DEFAULT 5,
  `location` varchar(255) DEFAULT NULL,
  `created_at` timestamp NULL DEFAULT current_timestamp()
) ENGINE=InnoDB DEFAULT CHARSET=utf8;

-- --------------------------------------------------------

--
-- Table structure for table `payout_tracking`
--

CREATE TABLE `payout_tracking` (
  `id` int(11) NOT NULL,
  `user_id` int(11) NOT NULL,
  `amount` double(10,2) NOT NULL,
  `description` varchar(255) NOT NULL,
  `created_at` timestamp NULL DEFAULT NULL,
  `payment_on` timestamp NULL DEFAULT NULL,
  `status` tinyint(1) NOT NULL DEFAULT 0 COMMENT '0=pending 1= paid'
) ENGINE=InnoDB DEFAULT CHARSET=utf8mb4;

-- --------------------------------------------------------

--
-- Table structure for table `settings`
--

CREATE TABLE `settings` (
  `id` int(11) NOT NULL,
  `site_title` varchar(255) DEFAULT NULL,
  `homepage_title` varchar(255) DEFAULT 'Home',
  `site_description` varchar(500) DEFAULT NULL,
  `keywords` varchar(500) DEFAULT NULL,
  `facebook_url` varchar(500) DEFAULT NULL,
  `twitter_url` varchar(500) DEFAULT NULL,
  `instagram_url` varchar(500) DEFAULT NULL,
  `linkedin_url` varchar(500) DEFAULT NULL,
  `youtube_url` varchar(500) DEFAULT NULL,
  `contact_text` text DEFAULT NULL,
  `contact_address` varchar(500) DEFAULT NULL,
  `contact_email` varchar(255) DEFAULT NULL,
  `contact_phone` varchar(255) DEFAULT NULL,
  `created_at` timestamp NULL DEFAULT current_timestamp(),
  `site_font` smallint(6) DEFAULT 19,
  `about_us` text DEFAULT NULL,
  `map` text DEFAULT NULL
) ENGINE=InnoDB DEFAULT CHARSET=utf8;

--
-- Dumping data for table `settings`
--

INSERT INTO `settings` (`id`, `site_title`, `homepage_title`, `site_description`, `keywords`, `facebook_url`, `twitter_url`, `instagram_url`, `linkedin_url`, `youtube_url`, `contact_text`, `contact_address`, `contact_email`, `contact_phone`, `created_at`, `site_font`, `about_us`, `map`) VALUES
(1, 'ACM MARKETING PVT.LTD. ', 'Home', 'ACM MARKETING PVT.LTD.', '', '#', '#', '#', '#', '#', 'Lorem ipsum dolor sit amet, consectetur adipiscing elit, sed do eiusmod tempor incididunt ut labore et dolore magna aliqua. Ut enim ad minim veniam, quis nostrud exercitation ullamco laboris nisi ut aliquip ex ea commodo consequat. Duis aute irure dolor in reprehenderit in voluptate velit esse cillum dolore eu fugiat nulla pariatur. Excepteur sint occaecat cupidatat non proident, sunt in culpa qui officia deserunt mollit anim id est laborum.\r\n', ' Nabapally Circular Rd, Laxmi Narayan Colony, Gupta Colony, Barasat, Kolkata, West Bengal 700126', 'innfo@bigpage.in', '+91 919163631616', '2021-07-20 13:09:21', 19, 'Lorem ipsum dolor sit amet, consectetur adipiscing elit, sed do eiusmod tempor incididunt ut labore et dolore magna aliqua. Ut enim ad minim veniam, quis nostrud exercitation ', 'https://www.google.com/maps/embed?pb=!1m14!1m8!1m3!1d14720.423416857297!2d88.4757461!3d22.7243066!3m2!1i1024!2i768!4f13.1!3m3!1m2!1s0x0%3A0x10711240c4e475e4!2sBigpage%20E-Commerce%20Pvt.%20Ltd%20-%20Website%20Design%2C%20Development%2C%20Ecommerce%20and%20Web%20Hosting%20Company%20in%20Kolkata!5e0!3m2!1sen!2sin!4v1645876420324!5m2!1sen!2sin');

-- --------------------------------------------------------

--
-- Table structure for table `transaction`
--

CREATE TABLE `transaction` (
  `id` int(11) NOT NULL,
  `form_user_id` int(11) NOT NULL,
  `to_user_id` int(11) NOT NULL,
  `created_on` timestamp NULL DEFAULT NULL,
  `tranaction_date` datetime DEFAULT NULL,
  `perticullars` text NOT NULL,
  `dr` double(10,2) NOT NULL DEFAULT 0.00,
  `cr` double(10,2) NOT NULL DEFAULT 0.00
) ENGINE=InnoDB DEFAULT CHARSET=utf8mb4;

--
-- Dumping data for table `transaction`
--

INSERT INTO `transaction` (`id`, `form_user_id`, `to_user_id`, `created_on`, `tranaction_date`, `perticullars`, `dr`, `cr`) VALUES
(1, 2, 1, '2022-03-29 10:18:43', '2022-03-29 00:00:00', 'application fees received form ACM22C2902, trans-id : UTRN1', 600.00, 0.00),
(2, 3, 1, '2022-03-29 10:19:02', '2022-03-29 00:00:00', 'application fees received form ACM22C2903, trans-id : UTRN2', 650.00, 0.00),
(3, 4, 1, '2022-03-29 10:39:19', '2022-03-29 00:00:00', 'application fees received form ACM22C2904, trans-id : UTRA4', 600.00, 0.00),
(4, 4, 1, '2022-03-29 10:39:51', '2022-03-29 00:00:00', 'application fees received form ACM22C2904, trans-id : UTRN5', 600.00, 0.00),
(5, 6, 1, '2022-03-29 10:40:07', '2022-03-29 00:00:00', 'application fees received form ACM22C2906, trans-id : UTRN6', 600.00, 0.00),
(6, 7, 1, '2022-03-29 10:40:26', '2022-03-29 00:00:00', 'application fees received form ACM22C2907, trans-id : UTRN7', 600.00, 0.00),
(7, 8, 1, '2022-03-29 10:40:55', '2022-03-29 00:00:00', 'application fees received form ACM22C2908, trans-id : UTRN8', 600.00, 0.00),
(8, 5, 1, '2022-03-29 10:42:27', '2022-03-29 00:00:00', 'application fees received form ACM22C2905, trans-id : UTRN05', 600.00, 0.00),
(9, 9, 1, '2022-03-30 06:39:43', '2022-03-30 00:00:00', 'application fees received form ACM22C3009, trans-id : UTRN999888', 6000.00, 0.00);

-- --------------------------------------------------------

--
-- Table structure for table `users`
--

CREATE TABLE `users` (
  `id` int(11) NOT NULL,
  `username` varchar(255) DEFAULT NULL,
  `slug` varchar(255) DEFAULT NULL,
  `email` varchar(255) DEFAULT 'name@domain.com',
  `email_status` int(11) DEFAULT 0,
  `token` varchar(500) DEFAULT NULL,
  `password` varchar(255) DEFAULT NULL,
  `role` varchar(100) DEFAULT 'member',
  `user_type` varchar(100) DEFAULT 'registered',
  `avatar` varchar(255) DEFAULT NULL,
  `banned` int(11) DEFAULT 0,
  `last_seen` timestamp NULL DEFAULT NULL,
  `full_name` varchar(255) NOT NULL,
  `dob` date NOT NULL,
  `sex` varchar(5) NOT NULL,
  `age` varchar(3) NOT NULL,
  `pan` varchar(10) NOT NULL,
  `mobile` varchar(10) NOT NULL,
  `spon_id` varchar(255) NOT NULL,
  `created_on` timestamp NOT NULL DEFAULT '0000-00-00 00:00:00',
  `approved_on` varchar(10) DEFAULT NULL,
  `total_leg` int(11) NOT NULL DEFAULT 0,
  `is_approved` int(1) NOT NULL DEFAULT 0,
  `parrent_id` int(11) NOT NULL,
  `father_name` varchar(255) DEFAULT NULL,
  `occupation` varchar(255) DEFAULT NULL,
  `address` text DEFAULT NULL,
  `state` varchar(255) DEFAULT NULL,
  `pin` varchar(6) DEFAULT NULL,
  `phone` varchar(11) DEFAULT NULL,
  `bank_name` varchar(255) DEFAULT NULL,
  `acno` varchar(255) DEFAULT NULL,
  `nomine_name` varchar(255) DEFAULT NULL,
  `relation` varchar(255) DEFAULT NULL,
  `bank_ifsc` varchar(255) DEFAULT NULL,
  `pan_img` varchar(255) NOT NULL,
  `sign_img` varchar(255) NOT NULL,
  `degignation` text DEFAULT NULL,
  `is_paid` tinyint(1) NOT NULL DEFAULT 0 COMMENT '0=pending 1=paid',
  `rejection_cause` text DEFAULT NULL,
  `is_set_leg` int(11) NOT NULL DEFAULT 0
) ENGINE=InnoDB DEFAULT CHARSET=utf8;

--
-- Dumping data for table `users`
--

INSERT INTO `users` (`id`, `username`, `slug`, `email`, `email_status`, `token`, `password`, `role`, `user_type`, `avatar`, `banned`, `last_seen`, `full_name`, `dob`, `sex`, `age`, `pan`, `mobile`, `spon_id`, `created_on`, `approved_on`, `total_leg`, `is_approved`, `parrent_id`, `father_name`, `occupation`, `address`, `state`, `pin`, `phone`, `bank_name`, `acno`, `nomine_name`, `relation`, `bank_ifsc`, `pan_img`, `sign_img`, `degignation`, `is_paid`, `rejection_cause`, `is_set_leg`) VALUES
(1, 'admin', 'admin', 'info@bigpage.in', 1, '6146064c0def80-24671451-43991686', '$2a$08$nfZWpgJUAjUWFVRb.LG8M.q9hjWsUFNIMvJdy5R7/ugHF.w/rHrhS', 'admin', 'registered', 'f97c003d1a485f3cbb5f35224dc615ce.png', 0, '2022-03-31 07:27:27', 'admin Name', '2009-11-30', 'male', '12', 'pan1212122', '9163631616', '', '2022-03-10 12:01:04', NULL, 0, 1, 0, 'Dad of admin', 'service', 'adminaddress', 'west bengal', '700126', '9830098305', 'idbi', '1232213', 'na', 'na', 'idbi1234', 'cc1b7fcef7b3e0625de4ae0472cb8ee4.png', '2b23d68126ece21f5292a1e1d63840da.png', NULL, 0, NULL, 0),
(2, 'ACM22C2902', 'ACM22C2902', 'debasish.bigpage@gmail.com', 1, '6242dc51502d58-99103361-87857414', '$2a$08$KuZhcTFJlErBgrWmxlD80.1YsdqEaV/rAbX7IV4ai3ZR2qxI0mcOa', 'member', 'registered', NULL, 0, '2022-03-29 10:15:45', 'Debasish Da', '1950-01-01', 'male', '72', 'QWWW11221W', '9830098300', '1', '2022-03-29 10:15:45', '2022-03-29', 0, 1, 1, NULL, NULL, NULL, NULL, NULL, NULL, NULL, NULL, NULL, NULL, NULL, '', '', NULL, 1, NULL, 1),
(3, 'ACM22C2903', 'ACM22C2903', 'dev@bigpage.in', 1, '6242dcbcbb5bc7-57331018-15138448', '$2a$08$PanzU5FLcUQvO758qb0AO.SIMtKkF2l2kHBNU2kcIEMy9kupdBrpy', 'member', 'registered', NULL, 0, '2022-03-29 10:17:32', 'debol Saha', '1966-01-01', 'male', '56', 'aaaaa1234a', '9830098301', '2', '2022-03-29 10:17:32', '2022-03-29', 0, 1, 2, NULL, NULL, NULL, NULL, NULL, NULL, NULL, NULL, NULL, NULL, NULL, '', '', NULL, 1, NULL, 1),
(4, 'ACM22C2904', 'ACM22C2904', 'dev1@gmail.com', 1, '6242de541d7dc2-81918034-70193427', '$2a$08$5q/bppkMkQFXUuj9mWB1..RoyMWDW4CUna2KEcqMmYZdZ8MO8wN9e', 'member', 'registered', NULL, 0, '2022-03-29 10:24:20', 'USER 2', '1999-01-01', 'male', '23', 'BBBBB12345', '9830098302', '2', '2022-03-29 10:24:20', '2022-03-29', 0, 1, 2, NULL, NULL, NULL, NULL, NULL, NULL, NULL, NULL, NULL, NULL, NULL, '', '', NULL, 1, NULL, 1),
(5, 'ACM22C2905', 'ACM22C2905', 'dev2@bigpage.in', 1, '6242ded033d0a5-16670859-94811407', '$2a$08$aV4kwihuzR.DrM4nOX2jMe7t4FuXS6PPXizMyISLxrdcX7c8q1E3W', 'member', 'registered', NULL, 0, '2022-03-29 10:26:24', 'User 3', '1966-01-01', 'male', '56', 'aaaaa12345', '9830098303', '2', '2022-03-29 10:26:24', '2022-03-29', 0, 1, 2, NULL, NULL, NULL, NULL, NULL, NULL, NULL, NULL, NULL, NULL, NULL, '', '', NULL, 1, NULL, 1),
(6, 'ACM22C2906', 'ACM22C2906', 'dev3@bigpage.in', 1, '6242def2ea7342-48566394-66248339', '$2a$08$dwZ5/zEHWDhYwMwbz7tyoOcWuj4GuiQv67Ua9KZOjngA70agk/zPe', 'member', 'registered', NULL, 0, '2022-03-29 10:26:58', 'User 4', '1966-01-01', 'male', '56', 'aaaa412345', '9830098304', '2', '2022-03-29 10:26:58', '2022-03-29', 0, 1, 2, NULL, NULL, NULL, NULL, NULL, NULL, NULL, NULL, NULL, NULL, NULL, '', '', NULL, 1, NULL, 1),
(7, 'ACM22C2907', 'ACM22C2907', 'dev5@bigpage.in', 1, '6242df37937800-60083398-91700523', '$2a$08$KIbhreequoKpACLzMHFn8OX/RxHjMDd6LvkpcX7mSh5dxw2iwWo6q', 'member', 'registered', NULL, 0, '2022-03-29 10:28:07', 'User 5', '1966-01-01', 'male', '56', 'aaaa512345', '9830098305', '2', '2022-03-29 10:28:07', '2022-03-29', 0, 1, 2, NULL, NULL, NULL, NULL, NULL, NULL, NULL, NULL, NULL, NULL, NULL, '', '', NULL, 1, NULL, 1),
(8, 'ACM22C2908', 'ACM22C2908', 'dev6@bigpage.in', 1, '6242dfa2d5d816-52712237-56878476', '$2a$08$BjIYOGoOMetpoZTjiSx7deQpxCyYhV1vdW/HGv/9VL6D3omqA/5ym', 'member', 'registered', NULL, 0, '2022-03-29 10:29:54', 'User 6', '1966-01-01', 'male', '56', 'aaaa712345', '9830098306', '3', '2022-03-29 10:29:54', '2022-03-29', 0, 1, 3, NULL, NULL, NULL, NULL, NULL, NULL, NULL, NULL, NULL, NULL, NULL, '', '', NULL, 1, NULL, 1),
(9, 'ACM22C3009', 'ACM22C3009', 'dev32@bigpage.in', 1, '6243faee3b3d09-38012137-78360853', '$2a$08$fgrRrn9v/6AXwOOGr6bZJORUBz2RoTi7.QvvEQYwCAc0dKfKZRg8u', 'member', 'registered', NULL, 0, '2022-03-30 06:39:08', 'sdsadsdasdd', '1960-01-01', 'male', '62', 'EEEEE12233', '8888888888', '8', '2022-03-30 06:38:38', '2022-03-31', 0, 1, 8, NULL, NULL, NULL, NULL, NULL, NULL, NULL, NULL, NULL, NULL, NULL, '', '', NULL, 1, NULL, 1),
(10, 'ACM22C31010', 'ACM22C31010', 'test_user10@bigpage.in', 1, '62455023de8215-02590498-54825176', '$2a$08$ypZ/tJdnZD3c1o4amic64O1o7RkP7zPByvUKK1aNQ/9BUHDF5RXBC', 'member', 'registered', NULL, 0, '2022-03-31 06:54:27', 'Test User10', '2022-03-31', 'male', '12', 'PAN10', '10', '4', '2022-03-31 06:54:27', '2022-03-31', 0, 1, 4, NULL, NULL, NULL, NULL, NULL, NULL, NULL, NULL, NULL, NULL, NULL, '', '', NULL, 0, NULL, 1),
(11, 'ACM22C31011', 'ACM22C31011', 'test_user11@bigpage.in', 1, '624550243667d1-20179543-99159758', '$2a$08$UPVGZhyIScP2VoVkZIiMdOT1apNPdlc8q2NalhpRYS9NN0VECycdO', 'member', 'registered', NULL, 0, '2022-03-31 06:54:28', 'Test User11', '2022-03-31', 'male', '12', 'PAN11', '11', '4', '2022-03-31 06:54:28', '2022-03-31', 0, 1, 4, NULL, NULL, NULL, NULL, NULL, NULL, NULL, NULL, NULL, NULL, NULL, '', '', NULL, 0, NULL, 1),
(12, 'ACM22C31012', 'ACM22C31012', 'test_user12@bigpage.in', 1, '62455024a5dd08-75098006-25691110', '$2a$08$an8T7F5K37lTiOSq2dAXa.hs8n6jeTNHFkVdx78Smv1vUYCS5mc4u', 'member', 'registered', NULL, 0, '2022-03-31 06:54:28', 'Test User12', '2022-03-31', 'male', '12', 'PAN12', '12', '4', '2022-03-31 06:54:28', '2022-03-31', 0, 1, 4, NULL, NULL, NULL, NULL, NULL, NULL, NULL, NULL, NULL, NULL, NULL, '', '', NULL, 0, NULL, 1),
(13, 'ACM22C31013', 'ACM22C31013', 'test_user13@bigpage.in', 1, '6245502519a865-76309066-17161523', '$2a$08$TcfQrdAx/MPeA48X2EPpj.jFY8PANFNkTO0Xqws.B9BzSgFaLvE02', 'member', 'registered', NULL, 0, '2022-03-31 06:54:29', 'Test User13', '2022-03-31', 'male', '12', 'PAN13', '13', '4', '2022-03-31 06:54:29', '2022-03-31', 0, 1, 4, NULL, NULL, NULL, NULL, NULL, NULL, NULL, NULL, NULL, NULL, NULL, '', '', NULL, 0, NULL, 1),
(14, 'ACM22C31014', 'ACM22C31014', 'test_user14@bigpage.in', 1, '62455025530939-99269445-16260143', '$2a$08$uY8C7TXYK5DfH1UWUtvw5Ol3Aw7HPB1s9nmLnMFGyCuU4IIEOmwvS', 'member', 'registered', NULL, 0, '2022-03-31 06:54:29', 'Test User14', '2022-03-31', 'male', '12', 'PAN14', '14', '4', '2022-03-31 06:54:29', '2022-03-31', 0, 1, 4, NULL, NULL, NULL, NULL, NULL, NULL, NULL, NULL, NULL, NULL, NULL, '', '', NULL, 0, NULL, 1),
(15, 'ACM22C31015', 'ACM22C31015', 'test_user15@bigpage.in', 1, '6245502580af45-45343932-54260880', '$2a$08$pfBgc9J/RxmrqVanAvPFgepILuI82c92nwTX2/4A4yOUoroNs9XEC', 'member', 'registered', NULL, 0, '2022-03-31 06:54:29', 'Test User15', '2022-03-31', 'male', '12', 'PAN15', '15', '4', '2022-03-31 06:54:29', '2022-03-31', 0, 1, 4, NULL, NULL, NULL, NULL, NULL, NULL, NULL, NULL, NULL, NULL, NULL, '', '', NULL, 0, NULL, 1),
(16, 'ACM22C31016', 'ACM22C31016', 'test_user16@bigpage.in', 1, '62455025af4158-04736265-26834576', '$2a$08$3o7RWqOl1y5w0v65bhX4XeritlGVyhcUcCiKbOm44iZA9x7wOIZNO', 'member', 'registered', NULL, 0, '2022-03-31 06:54:29', 'Test User16', '2022-03-31', 'male', '12', 'PAN16', '16', '4', '2022-03-31 06:54:29', '2022-03-31', 0, 1, 4, NULL, NULL, NULL, NULL, NULL, NULL, NULL, NULL, NULL, NULL, NULL, '', '', NULL, 0, NULL, 1),
(17, 'ACM22C31017', 'ACM22C31017', 'test_user17@bigpage.in', 1, '62455025e85930-10670190-77005482', '$2a$08$yjq6ZsJJs5PKilLpPbO/luruUmoesHZbqQ1DpRIHpR6BnFhPcIT1y', 'member', 'registered', NULL, 0, '2022-03-31 06:54:29', 'Test User17', '2022-03-31', 'male', '12', 'PAN17', '17', '4', '2022-03-31 06:54:29', '2022-03-31', 0, 1, 4, NULL, NULL, NULL, NULL, NULL, NULL, NULL, NULL, NULL, NULL, NULL, '', '', NULL, 0, NULL, 1),
(18, 'ACM22C31018', 'ACM22C31018', 'test_user18@bigpage.in', 1, '62455026222388-01846687-91016979', '$2a$08$6CFukcOwCk90rgW/ydgnGuYssnSbeRZytpVn31tXT5gr2UwCmKt3y', 'member', 'registered', NULL, 0, '2022-03-31 06:54:30', 'Test User18', '2022-03-31', 'male', '12', 'PAN18', '18', '4', '2022-03-31 06:54:30', '2022-03-31', 0, 1, 4, NULL, NULL, NULL, NULL, NULL, NULL, NULL, NULL, NULL, NULL, NULL, '', '', NULL, 0, NULL, 1),
(19, 'ACM22C31019', 'ACM22C31019', 'test_user19@bigpage.in', 1, '62455026508267-42825138-10650949', '$2a$08$rNqqUs1z5L7zHd.uti4rM.BqFtbfMlRCKTUwa5RcMy6v6Fj2UDHBC', 'member', 'registered', NULL, 0, '2022-03-31 06:54:30', 'Test User19', '2022-03-31', 'male', '12', 'PAN19', '19', '4', '2022-03-31 06:54:30', '2022-03-31', 0, 1, 4, NULL, NULL, NULL, NULL, NULL, NULL, NULL, NULL, NULL, NULL, NULL, '', '', NULL, 0, NULL, 1),
(20, 'ACM22C31020', 'ACM22C31020', 'test_user20@bigpage.in', 1, '62455026802ee2-78079790-66619801', '$2a$08$kHPqLoIos16hmRCdlaojHOk8Eg5ro05.WcwHoGDZfe9NhZ8W/p/I2', 'member', 'registered', NULL, 0, '2022-03-31 06:54:30', 'Test User20', '2022-03-31', 'male', '12', 'PAN20', '20', '4', '2022-03-31 06:54:30', '2022-03-31', 0, 1, 4, NULL, NULL, NULL, NULL, NULL, NULL, NULL, NULL, NULL, NULL, NULL, '', '', NULL, 0, NULL, 1),
(21, 'ACM22C31021', 'ACM22C31021', 'test_user21@bigpage.in', 1, '6245565747b0a6-73281332-38435430', '$2a$08$4K5gVqfdI1e7zU3T.1qgJ.L.vJB9hQF2oRFnn60tb3EmzIieN3UkC', 'member', 'registered', NULL, 0, '2022-03-31 07:20:55', 'Test User21', '2022-03-31', 'male', '12', 'PAN21', '21', '5', '2022-03-31 07:20:55', '2022-03-31', 0, 1, 5, NULL, NULL, NULL, NULL, NULL, NULL, NULL, NULL, NULL, NULL, NULL, '', '', NULL, 0, NULL, 1),
(22, 'ACM22C31022', 'ACM22C31022', 'test_user22@bigpage.in', 1, '624556578145e6-33102416-19002017', '$2a$08$aY91n1v1A/VguiDs5rwqE.PL/.WOrXNNnzn317.J5Op8Ov3yW7Bnq', 'member', 'registered', NULL, 0, '2022-03-31 07:20:55', 'Test User22', '2022-03-31', 'male', '12', 'PAN22', '22', '5', '2022-03-31 07:20:55', '2022-03-31', 0, 1, 5, NULL, NULL, NULL, NULL, NULL, NULL, NULL, NULL, NULL, NULL, NULL, '', '', NULL, 0, NULL, 1),
(23, 'ACM22C31023', 'ACM22C31023', 'test_user23@bigpage.in', 1, '62455657e04b65-70663599-35367966', '$2a$08$TYKYj9PVS9ZcBooOMukB3u346t12VF2rnNLzCgVrZOffTfFgdYq2y', 'member', 'registered', NULL, 0, '2022-03-31 07:20:55', 'Test User23', '2022-03-31', 'male', '12', 'PAN23', '23', '5', '2022-03-31 07:20:55', '2022-03-31', 0, 1, 5, NULL, NULL, NULL, NULL, NULL, NULL, NULL, NULL, NULL, NULL, NULL, '', '', NULL, 0, NULL, 1),
(24, 'ACM22C31024', 'ACM22C31024', 'test_user24@bigpage.in', 1, '62455658487d67-80299166-89256351', '$2a$08$5vxped0zbO6mqT3HEYasF.QIMmOVnwUZAazN0P9ZL/vp90S7u8806', 'member', 'registered', NULL, 0, '2022-03-31 07:20:56', 'Test User24', '2022-03-31', 'male', '12', 'PAN24', '24', '5', '2022-03-31 07:20:56', '2022-03-31', 0, 1, 5, NULL, NULL, NULL, NULL, NULL, NULL, NULL, NULL, NULL, NULL, NULL, '', '', NULL, 0, NULL, 1),
(25, 'ACM22C31025', 'ACM22C31025', 'test_user25@bigpage.in', 1, '624556587d2c91-34450278-78089247', '$2a$08$h9wfCXZN4.6oi2w781ZnUOI.2fQ9EjgXGkCzNQTQeIIU0.HVUpRpy', 'member', 'registered', NULL, 0, '2022-03-31 07:20:56', 'Test User25', '2022-03-31', 'male', '12', 'PAN25', '25', '5', '2022-03-31 07:20:56', '2022-03-31', 0, 1, 5, NULL, NULL, NULL, NULL, NULL, NULL, NULL, NULL, NULL, NULL, NULL, '', '', NULL, 0, NULL, 1),
(26, 'ACM22C31026', 'ACM22C31026', 'test_user26@bigpage.in', 1, '62455658b02623-32118699-68207390', '$2a$08$D5jfGOyxEkeOf3hGF2IEPeKXHl/MqW.9bzfHZTulNVo8MhMamBBDG', 'member', 'registered', NULL, 0, '2022-03-31 07:20:56', 'Test User26', '2022-03-31', 'male', '12', 'PAN26', '26', '5', '2022-03-31 07:20:56', '2022-03-31', 0, 1, 5, NULL, NULL, NULL, NULL, NULL, NULL, NULL, NULL, NULL, NULL, NULL, '', '', NULL, 0, NULL, 1),
(27, 'ACM22C31027', 'ACM22C31027', 'test_user27@bigpage.in', 1, '62455658f14813-56348129-60790770', '$2a$08$jDR/fdL9TP8B0pFJCKc5yuq2RxvlqUBssGKRuLgmUMRV33dScLJEe', 'member', 'registered', NULL, 0, '2022-03-31 07:20:56', 'Test User27', '2022-03-31', 'male', '12', 'PAN27', '27', '5', '2022-03-31 07:20:56', '2022-03-31', 0, 1, 5, NULL, NULL, NULL, NULL, NULL, NULL, NULL, NULL, NULL, NULL, NULL, '', '', NULL, 0, NULL, 1),
(28, 'ACM22C31028', 'ACM22C31028', 'test_user28@bigpage.in', 1, '624556594c6d75-71334327-43359686', '$2a$08$nzycdp53QORvlDKUGyPTsu4LhBux5X6TKAZ/pzC00TIeXdHqPdDH.', 'member', 'registered', NULL, 0, '2022-03-31 07:20:57', 'Test User28', '2022-03-31', 'male', '12', 'PAN28', '28', '5', '2022-03-31 07:20:57', '2022-03-31', 0, 1, 5, NULL, NULL, NULL, NULL, NULL, NULL, NULL, NULL, NULL, NULL, NULL, '', '', NULL, 0, NULL, 1),
(29, 'ACM22C31029', 'ACM22C31029', 'test_user29@bigpage.in', 1, '624556597fe839-47151055-79499244', '$2a$08$DAssL91Uo6T97uQkT4vTZeDPvKoecIZ/v5LvqtWRR9GhukQvUFKT2', 'member', 'registered', NULL, 0, '2022-03-31 07:20:57', 'Test User29', '2022-03-31', 'male', '12', 'PAN29', '29', '5', '2022-03-31 07:20:57', '2022-03-31', 0, 1, 5, NULL, NULL, NULL, NULL, NULL, NULL, NULL, NULL, NULL, NULL, NULL, '', '', NULL, 0, NULL, 1),
(30, 'ACM22C31030', 'ACM22C31030', 'test_user30@bigpage.in', 1, '62455659bbffd1-97054327-52583741', '$2a$08$i6frYpsM.8DdB0jubOpdFuEV4tY7eG5SyRDDZ6I/La0sfOGJ7uYtW', 'member', 'registered', NULL, 0, '2022-03-31 07:20:57', 'Test User30', '2022-03-31', 'male', '12', 'PAN30', '30', '5', '2022-03-31 07:20:57', '2022-03-31', 0, 1, 5, NULL, NULL, NULL, NULL, NULL, NULL, NULL, NULL, NULL, NULL, NULL, '', '', NULL, 0, NULL, 1),
(31, 'ACM22C31031', 'ACM22C31031', 'test_user31@bigpage.in', 1, '624556a30ff3e9-16343977-16584894', '$2a$08$dHCYp2ovlPlNkJ0bQovYs.M2qtFfpCXxYDBX7VgnhMJvLi4yQhkJW', 'member', 'registered', NULL, 0, '2022-03-31 07:22:11', 'Test User31', '2022-03-31', 'male', '12', 'PAN31', '31', '10', '2022-03-31 07:22:11', '2022-03-31', 0, 1, 10, NULL, NULL, NULL, NULL, NULL, NULL, NULL, NULL, NULL, NULL, NULL, '', '', NULL, 0, NULL, 1),
(32, 'ACM22C31032', 'ACM22C31032', 'test_user32@bigpage.in', 1, '624556a3566848-98532597-18956426', '$2a$08$/Jybq0i..D5hEKMkGloQv.Pbpw2Ka9mo4ItLa93RMY7YIyerZjVvO', 'member', 'registered', NULL, 0, '2022-03-31 07:22:11', 'Test User32', '2022-03-31', 'male', '12', 'PAN32', '32', '10', '2022-03-31 07:22:11', '2022-03-31', 0, 1, 10, NULL, NULL, NULL, NULL, NULL, NULL, NULL, NULL, NULL, NULL, NULL, '', '', NULL, 0, NULL, 1),
(33, 'ACM22C31033', 'ACM22C31033', 'test_user33@bigpage.in', 1, '624556a3983187-79121511-35506607', '$2a$08$LrPsnj/UxKTT9uGJSXnXFemhtCC9rWR28Z/WBboLdWlevnAk8QT2m', 'member', 'registered', NULL, 0, '2022-03-31 07:22:11', 'Test User33', '2022-03-31', 'male', '12', 'PAN33', '33', '10', '2022-03-31 07:22:11', '2022-03-31', 0, 1, 10, NULL, NULL, NULL, NULL, NULL, NULL, NULL, NULL, NULL, NULL, NULL, '', '', NULL, 0, NULL, 1),
(34, 'ACM22C31034', 'ACM22C31034', 'test_user34@bigpage.in', 1, '624556a3dca8a0-60141800-98878248', '$2a$08$PLaXfRDELdEJQjuZSlzTGOSuS0dFRkHuYaHcbHlCB0WfGbHc0OeHO', 'member', 'registered', NULL, 0, '2022-03-31 07:22:11', 'Test User34', '2022-03-31', 'male', '12', 'PAN34', '34', '10', '2022-03-31 07:22:11', '2022-03-31', 0, 1, 10, NULL, NULL, NULL, NULL, NULL, NULL, NULL, NULL, NULL, NULL, NULL, '', '', NULL, 0, NULL, 1),
(35, 'ACM22C31035', 'ACM22C31035', 'test_user35@bigpage.in', 1, '624556a415f3d2-35013817-36297225', '$2a$08$zC4xz1K2cT0vjw3TXvJqluI7vwOOPprM9w6AnQKkGOgfG4jzR91pe', 'member', 'registered', NULL, 0, '2022-03-31 07:22:12', 'Test User35', '2022-03-31', 'male', '12', 'PAN35', '35', '10', '2022-03-31 07:22:12', '2022-03-31', 0, 1, 10, NULL, NULL, NULL, NULL, NULL, NULL, NULL, NULL, NULL, NULL, NULL, '', '', NULL, 0, NULL, 1),
(36, 'ACM22C31036', 'ACM22C31036', 'test_user36@bigpage.in', 1, '624556a446feb3-76643368-82454050', '$2a$08$Z4udpIGtf9JCN8QB1p9FaOVLZgxlJWxZvpMU80cm9QV14yhliTQCi', 'member', 'registered', NULL, 0, '2022-03-31 07:22:12', 'Test User36', '2022-03-31', 'male', '12', 'PAN36', '36', '10', '2022-03-31 07:22:12', '2022-03-31', 0, 1, 10, NULL, NULL, NULL, NULL, NULL, NULL, NULL, NULL, NULL, NULL, NULL, '', '', NULL, 0, NULL, 1),
(37, 'ACM22C31037', 'ACM22C31037', 'test_user37@bigpage.in', 1, '624556a4781385-76171466-99052580', '$2a$08$LDiABKT.PQGfCW8TS60I8u..HOwWriP1ZsM0dAUoe1fag/qqct.TG', 'member', 'registered', NULL, 0, '2022-03-31 07:22:12', 'Test User37', '2022-03-31', 'male', '12', 'PAN37', '37', '10', '2022-03-31 07:22:12', '2022-03-31', 0, 1, 10, NULL, NULL, NULL, NULL, NULL, NULL, NULL, NULL, NULL, NULL, NULL, '', '', NULL, 0, NULL, 1),
(38, 'ACM22C31038', 'ACM22C31038', 'test_user38@bigpage.in', 1, '624556a4a8f325-84563718-51620253', '$2a$08$QIuDhJBDJjfo0BXP3/qlveSZtMOJLY7JqMXz8J/4jgN/TFH6b5dXO', 'member', 'registered', NULL, 0, '2022-03-31 07:22:12', 'Test User38', '2022-03-31', 'male', '12', 'PAN38', '38', '10', '2022-03-31 07:22:12', '2022-03-31', 0, 1, 10, NULL, NULL, NULL, NULL, NULL, NULL, NULL, NULL, NULL, NULL, NULL, '', '', NULL, 0, NULL, 1),
(39, 'ACM22C31039', 'ACM22C31039', 'test_user39@bigpage.in', 1, '624556a4dad890-42281052-16460116', '$2a$08$dktyD3ZOI/q8OScf123tUeuvIxsR07wcJMZfZibWLeMSWE8KTE3Oi', 'member', 'registered', NULL, 0, '2022-03-31 07:22:12', 'Test User39', '2022-03-31', 'male', '12', 'PAN39', '39', '10', '2022-03-31 07:22:12', '2022-03-31', 0, 1, 10, NULL, NULL, NULL, NULL, NULL, NULL, NULL, NULL, NULL, NULL, NULL, '', '', NULL, 0, NULL, 1),
(40, 'ACM22C31040', 'ACM22C31040', 'test_user40@bigpage.in', 1, '624556a516f490-93849142-83427594', '$2a$08$y/Fj2f5twjOiOz8zCpW6.upfZFTtwRCnkQ4rY4GCgqdMT6v.lLEpK', 'member', 'registered', NULL, 0, '2022-03-31 07:22:13', 'Test User40', '2022-03-31', 'male', '12', 'PAN40', '40', '10', '2022-03-31 07:22:13', '2022-03-31', 0, 1, 10, NULL, NULL, NULL, NULL, NULL, NULL, NULL, NULL, NULL, NULL, NULL, '', '', NULL, 0, NULL, 1),
(41, 'ACM22C31041', 'ACM22C31041', 'test_user41@bigpage.in', 1, '624556d7364521-96265932-98609029', '$2a$08$NavHKNEmjAijHodzZCWUPepfBzbZZljICIrlDv.EXf2781s5jMd3.', 'member', 'registered', NULL, 0, '2022-03-31 07:23:03', 'Test User41', '2022-03-31', 'male', '12', 'PAN41', '41', '6', '2022-03-31 07:23:03', '2022-03-31', 0, 1, 6, NULL, NULL, NULL, NULL, NULL, NULL, NULL, NULL, NULL, NULL, NULL, '', '', NULL, 0, NULL, 1),
(42, 'ACM22C31042', 'ACM22C31042', 'test_user42@bigpage.in', 1, '624556d76df153-32535705-66326448', '$2a$08$osHKQPVUiUeZXoxzxfZTs.5kA5ZsDkSR77uAbTAiazhkiQNfwfbK.', 'member', 'registered', NULL, 0, '2022-03-31 07:23:03', 'Test User42', '2022-03-31', 'male', '12', 'PAN42', '42', '6', '2022-03-31 07:23:03', '2022-03-31', 0, 1, 6, NULL, NULL, NULL, NULL, NULL, NULL, NULL, NULL, NULL, NULL, NULL, '', '', NULL, 0, NULL, 1),
(43, 'ACM22C31043', 'ACM22C31043', 'test_user43@bigpage.in', 1, '624556d7c14044-35093171-40358207', '$2a$08$W16Mstlfnd0a0ZH6WDpuyeN2C6dsVfp7tJJXIlEvGkePXMa2SiSU2', 'member', 'registered', NULL, 0, '2022-03-31 07:23:03', 'Test User43', '2022-03-31', 'male', '12', 'PAN43', '43', '6', '2022-03-31 07:23:03', '2022-03-31', 0, 1, 6, NULL, NULL, NULL, NULL, NULL, NULL, NULL, NULL, NULL, NULL, NULL, '', '', NULL, 0, NULL, 1),
(44, 'ACM22C31044', 'ACM22C31044', 'test_user44@bigpage.in', 1, '624556d83f3ca3-38510700-67627076', '$2a$08$j50dzsPdYim/6keSJuIajutmEc3nF.vvFgMRDp2KfsR9U24SadKL2', 'member', 'registered', NULL, 0, '2022-03-31 07:23:04', 'Test User44', '2022-03-31', 'male', '12', 'PAN44', '44', '6', '2022-03-31 07:23:04', '2022-03-31', 0, 1, 6, NULL, NULL, NULL, NULL, NULL, NULL, NULL, NULL, NULL, NULL, NULL, '', '', NULL, 0, NULL, 1),
(45, 'ACM22C31046', 'ACM22C31046', 'test_user46@bigpage.in', 1, '6245570a8fea68-36172861-79312494', '$2a$08$kPOZnjZz0diLBseE5S3coOgz6DlK9nREowRrLhrVk4ii1KEDqauMC', 'member', 'registered', NULL, 0, '2022-03-31 07:23:54', 'Test User46', '2022-03-31', 'male', '12', 'PAN46', '46', '7', '2022-03-31 07:23:54', '2022-03-31', 0, 1, 7, NULL, NULL, NULL, NULL, NULL, NULL, NULL, NULL, NULL, NULL, NULL, '', '', NULL, 0, NULL, 1),
(46, 'ACM22C31047', 'ACM22C31047', 'test_user47@bigpage.in', 1, '6245570adccfc8-46083246-48076686', '$2a$08$qJh4CCWQpDyZhS0PP9VS2ORng8Bk83xPyyleel4kX4qn1AHyEiCA6', 'member', 'registered', NULL, 0, '2022-03-31 07:23:54', 'Test User47', '2022-03-31', 'male', '12', 'PAN47', '47', '7', '2022-03-31 07:23:54', '2022-03-31', 0, 1, 7, NULL, NULL, NULL, NULL, NULL, NULL, NULL, NULL, NULL, NULL, NULL, '', '', NULL, 0, NULL, 1),
(47, 'ACM22C31048', 'ACM22C31048', 'test_user48@bigpage.in', 1, '6245570b242400-70156368-55172261', '$2a$08$LgyMrMr3hT1NeMnYwLx5Eut2ZyzgvgOu5dboFqWOGnda5fNpRoXf.', 'member', 'registered', NULL, 0, '2022-03-31 07:23:55', 'Test User48', '2022-03-31', 'male', '12', 'PAN48', '48', '7', '2022-03-31 07:23:55', '2022-03-31', 0, 1, 7, NULL, NULL, NULL, NULL, NULL, NULL, NULL, NULL, NULL, NULL, NULL, '', '', NULL, 0, NULL, 1),
(48, 'ACM22C31049', 'ACM22C31049', 'test_user49@bigpage.in', 1, '6245570b8eb495-68853889-96009113', '$2a$08$kP7zYW5eZppJySTvDb/Rs.0edYbrWG2pAXZ6X/w60KsaHSWrh2Egi', 'member', 'registered', NULL, 0, '2022-03-31 07:23:55', 'Test User49', '2022-03-31', 'male', '12', 'PAN49', '49', '7', '2022-03-31 07:23:55', '2022-03-31', 0, 1, 7, NULL, NULL, NULL, NULL, NULL, NULL, NULL, NULL, NULL, NULL, NULL, '', '', NULL, 0, NULL, 1),
(49, 'ACM22C31050', 'ACM22C31050', 'test_user50@bigpage.in', 1, '6245570be24724-16949973-67594897', '$2a$08$tULZfmGTrs06IXbpgMWEAuv366Wr2ckcKJLQMnFH550OyjBEQ7Vxi', 'member', 'registered', NULL, 0, '2022-03-31 07:23:55', 'Test User50', '2022-03-31', 'male', '12', 'PAN50', '50', '7', '2022-03-31 07:23:55', '2022-03-31', 0, 1, 7, NULL, NULL, NULL, NULL, NULL, NULL, NULL, NULL, NULL, NULL, NULL, '', '', NULL, 0, NULL, 1),
(50, 'ACM22C31051', 'ACM22C31051', 'test_user51@bigpage.in', 1, '624557330e7596-99186626-48933227', '$2a$08$vlROkrXbkt3oNebOn/W55usguVx9i82ND7n85PimY.kvQ/XcMzhAK', 'member', 'registered', NULL, 0, '2022-03-31 07:24:35', 'Test User51', '2022-03-31', 'male', '12', 'PAN51', '51', '8', '2022-03-31 07:24:35', '2022-03-31', 0, 1, 8, NULL, NULL, NULL, NULL, NULL, NULL, NULL, NULL, NULL, NULL, NULL, '', '', NULL, 0, NULL, 1),
(51, 'ACM22C31052', 'ACM22C31052', 'test_user52@bigpage.in', 1, '624557333f6b88-55054940-23384397', '$2a$08$ZbUeMHv3nlXWL.qb6a6.MeIwe78p3KjKYoMztd0bYtshJZwT1sHiu', 'member', 'registered', NULL, 0, '2022-03-31 07:24:35', 'Test User52', '2022-03-31', 'male', '12', 'PAN52', '52', '8', '2022-03-31 07:24:35', '2022-03-31', 0, 1, 8, NULL, NULL, NULL, NULL, NULL, NULL, NULL, NULL, NULL, NULL, NULL, '', '', NULL, 0, NULL, 1),
(52, 'ACM22C31053', 'ACM22C31053', 'test_user53@bigpage.in', 1, '62455733768139-07995116-58292504', '$2a$08$qaumiGea70I4kv4W9Kumc.535Uz6RNfg6FwH5Xz0nRrHvWk.IiRkG', 'member', 'registered', NULL, 0, '2022-03-31 07:24:35', 'Test User53', '2022-03-31', 'male', '12', 'PAN53', '53', '8', '2022-03-31 07:24:35', '2022-03-31', 0, 1, 8, NULL, NULL, NULL, NULL, NULL, NULL, NULL, NULL, NULL, NULL, NULL, '', '', NULL, 0, NULL, 1),
(53, 'ACM22C31054', 'ACM22C31054', 'test_user54@bigpage.in', 1, '62455733d84d13-03719535-16540339', '$2a$08$NLCDoC5OUVz3CS6/a9W6DeeXl8nJXAAIudog/BLt5x5DW5nMWLNf.', 'member', 'registered', NULL, 0, '2022-03-31 07:24:35', 'Test User54', '2022-03-31', 'male', '12', 'PAN54', '54', '8', '2022-03-31 07:24:35', '2022-03-31', 0, 1, 8, NULL, NULL, NULL, NULL, NULL, NULL, NULL, NULL, NULL, NULL, NULL, '', '', NULL, 0, NULL, 1),
(54, 'ACM22C31055', 'ACM22C31055', 'test_user55@bigpage.in', 1, '62455734ce2551-15913569-81993124', '$2a$08$x36gK2aHN2h0XjxB4M2gWeVJG3e6Uan6DEARgMpaquR4oD.3xexZW', 'member', 'registered', NULL, 0, '2022-03-31 07:24:36', 'Test User55', '2022-03-31', 'male', '12', 'PAN55', '55', '8', '2022-03-31 07:24:36', '2022-03-31', 0, 1, 8, NULL, NULL, NULL, NULL, NULL, NULL, NULL, NULL, NULL, NULL, NULL, '', '', NULL, 0, NULL, 1),
(55, 'ACM22C31056', 'ACM22C31056', 'test_user56@bigpage.in', 1, '624557351895e4-15298364-12599626', '$2a$08$r1Dx7sr9ViK6e4rxjAKtnuxLpNspSeYA0zb4KcyNqJfAKL6KM2mXa', 'member', 'registered', NULL, 0, '2022-03-31 07:24:37', 'Test User56', '2022-03-31', 'male', '12', 'PAN56', '56', '8', '2022-03-31 07:24:37', '2022-03-31', 0, 1, 8, NULL, NULL, NULL, NULL, NULL, NULL, NULL, NULL, NULL, NULL, NULL, '', '', NULL, 0, NULL, 1),
(56, 'ACM22C31057', 'ACM22C31057', 'test_user57@bigpage.in', 1, '6245573546cef2-44405975-72149693', '$2a$08$It7ld03WOUXlTjTvV2PTF.4CqNjIXEAuKPNOqwF5GciUiWGOHYDbS', 'member', 'registered', NULL, 0, '2022-03-31 07:24:37', 'Test User57', '2022-03-31', 'male', '12', 'PAN57', '57', '8', '2022-03-31 07:24:37', '2022-03-31', 0, 1, 8, NULL, NULL, NULL, NULL, NULL, NULL, NULL, NULL, NULL, NULL, NULL, '', '', NULL, 0, NULL, 1),
(57, 'ACM22C31058', 'ACM22C31058', 'test_user58@bigpage.in', 1, '6245573620c4d3-95302936-34811136', '$2a$08$m6DBZPL55uH8S.QXsmWYXewIy2k3ctho6Zr8FT86WHyYUh9gF7DR.', 'member', 'registered', NULL, 0, '2022-03-31 07:24:38', 'Test User58', '2022-03-31', 'male', '12', 'PAN58', '58', '8', '2022-03-31 07:24:38', '2022-03-31', 0, 1, 8, NULL, NULL, NULL, NULL, NULL, NULL, NULL, NULL, NULL, NULL, NULL, '', '', NULL, 0, NULL, 1),
(58, 'ACM22C31059', 'ACM22C31059', 'test_user59@bigpage.in', 1, '6245573654bc60-07086264-64276349', '$2a$08$V1gxFKcNMd/F3yFRyNssY.EQhhtLbDAzVi/GrQU124B7QKJrqmQCe', 'member', 'registered', NULL, 0, '2022-03-31 07:24:38', 'Test User59', '2022-03-31', 'male', '12', 'PAN59', '59', '8', '2022-03-31 07:24:38', '2022-03-31', 0, 1, 8, NULL, NULL, NULL, NULL, NULL, NULL, NULL, NULL, NULL, NULL, NULL, '', '', NULL, 0, NULL, 1),
(59, 'ACM22C31060', 'ACM22C31060', 'test_user60@bigpage.in', 1, '624557369b3b95-50646844-72046241', '$2a$08$EmzsML4EHFM/Z.wpTdOXBu8qIBHGXdkdpjQcE5GSFOxiiGP3A8GO6', 'member', 'registered', NULL, 0, '2022-03-31 07:24:38', 'Test User60', '2022-03-31', 'male', '12', 'PAN60', '60', '8', '2022-03-31 07:24:38', '2022-03-31', 0, 1, 8, NULL, NULL, NULL, NULL, NULL, NULL, NULL, NULL, NULL, NULL, NULL, '', '', NULL, 0, NULL, 1),
(60, 'ACM22C31061', 'ACM22C31061', 'test_user61@bigpage.in', 1, '6245576acf3104-17673408-70399541', '$2a$08$o7g4Q2VCUwzZnyvfg5Kn4OX0issuk8rm6YsUbYyoFJYvT7GtKf5gq', 'member', 'registered', NULL, 0, '2022-03-31 07:25:30', 'Test User61', '2022-03-31', 'male', '12', 'PAN61', '61', '11', '2022-03-31 07:25:30', '2022-03-31', 0, 1, 11, NULL, NULL, NULL, NULL, NULL, NULL, NULL, NULL, NULL, NULL, NULL, '', '', NULL, 0, NULL, 1),
(61, 'ACM22C31062', 'ACM22C31062', 'test_user62@bigpage.in', 1, '6245576b625414-72412779-12951736', '$2a$08$O/ZtK5S6f2s80EHLGg7CPupvPMWPYSrRENqEBDIVyUuj7AdJqTVjK', 'member', 'registered', NULL, 0, '2022-03-31 07:25:31', 'Test User62', '2022-03-31', 'male', '12', 'PAN62', '62', '11', '2022-03-31 07:25:31', '2022-03-31', 0, 1, 11, NULL, NULL, NULL, NULL, NULL, NULL, NULL, NULL, NULL, NULL, NULL, '', '', NULL, 0, NULL, 1),
(62, 'ACM22C31063', 'ACM22C31063', 'test_user63@bigpage.in', 1, '6245576b923332-52808763-36906255', '$2a$08$c0V09eZk1CsehNICeGjT3uzb2CuPPnBeDUXNLUx.Nem1I6sekur/C', 'member', 'registered', NULL, 0, '2022-03-31 07:25:31', 'Test User63', '2022-03-31', 'male', '12', 'PAN63', '63', '11', '2022-03-31 07:25:31', '2022-03-31', 0, 1, 11, NULL, NULL, NULL, NULL, NULL, NULL, NULL, NULL, NULL, NULL, NULL, '', '', NULL, 0, NULL, 1),
(63, 'ACM22C31064', 'ACM22C31064', 'test_user64@bigpage.in', 1, '6245576be8d6c2-59621979-90388766', '$2a$08$aBVe61J5w4ZDtn/3ulmAb.CqzT9QDE4L//VA2PFBH0J4jQigBsfBm', 'member', 'registered', NULL, 0, '2022-03-31 07:25:31', 'Test User64', '2022-03-31', 'male', '12', 'PAN64', '64', '11', '2022-03-31 07:25:31', '2022-03-31', 0, 1, 11, NULL, NULL, NULL, NULL, NULL, NULL, NULL, NULL, NULL, NULL, NULL, '', '', NULL, 0, NULL, 1),
(64, 'ACM22C31065', 'ACM22C31065', 'test_user65@bigpage.in', 1, '6245576c66dc34-91227672-30311484', '$2a$08$o5js2FtOFYyWam2wjVQwHOpVwNGgnMspJFzapIwBThMFfrLY9708q', 'member', 'registered', NULL, 0, '2022-03-31 07:25:32', 'Test User65', '2022-03-31', 'male', '12', 'PAN65', '65', '11', '2022-03-31 07:25:32', '2022-03-31', 0, 1, 11, NULL, NULL, NULL, NULL, NULL, NULL, NULL, NULL, NULL, NULL, NULL, '', '', NULL, 0, NULL, 1),
(65, 'ACM22C31066', 'ACM22C31066', 'test_user66@bigpage.in', 1, '6245576cbd7d48-75893919-83510318', '$2a$08$NyU3bGDmFBh.1uIH6NgCL.VxRvFVJPUs9epZZYuPgnrG1CuisTsPy', 'member', 'registered', NULL, 0, '2022-03-31 07:25:32', 'Test User66', '2022-03-31', 'male', '12', 'PAN66', '66', '11', '2022-03-31 07:25:32', '2022-03-31', 0, 1, 11, NULL, NULL, NULL, NULL, NULL, NULL, NULL, NULL, NULL, NULL, NULL, '', '', NULL, 0, NULL, 1),
(66, 'ACM22C31067', 'ACM22C31067', 'test_user67@bigpage.in', 1, '6245576cef4b88-08991182-30715912', '$2a$08$vAMZ6yZOk3ZkrE37SUeeKu15JanrjoU0UwaGSwR4E/e8U4qfQczMG', 'member', 'registered', NULL, 0, '2022-03-31 07:25:32', 'Test User67', '2022-03-31', 'male', '12', 'PAN67', '67', '11', '2022-03-31 07:25:32', '2022-03-31', 0, 1, 11, NULL, NULL, NULL, NULL, NULL, NULL, NULL, NULL, NULL, NULL, NULL, '', '', NULL, 0, NULL, 1),
(67, 'ACM22C31068', 'ACM22C31068', 'test_user68@bigpage.in', 1, '6245576d7f59a3-28221581-81007236', '$2a$08$UuJuEil2eWaJxbE360ZW1ecNM5SYyP3kLnzlfg1Ya6Y3XzzfX6fhe', 'member', 'registered', NULL, 0, '2022-03-31 07:25:33', 'Test User68', '2022-03-31', 'male', '12', 'PAN68', '68', '11', '2022-03-31 07:25:33', '2022-03-31', 0, 1, 11, NULL, NULL, NULL, NULL, NULL, NULL, NULL, NULL, NULL, NULL, NULL, '', '', NULL, 0, NULL, 1),
(68, 'ACM22C31069', 'ACM22C31069', 'test_user69@bigpage.in', 1, '6245576dd96b45-96520290-18634545', '$2a$08$Eo5qR22ZjERtfvmbOJP0cemARCc5odSb.d/9aCe9xwrj66kH6cCtu', 'member', 'registered', NULL, 0, '2022-03-31 07:25:33', 'Test User69', '2022-03-31', 'male', '12', 'PAN69', '69', '11', '2022-03-31 07:25:33', '2022-03-31', 0, 1, 11, NULL, NULL, NULL, NULL, NULL, NULL, NULL, NULL, NULL, NULL, NULL, '', '', NULL, 0, NULL, 1),
(69, 'ACM22C31070', 'ACM22C31070', 'test_user70@bigpage.in', 1, '6245576e4610f6-29793548-97705624', '$2a$08$FSp4lxpYS7doMZe.xyG2y.cw.Jv4gB5cvXEjmqxD8w5YjX7M0M9Im', 'member', 'registered', NULL, 0, '2022-03-31 07:25:34', 'Test User70', '2022-03-31', 'male', '12', 'PAN70', '70', '11', '2022-03-31 07:25:34', '2022-03-31', 0, 1, 11, NULL, NULL, NULL, NULL, NULL, NULL, NULL, NULL, NULL, NULL, NULL, '', '', NULL, 0, NULL, 1),
(70, 'ACM22C31071', 'ACM22C31071', 'test_user71@bigpage.in', 1, '624557a341ba62-30288347-35845505', '$2a$08$JZZSSszYcxGwZeR7LSlOfeSTzv4zID/jF.81MyY9U/Bmh7NV.hBWS', 'member', 'registered', NULL, 0, '2022-03-31 07:26:27', 'Test User71', '2022-03-31', 'male', '12', 'PAN71', '71', '12', '2022-03-31 07:26:27', '2022-03-31', 0, 1, 12, NULL, NULL, NULL, NULL, NULL, NULL, NULL, NULL, NULL, NULL, NULL, '', '', NULL, 0, NULL, 1),
(71, 'ACM22C31072', 'ACM22C31072', 'test_user72@bigpage.in', 1, '624557a39ccbe6-08100158-55603721', '$2a$08$3YkwC6i.mY3IiDBULLV3g.PtMkAtBj2jTUMoYTlN1sxxocWNxWW9W', 'member', 'registered', NULL, 0, '2022-03-31 07:26:27', 'Test User72', '2022-03-31', 'male', '12', 'PAN72', '72', '12', '2022-03-31 07:26:27', '2022-03-31', 0, 1, 12, NULL, NULL, NULL, NULL, NULL, NULL, NULL, NULL, NULL, NULL, NULL, '', '', NULL, 0, NULL, 1),
(72, 'ACM22C31073', 'ACM22C31073', 'test_user73@bigpage.in', 1, '624557a3ce8bd6-26200058-57070881', '$2a$08$/DfFN9pIegmbYyyK9unfXe13VGQxqWDlo6nOf70mYsxSBS2tFCHuC', 'member', 'registered', NULL, 0, '2022-03-31 07:26:27', 'Test User73', '2022-03-31', 'male', '12', 'PAN73', '73', '12', '2022-03-31 07:26:27', '2022-03-31', 0, 1, 12, NULL, NULL, NULL, NULL, NULL, NULL, NULL, NULL, NULL, NULL, NULL, '', '', NULL, 0, NULL, 1),
(73, 'ACM22C31074', 'ACM22C31074', 'test_user74@bigpage.in', 1, '624557a408ce24-12151698-91709047', '$2a$08$rrMpXAJZTHTQ2C05cXQX5uxhmi4HJ62/WlCrE62vnwhXfbcBHB2Ze', 'member', 'registered', NULL, 0, '2022-03-31 07:26:28', 'Test User74', '2022-03-31', 'male', '12', 'PAN74', '74', '12', '2022-03-31 07:26:28', '2022-03-31', 0, 1, 12, NULL, NULL, NULL, NULL, NULL, NULL, NULL, NULL, NULL, NULL, NULL, '', '', NULL, 0, NULL, 1),
(74, 'ACM22C31075', 'ACM22C31075', 'test_user75@bigpage.in', 1, '624557a4472180-69499960-73503028', '$2a$08$bduPb0UULx3b37AjGCIVQuapsYPTdpLyyBDtE67VDJp9fXODyNJpK', 'member', 'registered', NULL, 0, '2022-03-31 07:26:28', 'Test User75', '2022-03-31', 'male', '12', 'PAN75', '75', '12', '2022-03-31 07:26:28', '2022-03-31', 0, 1, 12, NULL, NULL, NULL, NULL, NULL, NULL, NULL, NULL, NULL, NULL, NULL, '', '', NULL, 0, NULL, 1),
(75, 'ACM22C31076', 'ACM22C31076', 'test_user76@bigpage.in', 1, '624557a4b293f0-79551534-73415067', '$2a$08$29xpDRZWr5tGHop31Ctzhuahz6FVTd2YilXAMojZMLIZIYm/STJla', 'member', 'registered', NULL, 0, '2022-03-31 07:26:28', 'Test User76', '2022-03-31', 'male', '12', 'PAN76', '76', '12', '2022-03-31 07:26:28', '2022-03-31', 0, 1, 12, NULL, NULL, NULL, NULL, NULL, NULL, NULL, NULL, NULL, NULL, NULL, '', '', NULL, 0, NULL, 1),
(76, 'ACM22C31077', 'ACM22C31077', 'test_user77@bigpage.in', 1, '624557a4f09f11-27955727-99140085', '$2a$08$wUyVRgMzwpAdCHUuQ15S8uThuuDFrnnK1Dd7jB4ovIxYYVuldKgKG', 'member', 'registered', NULL, 0, '2022-03-31 07:26:28', 'Test User77', '2022-03-31', 'male', '12', 'PAN77', '77', '12', '2022-03-31 07:26:28', '2022-03-31', 0, 1, 12, NULL, NULL, NULL, NULL, NULL, NULL, NULL, NULL, NULL, NULL, NULL, '', '', NULL, 0, NULL, 1),
(77, 'ACM22C31078', 'ACM22C31078', 'test_user78@bigpage.in', 1, '624557a5380d17-19275419-43061421', '$2a$08$LhYHrjHrs5hHe4AcnhF68e1RPI1teQ.PjyxlypsQ76/EkVcWE6Yn6', 'member', 'registered', NULL, 0, '2022-03-31 07:26:29', 'Test User78', '2022-03-31', 'male', '12', 'PAN78', '78', '12', '2022-03-31 07:26:29', '2022-03-31', 0, 1, 12, NULL, NULL, NULL, NULL, NULL, NULL, NULL, NULL, NULL, NULL, NULL, '', '', NULL, 0, NULL, 1),
(78, 'ACM22C31079', 'ACM22C31079', 'test_user79@bigpage.in', 1, '624557a57418f0-08962144-47715584', '$2a$08$k9y0zYPRNNYBfG2rJ9nvbeTL.eSOdg/FKgyVM8YJ1nSyv9vqTZhri', 'member', 'registered', NULL, 0, '2022-03-31 07:26:29', 'Test User79', '2022-03-31', 'male', '12', 'PAN79', '79', '12', '2022-03-31 07:26:29', '2022-03-31', 0, 1, 12, NULL, NULL, NULL, NULL, NULL, NULL, NULL, NULL, NULL, NULL, NULL, '', '', NULL, 0, NULL, 1),
(79, 'ACM22C31080', 'ACM22C31080', 'test_user80@bigpage.in', 1, '624557a5eba236-32611250-94382809', '$2a$08$VGcDtrWGnmDL6FaxFpm8tOrJGrMgvMS4oIAuglQa03/iqZ57L1BYW', 'member', 'registered', NULL, 0, '2022-03-31 07:26:29', 'Test User80', '2022-03-31', 'male', '12', 'PAN80', '80', '12', '2022-03-31 07:26:29', '2022-03-31', 0, 1, 12, NULL, NULL, NULL, NULL, NULL, NULL, NULL, NULL, NULL, NULL, NULL, '', '', NULL, 0, NULL, 1),
(80, 'ACM22C31081', 'ACM22C31081', 'test_user81@bigpage.in', 1, '624557baf2cdf2-13923220-91917910', '$2a$08$UaGpz34EBdUSlSxukeGYvOZjr5oORrpAFKGgUrAwQmrI/byeDvR.K', 'member', 'registered', NULL, 0, '2022-03-31 07:26:50', 'Test User81', '2022-03-31', 'male', '12', 'PAN81', '81', '20', '2022-03-31 07:26:50', '2022-03-31', 0, 1, 20, NULL, NULL, NULL, NULL, NULL, NULL, NULL, NULL, NULL, NULL, NULL, '', '', NULL, 0, NULL, 1),
(81, 'ACM22C31082', 'ACM22C31082', 'test_user82@bigpage.in', 1, '624557bb608ae0-96805094-43146953', '$2a$08$2/AMAA6PbOw8GOsU.Vdw1uyJWf9iPKQZZBhEsNL/ofuOoZBhqGYZ.', 'member', 'registered', NULL, 0, '2022-03-31 07:26:51', 'Test User82', '2022-03-31', 'male', '12', 'PAN82', '82', '20', '2022-03-31 07:26:51', '2022-03-31', 0, 1, 20, NULL, NULL, NULL, NULL, NULL, NULL, NULL, NULL, NULL, NULL, NULL, '', '', NULL, 0, NULL, 1),
(82, 'ACM22C31083', 'ACM22C31083', 'test_user83@bigpage.in', 1, '624557bba6e9b3-09709433-69706984', '$2a$08$1YCB5UfrKZbiPvNY5bX2yuJiKllQopkeVP42qKTj7bfBF6Gb0m9AG', 'member', 'registered', NULL, 0, '2022-03-31 07:26:51', 'Test User83', '2022-03-31', 'male', '12', 'PAN83', '83', '20', '2022-03-31 07:26:51', '2022-03-31', 0, 1, 20, NULL, NULL, NULL, NULL, NULL, NULL, NULL, NULL, NULL, NULL, NULL, '', '', NULL, 0, NULL, 1),
(83, 'ACM22C31084', 'ACM22C31084', 'test_user84@bigpage.in', 1, '624557bc2d6600-02609310-68556900', '$2a$08$VbnRrmfNbwHGXxl0swDMB.3Op5TMzwKKNriEuJKyi/brypEzhEyLG', 'member', 'registered', NULL, 0, '2022-03-31 07:26:52', 'Test User84', '2022-03-31', 'male', '12', 'PAN84', '84', '20', '2022-03-31 07:26:52', '2022-03-31', 0, 1, 20, NULL, NULL, NULL, NULL, NULL, NULL, NULL, NULL, NULL, NULL, NULL, '', '', NULL, 0, NULL, 1),
(84, 'ACM22C31085', 'ACM22C31085', 'test_user85@bigpage.in', 1, '624557bc7776d6-03192388-96902668', '$2a$08$BONYN8zNcDcNy1s15ACBr..gR0LAalzqp4MSNmGG.Q8iyIN5hryUO', 'member', 'registered', NULL, 0, '2022-03-31 07:26:52', 'Test User85', '2022-03-31', 'male', '12', 'PAN85', '85', '20', '2022-03-31 07:26:52', '2022-03-31', 0, 1, 20, NULL, NULL, NULL, NULL, NULL, NULL, NULL, NULL, NULL, NULL, NULL, '', '', NULL, 0, NULL, 1),
(85, 'ACM22C31086', 'ACM22C31086', 'test_user86@bigpage.in', 1, '624557bcb2c9c0-71284938-46312628', '$2a$08$uNTEnvH4AfMCWeucB1VaeeszxjQ87agzGC06XOKKT8DFOd8tpHxxe', 'member', 'registered', NULL, 0, '2022-03-31 07:26:52', 'Test User86', '2022-03-31', 'male', '12', 'PAN86', '86', '20', '2022-03-31 07:26:52', '2022-03-31', 0, 1, 20, NULL, NULL, NULL, NULL, NULL, NULL, NULL, NULL, NULL, NULL, NULL, '', '', NULL, 0, NULL, 1),
(86, 'ACM22C31087', 'ACM22C31087', 'test_user87@bigpage.in', 1, '624557bd33d7f6-67840271-88048090', '$2a$08$WgYMz/c0mEsnfU0CtKF.zucTTQ.Q60ACP3VDQAWpocQm1kEpGZ5Fe', 'member', 'registered', NULL, 0, '2022-03-31 07:26:53', 'Test User87', '2022-03-31', 'male', '12', 'PAN87', '87', '20', '2022-03-31 07:26:53', '2022-03-31', 0, 1, 20, NULL, NULL, NULL, NULL, NULL, NULL, NULL, NULL, NULL, NULL, NULL, '', '', NULL, 0, NULL, 1),
(87, 'ACM22C31088', 'ACM22C31088', 'test_user88@bigpage.in', 1, '624557bd7ad111-66753519-54650951', '$2a$08$4R7DLA0fCQuOLMmB6BkApu6yahwFmbMVviPHzk1iUbe5FSsepMnLG', 'member', 'registered', NULL, 0, '2022-03-31 07:26:53', 'Test User88', '2022-03-31', 'male', '12', 'PAN88', '88', '20', '2022-03-31 07:26:53', '2022-03-31', 0, 1, 20, NULL, NULL, NULL, NULL, NULL, NULL, NULL, NULL, NULL, NULL, NULL, '', '', NULL, 0, NULL, 1),
(88, 'ACM22C31089', 'ACM22C31089', 'test_user89@bigpage.in', 1, '624557bda87007-43096670-35738070', '$2a$08$xWlwq3ZhKRrO1enUrXpsHe9paGJ2B/KLyifUoRhtWCPN3cwVj.Lau', 'member', 'registered', NULL, 0, '2022-03-31 07:26:53', 'Test User89', '2022-03-31', 'male', '12', 'PAN89', '89', '20', '2022-03-31 07:26:53', '2022-03-31', 0, 1, 20, NULL, NULL, NULL, NULL, NULL, NULL, NULL, NULL, NULL, NULL, NULL, '', '', NULL, 0, NULL, 1),
(89, 'ACM22C31090', 'ACM22C31090', 'test_user90@bigpage.in', 1, '624557be267151-27171609-69351725', '$2a$08$XxahsokVcOs4dY7U4xz02eM.tEw8rOC/radRDMC/WySWI23yCuOX6', 'member', 'registered', NULL, 0, '2022-03-31 07:26:54', 'Test User90', '2022-03-31', 'male', '12', 'PAN90', '90', '20', '2022-03-31 07:26:54', '2022-03-31', 0, 1, 20, NULL, NULL, NULL, NULL, NULL, NULL, NULL, NULL, NULL, NULL, NULL, '', '', NULL, 0, NULL, 1),
(90, 'ACM22C31091', 'ACM22C31091', 'test_user91@bigpage.in', 1, '624557dfbc2013-50973784-92978984', '$2a$08$vvixD52cQEF4ODPppiJSQOsSf/xsBPpY9XY0WTNiUIR8k1gm8U/N.', 'member', 'registered', NULL, 0, '2022-03-31 07:27:27', 'Test User91', '2022-03-31', 'male', '15', 'PAN91', '91', '20', '2022-03-31 07:27:27', '2022-03-31', 0, 1, 20, NULL, NULL, NULL, NULL, NULL, NULL, NULL, NULL, NULL, NULL, NULL, '', '', NULL, 0, NULL, 1),
(91, 'ACM22C31092', 'ACM22C31092', 'test_user92@bigpage.in', 1, '624557dfea8213-40366700-72345460', '$2a$08$XX4r0aeq2zxdwGtFGlb01.jli7w.HedUelhVcnXGir98bFgJD5Ety', 'member', 'registered', NULL, 0, '2022-03-31 07:27:27', 'Test User92', '2022-03-31', 'male', '15', 'PAN92', '92', '20', '2022-03-31 07:27:27', '2022-03-31', 0, 1, 20, NULL, NULL, NULL, NULL, NULL, NULL, NULL, NULL, NULL, NULL, NULL, '', '', NULL, 0, NULL, 1),
(92, 'ACM22C31093', 'ACM22C31093', 'test_user93@bigpage.in', 1, '624557e02472c6-61047060-51770497', '$2a$08$AwRfn2iGpTXfJ3cSqpkxquDZcKJ8ko37nmRNu5ShjaWKZkNs/hYTu', 'member', 'registered', NULL, 0, '2022-03-31 07:27:28', 'Test User93', '2022-03-31', 'male', '15', 'PAN93', '93', '20', '2022-03-31 07:27:28', '2022-03-31', 0, 1, 20, NULL, NULL, NULL, NULL, NULL, NULL, NULL, NULL, NULL, NULL, NULL, '', '', NULL, 0, NULL, 1),
(93, 'ACM22C31094', 'ACM22C31094', 'test_user94@bigpage.in', 1, '624557e052d8b6-78295698-93689632', '$2a$08$E/OIPd9QKAc5zBu952ssouKoWpZDZbSypy7hwHHj5Z/Pln/WFK/8K', 'member', 'registered', NULL, 0, '2022-03-31 07:27:28', 'Test User94', '2022-03-31', 'male', '15', 'PAN94', '94', '20', '2022-03-31 07:27:28', '2022-03-31', 0, 1, 20, NULL, NULL, NULL, NULL, NULL, NULL, NULL, NULL, NULL, NULL, NULL, '', '', NULL, 0, NULL, 1),
(94, 'ACM22C31095', 'ACM22C31095', 'test_user95@bigpage.in', 1, '624557e0caf1d2-76003042-42282134', '$2a$08$swnORpFECz6DNuHUXAVLEegxhuOQ/ojG0wyUd7KJazW85yLvQpiQe', 'member', 'registered', NULL, 0, '2022-03-31 07:27:28', 'Test User95', '2022-03-31', 'male', '15', 'PAN95', '95', '20', '2022-03-31 07:27:28', '2022-03-31', 0, 1, 20, NULL, NULL, NULL, NULL, NULL, NULL, NULL, NULL, NULL, NULL, NULL, '', '', NULL, 0, NULL, 1),
(95, 'ACM22C31096', 'ACM22C31096', 'test_user96@bigpage.in', 1, '624557e11d5aa7-17101632-20430749', '$2a$08$e.hJ7ZMKYmeq/LvHRftONOGdejj9NBLwkPLPZdgPjNB9JDw.Bz/Ge', 'member', 'registered', NULL, 0, '2022-03-31 07:27:29', 'Test User96', '2022-03-31', 'male', '15', 'PAN96', '96', '20', '2022-03-31 07:27:29', '2022-03-31', 0, 1, 20, NULL, NULL, NULL, NULL, NULL, NULL, NULL, NULL, NULL, NULL, NULL, '', '', NULL, 0, NULL, 1),
(96, 'ACM22C31097', 'ACM22C31097', 'test_user97@bigpage.in', 1, '624557e17c9ba7-36546063-40062137', '$2a$08$wnlcQOuuMBzMk7G5ai9o6e/fCpGl/moHFUiORuImKObXRxExKqkPq', 'member', 'registered', NULL, 0, '2022-03-31 07:27:29', 'Test User97', '2022-03-31', 'male', '15', 'PAN97', '97', '20', '2022-03-31 07:27:29', '2022-03-31', 0, 1, 20, NULL, NULL, NULL, NULL, NULL, NULL, NULL, NULL, NULL, NULL, NULL, '', '', NULL, 0, NULL, 1),
(97, 'ACM22C31098', 'ACM22C31098', 'test_user98@bigpage.in', 1, '624557e228cd40-77243960-10522448', '$2a$08$sZ9v9VUxixh1HcLuaUbuJuK1EInwxpdHzpzGN6AYsxKAlpb0nrPFu', 'member', 'registered', NULL, 0, '2022-03-31 07:27:30', 'Test User98', '2022-03-31', 'male', '15', 'PAN98', '98', '20', '2022-03-31 07:27:30', '2022-03-31', 0, 1, 20, NULL, NULL, NULL, NULL, NULL, NULL, NULL, NULL, NULL, NULL, NULL, '', '', NULL, 0, NULL, 1),
(98, 'ACM22C31099', 'ACM22C31099', 'test_user99@bigpage.in', 1, '624557e277bb69-32580948-21975111', '$2a$08$f3ixdKrx3lJ5fIxe1f7d/uMyY60EbFeGnGMpL2TXiYqiLjM86WuqK', 'member', 'registered', NULL, 0, '2022-03-31 07:27:30', 'Test User99', '2022-03-31', 'male', '15', 'PAN99', '99', '20', '2022-03-31 07:27:30', '2022-03-31', 0, 1, 20, NULL, NULL, NULL, NULL, NULL, NULL, NULL, NULL, NULL, NULL, NULL, '', '', NULL, 0, NULL, 1),
(99, 'ACM22C310100', 'ACM22C310100', 'test_user100@bigpage.in', 1, '624557e2da7ff6-46027500-23722367', '$2a$08$1JsV0P5/IuDiqKzCqJZObOo7UyWuUMCSdy28DOU5e2adCj3CtO74K', 'member', 'registered', NULL, 0, '2022-03-31 07:27:30', 'Test User100', '2022-03-31', 'male', '15', 'PAN100', '100', '20', '2022-03-31 07:27:30', '2022-03-31', 0, 1, 20, NULL, NULL, NULL, NULL, NULL, NULL, NULL, NULL, NULL, NULL, NULL, '', '', NULL, 0, NULL, 1);

--
-- Indexes for dumped tables
--

--
-- Indexes for table `application_fees_trans`
--
ALTER TABLE `application_fees_trans`
  ADD PRIMARY KEY (`id`);

--
-- Indexes for table `bank_settings`
--
ALTER TABLE `bank_settings`
  ADD PRIMARY KEY (`id`);

--
-- Indexes for table `business_settings`
--
ALTER TABLE `business_settings`
  ADD PRIMARY KEY (`id`);

--
-- Indexes for table `cashback_settings`
--
ALTER TABLE `cashback_settings`
  ADD PRIMARY KEY (`id`);

--
-- Indexes for table `cashback_user_list`
--
ALTER TABLE `cashback_user_list`
  ADD PRIMARY KEY (`id`);

--
-- Indexes for table `cashback_user_trans`
--
ALTER TABLE `cashback_user_trans`
  ADD PRIMARY KEY (`id`);

--
-- Indexes for table `ci_sessions`
--
ALTER TABLE `ci_sessions`
  ADD KEY `ci_sessions_timestamp` (`timestamp`);

--
-- Indexes for table `company_rewad_tracking`
--
ALTER TABLE `company_rewad_tracking`
  ADD PRIMARY KEY (`id`);

--
-- Indexes for table `company_reward_settings`
--
ALTER TABLE `company_reward_settings`
  ADD PRIMARY KEY (`id`);

--
-- Indexes for table `contacts`
--
ALTER TABLE `contacts`
  ADD PRIMARY KEY (`id`);

--
-- Indexes for table `general_settings`
--
ALTER TABLE `general_settings`
  ADD PRIMARY KEY (`id`);

--
-- Indexes for table `network`
--
ALTER TABLE `network`
  ADD PRIMARY KEY (`id`);

--
-- Indexes for table `pages`
--
ALTER TABLE `pages`
  ADD PRIMARY KEY (`id`);

--
-- Indexes for table `payout_tracking`
--
ALTER TABLE `payout_tracking`
  ADD PRIMARY KEY (`id`);

--
-- Indexes for table `settings`
--
ALTER TABLE `settings`
  ADD PRIMARY KEY (`id`);

--
-- Indexes for table `transaction`
--
ALTER TABLE `transaction`
  ADD PRIMARY KEY (`id`);

--
-- Indexes for table `users`
--
ALTER TABLE `users`
  ADD PRIMARY KEY (`id`);

--
-- AUTO_INCREMENT for dumped tables
--

--
-- AUTO_INCREMENT for table `application_fees_trans`
--
ALTER TABLE `application_fees_trans`
  MODIFY `id` int(11) NOT NULL AUTO_INCREMENT, AUTO_INCREMENT=10;

--
-- AUTO_INCREMENT for table `bank_settings`
--
ALTER TABLE `bank_settings`
  MODIFY `id` int(11) NOT NULL AUTO_INCREMENT, AUTO_INCREMENT=3;

--
-- AUTO_INCREMENT for table `business_settings`
--
ALTER TABLE `business_settings`
  MODIFY `id` int(11) NOT NULL AUTO_INCREMENT, AUTO_INCREMENT=5;

--
-- AUTO_INCREMENT for table `cashback_settings`
--
ALTER TABLE `cashback_settings`
  MODIFY `id` int(11) NOT NULL AUTO_INCREMENT, AUTO_INCREMENT=2;

--
-- AUTO_INCREMENT for table `cashback_user_list`
--
ALTER TABLE `cashback_user_list`
  MODIFY `id` int(11) NOT NULL AUTO_INCREMENT;

--
-- AUTO_INCREMENT for table `cashback_user_trans`
--
ALTER TABLE `cashback_user_trans`
  MODIFY `id` int(11) NOT NULL AUTO_INCREMENT;

--
-- AUTO_INCREMENT for table `company_rewad_tracking`
--
ALTER TABLE `company_rewad_tracking`
  MODIFY `id` int(11) NOT NULL AUTO_INCREMENT;

--
-- AUTO_INCREMENT for table `company_reward_settings`
--
ALTER TABLE `company_reward_settings`
  MODIFY `id` int(11) NOT NULL AUTO_INCREMENT, AUTO_INCREMENT=4;

--
-- AUTO_INCREMENT for table `contacts`
--
ALTER TABLE `contacts`
  MODIFY `id` int(11) NOT NULL AUTO_INCREMENT;

--
-- AUTO_INCREMENT for table `general_settings`
--
ALTER TABLE `general_settings`
  MODIFY `id` int(11) NOT NULL AUTO_INCREMENT, AUTO_INCREMENT=2;

--
-- AUTO_INCREMENT for table `network`
--
ALTER TABLE `network`
  MODIFY `id` int(11) NOT NULL AUTO_INCREMENT, AUTO_INCREMENT=99;

--
-- AUTO_INCREMENT for table `pages`
--
ALTER TABLE `pages`
  MODIFY `id` int(11) NOT NULL AUTO_INCREMENT;

--
-- AUTO_INCREMENT for table `payout_tracking`
--
ALTER TABLE `payout_tracking`
  MODIFY `id` int(11) NOT NULL AUTO_INCREMENT;

--
-- AUTO_INCREMENT for table `settings`
--
ALTER TABLE `settings`
  MODIFY `id` int(11) NOT NULL AUTO_INCREMENT, AUTO_INCREMENT=3;

--
-- AUTO_INCREMENT for table `transaction`
--
ALTER TABLE `transaction`
  MODIFY `id` int(11) NOT NULL AUTO_INCREMENT, AUTO_INCREMENT=10;

--
-- AUTO_INCREMENT for table `users`
--
ALTER TABLE `users`
  MODIFY `id` int(11) NOT NULL AUTO_INCREMENT, AUTO_INCREMENT=100;
COMMIT;

/*!40101 SET CHARACTER_SET_CLIENT=@OLD_CHARACTER_SET_CLIENT */;
/*!40101 SET CHARACTER_SET_RESULTS=@OLD_CHARACTER_SET_RESULTS */;
/*!40101 SET COLLATION_CONNECTION=@OLD_COLLATION_CONNECTION */;
