--0.

CREATE TABLE "Category" (
	"id"	INTEGER NOT NULL UNIQUE,
	"name"	TEXT NOT NULL,
	PRIMARY KEY("id" AUTOINCREMENT)
);

CREATE TABLE "Person" (
	"id"	INTEGER NOT NULL UNIQUE,
	"name"	TEXT NOT NULL,
	"firstname"	TEXT NOT NULL,
	PRIMARY KEY("id" AUTOINCREMENT)
);

CREATE TABLE "Movie" (
	"id"	INTEGER NOT NULL UNIQUE,
	"title"	TEXT,
	"length"	INTEGER,
	"year"	INTEGER,
	"popularity"	INTEGER,
	"awards"	INTEGER,
	"category_id"	INTEGER,
	"director_id"	INTEGER,
	"main_actor_id"	INTEGER,
	"main_actress_id"	INTEGER,
	FOREIGN KEY("main_actor_id") REFERENCES "Person"("id"),
	FOREIGN KEY("director_id") REFERENCES "Person"("id"),
	FOREIGN KEY("category_id") REFERENCES "Category"("id"),
	FOREIGN KEY("main_actress_id") REFERENCES "Person"("id"),
	PRIMARY KEY("id" AUTOINCREMENT)
);

INSERT INTO Category values (1,'Crime'),
(2,'Science Fiction'),
(3,'Short'),
(4,'Mystery'),
(5,'Music'),
(6,'Action'),
(7,'War'),
(8,'Romance'),
(9,'Fantasy'),
(10,'Comedy'),
(11,'Drama'),
(12,'Western'),
(13,'Adventure'),
(14,'Horror');

insert into Person values (1,'Crawford','Joan'),
(2,'Davis','Andrew'),
(3,'Orgolini','Lisa'),
(4,'Donner','Richard'),
(5,'Costner','Kevin'),
(6,'Webb','Greg'),
(7,'Brennan','Eileen'),
(8,'Novak','Kim'),
(9,'King','George'),
(10,'Kleiser','Randal'),
(11,'Hoffs','Tamar Simon'),
(12,'Evenson','Kim'),
(13,'Loncraine','Richard'),
(14,'Seaton','George'),
(15,'Coolidge','Martha'),
(16,'Armstrong','Robert'),
(17,'Rifkin','Adam'),
(18,'LeBrock','Kelly'),
(19,'Grahame','Gloria'),
(20,'Cook','Fielder'),
(21,'Fox','Michael J.'),
(22,'Conlon','Tim'),
(23,'Kotcheff','Ted'),
(24,'Lattuada','Alberto'),
(25,'Price','Marc'),
(26,'Chesney','Arthur'),
(27,'Alexander','Denise'),
(28,'Gibson','Althea'),
(29,'Ramer','Henry'),
(30,'Sorvino','Paul'),
(31,'MacLachlan','Kyle'),
(32,'DuBarry','Denise'),
(33,'Avedis','Howard Hikmet'),
(34,'Allen','Bill'),
(35,'McCleery','Gary'),
(36,'Holm','Celeste'),
(37,'Williams','Robin'),
(38,'Huyck','Willard'),
(39,'Carpenter','John'),
(40,'Dee','Ruby'),
(41,'Douglas','Michael'),
(42,'Winstone','Ray'),
(43,'Knight','Shirley'),
(44,'Abraham','F. Murray'),
(45,'Barreto','Bruno'),
(46,'Ford','Wallace'),
(47,'Sakamoto','Sumiko'),
(48,'Allen','Craig'),
(49,'Clément','René'),
(50,'Pabst','Georg Wilhelm'),
(51,'McEveety','Vincent'),
(52,'Neidorf','David'),
(53,'Jacobi','Derek'),
(54,'Band','Charles'),
(55,'Graham','Gary'),
(56,'DeVito','Danny'),
(57,'McDonnell','Mary'),
(58,'Piscopo','Joe'),
(59,'Rees','Jerry'),
(60,'Birney','David'),
(61,'MacLaine','Shirley'),
(62,'Mason','Marsha'),
(63,'Curtiz','Michael'),
(64,'Hopper','Dennis'),
(65,'Verhoeven','Paul'),
(66,'Cook','Peter'),
(67,'Jarratt','John'),
(68,'Barbash','Uri'),
(69,'Peerce','Larry'),
(70,'Whitman','Stuart'),
(71,'Avnet','John'),
(72,'Colmes','Walter'),
(73,'Rumar','Craig'),
(74,'Geeson','Judy'),
(75,'Skerritt','Tom'),
(76,'King','Henry'),
(77,'Cosmatos','George P.'),
(78,'Saint','Eva Marie'),
(79,'Crawford','Broderick'),
(80,'Olson','James'),
(81,'Dutton','Charles'),
(82,'Johnson','Van'),
(83,'White','Bernie'),
(84,'Peppard','George'),
(85,'Hirsch','Judd'),
(86,'Carter','Judy'),
(87,'Petrie','Daniel'),
(88,'Van Fleet','Jo'),
(89,'Lee','Spike'),
(90,'May','Elaine'),
(91,'Bideman','Robert'),
(92,'Spielberg','Steven'),
(93,'Jones','Grace'),
(94,'Streisand','Barbra'),
(95,'Barber','Frances'),
(96,'Surin','Fred'),
(97,'Strock','Herbert L.'),
(98,'Segal','George'),
(99,'Sharkey','Ray'),
(100,'Philips','Lee'),
(101,'Claxton','William F.'),
(102,'De Vogy','Carl'),
(103,'Mostel','Zero'),
(104,'Hudson','Hugh'),
(105,'Scott','George C.'),
(106,'Sterling','Alexandre'),
(107,'Antonioni','Michelangelo'),
(108,'Hamilton','Antony'),
(109,'Bacall','Lauren'),
(110,'Englund','George'),
(111,'Stern','Steven Hilliard'),
(112,'Slivoka','Hana'),
(113,'Weir','Peter'),
(114,'Konchalovsky','Andrei'),
(115,'Neill','Sam'),
(116,'Curtin','Jane'),
(117,'Kennedy','Burt'),
(118,'Dale','Cynthia'),
(119,'Lafia','John'),
(120,'Curtis','Tony'),
(121,'Bergen','Candice'),
(122,'Deakins','Lucy'),
(123,'Christian','Keely'),
(124,'Bergen','Robert D.'),
(125,'Leigh','Jennifer Jason'),
(126,'Harris','Priscilla'),
(127,'Jacobsson','Ulla'),
(128,'Burd','Stephanie'),
(129,'Braga','Sonia'),
(130,'Hicks','Catherine'),
(131,'Stone','Lewis'),
(132,'Robinson','Edward G.'),
(133,'Caan','James'),
(134,'Mason','Jackie'),
(135,'Frank','Melvin'),
(136,'Bridges','Beau'),
(137,'Olmos','Edward James'),
(138,'Nigh','William'),
(139,'De Bello','John'),
(140,'Lee','Karla'),
(141,'Barnard','Michael'),
(142,'MacNaughton','Ian'),
(143,'Sydow','Max von'),
(144,'Rosa','Robby'),
(145,'Milius','John'),
(146,'Cluzet','Francois'),
(147,'Stone','Sharon'),
(148,'Brest','Martin'),
(149,'Ward','Megan'),
(150,'Wright','Thomas J.'),
(151,'Chong','Rae Dawn'),
(152,'Arnaz','Desi'),
(153,'Cammell','Donald'),
(154,'Coppola','Eleanor'),
(155,'Melato','Mariangela'),
(156,'Kline','Kevin'),
(157,'Young','Gig'),
(158,'Glanzelius','Anton'),
(159,'Townsend','Robert'),
(160,'Bondarchuk','Sergei'),
(161,'Huston','Anjelica'),
(162,'Weaver','Dennis'),
(163,'Ford','Harrison'),
(164,'Gilbert','John'),
(165,'Weingarten','Isabelle'),
(166,'Bridges','Lloyd'),
(167,'Capshaw','Kate'),
(168,'Jones','James Earl'),
(169,'Tatoulis','Colin South John'),
(170,'Greenbush','Lindsay'),
(171,'Harry','Deborah'),
(172,'Morneau','Louis'),
(173,'Miller','George'),
(174,'Hoffman','Shawn'),
(175,'Neely','Gail'),
(176,'Wolf','Kelly'),
(177,'Schepisi','Fred'),
(178,'Welch','Raquel'),
(179,'Figgis','Mike'),
(180,'Chiles','Lois'),
(181,'Caine','Michael'),
(182,'Redgrave','Vanessa'),
(183,'Tadokoro','Yutaka'),
(184,'Fricker','Brenda'),
(185,'Natwick','Mildred'),
(186,'Di Leo','Mario'),
(187,'Stewart','James'),
(188,'Kristel','Sylvia'),
(189,'Ferrer','Jose'),
(190,'Thames','Byron'),
(191,'Katz','Omri'),
(192,'Bening','Annette'),
(193,'Prior','David A.'),
(194,'Lambert','Christopher'),
(195,'Youb','Samy Ben'),
(196,'Nicholson','Arch'),
(197,'Dwan','Allan'),
(198,'Lottimer','Ed'),
(199,'Allen','Joan'),
(200,'Depardieu','Elizabeth'),
(201,'Solari','Suzanne'),
(202,'Walsh','Raoul'),
(203,'Beaudine','William'),
(204,'Noyce','Phillip'),
(205,'Benatar','Pat'),
(206,'Klenck','Margaret'),
(207,'Nagel','Conrad'),
(208,'Bogdanovich','Peter'),
(209,'Reeve','Geoffrey'),
(210,'Hepburn','Katharine'),
(211,'Jones','David'),
(212,'Blot','Philippe'),
(213,'Ure','Mary'),
(214,'Fleming','Rhonda'),
(215,'Bobby','Anne'),
(216,'Resnais','Alain'),
(217,'Widerberg','Bo'),
(218,'Waggner','George'),
(219,'Rossen','Robert'),
(220,'Rey','Fernando'),
(221,'Whitton','Margaret'),
(222,'Murphy','Eddie'),
(223,'Saks','Gene'),
(224,'Lugosi','Bela'),
(225,'Savage','John'),
(226,'Gaylord','Mitch'),
(227,'Minnelli','Liza'),
(228,'Sheedy','Ally'),
(229,'Field','Sally'),
(230,'O''Neal','Tatum'),
(231,'Fonda','Jane'),
(232,'Stoltz','Eric'),
(233,'Chase','Chevy'),
(234,'Heisler','Stuart'),
(235,'Chelsom','Peter'),
(236,'Hussey','Ruth'),
(237,'De Sica','Vittorio'),
(238,'Kane','Carol'),
(239,'Winger','Debra'),
(240,'Coyote','Peter'),
(241,'Fisher','Eddie'),
(242,'Russell','Kurt'),
(243,'Mizoguchi','Kenji'),
(244,'Ryan','Meg'),
(245,'Richardson','Ralph'),
(246,'Eklund','Bengt'),
(247,'Mifune','Toshiro'),
(248,'Nolan','Jeanette'),
(249,'Barthelmess','Richard'),
(250,'Harmon','Mark'),
(251,'Andrews','Julie'),
(252,'Fitzgerald','Tara'),
(253,'Taylor','Norma'),
(254,'Budds','Colin'),
(255,'Archer','Anne'),
(256,'Winkler','Henry'),
(257,'White','Carol'),
(258,'Howard','Ron'),
(259,'Forman','Milos'),
(260,'Malkovich','John'),
(261,'Tandy','Jessica'),
(262,'Caro','Marc'),
(263,'Van Damme','Jean-Claude'),
(264,'Moore','Dudley'),
(265,'Ford','Greg'),
(266,'Banderas','Antonio'),
(267,'Rowe','Nicholas'),
(268,'Hewitt','Martin'),
(269,'Winkler','Irwin'),
(270,'Moore','Roger'),
(271,'Menendez','Ramon'),
(272,'Rowlands','Gena'),
(273,'Tuchner','Michael'),
(274,'Reed','Donna'),
(275,'Breck','Peter'),
(276,'Shatner','William'),
(277,'Lords','Traci'),
(278,'Benson','Robby'),
(279,'Spader','James'),
(280,'Kaufman','Philip'),
(281,'Thorpe','Richard'),
(282,'Warner','Julie'),
(283,'Sevush','Herb'),
(284,'Franklin','Sidney'),
(285,'Broderick','Matthew'),
(286,'Kloves','Steve'),
(287,'Reiner','Carl'),
(288,'Redgrave','Michael'),
(289,'McCrea','Joel'),
(290,'Ouellette','Jean-Paul'),
(291,'Abel','Alfred'),
(292,'Malle','Louis'),
(293,'DeSoto','Rosana'),
(294,'Rogers','Charles'),
(295,'Whitaker','Johnny'),
(296,'Dern','Laura'),
(297,'Seiter','William A.'),
(298,'Barr','Jean-Marc'),
(299,'Ford','Seamus'),
(300,'Dunne','Griffin'),
(301,'Paul','Alexandra'),
(302,'Barrett','Lezli-An'),
(303,'Riegert','Peter'),
(304,'Parkins','Barbara'),
(305,'Lemmon','Jack'),
(306,'Bloom','Claire'),
(307,'Grant','James Edward'),
(308,'Levy','Ralph'),
(309,'Streep','Meryl'),
(310,'Irons','Jeremy'),
(311,'Windsor','Marie'),
(312,'Kava','Caroline'),
(313,'Wiest','Dianne'),
(314,'Hill','Bernard'),
(315,'Harvey','Anthony'),
(316,'Rogers','Buddy'),
(317,'Kellerman','Sally'),
(318,'Valli','Alida'),
(319,'Moreau','Jeanne'),
(320,'Boleslawski','Richard'),
(321,'Mischer','Don'),
(322,'Beecher','Janet'),
(323,'Cardinale','Claudia'),
(324,'Von Zerneck','Danielle'),
(325,'Rush','Barbara'),
(326,'Hopkins','Linda'),
(327,'Balk','Fairuza'),
(328,'Van Valkenburgh','Deborah'),
(329,'Miller','Stuart'),
(330,'Day','Doris'),
(331,'Cabanne','Christy'),
(332,'Spacek','Sissy'),
(333,'Pontecorvo','Gillo'),
(334,'Lint','Derek De'),
(335,'Gleason','Jackie'),
(336,'Ritt','Martin'),
(337,'Patinkin','Mandy'),
(338,'Baker','Dawn'),
(339,'Candy','John'),
(340,'Carmet','Jean'),
(341,'Prentiss','Paula'),
(342,'Novarro','Ramon'),
(343,'Mercouri','Melina'),
(344,'Ontkean','Michael'),
(345,'Myerson','Alan'),
(346,'Grey','Joel'),
(347,'Long','Shelley'),
(348,'Principal','Victoria'),
(349,'Bauer','Belinda'),
(350,'Ward','David S.'),
(351,'Fontaine','Joan'),
(352,'Lucas','George'),
(353,'Carlsen','Henning'),
(354,'Graef','Roger'),
(355,'Nakadai','Tatsuya'),
(356,'LeRoy','Mervyn'),
(357,'Clark','Susan'),
(358,'Penn','Jillette'),
(359,'Lathan','Stan'),
(360,'Allen','Karen'),
(361,'Guillermin','John'),
(362,'Johnson','Anne-Marie'),
(363,'Richardson','Natasha'),
(364,'Rosenthal','Rick'),
(365,'Cannon','Katharine'),
(366,'Jarmusch','Jim'),
(367,'Borgnine','Ernest'),
(368,'Bogner','Willy'),
(369,'Sholder','Jack'),
(370,'Cannon','Dyan'),
(371,'Cooper','Jackie'),
(372,'Drury','David'),
(373,'Day','Robert'),
(374,'Pennington','J. P.'),
(375,'Williams','Cindy'),
(376,'Neame','Ronald'),
(377,'Belson','Jerry'),
(378,'Williams','Esther'),
(379,'Fonda','Henry'),
(380,'Jones','Janet'),
(381,'Sommer','Elke'),
(382,'Troell','Jan'),
(383,'Keach','James'),
(384,'Zanussi','Krzystoff'),
(385,'Dukes','David'),
(386,'Clegg','Tom'),
(387,'Firth','Colin'),
(388,'Bridges','Jeff'),
(389,'Hessman','Howard'),
(390,'Hutchinson','Jeff'),
(391,'Pryor','Richard'),
(392,'Keller','Marthe'),
(393,'Parker','Sarah Jessica'),
(394,'Bernhardt','Curtis'),
(395,'Bergman','Robert'),
(396,'Quinn','James'),
(397,'Dahlin','Bob'),
(398,'Funicello','Annette'),
(399,'Weeks','Stephen'),
(400,'Wilcox','Fred M'),
(401,'Booth','Shirley'),
(402,'Taylor','Lili'),
(403,'Davis','Geena'),
(404,'Wilson','Pee-Wee'),
(405,'Powers','Alexandra'),
(406,'Barrymore','John'),
(407,'Comeau','Alain'),
(408,'Carmen','Loene'),
(409,'Sherman','Gary'),
(410,'Clair','Rene'),
(411,'Cusack','John'),
(412,'Haid','Charles'),
(413,'Redgrave','Jane'),
(414,'Atzorn','Robert'),
(415,'Goodman','John'),
(416,'Foreman','Deborah'),
(417,'Meredith','Lee'),
(418,'Babenco','Hector'),
(419,'Dahlbeck','Eva'),
(420,'Jenkins','Daniel H.'),
(421,'Black','Karen'),
(422,'Taylor','Jud'),
(423,'Joffe','Roland'),
(424,'Mizrahi','Moshe'),
(425,'Kurosawa','Akira'),
(426,'Jordan','Glenn'),
(427,'Fazenda','Louise'),
(428,'Thomas','Ralph'),
(429,'Kidman','Nicole'),
(430,'Walker','Robert Jr.'),
(431,'Ralston','Vera'),
(432,'Taylor','Rip'),
(433,'Hughes','Terry'),
(434,'Cage','Nicolas'),
(435,'Glatter','Lesli Linka'),
(436,'Logan','Joshua'),
(437,'Berle','Milton'),
(438,'Burton','Richard'),
(439,'Strain','Julie'),
(440,'Neff','Thomas L.'),
(441,'Garr','Teri'),
(442,'Danilchenko','Svetlana'),
(443,'Wrede','Caspar'),
(444,'Crichton','Michael'),
(445,'Atherton','William'),
(446,'Schultz','Dwight'),
(447,'DeMornay','Rebecca'),
(448,'Moranis','Rick'),
(449,'Muti','Ornella'),
(450,'Fenn','Sherilyn'),
(451,'Guinness','Alec'),
(452,'Vadim','Roger'),
(453,'Chaffey','Don'),
(454,'Scott','Ridley'),
(455,'Zucker','Jerry'),
(456,'Errickson','Krista'),
(457,'Lane','Diane'),
(458,'Schultz','Michael'),
(459,'Newman','Barry'),
(460,'Donohoe','Amanda'),
(461,'Karyo','Tcheky'),
(462,'Sugai','Kin'),
(463,'Leadbitter','Bill'),
(464,'Gibb','Cynthia'),
(465,'Massey','Edith'),
(466,'Kozlowski','Linda'),
(467,'Kaplan','Jonathan'),
(468,'Bill','Tony'),
(469,'Shaw','Robert'),
(470,'Brosnan','Pierce'),
(471,'Carrera','Barbara'),
(472,'Olson','Nancy'),
(473,'Bottoms','Sam'),
(474,'Joanou','Phil'),
(475,'Lloyd','Frank'),
(476,'Walker','Clint'),
(477,'Lack','Stephen'),
(478,'Moriarty','Cathy'),
(479,'S','Jeremiah'),
(480,'Morrow','Carl'),
(481,'Steadman','Alison'),
(482,'Aldrich','Robert'),
(483,'Brooks','Albert'),
(484,'Bunuel','Luis'),
(485,'Trintignant','Jean-Louis'),
(486,'Sanders','George'),
(487,'Harris','Richard'),
(488,'Barbeau','Adrienne'),
(489,'Christian','Claudia'),
(490,'Reis','Irving'),
(491,'Finch','Charles'),
(492,'Cocteau','Jean'),
(493,'Taylor','Joan'),
(494,'Hale','Alan'),
(495,'Dean','Eddie'),
(496,'Perier','Etienne'),
(497,'Bakula','Scott'),
(498,'Broniewska','Maria'),
(499,'Dinner','Michael'),
(500,'Mori','Paola'),
(501,'Ashby','Hal'),
(502,'Jakobsen','Maggie'),
(503,'Olin','Lena'),
(504,'Hamilton','Carrie'),
(505,'Brandauer','Klaus Maria'),
(506,'Pevney','Joseph'),
(507,'Wise','Robert'),
(508,'Byrne','David'),
(509,'Irvin','John'),
(510,'Kelly','Gene'),
(511,'Cher','Cher'),
(512,'Taylor','Baz'),
(513,'Hemmings','David'),
(514,'Beck','Kimberly'),
(515,'St. John','Jill'),
(516,'Richards','Elizabeth'),
(517,'MacNee','Patrick'),
(518,'Downs','Cathy'),
(519,'Farrow','John'),
(520,'Ramis','Harold'),
(521,'Cariou','Len'),
(522,'Klein-Rogge','Rudolf'),
(523,'Hunt','Linda'),
(524,'Björk','Halvar'),
(525,'Westergren','Håkan'),
(526,'English','Doug'),
(527,'Champion','Marge'),
(528,'Young','Loretta'),
(529,'Valberg','Brigitta'),
(530,'Irving','Amy'),
(531,'Winning','David'),
(532,'Nance','John'),
(533,'Dickinson','Angie'),
(534,'Litvak','Anatole'),
(535,'Cryer','Jon'),
(536,'Crystal','Billy'),
(537,'Cagney','James'),
(538,'Wenders','Wim'),
(539,'Sellers','Peter'),
(540,'Pakula','Alan J.'),
(541,'Towns','Philip Saville'),
(542,'Leno','Jay'),
(543,'Garfield','John David'),
(544,'Fanaka','Jamaa'),
(545,'Siodmak','Robert'),
(546,'Ursitti','Susan'),
(547,'Bertolucci','Bernardo'),
(548,'Philbin','John'),
(549,'Brewster','Diane'),
(550,'Nelligan','Kate'),
(551,'Maggio','Pupella'),
(552,'Milland','Ray'),
(553,'Annese','Frank'),
(554,'Jurgens','Curt'),
(555,'Tamiroff','Akim'),
(556,'Kane','Irene'),
(557,'Scorsese','Martin'),
(558,'Waterston','Sam'),
(559,'Prager','Sally'),
(560,'Down','Lesley-Anne'),
(561,'Miller','Robert Ellis'),
(562,'Mann','Delbert'),
(563,'Newman','Paul'),
(564,'Julia','Raul'),
(565,'Patterson','Richard'),
(566,'Hannah','Page'),
(567,'Holt','Jennifer'),
(568,'Quinn','Anthony'),
(569,'Armstrong','Kerry'),
(570,'Gilbert','Brian'),
(571,'Menjou','Adolphe'),
(572,'Scales','Prunella'),
(573,'Russell','Betsy'),
(574,'Rosenberg','Stuart'),
(575,'Kikoine','Gerard'),
(576,'Garner','James'),
(577,'Sanda','Dominique'),
(578,'Grieco','Richard'),
(579,'Moss','Ronn'),
(580,'Pilbeam','Nova'),
(581,'Kroner','Josef'),
(582,'Lumet','Sidney'),
(583,'Hale','Monte'),
(584,'Scharf','Sabrina'),
(585,'Hayworth','Rita'),
(586,'Magnoli','Albert'),
(587,'Hanson','Lars'),
(588,'Arnold','Gertrud'),
(589,'Leigh','Janet'),
(590,'Donen','Stanley'),
(591,'Jewell','Isabel'),
(592,'Pfeiffer','Michelle'),
(593,'Schlesinger','John'),
(594,'Roundtree','Richard'),
(595,'Marder','Bruce'),
(596,'Kyô','Machiki'),
(597,'Hampton','Paul'),
(598,'Dombasle','Arielle'),
(599,'Headley','Glenne'),
(600,'Plummer','Christopher'),
(601,'Williamson','Nicol'),
(602,'Winninger','Charles'),
(603,'Gielgud','John'),
(604,'Goldthwait','Bob'),
(605,'Schroeder','Barbet'),
(606,'Grant','Donald'),
(607,'Parfitt','Judy'),
(608,'Veber','Francis'),
(609,'Ticotin','Rachel'),
(610,'Edgren','Gustaf'),
(611,'Dallesandro','Joe'),
(612,'Terry','Thomas'),
(613,'Gonzales','Peter'),
(614,'Olsen','Merlin'),
(615,'Hellman','Monte'),
(616,'Boyce','Alan'),
(617,'Chapman','Marguerite'),
(618,'Reiner','Rob'),
(619,'Fishburne','Larry'),
(620,'Fawcett','Farrah'),
(621,'Trikonis','Gus'),
(622,'Rush','Richard'),
(623,'Hyams','Peter'),
(624,'Attenborough','Richard'),
(625,'Barash','Olivia'),
(626,'Cruise','Tom'),
(627,'Todd','Beverly'),
(628,'Holmes','Michelle'),
(629,'Kudoh','Youki'),
(630,'Emes','Ian'),
(631,'Garrett','Leif'),
(632,'Cannon','Raymond'),
(633,'Baker','Graham'),
(634,'O''Neill','Jennifer'),
(635,'Beineix','Jean-Jacques'),
(636,'Galligan','Zach'),
(637,'Aumont','Jean-Pierre'),
(638,'Lorre','Peter'),
(639,'Cornwell','Charlotte'),
(640,'Silvera','Frank'),
(641,'Rotaeta','Félix'),
(642,'Fleischer','Richard'),
(643,'Abrahams','Jim'),
(644,'Josephson','Erland'),
(645,'Foster','Jodie'),
(646,'Wellman','William'),
(647,'Venora','Diane'),
(648,'Astin','John'),
(649,'Stowe','Madeleine'),
(650,'Hendrix','Leah Ayres'),
(651,'Cornell','John'),
(652,'McKee','Lonette'),
(653,'Savoca','Nancy'),
(654,'Hutton','Timothy'),
(655,'Modine','Matthew'),
(656,'Maneri','Luisa'),
(657,'Metcalf','Laurie'),
(658,'Booth','James'),
(659,'Sweeney','D. B.'),
(660,'Ruben','Katt Shea'),
(661,'Aquino','Vanessa'),
(662,'Madsen','Virginia'),
(663,'Fosse','Bob'),
(664,'Thomas','Gerald'),
(665,'Christie','Julie'),
(666,'Brown','Clarence'),
(667,'Ringwald','Molly'),
(668,'Simon','S. Sylvan'),
(669,'Flanders','Ed'),
(670,'O''Keefe','Michael'),
(671,'Blondell','Joan'),
(672,'Harlow','Jean'),
(673,'Mazursky','Paul'),
(674,'Cornell','Laura'),
(675,'Ford','John'),
(676,'Williams','JoBeth'),
(677,'Hope','Bob'),
(678,'Weill','Claudia'),
(679,'Lester','Mark L.'),
(680,'Tognazzi','Ugo'),
(681,'Sandrich','Jay'),
(682,'Dalle','Béatrice'),
(683,'Solomin','Yuri'),
(684,'Darwell','Jane'),
(685,'Sutherland','Donald'),
(686,'Taylor','Rod'),
(687,'Robinson','Frances'),
(688,'Aykroyd','Dan'),
(689,'Comer','Anjanette'),
(690,'Thompson','J. Lee'),
(691,'Skye','Ione'),
(692,'Harrison','Rex'),
(693,'Forsythe','John'),
(694,'Jalenak','Jan'),
(695,'Lucidi','Maurizio'),
(696,'Taylor','Cecil'),
(697,'Hurt','Mary Beth'),
(698,'Hallström','Lasse'),
(699,'Bergman','Andrew'),
(700,'Howard','Arliss'),
(701,'Thaw','John'),
(702,'Aimee','Anouk'),
(703,'Slaughter','Tod'),
(704,'Cassidy','Joanna'),
(705,'Kronsberg','Jeremy Joe'),
(706,'Brauss','Arthur'),
(707,'Mandel','Howie'),
(708,'Adolphson','Kristina'),
(709,'Hughes','Ken'),
(710,'Puenzo','Luiz'),
(711,'Shimura','Takashi'),
(712,'Schwarzenegger','Arnold'),
(713,'Fleming','Susan'),
(714,'Bonnaire','Sandrine'),
(715,'Taylor','Karen'),
(716,'Busey','Gary'),
(717,'Byrne','Martha'),
(718,'Boothe','Powers'),
(719,'Ferrer','Mel'),
(720,'Hoffman','Dustin'),
(721,'McTeer','Janet'),
(722,'Romero','Cesar'),
(723,'Guttenberg','Steve'),
(724,'Quinn','Aidan'),
(725,'Bahr','Fax'),
(726,'McCarey','Leo'),
(727,'Arkush','Allan'),
(728,'Capolicchio','Lino'),
(729,'Belushi','John'),
(730,'Harris','Ed'),
(731,'Parker','Alan'),
(732,'Bujold','Geneviève'),
(733,'O''Herlihy','Michael'),
(734,'Damski','Mel'),
(735,'Chambers','Marilyn'),
(736,'Leigh','Jason'),
(737,'Duvall','Robert'),
(738,'Sanger','Jonathan'),
(739,'Peyser','Penny'),
(740,'Moore','Mary Tyler'),
(741,'Hobbs','Lyndall'),
(742,'Brent','George'),
(743,'Deutch','Howard'),
(744,'Power','Tyrone'),
(745,'Higgin','Howard'),
(746,'George','Peter'),
(747,'Berlin','Tom'),
(748,'Wiemer','Robert'),
(749,'Kumagai','Denice'),
(750,'Richardson','Miranda'),
(751,'Bates','Kathy'),
(752,'Szabó','István'),
(753,'Kavner','Julie'),
(754,'Ganz','Bruno'),
(755,'Romero','George A.'),
(756,'Hughes','Kevin Bacon'),
(757,'Rossi','Franco'),
(758,'Englund','Robert'),
(759,'Oz','Frank'),
(760,'Furie','Sidney J.'),
(761,'Schlöndorff','Volker'),
(762,'Wertmuller','Lina'),
(763,'Knox','Terence'),
(764,'Dickerson','Ernest R.'),
(765,'Oates','Warren'),
(766,'Andress','Ursula'),
(767,'Peterson','Chris'),
(768,'Gordon','Steve'),
(769,'Spottiswoode','Roger'),
(770,'Gere','Richard'),
(771,'Ullman','Liv'),
(772,'Richard','Pierre'),
(773,'Rydeberg','Georg'),
(774,'Jarman','Derek'),
(775,'Reynolds','Burt'),
(776,'Wright','Robin'),
(777,'Dalton','Timothy'),
(778,'Smight','Jack'),
(779,'Donahue','Tony'),
(780,'Nuytten','Bruno'),
(781,'Blier','Bertrand'),
(782,'Phillips','Maurice'),
(783,'Akan','Tarik'),
(784,'Dysart','Richard A.'),
(785,'Miles','Sarah'),
(786,'Simmons','Jean'),
(787,'Cage','Nicholas'),
(788,'Berman','Shelley'),
(789,'Metzler','Jim'),
(790,'Sordi','Alberto'),
(791,'Wilder','Billy'),
(792,'Lancaster','Burt'),
(793,'Young','Terrence'),
(794,'Palmer','Betsy'),
(795,'Johnson','Ben'),
(796,'Horn','Camilla'),
(797,'King','Rick'),
(798,'Niven','David'),
(799,'Halop','Florence'),
(800,'Crosby','Denise'),
(801,'Hershey','Barbara'),
(802,'Bolt','Jonathan'),
(803,'Dougnac','Marie-Laure'),
(804,'Betnel','Jonathan'),
(805,'Clarke','Alan'),
(806,'Currie','Sondra'),
(807,'Huppert','Isabelle'),
(808,'Burns','George'),
(809,'Jolivet','Pierre'),
(810,'Hamill','Mark'),
(811,'Lynch','Kelly'),
(812,'Dors','Diana'),
(813,'Bottoms','Timothy'),
(814,'Bardot','Brigitte'),
(815,'Wharmby','Tony'),
(816,'Chen','Joan'),
(817,'Rulu','Francesco'),
(818,'Jackson','Barry'),
(819,'Truffaut','François'),
(820,'Matlin','Marlee'),
(821,'Laure','Carole'),
(822,'Marchand','Henri'),
(823,'Ward','Sophie'),
(824,'Beatty','Warren'),
(825,'Von Bergan','Raven'),
(826,'Pillsbury','Sam'),
(827,'Logan','Phyllis'),
(828,'Amateau','Rod'),
(829,'Nugent','Eddie'),
(830,'Quaid','Dennis'),
(831,'Courcel','Nicole'),
(832,'Duperey','Anny'),
(833,'Voight','Jon'),
(834,'Ardant','Fanny'),
(835,'Wing','Virginia'),
(836,'Blackman','Honor'),
(837,'Leo','Malcolm'),
(838,'Lelouch','Claude'),
(839,'Kramer','Stanley'),
(840,'Wilson','George'),
(841,'the Wonder Horse','Rex'),
(842,'Petrie','Donald'),
(843,'Ludwig','Edward'),
(844,'Jordan','Neil'),
(845,'Gauthier','Vincent'),
(846,'Ford','Terence'),
(847,'Burton','Tim'),
(848,'Bolt','Ben'),
(849,'Blondell','Gloria'),
(850,'Hannah','Daryl'),
(851,'Plowright','Joan'),
(852,'Clayburgh','Jill'),
(853,'LeMat','Paul'),
(854,'Masterson','Peter'),
(855,'Neckar','Vaclav'),
(856,'Finneran','Siohban'),
(857,'Granger','Farley'),
(858,'Stanley','Paul'),
(859,'Ameche','Don'),
(860,'Lucking','William'),
(861,'Coppola','Christopher'),
(862,'Pearce','Richard'),
(863,'Quinn','John'),
(864,'Douglas','Kirk'),
(865,'Kingsley','Ben'),
(866,'Benton','Robert'),
(867,'Campbell','Tisha'),
(868,'Adjani','Isabelle'),
(869,'Miller','Penelope Ann'),
(870,'Shea','John'),
(871,'Young','Terence'),
(872,'Rochlin','Sheldon'),
(873,'Barkin','Ellen'),
(874,'Birney','Meredith Baxter'),
(875,'O''Neal','Ryan'),
(876,'Dunne','Irene'),
(877,'Auer','John H.'),
(878,'Selleck','Tom'),
(879,'Lloyd','Rosalind'),
(880,'Patric','Jason'),
(881,'Sarafian','Richard C.'),
(882,'Allen','Woody'),
(883,'Sukowa','Barbara'),
(884,'Cleese','John'),
(885,'White','Vanna'),
(886,'Hepburn','Audrey'),
(887,'Rogers','Mimi'),
(888,'Ann','Margret'),
(889,'Gazelle','Wendy'),
(890,'Morrissey','Paul'),
(891,'Roberts','Eric'),
(892,'Sayles','John'),
(893,'Cross','Ben'),
(894,'Turner','Lana'),
(895,'Post','Markie'),
(896,'Roger','Pierre'),
(897,'Rohmer','Eric'),
(898,'Ford','Peter'),
(899,'Race','Hugo'),
(900,'Needham','Hal'),
(901,'Phipps','Wentley'),
(902,'Belford','Christine'),
(903,'Aurel','Jean'),
(904,'Wajda','Andrzej'),
(905,'Russo','Rene'),
(906,'Mumy','Billy'),
(907,'Thulin','Ingrid'),
(908,'Lean','David'),
(909,'Zmed','Adrian'),
(910,'Mastrantonio','Mary Elizabeth'),
(911,'Sebastian','Beverly'),
(912,'Jaglom','Henry'),
(913,'Rutherford','Ann'),
(914,'Torn','Rip'),
(915,'Keach','Stacy'),
(916,'Perkins','Elizabeth'),
(917,'Baker','Carroll'),
(918,'Hopkins','Stephen'),
(919,'Rudolph','Alan'),
(920,'Kalatozov','Mikhail'),
(921,'Dassin','Jules'),
(922,'Thomas','Dave'),
(923,'Hughes','John'),
(924,'Tamblyn','Russ'),
(925,'Kinnaman','Melinda'),
(926,'O''Brien','Pat'),
(927,'Sommer','Josef'),
(928,'Clark','Bob'),
(929,'Brenner','Barry'),
(930,'Ginty','Robert'),
(931,'Boulting','John'),
(932,'Dunaway','Faye'),
(933,'Roeg','Nicolas'),
(934,'Fraker','William A.'),
(935,'Manning','Michelle'),
(936,'Reagan','Ronald'),
(937,'Mackendrick','Alexander'),
(938,'Hobart','Rose'),
(939,'Degermark','Pia'),
(940,'Kennedy','Leon Isaac'),
(941,'Lynch','David'),
(942,'Connery','Sean'),
(943,'Taylor-Young','Leigh'),
(944,'Axel','Gabriel'),
(945,'Theumer','Ernst R. von'),
(946,'Paris','Jerry'),
(947,'Patrick','John'),
(948,'Kellogg','Ray'),
(949,'Kiersch','Fritz'),
(950,'Jönsson','Nine-Christine'),
(951,'Bradley','Al'),
(952,'Hoxie','Jack'),
(953,'Seymour','Jane'),
(954,'Van Peebles','Mario'),
(955,'Brochet','Anne'),
(956,'Davis','Bette'),
(957,'Newman','Laraine'),
(958,'Neilson','Catherine'),
(959,'Astaire','Fred'),
(960,'Dance','Charles'),
(961,'Zushi','Yoshitaka'),
(962,'Kagan','Jeremy Paul'),
(963,'Carlisle','Mary'),
(964,'Rogers','Will'),
(965,'Daltry','Roger'),
(966,'Paré','Michael'),
(967,'Foran','Dick'),
(968,'McCrea','Jody'),
(969,'Jones','Chris'),
(970,'Anger','Kenneth'),
(971,'Darby','Kim'),
(972,'Keller','Hiram'),
(973,'Katt','William'),
(974,'Donner','Clive'),
(975,'Altman','Robert'),
(976,'Roth','Bobby'),
(977,'O''Malley','Pat'),
(978,'Sarandon','Susan'),
(979,'Falk','Peter'),
(980,'Kaurismäki','Mika'),
(981,'Hunter','Holly'),
(982,'De Niro','Robert'),
(983,'Heard','John'),
(984,'Brogi','Giulio'),
(985,'Lauer','Andrew'),
(986,'Woodward','Joanne'),
(987,'King','Stephen'),
(988,'Mantegna','Joe'),
(989,'Phoenix','River'),
(990,'Jamieson','Malcolm'),
(991,'Nicholson','Jack'),
(992,'Hyams','Leila'),
(993,'Schmoeller','David'),
(994,'Vorhaus','Bernard'),
(995,'Gence','Denise'),
(996,'Mason','James'),
(997,'Chan','Agnes'),
(998,'Kaprisky','Valerie'),
(999,'Nielsen','Leslie'),
(1000,'McEveety','Bernard'),
(1001,'Guney','Yilmaz'),
(1002,'Donaggio','Michael Winner'),
(1003,'Reeve','Christopher'),
(1004,'Dreyfuss','Richard'),
(1005,'Deneuve','Catherine'),
(1006,'Silverstein','Elliot'),
(1007,'Peck','Cecilia'),
(1008,'Harper','Jessica'),
(1009,'Bergman','Peter'),
(1010,'Mori','Masayuki'),
(1011,'O''Connor','Pat'),
(1012,'Sinise','Gary'),
(1013,'Hopkins','Anthony'),
(1014,'Foley','James'),
(1015,'Cameron','Marjorie'),
(1016,'Davidson','Tommy'),
(1017,'Munson','Ona'),
(1018,'Sidaris','Andy'),
(1019,'Anthony','Joseph'),
(1020,'Serious','Yahoo'),
(1021,'Beals','Jennifer'),
(1022,'Cohen','Martin B.'),
(1023,'McDowall','Roddy'),
(1024,'Wolfe','Donald'),
(1025,'Channing','Carol'),
(1026,'Frankenheimer','John'),
(1027,'Morahan','Christopher'),
(1028,'Young','Robert M.'),
(1029,'Garland','Judy'),
(1030,'Schnitzer','Robert Allen'),
(1031,'Jackson','Sherry'),
(1032,'Stallone','Sylvester'),
(1033,'Farr','Felicia'),
(1034,'Day-Lewis','Daniel'),
(1035,'Larson','Christine'),
(1036,'Hopkins','Bo'),
(1037,'Taurog','Norman'),
(1038,'Hamilton','Guy'),
(1039,'Pialat','Maurice'),
(1040,'Depardieu','Gérard'),
(1041,'De Havilland','Olivia'),
(1042,'Hitchcock','Alfred'),
(1043,'Brooks','James L.'),
(1044,'Brickman','Marshall'),
(1045,'Annaud','Jean-Jacques'),
(1046,'Brando','Marlon'),
(1047,'Apted','Michael'),
(1048,'Wicki','Bernhard'),
(1049,'Seagal','Steven'),
(1050,'Surovy','Nicolas'),
(1051,'Roberts','Pernell'),
(1052,'Mackenzie','John'),
(1053,'Gottlieb','Michael'),
(1054,'Purl','Linda'),
(1055,'Mate','Rudolph'),
(1056,'Signoret','Simone'),
(1057,'McGovern','Elizabeth'),
(1058,'Meyer','Nicholas'),
(1059,'Molander','Gustaf'),
(1060,'Barry','Joan'),
(1061,'Colman','Ronald'),
(1062,'Kelly','Grace'),
(1063,'Allen','Elizabeth'),
(1064,'Sherman','Vincent'),
(1065,'Becker','Harold'),
(1066,'Crosby','Bing'),
(1067,'Kendall','Henry'),
(1068,'Hudson','Ernie'),
(1069,'Anspach','Susan'),
(1070,'Gries','Tom'),
(1071,'Gerard','Gil'),
(1072,'Palance','Jack'),
(1073,'Eastwood','Clint'),
(1074,'Bardischewski','Maria'),
(1075,'Tyzack','Margaret'),
(1076,'Thompson','Brett'),
(1077,'Drynan','Jeanie'),
(1078,'Vidor','Charles'),
(1079,'Heckerling','Amy'),
(1080,'Kruger','Otto'),
(1081,'Wilby','James'),
(1082,'Owen','Cliff'),
(1083,'Loggia','Robert'),
(1084,'Malden','Karl'),
(1085,'Lester','Richard'),
(1086,'Terzieff','Laurent'),
(1087,'Rossellini','Roberto'),
(1088,'Byrum','John'),
(1089,'Gilchrist','Connie'),
(1090,'Fonda','Peter'),
(1091,'Beebe','Ford'),
(1092,'MacMahon','Aline'),
(1093,'Taylor','Ray'),
(1094,'Tourneur','Jacques'),
(1095,'Stamos','John'),
(1096,'Shields','Brooke'),
(1097,'Ekman','Gösta'),
(1098,'Pytka','Joe'),
(1099,'Stein','Ken'),
(1100,'Warren','Lesley Ann'),
(1101,'Landers','Judy'),
(1102,'Scott','Brenda'),
(1103,'Connery','Jason'),
(1104,'Mills','John'),
(1105,'Gary','Lorraine'),
(1106,'Hill','Walter'),
(1107,'O''Keeffe','Miles'),
(1108,'Browning','Tod'),
(1109,'Rydell','Mark'),
(1110,'Lazenby','George'),
(1111,'Scott','Tony'),
(1112,'Boulting','Roy'),
(1113,'Benezech','Pascal'),
(1114,'Loos','Theodor'),
(1115,'Hayes','Helen'),
(1116,'Madsen','Kenneth'),
(1117,'Sturges','John'),
(1118,'Ford','Maria'),
(1119,'Day','Josette'),
(1120,'McDormand','Frances'),
(1121,'Arrick','Rose'),
(1122,'Loach','Ken'),
(1123,'Snodgress','Carrie'),
(1124,'Schrage','Lisa'),
(1125,'Losey','Joseph'),
(1126,'Fukasaku','Kinji'),
(1127,'Hansen','Eleanor'),
(1128,'Chapman','Graham'),
(1129,'Seltzer','David'),
(1130,'De Filippo','Eduardo'),
(1131,'Anderson','Erika'),
(1132,'D''Arbanville','Patti'),
(1133,'Steenburgen','Mary'),
(1134,'Sargent','Joseph'),
(1135,'Finkleman','Ken'),
(1136,'Bosé','Miguel'),
(1137,'Parillaud','Anne'),
(1138,'Mulcahy','Russell'),
(1139,'Arquette','Rosanna'),
(1140,'Sinclair','Madge'),
(1141,'Berenger','Tom'),
(1142,'Walters','Charles'),
(1143,'Schön','Margarete'),
(1144,'Manz','Linda'),
(1145,'Powell','William'),
(1146,'Markham','Kika'),
(1147,'Yorkin','Bud'),
(1148,'Olivier','Laurence'),
(1149,'Purcell','Lee'),
(1150,'Homolka','Oskar'),
(1151,'Clementi','Pierre'),
(1152,'Lane','Allan'),
(1153,'Wilmington','Michael'),
(1154,'Hills','Beverly'),
(1155,'Wyler','William'),
(1156,'Forsyth','Bill'),
(1157,'Baude','Anna-Lisa'),
(1158,'Beller','Kathleen'),
(1159,'Waris','Hussein'),
(1160,'Webb','John'),
(1161,'Amurri','Franco'),
(1162,'Holland','Savage Steve'),
(1163,'Green','Alfred E.'),
(1164,'Vostrcil','Jan'),
(1165,'Ivory','James'),
(1166,'Brand','Larry'),
(1167,'Crouch','Sandra'),
(1168,'Dru','Joanne'),
(1169,'Farrow','Mia'),
(1170,'Colbert','Claudette'),
(1171,'Andersson','Bibi'),
(1172,'Jones','Shirley'),
(1173,'Dommartin','Solveig'),
(1174,'Taylor','Sam'),
(1175,'Scacchi','Greta'),
(1176,'Porizkova','Paulina'),
(1177,'Garr','Eddie'),
(1178,'Walton','Kip'),
(1179,'Heyes','Douglas'),
(1180,'Dmytryk','Edward'),
(1181,'Kendall','Tony'),
(1182,'Stevens','Inger'),
(1183,'Hardy','Rod'),
(1184,'Waits','Tom'),
(1185,'Hunt','Peter R.'),
(1186,'Annen','Paule'),
(1187,'Sutton','Emma'),
(1188,'Keith','David'),
(1189,'Bretonniere','Jean'),
(1190,'Read','James'),
(1191,'Nimoy','Leonard'),
(1192,'Kitt','Eartha'),
(1193,'Henner','Marilu'),
(1194,'Everett','Rupert'),
(1195,'Howson','Frank'),
(1196,'Fitzmaurice','George'),
(1197,'Hasselhoff','David'),
(1198,'Renoir','Jean'),
(1199,'Jones','Terry'),
(1200,'Haines','Randa'),
(1201,'Greenaway','Peter'),
(1202,'Stevens','George Jr.'),
(1203,'Jourdan','Louis'),
(1204,'Dell','Stewart'),
(1205,'Bernhard','Sandra'),
(1206,'Vitale','Mario'),
(1207,'Arnold','Newt'),
(1208,'Raines','Cristina'),
(1209,'Ross','Katharine'),
(1210,'Carradine','Keith'),
(1211,'Aslan','Gregoire'),
(1212,'Tweed','Shannon'),
(1213,'Nichols','Mike'),
(1214,'Schneider','Maria'),
(1215,'Billingsley','Jennifer'),
(1216,'Ogata','Ken'),
(1217,'Pullman','Bill'),
(1218,'Russell','Theresa'),
(1219,'Komorowska','Maja'),
(1220,'Press','Santha'),
(1221,'Werner','Peter'),
(1222,'Scheider','Roy'),
(1223,'Rouvel','Catherine'),
(1224,'Hough','John'),
(1225,'Compton','Richard'),
(1226,'Levinson','Barry'),
(1227,'Gavin','John'),
(1228,'Sagal','Boris'),
(1229,'Hopkins','Harold'),
(1230,'Kennedy','George'),
(1231,'Bourguignon','Serge'),
(1232,'Jeans','Isabel'),
(1233,'Wimhurst','Jolyon'),
(1234,'Montgomery','Robert'),
(1235,'Speir','Dona'),
(1236,'Booth','Connie'),
(1237,'Bennett','Walter'),
(1238,'Feferman','Linda'),
(1239,'West','Judi'),
(1240,'Bennett','Joan'),
(1241,'Churchill','Marguerite'),
(1242,'Nelson','Gary'),
(1243,'London','Roy'),
(1244,'Dean','Isabel'),
(1245,'Anderson','Michael'),
(1246,'Elliott','Sam'),
(1247,'Kershner','Irvin'),
(1248,'Anderson','Melissa Sue'),
(1249,'Szwarc','Jeannot'),
(1250,'Svennberg','Tore'),
(1251,'Grye','Brittain'),
(1252,'Kent','Barbara'),
(1253,'Boyd','Stphen'),
(1254,'Washington','Denzel'),
(1255,'Sternhagen','Frances'),
(1256,'Dearden','Basil'),
(1257,'Bancroft','Anne'),
(1258,'Temple','Shirley'),
(1259,'Bogart','Humphrey'),
(1260,'Quinlan','Kathleen'),
(1261,'Ferrera','Abel'),
(1262,'Lamas','Fernando'),
(1263,'Byrne','Gabriel'),
(1264,'Pollack','Sydney'),
(1265,'Lockwood','Margaret'),
(1266,'Barry','Michael'),
(1267,'Questel','Mae'),
(1268,'Badham','John'),
(1269,'Din','Ayub Khan'),
(1270,'Leonard','Robert Z.'),
(1271,'Conti','Tom'),
(1272,'Belushi','Jim'),
(1273,'Blanc','Mel'),
(1274,'Cotten','Joseph'),
(1275,'Cates','Phoebe'),
(1276,'Lawford','Peter'),
(1277,'Dullea','Keir'),
(1278,'Doran','Johnny'),
(1279,'Robertson','John S.'),
(1280,'Degas','Andre'),
(1281,'Umeki','Miyoshi'),
(1282,'Hanks','Tom'),
(1283,'Plone','Allen'),
(1284,'Castle','Nick'),
(1285,'Beneke','Tex'),
(1286,'Chouraqui','Elie'),
(1287,'Menzel','Jiri'),
(1288,'Crouse','Lindsay'),
(1289,'Henning','Eva'),
(1290,'Reed','Pamela'),
(1291,'Palfy','David'),
(1292,'Miles','Christopher'),
(1293,'Poitier','Sidney'),
(1294,'Ironside','Michael'),
(1295,'Aiello','Danny'),
(1296,'Wilson','Hugh'),
(1297,'Day','Laraine'),
(1298,'Reitman','Ivan'),
(1299,'Ferratti','Rebecca'),
(1300,'Bakshi','Ralph'),
(1301,'McGrath','Joseph'),
(1302,'Cukor','George'),
(1303,'Dragoti','Stan'),
(1304,'Adams','Maud'),
(1305,'Stapleton','Maureen'),
(1306,'Smith','Madolyn'),
(1307,'Towne','Robert'),
(1308,'Luckinbill','Laurence'),
(1309,'Close','Glenn'),
(1310,'Whaley','Frank'),
(1311,'Price','Vincent'),
(1312,'Carter','Karen'),
(1313,'McClanahan','Rue'),
(1314,'Whitelaw','Billie'),
(1315,'Berggren','Thommy'),
(1316,'Collins','Pauline'),
(1317,'Herman','Mark'),
(1318,'Katzur','Yftach'),
(1319,'McGee','Vonetta'),
(1320,'Hayman','David'),
(1321,'Teague','Lewis'),
(1322,'Collier','Constance'),
(1323,'Kaczender','George'),
(1324,'Stroud','Don'),
(1325,'Ogier','Bulle'),
(1326,'Demongeot','Mylene'),
(1327,'Seyrig','Delphine'),
(1328,'Sharman','Jim'),
(1329,'Alda','Alan'),
(1330,'Peckinpah','Sam'),
(1331,'Snowden','Jane'),
(1332,'Whitaker','Forest'),
(1333,'Belmondo','Jean-Paul'),
(1334,'Shepherd','Cybill'),
(1335,'Dix','Richard'),
(1336,'Nielsen','Brigitte'),
(1337,'Webb','Millard'),
(1338,'Freed','Mark'),
(1339,'MacDowell','Andie'),
(1340,'Feldman','Marty'),
(1341,'Douglas','Melvyn'),
(1342,'Stevens','George'),
(1343,'Fisher','Jasen'),
(1344,'Albert','Edward'),
(1345,'Eggar','Samantha'),
(1346,'Balsam','Martin'),
(1347,'Dye','John'),
(1348,'Crowley','Pat'),
(1349,'Jeunet','Jean-Pierre'),
(1350,'Rappeneau','Jean-Paul'),
(1351,'Smits','Jimmy'),
(1352,'Rampling','Charlotte'),
(1353,'McGuire','Dorothy'),
(1354,'Thompson','Andrea'),
(1355,'Neil','Hildegard'),
(1356,'Sjöström','Victor'),
(1357,'Penn','Sean'),
(1358,'Phillips','Michelle'),
(1359,'Kelly','Nancy'),
(1360,'Hara','Setsuko'),
(1361,'Moyer','Tawny'),
(1362,'Johnson','Michelle'),
(1363,'Sutherland','Kiefer'),
(1364,'Wilkinson','June'),
(1365,'Merrill','Dina'),
(1366,'Maynard','Mimi'),
(1367,'Godard','Jean-Luc'),
(1368,'Donaldson','Roger'),
(1369,'Davis','Sammi'),
(1370,'Meagher','John'),
(1371,'Nouri','Michael'),
(1372,'Corneau','Alan'),
(1373,'Bonerz','Peter'),
(1374,'Mattoli','Mario'),
(1375,'Bergman','Sandahl'),
(1376,'Lyne','Adrian'),
(1377,'Naughton','David'),
(1378,'Verdugo','Elena'),
(1379,'Randall','Anne'),
(1380,'Naschy','Paul'),
(1381,'Jones','Buck'),
(1382,'Hoskins','Bob'),
(1383,'Wayne','John Ethan'),
(1384,'Deruddere','Dominique'),
(1385,'Sarandon','Chris'),
(1386,'Hurt','William'),
(1387,'Green','Guy'),
(1388,'De Young','Cliff'),
(1389,'Smith','Yeardley'),
(1390,'Travanti','Daniel J.'),
(1391,'Zinnemann','Fred'),
(1392,'Vigne','Daniel'),
(1393,'Taylor','Roderick'),
(1394,'Pigg','Alexandra'),
(1395,'Kahn','Madeline'),
(1396,'Preston','Kelly'),
(1397,'Preminger','Otto'),
(1398,'Weis','Gary'),
(1399,'Harrison','Gregory'),
(1400,'Colla','Richard A.'),
(1401,'Bates','Alan'),
(1402,'Laulette','Charles'),
(1403,'Nelson','Ralph'),
(1404,'Monroe','Marilyn'),
(1405,'Garson','Greer'),
(1406,'Penn','Leo'),
(1407,'Mankiewicz','Joseph L.'),
(1408,'Rigg','Diana'),
(1409,'Baldwin','Alec'),
(1410,'Wood','Natalie'),
(1411,'Ireland','Kathy'),
(1412,'Avildsen','John G.'),
(1413,'Estevez','Emilio'),
(1414,'O''Hara','Maureen'),
(1415,'Nicholson','Dana W.'),
(1416,'Clarke','Caitlin'),
(1417,'Hayward','Susan'),
(1418,'Lisberger','Steven'),
(1419,'Fincher','David'),
(1420,'Hopkins','Barrett'),
(1421,'Hook','Harry'),
(1422,'Richards','Dick'),
(1423,'Rademakers','Fons'),
(1424,'Marshall','Garry'),
(1425,'Bowser','Kenneth'),
(1426,'Walter','Jessica'),
(1427,'Belzer','Richard'),
(1428,'Harvey','Laurence'),
(1429,'Busker','Ricky'),
(1430,'March','Fredric'),
(1431,'Seidelman','Susan'),
(1432,'Kampmann','Steven'),
(1433,'Moore','Demi'),
(1434,'Adams','Brooke'),
(1435,'Muzzcat','Paul'),
(1436,'Kruize','Kelly'),
(1437,'York','Susannah'),
(1438,'Battersby','Roy'),
(1439,'Matthau','Charles'),
(1440,'Thewlis','David'),
(1441,'Anspaugh','David'),
(1442,'Cameron','Kirk'),
(1443,'Brickman','Paul'),
(1444,'Delaney','Cassandra'),
(1445,'Mahler','Bruce'),
(1446,'Hatcher','Teri'),
(1447,'Goldoni','Lelia'),
(1448,'Schumacher','Joel'),
(1449,'Boosler','Elayne'),
(1450,'Ustinov','Peter'),
(1451,'Marais','Jean'),
(1452,'Cassidy','David'),
(1453,'Herron','Cindy'),
(1454,'Negami','Jun'),
(1455,'Karlson','Phil'),
(1456,'Vanwagenen','Sterling'),
(1457,'Gaynes','George'),
(1458,'Stanwyck','Barbara'),
(1459,'Gower','Bruce'),
(1460,'Collins','Joan'),
(1461,'Lang','Fritz'),
(1462,'McCarthy','Andrew'),
(1463,'Pattnosh','Jeremy'),
(1464,'Laughton','Charles'),
(1465,'Bridges','Lynda'),
(1466,'Boyer','Charles'),
(1467,'Beresford','Bruce'),
(1468,'Post','Ted'),
(1469,'Terlesky','John'),
(1470,'Brooks','Mel'),
(1471,'Turner','Kathleen'),
(1472,'Gelin','Daniel'),
(1473,'Page','Geraldine'),
(1474,'Savelyeva','Lyudmila'),
(1475,'Whyatt','Robin'),
(1476,'Antonio','Lou'),
(1477,'Robinson','John Mark'),
(1478,'Kane','Joseph'),
(1479,'Ando','Eiko'),
(1480,'Lennon','Biddy W.'),
(1481,'Holbrook','Hal'),
(1482,'Matheson','Tim'),
(1483,'Montand','Yves'),
(1484,'Urich','Robert'),
(1485,'Wieman','Mathias'),
(1486,'Love','Suzanna'),
(1487,'Holden','William'),
(1488,'Hellman','Oliver'),
(1489,'Carrillo','Elpidia'),
(1490,'Perlman','Rhea'),
(1491,'Besson','Luc'),
(1492,'Winner','Michael'),
(1493,'Danson','Ted'),
(1494,'Oldman','Gary'),
(1495,'King','Perry'),
(1496,'Mulligan','Robert'),
(1497,'Hackman','Gene'),
(1498,'Björk','Anita'),
(1499,'Dvorak','Ann'),
(1500,'Heston','Charlton'),
(1501,'Kilmer','Val'),
(1502,'Clement','Dick'),
(1503,'Zucker','David'),
(1504,'Stanton','Harry Dean'),
(1505,'Fujita','Susumu'),
(1506,'Franklin','Howard'),
(1507,'Bogart','Paul'),
(1508,'Rayfield','David'),
(1509,'Freeman','Morgan'),
(1510,'Smith','Bubba'),
(1511,'Leone','Sergio'),
(1512,'Crisp','Donald'),
(1513,'McGavin','Darren'),
(1514,'Fisher','Jack'),
(1515,'Gillard','Stuart'),
(1516,'Haas','Lukas'),
(1517,'Hampshire','Susan'),
(1518,'Molinaro','Edouard'),
(1519,'Leigh','Vivien'),
(1520,'Gilbert','Lewis'),
(1521,'Arestrup','Niels'),
(1522,'Ladd','Diane'),
(1523,'Pickles','Christina'),
(1524,'Stockwell','Dean'),
(1525,'Parton','Dolly'),
(1526,'Edwards','Anthony'),
(1527,'Smithey','Alan'),
(1528,'Bernds','Edward'),
(1529,'Burstyn','Ellen'),
(1530,'Reubens','Paul'),
(1531,'Eaton','Shirley'),
(1532,'McGillis','Kelly'),
(1533,'Haskin','Byron'),
(1534,'Biehn','Michael'),
(1535,'Marshall','Herbert'),
(1536,'Coulson','Bernie'),
(1537,'Mastroianni','Marcello'),
(1538,'Ingvordsen','J. Christian'),
(1539,'McLaglen','Andrew V.'),
(1540,'Longstreth','Emily'),
(1541,'Goulding','Edmund'),
(1542,'Sonnenfeld','B.'),
(1543,'Lawson','Twiggy'),
(1544,'Caulfield','Maxwell'),
(1545,'Pleshette','Suzanne'),
(1546,'Kime','Jeffrey'),
(1547,'MacKenzie','Jan'),
(1548,'Lederman','Ross'),
(1549,'Crampton','Barbara'),
(1550,'Cameron','James'),
(1551,'Morrow','Vic'),
(1552,'West','Leonard'),
(1553,'Brooks','Richard'),
(1554,'Arnold','Tracy'),
(1555,'Newhart','Bob'),
(1556,'Presley','Priscilla'),
(1557,'Kiley','Richard'),
(1558,'Robards','Jason'),
(1559,'Peck','Bob'),
(1560,'Cox','Alex'),
(1561,'Mastorakis','Nico'),
(1562,'Chomsky','Marvin J.'),
(1563,'Russo','James'),
(1564,'Holcomb','Sarah'),
(1565,'Nilsson','Maj-Britt'),
(1566,'Hull','Josephine'),
(1567,'Payne','John'),
(1568,'Begley','Ed Jr.'),
(1569,'Bracco','Lorraine'),
(1570,'Thompson','Lea'),
(1571,'Berger','Senta'),
(1572,'King Keller','Frederick'),
(1573,'Polo','Teri'),
(1574,'Hiller','Wendy'),
(1575,'Whelan','Arleen'),
(1576,'Moses','William'),
(1577,'Apfel','Oscar'),
(1578,'Algood','Sara'),
(1579,'Landers','Audrey'),
(1580,'Eilbacher','Lisa'),
(1581,'Quisenberry','Byron'),
(1582,'Hackford','Taylor'),
(1583,'Locke','Sondra'),
(1584,'Dee','Frances'),
(1585,'Lyon','Sue'),
(1586,'Bisset','Jacqueline'),
(1587,'Longden','John'),
(1588,'Penn','Arthur'),
(1589,'Hossein','Robert'),
(1590,'Garnett','Tay'),
(1591,'Beatty','Ned'),
(1592,'Ross','Herbert'),
(1593,'Taylor','Robert'),
(1594,'Redd','Vi'),
(1595,'Rogers','Ginger'),
(1596,'Sharif','Omar'),
(1597,'Meril','Macha'),
(1598,'Dengel','Jake'),
(1599,'Ronet','Maurice'),
(1600,'Taylor','James'),
(1601,'Newton','Robert'),
(1602,'Boorman','John'),
(1603,'Marshall','George'),
(1604,'Lewicki','Steven Jon'),
(1605,'Shelley','Carole'),
(1606,'Pasdar','Adrian'),
(1607,'Lambert','Bruce'),
(1608,'Benedek','Laslo'),
(1609,'Moore','Terry'),
(1610,'O''Toole','Peter'),
(1611,'Avalon','Frankie'),
(1612,'Taylor','Kent'),
(1613,'Gibson','Mel'),
(1614,'Young','Karen'),
(1615,'Berenson','Marisa'),
(1616,'Stuart','Henry'),
(1617,'Blair','Linda'),
(1618,'Dyall','Franklin'),
(1619,'William','Warren'),
(1620,'Jewison','Norman'),
(1621,'Jovovich','Milla'),
(1622,'Rooker','Michael'),
(1623,'Davi','Robert'),
(1624,'Dillon','Matt'),
(1625,'Gray','Charles'),
(1626,'Sara','Mia'),
(1627,'Cilento','Diane'),
(1628,'Hunter','Tim'),
(1629,'Silver','Ron'),
(1630,'Charisse','Cyd'),
(1631,'Grant','Cary'),
(1632,'Petersen','William L.'),
(1633,'Robbins','Tim'),
(1634,'Stubbs','Imogen'),
(1635,'Rafelson','Bob'),
(1636,'Hickox','Douglas'),
(1637,'Flicker','Theodore J.'),
(1638,'Prince','Harold'),
(1639,'Hathaway','Henry'),
(1640,'Snow','Victoria'),
(1641,'LaRue','Lash'),
(1642,'Lambert','Mary'),
(1643,'Clayton','Jack'),
(1644,'Elam','Jack'),
(1645,'Ford','Philip'),
(1646,'Swayze','Patrick'),
(1647,'Matthau','Walter'),
(1648,'Wendkos','Paul'),
(1649,'Donat','Robert'),
(1650,'Mueller','Maureen'),
(1651,'Hooks','Kevin'),
(1652,'Clements','Stanley'),
(1653,'Glover','Danny'),
(1654,'Willis','Bruce'),
(1655,'Volonte','Gian Maria'),
(1656,'Finch','Peter'),
(1657,'Allegret','Marc'),
(1658,'Taylor','Dub'),
(1659,'Hedren','Tippi'),
(1660,'Lubitsch','Ernst'),
(1661,'Barker','Clive'),
(1662,'Hudson','Rochelle'),
(1663,'Shepard','Sam'),
(1664,'Lloyd','Emily'),
(1665,'Sherman','George'),
(1666,'Sheen','Charlie'),
(1667,'Bond','Steve'),
(1668,'Loma','José Antonio de la'),
(1669,'Keaton','Diane'),
(1670,'Boisrond','Michel'),
(1671,'Keaton','Michael'),
(1672,'Garcia','Andy'),
(1673,'Aleandro','Norma'),
(1674,'Andrews','Dana'),
(1675,'Barrymore','Deborah'),
(1676,'Casden','Ron'),
(1677,'Weaver','Sigourney'),
(1678,'Soderbergh','Steven'),
(1679,'Brown','Johnny Mack'),
(1680,'Z''Dar','Robert'),
(1681,'Ford','Aleksander'),
(1682,'Sheffer','Craig'),
(1683,'Johns','Stratford'),
(1684,'Curtis','Jamie Lee'),
(1685,'Lohr','Marie'),
(1686,'Duvall','Shelley'),
(1687,'Daves','Delmer'),
(1688,'Colin','Margaret'),
(1689,'Kornman','Mary'),
(1690,'Travis','Mark W.'),
(1691,'Barrymore','Drew'),
(1692,'Björnstrand','Gunnar'),
(1693,'Weathers','Carl'),
(1694,'Lisi','Virna'),
(1695,'Parrish','Robert'),
(1696,'Railsback','Steve'),
(1697,'Gilman','Kenneth'),
(1698,'Stockwell','John'),
(1699,'Aherne','Brian'),
(1700,'Martin','Pepper'),
(1701,'Gwynne','Fred'),
(1702,'Svedlund','Doris'),
(1703,'Reid','Kate'),
(1704,'DeMille','Cecil B.'),
(1705,'Taylor','Gavin'),
(1706,'Sheen','Martin'),
(1707,'Hermoso','Miguel'),
(1708,'D''Angelo','Beverly'),
(1709,'Forbes','Bryan'),
(1710,'Kollek','Amos'),
(1711,'Wilson','Scott'),
(1712,'Midler','Bette'),
(1713,'Holcomb','Rod'),
(1714,'Marvin','Lee'),
(1715,'Houck','Joy Jr.'),
(1716,'Zwick','Edward'),
(1717,'Marquand','Richard'),
(1718,'Ault','Marie'),
(1719,'McBride','Jim'),
(1720,'Williams','Billy Dee'),
(1721,'Grimes','Gary'),
(1722,'Widgren','Olof'),
(1723,'Beymer','Richard'),
(1724,'Jackson','Glenda'),
(1725,'Conway','Jack'),
(1726,'Kulik','Buzz'),
(1727,'Daniels','Jeff'),
(1728,'Kristofferson','Kris'),
(1729,'Stone','Oliver'),
(1730,'Loughlin','Lori'),
(1731,'Abril','Victoria'),
(1732,'Kapoor','Shashi'),
(1733,'Ryder','Winona'),
(1734,'Schaffner','Franklin J.'),
(1735,'Grant','Hugh'),
(1736,'Potter','Martin'),
(1737,'Greist','Kim'),
(1738,'Bogarde','Dirk'),
(1739,'Kurtz','Swoosie'),
(1740,'Moriarty','Michael'),
(1741,'Marcovicci','Andrea'),
(1742,'Muldaur','Diana'),
(1743,'Coen','Joel'),
(1744,'Bloom','Verna'),
(1745,'Clift','Montgomery'),
(1746,'Hoffs','Susanna'),
(1747,'Kazan','Elia'),
(1748,'Stiller','Mauritz'),
(1749,'Lunghi','Cherie'),
(1750,'Francis','Anne'),
(1751,'Polanski','Roman'),
(1752,'Connors','Chuck'),
(1753,'Friedkin','William'),
(1754,'Hussey','Olivia'),
(1755,'Mara','Adele'),
(1756,'August','Bille'),
(1757,'Wilding','Michael'),
(1758,'Griffi','Giuseppe Patroni'),
(1759,'Reed','Jerry'),
(1760,'Monk','Meredith'),
(1761,'Palcy','Euzhan'),
(1762,'Garbo','Greta'),
(1763,'Redford','Robert'),
(1764,'Gibson','Alan'),
(1765,'Salt','Jennifer'),
(1766,'Racette','Francine'),
(1767,'Miles','Vera'),
(1768,'Zieff','Howard'),
(1769,'Bach','Barbara'),
(1770,'Winters','Shelley'),
(1771,'Shire','Talia'),
(1772,'Hogan','Paul'),
(1773,'Hyam','Peter'),
(1774,'Mitchum','Robert'),
(1775,'Stevenson','Robert'),
(1776,'Stern','Sandor'),
(1777,'Kubrick','Stanley'),
(1778,'Dey','Susan'),
(1779,'Ekberg','Anita'),
(1780,'Walsh','M. Emmet'),
(1781,'Taylor','Victoria'),
(1782,'Wyman','Jane'),
(1783,'Silver','Joan Micklin'),
(1784,'Gable','Clark'),
(1785,'Wright','Teresa'),
(1786,'Blancato','Ken'),
(1787,'Negoda','Natalya'),
(1788,'Taylor','Don'),
(1789,'Golino','Valeria'),
(1790,'Bergman','Ingrid'),
(1791,'Golden','Dan'),
(1792,'Almodóvar','Pedro'),
(1793,'Cooper','Gary'),
(1794,'Noel','Magali'),
(1795,'Pacino','Al'),
(1796,'Kruger','Hardy'),
(1797,'Kotto','Yaphet'),
(1798,'Marshall','Penny'),
(1799,'Perkins','Anthony'),
(1800,'Nagase','Masatoshi'),
(1801,'Goldberg','Whoopi'),
(1802,'Ray','Nicholas'),
(1803,'Guest','Val'),
(1804,'Kerwin','Brian'),
(1805,'Couturie','Bill'),
(1806,'Sheridan','Jim'),
(1807,'Perlman','Ron'),
(1808,'Ward','Rachel'),
(1809,'MacLaren','Fawna'),
(1810,'Dembo','Richard'),
(1811,'Dean','James'),
(1812,'Reid','Christopher'),
(1813,'Karloff','Boris'),
(1814,'Grey','Anne'),
(1815,'Smith','Charles Martin'),
(1816,'Andersson','Wiktor'),
(1817,'Frid','Jonathan'),
(1818,'Manesse','Gaspard'),
(1819,'Ganus','Paul'),
(1820,'Nelson','Evelyn'),
(1821,'Fahey','Jeff'),
(1822,'Kulle','Jarl'),
(1823,'Alonso','Maria Conchita'),
(1824,'Paar','Jack'),
(1825,'Kuzui','Fran Rubel'),
(1826,'Kidder','Margot'),
(1827,'Mayo','Virginia'),
(1828,'Hulton','Brian G.'),
(1829,'Kirkland','Sally'),
(1830,'Hamilton','Linda'),
(1831,'Clark','Jim'),
(1832,'Nolte','Nick'),
(1833,'Lewis','Joseph H.'),
(1834,'Benny','Jack'),
(1835,'Sullavan','Margaret'),
(1836,'Anderson','Kevin'),
(1837,'Panama','Norman'),
(1838,'Welles','Orson'),
(1839,'Fellini','Federico'),
(1840,'Astor','Mary'),
(1841,'Berridge','Elizabeth'),
(1842,'Tilton','Charlene'),
(1843,'Cassavetes','John'),
(1844,'Hart','Roxanne'),
(1845,'Mirren','Helen'),
(1846,'Carlyle','Robert'),
(1847,'Moore','Frank'),
(1848,'Corman','Roger'),
(1849,'Rourke','Mickey'),
(1850,'Rossellini','Isabella'),
(1851,'Lowe','Rob'),
(1852,'Calvet','Corinne'),
(1853,'Siegel','Don'),
(1854,'Buchholz','Horst'),
(1855,'Lion','Leon M.'),
(1856,'LeFlore','Julius'),
(1857,'Richardson','Tony'),
(1858,'Arkin','Alan'),
(1859,'Murray','Bill'),
(1860,'Cosby','Bill'),
(1861,'Hutton','Brian G.'),
(1862,'Howard','Barbara'),
(1863,'Primus','Barry'),
(1864,'Trevor','Claire'),
(1865,'Navarro','Monica'),
(1866,'Jones','Henry'),
(1867,'Goldblum','Jeff'),
(1868,'Costa','Gavras'),
(1869,'Braugher','Andre'),
(1870,'Coburn','James'),
(1871,'Peters','Bernadette'),
(1872,'Fonda','Vanessa'),
(1873,'Bickford','Charles'),
(1874,'Anderson','Jo'),
(1875,'Gless','Sharon'),
(1876,'Caton-Jones','Michael'),
(1877,'Dunbar','Adrian'),
(1878,'Dafoe','Willem'),
(1879,'Lindberg','Per'),
(1880,'Auger','Claudine'),
(1881,'Thayer','Brynn'),
(1882,'Michael','Michele'),
(1883,'Huston','John'),
(1884,'Hanson','Curtis'),
(1885,'Gazzara','Ben'),
(1886,'Hayden','Sterling'),
(1887,'Rubin','Jennifer'),
(1888,'Prysirr','Geof'),
(1889,'Benigni','Roberto'),
(1890,'Lone','John'),
(1891,'Albaicín','Rafael'),
(1892,'Wagner','Lindsay'),
(1893,'Ludman','Larry'),
(1894,'Divine','Divine'),
(1895,'Buckley','Betty'),
(1896,'Ramsey','Marion'),
(1897,'Rhys-Davies','John'),
(1898,'Edzard','Christine'),
(1899,'Basinger','Kim'),
(1900,'Reynolds','Debbie'),
(1901,'Sandrelli','Stefania'),
(1902,'Annakin','Ken'),
(1903,'Gilbert','Taylor'),
(1904,'Robb','David'),
(1905,'Anglade','Jean-Hughes'),
(1906,'Lange','Jessica'),
(1907,'Sternberg','Josef von'),
(1908,'Jameson','Jerry'),
(1909,'Neal','Patricia'),
(1910,'Frears','Stephen'),
(1911,'Majors','Lee'),
(1912,'Kensit','Patsy'),
(1913,'Hill','George Roy'),
(1914,'Negulesco','Jean'),
(1915,'Howell','C. Thomas'),
(1916,'Capone','Nadia'),
(1917,'Higgins','Colin'),
(1918,'Church','Sandra'),
(1919,'Noy','Zachi'),
(1920,'Most','Donald'),
(1921,'DeCoteau','David'),
(1922,'Santoni','Reni'),
(1923,'Martin','Steve'),
(1924,'Finney','Albert'),
(1925,'Bergman','Ingmar'),
(1926,'Edwards','Blake'),
(1927,'Reisz','Karel'),
(1928,'Mann','Michael'),
(1929,'Roberts','Julia'),
(1930,'Glen','John'),
(1931,'Griffith','Melanie'),
(1932,'Ondra','Anny'),
(1933,'Brisson','Carl'),
(1934,'Walken','Christopher'),
(1935,'Verrell','Cec'),
(1936,'Danza','Tony'),
(1937,'Jackson','Mick'),
(1938,'Elgart','Les'),
(1939,'Schaal','Wendy'),
(1940,'Vidor','King'),
(1941,'Johnson','Don'),
(1942,'Cimino','Michael'),
(1943,'Pickering','Sarah'),
(1944,'Pal','George'),
(1945,'Benjamin','Richard'),
(1946,'Fleming','Victor'),
(1947,'Minter','Kelly Jo'),
(1948,'Chapman','Michael'),
(1949,'Lewis','Charlotte'),
(1950,'Hoak','Clare'),
(1951,'Adolphson','Edvin'),
(1952,'LaFont','Jean-Philippe'),
(1953,'Hubley','Whip'),
(1954,'Perrin','Vic'),
(1955,'Jacoby','Billy'),
(1956,'Stuart','Mel'),
(1957,'Grosbard','Ulu'),
(1958,'Reynolds','Paul'),
(1959,'Niblo','Fred'),
(1960,'Keillor','Garrison'),
(1961,'Anderson','Melody'),
(1962,'Oliansky','Joel'),
(1963,'Janda','Krystyna'),
(1964,'Bradbury','Robert N.'),
(1965,'Ahlstedt','Börje'),
(1966,'Gold','Greg'),
(1967,'Malick','Terrence'),
(1968,'Purcell','Evelyn'),
(1969,'Zeffirelli','Franco'),
(1970,'Boys','The Fat'),
(1971,'Masina','Guilietta'),
(1972,'Ritchie','Michael'),
(1973,'Hancock','John D.'),
(1974,'Berri','Claude'),
(1975,'Totten','Robert'),
(1976,'Harper','Tess'),
(1977,'Kinski','Nastassia'),
(1978,'Jackson','Donald G'),
(1979,'Mamoulian','Rouben'),
(1980,'Weller','Peter'),
(1981,'Tracy','Spencer'),
(1982,'De Brier','Sampson'),
(1983,'McDermott','Dylan'),
(1984,'Brown','Tom'),
(1985,'Martino','Sergio'),
(1986,'Binoche','Juliette'),
(1987,'Alterio','Hector'),
(1988,'Taylor','Estelle'),
(1989,'Shakur','Tupac'),
(1990,'Ford','Anitra'),
(1991,'Malmuth','Bruce'),
(1992,'Wallace','Dee'),
(1993,'Demme','Jonathan'),
(1994,'Fletcher','Suzanne'),
(1995,'Taylor','Dan'),
(1996,'Glaser','Paul Michael'),
(1997,'Taylor','Noah'),
(1998,'Culp','Robert'),
(1999,'Chaplin','Charles'),
(2000,'Holzman','Allan'),
(2001,'Audran','Stéphane'),
(2002,'Singer','Marc'),
(2003,'O''Toole','Annette'),
(2004,'Reinhold','Judge'),
(2005,'Cage','John'),
(2006,'Oliver','Ron'),
(2007,'Ford','Glenn'),
(2008,'Malmsten','Birger'),
(2009,'Lovy','Steven'),
(2010,'Gable','Christopher'),
(2011,'Powers','Stefanie'),
(2012,'Varda','Agnes'),
(2013,'Patterson','Willi'),
(2014,'Cattrall','Kim'),
(2015,'Schatzberg','Jerry'),
(2016,'Griest','Kim'),
(2017,'Underwood','Jay'),
(2018,'Rutherford','Margaret'),
(2019,'Silver','Marisa'),
(2020,'Shue','Elisabeth'),
(2021,'McCourt','Emer'),
(2022,'Sills','Beverly'),
(2023,'Wilder','Gene'),
(2024,'Birch','Patricia'),
(2025,'Faiman','Peter'),
(2026,'Buchegger','Christine'),
(2027,'Hudson','Rock'),
(2028,'Loren','Sophia'),
(2029,'Keshishian','Alek'),
(2030,'Tikhonov','Vyacheslav'),
(2031,'Zetterling','Mai'),
(2032,'McGann','William'),
(2033,'Loy','Myrna'),
(2034,'Scheerer','Robert'),
(2035,'McTiernan','John'),
(2036,'Slater','Helen'),
(2037,'Scola','Ettore'),
(2038,'Duigan','John'),
(2039,'Curtis','Dan'),
(2040,'Strouse','Nocholas'),
(2041,'Lang','Walter'),
(2042,'Gibbins','Duncan'),
(2043,'Elliott','Denholm'),
(2044,'Olin','Stig'),
(2045,'Skala','Lilia'),
(2046,'Collins','Lewis D.'),
(2047,'Russell','Ken'),
(2048,'Feldshuh','Tovah'),
(2049,'Bedelia','Bonnie'),
(2050,'Bow','Clara'),
(2051,'Wedgeworth','Ann'),
(2052,'Knox','Alexander'),
(2053,'Towers','Constance'),
(2054,'Lommel','Ulli'),
(2055,'Andersson','Harriet'),
(2056,'Donahue','Troy'),
(2057,'Dante','Joe'),
(2058,'De Palma','Brian'),
(2059,'Kreuzer','Lisa'),
(2060,'Diller','Phyllis'),
(2061,'Nelson','Judd'),
(2062,'Daniel','Rod'),
(2063,'Vidal','Henri'),
(2064,'Fisher','Carrie'),
(2065,'Woodlawn','Holly'),
(2066,'Snipes','Wesley'),
(2067,'Marsalis','Branford'),
(2068,'Sidney','Sylvia'),
(2069,'Roman','Ruth'),
(2070,'Molander','Gustav'),
(2071,'Mimieux','Yvette'),
(2072,'Woods','James'),
(2073,'Russell','Gail'),
(2074,'Ruben','Joseph'),
(2075,'Gould','Elliott'),
(2076,'Schrader','Paul'),
(2077,'Lahti','Christine'),
(2078,'Harrington','Curtis'),
(2079,'Haines','Fred'),
(2080,'Krige','Alice'),
(2081,'Dietrich','Marlene'),
(2082,'Perrine','Valerie'),
(2083,'Reed','Oliver'),
(2084,'Haggard','Piers'),
(2085,'Vogler','Rudiger'),
(2086,'Rose','Jamie'),
(2087,'Caron','Leslie'),
(2088,'Cromwell','John'),
(2089,'Hubley','Season'),
(2090,'Asther','Nils'),
(2091,'Nichol','Robin'),
(2092,'Mann','Daniel'),
(2093,'Riviere','Marie'),
(2094,'Crichton','Charles'),
(2095,'Lanza','Anthony M.'),
(2096,'Hauser','Wings'),
(2097,'Moxey','John Llewellyn'),
(2098,'Madonna','Madonna'),
(2099,'Jones','Tom'),
(2100,'Maura','Carmen'),
(2101,'Ritter','Tex'),
(2102,'Wilson','Whip'),
(2103,'Davis','Guy'),
(2104,'Bannen','Ian'),
(2105,'Carroll','Madeleine'),
(2106,'Connors','Mike'),
(2107,'Koster','Henry'),
(2108,'Adams','Trudy'),
(2109,'Minnelli','Vincente'),
(2110,'De Winter','Harry'),
(2111,'Papas','Irene'),
(2112,'Fijewski','Tadeusz'),
(2113,'McDowell','Malcolm'),
(2114,'Travolta','John'),
(2115,'Florence','Fiona'),
(2116,'Segal','Alex'),
(2117,'Brown','Violet'),
(2118,'Goya','Chantal'),
(2119,'Quine','Richard'),
(2120,'Wayne','John'),
(2121,'Ruehl','Mercedes'),
(2122,'Ruggles','Wesley'),
(2123,'Leaud','Jean-Pierre'),
(2124,'Fairchild','Morgan'),
(2125,'Pyun','Albert'),
(2126,'Muir','Gavin'),
(2127,'Nichols','Nichelle'),
(2128,'Mann','Anthony'),
(2129,'Lawton','J.F.'),
(2130,'Katselas','Milton'),
(2131,'Pickford','Mary'),
(2132,'Ekland','Britt'),
(2133,'Kadar','Jan'),
(2134,'Richter','Paul'),
(2135,'Vaananen','Kari'),
(2136,'Bouquet','Carole'),
(2137,'Conover','Bruce'),
(2138,'Coppola','Francis Ford'),
(2139,'Hassett','Marilyn'),
(2140,'Lombard','Carole'),
(2141,'Bridges','James'),
(2142,'Lowe','Patrick'),
(2143,'Glover','Crispin'),
(2144,'Eban','Abba'),
(2145,'Bennett','Julie'),
(2146,'Mandel','Robert'),
(2147,'Molina','Alfred'),
(2148,'Imamura','Shohei'),
(2149,'Brynner','Yul'),
(2150,'Hawn','Goldie'),
(2151,'Florea','John'),
(2152,'Howard','William K.'),
(2153,'Aslanian','Samson'),
(2154,'Bahtia','Stacy Christensen'),
(2155,'Crosland','Alan'),
(2156,'Rachins','Allan'),
(2157,'Landis','John'),
(2158,'Strasberg','Susan'),
(2159,'Robbins','Laila'),
(2160,'Gilliam','Terry'),
(2161,'Remar','James'),
(2162,'Bottoms','Joseph'),
(2163,'Danner','Blythe'),
(2164,'Taylor','Elizabeth'),
(2165,'Connelly','Jennifer'),
(2166,'Robertson','Cliff'),
(2167,'Miller','David'),
(2168,'Ford','Montgomery'),
(2169,'Zemeckis','Robert'),
(2170,'Jagger','Mick'),
(2171,'O''Day','Nell'),
(2172,'Assante','Armand'),
(2173,'Smith','Maggie'),
(2174,'Newell','Mike'),
(2175,'Cronenberg','David');


insert into movie (id, title, year, length, category_id, main_actor_id, main_actress_id, director_id, popularity, awards) values
(1,'Tie Me Up! Tie Me Down!',1990,111,10,266,1731,1792,68,0),
(2,'High Heels',1991,113,10,1136,1731,1792,68,0),
(3,'Dead Zone, The',1983,104,14,1934,1434,2175,79,0),
(4,'Cuba',1979,122,6,942,1434,1085,6,0),
(5,'Days of Heaven',1978,94,11,770,1434,1967,14,0),
(6,'Octopussy',1983,140,6,270,1304,1930,68,0),
(7,'Target Eagle',1984,101,6,1752,1304,1668,14,0),
(8,'American Angels: Baptism of Blood, The',1989,99,11,124,2108,911,28,0),
(9,'Subway',1985,104,11,194,868,1491,6,0),
(10,'Camille Claudel',1990,149,11,1040,868,780,32,0),
(11,'Fanny and Alexander',1982,188,11,1965,708,1925,81,1),
(12,'Tragedy of a Ridiculous Man',1982,117,11,680,702,547,17,0),
(13,'A Man & a Woman',1966,103,11,485,702,838,46,1),
(14,'A Man & a Woman: Twenty Years Later',1986,112,11,485,702,838,49,0),
(15,'Un Hombre y una Mujer',1966,103,11,485,702,838,6,1),
(16,'Official Story, The',1985,112,11,1987,1673,710,39,1),
(17,'Lindbergh Kidnapping Case, The',1976,150,11,1013,27,1726,51,0),
(18,'Blackmail',1929,84,4,1587,1578,1042,2,0),
(19,'Donovan''s Reef',1963,109,10,2120,1063,675,62,0),
(20,'Tucker: The Man & His Dream',1988,110,11,388,199,2138,68,0),
(21,'Scrooged',1988,101,10,1859,360,4,15,0),
(22,'Raiders of the Lost Ark',1981,116,6,163,360,92,8,0),
(23,'Running Man, The',1987,101,2,712,1823,1996,31,0),
(24,'Predator 2',1991,105,6,1653,1823,918,79,0),
(25,'Colors',1988,127,11,1357,1823,64,23,0),
(26,'Zandalee',1990,97,11,434,1131,826,80,0),
(27,'Miles from Home',1988,108,11,1836,1874,1012,53,0),
(28,'Happy Birthday to Me',1980,NULL,14,2007,1248,690,88,0),
(29,'Final Notice',1989,88,4,1071,1961,111,88,0),
(30,'Quintet',1979,110,11,563,1171,975,19,0),
(31,'Devil''s Eye, The',1960,90,11,1822,1171,1925,20,0),
(32,'Wild Strawberries',1957,91,11,1356,1171,1925,42,1),
(33,'Seventh Seal, The',1956,96,11,143,1171,1925,62,0),
(34,'Dreams',1955,86,11,1692,2055,1925,14,0),
(35,'Naked Night, The',1955,95,11,1692,2055,1925,38,0),
(36,'Through a Glass Darkly',1962,91,11,1692,2055,1925,64,1),
(37,'Cries & Whispers',1972,91,11,644,2055,1925,18,1),
(38,'Barbarian & the Geisha, The',1958,104,6,2120,1479,1883,52,0),
(39,'Casino Royale',1967,130,10,798,766,709,11,0),
(40,'Dr. No',1962,NULL,6,942,766,871,7,0),
(41,'Ten',1979,121,10,264,251,1926,60,0),
(42,'Man Who Loved Women, The',1983,118,10,775,251,1926,67,0),
(43,'Hawaii',1966,190,11,143,251,1913,8,0),
(44,'Torn Curtain',1966,125,4,563,251,1042,35,0),
(45,'Duet for One',1986,107,11,1401,251,114,82,0),
(46,'Sound of Music, The',1965,172,5,600,251,507,59,1),
(47,'Tartuffe',1984,140,10,1040,1186,1040,67,0),
(48,'A New Life',1988,104,10,1329,888,1329,53,0),
(49,'Magic',1978,106,4,1013,888,624,85,0),
(50,'Tommy',1992,286,5,965,888,2047,5,0),
(51,'Big Fix, The',1978,108,4,1004,1069,962,19,0),
(52,'Alan & Naomi',1992,95,11,1516,661,1456,3,0),
(53,'Fatal Attraction',1987,120,4,41,255,1376,61,0),
(54,'Patriot Games',1992,117,6,163,255,204,28,0),
(55,'Woman Next Door, The',1981,106,11,1040,834,819,82,0),
(56,'Hunting',1992,97,4,225,569,1195,68,0),
(57,'Siegfried, The Nibelungenlied',1924,110,11,2134,588,1461,79,0),
(58,'Big Blue, The',1988,118,11,298,1139,1491,7,0),
(59,'Flight of the Intruder',1991,115,11,1653,1139,145,51,0),
(60,'Nobody''s Fool',1986,108,10,891,1139,1968,52,0),
(61,'After Hours',1985,97,10,300,1139,557,81,0),
(62,'Desperately Seeking Susan',1985,104,10,724,1139,1431,41,0),
(63,'A New Leaf',1971,102,10,1647,1121,90,83,0),
(64,'Killers of Kilimanjaro',1959,91,6,1593,1211,281,11,0),
(65,'Don Juan',1926,126,6,406,1840,2155,55,0),
(66,'Babette''s Feast',1987,102,11,1952,2001,944,79,1),
(67,'Thunderball',1988,141,6,942,1880,793,8,0),
(68,'Lodger (Story of the London Fog)',1926,66,4,26,1718,1042,76,0),
(69,'Appointment with Death',1988,103,4,1450,109,1002,75,0),
(70,'Murder on the Orient Express',1974,128,4,1346,109,582,8,1),
(71,'Blood Alley',1955,115,7,2120,109,646,15,0),
(72,'Spy Who Loved Me, The',1977,136,6,270,1769,1520,27,0),
(73,'Storm',1988,100,6,1291,2154,531,61,0),
(74,'Miami Cops',1989,103,6,594,338,951,40,0),
(75,'Island of Dr. Moreau, The',1996,96,14,1440,327,1026,39,0),
(76,'Eighty-Four Charing Cross Road',1992,100,11,1013,1257,211,9,0),
(77,'Elephant Man, The',1980,124,11,1013,1257,941,3,1),
(78,'Dr Alien',1988,90,2,1955,625,1921,70,0),
(79,'Creepshow',1982,120,14,1481,488,755,70,0),
(80,'Sammy & Rosie Get Laid',1987,100,11,1269,95,1910,6,0),
(81,'Goalie''s Anxiety at the Penalty Kick, The',1971,101,11,706,1074,538,62,0),
(82,'Mademoiselle Striptease',1957,99,10,1472,814,1657,25,0),
(83,'Women, The',1969,86,11,1599,814,903,66,0),
(84,'That Naughty Girl',1958,77,10,1189,814,1670,37,0),
(85,'Voulez-Vous Danser Avec Moi?',1959,90,10,2063,814,1670,16,0),
(86,'A Coeur Joie, (Head Over Heels)',1967,100,6,1086,814,1231,54,0),
(87,'Shalako',1968,113,12,942,814,1180,0,0),
(88,'Contempt',1964,102,11,1072,814,1367,81,0),
(89,'Dear Brigitte',1965,100,10,906,814,2107,71,0),
(90,'A Very Private Affair',1962,134,11,1537,814,292,30,0),
(91,'Ravishing Idiot, The',1964,99,10,1799,814,1518,34,0),
(92,'Bride Is Much Too Beautiful, The',1958,90,10,1203,814,96,70,0),
(93,'Doctor at Sea',1955,90,10,1738,814,428,83,0),
(94,'Le Repos Du Guerrier, (Warrior''s Rest)',1962,100,7,1589,814,452,8,0),
(95,'And God Created Woman',1957,90,11,554,814,452,29,0),
(96,'Ms. Don Juan',1973,87,11,1599,814,452,39,0),
(97,'Siesta',1987,97,11,1263,873,1642,48,0),
(98,'Rich & Strange',1932,92,11,1067,1060,1042,57,0),
(99,'Lionheart',1987,104,6,232,1675,1734,9,0),
(100,'E. T. The Extra-Terrestrial',1982,115,2,1992,1691,92,8,1),
(101,'Cool World',1992,101,11,1263,1899,1300,44,0),
(102,'Nadine',1988,83,10,388,1899,866,47,0),
(103,'Batman',1989,126,6,991,1899,847,14,0),
(104,'Blind Date',1987,95,10,1654,1899,1926,7,0),
(105,'Mother Lode',1982,101,6,1500,1899,1500,40,0),
(106,'Final Analysis',1992,125,11,770,1899,474,50,0),
(107,'Never Say Never Again',1983,134,6,942,1899,1247,8,0),
(108,'Nine & a Half Weeks',1986,117,11,1849,1899,1376,7,0),
(109,'Killjoy',1989,NULL,4,1998,1899,2097,71,0),
(110,'No Mercy',1986,108,11,770,1899,862,11,0),
(111,'Marrying Man, The',1991,116,10,1409,1899,59,84,0),
(112,'Misery',1990,123,14,133,751,618,48,1),
(113,'Crisis',1946,93,11,1816,1157,1925,66,0),
(114,'Samson & Delilah',1984,95,11,108,349,100,36,0),
(115,'Split Decisions',1988,96,11,1497,1021,372,52,0),
(116,'Nightmare at Noon',1988,96,6,2096,514,1561,0,0),
(117,'Presumed Innocent',1990,127,4,163,2049,540,69,0),
(118,'Reap the Wild Wind',1942,123,11,2120,322,1704,59,0),
(119,'Pocket Money',1972,100,10,563,902,574,55,0),
(120,'Mary White',1977,102,11,669,1158,422,2,0),
(121,'Guilty by Suspicion',1990,105,11,982,192,269,88,0),
(122,'Secret Beyond the Door',1948,99,4,288,1240,1461,31,0),
(123,'Scarlet Street',1945,103,11,132,1240,1461,80,0),
(124,'Daffy Duck''s Quackbusters',1988,76,6,1273,2145,265,68,0),
(125,'Gandhi',1982,188,11,865,121,624,7,1),
(126,'Wind & the Lion, The',1975,120,6,942,121,145,2,0),
(127,'Carnal Knowledge',1971,96,11,991,121,1213,10,0),
(128,'Getting Straight',1970,126,10,2075,121,622,83,0),
(129,'Scarlet Letter, The',1972,90,11,1891,1571,538,55,0),
(130,'Count of Old Town, The',1935,75,10,1951,1790,1951,72,0),
(131,'Autumn Sonata',1978,97,11,524,1790,1925,49,1),
(132,'Gaslight',1944,114,11,1466,1790,1302,25,1),
(133,'Indiscreet',1958,100,11,1631,1790,590,1,0),
(134,'Walpurgis Night',1941,75,11,1356,1790,610,32,0),
(135,'Joan of Arc',1948,100,11,189,1790,1946,7,0),
(136,'A Woman Called Golda',1982,195,11,1591,1790,1764,15,1),
(137,'A Walk in the Spring Rain',1969,98,11,568,1790,1387,2,0),
(138,'Under Capricorn',1949,117,11,1274,1790,1042,74,0),
(139,'Notorious',1946,101,4,1631,1790,1042,42,0),
(140,'June Night',1940,90,11,1722,1790,1879,14,0),
(141,'Goodbye Again',1961,120,11,1799,1790,534,6,0),
(142,'Anastasia',1956,106,11,555,1790,534,24,1),
(143,'Bells of St. Mary''s, The',1945,126,11,1066,1790,726,31,0),
(144,'Intermezzo',1937,91,11,1097,1790,1059,32,0),
(145,'A Woman''s Face',1938,104,11,1250,1790,1059,49,0),
(146,'Swedenhielms',1935,90,11,525,1790,1059,88,0),
(147,'Only One Night',1939,87,11,1951,1790,2070,26,0),
(148,'Dollar',1938,74,11,773,1790,2070,19,0),
(149,'Elena & Her Men',1956,98,11,719,1790,1198,33,0),
(150,'Europa Fifty-One',1952,110,11,2052,1790,1087,34,0),
(151,'Voyage in Italy',1953,83,11,486,1790,1087,57,0),
(152,'Fear',1954,81,11,1485,1790,1087,69,0),
(153,'Stromboli',1950,107,11,1206,1790,1087,69,0),
(154,'Cactus Flower',1969,103,10,1647,1790,223,67,1),
(155,'Programmed to Kill',1987,91,6,930,1375,2000,71,0),
(156,'Conan the Barbarian',1982,128,6,712,1375,145,45,0),
(157,'Raw Nerve',1991,91,4,2007,1375,193,88,0),
(158,'Think Dirty',1970,94,10,1340,788,1831,31,0),
(159,'King of Comedy',1982,108,11,982,1205,557,84,0),
(160,'Amadeus',1984,158,11,44,1841,259,6,1),
(161,'White Lightning',1973,101,6,775,1215,1134,54,0),
(162,'Unbearable Lightness of Being, The',1988,172,11,1034,1986,280,5,1),
(163,'Life & Times of Judge Roy Bean, The',1972,124,12,563,1586,1883,65,0),
(164,'Airport',1970,137,11,792,1586,14,0,1),
(165,'Day for Night',1973,116,11,637,1586,819,10,1),
(166,'Secrets of Women',1952,107,10,2008,1498,1925,66,0),
(167,'Burnt Offerings',1976,116,14,2083,421,2039,35,0),
(168,'Easy Rider',1969,94,11,1090,421,64,36,0),
(169,'Five Easy Pieces',1991,98,11,991,421,1635,2,0),
(170,'Day of the Locust, The',1974,144,11,685,421,593,81,0),
(171,'Goldfinger',1964,112,6,942,836,1038,77,0),
(172,'Exorcist II, The Heretic',1977,117,14,438,1617,1602,29,0),
(173,'Lady for a Night',1942,88,11,2120,671,736,12,0),
(174,'Charly',1968,103,11,2166,306,1403,38,1),
(175,'High Plains Drifter',1973,105,12,1073,1744,1073,57,0),
(176,'Honkytonk Man',1982,123,11,1073,1744,1073,69,0),
(177,'Nightbreed',1990,102,14,2175,215,1661,72,0),
(178,'Under the Sun of Satan',1987,98,11,1040,714,1039,45,0),
(179,'Vagabond',1985,105,11,1597,714,2012,49,0),
(180,'Monty Python & the Holy Grail',1974,89,10,1128,1236,2160,83,0),
(181,'Matchmaker, The',1958,101,10,1799,401,1019,67,0),
(182,'For Your Eyes Only',1981,129,6,270,2136,1930,86,0),
(183,'Wings',1928,139,7,316,2050,646,44,1),
(184,'Medicine Man',1992,106,6,942,1569,2035,6,0),
(185,'Good Fellas',1989,NULL,11,982,1569,557,15,0),
(186,'Kiss of the Spider Woman',1985,119,11,1386,129,418,10,1),
(187,'Rookie, THe',1990,121,6,1073,129,1073,48,0),
(188,'Sting, The',1973,129,11,563,7,1913,83,1),
(189,'Torpedo Run',1958,96,7,2007,549,506,50,0),
(190,'Instant Justice',1986,101,11,966,1465,73,45,0),
(191,'Cyrano de Bergerac',1990,135,11,1040,955,1350,76,0),
(192,'Border Street',1948,110,11,2112,498,1681,73,0),
(193,'Firehouse',1987,91,10,1420,2117,1538,66,0),
(194,'Morituri',1965,123,11,1046,2149,1048,9,0),
(195,'From the Life of the Marionettes',1980,104,11,414,2026,1925,58,0),
(196,'Frantic',1988,120,4,163,1895,1751,17,0),
(197,'Coma',1978,114,2,41,732,444,64,0),
(198,'Dead Ringers',1988,117,11,310,732,2175,29,0),
(199,'Golden Ninja Invasion',1988,90,6,1552,128,1607,13,0),
(200,'Exorcist, The',1973,122,14,143,1529,1753,28,1),
(201,'Eyes of the Amaryllis, The',1982,94,11,802,717,1572,70,0),
(202,'What Price Glory?',1952,109,7,537,1852,675,4,0),
(203,'Inauguration of the Pleasure Dome',1954,40,3,1982,1015,970,62,0),
(204,'School Daze',1989,114,10,619,867,89,18,0),
(205,'End of Innocence, The',1990,102,11,983,370,370,6,0),
(206,'Anderson Tapes, The',1971,98,4,942,370,582,1,0),
(207,'Father Murphy, A Horse from Heaven',1983,50,10,614,365,101,28,0),
(208,'Skull',1989,80,11,91,1916,395,19,0),
(209,'Quick & The Dead, The',1987,91,12,1246,167,373,40,0),
(210,'Best Defense',1984,94,10,264,167,38,75,0),
(211,'Dreamscape',1984,99,2,830,167,2074,63,0),
(212,'Black Rain',1989,125,6,41,167,454,73,0),
(213,'8 1/2',1963,138,11,1537,323,1839,80,1),
(214,'One Frightened Night',1935,64,14,46,963,331,33,0),
(215,'Year My Voice Broke, The',1988,103,11,1997,408,2038,71,0),
(216,'Is Paris Burning?',1966,175,7,1333,2087,49,63,0),
(217,'QB VII',1974,313,11,1013,2087,1070,28,1),
(218,'Island of Dr. Moreau, The',1977,104,14,792,471,1788,54,0),
(219,'Beyond the Limit',1983,104,11,181,1489,1052,51,0),
(220,'Secret Agent',1936,84,4,638,2105,1042,50,0),
(221,'Big Bust Out, The',1972,71,6,1181,1312,945,50,0),
(222,'Fourth Protocol, The',1987,119,4,181,704,1052,14,0),
(223,'Gremlins 2: The New Batch',1990,107,10,636,1275,2057,61,0),
(224,'Fast Times at Ridgemont High',1982,92,10,1357,1275,1079,65,0),
(225,'Mannequin',1987,NULL,10,1462,2014,1053,23,0),
(226,'Rabid',1977,91,14,1847,735,2175,34,0),
(227,'Party, The',1990,NULL,10,539,527,1926,32,0),
(228,'Vampire Raiders, Ninja Queen',1989,90,6,767,997,1607,15,0),
(229,'Destroyer',1943,99,6,132,617,297,87,0),
(230,'Party Girl',1992,99,10,1593,1630,1802,85,0),
(231,'Twin Peaks',1989,113,4,31,816,941,86,0),
(232,'Moonstruck',1987,103,10,787,511,1620,6,1),
(233,'Witches of Eastwick, The',1987,119,10,991,511,173,8,0),
(234,'Moonraker',1979,128,6,270,180,1520,32,0),
(235,'Beat Street',1984,106,11,2103,151,359,72,0),
(236,'Never on Tuesday',1989,90,11,985,489,17,77,0),
(237,'Shampoo',1975,109,10,824,665,501,69,1),
(238,'Power',1985,111,11,1497,665,582,43,0),
(239,'Darling',1965,122,11,1428,665,593,44,1),
(240,'Ugly American, The',1963,120,11,1046,1918,110,63,0),
(241,'Ambassador Bill',1931,68,10,964,1241,1174,66,0),
(242,'Big Trail, The',1931,110,12,2120,1241,202,22,0),
(243,'Hombre',1967,111,12,563,1627,336,50,0),
(244,'Coogan''s Bluff',1968,103,6,1073,357,1853,57,0),
(245,'Penn & Teller Get Killed',1989,91,10,358,1416,1588,12,0),
(246,'Shy People',1987,118,11,548,852,114,7,0),
(247,'It''s My Turn',1980,91,10,41,852,678,0,0),
(248,'Dangerous Liaisons',1988,119,11,260,1309,1910,77,0),
(249,'Reversal of Fortune',1990,111,11,310,1309,605,73,1),
(250,'Meeting Venus',1991,119,10,1521,1309,752,74,0),
(251,'Like Father Like Son',1987,101,10,1442,1688,2062,20,0),
(252,'Rope',1948,81,11,187,1322,1042,39,0),
(253,'Road to Hong Kong',1962,91,10,677,1460,1837,37,0),
(254,'Shirley Valentine',1989,108,10,1271,1316,1520,51,0),
(255,'City of Joy',1992,135,11,1646,1316,423,87,0),
(256,'Appaloosa, The',1966,99,12,1046,689,760,15,0),
(257,'Seven Minutes in Heaven',1986,88,10,190,2165,1238,49,0),
(258,'Hearts of Darkness, A Filmmaker''s Apocalypse',1991,96,11,473,154,725,72,0),
(259,'Tonight for Sure',1961,66,10,140,674,2138,4,0),
(260,'White Hunter, Black Heart',1990,110,13,1073,639,1073,66,0),
(261,'Sundays & Cybele',1962,110,11,1796,831,1231,11,1),
(262,'Puppet Master',1989,90,2,853,1549,993,20,0),
(263,'Night Gallery',1991,95,14,1023,1,92,31,0),
(264,'Pet Sematary',1989,103,14,1701,800,1642,27,0),
(265,'America''s Music, Gospel',1992,60,5,901,1167,1178,13,0),
(266,'Slap Shot',1977,123,10,563,1288,1913,82,0),
(267,'O. C. & Stiggs',1987,109,10,420,116,975,3,0),
(268,'A Fish Called Wanda',1988,108,10,884,1684,2094,7,1),
(269,'A Lesson in Love',1954,96,10,1692,419,1925,48,0),
(270,'Brink of Life',1957,82,11,644,419,1925,57,0),
(271,'Betty Blue',1986,120,11,1905,682,635,71,0),
(272,'Hair',1979,122,5,225,1708,259,67,0),
(273,'National Lampoon''s Christmas Vacation',1989,97,10,233,1708,479,81,0),
(274,'Dersu Uzala, (The Hunter)',1974,124,13,683,442,425,81,1),
(275,'Alice',1990,106,10,1409,2163,882,22,0),
(276,'Fifth Floor, The',1980,90,4,1036,1132,33,74,0),
(277,'Snow Kill',1990,94,11,763,1132,150,35,0),
(278,'People, The',1971,74,11,276,971,2138,36,0),
(279,'True Grit',1969,128,12,2120,971,1639,77,1),
(280,'Battle of Midway, The',1942,18,7,1512,684,675,75,0),
(281,'Three Godfathers',1948,103,12,2120,684,675,72,0),
(282,'Hush, Hush, Sweet Charlotte',1965,133,4,1274,956,482,68,0),
(283,'A Stolen Life',1946,110,11,2007,956,394,20,0),
(284,'Old Maid, The',1939,96,11,742,956,1541,18,0),
(285,'All about Eve',1950,138,11,486,956,1407,23,1),
(286,'Fly, The',1986,96,14,1867,403,2175,33,0),
(287,'Quick Change',1990,89,10,1859,403,1506,24,0),
(288,'Lair of the White Worm, The',1988,93,14,1735,1369,2047,16,0),
(289,'Rainbow, The',1989,104,11,513,1369,2047,53,0),
(290,'Man Who Knew Too Much, The',1956,120,4,187,330,1042,15,0),
(291,'Beauty & the Beast',1992,90,2,1451,1119,492,14,0),
(292,'Foreign Correspondent',1940,120,4,289,1297,1042,61,0),
(293,'Heiress, The',1949,115,11,245,1041,1155,81,1),
(294,'Boy Who Could Fly, The',1986,120,11,2017,122,1284,25,0),
(295,'Terrorists, The',1975,89,6,942,1244,443,4,0),
(296,'Wheel of Fortune',1942,85,11,2120,1584,877,36,0),
(297,'Do the Right Thing',1989,120,11,1295,40,89,5,0),
(298,'Court-Martial of Jackie Robinson, The',1990,93,11,1869,40,69,33,0),
(299,'Elvira Madigan',1967,90,11,1315,939,217,28,0),
(300,'Hurricane Smith',1992,86,6,1693,1444,254,16,0),
(301,'Risky Business',1983,99,10,626,447,1443,28,0),
(302,'I Love All of You (Je Vous Aime)',1980,103,11,1040,1005,1974,40,0),
(303,'Love Songs',1986,108,11,194,1005,1286,15,0),
(304,'Le Choix des Armes',1983,114,4,1483,1005,407,15,0),
(305,'Choice of Arms',1981,135,6,1483,1005,1372,87,0),
(306,'March or Die',1977,107,7,1497,1005,1422,59,0),
(307,'Last Metro, The',1980,135,11,1040,1005,819,66,0),
(308,'Jean de Florette',1986,120,11,1483,200,1974,87,1),
(309,'Fat Man & Little Boy',1989,127,11,563,296,423,86,0),
(310,'Wild at Heart',1990,125,11,434,296,941,6,0),
(311,'Family Business',1989,113,6,942,293,582,5,0),
(312,'Stand & Deliver',1988,103,11,137,293,271,19,0),
(313,'Looker',1981,94,2,1924,1778,444,62,0),
(314,'Fire & Rain',1989,89,6,412,533,1908,10,0),
(315,'Seven Sinners',1940,83,11,2120,2081,1590,24,0),
(316,'Judgment at Nuremberg',1961,190,11,1981,2081,839,39,1),
(317,'Wings of Desire',1987,130,11,754,1173,538,71,0),
(318,'Until the End of the World',1991,158,11,1386,1173,538,57,0),
(319,'Castaway',1987,118,11,2083,460,933,41,0),
(320,'Delicatessen',1991,99,10,1113,803,262,78,0),
(321,'Great Train Robbery, The',1979,110,4,942,560,444,7,0),
(322,'Hanover Street',1991,110,11,163,560,623,81,0),
(323,'Hunchback',1991,102,11,1013,560,273,33,0),
(324,'My Darling Clementine',1946,97,12,379,518,675,12,0),
(325,'Wagon Master',1950,86,12,795,1168,675,30,0),
(326,'She Wore a Yellow Ribbon',1949,93,12,2120,1168,675,84,0),
(327,'Fantasy Man',1985,90,10,1229,1077,1370,82,0),
(328,'Monster in the Closet',1986,87,10,606,32,397,39,0),
(329,'Double Edge',1992,85,11,2144,932,1710,69,0),
(330,'Network',1976,116,10,1656,932,582,48,1),
(331,'Chinatown',1974,131,11,991,932,1751,55,1),
(332,'Three Days of the Condor',1975,117,11,1763,932,1264,87,0),
(333,'Voyage of the Damned',1977,134,11,143,932,574,34,0),
(334,'Barfly',1987,97,11,1849,932,605,23,0),
(335,'Life with Father',1947,118,10,1145,876,63,10,0),
(336,'A Guy Named Joe',1943,NULL,11,1981,876,1946,42,0),
(337,'Stavisky',1974,117,11,1333,832,216,1,0),
(338,'Time Bandits',1981,117,10,884,1686,2160,5,0),
(339,'Shining, The',1980,144,14,991,1686,1777,32,0),
(340,'Flame of Barbary Coast',1945,91,12,2120,1499,1478,54,0),
(341,'Brood, The',1979,92,14,2083,1345,2175,51,0),
(342,'Molly Maguires, The',1970,123,6,942,1345,336,3,0),
(343,'Beverly Hills Cop',1984,105,10,222,1580,148,41,0),
(344,'Blind Man''s Bluff',1991,86,4,1484,1580,396,64,0),
(345,'La Dolce Vita',1961,140,11,1537,1779,1839,20,0),
(346,'After the Fox',1966,103,10,539,2132,237,60,0),
(347,'Man with the Golden Gun, The',1974,127,6,270,2132,1038,41,0),
(348,'Marbella',1985,96,6,686,2132,1707,45,0),
(349,'Bobo, The',1967,103,10,539,2132,1695,80,0),
(350,'Killer Image.',1992,97,4,1294,456,531,8,0),
(351,'Kandyland',1987,94,11,1402,12,1030,41,0),
(352,'Campus Man',1987,94,11,1347,2124,1676,38,0),
(353,'Jubal',1956,101,11,2007,1033,1687,32,0),
(354,'Purple Rose of Cairo, The',1985,84,10,1295,1169,882,20,1),
(355,'Broadway Danny Rose',1984,85,10,882,1169,882,14,0),
(356,'Husbands & Wives',1992,108,10,882,1169,882,80,0),
(357,'Hannah & Her Sisters',1986,103,10,181,1169,882,8,1),
(358,'Hurricane',1979,115,6,1558,1169,382,8,0),
(359,'Between Two Women',1986,95,11,1371,620,71,52,0),
(360,'Cannonball Run, The',1981,96,10,775,620,900,80,0),
(361,'Doughnuts & Society',1936,70,10,829,427,2046,28,0),
(362,'Holocaust',1978,450,11,2162,2048,1562,1,0),
(363,'Meridian',1990,103,2,990,450,54,47,0),
(364,'Diary of a Hitman',1992,90,11,1332,450,1243,67,0),
(365,'Gor',1988,95,6,2083,1299,949,2,0),
(366,'Surrender',1987,95,10,181,229,377,84,0),
(367,'Places in the Heart',1984,112,11,730,229,866,83,1),
(368,'Not Without My Daughter',1991,106,11,2147,229,570,55,0),
(369,'Heroes',1977,113,11,256,229,962,17,0),
(370,'Absence of Malice',1981,116,11,563,229,1264,76,0),
(371,'Norma Rae',1979,110,11,136,229,336,64,1),
(372,'Steel Magnolias',1989,118,11,75,229,1592,66,0),
(373,'Burbs, The',1989,101,10,1282,2064,2057,42,0),
(374,'Empire Strikes Back, The',1980,124,2,810,2064,1247,33,0),
(375,'Star Wars',1977,121,2,810,2064,352,44,0),
(376,'Return of the Jedi',1983,132,2,810,2064,1717,4,0),
(377,'Hear My Song',1991,104,11,1877,252,235,72,0),
(378,'Slightly Scarlet',1956,99,6,1567,214,197,52,0),
(379,'Gunfight at the OK Corral',1957,120,12,792,214,1117,84,0),
(380,'Range Feud, The',1931,NULL,12,2120,713,1548,51,0),
(381,'Bloodsucking Pharaohs in Pittsburgh',1990,89,10,1598,1994,1527,79,0),
(382,'Roma',1972,129,11,613,2115,1839,75,0),
(383,'China Syndrome, The',1979,122,11,41,231,2141,43,0),
(384,'Morning After, The',1986,100,4,388,231,582,6,0),
(385,'Klute',1971,114,11,685,231,540,15,1),
(386,'Electric Horseman, The',1979,113,10,1763,231,1264,34,0),
(387,'Cat Ballou',1965,97,10,1714,231,1006,62,1),
(388,'Rebecca',1940,130,11,1148,351,1042,78,1),
(389,'Jane Eyre',1944,96,11,1838,351,1775,44,0),
(390,'Stacey!',1973,87,6,1379,1990,1018,31,0),
(391,'Naked Obsession',1992,85,4,973,1118,1791,26,0),
(392,'Stripped to Kill II, Live Girls',1989,83,4,198,1118,660,80,0),
(393,'Rain Killer, The',1990,94,4,99,1118,1099,10,0),
(394,'Valley Girl',1983,95,10,434,416,15,30,0),
(395,'Silence of the Lambs, The',1991,118,4,1013,645,1993,8,1),
(396,'Stealing Home',1988,98,11,250,645,1432,76,0),
(397,'Napoleon & Samantha',1972,92,10,41,645,1000,33,0),
(398,'Blackboard Jungle, The',1955,NULL,11,2007,1750,1553,66,0),
(399,'My Left Foot',1989,103,11,1034,184,1806,32,1),
(400,'Back to the Beach',1987,92,10,1611,398,741,45,0),
(401,'Painted Veil, The',1934,85,11,1535,1762,320,57,0),
(402,'Inspiration',1931,74,11,1577,1762,666,66,0),
(403,'Anna Christie',1930,92,11,1873,1762,666,0,0),
(404,'Flesh & the Devil, The',1926,109,11,164,1762,666,72,0),
(405,'Woman of Affairs',1928,90,11,164,1762,666,83,0),
(406,'Anna Karenina',1935,96,11,1430,1762,666,35,1),
(407,'Camille',1936,110,11,1593,1762,1302,74,0),
(408,'Mata Hari',1931,91,11,342,1762,1196,67,0),
(409,'Wild Orchids',1929,100,11,131,1762,284,70,0),
(410,'Grand Hotel',1932,112,11,406,1762,1541,81,1),
(411,'Susan Lennox, Her Fall & Rise',1931,84,11,494,1762,1270,64,0),
(412,'Ninotchka',1939,108,10,1341,1762,1660,40,0),
(413,'Queen Christina',1933,97,11,164,1762,1979,82,0),
(414,'Mysterious Lady, The',1928,96,11,207,1762,1959,72,0),
(415,'Joyless Street',1925,125,11,1616,1762,50,73,0),
(416,'Single Standard, The',1929,74,11,2090,1762,1279,73,0),
(417,'A Child Is Waiting',1962,105,11,792,1029,1843,60,0),
(418,'Tootsie',1982,116,10,720,441,1264,8,1),
(419,'Let It Ride',1989,86,10,1004,441,1098,88,0),
(420,'Julius Caesar',1953,120,11,1046,1405,1407,50,0),
(421,'Nineteen Forty-One',1979,120,10,729,1105,92,24,0),
(422,'Jaws',1975,124,6,1222,1105,92,6,0),
(423,'Hot Pursuit',1987,93,11,411,889,1418,44,0),
(424,'Triumph of the Spirit',1989,120,11,1878,889,1028,49,0),
(425,'Brannigan',1975,111,11,2120,74,1636,64,0),
(426,'Buffet Froid',1979,89,10,1040,995,781,75,0),
(427,'Salvador',1986,122,11,2072,464,1729,77,0),
(428,'Horse Soldiers, The',1959,102,12,2120,28,675,76,0),
(429,'Long John Silver',1954,108,6,1601,1089,1533,56,0),
(430,'Hustler, The',1961,134,11,563,335,219,43,1),
(431,'Star Chamber, The',1983,109,11,41,1875,1773,3,0),
(432,'Clara''s Heart',1988,100,11,344,1801,1496,60,0),
(433,'Burglar',1987,102,10,604,1801,1296,44,0),
(434,'Bloodbrothers',1978,117,11,30,1447,1496,11,0),
(435,'Rain Man',1988,134,11,720,1789,1226,8,1),
(436,'Masculine Feminine',1966,95,11,2123,2118,1367,20,0),
(437,'Outer Limits, The',1964,51,2,1954,19,858,27,0),
(438,'Last Ride of the Dalton Gang, The',1979,180,12,1072,170,2039,62,0),
(439,'Number Seventeen',1932,66,1,1855,1814,1042,66,0),
(440,'Manhunter',1986,120,11,1632,2016,1928,19,0),
(441,'Bonfire of the Vanities, The',1990,126,11,1282,1931,2058,82,0),
(442,'Working Girl',1988,115,10,163,1931,1213,25,0),
(443,'Shining Through',1992,133,4,41,1931,1129,11,0),
(444,'Tokyo Pop',1988,99,10,183,504,1825,2,0),
(445,'Terminator 2',1991,136,6,712,1830,1550,8,0),
(446,'Terminator, The',1984,108,6,712,1830,1550,17,0),
(447,'King Kong Lives!',1986,105,6,1804,1830,361,20,0),
(448,'At Play in the Fields of the Lord',1991,186,11,1141,850,418,81,0),
(449,'Crazy People',1990,NULL,10,264,850,468,61,0),
(450,'Memoirs of an Invisible Man',1992,99,10,233,850,39,58,0),
(451,'Clan of the Cave Bear, The',1985,100,11,2161,850,1948,73,0),
(452,'Final Terror, The',1983,82,14,909,850,2,24,0),
(453,'Reckless',1984,93,11,724,850,1014,14,0),
(454,'High Spirits',1989,NULL,10,1610,850,844,53,0),
(455,'Roxanne',1987,107,10,1923,850,177,66,0),
(456,'Blade Runner',1982,117,6,163,850,454,1,0),
(457,'Wall Street',1987,126,11,41,850,1729,6,1),
(458,'Flaming Frontiers',1938,298,12,1679,1127,1093,82,0),
(459,'Libeled Lady',1936,89,10,1145,672,1725,86,0),
(460,'Inserts',1976,99,11,1004,1008,1088,85,0),
(461,'Blue Iguana, The',1988,88,11,1983,1008,119,65,0),
(462,'Tender Mercies',1983,93,11,737,1976,1467,61,1),
(463,'Nights in White Satin',1987,96,11,1697,126,141,5,0),
(464,'Videodrome',1989,87,14,2072,171,2175,36,0),
(465,'Intimate Stranger',1991,96,4,1563,171,2000,23,0),
(466,'Highlander',1986,110,2,194,1844,1138,8,0),
(467,'Tango & Cash',1989,104,6,1032,1446,114,9,0),
(468,'There''s a Girl in My Soup',1970,94,10,539,2150,1112,41,0),
(469,'Swing Shift',1984,100,11,242,2150,1993,81,0),
(470,'Foul Play',1978,112,10,233,2150,1917,46,0),
(471,'Best Friends',1982,109,10,775,2150,1620,74,0),
(472,'Butterflies Are Free',1972,109,11,1344,2150,2130,82,1),
(473,'Overboard',1987,112,10,242,2150,1424,6,0),
(474,'Girl from Petrovka, The',1974,103,11,1481,2150,561,23,0),
(475,'Housesitter',1992,102,10,1923,2150,759,14,0),
(476,'Wildcats',1986,106,10,383,2150,1972,22,0),
(477,'Protocol',1984,100,10,1385,2150,1592,53,0),
(478,'Seems Like Old Times',1980,102,10,233,2150,681,49,0),
(479,'Sugarland Express, The',1974,109,11,795,2150,92,28,0),
(480,'Private Benjamin',1980,110,10,2172,2150,1768,61,0),
(481,'Arrowsmith',1931,95,11,1061,1115,675,84,0),
(482,'Say Goodbye Maggie Cole',1972,78,11,1513,1417,422,84,0),
(483,'Circus World',1964,132,11,2120,585,1639,29,0),
(484,'Affair in Trinidad',1952,98,11,2007,585,1064,49,0),
(485,'Lady from Shanghai',1948,87,4,1838,585,1838,16,0),
(486,'Lady in Question',1940,81,11,1699,585,1078,57,0),
(487,'Gilda',1946,110,11,2007,585,1078,57,0),
(488,'Loves of Carmen, The',1948,98,11,2007,585,1078,48,0),
(489,'Dick Tracy',1990,105,10,824,599,824,84,0),
(490,'Marnie',1964,130,11,942,1659,1042,2,0),
(491,'Hot Child in the City',1987,85,4,1888,650,2151,0,0),
(492,'Johnny Dangerously',1984,90,10,58,1193,1079,3,0),
(493,'Stark',1985,95,4,1050,1193,1713,27,0),
(494,'Three Strange Loves',1949,84,11,2008,1289,1925,87,0),
(495,'My Fair Lady',1964,170,5,692,886,1302,10,1),
(496,'Unforgiven, The',1960,123,11,792,886,1883,32,0),
(497,'Robin & Marian',1976,106,6,942,886,1085,6,0),
(498,'Children''s Hour, The',1961,109,11,576,886,1155,60,0),
(499,'Rainmaker, The',1956,121,11,792,210,1019,21,0),
(500,'Pat & Mike',1952,95,10,1981,210,1302,48,0),
(501,'Lion in Winter, THe',1968,134,11,1610,210,315,78,1),
(502,'Sea of Grass, The',1991,132,12,1981,210,1747,75,0),
(503,'Guess Who''s Coming to Dinner',1967,108,11,1981,210,839,50,1),
(504,'Desk Set',1957,153,10,1981,210,2041,51,0),
(505,'Rooster Cogburn',1975,107,12,2120,210,329,76,0),
(506,'On Golden Pond',1981,109,11,379,210,1109,23,1),
(507,'Juice',1992,95,11,1989,1453,764,31,0),
(508,'Hoosiers',1986,114,11,1497,801,1441,2,0),
(509,'Tin Men',1987,112,10,1004,801,1226,50,0),
(510,'Last Temptation of Christ, The',1988,163,11,1878,801,557,32,0),
(511,'Souvenir',1988,87,11,600,130,209,42,0),
(512,'A Man for All Seasons',1966,120,11,469,1574,1391,20,1),
(513,'Knights & Emeralds',1986,90,11,463,1154,630,NULL,0),
(514,'Masque of the Red Death',1989,83,14,517,1950,1166,9,0),
(515,'Adventures of Smilin'' Jack, The',1943,265,4,1984,938,1093,77,0),
(516,'Adventures in Dinosaur City',1992,88,6,191,174,1076,19,0),
(517,'Allnighter, The',1987,95,10,1469,1746,11,71,0),
(518,'Caddyshack',1980,99,10,233,1564,520,70,0),
(519,'Tom Sawyer',1973,102,5,295,36,1788,11,0),
(520,'Rita, Sue & Bob Too',1987,94,10,856,628,805,5,0),
(521,'Hawk of Powder River',1947,56,12,495,567,1093,61,0),
(522,'Tempest',1928,148,11,406,796,1174,33,0),
(523,'Running Mates',1986,90,11,6,1862,440,63,0),
(524,'Prettykill',1987,105,11,60,2089,1323,71,0),
(525,'Judge Priest',1934,80,11,964,1662,675,9,0),
(526,'Harvey',1950,104,10,187,1566,2107,42,0),
(527,'If Looks Could Kill',1991,89,6,578,523,1153,10,0),
(528,'Raising Arizona',1987,94,10,434,981,1743,23,0),
(529,'Once Around',1989,114,10,1004,981,698,68,0),
(530,'Loulou',1980,110,11,1040,807,1039,65,0),
(531,'World According to Garp, The',1982,136,11,37,697,1913,59,0),
(532,'Virus',1980,106,2,1230,1754,1126,62,0),
(533,'Northwest Passage',1940,127,6,1981,236,1940,51,0),
(534,'Gardens of Stone',1987,112,11,133,161,2138,27,0),
(535,'Enemies, a Love Story',1989,121,11,1629,161,673,5,0),
(536,'Addams Family, The',1992,102,10,564,161,1542,8,0),
(537,'Freaks',1932,65,14,46,992,1108,61,0),
(538,'Necessary Roughness',1991,108,10,497,1411,1303,60,0),
(539,'A Show of Force',1990,93,11,1672,530,45,1,0),
(540,'Competition, The',1980,129,11,1004,530,1962,45,0),
(541,'Crossing Delancey',1988,97,10,303,530,1783,6,0),
(542,'State of Things, The',1982,120,11,1546,165,538,73,0),
(543,'Business As Usual',1987,89,10,701,1724,302,17,0),
(544,'A Touch of Class',1973,103,10,98,1724,135,79,1),
(545,'Women in Love.',1970,129,11,1401,1724,2047,18,0),
(546,'Salome''s Last Dance',1988,89,10,1683,1724,2047,76,0),
(547,'Casino',1986,100,4,2106,1031,453,5,0),
(548,'Smiles of a Summer Night',1955,108,10,1692,127,1925,58,0),
(549,'New Year''s Day',1989,90,10,912,502,912,88,0),
(550,'Mephisto',1981,132,11,505,1963,752,80,1),
(551,'Easy Virtue',1927,60,4,1618,1232,1042,45,0),
(552,'Strictly Business',1991,83,10,1016,362,1651,3,0),
(553,'Blame It on Rio',1983,90,10,181,1362,590,10,0),
(554,'Straight to Hell',1987,86,6,64,93,1560,47,0),
(555,'American Anthem',1986,100,11,226,380,586,74,0),
(556,'Bedtime Story',1963,99,10,1046,1172,308,7,0),
(557,'Night Train to Katmandu, THe',1988,102,6,1051,1621,748,43,0),
(558,'Port of Call',1948,100,11,246,950,1925,29,0),
(559,'Paper Moon',1973,103,10,875,1395,208,3,1),
(560,'Yellowbeard',1983,97,10,1128,1395,734,34,0),
(561,'Adventures of Sherlock Holmes'' Smarter',1975,91,10,2023,1395,2023,42,0),
(562,'Flashback',1990,108,10,64,238,1161,19,0),
(563,'World''s Greatest Lover, The',1977,89,10,2023,238,2023,42,0),
(564,'Killer''s Kiss',1955,67,4,640,556,1777,66,0),
(565,'Deceivers, The',1988,103,6,470,1732,1058,14,0),
(566,'Breathless',1983,97,6,770,998,1719,51,0),
(567,'Born on the Fourth of July',1989,145,11,626,312,1729,8,1),
(568,'Awakenings',1991,120,11,982,753,1798,8,0),
(569,'Annie Hall',1977,94,10,882,1669,882,68,1),
(570,'Manhattan',1979,96,10,882,1669,882,82,1),
(571,'Reds',1981,195,11,824,1669,824,76,1),
(572,'Crimes of the Heart',1986,105,10,1663,1669,1467,84,0),
(573,'Looking for Mr. Goodbar',1977,136,11,445,1669,1553,54,0),
(574,'Godfather, The',1972,175,11,1046,1669,2138,8,1),
(575,'Godfather, Pt 2., The',1974,201,11,1795,1669,2138,8,1),
(576,'I Will, I Will...For Now',1976,109,10,2075,1669,1837,6,0),
(577,'Play It Again, Sam',1972,86,10,882,1669,1592,81,0),
(578,'Fellini Satyricon',1970,130,11,1736,972,1839,88,0),
(579,'Formula, The',1980,117,4,105,392,1412,82,0),
(580,'Black Sunday',1977,143,11,469,392,1026,76,0),
(581,'Bobby Deerfield',1977,124,11,1795,392,1264,36,0),
(582,'Last of the Red Hot Lovers',1972,98,10,1858,317,223,40,0),
(583,'Mogambo',1953,116,6,1784,1062,675,71,0),
(584,'To Catch a Thief',1955,103,4,1631,1062,1042,69,0),
(585,'Rear Window',1954,113,4,187,1062,1042,25,0),
(586,'Woman Who Came Back',1945,69,11,1080,1359,72,26,0),
(587,'Stanley & Livingstone',1939,101,6,1981,1359,76,11,0),
(588,'Bad Seed, The',1956,129,14,1866,1359,356,69,0),
(589,'Lethal Weapon 2',1989,113,6,1613,1912,4,69,0),
(590,'Blame It on the Bellboy',1992,79,10,264,1912,1317,69,0),
(591,'Drop Kick, The',1927,62,11,249,1252,1337,NULL,0),
(592,'Superman, The Movie',1978,145,6,1046,1826,4,87,0),
(593,'Superman IV: The Quest for Peace',1987,90,6,1003,1826,760,77,0),
(594,'Quackser Fortune Has a Cousin in the Bronx',1970,90,10,2023,1826,1159,49,0),
(595,'Dead Calm',1989,96,4,115,429,204,1,0),
(596,'Days of Thunder',1990,107,6,626,429,1111,3,0),
(597,'My Life As a Dog',1987,101,10,158,925,698,21,0),
(598,'Moon in the Gutter, The',1983,NULL,6,1040,1977,635,29,0),
(599,'Paris, Texas',1984,150,11,1504,1977,538,27,0),
(600,'Unfaithfully Yours',1984,96,10,264,1977,1768,73,0),
(601,'Bullseye!',1987,95,10,181,1829,1492,8,0),
(602,'Erik the Viking',1989,104,6,1633,1192,1199,25,0),
(603,'Dragonard',1987,90,11,2083,1192,575,71,0),
(604,'Hard Choices',1986,90,11,35,206,797,41,0),
(605,'Rain People, The',1969,102,11,133,43,2138,78,0),
(606,'A Year of the Quiet Sun',1984,106,11,1711,1219,384,78,0),
(607,'Desert Trail, The',1935,54,12,2120,1689,2046,50,0),
(608,'Almost an Angel',1990,98,10,1772,466,651,14,0),
(609,'Crocodile Dundee',1986,98,10,1772,466,2025,66,0),
(610,'American Friend, The',1977,127,4,64,2059,538,35,0),
(611,'See You in the Morning',1989,119,11,388,2080,540,53,0),
(612,'Arrogant, The',1987,88,11,55,188,212,62,0),
(613,'Dracula''s Widow',1989,86,14,927,188,861,55,0),
(614,'Ninja Masters of Death',1987,90,6,767,1436,1607,15,0),
(615,'Mystery Train',1990,110,10,1800,629,366,23,0),
(616,'Go Tell the Spartans',1978,114,7,792,749,1468,67,0),
(617,'True Stories',1986,89,10,415,1739,508,79,0),
(618,'Ugetsu Monogatari',1953,94,11,1010,596,243,82,0),
(619,'Rebel Rousers',1969,80,6,991,1522,1022,44,0),
(620,'Plain Clothes',1988,98,10,700,1522,15,4,0),
(621,'Whose Life Is It, Anyway?',1981,119,11,1004,2077,1268,62,0),
(622,'Running on Empty',1988,116,11,85,2077,582,2,0),
(623,'Funny about Love',1990,101,10,2023,2077,1191,60,0),
(624,'A Chorus Line, The Movie',1985,118,5,41,1579,624,71,0),
(625,'Stewardess School',1986,84,10,1920,1101,1786,28,0),
(626,'Big Town, The',1987,109,11,1624,457,848,11,0),
(627,'Rumble Fish',1983,94,11,1624,457,2138,4,0),
(628,'Outsiders, The',1983,91,11,1915,457,2138,56,0),
(629,'Priceless Beauty',1990,94,2,194,457,491,7,0),
(630,'Streets of Fire',1989,93,6,966,457,1106,65,0),
(631,'Men Don''t Leave',1990,115,11,700,1906,1443,66,0),
(632,'Everybody''s All American',1988,127,8,830,1906,1582,62,0),
(633,'Cape Fear',1992,128,4,982,1906,557,7,0),
(634,'Crashing Thru',1949,58,12,2102,1035,1093,19,0),
(635,'Get Out Your Handkerchiefs',1978,109,10,1040,821,781,78,1),
(636,'Boy Friend, THe',1971,137,5,2010,1543,2047,8,0),
(637,'Hard To Kill',1990,100,6,1049,18,1991,49,0),
(638,'Psycho',1960,109,14,1799,589,1042,56,0),
(639,'Jet Pilot',1957,112,6,2120,589,1907,43,0),
(640,'Under Cover',1987,95,4,52,125,1698,36,0),
(641,'A Streetcar Named Desire',1951,122,11,1046,1519,1747,75,1),
(642,'Golden Child, The',1986,93,10,222,1949,1972,86,0),
(643,'Statue, The',1971,84,11,798,1694,828,80,0),
(644,'Christopher Columbus',1985,128,11,1263,1694,24,69,0),
(645,'In Country',1989,116,11,1654,1664,1620,76,0),
(646,'Wild Geese, The',1978,132,6,438,879,1539,21,0),
(647,'Second Coming of Suzanne., The',1974,90,11,1004,1583,1266,21,0),
(648,'Bronco Billy',1980,116,12,1073,1583,1073,57,0),
(649,'Gauntlet, The',1977,109,6,1073,1583,1073,18,0),
(650,'Ratboy',1986,105,11,159,1583,1583,1,0),
(651,'Lady Vanishes',1938,96,4,288,1265,1042,27,0),
(652,'Kitchen Toto, THe',1987,95,11,1559,827,1421,41,0),
(653,'Carlton-Browne of the F.O.',1959,88,10,612,1685,1112,63,0),
(654,'Racketeer',1929,68,11,16,2140,745,2,0),
(655,'Mr. & Mrs. Smith',1941,95,10,1234,2140,1042,3,0),
(656,'Alrededor de Medianoche',1986,132,11,146,652,1508,47,0),
(657,'Losin'' It',1982,101,10,626,347,1884,4,0),
(658,'Into the Homeland',1987,114,6,718,1540,435,34,0),
(659,'Boxing Babes',1991,60,6,2091,277,1204,9,0),
(660,'Shock ''em Dead',1991,94,14,2056,277,1338,31,0),
(661,'Heller in Pink Tights',1960,101,11,568,2028,1302,52,0),
(662,'Two Women',1961,100,11,1333,2028,237,83,1),
(663,'Gold of Naples, The',1954,107,11,237,2028,237,40,0),
(664,'Yesterday, Today & Tomorrow',1963,118,10,1537,2028,237,73,1),
(665,'Legend of the Lost',1957,109,6,2120,2028,1639,84,0),
(666,'Brass Target',1978,111,6,1843,2028,1224,53,0),
(667,'Fall of the Roman Empire, The',1964,188,11,1253,2028,2128,62,0),
(668,'El Cid',1961,172,11,1500,2028,2128,10,0),
(669,'Desire under the Elms',1958,114,11,1799,2028,562,13,0),
(670,'Two Nights with Cleo',1953,92,11,790,2028,1374,54,0),
(671,'Black Orchid, The',1959,NULL,11,568,2028,336,54,0),
(672,'Angela',1977,91,11,1696,2028,1228,80,0),
(673,'A Special Day',1977,105,11,1537,2028,2037,80,1),
(674,'Blood Feud',1979,112,6,1537,2028,762,52,0),
(675,'RAD',1986,94,6,34,1730,900,75,0),
(676,'Cocaine Cowboys',1979,85,6,1072,1486,2054,17,0),
(677,'Ape Man, The',1943,64,14,46,224,203,83,0),
(678,'Mission, The',1986,125,11,982,1749,423,20,0),
(679,'Curly Sue',1991,102,10,1272,811,923,2,0),
(680,'Lolita',1962,150,11,996,1585,1777,80,0),
(681,'Sex, Lies, and Videotape',1989,101,11,279,1339,1678,70,1),
(682,'Green Card',1990,107,10,1040,1339,113,25,0),
(683,'Gator Bait II',1988,95,6,1435,1547,911,73,0),
(684,'Being There',1979,129,10,539,61,501,31,1),
(685,'Terms of Endearment',1983,132,11,991,61,1043,32,1),
(686,'Woman Times Seven',1967,99,10,539,61,237,36,0),
(687,'Bliss of Mrs. Blossom, The',1968,NULL,10,658,61,1301,86,0),
(688,'Postcards from the Edge',1990,101,10,830,61,1213,63,0),
(689,'Two Mules for Sister Sara',1970,105,12,1073,61,1853,36,0),
(690,'Back Door to Heaven',1939,85,11,46,1092,2152,83,0),
(691,'A Certain Sacrifice',1992,60,5,1463,2098,1604,24,0),
(692,'Hot to Trot',1988,83,10,604,662,499,78,0),
(693,'Fire with Fire',1986,103,11,1682,662,2042,9,0),
(694,'Hot Spot',1990,120,11,1941,662,64,70,0),
(695,'Amarcord',1974,124,11,1794,551,1839,50,1),
(696,'Casablanca Express',1988,85,6,1103,656,1985,33,0),
(697,'Out of the Blue',1980,94,11,64,1144,64,4,0),
(698,'Sands of Iwo Jima',1949,110,7,2120,1755,197,72,0),
(699,'Hand, The',1981,104,14,181,1741,1729,44,0),
(700,'Deep Cover',1989,81,4,1271,1146,13,15,0),
(701,'Il Bidone',1955,92,11,79,1971,1839,70,0),
(702,'El Guerrero Solitario',1986,130,11,1073,62,1073,77,0),
(703,'Heartbreak Ridge',1986,130,7,1073,62,1073,61,0),
(704,'Goodbye Girl, The',1977,110,10,1004,62,1592,6,1),
(705,'Robin Hood: Prince of Thieves',1991,144,6,5,910,5,8,0),
(706,'White Sands',1992,101,11,1878,910,1368,38,0),
(707,'Color of Money, The',1986,119,11,563,910,557,6,1),
(708,'Children of a Lesser God',1986,119,11,1386,820,1200,20,1),
(709,'Matador',1986,NULL,10,266,2100,1792,34,0),
(710,'Women on the Verge of a Nervous Breakdown',1989,88,10,266,2100,1792,65,0),
(711,'Pepi Luci Bom',1980,86,10,641,2100,1792,66,0),
(712,'Forgotten, The',1989,100,4,1210,1366,383,69,0),
(713,'After the Shock',1990,92,11,1797,1313,409,28,0),
(714,'Riff Raff',1992,95,10,1846,2021,1122,71,0),
(715,'Glory Stompers, The',1967,81,6,64,968,2095,27,0),
(716,'Dances with Wolves',1990,181,12,5,57,5,8,1),
(717,'Matewan',1987,130,11,168,57,892,81,0),
(718,'Mississippi Burning',1988,120,11,1497,1120,731,41,1),
(719,'Eiger Sanction, The',1975,130,6,1073,1319,1073,69,0),
(720,'Unsettled Land',1988,109,11,870,1532,68,75,0),
(721,'Cat Chaser',1991,98,11,1980,1532,1261,6,0),
(722,'Accused, The',1988,110,11,1536,1532,467,71,1),
(723,'Winter People',1989,109,11,242,1532,23,30,0),
(724,'Reuben, Reuben',1983,101,10,1271,1532,561,2,0),
(725,'Made in Heaven',1987,102,9,654,1532,919,57,0),
(726,'Top Gun',1986,109,6,626,1532,1111,8,0),
(727,'Witness',1985,112,11,163,1532,113,59,0),
(728,'Racing with the Moon',1984,109,11,1357,1057,1945,50,0),
(729,'Lovesick',1983,98,10,264,1057,1044,51,0),
(730,'Greatest Story Ever Told, The',1965,199,11,143,1353,1342,26,0),
(731,'Hawks',1989,105,11,777,721,561,11,0),
(732,'So Fine',1981,91,10,875,155,699,17,0),
(733,'Paths of Glory',1957,89,11,864,571,1777,47,0),
(734,'Tom Jones',1964,120,11,1450,343,921,39,1),
(735,'Sunshine Boys, The',1975,103,10,808,417,1592,35,1),
(736,'Caddyshack 2',1988,98,10,134,1365,727,34,0),
(737,'Internal Affairs',1990,117,11,770,657,179,3,0),
(738,'JFK',1991,206,11,5,657,1729,78,0),
(739,'New Jack City',1991,97,6,2066,1882,954,80,0),
(740,'Hope & Glory',1987,118,7,1320,785,1602,3,0),
(741,'Ryan''s Daughter',1970,194,11,1774,785,908,81,1),
(742,'Man Who Loved Cat Dancing, The',1973,127,12,775,785,881,40,0),
(743,'Man Who Shot Liberty Valance, The',1962,123,12,187,1767,675,85,0),
(744,'Dead-Bang',1989,102,6,1941,869,1026,9,0),
(745,'Big Top Pee-wee',1988,90,10,1530,869,10,17,0),
(746,'Time Machine, The',1960,103,2,686,2071,1944,88,0),
(747,'Cabaret',1972,128,11,346,227,663,59,1),
(748,'Arthur',1981,97,10,264,227,768,79,1),
(749,'A Matter of Time',1976,97,11,1466,227,2109,70,0),
(750,'New York, New York',1977,137,11,982,227,557,8,0),
(751,'Nightmare on Elm Street, Pt. 5, The Dream Child',1989,89,14,758,1947,918,41,0),
(752,'Fiendish Plot of Dr. Fu Manchu, The',1980,100,10,539,1845,2084,29,0),
(753,'Four American Composers',1991,240,5,2005,1760,1201,3,0),
(754,'Asphalt Jungle, The',1950,112,6,1886,1404,1883,77,0),
(755,'Ladies of the Chorus',1992,61,5,1177,1404,1455,60,0),
(756,'How to Marry a Millionaire',1953,95,10,1145,1404,1914,65,0),
(757,'Nothing But Trouble',1991,94,10,339,1433,688,25,0),
(758,'Wisdom',1987,109,6,1413,1433,1413,25,0),
(759,'One Crazy Summer',1986,94,10,411,1433,1162,61,0),
(760,'We''re No Angels',1989,110,10,982,1433,844,51,0),
(761,'No Small Affair',1984,102,10,535,1433,2015,10,0),
(762,'Ghost',1990,127,2,1646,1433,455,6,1),
(763,'About Last Night',1986,113,11,1851,1433,1716,66,0),
(764,'Six Weeks',1982,107,11,264,740,468,73,0),
(765,'Return of October',1948,89,10,2007,1609,1833,35,0),
(766,'Come Back, Little Sheba',1952,99,11,792,1609,2092,50,1),
(767,'Going Places',1974,117,11,1040,319,781,66,0),
(768,'Monte Walsh',1970,99,12,1714,319,934,29,0),
(769,'Mr. Arkadin',1955,100,11,1838,500,1838,80,0),
(770,'White of the Eye',1988,NULL,4,1188,478,153,48,0),
(771,'Producers, The',1968,90,10,2023,103,1470,33,0),
(772,'Front, The',1976,94,11,882,103,336,70,0),
(773,'House of the Rising Sun',1987,86,11,553,1361,1966,45,0),
(774,'In a Shallow Grave',1988,91,11,1534,1650,1425,72,0),
(775,'Mc Q',1974,111,6,2120,1742,1117,73,0),
(776,'Lady from Louisiana',1941,85,11,2120,1017,994,38,0),
(777,'Wait Until Spring Bandini',1990,102,11,988,449,1384,29,0),
(778,'Long Voyage Home, The',1940,105,11,2120,185,675,88,0),
(779,'Trouble with Harry, The',1955,100,4,693,185,1042,28,0),
(780,'Encounters',1987,60,11,825,1865,595,44,0),
(781,'Hud',1963,112,11,563,1909,336,2,1),
(782,'Surf Nazis Must Die',1987,83,14,929,175,746,50,0),
(783,'Teahouse of the August Moon',1956,124,11,1046,1454,2092,11,0),
(784,'Man Who Haunted Himself, The',1970,91,11,270,1355,1256,75,0),
(785,'Prisoner of Honor.',1991,108,11,1004,958,2047,58,0),
(786,'Desert Rider',1923,57,12,952,1820,1964,NULL,0),
(787,'Wholly Moses!',1980,109,10,264,957,1398,25,0),
(788,'Star Trek VI: The Undiscovered Country',1991,110,2,276,2127,1058,11,0),
(789,'Star Trek V: The Final Frontier',1989,107,6,276,2127,276,87,0),
(790,'Circuitry Man',1991,85,6,789,1415,2009,78,0),
(791,'Cobra',1986,87,6,1032,1336,77,57,0),
(792,'Beverly Hills Cop II',1987,103,10,222,1336,1111,37,0),
(793,'To Joy',1950,93,11,2044,1565,1925,65,0),
(794,'Vertigo',1958,128,11,187,8,1042,10,0),
(795,'Young Love: Lemon Popsicle Seven',1987,91,10,1318,1919,1237,47,0),
(796,'Crack-Up',1946,93,4,1535,926,490,25,0),
(797,'Bury Me Not on the Lone Prairie',1941,57,12,1679,2171,1093,85,0),
(798,'Law & Order',1940,57,12,1679,2171,1093,87,0),
(799,'Man from Montana',1941,56,12,1679,2171,1093,85,0),
(800,'Long Gray Line, The',1992,137,11,744,1414,675,26,0),
(801,'Rio Grande',1950,105,12,2120,1414,675,64,0),
(802,'Wings of Eagles, The',1957,107,11,2120,1414,675,29,0),
(803,'Jamaica Inn',1939,94,11,1464,1414,1042,75,0),
(804,'Big Jake',1971,110,6,2120,1414,1665,68,0),
(805,'After the Rehearsal',1983,72,11,644,503,1925,0,0),
(806,'Big Jim McLain',1952,90,12,2120,472,843,14,0),
(807,'Smith!',1969,101,12,2007,472,733,62,0),
(808,'Wild One, The',1953,79,11,1046,977,1608,26,0),
(809,'Manxman, The',1929,129,11,1933,1932,1042,65,0),
(810,'International Velvet',1978,126,11,1013,230,1709,40,0),
(811,'Scanners',1981,104,14,477,634,2175,32,0),
(812,'Trick or Treat',1986,98,14,25,3,1815,47,0),
(813,'48 Hrs.',1982,92,6,1832,2003,1106,67,0),
(814,'Trip to Bountiful, The',1985,108,11,983,1473,854,62,1),
(815,'Mister Roberts',1955,116,10,379,794,675,8,1),
(816,'Z',1969,127,11,1483,2111,1868,72,1),
(817,'Maurice',1987,139,11,1081,607,1165,45,0),
(818,'Hamlet',1969,114,11,601,607,1857,39,0),
(819,'La Femme Nikita',1991,117,11,461,1137,1491,6,0),
(820,'Honeymoon in Vegas',1993,95,10,133,393,699,53,0),
(821,'Going for the Gold',1988,90,6,1526,393,1995,10,0),
(822,'Shout at the Devil',1976,128,6,1714,304,1185,0,0),
(823,'A Smoky Mountain Christmas',1986,94,5,1911,1525,256,23,0),
(824,'Getting Physical',1984,95,11,1377,301,111,75,0),
(825,'Torn Apart',1990,95,11,1606,1007,1514,8,0),
(826,'From the Hip',1986,112,10,2061,916,928,36,0),
(827,'Ratings Game, The',1984,102,10,56,1490,56,21,0),
(828,'Water',1986,89,10,181,2082,1502,47,0),
(829,'Silent Movie',1978,88,10,1470,1871,1470,27,0),
(830,'Pink Cadillac',1989,122,10,1073,1871,1073,12,0),
(831,'Jerk, The',1979,94,10,1923,1871,287,22,0),
(832,'Sweet Liberty',1986,107,10,1329,592,1329,12,0),
(833,'Grease II',1982,115,5,1544,592,2024,64,0),
(834,'Married to the Mob',1989,104,10,655,592,1993,8,0),
(835,'Ladyhawke',1985,121,13,285,592,4,68,0),
(836,'Fabulous Baker Boys, The',1989,114,11,388,592,286,66,0),
(837,'Into the Night',1985,115,10,1867,592,2157,62,0),
(838,'Russia House, The',1991,124,11,942,592,177,3,0),
(839,'Tequila Sunrise',1988,116,4,1613,592,1307,50,0),
(840,'Last Movie, The',1971,108,11,64,1358,64,22,0),
(841,'Dillinger',1973,106,11,765,1358,145,83,0),
(842,'Little Dorrit',1988,360,11,53,1943,1898,12,0),
(843,'My Best Girl',1927,78,11,294,2131,1174,31,0),
(844,'Seizure',1989,93,14,1817,1523,1729,59,0),
(845,'A Chorus of Disapproval',1990,89,10,310,1394,1492,0,0),
(846,'Rome Adventure',1962,119,11,779,1545,1687,39,0),
(847,'Drowning by Numbers',1992,121,4,314,851,1201,28,0),
(848,'Born to Ride',1991,88,6,1095,1573,633,59,0),
(849,'Her Alibi',1988,94,10,878,1176,1467,80,0),
(850,'Dangerous Pursuit',1990,95,4,1399,405,1776,88,0),
(851,'Experiment in Terror',1962,123,4,2007,2011,1926,77,0),
(852,'Hideaways, The',1972,105,10,1278,559,20,42,0),
(853,'What''s New Pussycat',1965,108,10,1610,341,974,83,0),
(854,'What''s New Pussycat?',1965,108,10,539,341,974,46,0),
(855,'Packin'' It In',1983,98,10,1945,341,422,8,0),
(856,'Naked Gun: From the Files of Police Squad!, THe',1988,90,10,999,1556,1503,9,0),
(857,'In Too Deep',1990,106,11,899,1220,169,50,0),
(858,'Twins',1988,107,10,712,1396,1298,23,0),
(859,'Experts, The',1988,94,10,2114,1396,922,67,0),
(860,'Naked Lie',1989,94,11,860,348,1400,7,0),
(861,'Mistress',1987,87,11,2156,348,273,36,0),
(862,'Adam at 6 A.M.',1970,100,11,41,1149,2034,3,0),
(863,'Web of Deceit',1990,93,11,1190,1054,1776,6,0),
(864,'New York Stories',1991,119,10,882,1267,2138,6,0),
(865,'Dreams Lost, Dreams Found',1987,97,11,1904,1260,2013,66,0),
(866,'Au Revoir les Enfants',1987,103,11,1818,1766,292,35,0),
(867,'Quo Vadis',1989,122,11,505,1208,757,6,0),
(868,'Fighting Kentuckian, The',1949,100,6,2120,431,218,74,0),
(869,'Zardoz',1974,104,2,942,1352,1602,6,0),
(870,'Police Academy 6: City under Siege',1989,84,10,1510,1896,1373,29,0),
(871,'Police Academy 5: Assignment Miami Beach',1988,90,10,1457,1896,345,59,0),
(872,'Police Academy 3: Back in Training',1986,84,10,723,1896,946,6,0),
(873,'America''s Music, Blues',1991,60,5,326,1594,1178,54,0),
(874,'Julia',1977,100,11,1872,413,1391,75,1),
(875,'Devils, The',1971,111,11,2083,182,2047,69,0),
(876,'Ransom',1984,90,11,2007,274,2116,73,0),
(877,'Cadillac Man',1990,97,10,37,1290,1368,28,0),
(878,'Best of Times, The',1986,104,10,37,1290,769,88,0),
(879,'Death of a Salesman',1985,135,11,720,1703,761,13,0),
(880,'Empire of the Sun',1987,153,11,260,750,92,6,0),
(881,'Comfort of Strangers, The',1991,102,4,1934,363,2076,5,0),
(882,'On Her Majesty''s Secret Service',1969,135,6,1110,1408,1185,66,0),
(883,'Pretty in Pink',1986,96,11,1504,667,743,75,0),
(884,'Lone Star Trail, The',1943,60,12,1679,2101,1093,27,0),
(885,'Summer',1986,98,10,845,2093,897,11,0),
(886,'Planes, Trains & Automobiles',1987,93,10,1923,2159,923,73,0),
(887,'Pretty Woman',1990,119,10,770,1929,1424,43,0),
(888,'Flatliners',1991,111,11,1363,1929,1448,19,0),
(889,'Hook',1991,142,6,37,1929,92,4,0),
(890,'Riders of Pasco Basin',1940,56,12,1679,687,1093,17,0),
(891,'Desperate Hours',1990,106,4,1849,887,1942,58,0),
(892,'Gung Ho',1986,111,10,1671,887,258,59,0),
(893,'Shooting Elizabeth',1992,96,4,1867,887,512,5,0),
(894,'Strangers on a Train',1951,101,4,857,2069,1042,17,0),
(895,'Sacketts, The',1979,198,12,1246,2069,1975,86,0),
(896,'To Die Standing',1991,87,6,1388,2086,172,53,0),
(897,'Rodeo Girl',1980,92,11,1036,1209,371,80,0),
(898,'Butch Cassidy & the Sundance Kid',1969,110,12,563,1209,1913,29,1),
(899,'Hellfighters',1968,121,6,2120,1209,1539,22,0),
(900,'Final Countdown, The',1980,92,6,864,1209,1788,35,0),
(901,'Blue Velvet',1986,120,4,31,1850,941,6,0),
(902,'Black & White in Color',1976,90,10,340,1223,1045,24,1),
(903,'Another Woman',1988,81,11,1497,272,882,7,0),
(904,'Night on Earth',1992,128,11,1889,272,366,24,0),
(905,'Permanent Record',1988,92,11,616,1887,2019,42,0),
(906,'Fisher King, The',1992,138,11,37,2121,2160,8,1),
(907,'Another You',1991,98,10,391,2121,782,75,0),
(908,'Young Lions, The',1958,167,11,1046,325,1180,10,0),
(909,'Cheerleader Camp',1988,89,14,631,573,863,79,0),
(910,'Angel & the Badman',1947,96,12,2120,2073,307,84,0),
(911,'Impulse',1990,109,4,1821,1218,1583,23,0),
(912,'Track Twenty-Nine',1988,91,11,1494,1218,933,48,0),
(913,'Freejack',1991,110,6,1413,905,1857,26,0),
(914,'Smallest Show on Earth, The',1988,81,10,539,2018,1256,24,0),
(915,'Innerspace',1987,120,2,830,244,2057,41,0),
(916,'Presidio, The',1988,97,6,942,244,623,4,0),
(917,'Joe Versus the Volcano',1990,102,10,1282,244,947,17,0),
(918,'Doors, The',1991,135,11,1501,244,1729,60,0),
(919,'Welcome Home, Roxy Carmichael',1990,98,10,1727,1733,643,41,0),
(920,'Cancel My Reservation',1972,99,10,677,78,1507,60,0),
(921,'North by Northwest',1991,135,4,1631,78,1042,20,0),
(922,'Russians Are Coming, the Russians Are, The',1966,127,10,287,78,1620,79,1),
(923,'Exodus',1992,213,11,563,78,1397,13,0),
(924,'Ballad of Narayama, The',1982,128,11,1216,47,2148,88,0),
(925,'Out of the Darkness',1985,96,4,1706,1765,422,86,0),
(926,'Garden of the Finzi-Continis, The',1971,90,11,728,577,237,42,1),
(927,'Steppenwolf',1974,105,11,143,577,2079,20,0),
(928,'Mackintosh Man, The',1973,100,6,563,577,1883,65,0),
(929,'Partner',1968,105,11,1151,1901,547,26,0),
(930,'Conformist, The',1970,107,11,485,1901,547,72,0),
(931,'Dirty Harry',1971,102,11,1073,1922,1853,72,0),
(932,'Ferris Bueller''s Day Off',1986,103,10,285,1626,923,12,0),
(933,'Legend',1986,89,2,626,1626,454,42,0),
(934,'Buddy System, The',1984,110,11,1004,978,426,48,0),
(935,'A Dry White Season',1989,97,11,685,978,1761,71,0),
(936,'Rocky Horror Picture Show, The',1975,105,5,1625,978,1328,59,0),
(937,'War & Peace',1968,360,11,2030,1474,160,80,1),
(938,'Going Under',1991,80,10,1217,1939,1690,30,0),
(939,'Passenger, The',1975,118,11,991,1214,107,32,0),
(940,'Last Tango in Paris',1973,127,11,1046,1214,547,28,0),
(941,'Indigo Autumn & Lilac Dream',1987,155,11,2002,1124,1515,72,0),
(942,'Kriemhild''s Revenge, The Nibelungenlied',1924,95,11,1114,1143,1461,74,0),
(943,'Johnny Tiger',1966,102,11,1593,1102,1648,69,0),
(944,'Head Office',1986,90,10,2004,953,1135,88,0),
(945,'Le Charme Discret de la Bourgeoisie',1972,100,10,220,1327,484,4,1),
(946,'Blue City',1986,83,6,2061,228,935,38,0),
(947,'Bad Boys',1983,123,11,1357,228,364,7,0),
(948,'Whoopee Boys, The',1986,82,10,670,1605,1088,54,0),
(949,'Last Picture Show, The',1971,118,11,813,1334,208,62,1),
(950,'Diamond Trap, The',1988,93,11,389,1096,1788,58,0),
(951,'Endless Love',1981,115,11,268,1096,1969,20,0),
(952,'Rocky',1976,90,11,1032,1771,1412,78,1),
(953,'Cocktail',1988,103,11,626,2020,1368,13,0),
(954,'Sabotage',1936,77,4,1150,2068,1042,74,0),
(955,'Madame Rosa',1977,105,11,195,1056,424,11,1),
(956,'Desiree',1954,110,11,1046,786,2107,22,0),
(957,'Spartacus',1960,185,11,864,786,1777,67,1),
(958,'Guys & Dolls',1955,150,10,1046,786,1407,70,1),
(959,'Until They Sail',1992,95,11,563,786,507,77,0),
(960,'Coming to America',1988,116,10,222,1140,2157,11,0),
(961,'Lilies of the Field',1963,93,11,1293,2045,1293,36,1),
(962,'River''s Edge',1987,99,11,2143,691,1628,3,0),
(963,'Ruthless People',1986,93,10,56,2036,643,84,0),
(964,'Secret of My Success, The',1987,110,10,21,2036,1592,5,0),
(965,'Shop on Main Street, The',1965,128,11,581,112,2133,37,1),
(966,'Funny Farm',1988,101,10,233,1306,1913,30,0),
(967,'Lonely Passion of Judith Hearne, The',1988,120,11,1382,2173,1643,24,0),
(968,'California Suite',1978,103,10,181,2173,1592,11,1),
(969,'Maximum Overdrive',1986,97,14,1413,1389,987,40,0),
(970,'Pale Rider',1985,116,12,1073,1123,1073,45,0),
(971,'Kissing Place, The',1990,88,11,874,1640,815,41,0),
(972,'French Lesson',1986,90,10,106,1331,570,29,0),
(973,'Roller Blade',1985,88,6,390,201,1978,31,0),
(974,'A Shot in the Dark',1964,101,10,539,381,1926,51,0),
(975,'Missing',1982,122,11,305,332,1868,30,0),
(976,'Picasso Trigger',1989,99,6,1667,1235,1018,20,0),
(977,'Hard Ticket to Hawaii',1987,97,6,579,1235,1018,36,0),
(978,'Diamonds are Forever',1990,NULL,6,942,515,1038,8,0),
(979,'Baby Face',1933,72,11,742,1458,1163,66,0),
(980,'Violent Men, The',1992,95,6,2007,1458,1055,25,0),
(981,'Cocoon',1985,117,2,859,1305,258,45,1),
(982,'Clockwise',1986,96,10,884,481,1027,10,0),
(983,'Outland',1981,111,2,942,1255,623,7,0),
(984,'Hang ''em High',1967,114,12,1073,1182,1468,67,0),
(985,'Basic Instinct',1992,123,4,41,147,65,41,0),
(986,'Total Recall',1990,113,6,712,147,65,8,0),
(987,'Stakeout',1987,115,10,1004,649,1268,13,0),
(988,'Unnamable II, The Statement of Randolph Carter, The',1992,104,11,1897,439,290,36,0),
(989,'Trip, The',1967,85,11,1090,2158,1848,64,0),
(990,'Ironweed',1987,135,11,991,309,418,32,0),
(991,'Kramer vs. Kramer',1979,NULL,11,720,309,866,8,1),
(992,'Still of the Night',1988,NULL,4,1222,309,866,42,0),
(993,'Defending Your Life',1991,112,10,483,309,483,75,0),
(994,'Deer Hunter, The',1978,183,11,982,309,1942,82,1),
(995,'Falling in Love',1984,106,11,982,309,1957,31,0),
(996,'Heartburn',1986,108,10,991,309,1213,57,0),
(997,'Silkwood',1983,131,11,242,309,1213,52,0),
(998,'Sophie''s Choice',1982,151,11,156,309,540,64,1),
(999,'Out of Africa',1985,161,11,1763,309,1264,88,1),
(1000,'French Lieutenant''s Woman, The',1981,127,11,310,309,1927,37,0),
(1001,'Plenty',1985,124,11,960,309,177,9,0),
(1002,'A Cry in the Dark',1988,122,11,115,309,177,67,0),
(1003,'She-Devil',1989,99,10,1568,309,1431,43,0),
(1004,'Death Becomes Her',1992,103,11,1654,309,2169,61,0),
(1005,'On a Clear Day You Can See Forever',1970,129,5,1483,94,2109,67,0),
(1006,'Nuts',1987,100,11,1004,94,336,52,0),
(1007,'Yentl',1983,134,5,337,94,94,46,0),
(1008,'Funny Girl',1968,151,5,1596,94,1155,30,1),
(1009,'Fellow Traveller',1990,97,11,1390,1634,541,39,0),
(1010,'Dodesukaden',1970,140,11,961,462,425,75,0),
(1011,'Sicilian, The',1987,NULL,11,194,883,1942,41,0),
(1012,'So Ends Our Night',1941,117,11,1430,1835,2088,2,0),
(1013,'Sword of the Valiant',1984,102,6,1107,1187,399,5,0),
(1014,'Devil''s Wanton, The',1949,78,11,2008,1702,1925,66,0),
(1015,'Driving Miss Daisy',1989,99,11,1509,261,1467,6,1),
(1016,'Between Friends',1983,105,11,29,2164,1476,54,0),
(1017,'Raintree County',1957,173,11,1745,2164,1180,74,0),
(1018,'Driver''s Seat, The',1975,101,11,2104,2164,1758,72,0),
(1019,'Reflections in a Golden Eye',1967,109,11,1046,2164,1883,81,0),
(1020,'X, Y & Zee',1972,110,11,181,2164,1861,87,0),
(1021,'Secret Ceremony',1968,109,11,1774,2164,1125,60,0),
(1022,'Cleopatra',1963,243,11,438,2164,1407,80,0),
(1023,'Father of the Bride',1950,NULL,10,686,2164,2109,54,0),
(1024,'Who''s Afraid of Virginia Woolf?',1992,130,11,438,2164,1213,82,1),
(1025,'A Little Night Music',1977,110,5,521,2164,1638,61,0),
(1026,'Giant',1956,201,11,2027,2164,1342,61,1),
(1027,'Rumor Mill, The',1985,94,11,784,2164,621,62,0),
(1028,'Lassie Come Home',1943,90,11,1023,2164,400,79,0),
(1029,'Cimarron',1931,125,12,1335,1988,2122,44,1),
(1030,'Apache Woman',1992,83,12,166,493,1848,32,0),
(1031,'Mystic Pizza',1988,101,10,1576,402,842,74,0),
(1032,'Dogfight',1991,95,6,989,402,653,66,0),
(1033,'Adventures of Rex & Rinty, The',1935,234,12,841,253,1091,87,0),
(1034,'Daphnis & Chloe',1988,60,5,480,1781,1233,85,0),
(1035,'Marathon',1980,97,10,1555,943,371,76,0),
(1036,'Fort Apache',1948,127,12,379,1258,675,4,0),
(1037,'Wee Willie Winkie',1937,100,11,722,1258,675,78,0),
(1038,'Big Shots',1987,91,6,1429,1881,2146,5,0),
(1039,'Doin'' Time on Planet Earth',1988,85,10,2040,1354,1439,44,1),
(1040,'All the Right Moves',1983,91,11,626,1570,1948,65,0),
(1041,'Some Kind of Wonderful',1987,93,11,232,1570,743,16,0),
(1042,'All New Tales from the Crypt, A Trilogy',1990,87,14,1780,1570,743,33,0),
(1043,'Back to the Future',1985,116,10,21,1570,2169,9,0),
(1044,'Winter Light',1963,80,11,1692,907,1925,2,0),
(1045,'Silence, The',1963,95,11,2008,907,1925,79,0),
(1046,'Magician, The',1959,100,11,143,907,1925,3,0),
(1047,'Four Horsemen of the Apocalypse, The',1961,154,11,2007,907,2109,71,0),
(1048,'Critical Condition',1986,99,10,391,609,1047,41,0),
(1049,'Lean on Me',1989,109,11,1509,627,1412,51,0),
(1050,'On Wings of Eagles',1986,221,11,792,2053,1539,53,0),
(1051,'Texas',1941,94,12,1487,1864,1603,79,0),
(1052,'Allegheny Uprising',1939,80,11,2120,1864,297,53,0),
(1053,'Dark Command',1940,95,12,2120,1864,202,52,0),
(1054,'Peggy Sue Got Married',1986,103,11,434,1471,2138,62,0),
(1055,'Dear America, Letters Home from Vietnam',1989,84,7,982,1471,1805,57,0),
(1056,'Prizzi''s Honor',1985,130,10,991,1471,1883,25,1),
(1057,'Man with Two Brains, The',1983,90,10,1923,1471,287,68,0),
(1058,'Crimes of Passion',1984,101,11,1799,1471,2047,4,0),
(1059,'Jewel of the Nile, The',1985,106,6,41,1471,1321,68,0),
(1060,'Romancing the Stone',1984,106,6,41,1471,2169,83,0),
(1061,'Sea Chase, The',1955,117,7,2120,894,519,4,0),
(1062,'Cannibal Women in the Avocado Jungle of Death',1988,90,10,1863,1212,2129,56,0),
(1063,'Mr Love.',1986,91,10,818,1075,1438,10,0),
(1064,'2001: A Space Odyssey',1968,139,2,1277,1075,1777,83,0),
(1065,'Persona',1966,81,11,1692,771,1925,81,1),
(1066,'Scenes from a Marriage',1973,NULL,11,644,771,1925,3,1),
(1067,'Hour of the Wolf',1968,88,11,143,771,1925,37,0),
(1068,'Passion of Anna, The',1969,101,11,143,771,1925,6,0),
(1069,'Dangerous Moves',1984,96,11,2087,771,1810,7,1),
(1070,'Sayonara',1957,147,11,1046,1281,436,19,1),
(1071,'Where Eagles Dare',1968,158,7,438,213,1828,57,0),
(1072,'Teen Wolf',1985,95,11,21,546,2062,58,0),
(1073,'Amazon',1990,88,6,1623,2135,980,30,0),
(1074,'Paper Chase, The',1973,NULL,11,813,1892,2141,7,1),
(1075,'Virgin Spring, The',1959,88,11,143,529,1925,8,1),
(1076,'Spider''s Stratagem',1970,97,11,984,318,547,45,0),
(1077,'Play Misty for Me',1971,102,4,1073,1426,1073,47,0),
(1078,'Going Ape',1981,88,10,1936,1426,705,65,0),
(1079,'Cool Hand Luke',1967,127,11,563,88,574,49,1),
(1080,'Phantom of the Ritz',1988,89,14,1009,328,1283,85,0),
(1081,'Crash & Burn',1990,85,2,1819,149,54,75,0),
(1082,'After Dark My Sweet',1991,114,4,880,1808,1014,33,0),
(1083,'Christopher Columbus: The Discovery',1992,121,13,1046,1808,1930,39,0),
(1084,'Young Sherlock Holmes',1986,109,4,267,823,1226,16,0),
(1085,'Doc Hollywood',1991,104,10,21,282,1876,64,0),
(1086,'Baja Oklahoma',1988,96,10,240,1100,976,71,0),
(1087,'Aliens',1986,137,2,1534,1677,1550,82,0),
(1088,'Alien Three',1992,115,2,81,1677,1419,59,0),
(1089,'Alien: resurrection',1997,109,2,1807,1677,1349,60,0),
(1090,'Alien',1979,117,2,75,1677,454,83,0),
(1091,'One Woman or Two',1985,97,10,1040,1677,1392,64,0),
(1092,'Soggy Bottom U. S. A.',1984,96,10,795,2051,1637,50,0),
(1093,'Bang the Drum Slowly',1973,96,11,1740,2051,1973,73,0),
(1094,'Catamount Killing, The',1974,82,6,1854,2051,384,84,0),
(1095,'Fuzz',1972,92,6,775,178,1400,37,0),
(1096,'Shoot Loud, Louder, I Don''t Understand!',1966,101,4,1537,178,1130,70,0),
(1097,'Bedazzled',1967,107,10,66,178,590,67,0),
(1098,'Prince & the Pauper, The',1977,120,6,2083,178,642,86,0),
(1099,'One Hundred Rifles',1969,110,12,775,178,1070,48,0),
(1100,'Wild Party, The',1975,90,11,385,178,1165,75,0),
(1101,'Bandolero!',1968,106,12,187,178,1539,9,0),
(1102,'Last of Sheila, The',1973,119,4,1870,178,1592,39,0),
(1103,'Bird',1988,161,11,1332,647,1073,24,0),
(1104,'Hell Comes to Frogtown',1987,88,2,1856,1935,1978,74,0),
(1105,'Fortune Cookie, The',1966,126,10,305,1239,791,3,1),
(1106,'Sun Shines Bright, The',1990,92,6,602,1575,675,46,0),
(1107,'Squeeze, The',1987,106,6,915,257,1047,23,0),
(1108,'Start the Revolution Without Me',1970,91,10,2023,1314,1147,62,0),
(1109,'Major League',1989,107,10,1666,221,350,64,0),
(1110,'Bright Lights, Big City',1990,108,11,21,313,2141,30,0),
(1111,'Lost Boys, The',1987,97,14,880,313,1448,67,0),
(1112,'Cookie',1989,93,10,979,313,1431,43,0),
(1113,'Conversation, The',1974,114,11,1497,375,2138,59,1),
(1114,'American Graffiti',1973,112,10,1004,375,352,39,1),
(1115,'Dangerous When Wet',1953,96,5,1262,378,1142,67,0),
(1116,'Stir Crazy',1980,111,10,391,676,1293,40,0),
(1117,'Young Einstein',1989,91,10,1020,404,1020,47,0),
(1118,'Killing, The',1956,83,11,1886,311,1777,51,0),
(1119,'Cahill, United States Marshal',1973,102,12,2120,311,1539,12,0),
(1120,'Savage Intruder, The',1989,90,14,543,835,1024,24,0),
(1121,'Sheltering Sky, The',1992,139,11,260,239,547,64,0),
(1122,'An Officer & a Gentleman',1982,125,11,770,239,1582,1,1),
(1123,'Black Widow',1987,101,4,64,239,1635,54,0),
(1124,'Legal Eagles',1986,116,10,1763,239,1298,39,0),
(1125,'Bloody Mama',1970,90,6,1324,1770,1848,17,0),
(1126,'A Patch of Blue',1965,106,11,1293,1770,1387,51,0),
(1127,'I Died a Thousand Times',1955,109,11,1072,1770,234,23,0),
(1128,'Tentacles',1977,90,14,1883,1770,1488,62,0),
(1129,'Scalphunters, The',1968,100,12,792,1770,1264,33,0),
(1130,'A Day in October',1992,96,11,659,176,1116,76,0),
(1131,'A Fistful of Dollars',1964,102,12,1073,1655,1511,61,0),
(1132,'My Science Project',1985,94,10,1698,324,804,84,0),
(1133,'Great Race, The',1991,160,10,264,1410,1926,88,0),
(1134,'Searchers, The',1956,119,12,2120,1410,675,9,0),
(1135,'Meteor',1979,105,6,942,1410,376,5,0),
(1136,'Rebel Without a Cause',1955,111,11,1811,1410,1802,82,0),
(1137,'West Side Story',1961,153,5,1723,1410,507,38,1),
(1138,'Trash',1970,110,10,611,2065,890,68,0),
(1139,'A Big Hand for the Little Lady',1966,95,10,379,986,20,12,0),
(1140,'A Fine Madness',1966,104,10,942,986,1247,6,0),
(1141,'Glass Menagerie, The',1987,134,11,260,986,563,68,0),
(1142,'Harry & Son',1989,117,11,563,986,563,57,0),
(1143,'Rachel, Rachel',1968,102,11,80,986,563,32,0),
(1144,'Paris Blues',1961,98,11,563,986,336,54,0),
(1145,'State of Grace',1991,144,11,1357,776,474,49,0),
(1146,'Shadow of a Doubt',1943,108,11,1274,1785,1042,32,0),
(1147,'Men, The',1950,85,11,1046,1785,1391,27,0),
(1148,'Stage Fright',1950,110,4,1757,1782,1042,72,0),
(1149,'Magic Town',1947,103,11,187,1782,646,4,0),
(1150,'That Lucky Touch',1975,93,6,270,1437,1292,85,0),
(1151,'Lust for Gold',1949,90,11,2007,157,668,57,0),
(1152,'Heat',1987,103,4,775,1614,1908,69,0),
(1153,'Night Is My Future',1947,87,11,2008,2031,1925,17,0),
(1154,'Witches, The',1990,92,2,1343,2031,933,18,0);


--1.
select id, name from Category;
--2.
SELECT count(id) as total_category from Category;
--3.
select name, firstname, id from person where name like 's%';
--4.
select name, firstname, id from person where name like '%ing';
--5.
SELECT count(id) as total_person from Person;
--6.
select id from Person where name = 'Spielberg';
--7.
select title, year, length, id from movie where title like '%star%' order by year;
--8.
SELECT count(id) as total_movie from movie;
--9.
select year from movie where title = 'Raiders of the Lost Ark';
--10.
SELECT title, Category.name, length, popularity, awards from movie, Category, Person
where movie.category_id = Category.id
and movie.director_id = Person.id
and person.name = 'Spielberg';
--11.
SELECT title, Category.name, length, popularity, awards, director.name as director_name, director.firstname as director_firstname,
actor.name as main_actor_name, actor.firstname as main_actor_firstname, actress.name as main_actress_name, actress.firstname as main_actress_firstname
from movie, Category, Person director, Person actor, Person actress
where movie.category_id = Category.id
and movie.director_id = director.id
and movie.main_actor_id = actor.id
and movie.main_actress_id = actress.id;
--12.
select avg(length) from movie;
--13.
select avg(length), person.name as director_name, person.firstname as director_firstname from movie, person
where movie.director_id = person.id
and person.name = 'Spielberg';
--14.
select count(movie.id), person.name as director_name, person.firstname as director_firstname from movie, person
where movie.director_id = person.id
and person.name = 'Lucas' and person.firstname = 'George';
--15.
SELECT avg(movie.length) as avg_length, Category.name from movie, Category
where movie.category_id = Category.id
GROUP by category.name;
--16.
SELECT count(movie.id) as total_rewarded from movie where movie.awards = 1;
--17.
SELECT avg(movie.id) as total_rewarded, Category.name from movie, Category
where movie.category_id = Category.id
and movie.awards = 1
GROUP by category.name;
--18.
SELECT count(movie.id) as total, person.name as director_name, person.firstname as director_firstname from movie, person
where movie.director_id = Person.id
GROUP by person.id
HAVING count(movie.id) > 10
ORDER BY total DESC;
--19.
SELECT count(movie.id) as total from movie where popularity > 60;
--20.
SELECT count(movie.id) as total from movie where movie.director_id = movie.main_actor_id;