﻿--
-- Script was generated by Devart dbForge Studio 2019 for MySQL, Version 8.2.23.0
-- Product home page: http://www.devart.com/dbforge/mysql/studio
-- Script date 14/09/2022 10:04:04
-- Server version: 5.7.33
-- Client version: 4.1
--

-- 
-- Disable foreign keys
-- 
/*!40014 SET @OLD_FOREIGN_KEY_CHECKS=@@FOREIGN_KEY_CHECKS, FOREIGN_KEY_CHECKS=0 */;

-- 
-- Set SQL mode
-- 
/*!40101 SET @OLD_SQL_MODE=@@SQL_MODE, SQL_MODE='NO_AUTO_VALUE_ON_ZERO' */;

-- 
-- Set character set the client will use to send SQL statements to the server
--
SET NAMES 'utf8';

DROP DATABASE IF EXISTS m1u2p5;

CREATE DATABASE IF NOT EXISTS m1u2p5
CHARACTER SET latin1
COLLATE latin1_swedish_ci;

--
-- Set default database
--
USE m1u2p5;

--
-- Create table `profesor`
--
CREATE TABLE IF NOT EXISTS profesor (
  dni varchar(10) NOT NULL,
  nombre varchar(100) DEFAULT NULL,
  direccion varchar(100) DEFAULT NULL,
  tlfno varchar(10) DEFAULT NULL,
  PRIMARY KEY (dni)
)
ENGINE = INNODB,
AVG_ROW_LENGTH = 8192,
CHARACTER SET latin1,
COLLATE latin1_swedish_ci;

--
-- Create table `modulo`
--
CREATE TABLE IF NOT EXISTS modulo (
  codigo int(11) NOT NULL AUTO_INCREMENT,
  nombre varchar(100) DEFAULT NULL,
  PRIMARY KEY (codigo)
)
ENGINE = INNODB,
AUTO_INCREMENT = 4,
AVG_ROW_LENGTH = 5461,
CHARACTER SET latin1,
COLLATE latin1_swedish_ci;

--
-- Create table `imparte`
--
CREATE TABLE IF NOT EXISTS imparte (
  `dni-profesor` varchar(10) NOT NULL,
  `codigo-modulo` int(11) NOT NULL,
  PRIMARY KEY (`dni-profesor`, `codigo-modulo`)
)
ENGINE = INNODB,
AVG_ROW_LENGTH = 8192,
CHARACTER SET latin1,
COLLATE latin1_swedish_ci;

--
-- Create index `codigo-modulo` on table `imparte`
--
ALTER TABLE imparte
ADD UNIQUE INDEX `codigo-modulo` (`codigo-modulo`);

--
-- Create foreign key
--
ALTER TABLE imparte
ADD CONSTRAINT fkImparteModulo FOREIGN KEY (`codigo-modulo`)
REFERENCES modulo (codigo);

--
-- Create foreign key
--
ALTER TABLE imparte
ADD CONSTRAINT fkImparteProfesor FOREIGN KEY (`dni-profesor`)
REFERENCES profesor (dni);

--
-- Create table `alumno`
--
CREATE TABLE IF NOT EXISTS alumno (
  expediente varchar(100) NOT NULL,
  nombre varchar(100) DEFAULT NULL,
  apellidos varchar(100) DEFAULT NULL,
  fecha_naz date DEFAULT NULL,
  PRIMARY KEY (expediente)
)
ENGINE = INNODB,
AVG_ROW_LENGTH = 5461,
CHARACTER SET latin1,
COLLATE latin1_swedish_ci;

--
-- Create table `esdelegado`
--
CREATE TABLE IF NOT EXISTS esdelegado (
  `expediente-delegado` varchar(100) NOT NULL,
  `expediente-alumno` varchar(100) NOT NULL,
  PRIMARY KEY (`expediente-delegado`, `expediente-alumno`)
)
ENGINE = INNODB,
AVG_ROW_LENGTH = 8192,
CHARACTER SET latin1,
COLLATE latin1_swedish_ci;

--
-- Create foreign key
--
ALTER TABLE esdelegado
ADD CONSTRAINT fkEsDelegadoAlumno1 FOREIGN KEY (`expediente-delegado`)
REFERENCES alumno (expediente);

--
-- Create foreign key
--
ALTER TABLE esdelegado
ADD CONSTRAINT fkEsDelegadoAlumno2 FOREIGN KEY (`expediente-alumno`)
REFERENCES alumno (expediente);

--
-- Create table `cursa`
--
CREATE TABLE IF NOT EXISTS cursa (
  `expediente-alumno` varchar(100) NOT NULL,
  `codigo-modulo` int(11) NOT NULL,
  PRIMARY KEY (`expediente-alumno`, `codigo-modulo`)
)
ENGINE = INNODB,
AVG_ROW_LENGTH = 5461,
CHARACTER SET latin1,
COLLATE latin1_swedish_ci;

--
-- Create foreign key
--
ALTER TABLE cursa
ADD CONSTRAINT fkCursaAlumno FOREIGN KEY (`expediente-alumno`)
REFERENCES alumno (expediente);

--
-- Create foreign key
--
ALTER TABLE cursa
ADD CONSTRAINT fkCursaModulo FOREIGN KEY (`codigo-modulo`)
REFERENCES modulo (codigo);

-- 
-- Dumping data for table profesor
--
INSERT INTO profesor VALUES
('DNI31', 'Federico', 'micasa', '123123123'),
('DNI32', 'Juan', 'el caserio', '456456456');

-- 
-- Dumping data for table modulo
--
INSERT INTO modulo VALUES
(1, 'Bases de datos'),
(2, 'Sistemas en red'),
(3, 'Aplicaciones web');

-- 
-- Dumping data for table alumno
--
INSERT INTO alumno VALUES
('E124', 'Pedro', 'Jimenez', '2022-09-14'),
('E444', 'Juan', 'Vazquez', '2017-02-14'),
('E450', 'Manolo', 'Suarez', '2021-03-17');

-- 
-- Dumping data for table imparte
--
INSERT INTO imparte VALUES
('DNI31', 1),
('DNI32', 2);

-- 
-- Dumping data for table esdelegado
--
INSERT INTO esdelegado VALUES
('E124', 'E444'),
('E124', 'E450');

-- 
-- Dumping data for table cursa
--
INSERT INTO cursa VALUES
('E124', 1),
('E444', 1),
('E450', 2);

-- 
-- Restore previous SQL mode
-- 
/*!40101 SET SQL_MODE=@OLD_SQL_MODE */;

-- 
-- Enable foreign keys
-- 
/*!40014 SET FOREIGN_KEY_CHECKS = @OLD_FOREIGN_KEY_CHECKS */;