﻿--
-- Script was generated by Devart dbForge Studio 2019 for MySQL, Version 8.2.23.0
-- Product home page: http://www.devart.com/dbforge/mysql/studio
-- Script date 12/09/2022 13:51:38
-- Server version: 5.7.33
-- Client version: 4.1
--

-- 
-- Disable foreign keys
-- 
/*!40014 SET @OLD_FOREIGN_KEY_CHECKS=@@FOREIGN_KEY_CHECKS, FOREIGN_KEY_CHECKS=0 */;

-- 
-- Set SQL mode
-- 
/*!40101 SET @OLD_SQL_MODE=@@SQL_MODE, SQL_MODE='NO_AUTO_VALUE_ON_ZERO' */;

-- 
-- Set character set the client will use to send SQL statements to the server
--
SET NAMES 'utf8';

DROP DATABASE IF EXISTS m1u2p4;

CREATE DATABASE IF NOT EXISTS m1u2p4
CHARACTER SET latin1
COLLATE latin1_swedish_ci;

--
-- Set default database
--
USE m1u2p4;

--
-- Create table `departamento`
--
CREATE TABLE IF NOT EXISTS departamento (
  `nombre-d` varchar(100) NOT NULL,
  `numero-d` int(11) NOT NULL,
  numdeempleados int(11) DEFAULT NULL,
  `nss-empleado-dirige` varchar(100) DEFAULT NULL,
  `fecha-inicio-jefe` date DEFAULT NULL,
  PRIMARY KEY (`nombre-d`, `numero-d`)
)
ENGINE = INNODB,
AVG_ROW_LENGTH = 8192,
CHARACTER SET latin1,
COLLATE latin1_swedish_ci;

--
-- Create index `nss-empleado-dirige` on table `departamento`
--
ALTER TABLE departamento
ADD UNIQUE INDEX `nss-empleado-dirige` (`nss-empleado-dirige`);

--
-- Create table `proyecto`
--
CREATE TABLE IF NOT EXISTS proyecto (
  nombrep varchar(100) NOT NULL,
  numerop int(11) NOT NULL,
  localizacion varchar(100) DEFAULT NULL,
  `nombre-d controla` varchar(100) NOT NULL,
  `numero-d controla` int(11) NOT NULL,
  PRIMARY KEY (nombrep, numerop)
)
ENGINE = INNODB,
AVG_ROW_LENGTH = 8192,
CHARACTER SET latin1,
COLLATE latin1_swedish_ci;

--
-- Create foreign key
--
ALTER TABLE proyecto
ADD CONSTRAINT fkproyectodepartamento FOREIGN KEY (`nombre-d controla`, `numero-d controla`)
REFERENCES departamento (`nombre-d`, `numero-d`);

--
-- Create table `localizaciones`
--
CREATE TABLE IF NOT EXISTS localizaciones (
  `nombre-d` varchar(100) NOT NULL,
  `numero-d` int(11) NOT NULL,
  `localizacion-dept` varchar(100) NOT NULL,
  PRIMARY KEY (`nombre-d`, `numero-d`, `localizacion-dept`)
)
ENGINE = INNODB,
AVG_ROW_LENGTH = 8192,
CHARACTER SET latin1,
COLLATE latin1_swedish_ci;

--
-- Create foreign key
--
ALTER TABLE localizaciones
ADD CONSTRAINT fklocalizacionesdepartamento1 FOREIGN KEY (`nombre-d`, `numero-d`)
REFERENCES departamento (`nombre-d`, `numero-d`);

--
-- Create table `empleado`
--
CREATE TABLE IF NOT EXISTS empleado (
  `nss-empleado` varchar(100) NOT NULL,
  nombre varchar(100) DEFAULT NULL,
  apellido varchar(100) DEFAULT NULL,
  iniciales varchar(10) DEFAULT NULL,
  fecha_ncto date DEFAULT NULL,
  sexo varchar(10) DEFAULT NULL,
  direccion varchar(100) DEFAULT NULL,
  salario float DEFAULT NULL,
  `nombre-dpertenece` varchar(100) DEFAULT NULL,
  `numero-d` int(11) DEFAULT NULL,
  PRIMARY KEY (`nss-empleado`)
)
ENGINE = INNODB,
AVG_ROW_LENGTH = 4096,
CHARACTER SET latin1,
COLLATE latin1_swedish_ci;

--
-- Create foreign key
--
ALTER TABLE empleado
ADD CONSTRAINT fkEmpleadoDepartamento FOREIGN KEY (`nombre-dpertenece`, `numero-d`)
REFERENCES departamento (`nombre-d`, `numero-d`);

--
-- Create foreign key
--
ALTER TABLE departamento
ADD CONSTRAINT fkdepartamentoempleado2 FOREIGN KEY (`nss-empleado-dirige`)
REFERENCES empleado (`nss-empleado`);

--
-- Create table `trabaja_en`
--
CREATE TABLE IF NOT EXISTS trabaja_en (
  `nss-empleado` varchar(100) NOT NULL,
  nombrep varchar(100) NOT NULL,
  numerop int(11) NOT NULL,
  horas varchar(100) DEFAULT NULL,
  PRIMARY KEY (`nss-empleado`, nombrep, numerop)
)
ENGINE = INNODB,
AVG_ROW_LENGTH = 8192,
CHARACTER SET latin1,
COLLATE latin1_swedish_ci;

--
-- Create foreign key
--
ALTER TABLE trabaja_en
ADD CONSTRAINT fktrabaja_enempleado FOREIGN KEY (`nss-empleado`)
REFERENCES empleado (`nss-empleado`);

--
-- Create foreign key
--
ALTER TABLE trabaja_en
ADD CONSTRAINT fktrabaja_enproyecto FOREIGN KEY (nombrep, numerop)
REFERENCES proyecto (nombrep, numerop);

--
-- Create table `supervisa`
--
CREATE TABLE IF NOT EXISTS supervisa (
  `nss-empleado` varchar(100) NOT NULL,
  `nss-supervisor` varchar(100) NOT NULL,
  PRIMARY KEY (`nss-empleado`, `nss-supervisor`)
)
ENGINE = INNODB,
AVG_ROW_LENGTH = 8192,
CHARACTER SET latin1,
COLLATE latin1_swedish_ci;

--
-- Create index `nss-empleado` on table `supervisa`
--
ALTER TABLE supervisa
ADD UNIQUE INDEX `nss-empleado` (`nss-empleado`);

--
-- Create foreign key
--
ALTER TABLE supervisa
ADD CONSTRAINT fksupervisaempleado1 FOREIGN KEY (`nss-empleado`)
REFERENCES empleado (`nss-empleado`);

--
-- Create foreign key
--
ALTER TABLE supervisa
ADD CONSTRAINT fksupervisaempleado2 FOREIGN KEY (`nss-supervisor`)
REFERENCES empleado (`nss-empleado`);

--
-- Create table `dependiente`
--
CREATE TABLE IF NOT EXISTS dependiente (
  nombre_dependiente varchar(100) DEFAULT NULL,
  `nss-empleado` varchar(100) DEFAULT NULL,
  sexo varchar(10) DEFAULT NULL,
  defcha_ncto date DEFAULT NULL,
  parentesco varchar(100) DEFAULT NULL
)
ENGINE = INNODB,
AVG_ROW_LENGTH = 8192,
CHARACTER SET latin1,
COLLATE latin1_swedish_ci;

--
-- Create foreign key
--
ALTER TABLE dependiente
ADD CONSTRAINT fkdependienteempleado FOREIGN KEY (`nss-empleado`)
REFERENCES empleado (`nss-empleado`);

-- 
-- Dumping data for table departamento
--
INSERT INTO departamento VALUES
('d1', 1, 2, 'n3', '2022-09-12'),
('d2', 2, 2, 'n4', '2022-09-12');

-- 
-- Dumping data for table proyecto
--
INSERT INTO proyecto VALUES
('p1', 1, 'alamanca', 'd1', 1),
('p2', 1, 'ampuero', 'd2', 2);

-- 
-- Dumping data for table empleado
--
INSERT INTO empleado VALUES
('n1', 'pepe', 'pepe', 'PP', '2022-09-12', 'hombre', 'micasa', 255, NULL, NULL),
('n2', 'juan', 'juan', 'JJ', '2022-09-12', 'hombre', 'calle cisnes', 456, NULL, NULL),
('n3', 'maria', 'maria', 'MM', '2022-09-12', 'mujer', 'calle guernica', 255, NULL, NULL),
('n4', 'jose', 'jose', 'JJ', '2022-09-12', 'hombre', 'calle pascual', 255, NULL, NULL);

-- 
-- Dumping data for table trabaja_en
--
INSERT INTO trabaja_en VALUES
('n1', 'p1', 1, '120'),
('n2', 'p1', 1, '120');

-- 
-- Dumping data for table supervisa
--
INSERT INTO supervisa VALUES
('n1', 'n3'),
('n2', 'n4');

-- 
-- Dumping data for table localizaciones
--
INSERT INTO localizaciones VALUES
('d1', 1, 'salamanca'),
('d2', 2, 'ampuero');

-- 
-- Dumping data for table dependiente
--
INSERT INTO dependiente VALUES
('maria', 'n3', 'hombre', '2022-09-12', 'directora'),
('jose', 'n4', 'hombre', '2022-09-12', 'supervisor');

-- 
-- Restore previous SQL mode
-- 
/*!40101 SET SQL_MODE=@OLD_SQL_MODE */;

-- 
-- Enable foreign keys
-- 
/*!40014 SET FOREIGN_KEY_CHECKS = @OLD_FOREIGN_KEY_CHECKS */;