-- phpMyAdmin SQL Dump
-- version 4.6.6
-- https://www.phpmyadmin.net/
--
-- Servidor: localhost:3306
-- Tiempo de generación: 31-08-2017 a las 20:39:03
-- Versión del servidor: 5.5.55-cll
-- Versión de PHP: 5.6.30

SET SQL_MODE = "NO_AUTO_VALUE_ON_ZERO";
SET time_zone = "+00:00";


/*!40101 SET @OLD_CHARACTER_SET_CLIENT=@@CHARACTER_SET_CLIENT */;
/*!40101 SET @OLD_CHARACTER_SET_RESULTS=@@CHARACTER_SET_RESULTS */;
/*!40101 SET @OLD_COLLATION_CONNECTION=@@COLLATION_CONNECTION */;
/*!40101 SET NAMES utf8mb4 */;

--
-- Base de datos: `appbosac_api`
--

-- --------------------------------------------------------

--
-- Estructura de tabla para la tabla `anio`
--

CREATE TABLE `anio` (
  `id` int(11) NOT NULL,
  `anio` year(4) NOT NULL,
  `activo` tinyint(4) NOT NULL DEFAULT '1'
) ENGINE=InnoDB DEFAULT CHARSET=latin1;

--
-- Volcado de datos para la tabla `anio`
--

INSERT INTO `anio` (`id`, `anio`, `activo`) VALUES
(1, 2017, 1),
(2, 2018, 1),
(3, 2019, 1),
(4, 2020, 1),
(5, 2021, 1);

-- --------------------------------------------------------

--
-- Estructura de tabla para la tabla `audit_caja`
--

CREATE TABLE `audit_caja` (
  `id` int(11) NOT NULL,
  `usuario_responsable` varchar(50) NOT NULL,
  `registro` varchar(100) NOT NULL,
  `operacion` varchar(50) NOT NULL,
  `fecha` date NOT NULL,
  `hora` time NOT NULL,
  `ip` varchar(255) NOT NULL,
  `dispositivo` varchar(255) NOT NULL
) ENGINE=InnoDB DEFAULT CHARSET=latin1;

--
-- Volcado de datos para la tabla `audit_caja`
--

INSERT INTO `audit_caja` (`id`, `usuario_responsable`, `registro`, `operacion`, `fecha`, `hora`, `ip`, `dispositivo`) VALUES
(1, 'APPBOSA SAMAN SAMAN', 'SAMAN ORGANICO FT', 'ACTUALIZAR', '2017-07-27', '08:11:47', '190.42.206.197', '190.42.206.197'),
(2, 'APPBOSA SAMAN SAMAN', 'SAMAN ORGANICO SPP', 'ACTUALIZAR', '2017-07-27', '08:12:54', '190.42.206.197', '190.42.206.197'),
(3, 'Juan Calderón More', 'KOREA 13 KG', 'ACTUALIZAR', '2017-08-10', '10:17:55', '200.121.153.129', 'client-200.121.153.129.speedy.net.pe'),
(4, 'APPBOSA SAMAN SAMAN', 'ALBERT HEIJN BANDED', 'ACTUALIZAR', '2017-08-26', '08:25:53', '190.42.208.254', '190.42.208.254'),
(5, 'APPBOSA SAMAN SAMAN', 'ALL SELET ALTOMERCATO (ITALIA)', 'ACTUALIZAR', '2017-08-26', '08:29:13', '190.42.208.254', '190.42.208.254'),
(6, 'APPBOSA SAMAN SAMAN', 'EDEKA BIO BIO FT', 'ACTUALIZAR', '2017-08-26', '08:29:57', '190.42.208.254', '190.42.208.254'),
(7, 'APPBOSA SAMAN SAMAN', 'CB CLUSTERBAGS BABG CARRES', 'ACTUALIZAR', '2017-08-26', '08:30:58', '190.42.208.254', '190.42.208.254'),
(8, 'APPBOSA SAMAN SAMAN', 'EDEKA BIO FT', 'ACTUALIZAR', '2017-08-26', '08:31:26', '190.42.208.254', '190.42.208.254'),
(9, 'APPBOSA SAMAN SAMAN', 'EDEKA BIO ORGANIC', 'ACTUALIZAR', '2017-08-26', '08:31:46', '190.42.208.254', '190.42.208.254'),
(10, 'APPBOSA SAMAN SAMAN', 'EKOOKE FT', 'ACTUALIZAR', '2017-08-26', '08:32:17', '190.42.208.254', '190.42.208.254'),
(11, 'APPBOSA SAMAN SAMAN', 'EQUICOSTA', 'ACTUALIZAR', '2017-08-26', '08:33:10', '190.42.208.254', '190.42.208.254'),
(12, 'APPBOSA SAMAN SAMAN', 'EKOOKE ORGANIC (VERDE)', 'ACTUALIZAR', '2017-08-26', '08:33:42', '190.42.208.254', '190.42.208.254'),
(13, 'APPBOSA SAMAN SAMAN', 'SAMAN ORGANIC FT', 'ACTUALIZAR', '2017-08-26', '08:34:18', '190.42.208.254', '190.42.208.254'),
(14, 'APPBOSA SAMAN SAMAN', 'SAMAN ORGANIC SPP', 'ACTUALIZAR', '2017-08-26', '08:34:45', '190.42.208.254', '190.42.208.254'),
(15, 'APPBOSA SAMAN SAMAN', 'FT KOREA CLOUSTER', 'ACTUALIZAR', '2017-08-26', '08:38:44', '190.42.208.254', '190.42.208.254'),
(16, 'APPBOSA SAMAN SAMAN', 'FT COREA CLOUSTER', 'ACTUALIZAR', '2017-08-26', '08:41:08', '190.42.208.254', '190.42.208.254'),
(17, 'APPBOSA SAMAN SAMAN', 'JAPON 13 KG', 'ACTUALIZAR', '2017-08-26', '08:43:42', '190.42.208.254', '190.42.208.254'),
(18, 'APPBOSA SAMAN SAMAN', 'CHIQUITA ORGANIC', 'ACTUALIZAR', '2017-08-26', '08:44:24', '190.42.208.254', '190.42.208.254'),
(19, 'APPBOSA SAMAN SAMAN', 'CHIQUITA ORGANIC 2LB', 'ACTUALIZAR', '2017-08-26', '08:50:58', '190.42.208.254', '190.42.208.254'),
(20, 'APPBOSA SAMAN SAMAN', 'CHIQUITA ORGANIC', 'ACTUALIZAR', '2017-08-26', '08:51:38', '190.42.208.254', '190.42.208.254'),
(21, 'APPBOSA SAMAN SAMAN', 'CHIQUITA ORGANIC 2LB', 'ACTUALIZAR', '2017-08-26', '08:51:58', '190.42.208.254', '190.42.208.254'),
(22, 'APPBOSA SAMAN SAMAN', 'CHIQUITA EUROPA FT', 'ACTUALIZAR', '2017-08-26', '08:52:43', '190.42.208.254', '190.42.208.254'),
(23, 'APPBOSA SAMAN SAMAN', 'YC ALBERTH HEIJING BANDED', 'ACTUALIZAR', '2017-08-26', '08:54:29', '190.42.208.254', '190.42.208.254'),
(24, 'APPBOSA SAMAN SAMAN', 'MIGROS FT', 'INSERTAR', '2017-08-26', '08:55:45', '190.42.208.254', '190.42.208.254'),
(25, 'APPBOSA SAMAN SAMAN', 'FT COREA CLOUSTER 13KG', 'ACTUALIZAR', '2017-08-26', '10:02:12', '190.42.208.254', '190.42.208.254'),
(26, 'APPBOSA SAMAN SAMAN', 'JAPON 13KG (DOLE)', 'ACTUALIZAR', '2017-08-26', '10:02:56', '190.42.208.254', '190.42.208.254'),
(27, 'APPBOSA SAMAN SAMAN', 'EQUIFRUIT', 'ACTUALIZAR', '2017-08-26', '10:03:55', '190.42.208.254', '190.42.208.254'),
(28, 'APPBOSA SAMAN SAMAN', 'ALBERTH HEIJIN BANDED', 'ACTUALIZAR', '2017-08-26', '10:24:34', '190.42.208.254', '190.42.208.254'),
(29, 'APPBOSA SAMAN SAMAN', 'ALBERTH HEIJING BANDED', 'ACTUALIZAR', '2017-08-26', '10:24:55', '190.42.208.254', '190.42.208.254'),
(30, 'APPBOSA SAMAN SAMAN', 'JAPON 13KG', 'ACTUALIZAR', '2017-08-26', '10:29:37', '190.42.208.254', '190.42.208.254');

-- --------------------------------------------------------

--
-- Estructura de tabla para la tabla `audit_cargo`
--

CREATE TABLE `audit_cargo` (
  `id` int(11) NOT NULL,
  `usuario_responsable` varchar(50) NOT NULL,
  `registro` varchar(100) NOT NULL,
  `operacion` varchar(50) NOT NULL,
  `fecha` date NOT NULL,
  `hora` time NOT NULL,
  `ip` varchar(255) NOT NULL,
  `dispositivo` varchar(255) NOT NULL
) ENGINE=InnoDB DEFAULT CHARSET=latin1;

--
-- Volcado de datos para la tabla `audit_cargo`
--

INSERT INTO `audit_cargo` (`id`, `usuario_responsable`, `registro`, `operacion`, `fecha`, `hora`, `ip`, `dispositivo`) VALUES
(1, 'APPBOSA SAMAN SAMAN', 'Jefe Trazabilidad', 'INSERTAR', '2017-05-23', '15:37:19', '179.7.139.187', '179.7.139.187'),
(2, 'APPBOSA SAMAN SAMAN', 'Auxiliar Trazabilidad', 'INSERTAR', '2017-05-23', '15:38:05', '179.7.139.187', '179.7.139.187'),
(3, 'Juan Calderón More', 'Jefe Trazabilidad', 'ACTUALIZAR', '2017-05-30', '08:16:10', '179.7.132.187', '179.7.132.187'),
(4, 'APPBOSA SAMAN SAMAN', 'Operador Logístico', 'INSERTAR', '2017-07-08', '12:16:51', '190.235.130.55', '190.235.130.55'),
(5, 'APPBOSA SAMAN SAMAN', 'Ing. Agronoma', 'INSERTAR', '2017-07-25', '11:48:59', '181.176.84.75', '181.176.84.75'),
(6, 'APPBOSA SAMAN SAMAN', 'Ing. Agrónoma', 'ACTUALIZAR', '2017-07-25', '11:49:20', '181.176.84.75', '181.176.84.75');

-- --------------------------------------------------------

--
-- Estructura de tabla para la tabla `audit_certificado`
--

CREATE TABLE `audit_certificado` (
  `id` int(11) NOT NULL,
  `usuario_responsable` varchar(50) NOT NULL,
  `registro` varchar(100) NOT NULL,
  `operacion` varchar(50) NOT NULL,
  `fecha` date NOT NULL,
  `hora` time NOT NULL,
  `ip` varchar(255) NOT NULL,
  `dispositivo` varchar(255) NOT NULL
) ENGINE=InnoDB DEFAULT CHARSET=latin1;

--
-- Volcado de datos para la tabla `audit_certificado`
--

INSERT INTO `audit_certificado` (`id`, `usuario_responsable`, `registro`, `operacion`, `fecha`, `hora`, `ip`, `dispositivo`) VALUES
(3, 'APPBOSA SAMAN SAMAN', '1_26_2017_(1)1_24_2017_(1)1_24_2017_(2)AGROFAIR2.pdf', 'INSERTAR', '2017-07-24', '20:18:04', '190.117.166.176', '190.117.166.176'),
(4, 'APPBOSA SAMAN SAMAN', '1_26_2017_(1)1_24_2017_(1)1_24_2017_(2)AGROFAIR2.pdf', 'ELIMINAR', '2017-07-24', '20:18:43', '190.42.97.91', '190.42.97.91'),
(5, 'APPBOSA SAMAN SAMAN', '1_30_2017_(1)PRIMA ABRIL 2017.pdf', 'INSERTAR', '2017-08-07', '11:37:57', '181.64.26.246', '181.64.26.246'),
(6, 'APPBOSA SAMAN SAMAN', '1_1_2017_(2)MVC.pdf', 'INSERTAR', '2017-08-22', '22:58:20', '181.176.78.33', '181.176.78.33'),
(7, 'APPBOSA SAMAN SAMAN', '1_1_2017_(2)MVC.pdf', 'ELIMINAR', '2017-08-22', '23:03:19', '181.176.78.33', '181.176.78.33'),
(8, 'APPBOSA SAMAN SAMAN', '1_1_2017_(2)MVC - copia.pdf', 'INSERTAR', '2017-08-22', '23:14:41', '181.176.78.33', '181.176.78.33'),
(9, 'APPBOSA SAMAN SAMAN', '1_1_2017_(2)MVC - copia.pdf-20387', 'AGREGAR CONTENEDOR', '2017-08-22', '23:14:59', '181.176.78.33', '181.176.78.33'),
(10, 'APPBOSA SAMAN SAMAN', '1_1_2017_(2)MVC - copia.pdf-20387', 'ELIMINAR CONTENEDOR', '2017-08-22', '23:15:03', '181.176.78.33', '181.176.78.33'),
(11, 'APPBOSA SAMAN SAMAN', '1_1_2017_(2)MVC - copia.pdf', 'ELIMINAR', '2017-08-22', '23:17:35', '181.176.78.33', '181.176.78.33');

-- --------------------------------------------------------

--
-- Estructura de tabla para la tabla `audit_ciudad`
--

CREATE TABLE `audit_ciudad` (
  `id` int(11) NOT NULL,
  `usuario_responsable` varchar(50) NOT NULL,
  `registro` varchar(100) NOT NULL,
  `operacion` varchar(50) NOT NULL,
  `fecha` date NOT NULL,
  `hora` time NOT NULL,
  `ip` varchar(255) NOT NULL,
  `dispositivo` varchar(255) NOT NULL
) ENGINE=InnoDB DEFAULT CHARSET=latin1;

-- --------------------------------------------------------

--
-- Estructura de tabla para la tabla `audit_cliente`
--

CREATE TABLE `audit_cliente` (
  `id` int(11) NOT NULL,
  `usuario_responsable` varchar(255) NOT NULL,
  `registro` varchar(255) NOT NULL,
  `operacion` varchar(255) NOT NULL,
  `fecha` date NOT NULL,
  `hora` time NOT NULL,
  `ip` varchar(255) NOT NULL,
  `dispositivo` varchar(255) NOT NULL
) ENGINE=InnoDB DEFAULT CHARSET=latin1;

-- --------------------------------------------------------

--
-- Estructura de tabla para la tabla `audit_contenedor`
--

CREATE TABLE `audit_contenedor` (
  `id` int(11) NOT NULL,
  `usuario_responsable` varchar(255) NOT NULL,
  `semana` varchar(255) NOT NULL,
  `numero_contenedor` varchar(255) NOT NULL,
  `referencia` varchar(255) NOT NULL,
  `operacion` varchar(255) NOT NULL,
  `fecha` date NOT NULL,
  `hora` time DEFAULT NULL,
  `ip` varchar(255) NOT NULL,
  `dispositivo` varchar(255) NOT NULL
) ENGINE=InnoDB DEFAULT CHARSET=latin1;

--
-- Volcado de datos para la tabla `audit_contenedor`
--

INSERT INTO `audit_contenedor` (`id`, `usuario_responsable`, `semana`, `numero_contenedor`, `referencia`, `operacion`, `fecha`, `hora`, `ip`, `dispositivo`) VALUES
(28, 'Juan Calderón More', '22', 'PONU 481624-0', '22513', 'INSERTAR', '2017-05-29', '10:15:54', '179.7.132.187', '179.7.132.187'),
(29, 'Juan Calderón More', '22', 'PONU 481624-0', '22513', 'ACTUALIZAR', '2017-05-29', '10:17:27', '179.7.132.187', '179.7.132.187'),
(30, 'Juan Calderón More', '22', 'PONU 481624-0', '22513', 'ACTUALIZAR', '2017-05-29', '12:18:16', '179.7.132.187', '179.7.132.187'),
(31, 'Juan Calderón More', '22', 'PONU 481624-0', '22513', 'ACTUALIZAR', '2017-05-29', '12:20:17', '179.7.132.187', '179.7.132.187'),
(32, 'Juan Calderón More', '22', 'PONU 481624-0', '22513', 'ELIMINAR', '2017-05-29', '12:20:17', '179.7.132.187', '179.7.132.187'),
(33, 'Juan Calderón More', '21', 'PONU 497834-4', '22595', 'INSERTAR', '2017-05-29', '12:33:50', '179.7.132.187', '179.7.132.187'),
(34, 'Juan Calderón More', '21', 'MNBU 315895-0', '22595', 'INSERTAR', '2017-05-29', '12:42:51', '179.7.132.187', '179.7.132.187'),
(35, 'Juan Calderón More', '21', 'MNBU 315895-0', '22595', 'ACTUALIZAR', '2017-05-29', '12:43:07', '179.7.132.187', '179.7.132.187'),
(36, 'Juan Calderón More', '21', 'PONU 497834-4', '22595', 'ACTUALIZAR', '2017-05-29', '12:43:37', '179.7.132.187', '179.7.132.187'),
(37, 'Juan Calderón More', '21', 'PONU 480767-6', '22597', 'INSERTAR', '2017-05-29', '12:49:33', '179.7.132.187', '179.7.132.187'),
(38, 'Juan Calderón More', '21', 'PONU 482052-8', '22598', 'INSERTAR', '2017-05-29', '12:52:50', '179.7.132.187', '179.7.132.187'),
(39, 'Juan Calderón More', '21', 'MMAU 107222-6', '22599', 'INSERTAR', '2017-05-29', '12:56:27', '179.7.132.187', '179.7.132.187'),
(40, 'Juan Calderón More', '21', 'BMOU 965137-1', '22588', 'INSERTAR', '2017-05-29', '15:11:35', '179.7.132.187', '179.7.132.187'),
(41, 'Juan Calderón More', '21', 'TTNU 896246-2', '22589', 'INSERTAR', '2017-05-29', '15:17:08', '179.7.132.187', '179.7.132.187'),
(42, 'Juan Calderón More', '21', 'BMOU 961635-0', '22590', 'INSERTAR', '2017-05-29', '15:19:48', '179.7.132.187', '179.7.132.187'),
(43, 'Juan Calderón More', '21', 'SUDU 605016-3', '22591', 'INSERTAR', '2017-05-29', '16:13:40', '179.7.132.187', '179.7.132.187'),
(44, 'Juan Calderón More', '21', 'SUDU 605417-4', '22592', 'INSERTAR', '2017-05-29', '16:15:15', '179.7.132.187', '179.7.132.187'),
(45, 'Juan Calderón More', '21', 'SUDU 604948-1', '22593', 'INSERTAR', '2017-05-29', '16:17:18', '179.7.132.187', '179.7.132.187'),
(46, 'Juan Calderón More', '21', 'SUDU 529208-0', '22594', 'INSERTAR', '2017-05-29', '16:20:48', '179.7.132.187', '179.7.132.187'),
(47, 'Juan Calderón More', '21', 'HLXU 876009-0', '1', 'INSERTAR', '2017-05-29', '16:24:37', '179.7.132.187', '179.7.132.187'),
(48, 'Juan Calderón More', '21', 'HLBU 900451-0', '2', 'INSERTAR', '2017-05-29', '16:27:25', '179.7.132.187', '179.7.132.187'),
(49, 'Juan Calderón More', '21', 'TCLU 102844-3', '1', 'INSERTAR', '2017-05-29', '16:29:35', '179.7.132.187', '179.7.132.187'),
(50, 'Juan Calderón More', '21', 'CRLU 137750-9', '2', 'INSERTAR', '2017-05-29', '16:31:34', '179.7.132.187', '179.7.132.187'),
(51, 'Juan Calderón More', '21', 'TLLU 106897-4', '1', 'INSERTAR', '2017-05-29', '16:40:33', '179.7.132.187', '179.7.132.187'),
(52, 'Juan Calderón More', '21', 'SUDU 823613-6', '1', 'INSERTAR', '2017-05-29', '16:42:35', '179.7.132.187', '179.7.132.187'),
(53, 'Juan Calderón More', '21', 'SUDU  523335-0', '2', 'INSERTAR', '2017-05-29', '16:44:06', '179.7.132.187', '179.7.132.187'),
(54, 'Juan Calderón More', '21', 'CXRU 161009-2', '2', 'INSERTAR', '2017-05-29', '16:48:31', '179.7.132.187', '179.7.132.187'),
(55, 'Juan Calderón More', '20', 'PONU 481624-0', '22513', 'INSERTAR', '2017-05-30', '10:52:17', '179.7.132.187', '179.7.132.187'),
(56, 'Juan Calderón More', '21', 'MNBU 315895-0', '22596', 'ACTUALIZAR', '2017-06-02', '09:16:42', '190.237.186.168', '190.237.186.168'),
(57, 'Juan Calderón More', '22', 'SUDU 616397-7', '22692', 'ACTUALIZAR', '2017-06-06', '10:58:47', '190.237.186.168', '190.237.186.168'),
(58, 'Juan Calderón More', '22', 'CSVU 750614-3', '2', 'ACTUALIZAR', '2017-06-06', '10:59:53', '190.237.186.168', '190.237.186.168'),
(59, 'Juan Calderón More', '22', 'SUDU 621885-3', '1', 'ACTUALIZAR', '2017-06-06', '11:00:37', '190.237.186.168', '190.237.186.168'),
(60, 'Juan Calderón More', '22', 'DFIU 215125-2', '1', 'ACTUALIZAR', '2017-06-06', '11:01:55', '190.237.186.168', '190.237.186.168'),
(61, 'Juan Calderón More', '22', 'MSCU 7433652', '1', 'ACTUALIZAR', '2017-06-06', '11:02:25', '190.237.186.168', '190.237.186.168'),
(62, 'Juan Calderón More', '22', 'HXLU 877232-1', '1', 'ACTUALIZAR', '2017-06-06', '11:02:53', '190.237.186.168', '190.237.186.168'),
(63, 'Juan Calderón More', '22', 'TEMU 906017-7', '22693', 'ACTUALIZAR', '2017-06-06', '11:03:16', '190.237.186.168', '190.237.186.168'),
(64, 'Juan Calderón More', '22', 'SUDU 600809-7', '22691', 'ACTUALIZAR', '2017-06-06', '11:03:51', '190.237.186.168', '190.237.186.168'),
(65, 'Juan Calderón More', '22', 'CNIU 222198-8', '22690', 'ACTUALIZAR', '2017-06-06', '11:04:21', '190.237.186.168', '190.237.186.168'),
(66, 'Juan Calderón More', '22', 'RRSU 100351-4', '22689', 'ACTUALIZAR', '2017-06-06', '11:04:47', '190.237.186.168', '190.237.186.168'),
(67, 'Juan Calderón More', '22', 'SZLU 980331-0', '22688', 'ACTUALIZAR', '2017-06-06', '11:05:29', '190.237.186.168', '190.237.186.168'),
(68, 'Juan Calderón More', '22', 'TCLU 138551-7', '22687', 'ACTUALIZAR', '2017-06-06', '11:05:52', '190.237.186.168', '190.237.186.168'),
(69, 'Juan Calderón More', '22', 'MSWU 102357-9', '22696', 'ACTUALIZAR', '2017-06-06', '11:06:22', '190.237.186.168', '190.237.186.168'),
(70, 'Juan Calderón More', '22', 'MMAU 107723-3', '22698', 'ACTUALIZAR', '2017-06-06', '11:06:47', '190.237.186.168', '190.237.186.168'),
(71, 'Juan Calderón More', '22', 'DAYU 670586-6', '22695', 'ACTUALIZAR', '2017-06-06', '11:07:03', '190.237.186.168', '190.237.186.168'),
(72, 'Juan Calderón More', '22', 'MWCU 657259-1', '22694', 'ACTUALIZAR', '2017-06-06', '11:07:32', '190.237.186.168', '190.237.186.168'),
(73, 'Juan Calderón More', '23', 'MNBU 308760-4', '22796', 'ACTUALIZAR', '2017-06-13', '07:19:10', '190.237.245.136', '190.237.245.136'),
(74, 'Juan Calderón More', '23', 'MMAU 124524-0', '22798', 'ACTUALIZAR', '2017-06-13', '07:46:42', '190.237.245.136', '190.237.245.136'),
(75, 'Juan Calderón More', '23', 'MNBU 041418-0', '22797', 'ACTUALIZAR', '2017-06-13', '07:48:40', '190.237.245.136', '190.237.245.136'),
(76, 'Juan Calderón More', '23', 'SUDU 823377-5', '22794', 'ACTUALIZAR', '2017-06-13', '07:51:51', '190.237.245.136', '190.237.245.136'),
(77, 'Juan Calderón More', '23', 'SUDU 801296-4', '22792', 'ACTUALIZAR', '2017-06-13', '07:53:25', '190.237.245.136', '190.237.245.136'),
(78, 'Juan Calderón More', '23', 'SUDU 800455-2', '22791', 'ACTUALIZAR', '2017-06-13', '07:55:12', '190.237.245.136', '190.237.245.136'),
(79, 'Juan Calderón More', '23', 'SUDU 625143-0', '22790', 'ACTUALIZAR', '2017-06-13', '07:56:41', '190.237.245.136', '190.237.245.136'),
(80, 'Juan Calderón More', '23', 'SUDU 823377-5', '22794', 'ACTUALIZAR', '2017-06-13', '07:58:03', '190.237.245.136', '190.237.245.136'),
(81, 'Juan Calderón More', '23', 'CAIU 554907-9', '22789', 'ACTUALIZAR', '2017-06-13', '08:00:01', '190.237.245.136', '190.237.245.136'),
(82, 'Juan Calderón More', '23', 'CAIU 554907-9', '22789', 'ACTUALIZAR', '2017-06-13', '08:01:20', '190.237.245.136', '190.237.245.136'),
(83, 'Juan Calderón More', '23', 'TRIU 811487-2', '22788', 'ACTUALIZAR', '2017-06-13', '08:02:16', '190.237.245.136', '190.237.245.136'),
(84, 'Juan Calderón More', '23', 'TRIU 835537-6', '22787', 'ACTUALIZAR', '2017-06-13', '08:03:50', '190.237.245.136', '190.237.245.136'),
(85, 'Juan Calderón More', '23', 'TRIU 835537-6', '22787', 'ACTUALIZAR', '2017-06-13', '08:03:51', '190.237.245.136', '190.237.245.136'),
(86, 'Juan Calderón More', '23', 'HLXU 877275-9', '1', 'ACTUALIZAR', '2017-06-13', '08:06:41', '190.237.245.136', '190.237.245.136'),
(87, 'Juan Calderón More', '23', 'HLXU 877275-9', '1', 'ACTUALIZAR', '2017-06-13', '08:06:41', '190.237.245.136', '190.237.245.136'),
(88, 'Juan Calderón More', '23', 'HLXU 877275-9', '1', 'ACTUALIZAR', '2017-06-13', '08:07:43', '190.237.245.136', '190.237.245.136'),
(89, 'Juan Calderón More', '23', 'HLXU 876189-9', '2', 'INSERTAR', '2017-06-13', '08:10:42', '190.237.245.136', '190.237.245.136'),
(90, 'Juan Calderón More', '23', 'HLXU 876189-9', '2', 'ACTUALIZAR', '2017-06-13', '08:12:31', '190.237.245.136', '190.237.245.136'),
(91, 'Juan Calderón More', '23', 'CPSU 515501-3', '1', 'ACTUALIZAR', '2017-06-13', '08:16:19', '190.237.245.136', '190.237.245.136'),
(92, 'Juan Calderón More', '23', 'HLXU 874770-9', '2', 'INSERTAR', '2017-06-13', '08:19:20', '190.237.245.136', '190.237.245.136'),
(93, 'Juan Calderón More', '23', 'HLXU 874770-9', '2', 'ACTUALIZAR', '2017-06-13', '08:19:48', '190.237.245.136', '190.237.245.136'),
(94, 'Juan Calderón More', '23', 'HLXU 876189-9', '1', 'ACTUALIZAR', '2017-06-13', '08:20:42', '190.237.245.136', '190.237.245.136'),
(95, 'Juan Calderón More', '23', 'HLXU 876189-9', '2', 'ACTUALIZAR', '2017-06-13', '08:22:01', '190.237.245.136', '190.237.245.136'),
(96, 'Juan Calderón More', '23', 'CPSU 515501-3', '1', 'INSERTAR', '2017-06-13', '08:24:20', '190.237.245.136', '190.237.245.136'),
(97, 'Juan Calderón More', '23', 'TLLU 104789-0', '1', 'INSERTAR', '2017-06-13', '08:27:25', '190.237.245.136', '190.237.245.136'),
(98, 'Juan Calderón More', '23', 'TLLU 104789-0', '1', 'INSERTAR', '2017-06-13', '08:27:25', '190.237.245.136', '190.237.245.136'),
(99, 'Juan Calderón More', '23', 'DFIU 811104-6', '2', 'ACTUALIZAR', '2017-06-13', '08:29:56', '190.237.245.136', '190.237.245.136'),
(100, 'Juan Calderón More', '23', 'SUDU 623810-3', '1', 'INSERTAR', '2017-06-13', '08:32:49', '190.237.245.136', '190.237.245.136'),
(101, 'Juan Calderón More', '23', 'SUDU 623810-3', '1', 'INSERTAR', '2017-06-13', '08:32:49', '190.237.245.136', '190.237.245.136'),
(102, 'Juan Calderón More', '23', 'SUDU 627365-5', '2', 'ACTUALIZAR', '2017-06-13', '08:34:10', '190.237.245.136', '190.237.245.136'),
(103, 'Juan Calderón More', '23', 'CPSU 515501-3', '1', 'ACTUALIZAR', '2017-06-13', '08:34:51', '190.237.245.136', '190.237.245.136'),
(104, 'Juan Calderón More', '23', 'HLXU 874770-9', '2', 'ACTUALIZAR', '2017-06-13', '08:35:12', '190.237.245.136', '190.237.245.136'),
(105, 'Juan Calderón More', '23', 'SUDU 625143-0', '22790', 'ACTUALIZAR', '2017-06-13', '08:36:22', '190.237.245.136', '190.237.245.136'),
(106, 'Juan Calderón More', '23', 'TRIU 835537-6', '22787', 'ACTUALIZAR', '2017-06-13', '09:22:37', '190.237.245.136', '190.237.245.136'),
(107, 'Juan Calderón More', '23', 'CPSU 515501-3', '1', 'ACTUALIZAR', '2017-06-13', '09:24:12', '190.237.245.136', '190.237.245.136'),
(108, 'Juan Calderón More', '23', 'CPSU 515501-3', '1', 'ELIMINAR', '2017-06-13', '09:24:15', '190.237.245.136', '190.237.245.136'),
(109, 'Juan Calderón More', '23', 'MMAU 124524-0', '22798', 'ACTUALIZAR', '2017-06-13', '09:25:22', '190.237.245.136', '190.237.245.136'),
(110, 'Juan Calderón More', '24', 'MWCU 678940-0', '22904', 'ACTUALIZAR', '2017-06-19', '11:09:33', '190.239.128.226', '190.239.128.226'),
(111, 'Juan Calderón More', '24', 'MNBU 365704-0', '22903', 'ACTUALIZAR', '2017-06-19', '11:11:04', '190.239.128.226', '190.239.128.226'),
(112, 'Juan Calderón More', '24', 'MMAU 111927-8', '22905', 'ACTUALIZAR', '2017-06-19', '11:15:27', '190.239.128.226', '190.239.128.226'),
(113, 'Juan Calderón More', '24', 'SUDU 803505-0', '22898', 'ACTUALIZAR', '2017-06-19', '11:17:19', '190.239.128.226', '190.239.128.226'),
(114, 'Juan Calderón More', '24', 'SUDU 801152-5', '22899', 'ACTUALIZAR', '2017-06-19', '11:19:12', '190.239.128.226', '190.239.128.226'),
(115, 'Juan Calderón More', '24', 'SUDU 628780-7', '22900', 'ACTUALIZAR', '2017-06-19', '11:20:36', '190.239.128.226', '190.239.128.226'),
(116, 'Juan Calderón More', '24', 'SUDU 629428-3', '22901', 'ACTUALIZAR', '2017-06-19', '11:22:16', '190.239.128.226', '190.239.128.226'),
(117, 'Juan Calderón More', '24', 'SUDU 801981-9', '22902', 'ACTUALIZAR', '2017-06-19', '11:24:49', '190.239.128.226', '190.239.128.226'),
(118, 'Juan Calderón More', '24', 'CAIU 556413-4', '22896', 'ACTUALIZAR', '2017-06-19', '11:26:41', '190.239.128.226', '190.239.128.226'),
(119, 'Juan Calderón More', '24', 'CAIU 556259-5', '22895', 'ACTUALIZAR', '2017-06-19', '11:27:55', '190.239.128.226', '190.239.128.226'),
(120, 'Juan Calderón More', '24', 'SZLU 980178-6', '22897', 'ACTUALIZAR', '2017-06-19', '11:29:50', '190.239.128.226', '190.239.128.226'),
(121, 'Juan Calderón More', '24', 'HLXU 875946-4', '1', 'INSERTAR', '2017-06-19', '11:32:44', '190.239.128.226', '190.239.128.226'),
(122, 'Juan Calderón More', '24', 'HLXU 875946-4', '1', 'INSERTAR', '2017-06-19', '11:32:44', '190.239.128.226', '190.239.128.226'),
(123, 'Juan Calderón More', '24', 'HLXU 875946-4', '2', 'ACTUALIZAR', '2017-06-19', '11:33:38', '190.239.128.226', '190.239.128.226'),
(124, 'Juan Calderón More', '24', 'TCLU 117750-8', '1', 'INSERTAR', '2017-06-19', '11:35:56', '190.239.128.226', '190.239.128.226'),
(125, 'Juan Calderón More', '24', 'TCLU 117750-8', '1', 'INSERTAR', '2017-06-19', '11:35:57', '190.239.128.226', '190.239.128.226'),
(126, 'Juan Calderón More', '24', 'HLBU 900823-9', '2', 'ACTUALIZAR', '2017-06-19', '11:36:24', '190.239.128.226', '190.239.128.226'),
(127, 'Juan Calderón More', '24', 'HLBU 902370-0', '2', 'ACTUALIZAR', '2017-06-19', '11:37:19', '190.239.128.226', '190.239.128.226'),
(128, 'Juan Calderón More', '24', 'SUDU 810704-1', '2', 'INSERTAR', '2017-06-19', '11:39:47', '190.239.128.226', '190.239.128.226'),
(129, 'Juan Calderón More', '24', 'SUDU 803122-3', '2', 'INSERTAR', '2017-06-19', '11:41:29', '190.239.128.226', '190.239.128.226'),
(130, 'Juan Calderón More', '24', 'TLLU 105911-8', '1', 'INSERTAR', '2017-06-19', '11:44:01', '190.239.128.226', '190.239.128.226'),
(131, 'Juan Calderón More', '24', 'TLLU 105911-8', '1', 'INSERTAR', '2017-06-19', '11:44:02', '190.239.128.226', '190.239.128.226'),
(132, 'Juan Calderón More', '24', 'BMOU 964121-8', '1', 'ACTUALIZAR', '2017-06-19', '11:44:48', '190.239.128.226', '190.239.128.226'),
(133, 'Juan Calderón More', '24', 'BMOU 964121-8', '2', 'ACTUALIZAR', '2017-06-19', '11:45:15', '190.239.128.226', '190.239.128.226'),
(134, 'Juan Calderón More', '25', 'PONU 483173-3', '23004', 'ACTUALIZAR', '2017-06-26', '10:09:55', '190.232.101.51', '190.232.101.51'),
(135, 'Juan Calderón More', '25', 'PONU 484117-7', '23005', 'ACTUALIZAR', '2017-06-26', '10:11:55', '190.232.101.51', '190.232.101.51'),
(136, 'Juan Calderón More', '25', 'MMAU 101782-5', '23006', 'ACTUALIZAR', '2017-06-26', '10:13:23', '190.232.101.51', '190.232.101.51'),
(137, 'Juan Calderón More', '25', 'SUDU 817060-9', '23003', 'ACTUALIZAR', '2017-06-26', '10:15:16', '190.232.101.51', '190.232.101.51'),
(138, 'Juan Calderón More', '25', 'SUDU 811441-5', '23000', 'ACTUALIZAR', '2017-06-26', '10:17:36', '190.232.101.51', '190.232.101.51'),
(139, 'Juan Calderón More', '25', 'SUDU 821029-7', '23001', 'ACTUALIZAR', '2017-06-26', '10:23:03', '190.232.101.51', '190.232.101.51'),
(140, 'Juan Calderón More', '25', 'SUDU 805116-9', '23002', 'ACTUALIZAR', '2017-06-26', '10:25:04', '190.232.101.51', '190.232.101.51'),
(141, 'Juan Calderón More', '25', 'TRIU 859069-4', '22998', 'ACTUALIZAR', '2017-06-26', '10:26:55', '190.232.101.51', '190.232.101.51'),
(142, 'Juan Calderón More', '25', 'CXRU 152387-1', '22999', 'ACTUALIZAR', '2017-06-26', '10:29:43', '190.232.101.51', '190.232.101.51'),
(143, 'Juan Calderón More', '25', 'CXRU 111677-3', '22997', 'ACTUALIZAR', '2017-06-26', '10:31:08', '190.232.101.51', '190.232.101.51'),
(144, 'Juan Calderón More', '25', 'HLBU 904294-8', '1', 'INSERTAR', '2017-06-26', '10:33:31', '190.232.101.51', '190.232.101.51'),
(145, 'Juan Calderón More', '25', 'HLBU 904294-8', '1', 'INSERTAR', '2017-06-26', '10:33:32', '190.232.101.51', '190.232.101.51'),
(146, 'Juan Calderón More', '25', 'HLBU 904186-0', '2', 'ACTUALIZAR', '2017-06-26', '10:35:25', '190.232.101.51', '190.232.101.51'),
(147, 'Juan Calderón More', '25', 'HLBU 904294-8', '1', 'ACTUALIZAR', '2017-06-26', '10:35:46', '190.232.101.51', '190.232.101.51'),
(148, 'Juan Calderón More', '25', 'HLBU 904294-8', '1', 'ACTUALIZAR', '2017-06-26', '10:36:07', '190.232.101.51', '190.232.101.51'),
(149, 'Juan Calderón More', '25', 'HLBU 904186-0', '2', 'ACTUALIZAR', '2017-06-26', '10:36:37', '190.232.101.51', '190.232.101.51'),
(150, 'Juan Calderón More', '25', 'HLBU 904186-0', '2', 'ELIMINAR', '2017-06-26', '10:36:38', '190.232.101.51', '190.232.101.51'),
(151, 'Juan Calderón More', '25', 'HLBU 904186-0', '2', 'INSERTAR', '2017-06-26', '10:38:43', '190.232.101.51', '190.232.101.51'),
(152, 'Juan Calderón More', '25', 'LNXU 845859-8', '1', 'INSERTAR', '2017-06-26', '11:02:02', '190.232.101.51', '190.232.101.51'),
(153, 'Juan Calderón More', '25', 'LNXU 845859-8', '1', 'INSERTAR', '2017-06-26', '11:02:02', '190.232.101.51', '190.232.101.51'),
(154, 'Juan Calderón More', '25', 'CPSU 511286-0', '2', 'ACTUALIZAR', '2017-06-26', '11:02:56', '190.232.101.51', '190.232.101.51'),
(155, 'Juan Calderón More', '25', 'CAIU 558762-8', '1', 'INSERTAR', '2017-06-26', '11:05:59', '190.232.101.51', '190.232.101.51'),
(156, 'Juan Calderón More', '25', 'CAIU 558762-8', '1', 'INSERTAR', '2017-06-26', '11:05:59', '190.232.101.51', '190.232.101.51'),
(157, 'Juan Calderón More', '25', 'DFIU 723082-1', '2', 'ACTUALIZAR', '2017-06-26', '11:08:38', '190.232.101.51', '190.232.101.51'),
(158, 'Juan Calderón More', '25', 'SUDU 803934-8', '1', 'INSERTAR', '2017-06-26', '11:10:53', '190.232.101.51', '190.232.101.51'),
(159, 'Juan Calderón More', '25', 'SUDU 803934-8', '1', 'INSERTAR', '2017-06-26', '11:10:54', '190.232.101.51', '190.232.101.51'),
(160, 'Juan Calderón More', '25', 'SUDU 810355-5', '2', 'ACTUALIZAR', '2017-06-26', '11:12:05', '190.232.101.51', '190.232.101.51'),
(161, 'Juan Calderón More', '25', 'HLBU 904186-0', '2', 'ACTUALIZAR', '2017-06-26', '11:12:34', '190.232.101.51', '190.232.101.51'),
(162, 'Juan Calderón More', '25', 'HLBU 904294-8', '1', 'ACTUALIZAR', '2017-06-26', '11:12:45', '190.232.101.51', '190.232.101.51'),
(163, 'Juan Calderón More', '25', 'SUDU 817060-9', '23003', 'ACTUALIZAR', '2017-06-26', '11:22:34', '190.232.101.51', '190.232.101.51'),
(164, 'Juan Calderón More', '25', 'SUDU 811441-5', '23000', 'ACTUALIZAR', '2017-06-26', '11:22:44', '190.232.101.51', '190.232.101.51'),
(165, 'Juan Calderón More', '25', 'PONU 484117-7', '23005', 'ACTUALIZAR', '2017-06-27', '09:41:46', '190.232.101.51', '190.232.101.51'),
(166, 'Juan Calderón More', '25', 'MMAU 101782-5', '23006', 'ACTUALIZAR', '2017-06-27', '09:42:26', '190.232.101.51', '190.232.101.51'),
(167, 'Juan Calderón More', '25', 'DFIU 723082-1', '2', 'ACTUALIZAR', '2017-06-27', '09:47:49', '190.232.101.51', '190.232.101.51'),
(168, 'Juan Calderón More', '25', 'CAIU 558762-8', '1', 'ACTUALIZAR', '2017-06-27', '09:48:02', '190.232.101.51', '190.232.101.51'),
(169, 'Juan Calderón More', '26', 'RRSU 168117-3', '23109', 'ACTUALIZAR', '2017-07-03', '10:35:04', '181.67.155.132', '181.67.155.132'),
(170, 'Juan Calderón More', '26', 'MMAU 125925-9', '23119', 'ACTUALIZAR', '2017-07-03', '10:36:44', '181.67.155.132', '181.67.155.132'),
(171, 'Juan Calderón More', '26', 'MSWU 001523-9', '23117', 'ACTUALIZAR', '2017-07-03', '10:38:06', '181.67.155.132', '181.67.155.132'),
(172, 'Juan Calderón More', '26', 'SUDU 623352-3', '23112', 'ACTUALIZAR', '2017-07-03', '10:40:06', '181.67.155.132', '181.67.155.132'),
(173, 'Juan Calderón More', '26', 'SUDU 620640-4', '23113', 'ACTUALIZAR', '2017-07-03', '10:42:02', '181.67.155.132', '181.67.155.132'),
(174, 'Juan Calderón More', '26', 'SUDU 813105-3', '23114', 'ACTUALIZAR', '2017-07-03', '10:47:53', '181.67.155.132', '181.67.155.132'),
(175, 'Juan Calderón More', '26', 'SUDU 801828-4', '23115', 'ACTUALIZAR', '2017-07-03', '11:05:04', '181.67.155.132', '181.67.155.132'),
(176, 'Juan Calderón More', '26', 'CXRU 152647-0', '23110', 'ACTUALIZAR', '2017-07-03', '11:06:17', '181.67.155.132', '181.67.155.132'),
(177, 'Juan Calderón More', '26', 'SUDU 801096-1', '23116', 'ACTUALIZAR', '2017-07-03', '11:08:14', '181.67.155.132', '181.67.155.132'),
(178, 'Juan Calderón More', '26', 'TEMU 937220-0', '23137', 'ACTUALIZAR', '2017-07-03', '11:10:10', '181.67.155.132', '181.67.155.132'),
(179, 'Juan Calderón More', '26', 'PONU 498186-2', '23118', 'ACTUALIZAR', '2017-07-03', '11:11:49', '181.67.155.132', '181.67.155.132'),
(180, 'Juan Calderón More', '26', 'PONU 498186-2', '23118', 'ACTUALIZAR', '2017-07-03', '11:12:03', '181.67.155.132', '181.67.155.132'),
(181, 'Juan Calderón More', '26', 'PONU 498186-2', '23118', 'ACTUALIZAR', '2017-07-03', '11:13:12', '181.67.155.132', '181.67.155.132'),
(182, 'Juan Calderón More', '26', 'HLBU 904194-1', '1', 'INSERTAR', '2017-07-03', '11:18:06', '181.67.155.132', '181.67.155.132'),
(183, 'Juan Calderón More', '26', 'HLBU 900822-3', '2', 'INSERTAR', '2017-07-03', '11:22:43', '181.67.155.132', '181.67.155.132'),
(184, 'Juan Calderón More', '26', 'GESU 950668-0', '1', 'INSERTAR', '2017-07-03', '11:27:00', '181.67.155.132', '181.67.155.132'),
(185, 'Juan Calderón More', '26', 'GESU 950668-0', '1', 'INSERTAR', '2017-07-03', '11:27:01', '181.67.155.132', '181.67.155.132'),
(186, 'Juan Calderón More', '26', 'GESU 950668-0', '2', 'ACTUALIZAR', '2017-07-03', '11:27:50', '181.67.155.132', '181.67.155.132'),
(187, 'Juan Calderón More', '26', 'BMOU 977317-4', '2', 'ACTUALIZAR', '2017-07-03', '11:28:25', '181.67.155.132', '181.67.155.132'),
(188, 'Juan Calderón More', '26', 'TLLU 105619-2', '1', 'INSERTAR', '2017-07-03', '11:31:51', '181.67.155.132', '181.67.155.132'),
(189, 'Juan Calderón More', '26', 'TLLU 105619-2', '1', 'INSERTAR', '2017-07-03', '11:31:51', '181.67.155.132', '181.67.155.132'),
(190, 'Juan Calderón More', '26', 'DFIU 723001-4', '2', 'ACTUALIZAR', '2017-07-03', '11:33:43', '181.67.155.132', '181.67.155.132'),
(191, 'Juan Calderón More', '26', 'SUDU 627430-6', '1', 'INSERTAR', '2017-07-03', '11:36:01', '181.67.155.132', '181.67.155.132'),
(192, 'Juan Calderón More', '26', 'SUDU 627430-6', '1', 'INSERTAR', '2017-07-03', '11:36:10', '181.67.155.132', '181.67.155.132'),
(193, 'Juan Calderón More', '26', 'SUDU 627430-6', '1', 'ACTUALIZAR', '2017-07-03', '11:37:04', '181.67.155.132', '181.67.155.132'),
(194, 'Juan Calderón More', '26', 'SUDU 627430-6', '1', 'ELIMINAR', '2017-07-03', '11:37:04', '181.67.155.132', '181.67.155.132'),
(195, 'APPBOSA SAMAN SAMAN', '26', 'PONU 498186-2', '23118', 'ACTUALIZAR', '2017-07-05', '08:25:57', '190.237.180.127', '190.237.180.127'),
(196, 'APPBOSA SAMAN SAMAN', '26', 'MSWU 001523-9', '23117', 'ACTUALIZAR', '2017-07-05', '08:26:33', '190.237.180.127', '190.237.180.127'),
(197, 'APPBOSA SAMAN SAMAN', '26', 'RRSU 168117-3', '23109', 'ACTUALIZAR', '2017-07-05', '08:27:20', '190.237.180.127', '190.237.180.127'),
(198, 'APPBOSA SAMAN SAMAN', '26', 'MMAU 125925-9', '23119', 'ACTUALIZAR', '2017-07-05', '08:28:35', '190.237.180.127', '190.237.180.127'),
(199, 'APPBOSA SAMAN SAMAN', '26', 'SUDU 813105-3', '23114', 'ACTUALIZAR', '2017-07-05', '08:29:21', '190.237.180.127', '190.237.180.127'),
(200, 'APPBOSA SAMAN SAMAN', '26', 'SUDU 620640-4', '23113', 'ACTUALIZAR', '2017-07-05', '08:29:48', '190.237.180.127', '190.237.180.127'),
(201, 'APPBOSA SAMAN SAMAN', '26', 'CXRU 152647-0', '23110', 'ACTUALIZAR', '2017-07-05', '08:30:19', '190.237.180.127', '190.237.180.127'),
(202, 'APPBOSA SAMAN SAMAN', '26', 'SUDU 801828-4', '23115', 'ACTUALIZAR', '2017-07-05', '08:30:44', '190.237.180.127', '190.237.180.127'),
(203, 'APPBOSA SAMAN SAMAN', '26', 'HLBU 904194-1', '1', 'ACTUALIZAR', '2017-07-05', '08:31:15', '190.237.180.127', '190.237.180.127'),
(204, 'APPBOSA SAMAN SAMAN', '26', 'TEMU 937220-0', '23137', 'ACTUALIZAR', '2017-07-05', '08:31:43', '190.237.180.127', '190.237.180.127'),
(205, 'APPBOSA SAMAN SAMAN', '26', 'SUDU 623352-3', '23112', 'ACTUALIZAR', '2017-07-05', '08:32:18', '190.237.180.127', '190.237.180.127'),
(206, 'APPBOSA SAMAN SAMAN', '26', 'SUDU 801096-1', '23116', 'ACTUALIZAR', '2017-07-05', '08:32:43', '190.237.180.127', '190.237.180.127'),
(207, 'APPBOSA SAMAN SAMAN', '26', 'HLBU 900822-3', '2', 'ACTUALIZAR', '2017-07-05', '08:33:37', '190.237.180.127', '190.237.180.127'),
(208, 'APPBOSA SAMAN SAMAN', '26', 'GESU 950668-0', '1', 'ACTUALIZAR', '2017-07-05', '08:35:28', '190.237.180.127', '190.237.180.127'),
(209, 'APPBOSA SAMAN SAMAN', '26', 'SUDU 627430-6', '1', 'ACTUALIZAR', '2017-07-05', '08:35:58', '190.237.180.127', '190.237.180.127'),
(210, 'APPBOSA SAMAN SAMAN', '26', 'BMOU 977317-4', '2', 'ACTUALIZAR', '2017-07-05', '08:36:41', '190.237.180.127', '190.237.180.127'),
(211, 'APPBOSA SAMAN SAMAN', '26', 'DFIU 723001-4', '2', 'ACTUALIZAR', '2017-07-05', '08:37:20', '190.237.180.127', '190.237.180.127'),
(212, 'APPBOSA SAMAN SAMAN', '26', 'TLLU 105619-2', '1', 'ACTUALIZAR', '2017-07-05', '08:39:37', '190.237.180.127', '190.237.180.127'),
(213, 'Juan Calderón More', '27', 'MMAU 113307-0', '23157', 'ACTUALIZAR', '2017-07-10', '08:29:20', '190.43.32.252', '190.43.32.252'),
(214, 'Juan Calderón More', '27', 'MMAU 113307-0', '23157', 'ACTUALIZAR', '2017-07-10', '08:29:20', '190.43.32.252', '190.43.32.252'),
(215, 'Juan Calderón More', '27', 'SUDU 818007-9', '23153', 'ACTUALIZAR', '2017-07-10', '08:40:35', '190.43.32.252', '190.43.32.252'),
(216, 'Juan Calderón More', '27', 'MWCU 685179-1', '23155', 'ACTUALIZAR', '2017-07-10', '09:03:40', '190.43.32.252', '190.43.32.252'),
(217, 'Juan Calderón More', '27', 'CXRU 135069-4', '23149', 'ACTUALIZAR', '2017-07-10', '09:07:34', '190.43.32.252', '190.43.32.252'),
(218, 'Juan Calderón More', '27', 'CXRU 135069-4', '23149', 'ACTUALIZAR', '2017-07-10', '09:07:35', '190.43.32.252', '190.43.32.252'),
(219, 'Juan Calderón More', '27', 'PONU481197-4', '23154', 'ACTUALIZAR', '2017-07-10', '09:10:30', '190.43.32.252', '190.43.32.252'),
(220, 'Juan Calderón More', '27', 'MWCU 685179-1', '23155', 'ACTUALIZAR', '2017-07-10', '09:11:07', '190.43.32.252', '190.43.32.252'),
(221, 'Juan Calderón More', '27', 'MWCU 685179-1', '23155', 'ACTUALIZAR', '2017-07-10', '09:11:07', '190.43.32.252', '190.43.32.252'),
(222, 'Juan Calderón More', '27', 'CAIU541966-6', '23148', 'ACTUALIZAR', '2017-07-10', '09:13:33', '190.43.32.252', '190.43.32.252'),
(223, 'Juan Calderón More', '27', 'CAIU541966-6', '23148', 'ACTUALIZAR', '2017-07-10', '09:13:33', '190.43.32.252', '190.43.32.252'),
(224, 'Juan Calderón More', '27', 'MWCU670752-6', '23156', 'ACTUALIZAR', '2017-07-10', '09:16:39', '190.43.32.252', '190.43.32.252'),
(225, 'Juan Calderón More', '27', 'SUDU628863-4', '23152', 'ACTUALIZAR', '2017-07-10', '09:25:24', '190.43.32.252', '190.43.32.252'),
(226, 'Juan Calderón More', '27', 'SUDU628863-4', '23152', 'ACTUALIZAR', '2017-07-10', '09:25:25', '190.43.32.252', '190.43.32.252'),
(227, 'Juan Calderón More', '27', 'SUDU 810435-6', '23151', 'ACTUALIZAR', '2017-07-10', '09:28:45', '190.43.32.252', '190.43.32.252'),
(228, 'Juan Calderón More', '27', 'SUDU 804300-8', '23150', 'ACTUALIZAR', '2017-07-10', '09:30:13', '190.43.32.252', '190.43.32.252'),
(229, 'Juan Calderón More', '27', 'PONU481197-4', '23154', 'ACTUALIZAR', '2017-07-10', '09:30:54', '190.43.32.252', '190.43.32.252'),
(230, 'Juan Calderón More', '27', 'MWCU670752-6', '23156', 'ACTUALIZAR', '2017-07-10', '09:31:44', '190.43.32.252', '190.43.32.252'),
(231, 'Juan Calderón More', '27', 'SUDU 818007-9', '23153', 'ACTUALIZAR', '2017-07-10', '09:32:36', '190.43.32.252', '190.43.32.252'),
(232, 'Juan Calderón More', '27', 'SUDU 810435-6', '23151', 'ACTUALIZAR', '2017-07-10', '09:33:25', '190.43.32.252', '190.43.32.252'),
(233, 'Juan Calderón More', '27', 'MMAU 113307-0', '23157', 'ACTUALIZAR', '2017-07-10', '09:33:55', '190.43.32.252', '190.43.32.252'),
(234, 'Juan Calderón More', '27', 'SUDU 803239-0', '23228', 'INSERTAR', '2017-07-10', '09:44:27', '190.43.32.252', '190.43.32.252'),
(235, 'Juan Calderón More', '27', 'SUDU 803239-0', '23228', 'INSERTAR', '2017-07-10', '09:44:27', '190.43.32.252', '190.43.32.252'),
(236, 'Juan Calderón More', '27', 'SUDU 803239-0', '23228', 'INSERTAR', '2017-07-10', '09:44:27', '190.43.32.252', '190.43.32.252'),
(237, 'Juan Calderón More', '27', 'MWCU 524004-1', '23227', 'ACTUALIZAR', '2017-07-10', '09:46:55', '190.43.32.252', '190.43.32.252'),
(238, 'Juan Calderón More', '27', 'MWCU 524004-1', '23227', 'ACTUALIZAR', '2017-07-10', '09:46:55', '190.43.32.252', '190.43.32.252'),
(239, 'Juan Calderón More', '27', 'MWCU670752-6', '23156', 'ACTUALIZAR', '2017-07-10', '09:48:31', '190.43.32.252', '190.43.32.252'),
(240, 'Juan Calderón More', '27', 'MWCU670752-6', '23156', 'ACTUALIZAR', '2017-07-10', '09:48:32', '190.43.32.252', '190.43.32.252'),
(241, 'Juan Calderón More', '27', 'MWCU670752-6', '23156', 'ACTUALIZAR', '2017-07-10', '09:48:32', '190.43.32.252', '190.43.32.252'),
(242, 'Juan Calderón More', '27', 'MWCU 685179-1', '23155', 'ACTUALIZAR', '2017-07-10', '09:48:54', '190.43.32.252', '190.43.32.252'),
(243, 'Juan Calderón More', '27', 'MWCU 685179-1', '23155', 'ACTUALIZAR', '2017-07-10', '09:48:54', '190.43.32.252', '190.43.32.252'),
(244, 'Juan Calderón More', '27', 'CAIU541966-6', '23148', 'ACTUALIZAR', '2017-07-10', '09:49:44', '190.43.32.252', '190.43.32.252'),
(245, 'Juan Calderón More', '27', 'CAIU541966-6', '23148', 'ACTUALIZAR', '2017-07-10', '09:49:44', '190.43.32.252', '190.43.32.252'),
(246, 'Juan Calderón More', '27', 'CXRU 135069-4', '23149', 'ACTUALIZAR', '2017-07-10', '09:50:05', '190.43.32.252', '190.43.32.252'),
(247, 'Juan Calderón More', '27', 'HLBU 900891-7', '1', 'INSERTAR', '2017-07-10', '09:53:21', '190.43.32.252', '190.43.32.252'),
(248, 'Juan Calderón More', '27', 'HLBU 900891-7', '1', 'INSERTAR', '2017-07-10', '09:53:22', '190.43.32.252', '190.43.32.252'),
(249, 'Juan Calderón More', '27', 'HLBU 900891-7', '1', 'INSERTAR', '2017-07-10', '09:53:22', '190.43.32.252', '190.43.32.252'),
(250, 'Juan Calderón More', '27', 'HLBU 904065-2', '2', 'ACTUALIZAR', '2017-07-10', '09:54:38', '190.43.32.252', '190.43.32.252'),
(251, 'Juan Calderón More', '27', 'HLBU904522-7', '3', 'ACTUALIZAR', '2017-07-10', '09:55:44', '190.43.32.252', '190.43.32.252'),
(252, 'Juan Calderón More', '27', 'LNXU 755981-3', '1', 'INSERTAR', '2017-07-10', '09:59:05', '190.43.32.252', '190.43.32.252'),
(253, 'Juan Calderón More', '27', 'LNXU 755981-3', '1', 'INSERTAR', '2017-07-10', '09:59:05', '190.43.32.252', '190.43.32.252'),
(254, 'Juan Calderón More', '27', 'BMOU 921454-0', '2', 'ACTUALIZAR', '2017-07-10', '10:00:25', '190.43.32.252', '190.43.32.252'),
(255, 'Juan Calderón More', '27', 'BMOU 921454-0', '2', 'ACTUALIZAR', '2017-07-10', '10:00:25', '190.43.32.252', '190.43.32.252'),
(256, 'Juan Calderón More', '27', 'SUDU 804227-5', '1', 'INSERTAR', '2017-07-10', '10:02:49', '190.43.32.252', '190.43.32.252'),
(257, 'Juan Calderón More', '27', 'TLLU 106743-2', '1', 'INSERTAR', '2017-07-10', '10:05:40', '190.43.32.252', '190.43.32.252'),
(258, 'Juan Calderón More', '27', 'TLLU 106743-2', '1', 'INSERTAR', '2017-07-10', '10:05:40', '190.43.32.252', '190.43.32.252'),
(259, 'Juan Calderón More', '27', 'SUDU 811934-0', '2', 'ACTUALIZAR', '2017-07-10', '10:08:41', '190.43.32.252', '190.43.32.252'),
(260, 'Juan Calderón More', '27', 'SUDU 803239-0', '23228', 'ACTUALIZAR', '2017-07-10', '10:11:54', '190.43.32.252', '190.43.32.252'),
(261, 'Juan Calderón More', '27', 'SUDU 803239-0', '23228', 'ELIMINAR', '2017-07-10', '10:11:55', '190.43.32.252', '190.43.32.252'),
(262, 'Juan Calderón More', '28', 'SUDU 817614-5', '23274', 'ACTUALIZAR', '2017-07-17', '12:11:38', '190.42.204.119', '190.42.204.119'),
(263, 'Juan Calderón More', '28', 'BMOU 965124-2', '23272', 'ACTUALIZAR', '2017-07-17', '12:12:59', '190.42.204.119', '190.42.204.119'),
(264, 'Juan Calderón More', '28', 'SUDU 821453-8', '23275', 'ACTUALIZAR', '2017-07-17', '12:14:52', '190.42.204.119', '190.42.204.119'),
(265, 'Juan Calderón More', '28', 'SUDU 821453-8', '23275', 'ACTUALIZAR', '2017-07-17', '12:14:56', '190.42.204.119', '190.42.204.119'),
(266, 'Juan Calderón More', '28', 'SUDU 806707-8', '23276', 'ACTUALIZAR', '2017-07-17', '12:17:38', '190.42.204.119', '190.42.204.119'),
(267, 'Juan Calderón More', '28', 'SUDU 803304-1', '23273', 'ACTUALIZAR', '2017-07-17', '12:18:26', '190.42.204.119', '190.42.204.119'),
(268, 'Juan Calderón More', '28', 'MWCU 683473-1', '23279', 'ACTUALIZAR', '2017-07-17', '12:29:05', '190.42.204.119', '190.42.204.119'),
(269, 'Juan Calderón More', '28', 'MSWU 900991-5', '23278', 'ACTUALIZAR', '2017-07-17', '12:30:45', '190.42.204.119', '190.42.204.119'),
(270, 'Juan Calderón More', '28', 'MMAU 106056-5', '23280', 'ACTUALIZAR', '2017-07-17', '12:31:48', '190.42.204.119', '190.42.204.119'),
(271, 'Juan Calderón More', '28', 'MWCU 676530-6', '23277', 'ACTUALIZAR', '2017-07-17', '12:33:06', '190.42.204.119', '190.42.204.119'),
(272, 'Juan Calderón More', '28', 'CAIU 565696-6', '23271', 'ACTUALIZAR', '2017-07-17', '12:35:15', '190.42.204.119', '190.42.204.119'),
(273, 'Juan Calderón More', '28', 'SUDU 628821-2', '23317', 'INSERTAR', '2017-07-17', '12:39:59', '190.42.204.119', '190.42.204.119'),
(274, 'Juan Calderón More', '28', 'HLBU 907719-0', '1', 'INSERTAR', '2017-07-17', '12:48:29', '190.42.204.119', '190.42.204.119'),
(275, 'Juan Calderón More', '28', 'HLBU 907719-0', '1', 'INSERTAR', '2017-07-17', '12:48:29', '190.42.204.119', '190.42.204.119'),
(276, 'Juan Calderón More', '28', 'HLBU 907720-3', '2', 'ACTUALIZAR', '2017-07-17', '12:49:44', '190.42.204.119', '190.42.204.119'),
(277, 'Juan Calderón More', '28', 'TCLU 118219-2', '1', 'INSERTAR', '2017-07-17', '12:52:06', '190.42.204.119', '190.42.204.119'),
(278, 'Juan Calderón More', '28', 'TCLU 118219-2', '1', 'INSERTAR', '2017-07-17', '12:52:06', '190.42.204.119', '190.42.204.119'),
(279, 'Juan Calderón More', '28', 'TCLU 102065-3', '2', 'ACTUALIZAR', '2017-07-17', '12:53:22', '190.42.204.119', '190.42.204.119'),
(280, 'Juan Calderón More', '28', 'SUDU 820004-6', '1', 'INSERTAR', '2017-07-17', '12:55:26', '190.42.204.119', '190.42.204.119'),
(281, 'Juan Calderón More', '28', 'TLLU 105065-6', '1', 'INSERTAR', '2017-07-17', '12:57:30', '190.42.204.119', '190.42.204.119'),
(282, 'Juan Calderón More', '28', 'TLLU 105065-6', '1', 'INSERTAR', '2017-07-17', '12:57:30', '190.42.204.119', '190.42.204.119'),
(283, 'Juan Calderón More', '28', 'DFIU 811154-0', '2', 'ACTUALIZAR', '2017-07-17', '12:59:21', '190.42.204.119', '190.42.204.119'),
(284, 'Juan Calderón More', '28', 'TLLU 105065-6', '1', 'ACTUALIZAR', '2017-07-17', '12:59:53', '190.42.204.119', '190.42.204.119'),
(285, 'APPBOSA SAMAN SAMAN', '27', 'MMAU 113307-0', '23157', 'ACTUALIZAR', '2017-07-17', '14:47:06', '190.42.204.119', '190.42.204.119'),
(286, 'APPBOSA SAMAN SAMAN', '27', 'MWCU670752-6', '23156', 'ACTUALIZAR', '2017-07-17', '14:48:46', '190.42.204.119', '190.42.204.119'),
(287, 'APPBOSA SAMAN SAMAN', '27', 'MWCU 524004-1', '23227', 'ACTUALIZAR', '2017-07-17', '14:50:16', '190.42.204.119', '190.42.204.119'),
(288, 'APPBOSA SAMAN SAMAN', '27', 'MWCU 524004-1', '23227', 'ACTUALIZAR', '2017-07-17', '14:51:00', '190.42.204.119', '190.42.204.119'),
(289, 'APPBOSA SAMAN SAMAN', '27', 'PONU481197-4', '23154', 'ACTUALIZAR', '2017-07-17', '14:51:50', '190.42.204.119', '190.42.204.119'),
(290, 'APPBOSA SAMAN SAMAN', '27', 'SUDU 803239-0', '23228', 'ACTUALIZAR', '2017-07-17', '14:52:36', '190.42.204.119', '190.42.204.119'),
(291, 'APPBOSA SAMAN SAMAN', '27', 'CAIU541966-6', '23148', 'ACTUALIZAR', '2017-07-17', '14:53:20', '190.42.204.119', '190.42.204.119'),
(292, 'APPBOSA SAMAN SAMAN', '27', 'MWCU 685179-1', '23155', 'ACTUALIZAR', '2017-07-17', '14:53:43', '190.42.204.119', '190.42.204.119'),
(293, 'APPBOSA SAMAN SAMAN', '27', 'SUDU 804300-8', '23150', 'ACTUALIZAR', '2017-07-17', '14:54:38', '190.42.204.119', '190.42.204.119'),
(294, 'APPBOSA SAMAN SAMAN', '27', 'CXRU 135069-4', '23149', 'ACTUALIZAR', '2017-07-17', '14:55:15', '190.42.204.119', '190.42.204.119'),
(295, 'APPBOSA SAMAN SAMAN', '27', 'SUDU 818007-9', '23153', 'ACTUALIZAR', '2017-07-17', '14:55:44', '190.42.204.119', '190.42.204.119'),
(296, 'APPBOSA SAMAN SAMAN', '27', 'SUDU 810435-6', '23151', 'ACTUALIZAR', '2017-07-17', '14:56:25', '190.42.204.119', '190.42.204.119'),
(297, 'APPBOSA SAMAN SAMAN', '27', 'HLBU 900891-7', '1', 'ACTUALIZAR', '2017-07-17', '14:56:55', '190.42.204.119', '190.42.204.119'),
(298, 'APPBOSA SAMAN SAMAN', '27', 'SUDU 804227-5', '1', 'ACTUALIZAR', '2017-07-17', '14:57:22', '190.42.204.119', '190.42.204.119'),
(299, 'APPBOSA SAMAN SAMAN', '27', 'BMOU 921454-0', '2', 'ACTUALIZAR', '2017-07-17', '14:58:09', '190.42.204.119', '190.42.204.119'),
(300, 'APPBOSA SAMAN SAMAN', '27', 'LNXU 755981-3', '1', 'ACTUALIZAR', '2017-07-17', '14:58:36', '190.42.204.119', '190.42.204.119'),
(301, 'APPBOSA SAMAN SAMAN', '27', 'HLBU904522-7', '3', 'ACTUALIZAR', '2017-07-17', '14:59:11', '190.42.204.119', '190.42.204.119'),
(302, 'APPBOSA SAMAN SAMAN', '27', 'HLBU 904065-2', '2', 'ACTUALIZAR', '2017-07-17', '14:59:37', '190.42.204.119', '190.42.204.119'),
(303, 'APPBOSA SAMAN SAMAN', '27', 'SUDU628863-4', '23152', 'ACTUALIZAR', '2017-07-17', '15:00:02', '190.42.204.119', '190.42.204.119'),
(304, 'APPBOSA SAMAN SAMAN', '27', 'TLLU 106743-2', '1', 'ACTUALIZAR', '2017-07-17', '15:01:00', '190.42.204.119', '190.42.204.119'),
(305, 'APPBOSA SAMAN SAMAN', '27', 'SUDU 811934-0', '2', 'ACTUALIZAR', '2017-07-17', '15:01:25', '190.42.204.119', '190.42.204.119'),
(306, 'APPBOSA SAMAN SAMAN', '27', 'MMAU 113307-0', '23157', 'ACTUALIZAR', '2017-07-17', '15:09:28', '190.42.204.119', '190.42.204.119'),
(307, 'APPBOSA SAMAN SAMAN', '27', 'MWCU 685179-1', '23155', 'ACTUALIZAR', '2017-07-17', '15:10:24', '190.42.204.119', '190.42.204.119'),
(308, 'APPBOSA SAMAN SAMAN', '27', 'MWCU670752-6', '23156', 'ACTUALIZAR', '2017-07-17', '15:11:22', '190.42.204.119', '190.42.204.119'),
(309, 'APPBOSA SAMAN SAMAN', '27', 'PONU481197-4', '23154', 'ACTUALIZAR', '2017-07-17', '15:11:51', '190.42.204.119', '190.42.204.119'),
(310, 'APPBOSA SAMAN SAMAN', '27', 'MWCU 524004-1', '23227', 'ACTUALIZAR', '2017-07-17', '15:12:28', '190.42.204.119', '190.42.204.119'),
(311, 'APPBOSA SAMAN SAMAN', '27', 'CAIU541966-6', '23148', 'ACTUALIZAR', '2017-07-17', '15:14:09', '190.42.204.119', '190.42.204.119'),
(312, 'APPBOSA SAMAN SAMAN', '27', 'CXRU 135069-4', '23149', 'ACTUALIZAR', '2017-07-17', '15:14:27', '190.42.204.119', '190.42.204.119'),
(313, 'APPBOSA SAMAN SAMAN', '27', 'SUDU 804300-8', '23150', 'ACTUALIZAR', '2017-07-17', '15:14:48', '190.42.204.119', '190.42.204.119'),
(314, 'APPBOSA SAMAN SAMAN', '27', 'SUDU 803239-0', '23228', 'ACTUALIZAR', '2017-07-17', '15:15:35', '190.42.204.119', '190.42.204.119'),
(315, 'APPBOSA SAMAN SAMAN', '27', 'SUDU 811934-0', '2', 'ACTUALIZAR', '2017-07-17', '15:17:18', '190.42.204.119', '190.42.204.119'),
(316, 'Juan Calderón More', '29', 'PONU 489829-6', '23348', 'ACTUALIZAR', '2017-07-24', '07:55:22', '190.42.208.16', '190.42.208.16'),
(317, 'Juan Calderón More', '29', 'PONU 489353-0', '23349', 'ACTUALIZAR', '2017-07-24', '07:56:41', '190.42.208.16', '190.42.208.16'),
(318, 'Juan Calderón More', '29', 'MWCU 530573-3', '23350', 'ACTUALIZAR', '2017-07-24', '07:59:39', '190.42.208.16', '190.42.208.16'),
(319, 'Juan Calderón More', '29', 'TTNU 845055-3', '23351', 'ACTUALIZAR', '2017-07-24', '08:03:46', '190.42.208.16', '190.42.208.16'),
(320, 'Juan Calderón More', '29', 'SUDU 627879-1', '23354', 'ACTUALIZAR', '2017-07-24', '08:07:27', '74.82.35.40', '74.82.35.40'),
(321, 'Juan Calderón More', '29', 'SUDU 803258-0', '23357', 'ACTUALIZAR', '2017-07-24', '08:08:26', '74.82.35.40', '74.82.35.40'),
(322, 'Juan Calderón More', '29', 'CXRU 152421-9', '23352', 'ACTUALIZAR', '2017-07-24', '08:09:41', '74.82.35.40', '74.82.35.40'),
(323, 'Juan Calderón More', '29', 'SUDU 624583-8', '23355', 'ACTUALIZAR', '2017-07-24', '08:10:40', '74.82.35.40', '74.82.35.40'),
(324, 'Juan Calderón More', '29', 'SUDU 804642-9', '23353', 'ACTUALIZAR', '2017-07-24', '08:11:34', '74.82.35.40', '74.82.35.40'),
(325, 'Juan Calderón More', '29', 'SUDU 628546-6', '23356', 'ACTUALIZAR', '2017-07-24', '08:12:22', '74.82.35.40', '74.82.35.40'),
(326, 'Juan Calderón More', '29', 'MMAU 110134-5', '23347', 'ACTUALIZAR', '2017-07-24', '08:13:29', '74.82.35.40', '74.82.35.40'),
(327, 'Juan Calderón More', '29', 'HLBU 904788-9', '1', 'INSERTAR', '2017-07-24', '08:17:20', '74.82.35.40', '74.82.35.40'),
(328, 'Juan Calderón More', '29', 'HLBU 904788-9', '1', 'INSERTAR', '2017-07-24', '08:17:20', '74.82.35.40', '74.82.35.40'),
(329, 'Juan Calderón More', '29', 'HLBU 904788-9', '1', 'INSERTAR', '2017-07-24', '08:17:21', '74.82.35.40', '74.82.35.40'),
(330, 'Juan Calderón More', '29', 'HLBU 907963-3', '2', 'ACTUALIZAR', '2017-07-24', '08:17:59', '74.82.35.40', '74.82.35.40'),
(331, 'Juan Calderón More', '29', 'HLBU 904788-9', '3', 'ACTUALIZAR', '2017-07-24', '08:18:48', '74.82.35.40', '74.82.35.40'),
(332, 'Juan Calderón More', '29', 'CRLU 183918-7', '1', 'INSERTAR', '2017-07-24', '08:21:26', '74.82.35.40', '74.82.35.40'),
(333, 'Juan Calderón More', '29', 'CRLU 183918-7', '1', 'INSERTAR', '2017-07-24', '08:21:27', '74.82.35.40', '74.82.35.40'),
(334, 'Juan Calderón More', '29', 'GESU 950621-0', '2', 'ACTUALIZAR', '2017-07-24', '08:22:08', '74.82.35.40', '74.82.35.40'),
(335, 'Juan Calderón More', '29', 'HLBU 907171-4', '3', 'ACTUALIZAR', '2017-07-24', '08:22:41', '74.82.35.40', '74.82.35.40'),
(336, 'Juan Calderón More', '29', 'SUDU 807093-4', '1', 'INSERTAR', '2017-07-24', '08:24:39', '74.82.35.40', '74.82.35.40'),
(337, 'Juan Calderón More', '29', 'TLLU 104530-4', '1', 'INSERTAR', '2017-07-24', '08:26:49', '74.82.35.40', '74.82.35.40'),
(338, 'Juan Calderón More', '29', 'TLLU 104530-4', '1', 'INSERTAR', '2017-07-24', '08:26:49', '74.82.35.40', '74.82.35.40'),
(339, 'Juan Calderón More', '29', 'DFIU 722128-6', '2', 'ACTUALIZAR', '2017-07-24', '08:28:29', '74.82.35.40', '74.82.35.40'),
(340, 'Juan Calderón More', '29', 'TLLU 104530-4', '1', 'ACTUALIZAR', '2017-07-24', '11:51:43', '190.42.208.16', '190.42.208.16'),
(341, 'Juan Calderón More', '29', 'SUDU 807093-4', '1', 'ACTUALIZAR', '2017-07-24', '11:52:09', '190.42.208.16', '190.42.208.16'),
(342, 'Juan Calderón More', '29', 'SUDU 807093-4', '1', 'ACTUALIZAR', '2017-07-24', '11:52:10', '190.42.208.16', '190.42.208.16'),
(343, 'Juan Calderón More', '30', 'PONU 489371-4', '23422', 'ACTUALIZAR', '2017-08-01', '08:50:25', '190.42.203.13', '190.42.203.13'),
(344, 'Juan Calderón More', '30', 'MNBU 307774-0', '23420', 'ACTUALIZAR', '2017-08-01', '08:52:52', '190.42.203.13', '190.42.203.13'),
(345, 'Juan Calderón More', '30', 'MNBU 307774-0', '23422', 'ACTUALIZAR', '2017-08-01', '08:54:58', '190.42.203.13', '190.42.203.13'),
(346, 'Juan Calderón More', '30', 'MNBU 339827-3', '23420', 'ACTUALIZAR', '2017-08-01', '08:56:04', '190.42.203.13', '190.42.203.13'),
(347, 'Juan Calderón More', '30', 'PONU 489371-4', '23421', 'ACTUALIZAR', '2017-08-01', '08:58:38', '190.42.203.13', '190.42.203.13'),
(348, 'Juan Calderón More', '30', 'PONU 450426-3', '23423', 'ACTUALIZAR', '2017-08-01', '09:10:01', '190.42.203.13', '190.42.203.13'),
(349, 'Juan Calderón More', '30', 'MMAU 115229-7', '23424', 'ACTUALIZAR', '2017-08-01', '09:12:45', '190.42.203.13', '190.42.203.13'),
(350, 'Juan Calderón More', '30', 'BMOU 965241-8', '23415', 'ACTUALIZAR', '2017-08-01', '09:20:54', '190.42.203.13', '190.42.203.13'),
(351, 'Juan Calderón More', '30', 'BMOU 961803-3', '23414', 'ACTUALIZAR', '2017-08-01', '09:22:06', '190.42.203.13', '190.42.203.13'),
(352, 'Juan Calderón More', '30', 'SUDU', '23419', 'ACTUALIZAR', '2017-08-01', '09:23:43', '190.42.203.13', '190.42.203.13'),
(353, 'Juan Calderón More', '30', 'SUDU 834675-1', '23419', 'ACTUALIZAR', '2017-08-01', '09:25:06', '190.42.203.13', '190.42.203.13'),
(354, 'Juan Calderón More', '30', 'SUDU 813990-1', '23418', 'ACTUALIZAR', '2017-08-01', '09:28:35', '190.42.203.13', '190.42.203.13'),
(355, 'Juan Calderón More', '30', 'SUDU 610980-5', '23416', 'ACTUALIZAR', '2017-08-01', '09:29:51', '190.42.203.13', '190.42.203.13'),
(356, 'Juan Calderón More', '30', 'SUDU 812206-7', '23417', 'ACTUALIZAR', '2017-08-01', '09:31:15', '190.42.203.13', '190.42.203.13'),
(357, 'Juan Calderón More', '30', 'LNXU 965478-5', '1', 'ACTUALIZAR', '2017-08-01', '09:36:42', '190.42.203.13', '190.42.203.13'),
(358, 'Juan Calderón More', '30', 'FSCU 567276-9', '1', 'ACTUALIZAR', '2017-08-01', '09:39:43', '190.42.203.13', '190.42.203.13'),
(359, 'Juan Calderón More', '30', 'CAIU 565452-0', '1', 'ACTUALIZAR', '2017-08-01', '09:41:53', '190.42.203.13', '190.42.203.13'),
(360, 'Juan Calderón More', '30', 'HLXU 877281-0', '2', 'ACTUALIZAR', '2017-08-01', '09:47:00', '190.42.203.13', '190.42.203.13'),
(361, 'Juan Calderón More', '30', 'SUDU 813474-6', '1', 'ACTUALIZAR', '2017-08-01', '09:49:11', '190.42.203.13', '190.42.203.13'),
(362, 'Juan Calderón More', '30', 'HLBU 900879-5', '1', 'ACTUALIZAR', '2017-08-01', '09:50:45', '190.42.203.13', '190.42.203.13'),
(363, 'Juan Calderón More', '31', '1', '1', 'INSERTAR', '2017-08-01', '10:55:43', '190.42.203.13', '190.42.203.13'),
(364, 'Juan Calderón More', '31', '1', '1', 'INSERTAR', '2017-08-01', '10:56:47', '190.42.203.13', '190.42.203.13'),
(365, 'Juan Calderón More', '31', '1', '1', 'INSERTAR', '2017-08-01', '10:57:37', '190.42.203.13', '190.42.203.13'),
(366, 'Juan Calderón More', '31', '1', '1', 'ACTUALIZAR', '2017-08-01', '10:57:59', '190.42.203.13', '190.42.203.13'),
(367, 'Juan Calderón More', '31', '1', '1', 'INSERTAR', '2017-08-01', '10:58:59', '190.42.203.13', '190.42.203.13'),
(368, 'Juan Calderón More', '31', '1', '1', 'INSERTAR', '2017-08-01', '10:59:36', '190.42.203.13', '190.42.203.13'),
(369, 'Juan Calderón More', '31', '1', '1', 'INSERTAR', '2017-08-01', '11:00:48', '190.42.203.13', '190.42.203.13'),
(370, 'Juan Calderón More', '31', 'MNBU 309738-8', '23508', 'ACTUALIZAR', '2017-08-07', '07:32:33', '181.64.26.246', '181.64.26.246'),
(371, 'Juan Calderón More', '31', 'SUDU 8080594', '23510', 'ACTUALIZAR', '2017-08-07', '07:34:56', '181.64.26.246', '181.64.26.246'),
(372, 'Juan Calderón More', '31', 'SUDU 823497-7', '23512', 'ACTUALIZAR', '2017-08-07', '07:36:30', '181.64.26.246', '181.64.26.246'),
(373, 'Juan Calderón More', '31', 'SUDU 808059 4', '23510', 'ACTUALIZAR', '2017-08-07', '07:37:13', '181.64.26.246', '181.64.26.246'),
(374, 'Juan Calderón More', '31', 'SUDU 822107-5', '23513', 'ACTUALIZAR', '2017-08-07', '07:39:18', '181.64.26.246', '181.64.26.246'),
(375, 'Juan Calderón More', '31', 'SUDU 822107-5', '23511', 'ACTUALIZAR', '2017-08-07', '07:42:23', '181.64.26.246', '181.64.26.246'),
(376, 'Juan Calderón More', '31', 'SUDU 822107-5', '23511', 'ACTUALIZAR', '2017-08-07', '07:42:50', '181.64.26.246', '181.64.26.246'),
(377, 'Juan Calderón More', '31', 'MWCU 663807-1', '23517', 'ACTUALIZAR', '2017-08-07', '07:51:22', '181.64.26.246', '181.64.26.246'),
(378, 'Juan Calderón More', '31', 'SUDU 808059 4', '23510', 'ACTUALIZAR', '2017-08-07', '07:52:12', '181.64.26.246', '181.64.26.246'),
(379, 'Juan Calderón More', '31', 'SUDU 823497-7', '23512', 'ACTUALIZAR', '2017-08-07', '07:52:47', '181.64.26.246', '181.64.26.246'),
(380, 'Juan Calderón More', '31', 'PONU 497285-5', '23515', 'ACTUALIZAR', '2017-08-07', '07:54:12', '181.64.26.246', '181.64.26.246'),
(381, 'Juan Calderón More', '31', 'SUDU 822107-5', '23513', 'ACTUALIZAR', '2017-08-07', '07:54:43', '181.64.26.246', '181.64.26.246'),
(382, 'Juan Calderón More', '31', 'SUDU 822107-5', '23511', 'ACTUALIZAR', '2017-08-07', '07:55:08', '181.64.26.246', '181.64.26.246'),
(383, 'Juan Calderón More', '31', 'MNBU 309738-8', '23508', 'ACTUALIZAR', '2017-08-07', '07:56:35', '181.64.26.246', '181.64.26.246'),
(384, 'Juan Calderón More', '31', 'MWMU 633834-6', '23516', 'ACTUALIZAR', '2017-08-07', '08:00:54', '181.64.26.246', '181.64.26.246'),
(385, 'Juan Calderón More', '31', 'MWMU 633834-6', '23516', 'ACTUALIZAR', '2017-08-07', '08:14:29', '181.64.26.246', '181.64.26.246'),
(386, 'Juan Calderón More', '31', 'CAIU 542117-5', '23518', 'ACTUALIZAR', '2017-08-07', '08:23:21', '181.64.26.246', '181.64.26.246'),
(387, 'Juan Calderón More', '31', 'MMAU 121545-6', '23519', 'ACTUALIZAR', '2017-08-07', '08:26:20', '181.64.26.246', '181.64.26.246'),
(388, 'Juan Calderón More', '31', 'CXRU 111430-1', '23509', 'ACTUALIZAR', '2017-08-07', '08:30:23', '181.64.26.246', '181.64.26.246'),
(389, 'Juan Calderón More', '31', 'PONU 497285-5', '23515', 'ACTUALIZAR', '2017-08-07', '08:31:12', '181.64.26.246', '181.64.26.246'),
(390, 'Juan Calderón More', '31', '1', '1', 'ACTUALIZAR', '2017-08-07', '08:32:20', '181.64.26.246', '181.64.26.246'),
(391, 'Juan Calderón More', '31', 'MWMU 633834-6', '23516', 'ACTUALIZAR', '2017-08-07', '08:32:50', '181.64.26.246', '181.64.26.246'),
(392, 'Juan Calderón More', '31', 'MMAU 121545-6', '23519', 'ACTUALIZAR', '2017-08-07', '08:33:21', '181.64.26.246', '181.64.26.246'),
(393, 'Juan Calderón More', '31', 'MWCU 663807-1', '23517', 'ACTUALIZAR', '2017-08-07', '08:33:40', '181.64.26.246', '181.64.26.246'),
(394, 'Juan Calderón More', '31', 'CAIU 542117-5', '23518', 'ACTUALIZAR', '2017-08-07', '08:34:12', '181.64.26.246', '181.64.26.246'),
(395, 'Juan Calderón More', '31', 'SUDU 822107-5', '23513', 'ACTUALIZAR', '2017-08-07', '08:34:32', '181.64.26.246', '181.64.26.246'),
(396, 'Juan Calderón More', '31', 'SUDU 823497-7', '23512', 'ACTUALIZAR', '2017-08-07', '08:35:03', '181.64.26.246', '181.64.26.246'),
(397, 'Juan Calderón More', '31', 'MNBU 309738-8', '23508', 'ACTUALIZAR', '2017-08-07', '08:35:35', '181.64.26.246', '181.64.26.246'),
(398, 'Juan Calderón More', '31', 'CXRU 111430-1', '23509', 'ACTUALIZAR', '2017-08-07', '08:36:02', '181.64.26.246', '181.64.26.246'),
(399, 'Juan Calderón More', '31', '1', '1', 'ACTUALIZAR', '2017-08-07', '08:36:44', '181.64.26.246', '181.64.26.246'),
(400, 'Juan Calderón More', '31', 'SUDU 808059-4', '23510', 'ACTUALIZAR', '2017-08-07', '08:41:50', '181.64.26.246', '181.64.26.246'),
(401, 'Juan Calderón More', '31', 'SUDU 822107-5', '23511', 'ACTUALIZAR', '2017-08-07', '08:43:31', '181.64.26.246', '181.64.26.246'),
(402, 'Juan Calderón More', '31', 'MNBU 309738-8', '23508', 'ACTUALIZAR', '2017-08-07', '08:44:40', '181.64.26.246', '181.64.26.246'),
(403, 'Juan Calderón More', '31', 'SUDU 808279-2', '1', 'ACTUALIZAR', '2017-08-07', '08:51:35', '181.64.26.246', '181.64.26.246'),
(404, 'Juan Calderón More', '31', 'SUDU 822107-5', '23513', 'ACTUALIZAR', '2017-08-07', '08:51:57', '181.64.26.246', '181.64.26.246');
INSERT INTO `audit_contenedor` (`id`, `usuario_responsable`, `semana`, `numero_contenedor`, `referencia`, `operacion`, `fecha`, `hora`, `ip`, `dispositivo`) VALUES
(405, 'Juan Calderón More', '31', 'SUDU 823041-5', '1', 'ACTUALIZAR', '2017-08-07', '08:54:07', '181.64.26.246', '181.64.26.246'),
(406, 'Juan Calderón More', '31', 'SUDU 808279-2', '1', 'ACTUALIZAR', '2017-08-07', '08:55:17', '181.64.26.246', '181.64.26.246'),
(407, 'Juan Calderón More', '31', 'HLXU 876094-8', '1', 'ACTUALIZAR', '2017-08-07', '08:58:31', '181.64.26.246', '181.64.26.246'),
(408, 'Juan Calderón More', '31', 'HLXU 875896-1', '1', 'ACTUALIZAR', '2017-08-07', '09:00:33', '181.64.26.246', '181.64.26.246'),
(409, 'Juan Calderón More', '31', 'HLXU 876069-7', '1', 'ACTUALIZAR', '2017-08-07', '09:02:13', '181.64.26.246', '181.64.26.246'),
(410, 'Juan Calderón More', '31', 'TLLU 105275-1', '1', 'ACTUALIZAR', '2017-08-07', '09:04:22', '181.64.26.246', '181.64.26.246'),
(411, 'Juan Calderón More', '31', 'CRLU 127214-9', '1', 'INSERTAR', '2017-08-07', '09:08:10', '181.64.26.246', '181.64.26.246'),
(412, 'Juan Calderón More', '31', 'HLXU 875124-7', '1', 'INSERTAR', '2017-08-07', '09:10:59', '181.64.26.246', '181.64.26.246'),
(413, 'Juan Calderón More', '32', '1', '23683', 'INSERTAR', '2017-08-10', '08:27:18', '200.121.153.129', 'client-200.121.153.129.speedy.net.pe'),
(414, 'Juan Calderón More', '32', '1', '23684', 'INSERTAR', '2017-08-10', '08:28:46', '200.121.153.129', 'client-200.121.153.129.speedy.net.pe'),
(415, 'Juan Calderón More', '32', '1', '23685', 'INSERTAR', '2017-08-10', '08:44:35', '200.121.153.129', 'client-200.121.153.129.speedy.net.pe'),
(416, 'Juan Calderón More', '32', '1', '23686', 'INSERTAR', '2017-08-10', '09:33:58', '200.121.153.129', 'client-200.121.153.129.speedy.net.pe'),
(417, 'Juan Calderón More', '32', '1', '23687', 'INSERTAR', '2017-08-10', '09:35:18', '200.121.153.129', 'client-200.121.153.129.speedy.net.pe'),
(418, 'Juan Calderón More', '32', '1', '23688', 'INSERTAR', '2017-08-10', '09:37:17', '200.121.153.129', 'client-200.121.153.129.speedy.net.pe'),
(419, 'Juan Calderón More', '32', '1', '23696', 'INSERTAR', '2017-08-10', '09:38:28', '200.121.153.129', 'client-200.121.153.129.speedy.net.pe'),
(420, 'Juan Calderón More', '32', '1', '23737', 'INSERTAR', '2017-08-10', '09:39:37', '200.121.153.129', 'client-200.121.153.129.speedy.net.pe'),
(421, 'Juan Calderón More', '32', '1', '23737', 'ACTUALIZAR', '2017-08-10', '09:40:14', '200.121.153.129', 'client-200.121.153.129.speedy.net.pe'),
(422, 'Juan Calderón More', '32', '1', '23683', 'ACTUALIZAR', '2017-08-10', '09:40:34', '200.121.153.129', 'client-200.121.153.129.speedy.net.pe'),
(423, 'Juan Calderón More', '32', '1', '23689', 'INSERTAR', '2017-08-10', '09:42:35', '200.121.153.129', 'client-200.121.153.129.speedy.net.pe'),
(424, 'Juan Calderón More', '32', '1', '23690', 'INSERTAR', '2017-08-10', '09:43:37', '200.121.153.129', 'client-200.121.153.129.speedy.net.pe'),
(425, 'Juan Calderón More', '32', '1', '23691', 'INSERTAR', '2017-08-10', '09:44:43', '200.121.153.129', 'client-200.121.153.129.speedy.net.pe'),
(426, 'Juan Calderón More', '32', '1', '23692', 'INSERTAR', '2017-08-10', '09:46:52', '200.121.153.129', 'client-200.121.153.129.speedy.net.pe'),
(427, 'Juan Calderón More', '32', '1', '1', 'INSERTAR', '2017-08-10', '10:03:16', '200.121.153.129', 'client-200.121.153.129.speedy.net.pe'),
(428, 'Juan Calderón More', '32', '1', '2', 'INSERTAR', '2017-08-10', '10:04:25', '200.121.153.129', 'client-200.121.153.129.speedy.net.pe'),
(429, 'Juan Calderón More', '32', '1', '1', 'INSERTAR', '2017-08-10', '10:06:01', '200.121.153.129', 'client-200.121.153.129.speedy.net.pe'),
(430, 'Juan Calderón More', '32', '1', '1', 'INSERTAR', '2017-08-10', '10:07:14', '200.121.153.129', 'client-200.121.153.129.speedy.net.pe'),
(431, 'Juan Calderón More', '32', '1', '1', 'INSERTAR', '2017-08-10', '10:08:38', '200.121.153.129', 'client-200.121.153.129.speedy.net.pe'),
(432, 'Juan Calderón More', '32', '1', '1', 'INSERTAR', '2017-08-10', '10:10:31', '200.121.153.129', 'client-200.121.153.129.speedy.net.pe'),
(433, 'Juan Calderón More', '32', '1', '1', 'INSERTAR', '2017-08-10', '10:11:22', '200.121.153.129', 'client-200.121.153.129.speedy.net.pe'),
(434, 'Juan Calderón More', '32', 'CXRU 111139-1', '23683', 'ACTUALIZAR', '2017-08-14', '14:30:26', '190.237.236.58', '190.237.236.58'),
(435, 'Juan Calderón More', '32', '1', '1', 'ACTUALIZAR', '2017-08-14', '14:30:54', '190.237.236.58', '190.237.236.58'),
(436, 'Juan Calderón More', '32', 'MMAU 112342-6', '23692', 'ACTUALIZAR', '2017-08-14', '14:32:41', '190.237.236.58', '190.237.236.58'),
(437, 'Juan Calderón More', '32', 'MWCU 532834-3', '23691', 'ACTUALIZAR', '2017-08-14', '14:34:32', '190.237.236.58', '190.237.236.58'),
(438, 'Juan Calderón More', '32', 'MWCU 530648-9', '23690', 'ACTUALIZAR', '2017-08-14', '14:37:11', '190.237.236.58', '190.237.236.58'),
(439, 'Juan Calderón More', '32', 'MWCU 530648-9', '23690', 'ACTUALIZAR', '2017-08-14', '14:37:28', '190.237.236.58', '190.237.236.58'),
(440, 'Juan Calderón More', '32', 'MMAU 112342-6', '23692', 'ACTUALIZAR', '2017-08-14', '14:37:47', '190.237.236.58', '190.237.236.58'),
(441, 'Juan Calderón More', '32', 'MWCU 532834-3', '23691', 'ACTUALIZAR', '2017-08-14', '14:38:11', '190.237.236.58', '190.237.236.58'),
(442, 'Juan Calderón More', '32', 'CXRU 111139-1', '23683', 'ACTUALIZAR', '2017-08-14', '14:38:39', '190.237.236.58', '190.237.236.58'),
(443, 'Juan Calderón More', '32', 'SUDU 812231-8', '23687', 'ACTUALIZAR', '2017-08-14', '14:40:20', '190.237.236.58', '190.237.236.58'),
(444, 'Juan Calderón More', '32', 'TCLU 138554-3', '23684', 'ACTUALIZAR', '2017-08-14', '14:43:43', '190.237.236.58', '190.237.236.58'),
(445, 'Juan Calderón More', '32', 'SUDU 610246-2', '23696', 'ACTUALIZAR', '2017-08-14', '14:45:28', '190.237.236.58', '190.237.236.58'),
(446, 'Juan Calderón More', '32', '1', '1', 'ACTUALIZAR', '2017-08-14', '14:46:02', '190.237.236.58', '190.237.236.58'),
(447, 'Juan Calderón More', '32', 'SUDU 804382-0', '23688', 'ACTUALIZAR', '2017-08-14', '14:47:35', '190.237.236.58', '190.237.236.58'),
(448, 'Juan Calderón More', '32', 'CNIU 223155-9', '23685', 'ACTUALIZAR', '2017-08-14', '14:51:52', '190.237.236.58', '190.237.236.58'),
(449, 'Juan Calderón More', '32', 'SUDU 511341-5', '23737', 'ACTUALIZAR', '2017-08-14', '14:57:45', '190.237.236.58', '190.237.236.58'),
(450, 'Juan Calderón More', '32', 'SUDU 6282717-4', '23686', 'ACTUALIZAR', '2017-08-14', '14:59:30', '190.237.236.58', '190.237.236.58'),
(451, 'Juan Calderón More', '32', 'SUDU 610246-2', '23696', 'ACTUALIZAR', '2017-08-14', '15:00:12', '190.237.236.58', '190.237.236.58'),
(452, 'Juan Calderón More', '32', 'SUDU 6282717-4', '23686', 'ACTUALIZAR', '2017-08-14', '15:01:02', '190.237.236.58', '190.237.236.58'),
(453, 'Juan Calderón More', '32', 'PONU 480451-1', '23689', 'ACTUALIZAR', '2017-08-14', '15:02:50', '190.237.236.58', '190.237.236.58'),
(454, 'Juan Calderón More', '32', 'HLBU 900930-1', '1', 'ACTUALIZAR', '2017-08-14', '15:06:49', '190.237.236.58', '190.237.236.58'),
(455, 'Juan Calderón More', '32', 'HLBU 900318-1', '1', 'ACTUALIZAR', '2017-08-14', '15:12:02', '190.237.236.58', '190.237.236.58'),
(456, 'Juan Calderón More', '32', 'SEGU 937696-0', '1', 'ACTUALIZAR', '2017-08-14', '15:14:52', '190.237.236.58', '190.237.236.58'),
(457, 'Juan Calderón More', '32', 'LNXU 755955-7', '1', 'ACTUALIZAR', '2017-08-14', '15:17:14', '190.237.236.58', '190.237.236.58'),
(458, 'Juan Calderón More', '32', 'SUDU 602390-7', '1', 'ACTUALIZAR', '2017-08-14', '15:19:07', '190.237.236.58', '190.237.236.58'),
(459, 'Juan Calderón More', '32', 'SUDU 310908-6', '1', 'ACTUALIZAR', '2017-08-14', '15:21:17', '190.237.236.58', '190.237.236.58'),
(460, 'Juan Calderón More', '32', 'APRU 614231-2', '1', 'ACTUALIZAR', '2017-08-14', '15:22:49', '190.237.236.58', '190.237.236.58'),
(461, 'APPBOSA SAMAN SAMAN', '28', 'MSWU 900991-5', '23278', 'ACTUALIZAR', '2017-08-18', '14:27:46', '201.230.16.152', 'client-201.230.16.152.speedy.net.pe'),
(462, 'APPBOSA SAMAN SAMAN', '28', 'MSWU 900991-5', '23278', 'ACTUALIZAR', '2017-08-18', '14:35:20', '201.230.16.152', 'client-201.230.16.152.speedy.net.pe'),
(463, 'APPBOSA SAMAN SAMAN', '28', 'CAIU 565696-6', '23271', 'ACTUALIZAR', '2017-08-18', '14:36:20', '201.230.16.152', 'client-201.230.16.152.speedy.net.pe'),
(464, 'APPBOSA SAMAN SAMAN', '28', 'MMAU 106056-5', '23280', 'ACTUALIZAR', '2017-08-18', '14:37:05', '201.230.16.152', 'client-201.230.16.152.speedy.net.pe'),
(465, 'APPBOSA SAMAN SAMAN', '28', 'MWCU 683473-1', '23279', 'ACTUALIZAR', '2017-08-18', '14:37:37', '201.230.16.152', 'client-201.230.16.152.speedy.net.pe'),
(466, 'APPBOSA SAMAN SAMAN', '28', 'MWCU 676530-6', '23277', 'ACTUALIZAR', '2017-08-18', '14:38:05', '201.230.16.152', 'client-201.230.16.152.speedy.net.pe'),
(467, 'APPBOSA SAMAN SAMAN', '28', 'SUDU 821453-8', '23275', 'ACTUALIZAR', '2017-08-18', '14:38:54', '201.230.16.152', 'client-201.230.16.152.speedy.net.pe'),
(468, 'APPBOSA SAMAN SAMAN', '28', 'SUDU 817614-5', '23274', 'ACTUALIZAR', '2017-08-18', '14:39:29', '201.230.16.152', 'client-201.230.16.152.speedy.net.pe'),
(469, 'APPBOSA SAMAN SAMAN', '28', 'BMOU 965124-2', '23272', 'ACTUALIZAR', '2017-08-18', '14:40:11', '201.230.16.152', 'client-201.230.16.152.speedy.net.pe'),
(470, 'APPBOSA SAMAN SAMAN', '28', 'SUDU 628821-2', '23317', 'ACTUALIZAR', '2017-08-18', '14:40:45', '201.230.16.152', 'client-201.230.16.152.speedy.net.pe'),
(471, 'APPBOSA SAMAN SAMAN', '28', 'SUDU 803304-1', '23273', 'ACTUALIZAR', '2017-08-18', '14:41:13', '201.230.16.152', 'client-201.230.16.152.speedy.net.pe'),
(472, 'APPBOSA SAMAN SAMAN', '28', 'HLBU 907719-0', '1', 'ACTUALIZAR', '2017-08-18', '14:43:48', '201.230.16.152', 'client-201.230.16.152.speedy.net.pe'),
(473, 'APPBOSA SAMAN SAMAN', '28', 'TCLU 102065-3', '2', 'ACTUALIZAR', '2017-08-18', '14:44:34', '201.230.16.152', 'client-201.230.16.152.speedy.net.pe'),
(474, 'APPBOSA SAMAN SAMAN', '28', 'HLBU 907720-3', '2', 'ACTUALIZAR', '2017-08-18', '14:45:15', '201.230.16.152', 'client-201.230.16.152.speedy.net.pe'),
(475, 'APPBOSA SAMAN SAMAN', '28', 'TCLU 118219-2', '1', 'ACTUALIZAR', '2017-08-18', '15:49:47', '201.230.16.152', 'client-201.230.16.152.speedy.net.pe'),
(476, 'APPBOSA SAMAN SAMAN', '28', 'TLLU 105065-6', '1', 'ACTUALIZAR', '2017-08-18', '15:50:17', '201.230.16.152', 'client-201.230.16.152.speedy.net.pe'),
(477, 'APPBOSA SAMAN SAMAN', '28', 'SUDU 820004-6', '1', 'ACTUALIZAR', '2017-08-18', '15:51:21', '201.230.16.152', 'client-201.230.16.152.speedy.net.pe'),
(478, 'APPBOSA SAMAN SAMAN', '28', 'SUDU 806707-8', '23276', 'ACTUALIZAR', '2017-08-18', '15:51:53', '201.230.16.152', 'client-201.230.16.152.speedy.net.pe'),
(479, 'APPBOSA SAMAN SAMAN', '28', 'DFIU 811154-0', '2', 'ACTUALIZAR', '2017-08-18', '15:52:21', '201.230.16.152', 'client-201.230.16.152.speedy.net.pe'),
(480, 'APPBOSA SAMAN SAMAN', '29', 'PONU 489829-6', '23348', 'ACTUALIZAR', '2017-08-21', '07:45:17', '190.238.17.74', '190.238.17.74'),
(481, 'APPBOSA SAMAN SAMAN', '29', 'PONU 489353-0', '23349', 'ACTUALIZAR', '2017-08-21', '07:45:37', '190.238.17.74', '190.238.17.74'),
(482, 'APPBOSA SAMAN SAMAN', '29', 'MMAU 110134-5', '23347', 'ACTUALIZAR', '2017-08-21', '07:45:55', '190.238.17.74', '190.238.17.74'),
(483, 'APPBOSA SAMAN SAMAN', '29', 'TTNU 845055-3', '23351', 'ACTUALIZAR', '2017-08-21', '07:47:22', '190.238.17.74', '190.238.17.74'),
(484, 'APPBOSA SAMAN SAMAN', '29', 'SUDU 624583-8', '23355', 'ACTUALIZAR', '2017-08-21', '07:48:16', '190.238.17.74', '190.238.17.74'),
(485, 'APPBOSA SAMAN SAMAN', '29', 'CXRU 152421-9', '23352', 'ACTUALIZAR', '2017-08-21', '07:50:53', '190.238.17.74', '190.238.17.74'),
(486, 'APPBOSA SAMAN SAMAN', '29', 'SUDU 804642-9', '23353', 'ACTUALIZAR', '2017-08-21', '07:54:23', '190.238.17.74', '190.238.17.74'),
(487, 'APPBOSA SAMAN SAMAN', '29', 'SUDU 803258-0', '23357', 'ACTUALIZAR', '2017-08-21', '07:57:09', '190.238.17.74', '190.238.17.74'),
(488, 'APPBOSA SAMAN SAMAN', '29', 'SUDU 627879-1', '23354', 'ACTUALIZAR', '2017-08-21', '07:57:58', '190.238.17.74', '190.238.17.74'),
(489, 'APPBOSA SAMAN SAMAN', '29', 'SUDU 627879-1', '23354', 'ACTUALIZAR', '2017-08-21', '07:58:30', '190.238.17.74', '190.238.17.74'),
(490, 'APPBOSA SAMAN SAMAN', '29', 'MWCU 530573-3', '23350', 'ACTUALIZAR', '2017-08-21', '07:59:27', '190.238.17.74', '190.238.17.74'),
(491, 'APPBOSA SAMAN SAMAN', '29', 'HLBU 907171-4', '3', 'ACTUALIZAR', '2017-08-21', '07:59:53', '190.238.17.74', '190.238.17.74'),
(492, 'APPBOSA SAMAN SAMAN', '29', 'HLBU 907963-3', '2', 'ACTUALIZAR', '2017-08-21', '08:00:41', '190.238.17.74', '190.238.17.74'),
(493, 'APPBOSA SAMAN SAMAN', '29', 'HLBU 904788-9', '1', 'ACTUALIZAR', '2017-08-21', '08:03:42', '190.238.17.74', '190.238.17.74'),
(494, 'APPBOSA SAMAN SAMAN', '29', 'CRLU 183918-7', '1', 'ACTUALIZAR', '2017-08-21', '08:04:18', '190.238.17.74', '190.238.17.74'),
(495, 'APPBOSA SAMAN SAMAN', '29', 'GESU 950621-0', '2', 'ACTUALIZAR', '2017-08-21', '08:05:57', '190.238.17.74', '190.238.17.74'),
(496, 'APPBOSA SAMAN SAMAN', '29', 'TLLU 104530-4', '1', 'ACTUALIZAR', '2017-08-21', '08:06:32', '190.238.17.74', '190.238.17.74'),
(497, 'APPBOSA SAMAN SAMAN', '29', 'SUDU 807093-4', '1', 'ACTUALIZAR', '2017-08-21', '08:07:03', '190.238.17.74', '190.238.17.74'),
(498, 'APPBOSA SAMAN SAMAN', '29', 'DFIU 722128-6', '2', 'ACTUALIZAR', '2017-08-21', '08:07:24', '190.238.17.74', '190.238.17.74'),
(499, 'APPBOSA SAMAN SAMAN', '30', 'MNBU 307774-0', '23422', 'ACTUALIZAR', '2017-08-21', '09:01:50', '190.238.17.74', '190.238.17.74'),
(500, 'APPBOSA SAMAN SAMAN', '30', 'PONU 489371-4', '23421', 'ACTUALIZAR', '2017-08-21', '09:02:17', '190.238.17.74', '190.238.17.74'),
(501, 'APPBOSA SAMAN SAMAN', '30', 'PONU 450426-3', '23423', 'ACTUALIZAR', '2017-08-21', '09:02:40', '190.238.17.74', '190.238.17.74'),
(502, 'APPBOSA SAMAN SAMAN', '30', 'BMOU 961803-3', '23414', 'ACTUALIZAR', '2017-08-21', '09:03:27', '190.238.17.74', '190.238.17.74'),
(503, 'APPBOSA SAMAN SAMAN', '30', 'MNBU 339827-3', '23420', 'ACTUALIZAR', '2017-08-21', '09:03:58', '190.238.17.74', '190.238.17.74'),
(504, 'APPBOSA SAMAN SAMAN', '30', 'MMAU 115229-7', '23424', 'ACTUALIZAR', '2017-08-21', '09:04:36', '190.238.17.74', '190.238.17.74'),
(505, 'APPBOSA SAMAN SAMAN', '30', 'BMOU 965241-8', '23415', 'ACTUALIZAR', '2017-08-21', '09:05:18', '190.238.17.74', '190.238.17.74'),
(506, 'APPBOSA SAMAN SAMAN', '30', 'SUDU 824675-1', '23419', 'ACTUALIZAR', '2017-08-21', '09:06:01', '190.238.17.74', '190.238.17.74'),
(507, 'APPBOSA SAMAN SAMAN', '30', 'SUDU 610980-5', '23416', 'ACTUALIZAR', '2017-08-21', '09:07:01', '190.238.17.74', '190.238.17.74'),
(508, 'APPBOSA SAMAN SAMAN', '30', 'SUDU 813990-1', '23418', 'ACTUALIZAR', '2017-08-21', '09:07:36', '190.238.17.74', '190.238.17.74'),
(509, 'APPBOSA SAMAN SAMAN', '30', 'SUDU 812206-7', '23417', 'ACTUALIZAR', '2017-08-21', '09:08:27', '190.238.17.74', '190.238.17.74'),
(510, 'APPBOSA SAMAN SAMAN', '30', 'FSCU 567276-9', '1', 'ACTUALIZAR', '2017-08-21', '09:10:30', '190.238.17.74', '190.238.17.74'),
(511, 'APPBOSA SAMAN SAMAN', '30', 'HLXU 877281-0', '2', 'ACTUALIZAR', '2017-08-21', '09:11:21', '190.238.17.74', '190.238.17.74'),
(512, 'APPBOSA SAMAN SAMAN', '30', 'HLBU 900879-5', '1', 'ACTUALIZAR', '2017-08-21', '09:14:38', '190.238.17.74', '190.238.17.74'),
(513, 'APPBOSA SAMAN SAMAN', '30', 'CAIU 565452-0', '1', 'ACTUALIZAR', '2017-08-21', '09:15:18', '190.238.17.74', '190.238.17.74'),
(514, 'Juan Calderón More', '33', 'MNBU 355141-7', '23752', 'INSERTAR', '2017-08-21', '09:17:45', '190.238.17.74', '190.238.17.74'),
(515, 'Juan Calderón More', '33', 'MNBU 901425-1', '23753', 'INSERTAR', '2017-08-21', '09:19:55', '190.238.17.74', '190.238.17.74'),
(516, 'APPBOSA SAMAN SAMAN', '30', 'LNXU 965478-5', '1', 'ACTUALIZAR', '2017-08-21', '09:21:37', '190.238.17.74', '190.238.17.74'),
(517, 'APPBOSA SAMAN SAMAN', '30', 'SUDU 813474-6', '1', 'ACTUALIZAR', '2017-08-21', '09:22:25', '190.238.17.74', '190.238.17.74'),
(518, 'Juan Calderón More', '33', 'PONU 484667-2', '23750', 'INSERTAR', '2017-08-21', '09:23:07', '190.238.17.74', '190.238.17.74'),
(519, 'Juan Calderón More', '33', 'PONU 451898-7', '23751', 'INSERTAR', '2017-08-21', '09:25:03', '190.238.17.74', '190.238.17.74'),
(520, 'Juan Calderón More', '33', 'PONU 484667-2', '23750', 'ACTUALIZAR', '2017-08-21', '09:25:50', '190.238.17.74', '190.238.17.74'),
(521, 'Juan Calderón More', '33', 'SUDU 601834-6', '23746', 'INSERTAR', '2017-08-21', '09:28:45', '190.238.17.74', '190.238.17.74'),
(522, 'Juan Calderón More', '33', 'MMAU 110979-4', '23754', 'INSERTAR', '2017-08-21', '09:31:40', '190.238.17.74', '190.238.17.74'),
(523, 'Juan Calderón More', '33', 'CXRU 127908-7', '23744', 'INSERTAR', '2017-08-21', '09:34:54', '190.238.17.74', '190.238.17.74'),
(524, 'Juan Calderón More', '33', 'RRSU 170259-5', '23745', 'INSERTAR', '2017-08-21', '09:37:21', '190.238.17.74', '190.238.17.74'),
(525, 'Juan Calderón More', '33', 'SUDU 514081-1', '23717', 'INSERTAR', '2017-08-21', '09:39:30', '190.238.17.74', '190.238.17.74'),
(526, 'Juan Calderón More', '33', 'SUDU 809810-3', '23748', 'INSERTAR', '2017-08-21', '10:10:04', '190.238.17.74', '190.238.17.74'),
(527, 'Juan Calderón More', '33', 'HLBU 900576-0', '1', 'INSERTAR', '2017-08-21', '10:23:02', '190.238.17.74', '190.238.17.74'),
(528, 'Juan Calderón More', '33', 'HLBU 876210-7', '1', 'INSERTAR', '2017-08-21', '10:26:03', '190.238.17.74', '190.238.17.74'),
(529, 'Juan Calderón More', '33', 'HLBU 900576-0', '1', 'ACTUALIZAR', '2017-08-21', '10:26:36', '190.238.17.74', '190.238.17.74'),
(530, 'Juan Calderón More', '33', 'TRIU 881644-1', '1', 'INSERTAR', '2017-08-21', '10:30:30', '190.238.17.74', '190.238.17.74'),
(531, 'Juan Calderón More', '33', 'TRLU 166544-0', '1', 'INSERTAR', '2017-08-21', '10:32:41', '190.238.17.74', '190.238.17.74'),
(532, 'Juan Calderón More', '33', 'SUDU 801041-0', '23749', 'INSERTAR', '2017-08-21', '10:35:23', '190.238.17.74', '190.238.17.74'),
(533, 'Juan Calderón More', '33', 'DFIU 812177-0', '1', 'INSERTAR', '2017-08-21', '10:46:51', '190.238.17.74', '190.238.17.74'),
(534, 'Juan Calderón More', '33', 'TRIU 865904-4', '1', 'INSERTAR', '2017-08-21', '10:49:10', '190.238.17.74', '190.238.17.74'),
(535, 'Juan Calderón More', '33', 'HLBU 900704-2', '1', 'INSERTAR', '2017-08-21', '10:53:43', '190.238.17.74', '190.238.17.74'),
(536, 'Juan Calderón More', '33', 'SUDU', '1', 'INSERTAR', '2017-08-21', '10:56:37', '190.238.17.74', '190.238.17.74'),
(537, 'Juan Calderón More', '33', 'SUDU 605321-8', '1', 'INSERTAR', '2017-08-21', '10:58:11', '190.238.17.74', '190.238.17.74'),
(538, 'Juan Calderón More', '31', 'CXRU 111430-1', '23509', 'ACTUALIZAR', '2017-08-23', '08:02:35', '190.233.185.137', '190.233.185.137'),
(539, 'APPBOSA SAMAN SAMAN', '33', 'MNBU 355141-7', '23752', 'ACTUALIZAR', '2017-08-24', '11:54:26', '190.42.208.254', '190.42.208.254'),
(540, 'APPBOSA SAMAN SAMAN', '33', 'MNBU 901425-1', '23753', 'ACTUALIZAR', '2017-08-24', '11:55:04', '190.42.208.254', '190.42.208.254'),
(541, 'APPBOSA SAMAN SAMAN', '33', 'PONU 484667-2', '23750', 'ACTUALIZAR', '2017-08-24', '11:57:11', '190.42.208.254', '190.42.208.254'),
(542, 'APPBOSA SAMAN SAMAN', '33', 'PONU 451898-7', '23751', 'ACTUALIZAR', '2017-08-24', '11:57:33', '190.42.208.254', '190.42.208.254'),
(543, 'APPBOSA SAMAN SAMAN', '33', 'SUDU 601834-6', '23746', 'ACTUALIZAR', '2017-08-24', '11:58:43', '190.42.208.254', '190.42.208.254'),
(544, 'APPBOSA SAMAN SAMAN', '33', 'MMAU 110979-4', '23754', 'ACTUALIZAR', '2017-08-24', '11:59:06', '190.42.208.254', '190.42.208.254'),
(545, 'APPBOSA SAMAN SAMAN', '33', 'SUDU 809810-3', '23748', 'ACTUALIZAR', '2017-08-24', '12:15:32', '190.42.208.254', '190.42.208.254'),
(546, 'APPBOSA SAMAN SAMAN', '33', 'SUDU 514081-1', '23717', 'ACTUALIZAR', '2017-08-24', '12:16:17', '190.42.208.254', '190.42.208.254'),
(547, 'APPBOSA SAMAN SAMAN', '33', 'RRSU 170259-5', '23745', 'ACTUALIZAR', '2017-08-24', '12:16:50', '190.42.208.254', '190.42.208.254'),
(548, 'APPBOSA SAMAN SAMAN', '33', 'CXRU 127908-7', '23744', 'ACTUALIZAR', '2017-08-24', '12:17:43', '190.42.208.254', '190.42.208.254'),
(549, 'APPBOSA SAMAN SAMAN', '33', 'TRLU 166544-0', '1', 'ACTUALIZAR', '2017-08-24', '12:18:26', '190.42.208.254', '190.42.208.254'),
(550, 'APPBOSA SAMAN SAMAN', '33', 'TRIU 881644-1', '1', 'ACTUALIZAR', '2017-08-24', '12:19:05', '190.42.208.254', '190.42.208.254'),
(551, 'APPBOSA SAMAN SAMAN', '33', 'HLXU 876210-7', '1', 'ACTUALIZAR', '2017-08-24', '12:19:43', '190.42.208.254', '190.42.208.254'),
(552, 'APPBOSA SAMAN SAMAN', '33', 'HLBU 900576-0', '1', 'ACTUALIZAR', '2017-08-24', '12:22:12', '190.42.208.254', '190.42.208.254'),
(553, 'APPBOSA SAMAN SAMAN', '33', 'SUDU 801041-0', '23749', 'ACTUALIZAR', '2017-08-24', '12:22:38', '190.42.208.254', '190.42.208.254'),
(554, 'APPBOSA SAMAN SAMAN', '33', 'DFIU 812177-0', '1', 'ACTUALIZAR', '2017-08-24', '12:23:08', '190.42.208.254', '190.42.208.254'),
(555, 'APPBOSA SAMAN SAMAN', '33', 'TRIU 865904-4', '1', 'ACTUALIZAR', '2017-08-24', '12:24:45', '190.42.208.254', '190.42.208.254'),
(556, 'APPBOSA SAMAN SAMAN', '33', 'HLBU 900704-2', '1', 'ACTUALIZAR', '2017-08-24', '12:25:11', '190.42.208.254', '190.42.208.254'),
(557, 'APPBOSA SAMAN SAMAN', '33', 'SUDU 602126-8', '1', 'ACTUALIZAR', '2017-08-24', '12:25:54', '190.42.208.254', '190.42.208.254'),
(558, 'APPBOSA SAMAN SAMAN', '33', 'SUDU 605321-8', '1', 'ACTUALIZAR', '2017-08-24', '12:30:17', '190.42.208.254', '190.42.208.254'),
(559, 'Juan Calderón More', '34', '1', '23839', 'INSERTAR', '2017-08-26', '09:26:15', '190.42.208.254', '190.42.208.254'),
(560, 'Juan Calderón More', '35', '1', '23963', 'INSERTAR', '2017-08-26', '09:29:30', '190.42.208.254', '190.42.208.254'),
(561, 'Juan Calderón More', '35', '1', '23966', 'INSERTAR', '2017-08-26', '09:30:48', '190.42.208.254', '190.42.208.254'),
(562, 'Juan Calderón More', '35', '1', '23967', 'INSERTAR', '2017-08-26', '09:32:07', '190.42.208.254', '190.42.208.254'),
(563, 'Juan Calderón More', '35', '1', '23968', 'INSERTAR', '2017-08-26', '09:35:32', '190.42.208.254', '190.42.208.254'),
(564, 'Juan Calderón More', '35', '1', '23969', 'INSERTAR', '2017-08-26', '09:39:26', '190.42.208.254', '190.42.208.254'),
(565, 'Juan Calderón More', '35', '1', '23970', 'INSERTAR', '2017-08-26', '10:00:19', '190.42.208.254', '190.42.208.254'),
(566, 'Juan Calderón More', '35', '1', '23971', 'INSERTAR', '2017-08-26', '10:01:32', '190.42.208.254', '190.42.208.254'),
(567, 'Juan Calderón More', '35', '1', '23972', 'INSERTAR', '2017-08-26', '10:03:47', '190.42.208.254', '190.42.208.254'),
(568, 'Juan Calderón More', '35', '1', '23980', 'INSERTAR', '2017-08-26', '10:05:49', '190.42.208.254', '190.42.208.254'),
(569, 'Juan Calderón More', '35', '1', '23973', 'INSERTAR', '2017-08-26', '10:09:50', '190.42.208.254', '190.42.208.254'),
(570, 'Juan Calderón More', '35', '1', '23974', 'INSERTAR', '2017-08-26', '10:11:27', '190.42.208.254', '190.42.208.254'),
(571, 'Juan Calderón More', '35', '1', '23975', 'INSERTAR', '2017-08-26', '10:12:25', '190.42.208.254', '190.42.208.254'),
(572, 'Juan Calderón More', '35', '1', '23976', 'INSERTAR', '2017-08-26', '10:13:46', '190.42.208.254', '190.42.208.254'),
(573, 'APPBOSA SAMAN SAMAN', '31', 'PONU 497285-5', '23515', 'ACTUALIZAR', '2017-08-26', '10:47:10', '190.42.208.254', '190.42.208.254'),
(574, 'APPBOSA SAMAN SAMAN', '31', 'MWMU 633834-6', '23516', 'ACTUALIZAR', '2017-08-26', '10:48:49', '190.42.208.254', '190.42.208.254'),
(575, 'APPBOSA SAMAN SAMAN', '31', 'MMAU 121545-6', '23519', 'ACTUALIZAR', '2017-08-26', '10:49:26', '190.42.208.254', '190.42.208.254'),
(576, 'APPBOSA SAMAN SAMAN', '31', 'MMAU 121545-6', '23519', 'ACTUALIZAR', '2017-08-26', '10:58:40', '190.42.208.254', '190.42.208.254'),
(577, 'APPBOSA SAMAN SAMAN', '31', 'CAIU 542117-5', '23518', 'ACTUALIZAR', '2017-08-26', '11:01:01', '190.42.208.254', '190.42.208.254'),
(578, 'APPBOSA SAMAN SAMAN', '31', 'MWCU 663807-1', '23517', 'ACTUALIZAR', '2017-08-26', '11:01:25', '190.42.208.254', '190.42.208.254'),
(579, 'APPBOSA SAMAN SAMAN', '31', 'SUDU 821297-8', '23513', 'ACTUALIZAR', '2017-08-26', '11:03:25', '190.42.208.254', '190.42.208.254'),
(580, 'APPBOSA SAMAN SAMAN', '31', 'MNBU 309738-8', '23508', 'ACTUALIZAR', '2017-08-26', '11:03:55', '190.42.208.254', '190.42.208.254'),
(581, 'APPBOSA SAMAN SAMAN', '31', 'MNBU 309738-8', '23508', 'ACTUALIZAR', '2017-08-26', '11:04:37', '190.42.208.254', '190.42.208.254'),
(582, 'APPBOSA SAMAN SAMAN', '31', 'SUDU 823497-7', '23512', 'ACTUALIZAR', '2017-08-26', '11:04:58', '190.42.208.254', '190.42.208.254'),
(583, 'APPBOSA SAMAN SAMAN', '31', 'SUDU 823497-7', '23512', 'ACTUALIZAR', '2017-08-26', '11:05:33', '190.42.208.254', '190.42.208.254'),
(584, 'APPBOSA SAMAN SAMAN', '31', 'CXRU 111430-1', '23509', 'ACTUALIZAR', '2017-08-26', '11:06:08', '190.42.208.254', '190.42.208.254'),
(585, 'APPBOSA SAMAN SAMAN', '31', 'HLXU 875896-1', '1', 'ACTUALIZAR', '2017-08-26', '11:06:55', '190.42.208.254', '190.42.208.254'),
(586, 'APPBOSA SAMAN SAMAN', '31', 'HLXU 876069-7', '1', 'ACTUALIZAR', '2017-08-26', '11:07:38', '190.42.208.254', '190.42.208.254'),
(587, 'APPBOSA SAMAN SAMAN', '31', 'SUDU 808059-4', '23510', 'ACTUALIZAR', '2017-08-26', '11:08:13', '190.42.208.254', '190.42.208.254'),
(588, 'APPBOSA SAMAN SAMAN', '31', 'SUDU 822107-5', '23511', 'ACTUALIZAR', '2017-08-26', '11:08:39', '190.42.208.254', '190.42.208.254'),
(589, 'APPBOSA SAMAN SAMAN', '31', 'TLLU 105275-1', '1', 'ACTUALIZAR', '2017-08-26', '11:09:17', '190.42.208.254', '190.42.208.254'),
(590, 'APPBOSA SAMAN SAMAN', '31', 'CRLU 127214-9', '1', 'ACTUALIZAR', '2017-08-26', '11:12:27', '190.42.208.254', '190.42.208.254'),
(591, 'APPBOSA SAMAN SAMAN', '31', 'HLXU 875124-7', '1', 'ACTUALIZAR', '2017-08-26', '11:47:22', '190.42.208.254', '190.42.208.254'),
(592, 'APPBOSA SAMAN SAMAN', '31', 'SUDU 823041-5', '1', 'ACTUALIZAR', '2017-08-26', '11:48:01', '190.42.208.254', '190.42.208.254'),
(593, 'APPBOSA SAMAN SAMAN', '31', 'SUDU 808279-2', '1', 'ACTUALIZAR', '2017-08-26', '11:48:37', '190.42.208.254', '190.42.208.254'),
(594, 'APPBOSA SAMAN SAMAN', '31', 'HLXU 876094-8', '1', 'ACTUALIZAR', '2017-08-26', '11:57:52', '190.42.208.254', '190.42.208.254'),
(595, 'APPBOSA SAMAN SAMAN', '31', 'HLXU 876094-8', '1', 'ACTUALIZAR', '2017-08-26', '12:15:43', '190.42.208.254', '190.42.208.254'),
(596, 'APPBOSA SAMAN SAMAN', '31', 'HLXU 876094-8', '1', 'ACTUALIZAR', '2017-08-26', '12:15:59', '190.42.208.254', '190.42.208.254'),
(597, 'Juan Calderón More', '34', 'TGHU991684-0', '23839', 'ACTUALIZAR', '2017-08-28', '09:47:03', '190.40.249.208', '190.40.249.208'),
(598, 'Juan Calderón More', '34', 'PONU 494585-0', '23849', 'INSERTAR', '2017-08-28', '09:50:18', '190.40.249.208', '190.40.249.208'),
(599, 'Juan Calderón More', '34', 'MNBU 331586-0', '23850', 'INSERTAR', '2017-08-28', '10:55:38', '190.40.249.208', '190.40.249.208'),
(600, 'Juan Calderón More', '34', 'MSWU 006006-9', '23848', 'INSERTAR', '2017-08-28', '11:18:32', '190.40.249.208', '190.40.249.208'),
(601, 'Juan Calderón More', '34', 'ATKU 411267-8', '23840', 'INSERTAR', '2017-08-28', '11:43:20', '190.40.249.208', '190.40.249.208'),
(602, 'Juan Calderón More', '34', 'SZLU 913378-0', '23841', 'INSERTAR', '2017-08-28', '11:50:33', '190.40.249.208', '190.40.249.208'),
(603, 'Juan Calderón More', '34', 'SUDU 612457-0', '23842', 'INSERTAR', '2017-08-28', '11:53:36', '190.40.249.208', '190.40.249.208'),
(604, 'Juan Calderón More', '34', 'SUDU 605195-6', '23843', 'INSERTAR', '2017-08-28', '11:57:21', '190.40.249.208', '190.40.249.208'),
(605, 'Juan Calderón More', '34', 'SUDU 819760-0', '23847', 'INSERTAR', '2017-08-28', '12:00:27', '190.40.249.208', '190.40.249.208'),
(606, 'Juan Calderón More', '34', 'SUDU 817353-1', '23846', 'INSERTAR', '2017-08-28', '12:03:40', '190.40.249.208', '190.40.249.208'),
(607, 'Juan Calderón More', '34', 'CPSU 516640-3', '1', 'INSERTAR', '2017-08-28', '12:06:48', '190.40.249.208', '190.40.249.208'),
(608, 'Juan Calderón More', '34', 'HLXU 673459-6', '1', 'INSERTAR', '2017-08-28', '12:08:51', '190.40.249.208', '190.40.249.208'),
(609, 'Juan Calderón More', '34', 'CRLU 721320-4', '1', 'INSERTAR', '2017-08-28', '12:20:08', '190.40.249.208', '190.40.249.208'),
(610, 'Juan Calderón More', '34', 'TCLU 118605-3', '1', 'INSERTAR', '2017-08-28', '12:22:59', '190.40.249.208', '190.40.249.208'),
(611, 'Juan Calderón More', '34', 'SUDU 515015-2', '23845', 'INSERTAR', '2017-08-28', '12:26:48', '190.40.249.208', '190.40.249.208'),
(612, 'Juan Calderón More', '34', 'CPSU 512120-3', '1', 'INSERTAR', '2017-08-28', '12:28:24', '190.40.249.208', '190.40.249.208'),
(613, 'Juan Calderón More', '34', 'TRIU 897756-0', '1', 'INSERTAR', '2017-08-28', '12:40:43', '190.40.249.208', '190.40.249.208'),
(614, 'Juan Calderón More', '34', 'SUDU 519274-9', '23844', 'INSERTAR', '2017-08-28', '12:43:22', '190.40.249.208', '190.40.249.208'),
(615, 'Juan Calderón More', '34', 'SUDU 620400-0', '1', 'INSERTAR', '2017-08-28', '12:45:59', '190.40.249.208', '190.40.249.208'),
(616, 'Juan Calderón More', '34', 'SUDU 623091-0', '1', 'INSERTAR', '2017-08-28', '12:47:03', '190.40.249.208', '190.40.249.208'),
(617, 'Juan Calderón More', '34', 'MNBU 331586-0', '23850', 'ACTUALIZAR', '2017-08-29', '14:22:00', '190.40.249.208', '190.40.249.208'),
(618, 'APPBOSA SAMAN SAMAN', '34', 'PONU 494585-0', '23849', 'ACTUALIZAR', '2017-08-29', '14:47:19', '190.40.249.208', '190.40.249.208'),
(619, 'APPBOSA SAMAN SAMAN', '34', 'MNBU 331586-0', '23850', 'ACTUALIZAR', '2017-08-29', '14:47:54', '190.40.249.208', '190.40.249.208'),
(620, 'APPBOSA SAMAN SAMAN', '34', 'PONU 494585-0', '23849', 'ACTUALIZAR', '2017-08-29', '14:48:09', '190.40.249.208', '190.40.249.208'),
(621, 'APPBOSA SAMAN SAMAN', '34', 'MSWU 006006-9', '23848', 'ACTUALIZAR', '2017-08-29', '14:48:25', '190.40.249.208', '190.40.249.208'),
(622, 'APPBOSA SAMAN SAMAN', '34', 'TGHU991684-0', '23839', 'ACTUALIZAR', '2017-08-29', '14:48:52', '190.40.249.208', '190.40.249.208'),
(623, 'APPBOSA SAMAN SAMAN', '34', 'ATKU 411267-8', '23840', 'ACTUALIZAR', '2017-08-29', '14:49:15', '190.40.249.208', '190.40.249.208'),
(624, 'APPBOSA SAMAN SAMAN', '34', 'SZLU 913378-0', '23841', 'ACTUALIZAR', '2017-08-29', '14:49:36', '190.40.249.208', '190.40.249.208'),
(625, 'APPBOSA SAMAN SAMAN', '34', 'SUDU 817353-1', '23846', 'ACTUALIZAR', '2017-08-29', '14:50:00', '190.40.249.208', '190.40.249.208'),
(626, 'APPBOSA SAMAN SAMAN', '34', 'SUDU 819760-0', '23847', 'ACTUALIZAR', '2017-08-29', '14:50:25', '190.40.249.208', '190.40.249.208'),
(627, 'APPBOSA SAMAN SAMAN', '34', 'SUDU 605195-6', '23843', 'ACTUALIZAR', '2017-08-29', '14:50:44', '190.40.249.208', '190.40.249.208'),
(628, 'APPBOSA SAMAN SAMAN', '34', 'SUDU 612457-0', '23842', 'ACTUALIZAR', '2017-08-29', '14:51:04', '190.40.249.208', '190.40.249.208'),
(629, 'APPBOSA SAMAN SAMAN', '34', 'TCLU 118605-3', '1', 'ACTUALIZAR', '2017-08-29', '14:51:28', '190.40.249.208', '190.40.249.208'),
(630, 'APPBOSA SAMAN SAMAN', '34', 'CRLU 721320-4', '1', 'ACTUALIZAR', '2017-08-29', '14:51:54', '190.40.249.208', '190.40.249.208'),
(631, 'APPBOSA SAMAN SAMAN', '34', 'HLXU 673459-6', '1', 'ACTUALIZAR', '2017-08-29', '14:52:24', '190.40.249.208', '190.40.249.208'),
(632, 'APPBOSA SAMAN SAMAN', '34', 'CPSU 516640-3', '1', 'ACTUALIZAR', '2017-08-29', '14:52:55', '190.40.249.208', '190.40.249.208'),
(633, 'APPBOSA SAMAN SAMAN', '34', 'SUDU 515015-2', '23845', 'ACTUALIZAR', '2017-08-29', '14:53:22', '190.40.249.208', '190.40.249.208'),
(634, 'APPBOSA SAMAN SAMAN', '34', 'CPSU 512120-3', '1', 'ACTUALIZAR', '2017-08-29', '14:53:50', '190.40.249.208', '190.40.249.208'),
(635, 'APPBOSA SAMAN SAMAN', '34', 'TRIU 897756-0', '1', 'ACTUALIZAR', '2017-08-29', '14:54:26', '190.40.249.208', '190.40.249.208'),
(636, 'APPBOSA SAMAN SAMAN', '34', 'SUDU 519274-9', '23844', 'ACTUALIZAR', '2017-08-29', '14:54:51', '190.40.249.208', '190.40.249.208'),
(637, 'APPBOSA SAMAN SAMAN', '34', 'SUDU 620400-0', '1', 'ACTUALIZAR', '2017-08-29', '14:55:10', '190.40.249.208', '190.40.249.208'),
(638, 'APPBOSA SAMAN SAMAN', '34', 'SUDU 623091-0', '1', 'ACTUALIZAR', '2017-08-29', '14:55:52', '190.40.249.208', '190.40.249.208');

-- --------------------------------------------------------

--
-- Estructura de tabla para la tabla `audit_estado`
--

CREATE TABLE `audit_estado` (
  `id` int(11) NOT NULL,
  `usuario_responsable` varchar(50) NOT NULL,
  `registro` varchar(100) NOT NULL,
  `operacion` varchar(50) NOT NULL,
  `fecha` date NOT NULL,
  `hora` time NOT NULL,
  `ip` varchar(255) NOT NULL,
  `dispositivo` varchar(255) NOT NULL
) ENGINE=InnoDB DEFAULT CHARSET=latin1;

--
-- Volcado de datos para la tabla `audit_estado`
--

INSERT INTO `audit_estado` (`id`, `usuario_responsable`, `registro`, `operacion`, `fecha`, `hora`, `ip`, `dispositivo`) VALUES
(1, 'APPBOSA SAMAN SAMAN', 'CANCELADO', 'INSERTAR', '2017-07-27', '08:35:54', '190.42.206.197', '190.42.206.197'),
(2, 'APPBOSA SAMAN SAMAN', 'Cancelado', 'ACTUALIZAR', '2017-08-16', '15:30:28', '181.176.59.104', '181.176.59.104');

-- --------------------------------------------------------

--
-- Estructura de tabla para la tabla `audit_factura`
--

CREATE TABLE `audit_factura` (
  `id` int(11) NOT NULL,
  `usuario_responsable` varchar(50) NOT NULL,
  `registro` varchar(100) NOT NULL,
  `operacion` varchar(50) NOT NULL,
  `fecha` date NOT NULL,
  `hora` time NOT NULL,
  `ip` varchar(255) NOT NULL,
  `dispositivo` varchar(255) NOT NULL
) ENGINE=InnoDB DEFAULT CHARSET=latin1;

--
-- Volcado de datos para la tabla `audit_factura`
--

INSERT INTO `audit_factura` (`id`, `usuario_responsable`, `registro`, `operacion`, `fecha`, `hora`, `ip`, `dispositivo`) VALUES
(3, 'APPBOSA SAMAN SAMAN', '1_29_2017_(7)1_24_2017_(1)1_24_2017_(2)AGROFAIR2.pdf', 'INSERTAR', '2017-07-24', '19:34:51', '190.117.166.176', '190.117.166.176'),
(4, 'APPBOSA SAMAN SAMAN', '1_29_2017_(7)1_24_2017_(1)1_24_2017_(2)AGROFAIR2.pdf', 'ELIMINAR', '2017-07-24', '19:36:59', '190.117.166.176', '190.117.166.176'),
(5, 'APPBOSA SAMAN SAMAN', '1_28_2017_(7)AGROFAIR01.pdf', 'INSERTAR', '2017-08-18', '16:16:06', '201.230.16.152', 'client-201.230.16.152.speedy.net.pe'),
(6, 'APPBOSA SAMAN SAMAN', '1_28_2017_(8)AGROFAIR02.pdf', 'INSERTAR', '2017-08-18', '16:16:06', '201.230.16.152', 'client-201.230.16.152.speedy.net.pe'),
(7, 'APPBOSA SAMAN SAMAN', '2_28_2017_(5)BIODYNAMISKA.pdf', 'INSERTAR', '2017-08-18', '16:18:03', '201.230.16.152', 'client-201.230.16.152.speedy.net.pe'),
(8, 'APPBOSA SAMAN SAMAN', '3_28_2017_(4)DOLE D.pdf', 'INSERTAR', '2017-08-18', '16:19:09', '201.230.16.152', 'client-201.230.16.152.speedy.net.pe'),
(9, 'APPBOSA SAMAN SAMAN', '5_28_2017_(5)EQUIFRUIT.pdf', 'INSERTAR', '2017-08-18', '16:22:51', '201.230.16.152', 'client-201.230.16.152.speedy.net.pe'),
(10, 'APPBOSA SAMAN SAMAN', '4_28_2017_(4)TRANSASTRA.pdf', 'INSERTAR', '2017-08-18', '16:25:16', '201.230.16.152', 'client-201.230.16.152.speedy.net.pe'),
(11, 'APPBOSA SAMAN SAMAN', '1_29_2017_(9)AGROFAIR01.pdf', 'INSERTAR', '2017-08-21', '08:38:24', '190.238.17.74', '190.238.17.74'),
(12, 'APPBOSA SAMAN SAMAN', '1_29_2017_(10)AGROFAIR02.pdf', 'INSERTAR', '2017-08-21', '08:38:24', '190.238.17.74', '190.238.17.74'),
(13, 'APPBOSA SAMAN SAMAN', '2_29_2017_(6)BIODYNAMISKA.pdf', 'INSERTAR', '2017-08-21', '08:41:52', '190.238.17.74', '190.238.17.74'),
(14, 'APPBOSA SAMAN SAMAN', '3_29_2017_(5)DOLE.pdf', 'INSERTAR', '2017-08-21', '08:42:59', '190.238.17.74', '190.238.17.74'),
(15, 'APPBOSA SAMAN SAMAN', '5_29_2017_(6)EQUIFRUIT.pdf', 'INSERTAR', '2017-08-21', '08:44:11', '190.238.17.74', '190.238.17.74'),
(16, 'APPBOSA SAMAN SAMAN', '4_29_2017_(5)TRANSASTRA.pdf', 'INSERTAR', '2017-08-21', '08:51:16', '190.238.17.74', '190.238.17.74'),
(17, 'APPBOSA SAMAN SAMAN', '1_30_2017_(11)AGROFAIR 1.pdf', 'INSERTAR', '2017-08-21', '09:26:22', '190.238.17.74', '190.238.17.74'),
(18, 'APPBOSA SAMAN SAMAN', '1_30_2017_(12)AGROFAIR 2.pdf', 'INSERTAR', '2017-08-21', '09:26:22', '190.238.17.74', '190.238.17.74'),
(19, 'APPBOSA SAMAN SAMAN', '1_1_2017_(13)MVC.pdf', 'INSERTAR', '2017-08-22', '23:03:50', '181.176.78.33', '181.176.78.33'),
(20, 'APPBOSA SAMAN SAMAN', '1_1_2017_(13)MVC.pdf', 'ELIMINAR', '2017-08-22', '23:10:40', '181.176.78.33', '181.176.78.33'),
(21, 'APPBOSA SAMAN SAMAN', '1_33_2017_(13)AGROFAIR1.pdf', 'INSERTAR', '2017-08-24', '12:32:48', '190.42.208.254', '190.42.208.254'),
(22, 'APPBOSA SAMAN SAMAN', '1_33_2017_(14)AGROFAIR2.pdf', 'INSERTAR', '2017-08-24', '12:32:48', '190.42.208.254', '190.42.208.254'),
(23, 'APPBOSA SAMAN SAMAN', '2_33_2017_(7)BIODYNAMISKA.pdf', 'INSERTAR', '2017-08-24', '12:33:56', '190.42.208.254', '190.42.208.254'),
(24, 'APPBOSA SAMAN SAMAN', '3_33_2017_(6)DOLE D.pdf', 'INSERTAR', '2017-08-24', '12:34:46', '190.42.208.254', '190.42.208.254'),
(25, 'APPBOSA SAMAN SAMAN', '5_33_2017_(7)EQUIFRUIT.pdf', 'INSERTAR', '2017-08-24', '12:35:41', '190.42.208.254', '190.42.208.254'),
(26, 'APPBOSA SAMAN SAMAN', '4_33_2017_(6)TRANSASTRA.pdf', 'INSERTAR', '2017-08-24', '12:36:29', '190.42.208.254', '190.42.208.254'),
(27, 'APPBOSA SAMAN SAMAN', '3_30_2017_(7)DOLE GERMANY.pdf', 'INSERTAR', '2017-08-26', '10:39:54', '190.42.208.254', '190.42.208.254'),
(28, 'APPBOSA SAMAN SAMAN', '5_30_2017_(8)EQUIFRUIT.pdf', 'INSERTAR', '2017-08-26', '10:40:57', '190.42.208.254', '190.42.208.254'),
(29, 'APPBOSA SAMAN SAMAN', '2_30_2017_(8)STIFTELSEN BIODYNAMISKA.pdf', 'INSERTAR', '2017-08-26', '10:43:06', '190.42.208.254', '190.42.208.254'),
(30, 'APPBOSA SAMAN SAMAN', '4_30_2017_(7)TRANSASTRA.pdf', 'INSERTAR', '2017-08-26', '10:44:08', '190.42.208.254', '190.42.208.254'),
(31, 'APPBOSA SAMAN SAMAN', '1_34_2017_(15)AGROFAIR.pdf', 'INSERTAR', '2017-08-29', '14:57:29', '190.40.249.208', '190.40.249.208'),
(32, 'APPBOSA SAMAN SAMAN', '2_34_2017_(9)BIODYNAMISKA.pdf', 'INSERTAR', '2017-08-29', '14:58:42', '190.40.249.208', '190.40.249.208'),
(33, 'APPBOSA SAMAN SAMAN', '3_34_2017_(8)DOLE.pdf', 'INSERTAR', '2017-08-29', '14:59:16', '190.40.249.208', '190.40.249.208'),
(34, 'APPBOSA SAMAN SAMAN', '5_34_2017_(9)EQUIFRUIT.pdf', 'INSERTAR', '2017-08-29', '15:00:22', '190.40.249.208', '190.40.249.208'),
(35, 'APPBOSA SAMAN SAMAN', '4_34_2017_(8)TRANSASTRA.pdf', 'INSERTAR', '2017-08-29', '15:01:16', '190.40.249.208', '190.40.249.208');

-- --------------------------------------------------------

--
-- Estructura de tabla para la tabla `audit_linea_naviera`
--

CREATE TABLE `audit_linea_naviera` (
  `id` int(11) NOT NULL,
  `usuario_responsable` varchar(50) NOT NULL,
  `registro` varchar(100) NOT NULL,
  `operacion` varchar(50) NOT NULL,
  `fecha` date NOT NULL,
  `hora` time NOT NULL,
  `ip` varchar(255) NOT NULL,
  `dispositivo` varchar(255) NOT NULL
) ENGINE=InnoDB DEFAULT CHARSET=latin1;

-- --------------------------------------------------------

--
-- Estructura de tabla para la tabla `audit_nave`
--

CREATE TABLE `audit_nave` (
  `id` int(11) NOT NULL,
  `usuario_responsable` varchar(50) NOT NULL,
  `registro` varchar(100) NOT NULL,
  `operacion` varchar(50) NOT NULL,
  `fecha` date NOT NULL,
  `hora` time NOT NULL,
  `ip` varchar(255) NOT NULL,
  `dispositivo` varchar(255) NOT NULL
) ENGINE=InnoDB DEFAULT CHARSET=latin1;

-- --------------------------------------------------------

--
-- Estructura de tabla para la tabla `audit_operador`
--

CREATE TABLE `audit_operador` (
  `id` int(11) NOT NULL,
  `usuario_responsable` varchar(50) NOT NULL,
  `registro` varchar(100) NOT NULL,
  `operacion` varchar(50) NOT NULL,
  `fecha` date NOT NULL,
  `hora` time NOT NULL,
  `ip` varchar(255) NOT NULL,
  `dispositivo` varchar(255) NOT NULL
) ENGINE=InnoDB DEFAULT CHARSET=latin1;

--
-- Volcado de datos para la tabla `audit_operador`
--

INSERT INTO `audit_operador` (`id`, `usuario_responsable`, `registro`, `operacion`, `fecha`, `hora`, `ip`, `dispositivo`) VALUES
(14, 'Juan Calderón More', 'TPSAC', 'ELIMINAR', '2017-05-29', '10:34:35', '179.7.132.187', '179.7.132.187'),
(15, 'Juan Calderón More', 'LA HANSEATICA', 'INSERTAR', '2017-07-14', '08:10:36', '190.237.128.174', '190.237.128.174'),
(16, 'APPBOSA SAMAN SAMAN', 'SAN MIGUEL', 'ACTUALIZAR', '2017-07-27', '08:09:33', '190.42.206.197', '190.42.206.197');

-- --------------------------------------------------------

--
-- Estructura de tabla para la tabla `audit_packing`
--

CREATE TABLE `audit_packing` (
  `id` int(11) NOT NULL,
  `usuario_responsable` varchar(50) NOT NULL,
  `registro` varchar(100) NOT NULL,
  `operacion` varchar(50) NOT NULL,
  `fecha` date NOT NULL,
  `hora` time NOT NULL,
  `ip` varchar(255) NOT NULL,
  `dispositivo` varchar(255) NOT NULL
) ENGINE=InnoDB DEFAULT CHARSET=latin1;

--
-- Volcado de datos para la tabla `audit_packing`
--

INSERT INTO `audit_packing` (`id`, `usuario_responsable`, `registro`, `operacion`, `fecha`, `hora`, `ip`, `dispositivo`) VALUES
(3, 'APPBOSA SAMAN SAMAN', '1_26_2017_(1)529-(1)-detalle_contenedor.xls', 'INSERTAR', '2017-07-24', '20:12:54', '190.117.166.176', '190.117.166.176'),
(4, 'APPBOSA SAMAN SAMAN', '1_26_2017_(1)529-(1)-detalle_contenedor.xls', 'ELIMINAR', '2017-07-24', '20:15:11', '190.42.97.91', '190.42.97.91'),
(5, 'APPBOSA SAMAN SAMAN', '1_28_2017_(1)529-(1)-detalle_contenedor.xls', 'INSERTAR', '2017-07-25', '12:14:24', '181.176.87.187', '181.176.87.187'),
(6, 'APPBOSA SAMAN SAMAN', '1_29_2017_(2)1_28_2017_(1)529-(1)-detalle_contenedor.xls', 'INSERTAR', '2017-07-25', '12:39:28', '181.176.87.187', '181.176.87.187'),
(7, 'APPBOSA SAMAN SAMAN', '1_29_2017_(2)1_28_2017_(1)529-(1)-detalle_contened', 'ELIMINAR', '2017-07-25', '12:55:35', '181.176.87.187', '181.176.87.187'),
(8, 'APPBOSA SAMAN SAMAN', '1_29_2017_(2)reporte_contenedores (1).xls', 'INSERTAR', '2017-07-25', '12:55:48', '181.176.87.187', '181.176.87.187'),
(9, 'APPBOSA SAMAN SAMAN', '1_29_2017_(2)reporte_contenedores (1).xls', 'ELIMINAR', '2017-07-25', '12:56:39', '181.176.87.187', '181.176.87.187'),
(10, 'APPBOSA SAMAN SAMAN', '1_29_2017_(2)reporte_contenedores (18).xls', 'INSERTAR', '2017-07-25', '12:56:53', '181.176.87.187', '181.176.87.187'),
(11, 'APPBOSA SAMAN SAMAN', '1_29_2017_(3)reporte_damnificados.xls', 'INSERTAR', '2017-07-25', '13:08:04', '181.176.87.187', '181.176.87.187'),
(12, 'APPBOSA SAMAN SAMAN', '1_29_2017_(2)reporte_contenedores (18).xls', 'ELIMINAR', '2017-07-25', '13:08:29', '181.176.87.187', '181.176.87.187'),
(13, 'APPBOSA SAMAN SAMAN', '1_29_2017_(3)reporte_damnificados.xls', 'ELIMINAR', '2017-07-25', '13:08:33', '181.176.87.187', '181.176.87.187'),
(14, 'APPBOSA SAMAN SAMAN', '1_29_2017_(2)COMBUSTIBLE.xlsx', 'INSERTAR', '2017-07-25', '14:25:13', '190.237.128.146', '190.237.128.146'),
(15, 'APPBOSA SAMAN SAMAN', '1_29_2017_(2)COMBUSTIBLE.xlsx', 'ELIMINAR', '2017-07-25', '14:26:10', '190.237.128.146', '190.237.128.146'),
(16, 'Nilton Anterio Ancajima Castro', '1_28_2017_(1)529-(1)-detalle_contenedor.xls', 'ELIMINAR', '2017-07-25', '14:37:41', '190.237.128.146', '190.237.128.146'),
(17, 'APPBOSA SAMAN SAMAN', '1_29_2017_(1)DETALLE DE RECLAMOS AGROFAIR.xlsx', 'INSERTAR', '2017-07-27', '09:38:08', '190.42.206.197', '190.42.206.197'),
(18, 'Juan Calderón More', '1_30_2017_(2)agrofair 01.xlsx', 'INSERTAR', '2017-08-01', '16:14:17', '190.42.203.13', '190.42.203.13'),
(19, 'Juan Calderón More', '1_30_2017_(3)agrofair  30.xlsx', 'INSERTAR', '2017-08-02', '16:13:28', '190.233.174.236', '190.233.174.236'),
(20, 'Juan Calderón More', '5_30_2017_(1)equifruit    30.xlsx', 'INSERTAR', '2017-08-02', '16:14:44', '190.233.174.236', '190.233.174.236'),
(21, 'Juan Calderón More', '1_30_2017_(3)agrofair  30.xlsx', 'ELIMINAR', '2017-08-02', '16:15:16', '190.233.174.236', '190.233.174.236'),
(22, 'Juan Calderón More', '3_30_2017_(1)dole    30.xlsx', 'INSERTAR', '2017-08-02', '16:17:15', '190.233.174.236', '190.233.174.236'),
(23, 'Juan Calderón More', '2_30_2017_(1)biodynamiska   30.xlsx', 'INSERTAR', '2017-08-02', '16:18:00', '190.233.174.236', '190.233.174.236'),
(24, 'Juan Calderón More', '4_30_2017_(1)chiquita  30.xlsx', 'INSERTAR', '2017-08-02', '16:18:24', '190.233.174.236', '190.233.174.236'),
(25, 'APPBOSA SAMAN SAMAN', '1_29_2017_(1)DETALLE DE RECLAMOS AGROFAIR.xlsx', 'ELIMINAR', '2017-08-04', '09:06:04', '181.66.45.23', '181.66.45.23'),
(26, 'Juan Calderón More', '1_31_2017_(2)agrofair  31.xlsx', 'INSERTAR', '2017-08-09', '15:44:21', '190.238.204.106', '190.238.204.106'),
(27, 'Juan Calderón More', '2_31_2017_(2)biodynamiska   31.xlsx', 'INSERTAR', '2017-08-09', '15:46:05', '190.238.204.106', '190.238.204.106'),
(28, 'Juan Calderón More', '4_31_2017_(2)chiquita  31.xlsx', 'INSERTAR', '2017-08-09', '15:46:55', '190.238.204.106', '190.238.204.106'),
(29, 'Juan Calderón More', '3_31_2017_(2)dole   31.xlsx', 'INSERTAR', '2017-08-09', '15:48:00', '190.238.204.106', '190.238.204.106'),
(30, 'Juan Calderón More', '5_31_2017_(2)equifruit    31.xlsx', 'INSERTAR', '2017-08-09', '15:48:34', '190.238.204.106', '190.238.204.106'),
(31, 'APPBOSA SAMAN SAMAN', '1_24_2017_(3)cuadro12 (1).xlsx', 'INSERTAR', '2017-08-10', '21:30:39', '181.176.59.133', '181.176.59.133'),
(32, 'APPBOSA SAMAN SAMAN', '1_24_2017_(3)cuadro12 (1).xlsx', 'ELIMINAR', '2017-08-10', '23:36:12', '181.176.59.133', '181.176.59.133'),
(33, 'APPBOSA SAMAN SAMAN', '1_24_2017_(3)diseño.xls', 'INSERTAR', '2017-08-11', '09:42:27', '181.176.59.89', '181.176.59.89'),
(34, 'APPBOSA SAMAN SAMAN', '1_24_2017_(3)diseño.xls', 'ELIMINAR', '2017-08-11', '10:12:25', '181.176.59.89', '181.176.59.89'),
(35, 'APPBOSA SAMAN SAMAN', '1_24_2017_(3)Cosas.xlsx', 'INSERTAR', '2017-08-16', '10:35:48', '181.176.56.39', '181.176.56.39'),
(36, 'APPBOSA SAMAN SAMAN', '1_24_2017_(3)Cosas.xlsx', 'ELIMINAR', '2017-08-16', '10:36:50', '181.176.56.39', '181.176.56.39'),
(37, 'APPBOSA SAMAN SAMAN', '1_31_2017_(3)cap09003.xlsx', 'INSERTAR', '2017-08-18', '13:25:19', '181.176.58.57', '181.176.58.57'),
(38, 'APPBOSA SAMAN SAMAN', '1_31_2017_(3)cap09003.xlsx', 'ELIMINAR', '2017-08-18', '13:33:40', '181.176.58.57', '181.176.58.57'),
(39, 'APPBOSA SAMAN SAMAN', '1_31_2017_(3)cap09003.xlsx', 'INSERTAR', '2017-08-18', '15:26:37', '181.176.58.57', '181.176.58.57'),
(40, 'APPBOSA SAMAN SAMAN', '1_31_2017_(3)cap09003.xlsx', 'ELIMINAR', '2017-08-18', '15:27:42', '181.176.58.57', '181.176.58.57'),
(41, 'APPBOSA SAMAN SAMAN', '1_31_2017_(3)cap09003.xlsx', 'INSERTAR', '2017-08-18', '15:28:52', '181.176.58.57', '181.176.58.57'),
(42, 'APPBOSA SAMAN SAMAN', '1_31_2017_(3)cap09003.xlsx', 'ELIMINAR', '2017-08-18', '15:30:53', '181.176.58.57', '181.176.58.57'),
(43, 'APPBOSA SAMAN SAMAN', '1_31_2017_(3)cap09003.xlsx', 'INSERTAR', '2017-08-18', '15:31:19', '181.176.58.57', '181.176.58.57'),
(44, 'APPBOSA SAMAN SAMAN', '1_31_2017_(3)cap09003.xlsx', 'ELIMINAR', '2017-08-18', '15:32:41', '181.176.58.57', '181.176.58.57'),
(45, 'Juan Calderón More', '1_32_2017_(3)agrofair  30.xlsx', 'INSERTAR', '2017-08-18', '15:47:01', '201.230.16.152', 'client-201.230.16.152.speedy.net.pe'),
(46, 'Juan Calderón More', '2_32_2017_(3)biodynamiska   30.xlsx', 'INSERTAR', '2017-08-18', '15:47:23', '201.230.16.152', 'client-201.230.16.152.speedy.net.pe'),
(47, 'Juan Calderón More', '4_32_2017_(3)chiquita  30.xlsx', 'INSERTAR', '2017-08-18', '15:47:43', '201.230.16.152', 'client-201.230.16.152.speedy.net.pe'),
(48, 'Juan Calderón More', '3_32_2017_(3)dole    30.xlsx', 'INSERTAR', '2017-08-18', '15:48:18', '201.230.16.152', 'client-201.230.16.152.speedy.net.pe'),
(49, 'Juan Calderón More', '5_32_2017_(3)equifruit    30.xlsx', 'INSERTAR', '2017-08-18', '15:48:36', '201.230.16.152', 'client-201.230.16.152.speedy.net.pe'),
(50, 'Juan Calderón More', '1_32_2017_(3)agrofair  30.xlsx', 'ELIMINAR', '2017-08-21', '08:07:27', '190.238.17.74', '190.238.17.74'),
(51, 'Juan Calderón More', '2_32_2017_(3)biodynamiska   30.xlsx', 'ELIMINAR', '2017-08-21', '08:07:32', '190.238.17.74', '190.238.17.74'),
(52, 'Juan Calderón More', '4_32_2017_(3)chiquita  30.xlsx', 'ELIMINAR', '2017-08-21', '08:07:36', '190.238.17.74', '190.238.17.74'),
(53, 'Juan Calderón More', '3_32_2017_(3)dole    30.xlsx', 'ELIMINAR', '2017-08-21', '08:07:40', '190.238.17.74', '190.238.17.74'),
(54, 'Juan Calderón More', '5_32_2017_(3)equifruit    30.xlsx', 'ELIMINAR', '2017-08-21', '08:07:44', '190.238.17.74', '190.238.17.74'),
(55, 'Juan Calderón More', '1_32_2017_(3)Packing Agrofair Sem 32.xls', 'INSERTAR', '2017-08-21', '08:10:07', '190.238.17.74', '190.238.17.74'),
(56, 'Juan Calderón More', '2_32_2017_(3)bidynamiska   32.xlsx', 'INSERTAR', '2017-08-21', '08:10:33', '190.238.17.74', '190.238.17.74'),
(57, 'Juan Calderón More', '4_32_2017_(3)chiquita  32.xlsx', 'INSERTAR', '2017-08-21', '08:11:17', '190.238.17.74', '190.238.17.74'),
(58, 'Juan Calderón More', '3_32_2017_(3)dole   32.xlsx', 'INSERTAR', '2017-08-21', '08:11:40', '190.238.17.74', '190.238.17.74'),
(59, 'Juan Calderón More', '5_32_2017_(3)equifruit   32.xlsx', 'INSERTAR', '2017-08-21', '08:12:02', '190.238.17.74', '190.238.17.74'),
(60, 'APPBOSA SAMAN SAMAN', '1_33_2017_(4)cap09003.xlsx', 'INSERTAR', '2017-08-21', '19:27:51', '181.176.66.27', '181.176.66.27'),
(61, 'APPBOSA SAMAN SAMAN', '1_33_2017_(4)cap09003.xlsx', 'ELIMINAR', '2017-08-21', '19:35:07', '181.176.66.27', '181.176.66.27'),
(62, 'APPBOSA SAMAN SAMAN', '1_1_2017_(4)REVISION DE TAREAS.xlsx', 'INSERTAR', '2017-08-22', '23:11:12', '181.176.78.33', '181.176.78.33'),
(63, 'APPBOSA SAMAN SAMAN', '1_1_2017_(4)REVISION DE TAREAS.xlsx', 'ELIMINAR', '2017-08-22', '23:14:03', '181.176.78.33', '181.176.78.33'),
(64, 'Juan Calderón More', '1_33_2017_(4)Packing Agrofair Sem 33.xls', 'INSERTAR', '2017-08-24', '10:58:53', '190.42.208.254', '190.42.208.254'),
(65, 'Juan Calderón More', '1_34_2017_(5)Packing Agrofair Sem 34.xls', 'INSERTAR', '2017-08-31', '12:21:12', '190.42.203.87', '190.42.203.87'),
(66, 'Juan Calderón More', '2_34_2017_(4)biodynamiska   34.xlsx', 'INSERTAR', '2017-08-31', '12:27:02', '190.42.203.87', '190.42.203.87'),
(67, 'Juan Calderón More', '4_34_2017_(4)chiquita    34.xlsx', 'INSERTAR', '2017-08-31', '12:27:29', '190.42.203.87', '190.42.203.87'),
(68, 'Juan Calderón More', '3_34_2017_(4)dole  34.xlsx', 'INSERTAR', '2017-08-31', '12:29:11', '190.42.203.87', '190.42.203.87'),
(69, 'Juan Calderón More', '5_34_2017_(4)equifruit  34.xlsx', 'INSERTAR', '2017-08-31', '12:30:56', '190.42.203.87', '190.42.203.87');

-- --------------------------------------------------------

--
-- Estructura de tabla para la tabla `audit_pais`
--

CREATE TABLE `audit_pais` (
  `id` int(11) NOT NULL,
  `usuario_responsable` varchar(50) NOT NULL,
  `registro` varchar(100) NOT NULL,
  `operacion` varchar(50) NOT NULL,
  `fecha` date NOT NULL,
  `hora` time NOT NULL,
  `ip` varchar(255) NOT NULL,
  `dispositivo` varchar(255) NOT NULL
) ENGINE=InnoDB DEFAULT CHARSET=latin1;

-- --------------------------------------------------------

--
-- Estructura de tabla para la tabla `audit_puerto_destino`
--

CREATE TABLE `audit_puerto_destino` (
  `id` int(11) NOT NULL,
  `usuario_responsable` varchar(50) NOT NULL,
  `registro` varchar(100) NOT NULL,
  `operacion` varchar(50) NOT NULL,
  `fecha` date NOT NULL,
  `hora` time NOT NULL,
  `ip` varchar(255) NOT NULL,
  `dispositivo` varchar(255) NOT NULL
) ENGINE=InnoDB DEFAULT CHARSET=latin1;

--
-- Volcado de datos para la tabla `audit_puerto_destino`
--

INSERT INTO `audit_puerto_destino` (`id`, `usuario_responsable`, `registro`, `operacion`, `fecha`, `hora`, `ip`, `dispositivo`) VALUES
(21, 'Juan Calderón More', 'AMBERES', 'INSERTAR', '2017-05-31', '12:37:56', '181.67.4.220', '181.67.4.220');

-- --------------------------------------------------------

--
-- Estructura de tabla para la tabla `audit_semana`
--

CREATE TABLE `audit_semana` (
  `id` int(11) NOT NULL,
  `usuario_responsable` varchar(50) NOT NULL,
  `registro` varchar(100) NOT NULL,
  `operacion` varchar(50) NOT NULL,
  `fecha` date NOT NULL,
  `hora` time NOT NULL,
  `ip` varchar(255) NOT NULL,
  `dispositivo` varchar(255) NOT NULL
) ENGINE=InnoDB DEFAULT CHARSET=latin1;

--
-- Volcado de datos para la tabla `audit_semana`
--

INSERT INTO `audit_semana` (`id`, `usuario_responsable`, `registro`, `operacion`, `fecha`, `hora`, `ip`, `dispositivo`) VALUES
(14, 'Luis Guillermo Ramirez Coronado', '2', 'INSERTAR', '2017-05-22', '19:35:13', '190.236.31.16', '190.236.31.16'),
(15, 'Luis Guillermo Ramirez Coronado', '4', 'INSERTAR', '2017-05-22', '19:35:54', '190.236.31.16', '190.236.31.16'),
(16, 'Juan Calderón More', '2', 'ELIMINAR', '2017-05-23', '16:23:29', '179.7.139.187', '179.7.139.187'),
(17, 'Juan Calderón More', '4', 'ELIMINAR', '2017-05-23', '16:23:33', '179.7.139.187', '179.7.139.187'),
(18, 'Juan Calderón More', '20', 'INSERTAR', '2017-05-23', '16:24:33', '179.7.139.187', '179.7.139.187'),
(19, 'Juan Calderón More', '22', 'INSERTAR', '2017-05-29', '09:58:55', '179.7.132.187', '179.7.132.187'),
(20, 'Juan Calderón More', '21', 'INSERTAR', '2017-05-29', '10:49:28', '179.7.132.187', '179.7.132.187'),
(21, 'APPBOSA SAMAN SAMAN', '22', 'ELIMINAR', '2017-05-30', '07:16:04', '190.117.137.3', '190.117.137.3'),
(22, 'APPBOSA SAMAN SAMAN', '20', 'ELIMINAR', '2017-05-30', '07:16:09', '190.117.137.3', '190.117.137.3'),
(23, 'Juan Calderón More', '22', 'INSERTAR', '2017-05-30', '08:38:59', '179.7.132.187', '179.7.132.187'),
(24, 'Juan Calderón More', '20', 'INSERTAR', '2017-05-30', '10:46:57', '179.7.132.187', '179.7.132.187'),
(25, 'Juan Calderón More', '19', 'INSERTAR', '2017-05-30', '12:18:08', '179.7.132.187', '179.7.132.187'),
(26, 'Juan Calderón More', '18', 'INSERTAR', '2017-05-31', '08:23:16', '181.67.4.220', '181.67.4.220'),
(27, 'Juan Calderón More', '17', 'INSERTAR', '2017-05-31', '10:03:15', '181.67.4.220', '181.67.4.220'),
(28, 'Juan Calderón More', '16', 'INSERTAR', '2017-05-31', '11:33:14', '181.67.4.220', '181.67.4.220'),
(29, 'Juan Calderón More', '15', 'INSERTAR', '2017-06-01', '07:25:02', '190.237.186.168', '190.237.186.168'),
(30, 'Juan Calderón More', '14', 'INSERTAR', '2017-06-01', '08:47:37', '190.237.186.168', '190.237.186.168'),
(31, 'Juan Calderón More', '13', 'INSERTAR', '2017-06-01', '09:34:21', '190.237.186.168', '190.237.186.168'),
(32, 'Juan Calderón More', '12', 'INSERTAR', '2017-06-01', '10:55:06', '190.237.186.168', '190.237.186.168'),
(33, 'Juan Calderón More', '11', 'INSERTAR', '2017-06-02', '07:20:58', '190.237.186.168', '190.237.186.168'),
(34, 'Juan Calderón More', '10', 'INSERTAR', '2017-06-02', '09:53:18', '190.237.186.168', '190.237.186.168'),
(35, 'Juan Calderón More', '9', 'INSERTAR', '2017-06-02', '11:24:26', '190.237.186.168', '190.237.186.168'),
(36, 'Juan Calderón More', '9', 'ELIMINAR', '2017-06-02', '11:24:39', '190.237.186.168', '190.237.186.168'),
(37, 'Juan Calderón More', '9', 'INSERTAR', '2017-06-02', '11:24:51', '190.237.186.168', '190.237.186.168'),
(38, 'Juan Calderón More', '8', 'INSERTAR', '2017-06-05', '08:30:23', '190.237.186.168', '190.237.186.168'),
(39, 'Juan Calderón More', '7', 'INSERTAR', '2017-06-05', '10:41:01', '190.237.186.168', '190.237.186.168'),
(40, 'Juan Calderón More', '5', 'INSERTAR', '2017-06-05', '12:21:14', '190.237.186.168', '190.237.186.168'),
(41, 'Juan Calderón More', '4', 'INSERTAR', '2017-06-05', '12:21:20', '190.237.186.168', '190.237.186.168'),
(42, 'Juan Calderón More', '1', 'INSERTAR', '2017-06-05', '12:21:35', '190.237.186.168', '190.237.186.168'),
(43, 'Juan Calderón More', '2', 'INSERTAR', '2017-06-05', '12:22:21', '190.237.186.168', '190.237.186.168'),
(44, 'Juan Calderón More', '3', 'INSERTAR', '2017-06-05', '12:22:39', '190.237.186.168', '190.237.186.168'),
(45, 'Juan Calderón More', '6', 'INSERTAR', '2017-06-06', '07:16:08', '190.237.186.168', '190.237.186.168'),
(46, 'Juan Calderón More', '23', 'INSERTAR', '2017-06-06', '12:29:49', '190.237.186.168', '190.237.186.168'),
(47, 'Juan Calderón More', '24', 'INSERTAR', '2017-06-09', '11:31:07', '190.43.242.226', '190.43.242.226'),
(48, 'Juan Calderón More', '25', 'INSERTAR', '2017-06-15', '10:25:43', '201.240.113.132', 'client-201.240.113.132.speedy.net.pe'),
(49, 'Juan Calderón More', '26', 'INSERTAR', '2017-06-26', '07:32:51', '190.232.101.51', '190.232.101.51'),
(50, 'Juan Calderón More', '27', 'INSERTAR', '2017-06-30', '09:05:59', '190.232.101.51', '190.232.101.51'),
(51, 'Juan Calderón More', '28', 'INSERTAR', '2017-07-10', '07:25:03', '190.43.32.252', '190.43.32.252'),
(52, 'Juan Calderón More', '29', 'INSERTAR', '2017-07-14', '07:18:34', '190.237.128.174', '190.237.128.174'),
(53, 'Juan Calderón More', '30', 'INSERTAR', '2017-07-21', '07:40:18', '190.239.128.194', '190.239.128.194'),
(54, 'Juan Calderón More', '31', 'INSERTAR', '2017-07-27', '12:06:16', '190.42.206.197', '190.42.206.197'),
(55, 'Juan Calderón More', '32', 'INSERTAR', '2017-08-10', '08:05:36', '200.121.153.129', 'client-200.121.153.129.speedy.net.pe'),
(56, 'Juan Calderón More', '33', 'INSERTAR', '2017-08-21', '09:13:37', '190.238.17.74', '190.238.17.74'),
(57, 'Juan Calderón More', '34', 'INSERTAR', '2017-08-26', '09:02:37', '190.42.208.254', '190.42.208.254'),
(58, 'Juan Calderón More', '35', 'INSERTAR', '2017-08-26', '09:26:31', '190.42.208.254', '190.42.208.254');

-- --------------------------------------------------------

--
-- Estructura de tabla para la tabla `audit_usuario`
--

CREATE TABLE `audit_usuario` (
  `id` int(11) NOT NULL,
  `usuario_responsable` varchar(255) NOT NULL,
  `usuario_afectado` varchar(255) NOT NULL,
  `operacion` varchar(255) NOT NULL,
  `fecha` date NOT NULL,
  `hora` time NOT NULL,
  `ip` varchar(255) NOT NULL,
  `dispositivo` varchar(255) NOT NULL
) ENGINE=InnoDB DEFAULT CHARSET=latin1;

--
-- Volcado de datos para la tabla `audit_usuario`
--

INSERT INTO `audit_usuario` (`id`, `usuario_responsable`, `usuario_afectado`, `operacion`, `fecha`, `hora`, `ip`, `dispositivo`) VALUES
(10, 'APPBOSA SAMAN SAMAN', 'Juan Calderón More', 'ACTUALIZAR', '2017-05-23', '15:41:08', '179.7.139.187', '179.7.139.187'),
(11, 'APPBOSA SAMAN SAMAN', 'Nilton Anterio Ancajima Castro', 'INSERTAR', '2017-05-23', '15:57:09', '179.7.139.187', '179.7.139.187'),
(12, 'APPBOSA SAMAN SAMAN', 'Luis Alberto Mejias Escobar', 'INSERTAR', '2017-05-23', '16:12:02', '179.7.139.187', '179.7.139.187'),
(13, 'APPBOSA SAMAN SAMAN', 'Juan Calderón More', 'ACTUALIZAR', '2017-05-23', '16:15:56', '179.7.139.187', '179.7.139.187'),
(14, 'APPBOSA SAMAN SAMAN', 'Juan Calderón More', 'ACTUALIZAR', '2017-05-29', '09:21:33', '179.7.132.187', '179.7.132.187'),
(15, 'APPBOSA SAMAN SAMAN', 'AGROFAIR  ', 'ACTUALIZAR', '2017-07-13', '13:48:39', '181.176.75.200', '181.176.75.200'),
(16, 'APPBOSA SAMAN SAMAN', 'BIODYNAMISKA  ', 'ACTUALIZAR', '2017-07-13', '13:48:52', '181.176.75.200', '181.176.75.200'),
(17, 'APPBOSA SAMAN SAMAN', 'DOLE  ', 'ACTUALIZAR', '2017-07-13', '13:49:02', '181.176.75.200', '181.176.75.200'),
(18, 'APPBOSA SAMAN SAMAN', 'TRANSASTRA  ', 'ACTUALIZAR', '2017-07-13', '13:49:11', '181.176.75.200', '181.176.75.200'),
(19, 'APPBOSA SAMAN SAMAN', 'EQUIFRUIT  ', 'ACTUALIZAR', '2017-07-13', '13:49:19', '181.176.75.200', '181.176.75.200'),
(20, 'APPBOSA SAMAN SAMAN', 'San Miguel  ', 'INSERTAR', '2017-07-13', '13:57:17', '181.176.75.200', '181.176.75.200'),
(21, 'APPBOSA SAMAN SAMAN', 'AGROFAIR  ', 'ACTUALIZAR', '2017-07-13', '13:59:58', '181.176.75.200', '181.176.75.200'),
(22, 'APPBOSA SAMAN SAMAN', 'Nilton Anterio Ancajima Castro', 'ACTUALIZAR', '2017-07-19', '11:45:41', '190.238.73.215', '190.238.73.215'),
(23, 'APPBOSA SAMAN SAMAN', 'BIODYNAMISKA  ', 'ACTUALIZAR', '2017-07-25', '10:57:20', '181.176.84.75', '181.176.84.75'),
(24, 'APPBOSA SAMAN SAMAN', 'DOLE  ', 'ACTUALIZAR', '2017-07-25', '10:58:07', '181.176.84.75', '181.176.84.75'),
(25, 'APPBOSA SAMAN SAMAN', 'TRANSASTRA  ', 'ACTUALIZAR', '2017-07-25', '11:09:05', '181.176.84.75', '181.176.84.75'),
(26, 'APPBOSA SAMAN SAMAN', 'EQUIFRUIT  ', 'ACTUALIZAR', '2017-07-25', '11:09:23', '181.176.84.75', '181.176.84.75');

-- --------------------------------------------------------

--
-- Estructura de tabla para la tabla `audit_valija`
--

CREATE TABLE `audit_valija` (
  `id` int(11) NOT NULL,
  `usuario_responsable` varchar(50) NOT NULL,
  `registro` text NOT NULL,
  `operacion` varchar(50) NOT NULL,
  `fecha` date NOT NULL,
  `hora` time NOT NULL,
  `ip` varchar(255) NOT NULL,
  `dispositivo` varchar(255) NOT NULL
) ENGINE=InnoDB DEFAULT CHARSET=latin1;

--
-- Volcado de datos para la tabla `audit_valija`
--

INSERT INTO `audit_valija` (`id`, `usuario_responsable`, `registro`, `operacion`, `fecha`, `hora`, `ip`, `dispositivo`) VALUES
(11, 'APPBOSA SAMAN SAMAN', '1_26_2017_(1)1_24_2017_(1)1_24_2017_(2)AGROFAIR2.pdf', 'INSERTAR', '2017-07-24', '20:16:04', '190.117.166.176', '190.117.166.176'),
(12, 'APPBOSA SAMAN SAMAN', '1_26_2017_(1)1_24_2017_(1)1_24_2017_(2)AGROFAIR2.pdf', 'ELIMINAR', '2017-07-24', '20:16:47', '190.117.166.176', '190.117.166.176'),
(13, 'APPBOSA SAMAN SAMAN', '1_1_2017_(1)MVC.pdf', 'INSERTAR', '2017-08-22', '23:19:42', '181.176.78.33', '181.176.78.33'),
(14, 'APPBOSA SAMAN SAMAN', '1_1_2017_(1)MVC.pdf-20383', 'AGREGAR CONTENEDOR', '2017-08-22', '23:20:13', '181.176.78.33', '181.176.78.33'),
(15, 'APPBOSA SAMAN SAMAN', '1_1_2017_(1)MVC.pdf-20383', 'ELIMINAR CONTENEDOR', '2017-08-22', '23:25:35', '181.176.78.33', '181.176.78.33'),
(16, 'APPBOSA SAMAN SAMAN', '1_1_2017_(1)MVC.pdf', 'ELIMINAR', '2017-08-22', '23:26:23', '181.176.78.33', '181.176.78.33');

-- --------------------------------------------------------

--
-- Estructura de tabla para la tabla `booking`
--

CREATE TABLE `booking` (
  `id` int(11) NOT NULL,
  `codigo` varchar(50) NOT NULL,
  `activo` tinyint(1) NOT NULL DEFAULT '1'
) ENGINE=InnoDB DEFAULT CHARSET=latin1;

--
-- Volcado de datos para la tabla `booking`
--

INSERT INTO `booking` (`id`, `codigo`, `activo`) VALUES
(1, '572123443', 1),
(2, '087LIM227108 ', 1),
(3, '087LIM227108 ', 1),
(4, '98171199', 1);

-- --------------------------------------------------------

--
-- Estructura de tabla para la tabla `caja`
--

CREATE TABLE `caja` (
  `id` int(11) NOT NULL,
  `marca` varchar(50) NOT NULL,
  `peso` decimal(10,2) NOT NULL DEFAULT '18.14',
  `activo` tinyint(1) NOT NULL DEFAULT '1'
) ENGINE=InnoDB DEFAULT CHARSET=latin1;

--
-- Volcado de datos para la tabla `caja`
--

INSERT INTO `caja` (`id`, `marca`, `peso`, `activo`) VALUES
(1, 'ALBERTH HEIJING BANDED', '18.14', 1),
(2, 'ALL SELET ALTOMERCATO (ITALIA)', '18.14', 1),
(3, 'EDEKA BIO BIO FT', '18.14', 1),
(4, 'CB CLUSTERBAGS BABG CARRES', '18.14', 1),
(5, 'EDEKA BIO FT', '18.14', 1),
(6, 'EDEKA BIO ORGANIC', '18.14', 1),
(7, 'EKOOKE FT', '18.14', 1),
(8, 'EQUIFRUIT', '18.14', 1),
(9, 'EKOOKE ORGANIC (VERDE)', '18.14', 1),
(10, 'SAMAN ORGANIC FT', '18.14', 1),
(11, 'SAMAN ORGANIC SPP', '18.14', 1),
(12, 'SPAR', '18.14', 1),
(13, 'YC. BIO GERMANY FLO', '18.14', 1),
(14, 'YC. SPAR  FLO', '18.14', 1),
(15, 'FT COREA CLOUSTER 13KG', '13.00', 1),
(16, 'JAPON 13KG', '13.00', 1),
(17, 'CHIQUITA ORGANIC', '18.14', 1),
(18, 'CHIQUITA ORGANIC 2LB', '18.14', 1),
(20, 'CHIQUITA EUROPA FT', '18.14', 1),
(21, 'WHOLE TRADE', '18.14', 1),
(22, 'YC ALBERTH HEIJING BANDED', '18.14', 1),
(23, 'MIGROS FT', '18.14', 1);

-- --------------------------------------------------------

--
-- Estructura de tabla para la tabla `caja_cliente`
--

CREATE TABLE `caja_cliente` (
  `id` int(11) NOT NULL,
  `cliente_id` int(11) NOT NULL,
  `caja_id` int(11) NOT NULL
) ENGINE=InnoDB DEFAULT CHARSET=latin1;

--
-- Volcado de datos para la tabla `caja_cliente`
--

INSERT INTO `caja_cliente` (`id`, `cliente_id`, `caja_id`) VALUES
(1, 1, 3),
(2, 1, 7),
(4, 2, 10),
(5, 2, 11),
(7, 3, 21),
(8, 4, 12),
(10, 1, 9),
(11, 1, 4),
(12, 1, 5),
(13, 1, 6),
(14, 1, 15),
(15, 1, 23),
(16, 1, 2),
(17, 3, 13),
(18, 3, 14),
(19, 3, 16),
(20, 3, 22),
(21, 4, 1),
(22, 4, 17),
(23, 4, 18),
(24, 4, 20),
(26, 5, 8),
(27, 4, 10);

-- --------------------------------------------------------

--
-- Estructura de tabla para la tabla `caja_contenedor`
--

CREATE TABLE `caja_contenedor` (
  `id` int(11) NOT NULL,
  `contenedor_id` int(11) NOT NULL,
  `caja_id` int(11) NOT NULL,
  `cantidad` int(11) NOT NULL
) ENGINE=InnoDB DEFAULT CHARSET=latin1;

--
-- Volcado de datos para la tabla `caja_contenedor`
--

INSERT INTO `caja_contenedor` (`id`, `contenedor_id`, `caja_id`, `cantidad`) VALUES
(58, 26, 9, 864),
(59, 26, 7, 216),
(60, 27, 17, 1080),
(61, 28, 5, 1080),
(62, 29, 5, 1080),
(63, 30, 5, 1080),
(64, 31, 5, 1080),
(65, 32, 15, 1400),
(66, 33, 6, 1080),
(67, 34, 7, 1080),
(68, 35, 7, 1080),
(69, 36, 7, 1080),
(70, 37, 7, 1080),
(71, 38, 7, 1080),
(72, 39, 9, 864),
(73, 39, 7, 216),
(74, 41, 20, 1080),
(75, 42, 20, 540),
(76, 42, 11, 540),
(77, 43, 1, 1080),
(78, 44, 12, 1080),
(79, 45, 13, 1080),
(80, 46, 8, 960),
(81, 47, 8, 960),
(82, 48, 13, 1080),
(83, 49, 5, 1080),
(84, 50, 5, 1080),
(85, 51, 5, 1080),
(86, 52, 15, 1400),
(87, 53, 7, 1083),
(88, 54, 7, 1080),
(89, 55, 7, 1080),
(90, 56, 7, 1080),
(91, 57, 7, 1080),
(95, 61, 13, 960),
(96, 62, 13, 960),
(98, 64, 13, 960),
(99, 65, 8, 960),
(100, 66, 5, 1080),
(101, 67, 5, 1080),
(102, 68, 15, 1400),
(103, 69, 6, 1080),
(104, 70, 7, 1080),
(105, 71, 7, 1080),
(106, 72, 7, 1080),
(107, 73, 7, 11080),
(108, 74, 7, 1080),
(109, 75, 7, 1080),
(110, 76, 7, 1080),
(111, 77, 9, 864),
(112, 77, 7, 216),
(113, 78, 10, 1080),
(114, 79, 10, 540),
(115, 79, 11, 540),
(116, 80, 1, 1080),
(117, 82, 12, 1080),
(118, 83, 8, 960),
(119, 84, 21, 960),
(120, 85, 21, 960),
(121, 86, 5, 1080),
(122, 87, 5, 1080),
(123, 88, 5, 1080),
(124, 89, 5, 1080),
(125, 90, 15, 1400),
(126, 91, 3, 1079),
(127, 92, 3, 1080),
(128, 93, 3, 1080),
(129, 94, 7, 1080),
(130, 95, 7, 1080),
(131, 96, 7, 216),
(132, 96, 9, 864),
(133, 97, 7, 1080),
(134, 98, 10, 1080),
(135, 99, 10, 540),
(136, 99, 11, 540),
(137, 100, 1, 1080),
(138, 101, 12, 1080),
(139, 102, 21, 960),
(140, 103, 21, 960),
(141, 104, 8, 960),
(142, 105, 8, 960),
(143, 106, 8, 960),
(144, 107, 5, 1080),
(145, 108, 5, 1080),
(146, 109, 5, 1080),
(147, 110, 15, 1400),
(148, 111, 5, 1080),
(149, 112, 5, 1080),
(150, 113, 7, 1080),
(151, 114, 7, 1080),
(152, 115, 7, 1080),
(153, 116, 3, 1080),
(154, 117, 7, 1080),
(155, 118, 7, 216),
(156, 118, 9, 864),
(157, 119, 10, 1080),
(158, 120, 10, 540),
(159, 120, 11, 540),
(160, 121, 1, 1080),
(161, 122, 12, 1080),
(162, 123, 8, 960),
(163, 124, 13, 1080),
(164, 125, 14, 1080),
(165, 126, 8, 960),
(166, 127, 5, 1080),
(167, 128, 5, 1080),
(168, 129, 5, 1080),
(169, 130, 15, 1400),
(170, 131, 7, 1080),
(171, 132, 7, 1080),
(172, 133, 7, 1080),
(173, 134, 7, 1080),
(174, 135, 7, 1080),
(175, 136, 7, 216),
(176, 136, 9, 864),
(177, 137, 2, 540),
(178, 137, 7, 540),
(179, 138, 10, 1080),
(180, 139, 10, 1080),
(181, 140, 10, 540),
(182, 140, 11, 540),
(183, 141, 12, 1080),
(184, 142, 1, 1080),
(185, 143, 13, 1080),
(186, 144, 8, 960),
(187, 145, 14, 1080),
(188, 146, 8, 960),
(189, 147, 8, 960),
(190, 148, 5, 1080),
(191, 149, 5, 1080),
(192, 150, 15, 1400),
(193, 151, 7, 1080),
(194, 152, 7, 1080),
(195, 153, 7, 1080),
(196, 154, 7, 1080),
(197, 155, 7, 1080),
(198, 156, 7, 1080),
(199, 157, 7, 216),
(200, 157, 9, 864),
(201, 158, 2, 1080),
(202, 159, 10, 1080),
(203, 160, 10, 1080),
(204, 161, 11, 540),
(205, 161, 10, 540),
(206, 162, 1, 1080),
(207, 163, 12, 1080),
(208, 164, 8, 1080),
(209, 165, 8, 1080),
(210, 166, 13, 1080),
(211, 167, 14, 1080),
(212, 168, 5, 1080),
(213, 169, 5, 1080),
(214, 170, 15, 1400),
(215, 171, 7, 1080),
(216, 172, 7, 1080),
(217, 173, 7, 1080),
(218, 174, 7, 1080),
(219, 175, 7, 1080),
(220, 176, 6, 1080),
(221, 177, 6, 1080),
(222, 178, 9, 864),
(223, 178, 7, 216),
(224, 179, 2, 1080),
(225, 180, 14, 1080),
(226, 181, 10, 1080),
(227, 182, 10, 1080),
(228, 183, 14, 1080),
(229, 184, 14, 1080),
(230, 185, 12, 1080),
(231, 186, 1, 1080),
(232, 187, 8, 960),
(233, 188, 21, 960),
(234, 189, 21, 960),
(235, 190, 5, 1080),
(236, 191, 5, 1080),
(237, 192, 15, 1400),
(238, 193, 7, 1080),
(239, 194, 7, 1080),
(240, 195, 7, 1080),
(241, 196, 7, 1080),
(242, 197, 7, 1080),
(243, 198, 7, 1080),
(244, 199, 9, 864),
(245, 199, 7, 216),
(246, 200, 7, 540),
(247, 200, 2, 540),
(248, 201, 10, 1080),
(249, 202, 10, 540),
(250, 202, 11, 540),
(251, 203, 12, 1080),
(252, 204, 1, 1080),
(253, 205, 13, 1080),
(255, 206, 21, 960),
(256, 207, 8, 960),
(257, 208, 3, 1080),
(259, 209, 7, 1080),
(260, 210, 7, 1080),
(261, 211, 5, 1080),
(264, 212, 5, 1080),
(265, 213, 5, 1080),
(266, 214, 10, 1080),
(267, 215, 10, 540),
(268, 215, 11, 540),
(269, 216, 7, 1080),
(270, 217, 7, 1080),
(271, 218, 9, 864),
(272, 218, 7, 216),
(273, 219, 12, 1080),
(274, 220, 12, 1080),
(275, 221, 8, 1080),
(276, 222, 8, 1080),
(277, 223, 13, 1080),
(278, 224, 14, 1080),
(279, 225, 21, 960),
(280, 226, 3, 1080),
(281, 228, 5, 1080),
(282, 229, 15, 1400),
(283, 230, 5, 1080),
(284, 231, 5, 1081),
(285, 232, 7, 1080),
(286, 233, 7, 1080),
(287, 234, 6, 1080),
(288, 235, 7, 1080),
(289, 236, 9, 1080),
(290, 237, 7, 540),
(291, 237, 2, 540),
(292, 238, 10, 1080),
(293, 239, 10, 540),
(294, 239, 11, 540),
(295, 240, 12, 1080),
(296, 241, 12, 1080),
(297, 242, 21, 960),
(298, 243, 21, 960),
(299, 244, 8, 960),
(300, 245, 8, 960),
(301, 246, 3, 1080),
(302, 247, 10, 1080),
(303, 248, 10, 1080),
(304, 249, 10, 540),
(305, 249, 11, 540),
(306, 250, 10, 1080),
(309, 252, 5, 1080),
(310, 251, 5, 1080),
(311, 253, 7, 216),
(312, 253, 9, 864),
(321, 257, 7, 1080),
(322, 256, 7, 1080),
(323, 255, 6, 1080),
(324, 254, 14, 1080),
(325, 258, 12, 1080),
(326, 259, 12, 1080),
(327, 260, 8, 960),
(328, 261, 8, 960),
(329, 262, 8, 960),
(330, 263, 3, 1080),
(331, 264, 3, 1080),
(332, 265, 3, 1080),
(333, 266, 5, 1080),
(334, 267, 5, 1080),
(335, 268, 5, 1080),
(336, 269, 7, 1080),
(337, 270, 7, 1080),
(339, 272, 7, 1080),
(340, 271, 6, 1080),
(341, 273, 9, 864),
(342, 273, 7, 216),
(343, 274, 13, 1080),
(345, 275, 14, 1080),
(346, 276, 10, 540),
(347, 277, 10, 1080),
(348, 276, 11, 540),
(349, 278, 12, 1080),
(350, 279, 12, 1080),
(351, 280, 8, 960),
(352, 281, 15, 1400),
(353, 282, 15, 1400),
(354, 283, 3, 1080),
(356, 285, 3, 1080),
(357, 286, 3, 1080),
(358, 284, 7, 1078),
(359, 287, 7, 1080),
(360, 288, 7, 1080),
(363, 291, 2, 1080),
(365, 290, 7, 1080),
(366, 289, 7, 1080),
(367, 292, 7, 1080),
(369, 293, 7, 432),
(370, 293, 9, 648),
(371, 294, 10, 1080),
(373, 296, 10, 1080),
(374, 297, 10, 1080),
(375, 295, 10, 540),
(376, 295, 11, 540),
(377, 298, 8, 960),
(378, 299, 8, 960),
(379, 300, 14, 1080),
(381, 301, 13, 1080),
(382, 302, 1, 1080),
(384, 303, 12, 1080),
(385, 304, 5, 1080),
(387, 306, 5, 1080),
(388, 305, 3, 1080),
(389, 307, 2, 1080),
(390, 308, 2, 1080),
(391, 309, 7, 1080),
(392, 310, 7, 1080),
(393, 311, 7, 1080),
(394, 312, 7, 1080),
(395, 313, 7, 1080),
(397, 314, 9, 1080),
(398, 315, 5, 1080),
(400, 317, 5, 1080),
(401, 316, 3, 1080),
(402, 318, 10, 1080),
(404, 319, 10, 540),
(405, 319, 11, 540),
(406, 320, 8, 960),
(407, 321, 21, 960),
(408, 322, 21, 960),
(409, 323, 17, 1080),
(410, 324, 17, 1080),
(411, 325, 17, 1080),
(412, 326, 17, 1080),
(413, 327, 17, 1080),
(414, 328, 17, 1080),
(415, 329, 17, 1080),
(419, 333, 2, 1080),
(420, 330, 7, 1080),
(421, 332, 7, 1080),
(422, 331, 7, 1080),
(423, 334, 9, 1080),
(425, 335, 6, 1080),
(426, 336, 7, 1080),
(427, 337, 7, 1080),
(428, 338, 7, 1080),
(429, 339, 7, 1080),
(430, 340, 10, 1080),
(432, 342, 10, 1080),
(433, 341, 10, 540),
(434, 341, 11, 540),
(435, 343, 2, 1080),
(436, 344, 2, 1080),
(437, 345, 8, 960),
(438, 346, 8, 960),
(439, 347, 21, 960),
(440, 348, 21, 960),
(441, 349, 1, 108),
(442, 350, 1, 108),
(443, 351, 3, 1080),
(444, 352, 5, 1080),
(445, 353, 5, 1080),
(446, 354, 5, 1080),
(447, 355, 2, 1080),
(448, 356, 2, 1080),
(452, 358, 7, 1080),
(453, 357, 7, 1080),
(454, 359, 7, 270),
(455, 359, 9, 810),
(456, 360, 7, 1080),
(457, 361, 7, 1080),
(458, 362, 7, 1080),
(459, 363, 7, 1080),
(460, 364, 7, 1080),
(461, 365, 7, 1080),
(462, 366, 7, 1080),
(463, 367, 10, 1080),
(465, 368, 10, 540),
(466, 368, 11, 540),
(467, 369, 8, 960),
(468, 63, 21, 960),
(469, 60, 1, 1080),
(470, 59, 10, 594),
(471, 59, 11, 486),
(472, 58, 7, 216),
(473, 58, 9, 864),
(474, 370, 12, 1080),
(475, 371, 7, 1080),
(476, 372, 3, 1080),
(477, 373, 6, 1080),
(478, 374, 6, 1080),
(479, 375, 6, 1080),
(480, 376, 2, 1080),
(481, 377, 7, 1080),
(482, 378, 7, 1080),
(483, 379, 7, 1080),
(484, 380, 7, 1080),
(485, 381, 7, 1080),
(486, 382, 7, 1080),
(487, 383, 7, 1080),
(488, 384, 7, 1080),
(489, 385, 6, 1080),
(490, 386, 10, 1080),
(491, 387, 10, 1080),
(492, 388, 10, 1080),
(493, 389, 10, 540),
(494, 389, 11, 540),
(495, 390, 8, 960),
(496, 391, 21, 960),
(497, 392, 18, 1080),
(498, 393, 18, 1080),
(499, 394, 3, 1080),
(503, 395, 5, 1080),
(504, 397, 2, 1080),
(505, 396, 5, 1080),
(506, 398, 7, 1081),
(508, 399, 5, 1080),
(509, 400, 7, 1080),
(510, 401, 7, 1080),
(511, 402, 7, 1080),
(512, 403, 7, 1080),
(513, 404, 7, 1080),
(515, 406, 7, 1080),
(516, 407, 7, 1080),
(517, 408, 7, 1080),
(518, 405, 7, 270),
(519, 405, 9, 810),
(520, 409, 2, 1080),
(521, 410, 8, 960),
(522, 411, 8, 960),
(524, 413, 17, 1080),
(525, 414, 17, 1080),
(526, 412, 1, 1080),
(528, 416, 6, 1080),
(530, 418, 6, 1080),
(531, 417, 2, 1080),
(532, 415, 7, 1080),
(533, 419, 3, 1080),
(537, 422, 5, 1080),
(538, 421, 5, 1080),
(539, 420, 7, 1080),
(540, 423, 7, 1080),
(541, 424, 7, 1080),
(542, 425, 7, 1080),
(543, 426, 7, 1080),
(544, 427, 7, 1080),
(547, 430, 7, 1080),
(548, 429, 2, 1080),
(549, 428, 7, 432),
(550, 428, 9, 648),
(552, 432, 10, 108),
(553, 431, 11, 540),
(554, 431, 10, 540),
(555, 433, 8, 960),
(556, 434, 21, 960),
(557, 435, 21, 960),
(558, 436, 1, 1080),
(559, 437, 1, 1080),
(560, 438, 1, 1080),
(561, 439, 6, 1080),
(562, 440, 6, 1080),
(567, 444, 7, 1080),
(568, 443, 7, 1080),
(569, 442, 7, 1080),
(570, 441, 2, 1080),
(573, 447, 3, 1080),
(574, 446, 5, 1080),
(575, 445, 5, 1080),
(576, 448, 7, 1080),
(577, 449, 7, 1080),
(578, 450, 7, 1080),
(579, 451, 9, 864),
(580, 451, 7, 216),
(581, 452, 5, 1080),
(583, 454, 5, 1080),
(584, 455, 15, 1400),
(585, 456, 7, 1080),
(586, 457, 7, 1080),
(587, 458, 7, 1080),
(593, 462, 7, 1080),
(594, 461, 7, 1080),
(596, 459, 7, 216),
(597, 459, 9, 864),
(599, 465, 5, 1080),
(600, 466, 5, 1080),
(603, 467, 7, 1080),
(604, 468, 7, 1080),
(605, 469, 7, 1080),
(606, 470, 7, 1080),
(607, 471, 7, 1080),
(620, 476, 7, 378),
(621, 476, 9, 648),
(622, 476, 4, 54),
(623, 475, 2, 1080),
(624, 474, 10, 1080),
(625, 473, 10, 540),
(626, 473, 11, 540),
(627, 472, 8, 960),
(628, 477, 13, 1078),
(629, 478, 21, 960),
(630, 479, 22, 1080),
(631, 480, 22, 1080),
(634, 481, 17, 1080),
(635, 482, 17, 1080),
(636, 483, 6, 1080),
(639, 486, 6, 1080),
(640, 485, 7, 1080),
(641, 484, 7, 1080),
(642, 487, 7, 1080),
(643, 488, 5, 1080),
(644, 489, 5, 1080),
(646, 490, 3, 1080),
(647, 491, 7, 1080),
(648, 492, 7, 1080),
(650, 494, 7, 1080),
(651, 493, 2, 1080),
(652, 495, 7, 378),
(653, 495, 9, 648),
(654, 495, 4, 54),
(656, 497, 10, 1080),
(657, 498, 10, 1080),
(658, 499, 10, 1080),
(659, 496, 10, 540),
(660, 496, 11, 540),
(661, 500, 8, 960),
(662, 501, 21, 960),
(663, 502, 21, 960),
(664, 503, 1, 1080),
(665, 504, 1, 1080),
(668, 505, 10, 540),
(669, 505, 11, 540),
(670, 453, 12, 1080),
(671, 506, 1, 1080),
(672, 507, 12, 1080),
(673, 508, 13, 1080),
(675, 509, 21, 960),
(676, 510, 8, 960),
(677, 511, 8, 960),
(678, 512, 7, 1080),
(679, 513, 7, 1080),
(681, 514, 7, 1080),
(682, 515, 7, 1080),
(683, 516, 7, 1080),
(686, 518, 9, 864),
(687, 518, 7, 216),
(689, 520, 5, 1080),
(690, 521, 5, 1080),
(691, 519, 15, 1400),
(692, 464, 15, 1400),
(693, 463, 6, 1080),
(694, 460, 7, 1080),
(695, 522, 10, 1080),
(697, 523, 10, 540),
(698, 523, 11, 540),
(699, 524, 12, 1080),
(701, 525, 1, 1080),
(702, 526, 8, 960),
(703, 527, 8, 960),
(704, 528, 13, 1080),
(706, 529, 14, 1080),
(707, 530, 7, 1080),
(708, 531, 7, 1080),
(709, 532, 7, 1080),
(718, 537, 6, 1080),
(720, 536, 7, 1080),
(721, 535, 7, 1080),
(722, 534, 7, 1080),
(723, 533, 7, 216),
(724, 533, 9, 864),
(727, 540, 5, 1080),
(729, 538, 5, 1080),
(730, 539, 15, 1400),
(731, 517, 6, 1080),
(732, 541, 10, 1080),
(734, 542, 10, 540),
(735, 542, 11, 540),
(736, 543, 10, 540),
(737, 543, 11, 540),
(739, 545, 12, 1080),
(740, 544, 1, 1080),
(742, 547, 13, 1080),
(743, 546, 21, 960),
(744, 548, 8, 960),
(745, 549, 8, 960),
(746, 550, 3, 1080),
(749, 552, 7, 1080),
(750, 553, 6, 1080),
(751, 554, 7, 1080),
(752, 555, 7, 1080),
(754, 556, 9, 576),
(755, 556, 7, 504),
(756, 557, 3, 1080),
(758, 558, 5, 1080),
(759, 559, 5, 1080),
(761, 560, 15, 1400),
(762, 561, 10, 1080),
(763, 562, 10, 540),
(764, 562, 11, 540),
(766, 564, 12, 1080),
(767, 563, 1, 1080),
(769, 566, 13, 1080),
(770, 565, 21, 960),
(771, 567, 8, 960),
(772, 568, 8, 960),
(773, 569, 7, 1080),
(774, 570, 7, 1080),
(776, 572, 6, 1080),
(777, 571, 7, 1080),
(778, 573, 7, 1080),
(780, 574, 9, 576),
(781, 574, 7, 504),
(782, 575, 3, 1080),
(783, 576, 5, 1080),
(784, 577, 5, 1080),
(785, 578, 15, 1400),
(786, 551, 7, 1080),
(787, 579, 6, 1080),
(789, 581, 6, 1080),
(790, 580, 5, 1080),
(791, 582, 10, 1080),
(792, 583, 10, 1080),
(794, 584, 10, 540),
(795, 584, 11, 540),
(796, 585, 1, 1080),
(798, 586, 12, 1080),
(799, 587, 8, 960),
(800, 588, 13, 1080),
(802, 589, 8, 960),
(803, 590, 7, 1080),
(804, 591, 7, 1080),
(806, 593, 6, 1080),
(807, 592, 7, 1080),
(808, 594, 7, 1080),
(809, 595, 7, 1080),
(811, 596, 9, 576),
(812, 596, 7, 504),
(815, 599, 3, 1080),
(816, 598, 5, 1080),
(817, 597, 5, 1080),
(818, 600, 15, 1400),
(819, 601, 7, 1080),
(821, 603, 10, 1080),
(822, 602, 10, 540),
(823, 602, 11, 540),
(825, 605, 1, 1080),
(826, 604, 12, 1080),
(827, 606, 8, 960),
(829, 608, 21, 960),
(830, 607, 13, 1080),
(831, 609, 7, 1080),
(832, 610, 7, 1080),
(835, 613, 6, 1080),
(836, 611, 9, 576),
(837, 611, 7, 504),
(839, 614, 7, 1080),
(840, 615, 3, 1080),
(841, 616, 3, 1080),
(846, 621, 3, 1080),
(847, 620, 5, 1080),
(848, 619, 5, 1080),
(849, 618, 5, 1080),
(851, 622, 10, 1080),
(852, 623, 10, 1080),
(854, 624, 10, 540),
(855, 624, 11, 540),
(856, 625, 1, 1080),
(858, 626, 12, 1080),
(862, 629, 21, 960),
(863, 628, 13, 1080),
(864, 627, 8, 960),
(865, 630, 10, 1080),
(867, 631, 11, 540),
(868, 632, 13, 1080),
(869, 633, 1, 1080),
(871, 634, 12, 1080),
(872, 635, 8, 960),
(873, 636, 8, 960),
(874, 637, 6, 1080),
(878, 638, 7, 1080),
(879, 639, 7, 1080),
(880, 640, 9, 864),
(881, 640, 7, 216),
(882, 641, 3, 1080),
(885, 642, 5, 1080),
(887, 644, 7, 1080),
(889, 645, 15, 1400),
(891, 647, 3, 1080),
(892, 617, 15, 1400),
(893, 612, 7, 1080),
(894, 631, 20, 540),
(895, 648, 8, 960),
(896, 649, 8, 960),
(897, 650, 13, 1080),
(898, 651, 20, 1080),
(899, 652, 20, 1080),
(903, 643, 5, 1080),
(904, 646, 7, 1080),
(906, 655, 12, 1080),
(908, 657, 7, 1080),
(909, 658, 6, 1080),
(910, 659, 7, 1080),
(911, 660, 7, 1080),
(912, 661, 9, 864),
(913, 661, 7, 216),
(914, 662, 7, 1080),
(916, 663, 7, 1080),
(917, 656, 7, 1080),
(918, 664, 3, 1080),
(919, 665, 5, 1080),
(920, 666, 5, 1080),
(921, 667, 15, 1400),
(922, 668, 8, 960),
(923, 669, 8, 960),
(924, 670, 13, 1080),
(925, 671, 12, 1080),
(926, 672, 1, 1080),
(927, 673, 20, 1080),
(929, 674, 11, 540),
(930, 674, 10, 540),
(931, 675, 5, 1080),
(932, 676, 5, 1080),
(934, 678, 3, 1080),
(935, 677, 3, 1080),
(936, 679, 6, 1080),
(937, 680, 15, 1400),
(938, 681, 7, 1080),
(939, 682, 7, 1080),
(940, 683, 7, 1080),
(941, 684, 7, 1080),
(942, 685, 20, 1080),
(943, 686, 20, 1080),
(944, 687, 1, 1080),
(945, 688, 12, 1080),
(946, 689, 9, 864),
(947, 689, 7, 216),
(948, 690, 21, 960),
(949, 691, 13, 1080),
(950, 692, 11, 540),
(951, 692, 10, 540),
(952, 693, 8, 960),
(953, 694, 8, 960),
(954, 695, 7, 1080),
(955, 696, 7, 1080),
(956, 697, 7, 1080),
(957, 698, 7, 1080),
(958, 699, 6, 1080),
(959, 700, 6, 1080),
(960, 701, 7, 1080),
(961, 702, 7, 1080),
(962, 703, 9, 864),
(963, 703, 7, 216),
(964, 704, 2, 1080),
(965, 705, 3, 1080),
(966, 706, 5, 1080),
(967, 707, 5, 1080),
(968, 708, 15, 1400),
(969, 654, 1, 1080),
(970, 653, 10, 540),
(971, 653, 11, 540),
(972, 709, 5, 1080),
(973, 710, 5, 1080),
(974, 711, 3, 1080),
(975, 712, 7, 1080),
(976, 713, 7, 1080),
(977, 714, 3, 1080),
(978, 715, 3, 1080),
(979, 716, 9, 648),
(980, 716, 7, 432),
(981, 717, 2, 1080),
(982, 718, 10, 1080),
(983, 719, 10, 540),
(984, 719, 11, 540),
(985, 720, 10, 1080),
(986, 721, 12, 1080),
(987, 722, 6, 1080),
(988, 723, 1, 1080),
(989, 724, 13, 1080),
(990, 725, 3, 1080),
(991, 726, 8, 960),
(992, 727, 8, 960);

-- --------------------------------------------------------

--
-- Estructura de tabla para la tabla `cargo`
--

CREATE TABLE `cargo` (
  `id` int(11) NOT NULL,
  `nombre` varchar(50) NOT NULL,
  `activo` tinyint(1) NOT NULL DEFAULT '1'
) ENGINE=InnoDB DEFAULT CHARSET=latin1;

--
-- Volcado de datos para la tabla `cargo`
--

INSERT INTO `cargo` (`id`, `nombre`, `activo`) VALUES
(1, 'Gerente', 1),
(2, 'Administrador', 1),
(8, 'Cliente', 1),
(9, 'Jefe Trazabilidad', 1),
(10, 'Auxiliar Trazabilidad', 1),
(11, 'Operador Logístico', 1),
(12, 'Ing. Agrónoma', 1);

-- --------------------------------------------------------

--
-- Estructura de tabla para la tabla `certificado`
--

CREATE TABLE `certificado` (
  `id` int(11) NOT NULL,
  `id_cliente` int(11) NOT NULL,
  `id_semana` int(11) NOT NULL,
  `id_operador` int(11) DEFAULT NULL,
  `nombre` varchar(255) NOT NULL,
  `fecha` date NOT NULL,
  `hora` time NOT NULL,
  `url` text NOT NULL,
  `descripcion` text,
  `id_estado_archivo` int(11) NOT NULL DEFAULT '2'
) ENGINE=InnoDB DEFAULT CHARSET=latin1;

--
-- Volcado de datos para la tabla `certificado`
--

INSERT INTO `certificado` (`id`, `id_cliente`, `id_semana`, `id_operador`, `nombre`, `fecha`, `hora`, `url`, `descripcion`, `id_estado_archivo`) VALUES
(1, 1, 53, NULL, '1_30_2017_(1)PRIMA ABRIL 2017.pdf', '2017-08-07', '11:37:57', '1_30_2017_(1)PRIMA ABRIL 2017.pdf', 'nada', 2);

-- --------------------------------------------------------

--
-- Estructura de tabla para la tabla `certificado_contenedor`
--

CREATE TABLE `certificado_contenedor` (
  `id` int(11) NOT NULL,
  `certificado_id` int(11) NOT NULL,
  `contenedor_id` int(11) NOT NULL
) ENGINE=InnoDB DEFAULT CHARSET=latin1;

-- --------------------------------------------------------

--
-- Estructura de tabla para la tabla `ciudad`
--

CREATE TABLE `ciudad` (
  `id` int(11) NOT NULL,
  `id_pais` int(11) NOT NULL,
  `nombre` varchar(255) NOT NULL,
  `activo` tinyint(4) DEFAULT '1'
) ENGINE=InnoDB DEFAULT CHARSET=latin1;

--
-- Volcado de datos para la tabla `ciudad`
--

INSERT INTO `ciudad` (`id`, `id_pais`, `nombre`, `activo`) VALUES
(1, 1, 'HOLANDA MERI...', 1),
(2, 2, 'HAMBURGO', 1),
(3, 3, 'CANADA', 1),
(4, 1, 'HOLANDA', 1),
(5, 1, 'DOVER', 1),
(6, 3, 'LOUSIANA', 1),
(7, 3, 'CALIFORNIA', 1),
(8, 3, 'RODMAN', 1),
(9, 4, 'PANAMA', 1),
(10, 4, 'Paita', 0),
(11, 3, 'DOVER USA', 1),
(12, 3, 'FLORIDA', 1),
(13, 5, 'BELGICA', 1),
(14, 3, 'NEW YOURK', 1),
(15, 6, 'JAPON', 1);

-- --------------------------------------------------------

--
-- Estructura de tabla para la tabla `cliente`
--

CREATE TABLE `cliente` (
  `id` int(11) NOT NULL,
  `razon_social` varchar(50) NOT NULL,
  `slug` varchar(20) NOT NULL,
  `email` varchar(50) NOT NULL,
  `telefono` varchar(10) NOT NULL,
  `activo` tinyint(1) NOT NULL DEFAULT '1'
) ENGINE=InnoDB DEFAULT CHARSET=latin1;

--
-- Volcado de datos para la tabla `cliente`
--

INSERT INTO `cliente` (`id`, `razon_social`, `slug`, `email`, `telefono`, `activo`) VALUES
(1, 'AGROFAIR', 'agrofair', '', '', 1),
(2, 'BIODYNAMISKA', 'biodynamiska', '', '', 1),
(3, 'DOLE', 'dole', '', '', 1),
(4, 'TRANSASTRA', 'transastra', '', '', 1),
(5, 'EQUIFRUIT', 'equifruit', '', '', 1);

-- --------------------------------------------------------

--
-- Estructura de tabla para la tabla `cliente_operador`
--

CREATE TABLE `cliente_operador` (
  `id` int(11) NOT NULL,
  `cliente_id` int(11) NOT NULL,
  `operador_id` int(11) NOT NULL
) ENGINE=InnoDB DEFAULT CHARSET=latin1;

--
-- Volcado de datos para la tabla `cliente_operador`
--

INSERT INTO `cliente_operador` (`id`, `cliente_id`, `operador_id`) VALUES
(1, 1, 15),
(2, 2, 1),
(3, 3, 1),
(10, 5, 1),
(11, 4, 15);

-- --------------------------------------------------------

--
-- Estructura de tabla para la tabla `contenedor`
--

CREATE TABLE `contenedor` (
  `id` int(11) NOT NULL,
  `id_semana` int(11) NOT NULL,
  `id_cliente` int(11) NOT NULL,
  `referencia` varchar(20) NOT NULL,
  `booking` varchar(20) NOT NULL,
  `numero_contenedor` varchar(50) DEFAULT NULL,
  `id_lineanaviera` int(11) NOT NULL,
  `nave` varchar(50) NOT NULL,
  `viaje` varchar(20) NOT NULL,
  `id_puertodestino` int(11) NOT NULL,
  `id_operador` int(11) NOT NULL,
  `fecha_proceso_inicio` date NOT NULL,
  `fecha_proceso_fin` date NOT NULL,
  `fecha_zarpe` date DEFAULT NULL,
  `fecha_llegada` date DEFAULT NULL,
  `peso_bruto` double DEFAULT NULL,
  `peso_neto` double DEFAULT NULL,
  `activo` tinyint(1) NOT NULL DEFAULT '1',
  `factura` tinyint(1) NOT NULL DEFAULT '1',
  `certificado` tinyint(1) NOT NULL DEFAULT '1',
  `packing` tinyint(1) NOT NULL DEFAULT '1',
  `valija` tinyint(1) NOT NULL DEFAULT '1'
) ENGINE=InnoDB DEFAULT CHARSET=latin1;

--
-- Volcado de datos para la tabla `contenedor`
--

INSERT INTO `contenedor` (`id`, `id_semana`, `id_cliente`, `referencia`, `booking`, `numero_contenedor`, `id_lineanaviera`, `nave`, `viaje`, `id_puertodestino`, `id_operador`, `fecha_proceso_inicio`, `fecha_proceso_fin`, `fecha_zarpe`, `fecha_llegada`, `peso_bruto`, `peso_neto`, `activo`, `factura`, `certificado`, `packing`, `valija`) VALUES
(26, 22, 1, '22513', '960685565', 'PONU 481624-0', 5, 'NORTHERN DEXTERITY 4', '1708', 1, 2, '2017-05-29', '2017-05-30', '2017-05-31', '2017-06-01', NULL, NULL, 0, 1, 1, 1, 1),
(27, 22, 2, '1223', '1222', NULL, 2, 'rrrrrggg', '133', 1, 7, '2017-05-09', '2017-05-11', '2017-05-22', '2017-05-24', NULL, NULL, 0, 1, 1, 1, 1),
(28, 23, 1, '22595', '960758731', 'PONU 497834-4', 5, 'MSK-SEALAND MANZANILLA', '1708', 1, 2, '2017-05-22', '2017-05-22', '2017-05-28', '2017-06-16', NULL, NULL, 1, 1, 1, 1, 1),
(29, 23, 1, '22596', '960758731', 'MNBU 315895-0', 5, 'MSK-SEALAND MANZANILLA', '1708', 1, 2, '2017-05-22', '2017-05-22', '2017-05-28', '2017-06-16', NULL, NULL, 1, 1, 1, 1, 1),
(30, 23, 1, '22597', '960758731', 'PONU 480767-6', 5, 'MSK-SEALAND MANZANILLA', '1708', 1, 2, '2017-05-22', '2017-05-22', '2017-05-28', '2017-06-16', NULL, NULL, 1, 1, 1, 1, 1),
(31, 23, 1, '22598', '960758731', 'PONU 482052-8', 5, 'SEALAND MANZANILLA', '1708', 1, 2, '2017-05-23', '2017-05-23', '2017-05-28', '2017-06-16', NULL, NULL, 1, 1, 1, 1, 1),
(32, 23, 1, '22599', '960758739', 'MMAU 107222-6', 5, 'SEALAND MANZANILLA', '1708', 7, 2, '2017-05-23', '2017-05-23', '2017-05-28', '2017-06-29', NULL, NULL, 1, 1, 1, 1, 1),
(33, 23, 1, '22588', 'MBM140178149', 'BMOU 965137-1', 8, 'POLAR LIGHT', 'SR 17014EB', 3, 2, '2017-05-24', '2017-05-24', '2017-05-28', '2017-06-15', NULL, NULL, 1, 1, 1, 1, 1),
(34, 23, 1, '22589', 'MBM140178149', 'TTNU 896246-2', 8, 'POLAR LIGHT', 'SR 17014EB', 3, 2, '2017-05-24', '2017-05-24', '2017-05-28', '2017-06-15', NULL, NULL, 1, 1, 1, 1, 1),
(35, 23, 1, '22590', 'MBM 140178149', 'BMOU 961635-0', 8, 'POLAR LIGHT', 'SR 17014EB', 3, 2, '2017-05-24', '2017-05-24', '2017-05-28', '2017-06-15', NULL, NULL, 1, 1, 1, 1, 1),
(36, 23, 1, '22591', '7LIMES2775', 'SUDU 605016-3', 3, 'HSD-MAGARI', '722', 3, 2, '2017-05-24', '2017-05-24', '2017-05-30', '2017-06-20', NULL, NULL, 1, 1, 1, 1, 1),
(37, 23, 1, '22592', '7LIMES2775', 'SUDU 605417-4', 3, 'HSD-MAGARI', '722', 3, 2, '2017-05-25', '2017-05-25', '2017-05-30', '2017-06-20', NULL, NULL, 1, 1, 1, 1, 1),
(38, 23, 1, '22593', '7LIMES2775', 'SUDU 604948-1', 3, 'HSD-MAGARI', '722', 3, 2, '2017-05-25', '2017-05-25', '2017-05-30', '2017-06-20', NULL, NULL, 1, 1, 1, 1, 1),
(39, 23, 1, '22594', '7LIMES2775', 'SUDU 529208-0', 3, 'HSD-MAGARI', '722', 3, 2, '2017-05-25', '2017-05-25', '2017-05-30', '2017-06-20', NULL, NULL, 1, 1, 1, 1, 1),
(41, 23, 2, '1', '12629836', 'HLXU 876009-0', 4, 'HLE- MAGARI', '722', 3, 1, '2017-05-26', '2017-05-26', '2017-05-30', '2017-06-20', NULL, NULL, 1, 1, 1, 1, 1),
(42, 23, 2, '2', '12629836', 'HLBU 900451-0', 4, 'HLE- MAGARI', '722', 3, 1, '2017-05-26', '2017-05-26', '2017-05-30', '2017-06-20', NULL, NULL, 1, 1, 1, 1, 1),
(43, 23, 4, '1', '98517939', 'TCLU 102844-3', 4, 'HLE- MAGARI', '722', 3, 2, '2017-05-27', '2017-05-27', '2017-05-30', '2017-06-20', NULL, NULL, 1, 1, 1, 1, 1),
(44, 23, 4, '2', '98517939', 'CRLU 137750-9', 4, 'HLE- MAGARI', '722', 3, 2, '2017-05-27', '2017-05-27', '2017-05-30', '2017-06-20', NULL, NULL, 1, 1, 1, 1, 1),
(45, 23, 3, '1', 'LMM0215232', 'TLLU 106897-4', 2, 'MAGARI', '016', 6, 1, '2017-05-27', '2017-05-27', '2017-05-29', '2017-06-20', NULL, NULL, 1, 1, 1, 1, 1),
(46, 23, 5, '1', '7LIMAG1275', 'SUDU 823613-6', 3, 'HSD-MAGARI', '722', 2, 2, '2017-05-27', '2017-05-27', '2017-05-30', '2017-06-20', NULL, NULL, 1, 1, 1, 1, 1),
(47, 23, 5, '2', '7LIMAG1275', 'SUDU  523335-0', 3, 'HSD-MAGARI', '722', 2, 2, '2017-05-28', '2017-05-28', '2017-05-30', '2017-06-20', NULL, NULL, 1, 1, 1, 1, 1),
(48, 23, 3, '2', 'B6JBK024778', 'CXRU 161009-2', 9, 'ALIOTH', '171', 6, 1, '2017-05-28', '2017-05-28', '2017-05-31', '2017-06-20', NULL, NULL, 1, 1, 1, 1, 1),
(49, 24, 1, '22694', '960851846', 'MWCU 657259-1', 5, 'SEALAND GUAYAQUIL', '1710', 1, 2, '2017-05-28', '2017-05-28', '2017-06-02', '2017-06-25', NULL, NULL, 1, 1, 1, 1, 1),
(50, 24, 1, '22695', '960851846', 'DAYU 670586-6', 5, 'SEALAND GUAYAQUIL', '1710', 1, 2, '2017-05-29', '2017-05-29', '2017-06-02', '2017-06-25', NULL, NULL, 1, 1, 1, 1, 1),
(51, 24, 1, '22696', '960851846', 'MSWU 102357-9', 5, 'SEALAND GUAYAQUIL', '1710', 1, 2, '2017-05-30', '2017-05-30', '2017-06-02', '2017-06-25', NULL, NULL, 1, 1, 1, 1, 1),
(52, 24, 1, '22698', '960851855', 'MMAU 107723-3', 5, 'SEALAND GUAYAQUIL', '1710', 7, 2, '2017-05-30', '2017-05-30', '2017-06-02', '2017-07-02', NULL, NULL, 1, 1, 1, 1, 1),
(53, 24, 1, '22687', 'MBM140178152', 'TCLU 138551-7', 8, 'NEDERLAND REEFER', 'RA17015EB', 3, 2, '2017-05-30', '2017-05-30', '2017-06-05', '2017-05-22', NULL, NULL, 1, 1, 1, 1, 1),
(54, 24, 1, '22688', 'MBM140178152', 'SZLU 980331-0', 8, 'NEDERLAND REEFER', 'RA17015EB', 3, 2, '2017-06-02', '2017-06-02', '2017-06-05', '2017-06-22', NULL, NULL, 1, 1, 1, 1, 1),
(55, 24, 1, '22689', 'MBM140178152', 'RRSU 100351-4', 8, 'NEDERLAND REEFER', 'RA17015EB', 3, 2, '2017-06-02', '2017-06-02', '2017-06-05', '2017-06-22', NULL, NULL, 1, 1, 1, 1, 1),
(56, 24, 1, '22690', '7LIMES2945', 'CNIU 222198-8', 3, 'MAGARI', '723', 3, 2, '2017-05-30', '2017-05-30', '2017-06-06', '2017-06-27', NULL, NULL, 1, 1, 1, 1, 1),
(57, 24, 1, '22691', '7LIMES2945', 'SUDU 600809-7', 3, 'MAGARI', '723', 3, 2, '2017-06-03', '2017-06-03', '2017-06-06', '2017-06-27', NULL, NULL, 1, 1, 1, 1, 1),
(58, 24, 1, '22693', '7LIMES2945', 'TEMU 906017-7', 3, 'MAGARI', '723', 3, 2, '2017-06-03', '2017-06-03', '2017-06-06', '2017-06-27', NULL, NULL, 1, 1, 1, 1, 1),
(59, 24, 2, '1', '98538041', 'HXLU 877232-1', 4, 'MAGARI', '723', 3, 1, '2017-06-03', '2017-06-03', '2017-06-08', '2017-07-08', NULL, NULL, 1, 1, 1, 1, 1),
(60, 24, 4, '1', '087LIM234655', 'MSCU 7433652', 7, 'EANLAND LOS ANGELES', '1710', 3, 2, '2017-06-05', '2017-06-05', '2017-06-10', '2017-07-10', NULL, NULL, 1, 1, 1, 1, 1),
(61, 24, 3, '1', '1', NULL, 2, 'MAGARI', '1', 6, 1, '2017-06-04', '2017-06-04', NULL, NULL, NULL, NULL, 0, 1, 1, 1, 1),
(62, 24, 3, '1', '1', NULL, 2, 'MAGARI', '1', 6, 1, '2017-06-04', '2017-06-04', NULL, NULL, NULL, NULL, 0, 1, 1, 1, 1),
(63, 24, 3, '1', 'B6JBK024823', 'DFIU 215125-2', 9, 'DOLE', '1', 4, 1, '2017-06-04', '2017-06-04', '2017-06-09', '2017-07-09', NULL, NULL, 1, 1, 1, 1, 1),
(64, 24, 3, '1', '1', NULL, 2, 'MAGARI', '1', 6, 1, '2017-06-04', '2017-06-04', NULL, NULL, NULL, NULL, 0, 1, 1, 1, 1),
(65, 24, 5, '1', '7LIMAG1334', 'SUDU 621885-3', 3, 'MAGARI', '723', 2, 2, '2017-06-04', '2017-06-04', '2017-06-09', '2017-07-09', NULL, NULL, 1, 1, 1, 1, 1),
(66, 25, 1, '22513', '960685565', 'PONU 481624-0', 5, 'SEALAND PHILADELPHIA', '1708', 1, 2, '2017-05-13', '2017-05-13', '2017-05-17', '2017-06-03', NULL, NULL, 1, 1, 1, 1, 1),
(67, 25, 1, '22514', '960685565', NULL, 5, 'SEALAND PHILADELPHIA', '1708', 1, 2, '2017-05-16', '2017-05-16', '2017-05-24', '2017-05-16', NULL, NULL, 1, 1, 1, 1, 1),
(68, 25, 1, '22515', '960685575', NULL, 5, 'SEALAND PHILADELPHIA', '1708', 7, 2, '2017-05-16', '2017-05-16', '2017-05-24', '2017-06-15', NULL, NULL, 1, 1, 1, 1, 1),
(69, 25, 1, '22505', 'MBM140178147', NULL, 8, 'SCHWEIZ REEFER', '17013', 3, 2, '2017-05-17', '2017-05-17', '2017-05-25', '2017-06-17', NULL, NULL, 1, 1, 1, 1, 1),
(70, 25, 1, '22506', 'MBM140178147', NULL, 8, 'SCHWEIZ REEFER', '17013', 3, 2, '2017-05-17', '2017-05-17', '2017-05-25', '2017-05-25', NULL, NULL, 1, 1, 1, 1, 1),
(71, 25, 1, '22507', 'MBM140178147', NULL, 7, 'SCHWEIZ REEFER', '17013', 3, 2, '2017-05-17', '2017-05-17', '2017-05-25', '2017-05-22', NULL, NULL, 1, 1, 1, 1, 1),
(72, 25, 1, '22508', 'MBM140178147', NULL, 8, 'SCHWEIZ REEFER', '17013', 3, 2, '2017-05-18', '2017-05-18', '2017-05-25', '2017-06-14', NULL, NULL, 1, 1, 1, 1, 1),
(73, 25, 1, '22509', '7LIMES2647', NULL, 3, 'MAGARI', '721', 3, 2, '2017-05-18', '2017-05-18', '2017-05-25', '2017-05-25', NULL, NULL, 1, 1, 1, 1, 1),
(74, 25, 1, '22510', '7LIMES2647', NULL, 3, 'MAGARI', '721', 3, 2, '2017-05-18', '2017-05-18', '2017-05-28', '2017-06-21', NULL, NULL, 1, 1, 1, 1, 1),
(75, 25, 1, '22511', '7LIMES2647', NULL, 3, 'MAGARI', '721', 3, 2, '2017-05-19', '2017-05-19', '2017-05-29', '2017-06-24', NULL, NULL, 1, 1, 1, 1, 1),
(76, 25, 1, '22574', '7LIMES2647', NULL, 3, 'MAGARI', '721', 3, 2, '2017-05-19', '2017-05-19', '2017-05-27', '2017-06-22', NULL, NULL, 1, 1, 1, 1, 1),
(77, 25, 1, '22512', '7LIMES2647', NULL, 3, 'MAGARI', '721', 3, 2, '2017-05-19', '2017-05-19', '2017-05-28', '2017-06-29', NULL, NULL, 1, 1, 1, 1, 1),
(78, 25, 2, '1', '98481475', NULL, 4, 'MAGARI', '721', 3, 1, '2017-05-19', '2017-05-19', '2017-05-29', '2017-06-29', NULL, NULL, 1, 1, 1, 1, 1),
(79, 25, 2, '2', '98481475', NULL, 4, 'MAGARI', '721', 3, 1, '2017-05-20', '2017-05-20', '2017-05-30', '2017-06-30', NULL, NULL, 1, 1, 1, 1, 1),
(80, 25, 4, '1', '98488003', NULL, 4, 'MAGARI', '721', 3, 2, '2017-05-20', '2017-05-20', '2017-05-30', '2017-06-30', NULL, NULL, 1, 1, 1, 1, 1),
(82, 25, 4, '2', '98488003', NULL, 4, 'MAGARI', '721', 3, 2, '2017-05-20', '2017-05-20', '2017-05-30', '2017-06-30', NULL, NULL, 1, 1, 1, 1, 1),
(83, 25, 5, '1', '7LIMAG1194', NULL, 3, 'MAGARI', '721', 2, 2, '2017-05-21', '2017-05-21', '2017-06-03', '2017-06-03', NULL, NULL, 1, 1, 1, 1, 1),
(84, 25, 3, '1', 'B6JBK024736', NULL, 9, 'JAMILA', '051', 4, 1, '2017-05-21', '2017-05-21', '2017-06-02', '2017-07-02', NULL, NULL, 1, 1, 1, 1, 1),
(85, 25, 2, '2', 'B6JBK024735', NULL, 9, 'JAMILA', '051', 4, 1, '2017-05-21', '2017-05-21', '2017-06-01', '2017-07-01', NULL, NULL, 1, 1, 1, 1, 1),
(86, 26, 1, '22383', '960593965', NULL, 5, 'MARINER', '1708', 1, 2, '2017-05-07', '2017-05-07', '2017-05-13', '2017-06-13', NULL, NULL, 1, 1, 1, 1, 1),
(87, 26, 1, '22384', '960593965', NULL, 5, 'MARINER', '1708', 1, 2, '2017-05-07', '2017-05-07', '2017-05-13', '2017-06-13', NULL, NULL, 1, 1, 1, 1, 1),
(88, 26, 1, '22385', '960593965', NULL, 5, 'MARINER', '1708', 1, 2, '2017-05-08', '2017-05-08', '2017-05-14', '2017-06-14', NULL, NULL, 1, 1, 1, 1, 1),
(89, 26, 1, '22386', '960593965', NULL, 5, 'MARINER', '1708', 1, 2, '2017-05-08', '2017-05-08', '2017-05-15', '2017-06-15', NULL, NULL, 1, 1, 1, 1, 1),
(90, 26, 1, '22387', '960593971', NULL, 5, 'MARINER', '1708', 7, 2, '2017-05-09', '2017-05-09', '2017-05-16', '2017-06-16', NULL, NULL, 1, 1, 1, 1, 1),
(91, 26, 1, '22308', 'MBM140178145', NULL, 8, 'LOMBOK STRAIT', 'SR17012EB', 3, 2, '2017-05-09', '2017-05-09', '2017-05-16', '2017-06-16', NULL, NULL, 0, 1, 1, 1, 1),
(92, 26, 1, '22378', 'MBM140178145', NULL, 8, 'LOMBOK STRAIT', 'SR17012EB', 3, 2, '2017-05-09', '2017-05-09', '2017-05-15', '2017-06-15', NULL, NULL, 1, 1, 1, 1, 1),
(93, 26, 1, '22378', 'MBM140178145', NULL, 8, 'LOMBOK STRAIT', 'SR17012EB', 3, 2, '2017-05-09', '2017-05-09', '2017-05-15', '2017-06-15', NULL, NULL, 1, 1, 1, 1, 1),
(94, 26, 1, '22379', 'MBM140178145', NULL, 8, 'LOMBOK STRAIT', 'SR17012EB', 3, 2, '2017-05-09', '2017-05-09', '2017-05-14', '2017-06-14', NULL, NULL, 1, 1, 1, 1, 1),
(95, 26, 1, '22380', '7LIMES2508', NULL, 3, 'MAGARI', '720', 3, 2, '2017-05-10', '2017-05-10', NULL, NULL, NULL, NULL, 1, 1, 1, 1, 1),
(96, 26, 1, '22382', '7LIMES2508', NULL, 3, 'MAGARI', '720', 3, 2, '2017-05-11', '2017-05-11', '2017-05-18', '2017-06-18', NULL, NULL, 1, 1, 1, 1, 1),
(97, 26, 1, '22381', '7LIMES2508', NULL, 3, 'MAGARI', '720', 3, 2, '2017-05-10', '2017-05-10', '2017-05-17', '2017-06-17', NULL, NULL, 1, 1, 1, 1, 1),
(98, 26, 2, '1', '98450104', NULL, 4, 'MAGARI', '720', 3, 1, '2017-05-11', '2017-05-11', '2017-05-19', '2017-06-19', NULL, NULL, 1, 1, 1, 1, 1),
(99, 26, 2, '2', '98450104', NULL, 4, 'MAGARI', '720', 3, 1, '2017-05-11', '2017-05-11', '2017-05-18', '2017-06-18', NULL, NULL, 1, 1, 1, 1, 1),
(100, 26, 4, '1', '98463454', NULL, 4, 'MAGARI', '720', 3, 2, '2017-05-11', '2017-05-11', '2017-05-19', '2017-06-19', NULL, NULL, 1, 1, 1, 1, 1),
(101, 26, 4, '2', '98463454', NULL, 4, 'MAGARI', '720', 3, 9, '2017-05-12', '2017-05-12', '2017-05-20', '2017-06-20', NULL, NULL, 1, 1, 1, 1, 1),
(102, 26, 3, '1', 'B6JBK024710', NULL, 9, 'ALIOTH', '170', 4, 1, '2017-05-12', '2017-05-12', '2017-05-20', '2017-06-20', NULL, NULL, 1, 1, 1, 1, 1),
(103, 26, 1, '2', 'B6JBK024709', NULL, 9, 'ALIOTH', '710', 4, 1, '2017-05-12', '2017-05-12', '2017-05-20', '2017-05-20', NULL, NULL, 1, 1, 1, 1, 1),
(104, 26, 5, '1', '7LIMAG1117', NULL, 2, 'MAGARI', '720', 6, 1, '2017-05-13', '2017-05-13', '2017-05-21', '2017-06-21', NULL, NULL, 1, 1, 1, 1, 1),
(105, 26, 5, '2', '7LIMAG1117', NULL, 3, 'MAGARI', '720', 2, 2, '2017-05-13', '2017-05-13', '2017-05-23', '2017-06-23', NULL, NULL, 1, 1, 1, 1, 1),
(106, 26, 5, '3', '7LIMAG1117', NULL, 3, 'MAGARI', '721', 2, 2, '2017-05-13', '2017-05-13', '2017-05-14', '2017-05-14', NULL, NULL, 1, 1, 1, 1, 1),
(107, 27, 1, '22312', '960508266', NULL, 5, 'SEALAND BALBOA', '1708', 1, 2, '2017-04-29', '2017-04-29', '2017-05-06', '2017-06-06', NULL, NULL, 1, 1, 1, 1, 1),
(108, 27, 1, '22313', '960508266', NULL, 5, 'SEALAND BALBOA', '1708', 1, 2, '2017-04-29', '2017-05-29', '2017-05-06', '2017-05-24', NULL, NULL, 1, 1, 1, 1, 1),
(109, 27, 1, '22314', '960508266', NULL, 5, 'SEALAND BALBOA', '1708', 1, 2, '2017-04-29', '2017-04-29', '2017-05-06', '2017-05-24', NULL, NULL, 1, 1, 1, 1, 1),
(110, 27, 1, '22316', '960508294', NULL, 5, 'SEALAND BALBOA', '1708', 7, 2, '2017-04-30', '2017-04-30', '2017-05-07', '2017-05-23', NULL, NULL, 1, 1, 1, 1, 1),
(111, 27, 1, '22315', '960508266', NULL, 5, 'SEALAND BALBOA', '1708', 1, 2, '2017-04-30', '2017-04-30', '2017-05-07', '2017-05-23', NULL, NULL, 1, 1, 1, 1, 1),
(112, 27, 1, '22315', '960508266', NULL, 5, 'SEALAND BALBOA', '1708', 1, 2, '2017-04-30', '2017-04-30', '2017-05-07', '2017-05-23', NULL, NULL, 0, 1, 1, 1, 1),
(113, 27, 1, '22307', 'MBM140178142', NULL, 8, 'ATLANTIC KLIPPER', 'SR17011EB', 3, 2, '2017-04-30', '2017-04-30', '2017-05-07', '2017-05-23', NULL, NULL, 1, 1, 1, 1, 1),
(114, 27, 1, '22309', '7LIMES2374', NULL, 3, 'MAGARI', '719', 3, 2, '2017-05-03', '2017-05-03', '2017-05-08', '2017-05-24', NULL, NULL, 1, 1, 1, 1, 1),
(115, 27, 1, '22310', '7LIMES2374', NULL, 3, 'MAGARI', '719', 3, 2, '2017-05-03', '2017-05-03', '2017-05-08', '2017-05-24', NULL, NULL, 1, 1, 1, 1, 1),
(116, 27, 1, '22355', 'MBM140178142', NULL, 8, 'ATLANTIC KLIPPER', 'SR17011EB', 3, 2, '2017-05-04', '2017-05-04', '2017-05-09', '2017-05-25', NULL, NULL, 1, 1, 1, 1, 1),
(117, 27, 1, '22311', '7LIMES2374', NULL, 3, 'MAGARI', '719', 3, 2, '2017-05-04', '2017-05-04', '2017-05-09', '2017-05-29', NULL, NULL, 1, 1, 1, 1, 1),
(118, 27, 1, '22317', '7LIMES2374', NULL, 3, 'MAGARI', '719', 3, 2, '2017-05-04', '2017-05-04', '2017-05-09', '2017-05-29', NULL, NULL, 1, 1, 1, 1, 1),
(119, 27, 2, '1', '98443785', NULL, 4, 'MAGARI', '719', 3, 1, '2017-05-04', '2017-05-04', '2017-05-09', '2017-05-29', NULL, NULL, 1, 1, 1, 1, 1),
(120, 27, 2, '2', '98450709', NULL, 4, 'MAGARI', '719', 3, 1, '2017-05-05', '2017-05-05', '2017-05-10', '2017-05-30', NULL, NULL, 1, 1, 1, 1, 1),
(121, 27, 4, '1', '98436819', NULL, 4, 'MAGARI', '719', 3, 2, '2017-05-05', '2017-05-05', '2017-05-10', '2017-05-30', NULL, NULL, 1, 1, 1, 1, 1),
(122, 27, 4, '2', '98436819', NULL, 4, 'MAGARI', '719', 3, 2, '2017-05-06', '2017-05-06', '2017-05-11', '2017-05-31', NULL, NULL, 1, 1, 1, 1, 1),
(123, 27, 5, '1', '7LIMAG1025', NULL, 3, 'MAGARI', '719', 2, 2, '2017-05-06', '2017-05-06', '2017-05-11', '2017-05-31', NULL, NULL, 1, 1, 1, 1, 1),
(124, 27, 3, '1', 'LMM0214243', NULL, 2, 'MAGARI', '013', 6, 1, '2017-05-06', '2017-05-06', '2017-05-11', '2017-05-31', NULL, NULL, 1, 1, 1, 1, 1),
(125, 27, 3, '2', 'LMM0214243', NULL, 3, 'MAGARI', '013', 6, 1, '2017-05-06', '2017-05-06', '2017-05-11', '2017-05-31', NULL, NULL, 1, 1, 1, 1, 1),
(126, 27, 5, '2', '7LIMAG1026', NULL, 3, 'MAGARI', '719', 2, 2, '2017-05-07', '2017-05-07', '2017-05-12', '2017-06-01', NULL, NULL, 1, 1, 1, 1, 1),
(127, 28, 1, '22182', '960375921', NULL, 5, 'SEALAND LOS ANGELES', '1708', 1, 2, '2017-04-23', '2017-04-23', '2017-04-28', '2017-05-08', NULL, NULL, 1, 1, 1, 1, 1),
(128, 28, 1, '22185', '960375921', NULL, 5, 'SEALAND LOS ANGELES', '1708', 1, 2, '2017-04-23', '2017-04-23', '2017-04-28', '2017-05-08', NULL, NULL, 1, 1, 1, 1, 1),
(129, 28, 1, '22186', '960375921', NULL, 5, 'SEALAND LOS ANGELES', '1708', 1, 2, '2017-04-23', '2017-04-23', '2017-04-28', '2017-05-13', NULL, NULL, 1, 1, 1, 1, 1),
(130, 28, 1, '22187', '960375916', NULL, 5, 'SEALAND LOS ANGELES', '1708', 7, 2, '2017-04-24', '2017-04-24', '2017-04-30', '2017-05-10', NULL, NULL, 1, 1, 1, 1, 1),
(131, 28, 1, '22175', 'MBM140178139', NULL, 8, 'BALTIC KLIPPER', '17010', 3, 2, '2017-04-24', '2017-04-24', '2017-04-29', '2017-05-09', NULL, NULL, 1, 1, 1, 1, 1),
(132, 28, 1, '22176', 'MBM140178139', NULL, 8, 'BALTIC KLIPPER', 'SR17010EB', 3, 2, '2017-04-24', '2017-04-24', '2017-04-29', '2017-05-12', NULL, NULL, 1, 1, 1, 1, 1),
(133, 28, 1, '22177', 'MBM140178139', NULL, 8, 'BALTIC KLIPPER', 'SR17010EB', 3, 2, '2017-04-24', '2017-04-24', '2017-04-29', '2017-05-18', NULL, NULL, 1, 1, 1, 1, 1),
(134, 28, 1, '22178', '7LIMES2192', NULL, 3, 'MAGARI', '718', 3, 2, '2017-04-25', '2017-05-25', '2017-05-30', '2017-05-17', NULL, NULL, 1, 1, 1, 1, 1),
(135, 28, 1, '22179', '7LIMES2192', NULL, 3, 'MAGARI', '718', 3, 2, '2017-04-25', '2017-05-25', '2017-04-30', '2017-05-17', NULL, NULL, 1, 1, 1, 1, 1),
(136, 28, 1, '22180', '7LIMES2192', NULL, 3, 'MAGARI', '718', 3, 2, '2017-04-26', '2017-04-26', '2017-05-01', '2017-05-19', NULL, NULL, 1, 1, 1, 1, 1),
(137, 28, 1, '22181', '7LIMES2192', NULL, 3, 'MAGARI', '718', 3, 2, '2017-04-26', '2017-04-26', '2017-05-01', '2017-05-19', NULL, NULL, 1, 1, 1, 1, 1),
(138, 28, 2, '1', '983909905', NULL, 4, 'MAGARI', '718', 3, 1, '2017-04-26', '2017-04-26', '2017-05-01', '2017-05-20', NULL, NULL, 0, 1, 1, 1, 1),
(139, 28, 2, '1', '983909905', NULL, 4, 'MAGARI', '718', 3, 1, '2017-04-26', '2017-04-26', '2017-05-01', '2017-05-20', NULL, NULL, 1, 1, 1, 1, 1),
(140, 28, 2, '2', '9839095', NULL, 4, 'MAGARI', '718', 3, 1, '2017-04-26', '2017-04-26', '2017-05-01', '2017-05-20', NULL, NULL, 1, 1, 1, 1, 1),
(141, 28, 4, '1', '98390933', NULL, 4, 'MAGARI', '718', 3, 2, '2017-04-27', '2017-04-27', '2017-05-02', '2017-05-22', NULL, NULL, 1, 1, 1, 1, 1),
(142, 28, 4, '2', '98390933', NULL, 4, 'MAGARI', '718', 3, 2, '2017-04-27', '2017-04-27', '2017-05-02', '2017-05-22', NULL, NULL, 1, 1, 1, 1, 1),
(143, 28, 3, '1', 'LMM0213991', NULL, 2, 'MAGARI', '012', 6, 1, '2017-04-27', '2017-04-27', '2017-05-02', '2017-05-22', NULL, NULL, 1, 1, 1, 1, 1),
(144, 28, 5, '1', '7LIMAG0937', NULL, 3, 'MAGARI', '718', 2, 2, '2017-04-27', '2017-04-27', '2017-05-02', '2017-05-23', NULL, NULL, 1, 1, 1, 1, 1),
(145, 28, 3, '2', 'LMM0213991', NULL, 2, 'MAGARI', '012', 6, 1, '2017-04-28', '2017-04-28', '2017-05-03', '2017-05-23', NULL, NULL, 1, 1, 1, 1, 1),
(146, 28, 5, '2', '7LIMAG0967', NULL, 3, 'MAGARI', '718', 2, 2, '2017-04-28', '2017-04-28', '2017-05-03', '2017-05-23', NULL, NULL, 1, 1, 1, 1, 1),
(147, 28, 5, '3', '7LIMAG0938', NULL, 3, 'MAGARI', '718', 2, 2, '2017-04-28', '2017-04-28', '2017-05-03', '2017-05-23', NULL, NULL, 1, 1, 1, 1, 1),
(148, 29, 1, '22079', '960279460', NULL, 5, 'SEALAND GUAYAQUIL', '1708', 1, 2, '2017-04-17', '2017-04-17', '2017-05-21', '2017-06-04', NULL, NULL, 1, 1, 1, 1, 1),
(149, 29, 1, '22080', '960279460', NULL, 5, 'SEALAND GUAYAQUIL', '1708', 1, 2, '2017-04-18', '2017-04-18', '2017-04-22', '2017-05-03', NULL, NULL, 1, 1, 1, 1, 1),
(150, 29, 1, '22081', '960279493', NULL, 5, 'SEALAND GUAYAQUIL', '1708', 7, 2, '2017-04-18', '2017-04-18', '2017-04-23', '2017-05-06', NULL, NULL, 1, 1, 1, 1, 1),
(151, 29, 1, '22089', '960322352', NULL, 5, 'SEALAND GUAYAQUIL', '1708', 3, 2, '2017-04-18', '2017-04-18', '2017-05-23', '2017-05-10', NULL, NULL, 1, 1, 1, 1, 1),
(152, 29, 1, '22082', 'MBM140093082', NULL, 8, 'NEDERLAND REEFER', '17009', 3, 2, '2017-04-18', '2017-04-18', '2017-04-23', '2017-05-15', NULL, NULL, 1, 1, 1, 1, 1),
(153, 29, 1, '22083', 'MBM140178138', NULL, 8, 'NEDERLAND REEFER', '17009', 3, 2, '2017-04-19', '2017-04-19', '2017-04-24', '2017-05-10', NULL, NULL, 1, 1, 1, 1, 1),
(154, 29, 1, '22084', 'MBM140178138', NULL, 8, 'NEDERLAND REEFER', '17009', 3, 2, '2017-04-19', '2017-04-19', '2017-04-24', '2017-05-17', NULL, NULL, 1, 1, 1, 1, 1),
(155, 29, 1, '22085', '7LIMES2056', NULL, 3, 'MAGARI', '717', 3, 2, '2017-04-19', '2017-04-19', '2017-05-24', '2017-05-19', NULL, NULL, 1, 1, 1, 1, 1),
(156, 29, 1, '22086', '7LIMES2056', NULL, 3, 'MAGARI', '717', 3, 2, '2017-04-19', '2017-04-19', '2017-04-24', '2017-05-23', NULL, NULL, 1, 1, 1, 1, 1),
(157, 29, 1, '22088', '7LIMES2056', NULL, 3, 'MAGARI', '717', 3, 2, '2017-04-20', '2017-04-20', '2017-05-25', '2017-05-17', NULL, NULL, 1, 1, 1, 1, 1),
(158, 29, 1, '22087', '7LIMES2056', NULL, 3, 'MAGARI', '717', 3, 2, '2017-04-20', '2017-04-20', '2017-05-25', '2017-05-17', NULL, NULL, 1, 1, 1, 1, 1),
(159, 29, 2, '1', '98376171', NULL, 4, 'MAGARI', '717', 3, 1, '2017-04-20', '2017-04-20', '2017-04-25', '2017-05-15', NULL, NULL, 1, 1, 1, 1, 1),
(160, 29, 2, '2', '98376171', NULL, 4, 'MAGARI', '717', 3, 1, '2017-04-20', '2017-04-20', '2017-05-25', '2017-05-25', NULL, NULL, 1, 1, 1, 1, 1),
(161, 29, 2, '3', '98376171', NULL, 5, 'MAGARI', '717', 3, 1, '2017-04-21', '2017-04-21', '2017-04-26', '2017-05-18', NULL, NULL, 1, 1, 1, 1, 1),
(162, 29, 4, '1', '98376965', NULL, 4, 'MAGARI', '717', 3, 1, '2017-04-21', '2017-04-21', '2017-04-26', '2017-05-18', NULL, NULL, 1, 1, 1, 1, 1),
(163, 29, 4, '2', '98376965', NULL, 4, 'MAGARI', '717', 3, 1, '2017-04-21', '2017-04-21', '2017-04-26', '2017-05-20', NULL, NULL, 1, 1, 1, 1, 1),
(164, 29, 5, '1', '7LIMAG0875', NULL, 3, 'MAGARI', '717', 2, 2, '2017-04-21', '2017-04-21', '2017-04-27', '2017-05-19', NULL, NULL, 1, 1, 1, 1, 1),
(165, 29, 5, '2', '7LIMAG0875', NULL, 3, 'MAGARI', '717', 2, 2, '2017-04-22', '2017-04-22', '2017-05-27', '2017-05-23', NULL, NULL, 1, 1, 1, 1, 1),
(166, 29, 3, '1', 'LMM0213636', NULL, 2, 'MAGARI', '011', 24, 2, '2017-04-22', '2017-04-22', '2017-04-27', '2017-05-17', NULL, NULL, 1, 1, 1, 1, 1),
(167, 29, 3, '2', 'LMM0213636', NULL, 2, 'MAGARI', '011', 24, 2, '2017-04-22', '2017-04-22', '2017-04-27', '2017-05-18', NULL, NULL, 1, 1, 1, 1, 1),
(168, 30, 1, '21943', '960206947', NULL, 5, 'SEALAND MANZANILLO', '1706', 1, 2, '2017-04-10', '2017-04-10', '2017-04-15', '2017-06-30', NULL, NULL, 1, 1, 1, 1, 1),
(169, 30, 1, '21944', '960206947', NULL, 5, 'SEALAND MANZANILLO', '1706', 1, 2, '2017-04-10', '2017-04-10', '2017-04-15', '2017-04-30', NULL, NULL, 1, 1, 1, 1, 1),
(170, 30, 1, '21945', '960206956', NULL, 5, 'SEALAND MANZANILLO', '1706', 7, 2, '2017-04-10', '2017-04-10', '2017-04-15', '2017-04-30', NULL, NULL, 1, 1, 1, 1, 1),
(171, 30, 1, '21935', '087LIM229775', NULL, 7, 'SEALAND MANZANILLO', '1706', 3, 2, '2017-04-11', '2017-04-11', '2017-04-16', '2017-05-01', NULL, NULL, 1, 1, 1, 1, 1),
(172, 30, 1, '21936', '087LIM229775', NULL, 7, 'SEALAND MANZANILLO', '1706', 3, 2, '2017-04-11', '2017-04-11', '2017-04-16', '2017-05-01', NULL, NULL, 1, 1, 1, 1, 1),
(173, 30, 1, '21937', '7LIMES1944', NULL, 3, 'MAGARI', '716', 3, 2, '2017-04-11', '2017-04-11', '2017-04-16', '2017-05-01', NULL, NULL, 1, 1, 1, 1, 1),
(174, 30, 1, '21938', '7LIMES1944', NULL, 3, 'MAGARI', '716', 3, 2, '2017-04-11', '2017-04-11', '2017-04-16', '2017-05-01', NULL, NULL, 0, 1, 1, 1, 1),
(175, 30, 1, '21938', '7LIMES1944', NULL, 3, 'MAGARI', '716', 3, 2, '2017-04-11', '2017-04-11', '2017-04-16', '2017-05-01', NULL, NULL, 1, 1, 1, 1, 1),
(176, 30, 1, '21939', 'MBM140093078', NULL, 8, 'NORDSERENA', '17006', 3, 2, '2017-04-12', '2017-04-12', '2017-04-17', '2017-05-02', NULL, NULL, 1, 1, 1, 1, 1),
(177, 30, 1, '21940', 'MBM140093078', NULL, 8, 'NORDSERENA', '17006', 3, 2, '2017-04-12', '2017-04-12', '2017-04-17', '2017-05-03', NULL, NULL, 1, 1, 1, 1, 1),
(178, 30, 1, '21941', '7LIMES1944', NULL, 3, 'MAGARI', '716', 3, 2, '2017-04-12', '2017-04-12', '2017-04-17', '2017-05-03', NULL, NULL, 1, 1, 1, 1, 1),
(179, 30, 1, '21942', '7LIMES1944', NULL, 3, 'MAGARI', '716', 3, 2, '2017-04-15', '2017-04-15', '2017-04-20', '2017-05-10', NULL, NULL, 1, 1, 1, 1, 1),
(180, 30, 2, '1', 'LMM0213386', NULL, 2, 'MAGARI', '716', 6, 1, '2017-04-15', '2017-04-15', '2017-04-20', '2017-05-10', NULL, NULL, 0, 1, 1, 1, 1),
(181, 30, 2, '1', '98334557', NULL, 4, 'MAGARI', '716', 3, 1, '2017-04-15', '2017-04-15', '2017-04-20', '2017-05-10', NULL, NULL, 1, 1, 1, 1, 1),
(182, 30, 2, '1', '98334557', NULL, 4, 'MAGARI', '716', 3, 1, '2017-04-15', '2017-04-15', '2017-04-20', '2017-05-10', NULL, NULL, 1, 1, 1, 1, 1),
(183, 30, 3, '1', 'LMM0213386', NULL, 2, 'MAGARI', '716', 6, 1, '2017-04-15', '2017-04-15', '2017-04-20', '2017-05-10', NULL, NULL, 1, 1, 1, 1, 1),
(184, 30, 3, '2', 'B6JBK024528', NULL, 2, 'ALIOTH', '168', 6, 1, '2017-04-16', '2017-04-16', '2017-04-20', '2017-05-10', NULL, NULL, 1, 1, 1, 1, 1),
(185, 30, 4, '1', '98340958', NULL, 4, 'MAGARI', '716', 3, 2, '2017-04-16', '2017-04-16', '2017-04-21', '2017-05-12', NULL, NULL, 1, 1, 1, 1, 1),
(186, 30, 4, '2', '98340958', NULL, 4, 'MAGARI', '716', 3, 2, '2017-04-16', '2017-04-16', '2017-04-21', '2017-05-13', NULL, NULL, 1, 1, 1, 1, 1),
(187, 30, 5, '1', '7LIMAG0870', NULL, 3, 'MAGARI', '716', 2, 2, '2017-04-16', '2017-04-16', '2017-04-21', '2017-05-13', NULL, NULL, 1, 1, 1, 1, 1),
(188, 30, 3, '3', 'B6JBK024543', NULL, 9, 'ALIOTH', '168', 5, 1, '2017-04-17', '2017-04-17', '2017-04-22', '2017-05-14', NULL, NULL, 1, 1, 1, 1, 1),
(189, 30, 3, '3', 'B6JBK024543', NULL, 9, 'ALIOTH', '168', 5, 1, '2017-04-17', '2017-04-17', '2017-04-22', '2017-05-14', NULL, NULL, 0, 1, 1, 1, 1),
(190, 31, 1, '21823', '960124055', NULL, 5, 'SEALAND PHILADELPHIA', '1706', 1, 2, '2017-04-04', '2017-04-04', '2017-06-09', '2017-06-01', NULL, NULL, 1, 1, 1, 1, 1),
(191, 31, 1, '21824', '960124055', NULL, 5, 'SEALAND PHILADELPHIA', '1706', 1, 2, '2017-04-04', '2017-04-04', '2017-06-09', '2017-05-01', NULL, NULL, 1, 1, 1, 1, 1),
(192, 31, 1, '21740', '960031000', NULL, 5, 'SEALAND PHILADELPHIA', '1706', 7, 2, '2017-04-04', '2017-04-04', '2017-04-09', '2017-05-01', NULL, NULL, 1, 1, 1, 1, 1),
(193, 31, 1, '21815', 'MBM140160107', NULL, 8, 'LUZON STRAIT', '170017', 3, 2, '2017-04-05', '2017-04-05', '2017-04-09', '2017-05-01', NULL, NULL, 1, 1, 1, 1, 1),
(194, 31, 1, '21816', 'MBM140160107', NULL, 8, 'LUZON STRAIT', '170017', 3, 2, '2017-04-05', '2017-04-05', '2017-04-10', '2017-05-01', NULL, NULL, 1, 1, 1, 1, 1),
(195, 31, 1, '21817', '7LIMES1771', NULL, 3, 'MAGARI', '715', 3, 2, '2017-04-05', '2017-04-05', '2017-04-10', '2017-05-01', NULL, NULL, 1, 1, 1, 1, 1),
(196, 31, 1, '21818', '7LIMES1771', NULL, 3, 'MAGARI', '715', 3, 2, '2017-04-06', '2017-04-06', '2017-04-10', '2017-05-01', NULL, NULL, 1, 1, 1, 1, 1),
(197, 31, 1, '21819', '7LIMES1771', NULL, 3, 'MAGARI', '715', 3, 2, '2017-04-06', '2017-04-06', '2017-04-11', '2017-05-01', NULL, NULL, 1, 1, 1, 1, 1),
(198, 31, 1, '21820', '7LIMES1771', NULL, 3, 'MAGARI', '715', 3, 2, '2017-04-06', '2017-04-06', '2017-04-11', '2017-05-01', NULL, NULL, 1, 1, 1, 1, 1),
(199, 31, 1, '21821', '7LIMES1771', NULL, 3, 'MAGARI', '715', 3, 2, '2017-04-07', '2017-04-07', '2017-04-12', '2017-05-02', NULL, NULL, 1, 1, 1, 1, 1),
(200, 31, 1, '21822', '7LIMES1771', NULL, 3, 'MAGARI', '715', 3, 2, '2017-04-07', '2017-04-07', '2017-04-12', '2017-05-02', NULL, NULL, 1, 1, 1, 1, 1),
(201, 31, 2, '1', '98303394', NULL, 4, 'MAGARI', '715', 3, 2, '2017-04-07', '2017-04-07', '2017-04-12', '2017-05-02', NULL, NULL, 1, 1, 1, 1, 1),
(202, 31, 2, '2', '98303394', NULL, 4, 'MAGARI', '715', 3, 2, '2017-04-07', '2017-04-07', '2017-04-12', '2017-05-02', NULL, NULL, 1, 1, 1, 1, 1),
(203, 31, 4, '1', '98310300', NULL, 4, 'MAGARI', '715', 3, 2, '2017-04-09', '2017-04-09', '2017-06-14', '2017-06-03', NULL, NULL, 1, 1, 1, 1, 1),
(204, 31, 4, '2', '98310300', NULL, 4, 'MAGARI', '715', 3, 2, '2017-04-09', '2017-04-09', '2017-04-14', '2017-05-03', NULL, NULL, 1, 1, 1, 1, 1),
(205, 31, 3, '1', 'LMM0213101', NULL, 2, 'MAGARI', '715', 6, 1, '2017-04-09', '2017-04-09', '2017-06-14', '2017-05-03', NULL, NULL, 1, 1, 1, 1, 1),
(206, 31, 3, '2', 'B6JBK024502', NULL, 2, 'JAMILA', '048', 6, 1, '2017-04-09', '2017-04-09', '2017-06-14', '2017-05-03', NULL, NULL, 1, 1, 1, 1, 1),
(207, 31, 5, '1', '27803830725A', NULL, 6, 'JAMILA', '00048', 3, 2, '2017-04-09', '2017-04-09', '2017-04-14', '2017-05-04', NULL, NULL, 1, 1, 1, 1, 1),
(208, 32, 1, '21735', '960030669', NULL, 5, 'MARINER', '1706', 1, 2, '2017-03-28', '2017-03-28', '2017-05-03', '2017-05-30', NULL, NULL, 1, 1, 1, 1, 1),
(209, 32, 1, '21257', 'MBM140178133', NULL, 8, 'LOMBOK STRAIT', '17006', 3, 2, '2017-03-28', '2017-03-28', '2017-05-03', '2017-05-30', NULL, NULL, 1, 1, 1, 1, 1),
(210, 32, 1, '21258', 'MBM140178133', NULL, 8, 'LOMBOK STRAIT', '17006', 3, 2, '2017-03-29', '2017-03-29', '2017-04-04', '2017-04-30', NULL, NULL, 1, 1, 1, 1, 1),
(211, 32, 1, '21736', '960030669', NULL, 8, 'LOMBOK STRAIT', '17006', 1, 2, '2017-03-30', '2017-03-30', '2017-04-05', '2017-06-02', NULL, NULL, 1, 1, 1, 1, 1),
(212, 32, 1, '21738', '960030669', NULL, 4, 'MAGARI', '714', 1, 2, '2017-04-01', '2017-04-01', '2017-04-05', '2017-06-02', NULL, NULL, 1, 1, 1, 1, 1),
(213, 32, 1, '21737', '960030669', NULL, 8, 'LOMBOK STRAIT', '17006', 3, 2, '2017-03-31', '2017-03-31', '2017-04-05', '2017-05-01', NULL, NULL, 1, 1, 1, 1, 1),
(214, 32, 2, '1', '98265992', NULL, 4, 'MAGARI', '714', 3, 1, '2017-04-01', '2017-04-01', '2017-04-06', '2017-05-06', NULL, NULL, 1, 1, 1, 1, 1),
(215, 32, 2, '21730', '98265992', NULL, 3, 'MAGARI', '714', 3, 1, '2017-04-01', '2017-04-01', '2017-04-06', '2017-05-06', NULL, NULL, 1, 1, 1, 1, 1),
(216, 32, 1, '21731', '7LIMES1669', NULL, 3, 'MAGARI', '714', 3, 2, '2017-03-29', '2017-03-29', '2017-04-04', '2017-04-30', NULL, NULL, 1, 1, 1, 1, 1),
(217, 32, 1, '21732', '7LIMES1669', NULL, 3, 'MAGARI', '714', 3, 2, '2017-03-29', '2017-03-29', '2017-04-05', '2017-05-05', NULL, NULL, 1, 1, 1, 1, 1),
(218, 32, 1, '21733', '7LIMES1669', NULL, 3, 'MAGARI', '714', 3, 2, '2017-03-01', '2017-03-01', '2017-04-05', '2017-04-27', NULL, NULL, 1, 1, 1, 1, 1),
(219, 32, 4, '1', '98290989', NULL, 4, 'MAGARI', '714', 3, 2, '2017-04-01', '2017-04-01', '2017-04-07', '2017-05-21', NULL, NULL, 1, 1, 1, 1, 1),
(220, 32, 4, '2', '98290989', NULL, 4, 'MAGARI', '714', 3, 2, '2017-04-01', '2017-04-01', '2017-04-06', '2017-05-10', NULL, NULL, 1, 1, 1, 1, 1),
(221, 32, 5, '1', '27803823109A', NULL, 6, 'ALIOTH', '167', 2, 2, '2017-04-03', '2017-04-03', '2017-04-08', '2017-05-08', NULL, NULL, 1, 1, 1, 1, 1),
(222, 32, 5, '2', '98303756', NULL, 6, 'ALIOTH', '167', 2, 2, '2017-04-03', '2017-04-03', '2017-04-08', '2017-05-07', NULL, NULL, 1, 1, 1, 1, 1),
(223, 32, 3, '1', 'B6JBK024445', NULL, 2, 'ALIOTH', '167', 6, 1, '2017-04-02', '2017-04-02', '2017-04-06', '2017-05-03', NULL, NULL, 1, 1, 1, 1, 1),
(224, 32, 3, '2', 'B6JBK024445', NULL, 2, 'ALIOTH', '167', 6, 2, '2017-04-02', '2017-04-02', '2017-04-07', '2017-05-07', NULL, NULL, 1, 1, 1, 1, 1),
(225, 32, 3, '3', 'B6JBK024459', NULL, 9, 'ALIOTH', '167', 22, 1, '2017-04-03', '2017-04-03', '2017-04-07', '2017-05-07', NULL, NULL, 1, 1, 1, 1, 1),
(226, 33, 1, '21606', '959974970', NULL, 5, 'SEALAND BALBOA', '1706', 1, 2, '2017-03-20', '2017-03-20', '2017-03-26', '2017-04-28', NULL, NULL, 1, 1, 1, 1, 1),
(228, 33, 1, '21475', '959974970', NULL, 5, 'SEALAND BALBOA', '1706', 1, 2, '2017-03-20', '2017-03-20', '2017-03-25', '2017-04-11', NULL, NULL, 1, 1, 1, 1, 1),
(229, 33, 1, '21676', '959976568', NULL, 5, 'SEALAND BALBOA', '1706', 7, 2, '2017-03-21', '2017-03-21', '2017-03-26', '2017-04-26', NULL, NULL, 1, 1, 1, 1, 1),
(230, 33, 1, '21474', '959974970', NULL, 5, 'SEALAND BALBOA', '1706', 1, 2, '2017-03-20', '2017-03-20', '2017-03-25', '2017-04-25', NULL, NULL, 1, 1, 1, 1, 1),
(231, 33, 1, '21598', 'MBM160065012', NULL, 8, 'ATLANTIC KLIPPER', '17005', 1, 2, '2017-03-21', '2017-03-21', '2017-03-26', '2017-04-26', NULL, NULL, 1, 1, 1, 1, 1),
(232, 33, 1, '21257', 'MBM140178130', NULL, 8, 'ATLANTIC KLIPPER', '17005', 3, 2, '2017-03-21', '2017-03-21', '2017-03-26', '2017-04-26', NULL, NULL, 1, 1, 1, 1, 1),
(233, 33, 1, '21258', 'MBM140178130', NULL, 8, 'ATLANTIC KLIPPER', '17005', 3, 2, '2017-03-23', '2017-03-23', '2017-03-28', '2017-04-26', NULL, NULL, 1, 1, 1, 1, 1),
(234, 33, 1, '21601', '7LIMES1578', NULL, 3, 'MAGARI', '713', 3, 2, '2017-03-23', '2017-03-23', '2017-03-30', '2017-04-30', NULL, NULL, 1, 1, 1, 1, 1),
(235, 33, 1, '21603', '7LIMES1578', NULL, 3, 'MAGARI', '713', 3, 2, '2017-03-23', '2017-03-23', '2017-03-29', '2017-04-30', NULL, NULL, 1, 1, 1, 1, 1),
(236, 33, 1, '21604', '7LIMES1578', NULL, 3, 'MAGARI', '713', 3, 2, '2017-03-24', '2017-03-24', '2017-03-29', '2017-04-29', NULL, NULL, 1, 1, 1, 1, 1),
(237, 33, 1, '21605', '7LIMES1578', NULL, 3, 'MAGARI', '713', 3, 2, '2017-03-24', '2017-03-24', '2017-03-30', '2017-04-24', NULL, NULL, 1, 1, 1, 1, 1),
(238, 33, 2, '1', '98231039', NULL, 4, 'MAGARI', '713', 3, 1, '2017-03-24', '2017-03-24', '2017-03-30', '2017-04-30', NULL, NULL, 1, 1, 1, 1, 1),
(239, 33, 2, '2', '98231039', NULL, 4, 'MAGARI', '713', 3, 1, '2017-03-25', '2017-03-25', '2017-03-31', '2017-04-30', NULL, NULL, 1, 1, 1, 1, 1),
(240, 33, 4, '1', '98252089', NULL, 4, 'MAGARI', '713', 3, 2, '2017-03-25', '2017-03-25', '2017-03-30', '2017-04-30', NULL, NULL, 1, 1, 1, 1, 1),
(241, 33, 4, '2', '087LIM228826', NULL, 7, 'MAGARI', '713', 3, 2, '2017-03-28', '2017-03-28', '2017-04-01', '2017-04-30', NULL, NULL, 1, 1, 1, 1, 1),
(242, 33, 3, '1', 'B6JBK024411', NULL, 9, 'JAMILA', '047', 6, 1, '2017-03-26', '2017-03-26', '2017-04-01', '2017-04-30', NULL, NULL, 1, 1, 1, 1, 1),
(243, 33, 3, '2', 'B6JBK024394', NULL, 9, 'JAMILA', '047', 6, 1, '2017-03-27', '2017-03-27', '2017-04-01', '2017-04-30', NULL, NULL, 1, 1, 1, 1, 1),
(244, 33, 5, '2', '27803820368A', NULL, 6, 'JAMILA', '00047', 2, 2, '2017-03-27', '2017-03-27', '2017-04-01', '2017-05-27', NULL, NULL, 1, 1, 1, 1, 1),
(245, 33, 5, '1', '27803820352A', NULL, 6, 'JAMILA', '00047', 2, 2, '2017-03-27', '2017-03-27', '2017-04-01', '2017-05-27', NULL, NULL, 1, 1, 1, 1, 1),
(246, 34, 1, '21473', '959853379', NULL, 5, 'LOS  ANGELES', '1706', 1, 2, '2017-03-14', '2017-03-14', '2017-03-19', '2017-04-14', NULL, NULL, 1, 1, 1, 1, 1),
(247, 34, 2, '1', '98201974', NULL, 4, 'MAGARI', '702', 2, 1, '2017-03-14', '2017-03-14', '2017-03-19', '2017-04-19', NULL, NULL, 1, 1, 1, 1, 1),
(248, 34, 2, '2', '98201974', NULL, 4, 'MAGARI', '702', 2, 1, '2017-03-14', '2017-03-14', '2017-03-19', '2017-04-19', NULL, NULL, 1, 1, 1, 1, 1),
(249, 34, 2, '3', '98201974', NULL, 4, 'MAGARI', '702', 3, 1, '2017-03-15', '2017-03-15', '2017-03-20', '2017-04-20', NULL, NULL, 1, 1, 1, 1, 1),
(250, 34, 2, '4', '7LIMES1569', NULL, 3, 'MAGARI', '702', 3, 1, '2017-03-15', '2017-03-15', '2017-03-20', '2017-04-20', NULL, NULL, 1, 1, 1, 1, 1),
(251, 34, 1, '21466', 'MBM160065011', NULL, 8, 'BALTIC KLIPPER', '17004', 1, 1, '2017-03-15', '2017-03-15', '2017-03-20', '2017-04-20', NULL, NULL, 1, 1, 1, 1, 1),
(252, 34, 1, '21465', 'MBM160065011', NULL, 8, 'BALTIC KLIPPER', '17004', 1, 2, '2017-03-16', '2017-03-16', '2017-03-20', '2017-04-20', NULL, NULL, 1, 1, 1, 1, 1),
(253, 34, 1, '21472', '7LIMES1569', NULL, 3, 'MAGARI', '702', 3, 2, '2017-03-16', '2017-03-16', '2017-03-21', '2017-04-16', NULL, NULL, 1, 1, 1, 1, 1),
(254, 34, 3, '1', 'LMM021215', NULL, 2, 'MAGARI', '006', 3, 1, '2017-03-18', '2017-03-18', '2017-03-23', '2017-04-16', NULL, NULL, 1, 1, 1, 1, 1),
(255, 34, 1, '21471', '7LIMES1569', NULL, 3, 'MAGARI', '702', 3, 2, '2017-03-18', '2017-03-18', '2017-03-21', '2017-04-16', NULL, NULL, 1, 1, 1, 1, 1),
(256, 34, 1, '21469', '7LIMES1569', NULL, 3, 'MAGARI', '702', 3, 2, '2017-03-17', '2017-03-17', '2017-03-21', '2017-04-16', NULL, NULL, 1, 1, 1, 1, 1),
(257, 34, 1, '21468', '7LIMES1569', NULL, 3, 'MAGARI', '702', 3, 2, '2017-03-16', '2017-03-16', '2017-03-21', '2017-04-16', NULL, NULL, 1, 1, 1, 1, 1),
(258, 34, 4, '1', '98219408', NULL, 4, 'MAGARI', '702', 3, 2, '2017-03-19', '2017-03-19', '2017-03-23', '2017-04-23', NULL, NULL, 1, 1, 1, 1, 1),
(259, 34, 4, '1', '98219408', NULL, 4, 'MAGARI', '702', 3, 2, '2017-03-19', '2017-03-19', '2017-03-23', '2017-04-23', NULL, NULL, 1, 1, 1, 1, 1),
(260, 34, 5, '2', '27803805527A', NULL, 6, 'ALIOTH', '00166', 2, 2, '2017-03-19', '2017-03-19', '2017-03-25', '2017-04-25', NULL, NULL, 1, 1, 1, 1, 1),
(261, 34, 5, '3', '27803812640A', NULL, 6, 'ALIOTH', '00166', 2, 2, '2017-03-30', '2017-03-30', '2017-04-05', '2017-05-05', NULL, NULL, 1, 1, 1, 1, 1),
(262, 34, 5, '1', '27803805532A', NULL, 6, 'ALIOTH', '00166', 2, 2, '2017-03-19', '2017-03-19', '2017-03-26', '2017-04-26', NULL, NULL, 1, 1, 1, 1, 1),
(263, 35, 1, '21354', '572123443', NULL, 5, 'SEALAND GUAYAQUIL', '1706', 1, 2, '2017-03-07', '2017-03-07', '2017-03-12', '2017-04-07', NULL, NULL, 1, 1, 1, 1, 1),
(264, 35, 1, '21356', '572123443', NULL, 5, 'SEALAND GUAYAQUIL', '1706', 1, 2, '2017-03-07', '2017-03-07', '2017-03-12', '2017-04-07', NULL, NULL, 1, 1, 1, 1, 1),
(265, 35, 1, '21355', '572123443', NULL, 5, 'SEALAND GUAYAQUIL', '1706', 1, 2, '2017-03-07', '2017-03-07', '2017-03-12', '2017-04-07', NULL, NULL, 1, 1, 1, 1, 1),
(266, 35, 1, '21347', 'MBM160065010', NULL, 8, 'NEDERLAND REEFER', '17003', 1, 2, '2017-03-08', '2017-03-08', '2017-03-13', '2017-04-13', NULL, NULL, 1, 1, 1, 1, 1),
(267, 35, 1, '21349', 'MBM160065010', NULL, 8, 'NEDERLAND REEFER', '17003', 1, 2, '2017-03-08', '2017-03-08', '2017-03-13', '2017-04-13', NULL, NULL, 1, 1, 1, 1, 1),
(268, 35, 1, '21348', 'MBM160065010', NULL, 8, 'NEDERLAND REEFER', '17003', 1, 2, '2017-03-08', '2017-03-08', '2017-03-13', '2017-04-13', NULL, NULL, 1, 1, 1, 1, 1),
(269, 35, 1, '21351', '087LIM227108', NULL, 7, 'ARUSHIV', 'NQ701R', 3, 2, '2017-03-09', '2017-03-09', '2017-03-14', '2017-04-14', NULL, NULL, 1, 1, 1, 1, 1),
(270, 35, 1, '21352', '087LIM227108', NULL, 7, 'ARUSHIV', 'NQ701R', 3, 2, '2017-03-09', '2017-03-09', '2017-03-14', '2017-04-14', NULL, NULL, 1, 1, 1, 1, 1),
(271, 35, 1, '21353', '087LIM227108', NULL, 7, 'ARUSHIV', 'NQ701R', 3, 2, '2017-03-09', '2017-03-09', '2017-03-14', '2017-04-14', NULL, NULL, 1, 1, 1, 1, 1),
(272, 35, 1, '21350', '087LIM227108', NULL, 7, 'ARUSHIV', 'NQ701R', 3, 2, '2017-03-08', '2017-03-08', '2017-03-14', '2017-04-14', NULL, NULL, 1, 1, 1, 1, 1),
(273, 35, 1, '21357', '087LIM227108', NULL, 7, 'ARUSHIV.', 'NQ701R', 3, 2, '2017-03-10', '2017-03-10', '2017-03-15', '2017-04-14', NULL, NULL, 1, 1, 1, 1, 1),
(274, 35, 3, '1', 'LMM0211849', NULL, 2, 'MAGARI', '005', 6, 1, '2017-03-11', '2017-03-11', '2017-03-16', '2017-04-16', NULL, NULL, 1, 1, 1, 1, 1),
(275, 35, 3, '2', 'LMM0211849', NULL, 2, 'MAGARI', '005', 6, 1, '2017-03-11', '2017-03-11', '2017-03-16', '2017-04-16', NULL, NULL, 1, 1, 1, 1, 1),
(276, 35, 2, '2', '98171199', NULL, 4, 'MAGARI', '005', 3, 1, '2017-03-13', '2017-03-13', '2017-03-17', '2017-04-17', NULL, NULL, 1, 1, 1, 1, 1),
(277, 35, 2, '1', '087LIM227465', NULL, 7, 'ARUSHIV.', 'NQ701R', 3, 1, '2017-03-11', '2017-03-11', '2017-03-17', '2017-04-17', NULL, NULL, 1, 1, 1, 1, 1),
(278, 35, 4, '1', '98183899', NULL, 4, 'MAGARI', '711', 3, 2, '2017-03-12', '2017-03-12', '2017-03-17', '2017-04-17', NULL, NULL, 1, 1, 1, 1, 1),
(279, 35, 4, '2', '98183899', NULL, 4, 'MAGARI', '711', 3, 2, '2017-03-12', '2017-03-12', '2017-03-17', '2017-04-17', NULL, NULL, 1, 1, 1, 1, 1),
(280, 35, 5, '1', '27803800762A', NULL, 6, 'JAMILA', '00046', 2, 2, '2017-03-13', '2017-03-13', '2017-03-18', '2017-04-13', NULL, NULL, 1, 1, 1, 1, 1),
(281, 35, 1, '21491', 'APLU 902297338', NULL, 1, 'JAMILA', '046', 7, 2, '2017-03-13', '2017-03-13', '2017-03-18', '2017-04-13', NULL, NULL, 1, 1, 1, 1, 1),
(282, 35, 1, '21492', 'APLU 902297338', NULL, 1, 'JAMILA', '046', 7, 2, '2017-03-13', '2017-03-13', '2017-03-18', '2017-04-13', NULL, NULL, 1, 1, 1, 1, 1),
(283, 37, 1, '21262', '959681955', NULL, 5, 'SEALAND MANZANILLO', '1704', 1, 2, '2017-02-27', '2017-02-27', '2017-03-01', '2017-04-01', NULL, NULL, 1, 1, 1, 1, 1),
(284, 37, 1, '21263', 'MBM140178128', NULL, 8, 'STR HELLAS  REEFER', '17018', 1, 2, '2017-03-01', '2017-03-01', '2017-03-05', '2017-04-05', NULL, NULL, 1, 1, 1, 1, 1),
(285, 37, 1, '21322', '959681955', NULL, 5, 'SEALAND MANZANILLO', '1704', 1, 2, '2017-02-28', '2017-02-28', '2017-03-01', '2017-04-01', NULL, NULL, 1, 1, 1, 1, 1),
(286, 37, 1, '21321', '959681955', NULL, 5, 'SEALAND MANZANILLO', '1704', 1, 2, '2017-02-28', '2017-02-28', '2017-03-01', '2017-04-01', NULL, NULL, 1, 1, 1, 1, 1),
(287, 37, 1, '21264', 'MBM140178128', NULL, 8, 'STR HELLAS  REEFER', '17018', 1, 2, '2017-03-01', '2017-03-01', '2017-03-05', '2017-04-05', NULL, NULL, 1, 1, 1, 1, 1),
(288, 37, 1, '21265', 'MBM140178128', NULL, 8, 'STR HELLAS  REEFER', '17018', 1, 2, '2017-03-01', '2017-03-01', '2017-03-05', '2017-04-05', NULL, NULL, 1, 1, 1, 1, 1),
(289, 37, 1, '21259', '087LIME226348', NULL, 7, 'VIDISHA', '709', 3, 2, '2017-03-02', '2017-03-02', '2017-03-07', '2017-04-07', NULL, NULL, 1, 1, 1, 1, 1),
(290, 37, 1, '21256', '087LIME226348', NULL, 7, 'VIDISHA', '709', 3, 2, '2017-03-02', '2017-03-02', '2017-03-07', '2017-04-07', NULL, NULL, 1, 1, 1, 1, 1),
(291, 37, 1, '21266', '087LIME226348', NULL, 7, 'VIDISHA', '709', 3, 2, '2017-03-02', '2017-03-02', '2017-03-07', '2017-04-07', NULL, NULL, 1, 1, 1, 1, 1),
(292, 37, 1, '21260', '087LIME226348', NULL, 7, 'VIDISHA 709', '709', 3, 2, '2017-03-03', '2017-03-03', '2017-03-08', '2017-04-08', NULL, NULL, 1, 1, 1, 1, 1),
(293, 37, 1, '21261', '087LIME226348', NULL, 7, 'VIDISHA 709', '709', 3, 2, '2017-03-03', '2017-03-03', '2017-03-08', '2017-04-08', NULL, NULL, 1, 1, 1, 1, 1),
(294, 37, 2, '1', '98141286', NULL, 4, 'MAGARI', '710', 3, 1, '2017-03-03', '2017-03-03', NULL, NULL, NULL, NULL, 1, 1, 1, 1, 1),
(295, 37, 2, '3', '98141286', NULL, 4, 'MAGARI', '710', 3, 1, '2017-03-06', '2017-03-06', '2017-03-11', '2017-04-11', NULL, NULL, 1, 1, 1, 1, 1),
(296, 37, 2, '4', '087LIM227132', NULL, 4, 'VIDISHA', '709', 3, 1, '2017-03-04', '2017-03-04', '2017-03-09', '2017-04-09', NULL, NULL, 1, 1, 1, 1, 1),
(297, 37, 2, '2', '98141286', NULL, 4, 'MAGARI', '710', 3, 1, '2017-03-03', '2017-03-03', '2017-03-08', '2017-04-08', NULL, NULL, 1, 1, 1, 1, 1),
(298, 37, 5, '1', '27803785159A', NULL, 6, 'ALIOTH', '00165', 2, 2, '2017-03-16', '2017-03-16', '2017-03-21', '2017-04-21', NULL, NULL, 1, 1, 1, 1, 1),
(299, 37, 5, '2', '278037898449A', NULL, 6, 'ALIOTH', '00165', 2, 2, '2017-03-16', '2017-03-16', '2017-03-21', '2017-04-21', NULL, NULL, 1, 1, 1, 1, 1),
(300, 37, 3, '1', 'LMM0211529', NULL, 9, 'MAGARI', '004', 6, 1, '2017-03-04', '2017-03-04', '2017-03-09', '2017-04-09', NULL, NULL, 1, 1, 1, 1, 1),
(301, 37, 3, '2', 'LMM0211529', NULL, 9, 'MAGARI', '004', 6, 1, '2017-03-04', '2017-03-04', '2017-03-09', '2017-04-09', NULL, NULL, 1, 1, 1, 1, 1),
(302, 37, 4, '1', '98152394', NULL, 4, 'MAGARI', '710', 3, 2, '2017-03-05', '2017-04-05', '2017-03-10', '2017-04-10', NULL, NULL, 1, 1, 1, 1, 1),
(303, 37, 4, '2', '98152394', NULL, 4, 'MAGARI', '710', 3, 2, '2017-03-05', '2017-04-05', '2017-03-10', '2017-04-10', NULL, NULL, 1, 1, 1, 1, 1),
(304, 38, 1, '21132', '959600274', NULL, 5, 'SEALAND PHILADELPHIA', '1704', 1, 2, '2017-02-20', '2017-02-20', '2017-02-25', '2017-03-25', NULL, NULL, 1, 1, 1, 1, 1),
(305, 38, 1, '21131', '959600274', NULL, 5, 'SEALAND PHILADELPHIA', '1704', 1, 2, '2017-02-20', '2017-02-20', '2017-02-25', '2017-03-25', NULL, NULL, 1, 1, 1, 1, 1),
(306, 38, 1, '21133', '959600274', NULL, 5, 'SEALAND PHILADELPHIA', '1704', 1, 2, '2017-02-20', '2017-02-20', '2017-02-25', '2017-03-25', NULL, NULL, 1, 1, 1, 1, 1),
(307, 38, 1, '21134', '969500277', NULL, 5, 'SEALAND PHILADELPHIA', '1704', 3, 2, '2017-02-21', '2017-02-21', '2017-02-26', '2017-03-26', NULL, NULL, 1, 1, 1, 1, 1),
(308, 38, 1, '21135', '969500277', NULL, 5, 'SEALAND PHILADELPHIA', '1704', 3, 2, '2017-02-21', '2017-02-21', '2017-02-26', '2017-03-26', NULL, NULL, 1, 1, 1, 1, 1),
(309, 38, 1, '21125', 'MBM140178126', NULL, 8, 'LUZON STRAIT', '17001', 3, 2, '2017-02-22', '2017-02-22', '2017-02-26', '2017-03-26', NULL, NULL, 1, 1, 1, 1, 1),
(310, 38, 1, '21127', 'MBM140178126', NULL, 8, 'LUZON STRAIT', '17001', 3, 2, '2017-02-22', '2017-02-22', '2017-02-26', '2017-03-26', NULL, NULL, 1, 1, 1, 1, 1),
(311, 38, 1, '21126', 'MBM140178126', NULL, 8, 'LUZON STRAIT', '17001', 3, 2, '2017-02-22', '2017-02-22', '2017-02-26', '2017-03-26', NULL, NULL, 1, 1, 1, 1, 1),
(312, 38, 1, '21128', '087LIM225770', NULL, 7, 'VAISHNAVIR', '708', 3, 2, '2017-02-23', '2017-02-23', '2017-02-28', '2017-04-28', NULL, NULL, 1, 1, 1, 1, 1),
(313, 38, 1, '21129', '087LIM225770', NULL, 7, 'VAISHNAVIR', '708', 3, 2, '2017-02-23', '2017-02-23', '2017-02-28', '2017-04-28', NULL, NULL, 1, 1, 1, 1, 1),
(314, 38, 1, '21130', '087LIM225770', NULL, 7, 'VAISHNAVIR', '708', 3, 2, '2017-02-23', '2017-02-23', '2017-02-28', '2017-04-28', NULL, NULL, 1, 1, 1, 1, 1),
(315, 38, 1, '21048', '7LIMES1152', NULL, 3, 'MAGARI', '709', 1, 2, '2017-02-23', '2017-02-23', '2017-02-27', '2017-03-27', NULL, NULL, 1, 1, 1, 1, 1),
(316, 38, 1, '21047', '7LIMES1152', NULL, 3, 'MAGARI', '709', 1, 2, '2017-02-23', '2017-02-23', '2017-02-27', '2017-03-27', NULL, NULL, 1, 1, 1, 1, 1),
(317, 38, 1, '21049', '7LIMES1152', NULL, 3, 'MAGARI', '709', 1, 2, '2017-02-23', '2017-02-23', '2017-02-27', '2017-03-27', NULL, NULL, 1, 1, 1, 1, 1),
(318, 38, 2, '1', '98109596', NULL, 4, 'MAGARI', '709', 3, 1, '2017-02-24', '2017-02-24', NULL, '2017-03-29', NULL, NULL, 1, 1, 1, 1, 1),
(319, 38, 2, '2', '98109596', NULL, 4, 'MAGARI', '709', 3, 1, '2017-02-24', '2017-02-24', NULL, '2017-03-29', NULL, NULL, 1, 1, 1, 1, 1),
(320, 38, 5, '1', '27803785117A', NULL, 6, 'JAMILA', '045', 2, 2, '2017-02-27', '2017-02-27', '2017-03-01', '2017-03-30', NULL, NULL, 1, 1, 1, 1, 1),
(321, 38, 3, '1', 'B6JBK024175', NULL, 9, 'JAMILA', '045', 6, 1, '2017-02-25', '2017-02-25', '2017-03-01', '2017-04-01', NULL, NULL, 1, 1, 1, 1, 1),
(322, 38, 3, '2', 'B6JBK024175', NULL, 9, 'JAMILA', '045', 6, 1, '2017-02-27', '2017-02-27', '2017-07-02', '2017-07-09', NULL, NULL, 1, 1, 1, 1, 1),
(323, 38, 4, '1', '98114996', NULL, 4, 'MAGARI', '709', 2, 2, '2017-02-24', '2017-02-24', NULL, '2017-03-30', NULL, NULL, 0, 1, 1, 1, 1),
(324, 38, 4, '1', '98114996', NULL, 4, 'MAGARI', '709', 2, 2, '2017-02-24', '2017-02-24', NULL, '2017-03-30', NULL, NULL, 0, 1, 1, 1, 1),
(325, 38, 4, '1', '98114996', NULL, 4, 'MAGARI', '709', 2, 2, '2017-02-24', '2017-02-24', NULL, '2017-03-30', NULL, NULL, 0, 1, 1, 1, 1),
(326, 38, 4, '1', '98114996', NULL, 4, 'MAGARI', '709', 2, 2, '2017-02-24', '2017-02-24', NULL, '2017-03-30', NULL, NULL, 0, 1, 1, 1, 1),
(327, 38, 4, '1', '98114996', NULL, 4, 'MAGARI', '709', 2, 2, '2017-02-24', '2017-02-24', NULL, '2017-03-30', NULL, NULL, 1, 1, 1, 1, 1),
(328, 38, 4, '3', '98114996', NULL, 4, 'MAGARI', '709', 2, 2, '2017-02-24', '2017-02-24', '2017-02-27', '2017-03-30', NULL, NULL, 1, 1, 1, 1, 1),
(329, 38, 4, '2', '98114996', NULL, 4, 'MAGARI', '709', 2, 2, '2017-02-25', '2017-02-25', NULL, '2017-03-30', NULL, NULL, 1, 1, 1, 1, 1),
(330, 39, 1, '20910', '087LIM225155', NULL, 7, 'JULIA', '707', 3, 2, '2017-02-14', '2017-02-14', '2017-02-19', '2017-03-19', NULL, NULL, 1, 1, 1, 1, 1),
(331, 39, 1, '20914', '087LIM225155', NULL, 7, 'JULIA', '707', 3, 2, '2017-02-14', '2017-02-14', '2017-02-19', '2017-03-19', NULL, NULL, 1, 1, 1, 1, 1),
(332, 39, 1, '20911', '087LIM225155', NULL, 7, 'JULIA', '707', 3, 2, '2017-02-14', '2017-02-14', '2017-02-19', '2017-03-19', NULL, NULL, 1, 1, 1, 1, 1),
(333, 39, 1, '20913', '087LIM225155', NULL, 7, 'JULIA', '707', 3, 2, '2017-02-14', '2017-02-14', '2017-02-19', '2017-03-19', NULL, NULL, 1, 1, 1, 1, 1),
(334, 39, 1, '21046', '087LIM225155', NULL, 7, 'JULIA', '707', 3, 2, '2017-02-15', '2017-02-15', '2017-02-20', '2017-03-20', NULL, NULL, 1, 1, 1, 1, 1),
(335, 39, 1, '21045', '087LIM225155', NULL, 7, 'JULIA', '707', 3, 2, '2017-02-15', '2017-02-15', '2017-02-20', '2017-03-20', NULL, NULL, 1, 1, 1, 1, 1),
(336, 39, 1, '21041', 'MBM140178124', NULL, 8, 'LOMBOK STRAIT', '17013', 3, 2, '2017-02-16', '2017-02-16', '2017-02-21', '2017-03-21', NULL, NULL, 1, 1, 1, 1, 1),
(337, 39, 1, '21043', 'MBM140178124', NULL, 8, 'LOMBOK STRAIT', '17013', 3, 2, '2017-02-16', '2017-02-16', '2017-02-19', '2017-03-19', NULL, NULL, 1, 1, 1, 1, 1),
(338, 39, 1, '21044', 'MBM140178124', NULL, 8, 'LOMBOK STRAIT', '17013', 3, 2, '2017-02-17', '2017-02-17', '2017-02-19', '2017-03-19', NULL, NULL, 1, 1, 1, 1, 1),
(339, 39, 1, '21045', 'MBM140178124', NULL, 8, 'LOMBOK STRAIT', '17013', 3, 2, '2017-02-16', '2017-02-16', '2017-02-19', '2017-03-19', NULL, NULL, 1, 1, 1, 1, 1),
(340, 39, 2, '1', '98079254', NULL, 4, 'MAGARI', '708', 3, 1, '2017-02-18', '2017-02-18', '2017-02-23', '2017-03-23', NULL, NULL, 1, 1, 1, 1, 1),
(341, 39, 2, '2', '98079254', NULL, 4, 'MAGARI', '708', 3, 1, '2017-02-18', '2017-02-18', '2017-02-23', '2017-03-23', NULL, NULL, 1, 1, 1, 1, 1),
(342, 39, 2, '3', '98079254', NULL, 4, 'MAGARI', '708', 3, 1, '2017-02-20', '2017-02-20', '2017-02-25', '2017-03-23', NULL, NULL, 1, 1, 1, 1, 1),
(343, 39, 1, '21050', '1', NULL, 5, 'MARINER', '1704', 2, 2, '2017-02-14', '2017-02-14', '2017-02-19', '2017-03-19', NULL, NULL, 1, 1, 1, 1, 1),
(344, 39, 1, '21051', '2', NULL, 5, 'MARINER', '1704', 2, 2, '2017-02-14', '2017-02-14', '2017-02-19', '2017-03-19', NULL, NULL, 1, 1, 1, 1, 1),
(345, 39, 5, '2', '087LIM25927', NULL, 6, 'SEALAND PHILADELPHIA', '1704', 2, 2, '2017-02-21', '2017-02-21', '2017-02-25', '2017-03-25', NULL, NULL, 1, 1, 1, 1, 1),
(346, 39, 5, '1', '087LIM25927', NULL, 6, 'SEALAND PHILADELPHIA', '1704', 2, 2, '2017-02-20', '2017-02-20', '2017-02-25', '2017-03-25', NULL, NULL, 1, 1, 1, 1, 1),
(347, 39, 3, '1', 'B6JBK024107', NULL, 9, 'ALIOTH', '164', 22, 1, '2017-02-19', '2017-02-19', '2017-02-24', '2017-03-24', NULL, NULL, 1, 1, 1, 1, 1),
(348, 39, 3, '2', 'B6JBK024107', NULL, 9, 'ALIOTH', '164', 22, 1, '2017-02-19', '2017-02-19', '2017-02-24', '2017-03-24', NULL, NULL, 1, 1, 1, 1, 1),
(349, 39, 4, '1', '98103030', NULL, 4, 'MAGARI', '708', 3, 9, '2017-02-17', '2017-02-17', '2017-02-21', '2017-03-21', NULL, NULL, 1, 1, 1, 1, 1),
(350, 39, 4, '1', '98103030', NULL, 4, 'MAGARI', '708', 3, 9, '2017-02-17', '2017-02-17', '2017-02-21', '2017-03-21', NULL, NULL, 1, 1, 1, 1, 1),
(351, 45, 1, '20915', '959459191', NULL, 5, 'MARIA  KATHARINA', '1706', 1, 2, '2017-02-06', '2017-02-06', '2017-02-11', '2017-03-11', NULL, NULL, 1, 1, 1, 1, 1),
(352, 45, 1, '20916', '959459191', NULL, 5, 'MARIA  KATHARINA', '1706', 1, 2, '2017-02-06', '2017-02-06', '2017-02-11', '2017-03-11', NULL, NULL, 1, 1, 1, 1, 1);
INSERT INTO `contenedor` (`id`, `id_semana`, `id_cliente`, `referencia`, `booking`, `numero_contenedor`, `id_lineanaviera`, `nave`, `viaje`, `id_puertodestino`, `id_operador`, `fecha_proceso_inicio`, `fecha_proceso_fin`, `fecha_zarpe`, `fecha_llegada`, `peso_bruto`, `peso_neto`, `activo`, `factura`, `certificado`, `packing`, `valija`) VALUES
(353, 45, 1, '20918', '959459191', NULL, 5, 'MARIA  KATHARINA', '1706', 1, 2, '2017-02-06', '2017-02-06', '2017-02-11', '2017-03-11', NULL, NULL, 1, 1, 1, 1, 1),
(354, 45, 1, '20917', '959459191', NULL, 5, 'MARIA  KATHARINA', '1706', 1, 2, '2017-02-06', '2017-02-06', '2017-02-11', '2017-03-11', NULL, NULL, 1, 1, 1, 1, 1),
(355, 45, 1, '20919', '959459207', NULL, 5, 'MARIA  KATHARINA', '1706', 3, 2, '2017-02-08', '2017-02-05', '2017-02-12', '2017-03-12', NULL, NULL, 1, 1, 1, 1, 1),
(356, 45, 1, '20805', '087LIM224347', NULL, 7, 'ZLATA', '707', 3, 2, '2017-02-07', '2017-02-07', '2017-02-12', '2017-03-12', NULL, NULL, 1, 1, 1, 1, 1),
(357, 45, 1, '20803', '087LIM224347', NULL, 7, 'ZLATA', '707', 3, 2, '2017-02-07', '2017-02-07', '2017-02-12', '2017-03-12', NULL, NULL, 1, 1, 1, 1, 1),
(358, 45, 1, '20804', '087LIM224347', NULL, 7, 'ZLATA', '707', 3, 2, '2017-02-07', '2017-02-07', '2017-02-12', '2017-03-12', NULL, NULL, 1, 1, 1, 1, 1),
(359, 45, 1, '20806', '087LIM224347', NULL, 7, 'ZLATA', '706', 3, 2, '2017-02-08', '2017-02-08', '2017-02-13', '2017-03-13', NULL, NULL, 1, 1, 1, 1, 1),
(360, 45, 1, '20904', 'MBM140178122', NULL, 8, 'ATLANTIC REEFER', '17012', 3, 2, '2017-02-08', '2017-02-08', '2017-02-13', '2017-03-13', NULL, NULL, 1, 1, 1, 1, 1),
(361, 45, 1, '20904', 'MBM140178122', NULL, 8, 'ATLANTIC REEFER', '17012', 3, 2, '2017-02-08', '2017-02-08', '2017-02-13', '2017-03-13', NULL, NULL, 1, 1, 1, 1, 1),
(362, 45, 1, '20908', 'MBM140178122', NULL, 8, 'ATLANTIC REEFER', '17012', 3, 2, '2017-02-10', '2017-02-10', '2017-02-12', '2017-03-14', NULL, NULL, 1, 1, 1, 1, 1),
(363, 45, 1, '20907', 'MBM140178122', NULL, 8, 'ATLANTIC REEFER', '17012', 3, 2, '2017-02-08', '2017-02-08', '2017-02-13', '2017-03-13', NULL, NULL, 1, 1, 1, 1, 1),
(364, 45, 1, '20906', 'MBM140178122', NULL, 8, 'ATLANTIC REEFER', '17012', 3, 2, '2017-02-09', '2017-02-09', '2017-02-13', '2017-03-13', NULL, NULL, 1, 1, 1, 1, 1),
(365, 45, 1, '20905', 'MBM140178122', NULL, 8, 'ATLANTIC REEFER', '17012', 3, 2, '2017-02-09', '2017-02-09', '2017-02-13', '2017-03-13', NULL, NULL, 1, 1, 1, 1, 1),
(366, 45, 1, '20909', '087LIM225155', NULL, 7, 'ZLATA', '706', 3, 2, '2017-02-11', '2017-02-11', '2017-02-16', '2017-03-16', NULL, NULL, 1, 1, 1, 1, 1),
(367, 45, 2, '1', '98062266', NULL, 4, 'MAGARI', '707', 3, 1, '2017-02-10', '2017-02-10', '2017-02-15', '2017-03-10', NULL, NULL, 1, 1, 1, 1, 1),
(368, 45, 2, '2', '98062266', NULL, 4, 'MAGARI', '707', 3, 1, '2017-02-11', '2017-02-11', '2017-02-15', '2017-03-10', NULL, NULL, 1, 1, 1, 1, 1),
(369, 45, 5, '1', '27803765949A', NULL, 6, 'JAMILA', '044', 2, 2, '2017-02-12', '2017-02-12', '2017-02-17', '2017-03-17', NULL, NULL, 1, 1, 1, 1, 1),
(370, 24, 4, '2', '98542528', 'CSVU 750614-3', 4, 'MAGARI', '723', 3, 2, '2017-06-03', '2017-06-03', '2017-06-08', '2017-07-08', NULL, NULL, 1, 1, 1, 1, 1),
(371, 24, 1, '22692', '7LIMES2945', 'SUDU 616397-7', 3, 'MAGARI', '723', 3, 2, '2017-06-03', '2017-06-03', '2017-06-08', '2017-07-08', NULL, NULL, 1, 1, 1, 1, 1),
(372, 40, 1, '20807', '959403367', NULL, 5, 'MERIDIAN', '1704', 1, 2, '2017-06-29', '2017-06-29', '2017-06-30', '2017-07-30', NULL, NULL, 1, 1, 1, 1, 1),
(373, 40, 1, '20808', '959403367', NULL, 5, 'MERIDIAN', '1704', 1, 2, '2017-06-29', '2017-06-29', '2017-06-07', '2017-07-07', NULL, NULL, 1, 1, 1, 1, 1),
(374, 40, 1, '20809', '959403367', NULL, 5, 'MERIDIAN', '1704', 1, 2, '2017-06-30', '2017-06-30', '2017-06-07', '2017-07-07', NULL, NULL, 1, 1, 1, 1, 1),
(375, 40, 1, '20810', '959403367', NULL, 5, 'MERIDIAN', '1704', 1, 2, '2017-06-30', '2017-06-30', '2017-06-07', '2017-07-07', NULL, NULL, 1, 1, 1, 1, 1),
(376, 40, 1, '20811', '959403356', NULL, 5, 'MERIDIAN', 'V.1704', 3, 2, '2017-02-28', '2017-02-28', '2017-03-01', '2017-04-01', NULL, NULL, 1, 1, 1, 1, 1),
(377, 40, 1, '20812', '959403356', NULL, 5, 'MERIDIAN', 'V.1704', 3, 2, '2017-01-31', '2017-01-31', '2017-02-06', '2017-02-06', NULL, NULL, 1, 1, 1, 1, 1),
(378, 40, 1, '20797', 'MBM140178119', NULL, 8, 'BALTIC KLIPPER', '1701', 3, 2, '2017-02-01', '2017-02-01', '2017-02-06', '2017-03-06', NULL, NULL, 1, 1, 1, 1, 1),
(379, 40, 1, '20798', 'MBM140178119', NULL, 8, 'BALTIC KLIPPER', '17011', 3, 2, '2017-02-01', '2017-02-01', '2017-02-06', '2017-03-06', NULL, NULL, 1, 1, 1, 1, 1),
(380, 40, 1, '20800', 'MBM140178119', NULL, 8, 'BALTIC KLIPPER', '17011', 3, 2, '2017-02-01', '2017-02-01', '2017-02-06', '2017-03-06', NULL, NULL, 1, 1, 1, 1, 1),
(381, 40, 1, '20799', 'MBM140178119', NULL, 8, 'BALTIC KLIPPER', '17011', 3, 2, '2017-02-01', '2017-02-01', '2017-02-06', '2017-03-06', NULL, NULL, 1, 1, 1, 1, 1),
(382, 46, 1, '22787', 'MBM140178155', 'TRIU 835537-6', 8, 'BALTIC KLIPPER', '17016', 3, 2, '2017-06-06', '2017-06-06', '2017-06-13', '2017-07-13', NULL, NULL, 1, 1, 1, 1, 1),
(383, 46, 1, '22788', 'MBM140178155', 'TRIU 811487-2', 8, 'BALTIC KLIPPER', '17016', 3, 2, '2017-06-07', '2017-06-07', '2017-06-29', '2017-07-29', NULL, NULL, 1, 1, 1, 1, 1),
(384, 46, 1, '22789', 'MBM140178155', 'CAIU 554907-9', 8, 'BALTIC KLIPPER', '17016', 3, 2, '2017-06-07', '2017-06-04', '2017-06-29', '2017-07-29', NULL, NULL, 1, 1, 1, 1, 1),
(385, 46, 1, '22790', '7LIMES3087', 'SUDU 625143-0', 3, 'MAGARI', '724', 3, 2, '2017-06-08', '2017-06-08', '2017-06-13', '2017-07-13', NULL, NULL, 1, 1, 1, 1, 1),
(386, 40, 2, '1', '087LIM223577', NULL, 7, 'KATYA', '705', 3, 1, '2017-01-31', '2017-01-31', '2017-02-06', '2017-03-06', NULL, NULL, 1, 1, 1, 1, 1),
(387, 40, 2, '2', '087LIM223577', NULL, 7, 'KATYA', '705', 3, 1, '2017-02-01', '2017-02-01', '2017-02-05', NULL, NULL, NULL, 1, 1, 1, 1, 1),
(388, 40, 2, '3', '98029733', NULL, 4, 'NORASIA ALYA', '7202', 3, 1, '2017-02-01', '2017-02-01', '2017-02-05', NULL, NULL, NULL, 1, 1, 1, 1, 1),
(389, 40, 2, '4', '98029733', NULL, 4, 'NORASIA ALYA', '7202', 3, 1, '2017-02-03', '2017-02-03', '2017-03-08', '2017-04-08', NULL, NULL, 1, 1, 1, 1, 1),
(390, 40, 5, '1', '27803765933A', NULL, 6, 'HANSA MEERSBURG', '0008', 2, 2, '2017-02-05', '2017-02-05', '2017-02-10', '2017-03-10', NULL, NULL, 1, 1, 1, 1, 1),
(391, 40, 3, '1', 'B6JBK023987', NULL, 9, 'HANSA MEERSBURG', '008', 4, 1, '2017-02-05', '2017-02-05', '2017-02-10', '2017-03-10', NULL, NULL, 1, 1, 1, 1, 1),
(392, 40, 4, '1', '98038004', NULL, 4, 'NORASIA ALYA', '7202', 3, 2, '2017-02-04', '2017-02-04', '2017-02-09', '2017-03-09', NULL, NULL, 1, 1, 1, 1, 1),
(393, 40, 4, '2', '98038004', NULL, 4, 'NORASIA ALYA', '7202', 3, 2, '2017-02-04', '2017-02-04', '2017-02-09', '2017-03-09', NULL, NULL, 1, 1, 1, 1, 1),
(394, 41, 1, '20710', '959341518', NULL, 7, 'SEALAND GUAYAQUIL', '1704', 1, 2, '2017-01-23', '2017-01-23', '2017-01-28', '2017-02-28', NULL, NULL, 1, 1, 1, 1, 1),
(395, 41, 1, '20712', '959341518', NULL, 7, 'SEALAND GUAYAQUIL', '1704', 1, 2, '2017-01-23', '2017-01-23', '2017-01-28', '2017-02-28', NULL, NULL, 1, 1, 1, 1, 1),
(396, 41, 1, '20711', '959341518', NULL, 7, 'SEALAND GUAYAQUIL', '1704', 1, 2, '2017-01-23', '2017-01-23', '2017-01-28', '2017-02-28', NULL, NULL, 1, 1, 1, 1, 1),
(397, 41, 1, '20713', '959341542', NULL, 7, 'SEALAND GUAYAQUIL', '1704', 3, 2, '2017-01-24', '2017-01-24', '2017-01-29', '2017-01-29', NULL, NULL, 1, 1, 1, 1, 1),
(398, 41, 1, '20714', '959341542', NULL, 7, 'MSK SEALAND GUAYAQUIL', '1704', 3, 2, '2017-01-24', '2017-01-24', '2017-01-29', NULL, NULL, NULL, 1, 1, 1, 1, 1),
(399, 41, 1, '20777', '959341542', NULL, 7, 'MSK SEALAND GUAYAQUIL', '1704', 3, 2, '2017-01-24', '2017-01-24', '2017-01-29', NULL, NULL, NULL, 1, 1, 1, 1, 1),
(400, 41, 1, '20704', 'MBM140178116', NULL, 8, 'NEDERLAND REEFER', '17009', 3, 2, '2017-01-24', '2017-01-24', '2017-01-29', NULL, NULL, NULL, 1, 1, 1, 1, 1),
(401, 41, 1, '20694', 'MBM140178116', NULL, 8, 'NEDERLAND REEFER', '17009', 3, 2, '2017-01-24', '2017-01-24', '2017-01-29', NULL, NULL, NULL, 1, 1, 1, 1, 1),
(402, 41, 1, '20703', 'MBM140178116', NULL, 8, 'NEDERLAND REEFER', '17009', 3, 2, '2017-01-24', '2017-01-24', '2017-01-29', NULL, NULL, NULL, 1, 1, 1, 1, 1),
(403, 41, 1, '20702', 'MBM140178116', NULL, 8, 'NEDERLAND REEFER', '17009', 3, 2, '2017-01-25', '2017-01-25', '2017-01-29', NULL, NULL, NULL, 1, 1, 1, 1, 1),
(404, 41, 1, '20701', 'MBM140178116', NULL, 8, 'NEDERLAND REEFER', '17009', 3, 2, '2017-01-24', '2017-01-24', '2017-01-29', NULL, NULL, NULL, 1, 1, 1, 1, 1),
(405, 41, 1, '20707', '7LIMES0443', NULL, 3, 'JACK LONDON', '651', 3, 2, '2017-01-26', '2017-01-26', '2017-01-30', NULL, NULL, NULL, 1, 1, 1, 1, 1),
(406, 41, 1, '20705', '7LIMES0443', NULL, 3, 'JACK LONDON', '651', 3, 2, '2017-01-26', '2017-01-26', '2017-01-30', NULL, NULL, NULL, 1, 1, 1, 1, 1),
(407, 41, 1, '20709', '7LIMES0443', NULL, 3, 'JACK LONDON', '651', 3, 2, '2017-01-26', '2017-01-26', '2017-01-30', NULL, NULL, NULL, 1, 1, 1, 1, 1),
(408, 41, 1, '20708', '7LIMES0443', NULL, 3, 'JACK LONDON', '651', 3, 2, '2017-01-26', '2017-01-26', '2017-01-30', NULL, NULL, NULL, 1, 1, 1, 1, 1),
(409, 41, 1, '20706', '7LIMES0443', NULL, 3, 'JACK LONDON', '651', 3, 2, '2017-01-27', '2017-01-27', '2017-02-01', NULL, NULL, NULL, 1, 1, 1, 1, 1),
(410, 41, 5, '1', '27803759611A', NULL, 6, 'JAMILA', '043', 2, 2, '2017-01-28', '2017-01-28', '2017-02-01', NULL, NULL, NULL, 1, 1, 1, 1, 1),
(411, 41, 5, '2', '27803759611A', NULL, 6, 'JAMILA', '043', 2, 2, '2017-01-28', '2017-01-28', '2017-02-01', NULL, NULL, NULL, 1, 1, 1, 1, 1),
(412, 41, 4, '3', '98021416', NULL, 4, 'HANSA EUROPE', '6252', 3, 2, '2017-01-28', '2017-01-28', '2017-01-30', NULL, NULL, NULL, 1, 1, 1, 1, 1),
(413, 41, 4, '1', '97987759', NULL, 4, 'JACK LONDON', '651', 3, 2, '2017-01-25', '2017-01-25', '2017-01-30', NULL, NULL, NULL, 1, 1, 1, 1, 1),
(414, 41, 4, '2', '98021416', NULL, 4, 'HANSA EUROPE', '6252', 3, 2, '2017-01-27', '2017-01-27', '2017-01-30', NULL, NULL, NULL, 1, 1, 1, 1, 1),
(415, 44, 1, '20600', '959266652', NULL, 8, 'MARIA  KATHARINA', '1704', 3, 2, '2017-01-16', '2017-01-16', '2017-01-19', '2017-02-19', NULL, NULL, 1, 1, 1, 1, 1),
(416, 44, 1, '20597', '959266652', NULL, 8, 'MARIA  KATHARINA', '1704', 3, 2, '2017-01-14', '2017-01-14', '2017-01-19', '2017-02-19', NULL, NULL, 1, 1, 1, 1, 1),
(417, 44, 1, '20599', '959266652', NULL, 8, 'MARIA  KATHARINA', '1704', 3, 2, '2017-01-16', '2017-01-16', '2017-01-19', '2017-02-19', NULL, NULL, 1, 1, 1, 1, 1),
(418, 44, 1, '20598', '959266652', NULL, 8, 'MARIA  KATHARINA', '1704', 3, 2, '2017-01-16', '2017-01-16', '2017-01-19', '2017-02-19', NULL, NULL, 1, 1, 1, 1, 1),
(419, 44, 1, '20602', '959266659', NULL, 5, 'MARIA  KATHARINA', '1704', 1, 2, '2017-01-17', '2017-01-17', '2017-01-21', '2017-02-21', NULL, NULL, 1, 1, 1, 1, 1),
(420, 44, 1, '20601', '959266659', NULL, 5, 'MARIA  KATHARINA', '1704', 1, 2, '2017-01-17', '2017-01-17', '2017-01-21', '2017-02-21', NULL, NULL, 1, 1, 1, 1, 1),
(421, 44, 1, '20604', '959266659', NULL, 5, 'MARIA  KATHARINA', '1704', 1, 2, '2017-01-17', '2017-01-17', '2017-01-21', '2017-02-21', NULL, NULL, 1, 1, 1, 1, 1),
(422, 44, 1, '20603', '959266659', NULL, 5, 'MARIA  KATHARINA', '1704', 1, 2, '2017-01-17', '2017-01-17', '2017-01-21', '2017-02-21', NULL, NULL, 1, 1, 1, 1, 1),
(423, 44, 1, '20593', 'MBM140178114', NULL, 8, 'ATLANTIC REEFER', '17008', 1, 2, '2017-01-20', '2017-01-20', '2017-01-24', '2017-02-24', NULL, NULL, 1, 1, 1, 1, 1),
(424, 44, 1, '20592', 'MBM140178114', NULL, 3, 'ATLANTIC REEFER', '17008', 1, 2, '2017-01-19', '2017-01-19', '2017-01-23', '2017-02-23', NULL, NULL, 1, 1, 1, 1, 1),
(425, 44, 1, '20591', 'MBM140178114', NULL, 3, 'ATLANTIC REEFER', '17008', 1, 2, '2017-01-19', '2017-01-19', '2017-01-23', '2017-02-23', NULL, NULL, 1, 1, 1, 1, 1),
(426, 44, 1, '20590', 'MBM140178114', NULL, 8, 'ATLANTIC REEFER', '17008', 1, 2, '2017-01-18', '2017-01-18', '2017-01-23', '2017-02-23', NULL, NULL, 1, 1, 1, 1, 1),
(427, 44, 1, '20589', 'MBM140178114', NULL, 8, 'ATLANTIC REEFER', '17008', 1, 2, '2017-01-18', '2017-01-18', '2017-01-23', '2017-02-23', NULL, NULL, 1, 1, 1, 1, 1),
(428, 44, 1, '20596', '7LIMES0316', NULL, 3, 'HAMMONIA VENETIA', '550', 1, 2, '2017-01-20', '2017-01-20', '2017-01-25', '2017-02-20', NULL, NULL, 1, 1, 1, 1, 1),
(429, 44, 1, '20591', '7LIMES0316', NULL, 3, 'HAMMONIA VENETIA', '550', 1, 2, '2017-01-20', '2017-01-20', '2017-01-25', '2017-02-20', NULL, NULL, 1, 1, 1, 1, 1),
(430, 44, 1, '20594', '7LIMES0316', NULL, 3, 'HAMMONIA VENETIA', '550', 1, 2, '2017-01-20', '2017-01-20', '2017-01-25', '2017-02-20', NULL, NULL, 1, 1, 1, 1, 1),
(431, 44, 2, '2', '97975720', NULL, 4, 'CAP DUOKATO', '6251', 3, 1, '2017-01-21', '2017-01-21', '2017-01-26', '2017-02-26', NULL, NULL, 1, 1, 1, 1, 1),
(432, 44, 2, '1', '97975720', NULL, 4, 'CAP DUOKATO', '6251', 3, 1, '2017-01-21', '2017-01-21', '2017-01-26', '2017-02-26', NULL, NULL, 1, 1, 1, 1, 1),
(433, 44, 5, '1', '27803747380A', NULL, 6, 'HANSA MEERSBURG', '07', 2, 2, '2017-01-22', '2017-01-22', '2017-01-27', '2017-02-27', NULL, NULL, 1, 1, 1, 1, 1),
(434, 44, 3, '1', 'B6JBK023876', NULL, 9, 'HANSA MEERSBURG', '07', 4, 1, '2017-01-22', '2017-01-22', '2017-01-27', '2017-02-27', NULL, NULL, 1, 1, 1, 1, 1),
(435, 44, 3, '1', 'B6JBK023876', NULL, 9, 'HANSA MEERSBURG', '07', 4, 1, '2017-01-22', '2017-01-22', '2017-01-27', '2017-02-27', NULL, NULL, 0, 1, 1, 1, 1),
(436, 44, 4, '2', '97987759', NULL, 4, 'CAP DUOKATO', '6251', 3, 2, '2017-01-19', '2017-01-19', '2017-01-23', '2017-02-25', NULL, NULL, 1, 1, 1, 1, 1),
(437, 44, 4, '3', '97987759', NULL, 4, 'CAP DUOKATO', '6251', 3, 2, '2017-01-19', '2017-01-19', '2017-01-23', '2017-02-25', NULL, NULL, 1, 1, 1, 1, 1),
(438, 44, 4, '1', '97987759', NULL, 4, 'CAP DUOKATO', '6251', 3, 2, '2017-01-18', '2017-01-18', '2017-01-23', '2017-02-25', NULL, NULL, 1, 1, 1, 1, 1),
(439, 43, 1, '20466', '959182291', NULL, 5, 'SEALAND PHILADELPHIA', '1702', 3, 2, '2017-01-07', '2017-01-07', '2017-01-12', '2017-02-12', NULL, NULL, 1, 1, 1, 1, 1),
(440, 43, 1, '20467', '959182291', NULL, 5, 'SEALAND PHILADELPHIA', '1702', 3, 2, '2017-01-07', '2017-01-07', '2017-01-12', '2017-02-12', NULL, NULL, 1, 1, 1, 1, 1),
(441, 43, 1, '20474', '959182291', NULL, 5, 'SEALAND PHILADELPHIA', '1702', 3, 2, '2017-01-09', '2017-01-09', '2017-01-12', '2017-02-12', NULL, NULL, 1, 1, 1, 1, 1),
(442, 43, 1, '20473', '959182291', NULL, 5, 'SEALAND PHILADELPHIA', '1702', 3, 2, '2017-01-07', '2017-01-07', '2017-01-12', '2017-02-12', NULL, NULL, 1, 1, 1, 1, 1),
(443, 43, 1, '20472', '959182291', NULL, 5, 'SEALAND PHILADELPHIA', '1702', 3, 2, '2017-01-08', '2017-01-06', '2017-01-12', '2017-02-12', NULL, NULL, 1, 1, 1, 1, 1),
(444, 43, 1, '20471', '959182291', NULL, 5, 'SEALAND PHILADELPHIA', '1702', 1, 2, '2017-01-08', '2017-01-08', '2017-01-12', '2017-02-12', NULL, NULL, 1, 1, 1, 1, 1),
(445, 43, 1, '20470', '959182308', NULL, 5, 'SEALAND PHILADELPHIA', '1702', 1, 2, '2017-01-09', '2017-01-09', '2017-01-14', '2017-02-09', NULL, NULL, 1, 1, 1, 1, 1),
(446, 43, 1, '20469', '959182308', NULL, 5, 'SEALAND PHILADELPHIA', '1702', 1, 2, '2017-01-09', '2017-01-09', '2017-01-14', '2017-02-09', NULL, NULL, 1, 1, 1, 1, 1),
(447, 43, 1, '20468', '959182308', NULL, 5, 'SEALAND PHILADELPHIA', '1702', 1, 2, '2017-01-09', '2017-01-09', '2017-01-14', '2017-02-09', NULL, NULL, 1, 1, 1, 1, 1),
(448, 46, 2, '1', '98568834', 'HLXU 877275-9', 4, 'MAGARI', '724', 3, 1, '2017-06-09', '2017-06-09', '2017-06-16', '2017-07-16', NULL, NULL, 1, 1, 1, 1, 1),
(449, 46, 1, '22791', '7LIMES3087', 'SUDU 800455-2', 3, 'MAGARI', '724', 3, 2, '2017-06-08', '2017-06-08', '2017-06-16', '2017-07-16', NULL, NULL, 1, 1, 1, 1, 1),
(450, 46, 1, '22792', '7LIMES3087', 'SUDU 801296-4', 3, 'MAGARI', '724', 3, 2, '2017-06-11', '2017-06-11', '2017-06-16', '2017-07-16', NULL, NULL, 1, 1, 1, 1, 1),
(451, 46, 1, '22794', '7LIMES3087', 'SUDU 823377-5', 3, 'MAGARI', '724', 3, 2, '2017-06-10', '2017-06-10', '2017-06-18', '2017-07-18', NULL, NULL, 1, 1, 1, 1, 1),
(452, 46, 1, '22797', '960930886', 'MNBU 041418-0', 5, 'SEALAND LOS ANGELES', '1710', 1, 2, '2017-06-06', '2017-06-06', '2017-06-09', '2017-07-02', NULL, NULL, 1, 1, 1, 1, 1),
(453, 46, 1, '1', '98586654', 'CPSU 515501-3', 4, 'MAGARI', '724', 3, 2, '2017-06-09', '2017-06-09', '2017-06-14', '2017-07-02', NULL, NULL, 0, 1, 1, 1, 1),
(454, 46, 1, '22796', '960930886', 'MNBU 308760-4', 5, 'SEALAND LOS ANGELES', '1710', 1, 2, '2017-06-05', '2017-06-05', '2017-06-09', '2017-07-02', NULL, NULL, 1, 1, 1, 1, 1),
(455, 46, 1, '22798', '960921067', 'MMAU 124524-0', 5, 'SEALAND LOS ANGELES', '1710', 7, 2, '2017-06-06', '2017-06-06', '2017-06-09', '2017-07-09', NULL, NULL, 1, 1, 1, 1, 1),
(456, 47, 1, '22897', 'MBM140178156', 'SZLU 980178-6', 8, 'ATLANTIC KLIPPER', '17017', 3, 2, '2017-06-14', '2017-06-14', '2017-06-18', '2017-07-06', NULL, 21600, 1, 2, 1, 1, 1),
(457, 47, 1, '22895', 'MBM140178156', 'CAIU 556259-5', 8, 'ATLANTIC KLIPPER', '17017', 3, 2, '2017-06-13', '2017-06-13', '2017-06-18', '2017-07-06', NULL, 21600, 1, 2, 1, 1, 1),
(458, 47, 1, '22896', 'MBM140178156', 'CAIU 556413-4', 8, 'ATLANTIC KLIPPER', '17017', 3, 2, '2017-06-13', '2017-06-13', '2017-06-18', '2017-07-06', NULL, 21600, 1, 2, 1, 1, 1),
(459, 47, 1, '22902', '7LIMES3276', 'SUDU 801981-9', 3, 'MAGARI', '725', 3, 2, '2017-06-17', '2017-06-17', '2017-06-20', '2017-07-11', NULL, 21600, 1, 2, 1, 1, 1),
(460, 47, 1, '22901', '7LIMES3276', 'SUDU 629428-3', 3, 'MAGARI', '725', 3, 2, '2017-06-15', '2017-06-15', '2017-06-20', '2017-07-11', NULL, 21600, 1, 2, 1, 1, 1),
(461, 47, 1, '22900', '7LIMES3276', 'SUDU 628780-7', 3, 'MAGARI', '725', 3, 2, '2017-06-14', '2017-06-14', '2017-06-20', '2017-07-11', NULL, 21600, 1, 2, 1, 1, 1),
(462, 47, 1, '22899', '7LIMES3276', 'SUDU 801152-5', 3, 'MAGARI', '725', 3, 2, '2017-06-14', '2017-06-14', '2017-06-20', '2017-07-11', NULL, 21600, 1, 2, 1, 1, 1),
(463, 47, 1, '22898', '7LIMES3276', 'SUDU 803505-0', 3, 'MAGARI', '725', 3, 2, '2017-06-15', '2017-06-15', '2017-06-20', '2017-07-11', NULL, 21600, 1, 2, 1, 1, 1),
(464, 47, 1, '22905', '961020455', 'MMAU 111927-8', 5, 'SEALAND BALBOA', '1710', 7, 2, '2017-06-13', '2017-06-13', '2017-06-16', '2017-07-09', NULL, 28000, 1, 2, 1, 1, 1),
(465, 47, 1, '22903', '961030470', 'MNBU 365704-0', 5, 'SEALAND BALBOA', '1710', 1, 2, '2017-06-12', '2017-06-12', '2017-06-16', '2017-07-09', NULL, 21600, 1, 2, 1, 1, 1),
(466, 47, 1, '22904', '961030470', 'MWCU 678940-0', 5, 'SEALAND BALBOA', '1710', 1, 2, '2017-06-12', '2017-06-12', '2017-06-16', '2017-07-09', NULL, 21600, 1, 2, 1, 1, 1),
(467, 43, 1, '20459', 'MBM140178112', NULL, 8, 'LUZON STRAIT', '17007', 2, 2, '2017-01-10', '2017-01-10', '2017-01-15', '2017-02-14', NULL, NULL, 1, 1, 1, 1, 1),
(468, 43, 1, '20461', 'MBM140178112', NULL, 8, 'LUZON STRAIT', '17007', 3, 2, '2017-01-10', '2017-01-10', '2017-01-15', '2017-02-10', NULL, NULL, 1, 1, 1, 1, 1),
(469, 43, 1, '20460', 'MBM140178112', NULL, 8, 'LUZON STRAIT', '17007', 3, 2, '2017-01-10', '2017-01-10', '2017-01-15', '2017-02-10', NULL, NULL, 1, 1, 1, 1, 1),
(470, 43, 1, '20463', 'MBM140178112', NULL, 8, 'LUZON STRAIT', '17007', 3, 2, '2017-01-10', '2017-01-11', '2017-01-15', '2017-02-10', NULL, NULL, 1, 1, 1, 1, 1),
(471, 43, 1, '20466', 'MBM140178112', NULL, 8, 'LUZON STRAIT', '17007', 3, 2, '2017-01-10', '2017-01-10', '2017-01-15', '2017-02-15', NULL, NULL, 1, 1, 1, 1, 1),
(472, 43, 5, '20465', '27803738075A', NULL, 6, 'JAMILA', '0042', 2, 2, '2017-01-14', '2017-01-14', '2017-01-17', '2017-02-15', NULL, NULL, 1, 1, 1, 1, 1),
(473, 43, 2, '2', '97948060', NULL, 4, 'BALTASAR SCHULTE', '6250', 3, 1, '2017-01-12', '2017-01-12', '2017-01-17', '2017-02-15', NULL, NULL, 1, 1, 1, 1, 1),
(474, 43, 2, '1', '97948060', NULL, 4, 'BALTASAR SCHULTE', '6250', 3, 1, '2017-01-12', '2017-01-12', '2017-01-17', '2017-02-15', NULL, NULL, 1, 1, 1, 1, 1),
(475, 43, 1, '20464', '7LIMES0207', NULL, 3, 'GLASGOW EXPRESS', '6149', 3, 2, '2017-01-11', '2017-01-11', '2017-01-17', '2017-02-15', NULL, NULL, 1, 1, 1, 1, 1),
(476, 43, 1, '20465', '7LIMES0207', NULL, 3, 'GLASGOW EXPRESS', '6149', 3, 2, '2017-01-11', '2017-01-11', '2017-01-17', '2017-02-15', NULL, NULL, 1, 1, 1, 1, 1),
(477, 43, 3, '1', 'LMM0209565', NULL, 9, 'JAMILA', '042', 6, 1, '2017-01-13', '2017-01-13', '2017-01-18', '2017-02-18', NULL, NULL, 1, 1, 1, 1, 1),
(478, 43, 3, '2', 'LMM0209565', NULL, 9, 'JAMILA', '042', 5, 1, '2017-01-14', '2017-01-14', '2017-01-19', '2017-02-12', NULL, NULL, 1, 1, 1, 1, 1),
(479, 43, 4, '2', '97963010', NULL, 4, 'BALTASAR SCHULTE', '6250', 1, 2, '2017-01-12', '2017-01-12', '2017-01-17', '2017-02-12', NULL, NULL, 1, 1, 1, 1, 1),
(480, 43, 4, '1', '97963010', NULL, 4, 'BALTASAR SCHULTE', '6250', 1, 2, '2017-01-12', '2017-01-12', '2017-01-17', '2017-02-12', NULL, NULL, 1, 1, 1, 1, 1),
(481, 43, 4, '3', '97963010', NULL, 4, 'BALTASAR SCHULTE', '6250', 1, 2, '2017-01-12', '2017-01-12', '2017-01-17', '2017-02-12', NULL, NULL, 1, 1, 1, 1, 1),
(482, 43, 4, '4', '97963010', NULL, 4, 'BALTASAR SCHULTE', '6250', 3, 2, '2017-01-13', '2017-01-13', '2017-01-17', '2017-02-12', NULL, NULL, 1, 1, 1, 1, 1),
(483, 42, 1, '20386', '959097108', NULL, 5, 'MARINER', '1702', 3, 2, '2016-12-31', '2016-12-31', '2017-01-04', '2017-02-01', NULL, NULL, 1, 1, 1, 1, 1),
(484, 42, 1, '20381', '959097108', NULL, 5, 'MARINER', '1702', 3, 2, '2016-12-02', '2016-12-02', '2017-01-06', '2017-02-01', NULL, NULL, 1, 1, 1, 1, 1),
(485, 42, 1, '20380', '959097108', NULL, 5, 'MARINER', '1702', 1, 2, '2016-12-31', '2016-12-31', '2017-01-04', '2017-02-01', NULL, NULL, 1, 1, 1, 1, 1),
(486, 42, 1, '20387', '959097108', NULL, 5, 'MARINER', '1702', 3, 2, '2016-12-02', '2016-12-02', '2017-01-07', '2017-02-01', NULL, NULL, 1, 1, 1, 1, 1),
(487, 42, 1, '20382', '959097108', NULL, 5, 'MARINER', '1702', 3, 2, '2017-01-03', '2017-01-03', '2017-01-08', '2017-02-08', NULL, NULL, 1, 1, 1, 1, 1),
(488, 42, 1, '20384', '959097140', NULL, 5, 'MARINER', '1702', 3, 9, '2017-01-03', '2017-01-03', '2017-01-08', '2017-02-08', NULL, NULL, 1, 1, 1, 1, 1),
(489, 42, 1, '20383', '959097140', NULL, 5, 'MARINER', '1702', 3, 9, '2017-01-03', '2017-01-03', '2017-01-08', '2017-02-08', NULL, NULL, 1, 1, 1, 1, 1),
(490, 42, 1, '20385', '959097140', NULL, 5, 'MARINER', '1702', 3, 9, '2017-01-03', '2017-01-03', '2017-01-08', '2017-02-08', NULL, NULL, 1, 1, 1, 1, 1),
(491, 42, 1, '20376', 'MBM140178110', NULL, 8, 'LOMBOK STRAIT', '16103', 3, 2, '2017-01-04', '2017-01-04', '2017-01-09', '2017-02-10', NULL, NULL, 1, 1, 1, 1, 1),
(492, 42, 1, '20374', 'MBM140178110', NULL, 8, 'LOMBOK STRAIT', '16103', 3, 2, '2017-01-04', '2017-01-04', '2017-01-09', '2017-02-10', NULL, NULL, 1, 1, 1, 1, 1),
(493, 42, 1, '20378', '6LIMES8757', NULL, 3, 'NORTHERN DEXTERITY', '6249', 3, 2, '2017-01-06', '2017-01-06', '2017-01-08', '2017-02-08', NULL, 19591.2, 1, 1, 1, 1, 1),
(494, 42, 1, '20377', '6LIMES8757', NULL, 3, 'NORTHERN DEXTERITY', '6249', 3, 2, '2017-01-05', '2017-01-05', '2017-01-08', '2017-02-08', NULL, 19591.2, 1, 1, 1, 1, 1),
(495, 42, 1, '20379', '6LIMES8757', NULL, 3, 'NORTHERN DEXTERITY', '6249', 3, 2, '2017-01-06', '2017-01-06', '2017-01-11', '2017-02-11', NULL, NULL, 1, 1, 1, 1, 1),
(496, 42, 2, '4', '97916134', NULL, 3, 'NORTHERN DEXTERITY', '6249', 3, 1, '2017-01-04', '2017-01-04', '2017-01-09', '2017-02-09', NULL, NULL, 1, 1, 1, 1, 1),
(497, 42, 2, '3', '97916134', NULL, 3, 'NORTHERN DEXTERITY', '6249', 3, 1, '2017-01-05', '2017-01-01', '2017-01-09', '2017-02-09', NULL, NULL, 1, 1, 1, 1, 1),
(498, 42, 2, '2', '97916134', NULL, 3, 'NORTHERN DEXTERITY', '6249', 3, 1, '2017-01-05', '2017-01-31', '2017-01-09', '2017-02-09', NULL, NULL, 1, 1, 1, 1, 1),
(499, 42, 2, '1', '97916134', NULL, 3, 'NORTHERN DEXTERITY', '6249', 3, 1, '2017-01-04', '2017-01-04', '2017-01-09', '2017-02-09', NULL, NULL, 1, 1, 1, 1, 1),
(500, 42, 5, '1', '27803720646A', NULL, 6, 'HANSA MEERS BURG', '06', 2, 2, '2017-01-07', '2017-01-07', '2017-01-12', '2017-02-12', NULL, NULL, 1, 1, 1, 1, 1),
(501, 42, 3, '2', 'B6JBK023765', NULL, 6, 'HANSA MEERS BURG', '06', 4, 1, '2017-01-07', '2017-01-07', '2017-01-12', '2017-02-12', NULL, NULL, 1, 1, 1, 1, 1),
(502, 42, 3, '1', 'B6JBK023765', NULL, 8, 'HANSA MEERS BURG', '06', 4, 1, '2017-01-07', '2017-01-07', '2017-01-12', '2017-02-12', NULL, NULL, 1, 1, 1, 1, 1),
(503, 42, 4, '1', '97916337', NULL, 4, 'NORTHERN DEXTERITY', '6249', 1, 2, '2017-01-06', '2017-01-06', '2017-01-11', '2017-02-11', NULL, NULL, 1, 1, 1, 1, 1),
(504, 42, 4, '2', '97916337', NULL, 4, 'NORTHERN DEXTERITY', '6249', 3, 2, '2017-01-06', '2017-01-06', '2017-01-11', '2017-02-11', NULL, NULL, 1, 1, 1, 1, 1),
(505, 46, 2, '2', '98568834', 'HLXU 876189-9', 4, 'MAGARI', '724', 3, 1, '2017-06-09', '2017-06-09', '2017-06-14', '2017-07-14', NULL, NULL, 1, 1, 1, 1, 1),
(506, 46, 4, '2', '98586654', 'HLXU 874770-9', 4, 'MAGARI', '724', 3, 2, '2017-06-10', '2017-06-10', '2017-06-15', '2017-07-15', NULL, NULL, 1, 1, 1, 1, 1),
(507, 46, 4, '1', '98586654', 'CPSU 515501-3', 4, 'MAGARI', '724', 3, 2, '2017-06-09', '2017-06-09', '2017-06-14', '2017-07-14', NULL, NULL, 1, 1, 1, 1, 1),
(508, 46, 3, '1', 'LMM0215762', 'TLLU 104789-0', 2, 'MAGARI', '018', 24, 1, '2017-06-10', '2017-06-10', '2017-06-15', '2017-07-15', NULL, NULL, 1, 1, 1, 1, 1),
(509, 46, 3, '2', 'B6JBK024858', 'DFIU 811104-6', 9, 'ALIOTH', '712', 4, 1, '2017-06-12', '2017-06-12', '2017-06-17', '2017-07-17', NULL, NULL, 1, 1, 1, 1, 1),
(510, 46, 5, '1', '7LIMAG1480', 'SUDU 623810-3', 3, 'MAGARI', '724', 2, 2, '2017-06-10', '2017-06-10', '2017-06-15', '2017-07-15', NULL, NULL, 1, 1, 1, 1, 1),
(511, 46, 5, '2', '7LIMAG1501', 'SUDU 627365-5', 3, 'MAGARI', '724', 2, 2, '2017-06-10', '2017-06-10', '2017-06-15', '2017-07-15', NULL, NULL, 1, 1, 1, 1, 1),
(512, 48, 1, '22997', 'MBM140178159', 'CXRU 111677-3', 8, 'LUZON STRAIT', '17019', 3, 2, '2017-06-20', '2017-07-20', '2017-06-25', '2017-07-13', NULL, 19591.2, 1, 1, 1, 1, 1),
(513, 48, 1, '22999', 'MBM140178159', 'CXRU 152387-1', 8, 'LUZON STRAIT', '17019', 3, 2, '2017-06-21', '2017-07-16', '2017-06-25', '2017-07-13', NULL, 19591.2, 1, 1, 1, 1, 1),
(514, 48, 1, '22998', 'MBM140178159', 'TRIU 859069-4', 8, 'LUZON STRAIT', '17019', 3, 2, '2017-06-20', '2017-07-20', '2017-06-25', '2017-07-13', NULL, 19591.2, 1, 1, 1, 1, 1),
(515, 48, 1, '23002', '7LIMES3383', 'SUDU 805116-9', 3, 'LISZT', '726', 3, 2, '2017-06-21', '2017-06-21', '2017-06-27', '2017-07-18', NULL, 19591.2, 1, 1, 1, 1, 1),
(516, 48, 1, '23001', '7LIMES3383', 'SUDU 821029-7', 3, 'LISZT', '726', 3, 2, '2017-06-17', '2017-06-21', '2017-06-27', '2017-07-18', NULL, 19591.2, 1, 1, 1, 1, 1),
(517, 48, 1, '23000', '7LIMES3383', 'SUDU 811441-5', 3, 'LISZT', '726', 3, 2, '2017-06-22', '2017-06-22', '2017-06-27', '2017-06-18', NULL, 19591.2, 1, 1, 1, 1, 1),
(518, 48, 1, '23003', '7LIMES3383', 'SUDU 817060-9', 3, 'LISZT', '726', 3, 2, '2017-06-24', '2017-06-24', '2017-06-27', '2017-06-18', NULL, 19591.2, 1, 1, 1, 1, 1),
(519, 48, 1, '23006', '961097019', 'MMAU 101782-5', 5, 'MARINER', '1710', 7, 2, '2017-06-20', '2017-06-20', '2017-06-23', '2017-07-16', NULL, 18900, 1, 1, 1, 1, 1),
(520, 48, 1, '23004', '961106881', 'PONU 483173-3', 5, 'MARINER', '1710', 1, 2, '2017-06-19', '2017-06-19', '2017-06-23', '2017-07-16', NULL, 19591.2, 1, 1, 1, 1, 1),
(521, 48, 1, '23005', '961106881', 'PONU 484117-7', 5, 'MARINER', '1710', 1, 2, '2017-06-19', '2017-06-19', '2017-06-23', '2017-07-16', NULL, 19591.2, 1, 1, 1, 1, 1),
(522, 47, 2, '1', '98598984', 'HLXU 875946-4', 4, 'MAGARI', '725', 3, 1, '2017-06-15', '2017-06-15', '2017-06-21', '2017-07-19', NULL, 21600, 1, 2, 1, 1, 1),
(523, 47, 2, '2', '98598984', 'HLBU 900823-9', 4, 'MAGARI', '725', 3, 1, '2017-06-16', '2017-06-16', '2017-06-21', '2017-07-19', NULL, 21600, 1, 2, 1, 1, 1),
(524, 47, 4, '1', '98622252', 'TCLU 117750-8', 4, 'MAGARI', '725', 3, 2, '2017-06-16', '2017-06-16', '2017-06-22', '2017-07-12', NULL, 21600, 1, 2, 1, 1, 1),
(525, 47, 4, '2', '98622252', 'HLBU 902370-0', 4, 'MAGARI', '725', 3, 2, '2017-06-16', '2017-06-16', '2017-06-22', '2017-07-12', NULL, 21600, 1, 2, 1, 1, 1),
(526, 47, 5, '2', '7LIMAG1548', 'SUDU 810704-1', 3, 'MAGARI', '725', 2, 2, '2017-06-17', '2017-06-17', '2017-06-24', '2017-07-14', NULL, 19200, 1, 2, 1, 1, 1),
(527, 47, 5, '2', '7LIMAG1552', 'SUDU 803122-3', 3, 'MAGARI', '725', 2, 2, '2017-06-17', '2017-06-17', '2017-06-24', '2017-07-13', NULL, 19200, 1, 2, 1, 1, 1),
(528, 47, 3, '1', 'LMM0216123', 'TLLU 105911-8', 2, 'MAGARI', '019', 6, 1, '2017-06-17', '2017-06-17', '2017-06-22', '2017-07-13', NULL, 21600, 1, 2, 1, 1, 1),
(529, 47, 3, '2', 'LMM0216123', 'BMOU 964121-8', 2, 'MAGARI', '019', 6, 1, '2017-06-17', '2017-06-17', '2017-06-22', '2017-07-13', NULL, 21600, 1, 2, 1, 1, 1),
(530, 49, 1, '23109', 'MBM140178160', 'RRSU 168117-3', 8, 'SCHWEIZ REEFER', 'RA17020EB', 3, 2, '2017-06-25', '2017-06-25', '2017-07-02', '2017-07-20', 22400, 19591.2, 1, 2, 1, 1, 1),
(531, 49, 1, '23137', 'MBM140178160', 'TEMU 937220-0', 8, 'SCHWEIZ REEFER', 'RA17020EB', 3, 2, '2017-06-27', '2017-06-27', '2017-07-02', '2017-07-20', 22250, 19591.2, 1, 2, 1, 1, 1),
(532, 49, 1, '23110', 'MBM140178160', 'CXRU 152647-0', 8, 'SCHWEIZ REEFER', 'RA17020EB', 3, 2, '2017-06-26', '2017-06-26', '2017-07-02', '2017-07-20', 22270, 19591.2, 1, 2, 1, 1, 1),
(533, 49, 1, '23116', '7LIMES3561', 'SUDU 801096-1', 3, 'HS LISZT', '727N', 3, 2, '2017-06-28', '2017-06-28', '2017-07-04', '2017-07-25', 22410, 19591.2, 1, 2, 1, 1, 1),
(534, 49, 1, '23115', '7LIMES3561', 'SUDU 801828-4', 3, 'HS LISZT', '727N', 3, 2, '2017-06-27', '2017-06-27', '2017-07-04', '2017-07-25', 22460, 19591.2, 1, 2, 1, 1, 1),
(535, 49, 1, '23114', '7LIMES3561', 'SUDU 813105-3', 3, 'HS LISZT', '727N', 3, 2, '2017-06-26', '2017-06-26', '2017-07-04', '2017-07-25', 22530, 19591.2, 1, 2, 1, 1, 1),
(536, 49, 1, '23113', '7LIMES3561', 'SUDU 620640-4', 3, 'HS LISZT', '727N', 3, 2, '2017-06-26', '2017-06-26', '2017-07-04', '2017-07-25', 22310, 19591.2, 1, 2, 1, 1, 1),
(537, 49, 1, '23112', '7LIMES3561', 'SUDU 623352-3', 3, 'HS LISZT', '727N', 3, 2, '2017-06-27', '2017-06-27', '2017-07-04', '2017-07-25', 22290, 19591.2, 1, 2, 1, 1, 1),
(538, 49, 1, '23117', '961208637', 'MSWU 001523-9', 5, 'SEALAND PHILADELPHIA', '1710', 1, 2, '2017-06-24', '2017-06-24', '2017-06-30', '2017-07-23', 22170, 19591.2, 1, 2, 1, 1, 1),
(539, 49, 1, '23119', '961208642', 'MMAU 125925-9', 5, 'SEALAND PHILADELPHIA', '1710', 7, 2, '2017-06-25', '2017-06-25', '2017-06-30', '2017-08-03', 21190, 18900, 1, 2, 1, 1, 1),
(540, 49, 1, '23118', '961208637', 'PONU 498186-2', 5, 'SEALAND PHILADELPHIA', '1710', 1, 2, '2017-06-24', '2017-06-24', '2017-06-30', '2017-07-23', 22320, 19591.2, 1, 2, 1, 1, 1),
(541, 48, 2, '1', '98628647', 'HLBU 904294-8', 4, 'LISZT', '726', 3, 1, '2017-06-22', '2017-06-22', '2017-06-29', '2017-05-29', NULL, 19591.2, 1, 1, 1, 1, 1),
(542, 48, 2, '2', '98628647', 'HLBU 904186-0', 4, 'LISZT', '729', 3, 1, '2017-06-22', '2017-06-22', '2017-06-29', '2017-05-29', NULL, 19591.2, 0, 1, 1, 1, 1),
(543, 48, 2, '2', '98628647', 'HLBU 904186-0', 4, 'LISZT', '726', 3, 1, '2017-06-22', '2017-06-22', '2017-06-28', '2017-07-29', NULL, 19591.2, 1, 1, 1, 1, 1),
(544, 48, 4, '2', '98653827', 'CPSU 511286-0', 4, 'LISZT', '726', 3, 2, '2017-06-23', '2017-06-20', '2017-06-28', '2017-07-28', NULL, 19591.2, 1, 1, 1, 1, 1),
(545, 48, 4, '1', '98653827', 'LNXU 845859-8', 4, 'LISZT', '726', 3, 2, '2017-06-22', '2017-06-22', '2017-06-28', '2017-07-28', NULL, 19591.2, 1, 1, 1, 1, 1),
(546, 48, 3, '2', 'B6JBK024927', 'DFIU 723082-1', 9, 'ALIOTH', '173', 4, 1, '2017-06-23', '2017-06-23', '2017-06-28', '2017-07-28', 0, 17414.4, 1, 1, 1, 1, 1),
(547, 48, 3, '1', 'LMM0216476', 'CAIU 558762-8', 2, 'LISZT', '020', 6, 1, '2017-06-23', '2017-06-23', '2017-06-28', '2017-07-28', 0, 19591.2, 1, 1, 1, 1, 1),
(548, 48, 5, '2', '7LIMAG1611', 'SUDU 810355-5', 3, 'LISZT', '726', 2, 2, '2017-06-25', '2017-06-25', '2017-06-28', '2017-07-28', NULL, 17414.4, 1, 1, 1, 1, 1),
(549, 48, 5, '1', '7LIMAG1612', 'SUDU 803934-8', 3, 'LISZT', '726', 2, 2, '2017-06-24', '2017-06-24', '2017-06-28', '2017-07-28', NULL, 17414.4, 1, 1, 1, 1, 1),
(550, 50, 1, '23147', '1', NULL, 8, 'ATLANTIC REEFER', '1', 3, 2, '2017-07-04', '2017-07-04', '2017-07-09', '2017-07-29', NULL, 19591.2, 0, 1, 1, 1, 1),
(551, 50, 1, '23148', 'MBM140178162', 'CAIU541966-6', 3, 'ATLANTIC REEFER', 'RA17021EB', 3, 2, '2017-07-04', '2017-07-04', '2017-07-08', '2017-07-29', 22480, 19591.2, 1, 2, 1, 1, 1),
(552, 50, 1, '23149', 'MBM140178162', 'CXRU 135069-4', 3, 'ATLANTIC REEFER', 'RA17021EB', 3, 2, '2017-07-04', '2017-07-04', '2017-07-08', '2017-07-27', 22330, 19591.2, 1, 2, 1, 1, 1),
(553, 50, 1, '23150', '7LIMES3700', 'SUDU 804300-8', 3, 'HS LISZT', '728N', 3, 2, '2017-07-04', '2017-07-04', '2017-07-11', '2017-08-01', 22400, 19591.2, 1, 2, 1, 1, 1),
(554, 50, 1, '23151', '7LIMES3700', 'SUDU 810435-6', 3, 'HS LISZT', '728N', 3, 2, '2017-07-05', '2017-07-05', '2017-07-11', '2017-08-01', 22330, 19591.2, 1, 2, 1, 1, 1),
(555, 50, 1, '23152', '7LIMES3700', 'SUDU628863-4', 3, 'HS LISZT', '728N', 3, 2, '2017-07-06', '2017-07-06', '2017-07-11', '2017-08-01', 22250, 19591.2, 1, 2, 1, 1, 1),
(556, 50, 1, '23153', '7LIMES3700', 'SUDU 818007-9', 3, 'HS LISZT', '728N', 3, 2, '2017-07-05', '2017-07-05', '2017-07-11', '2017-08-01', 22260, 19591.2, 1, 2, 1, 1, 1),
(557, 50, 1, '23154', 'MSKPE0049', 'PONU481197-4', 8, 'SEALAND MANZANILLO', '1710', 1, 2, '2017-07-03', '2017-07-03', '2017-07-08', '2017-07-27', 22370, 19591.2, 1, 2, 1, 1, 1),
(558, 50, 1, '23155', 'MSKPE0049', 'MWCU 685179-1', 5, 'SEALAND MANZANILLO', '1710', 1, 2, '2017-07-04', '2017-07-04', '2017-07-08', '2017-07-27', 22330, 19591.2, 1, 2, 1, 1, 1),
(559, 50, 1, '23156', 'MSKPE0049', 'MWCU670752-6', 5, 'SEALAND MANZANILLO', 'RA1710EB', 1, 2, '2017-07-01', '2017-07-01', '2017-07-08', '2017-07-27', 22340, 19591.2, 1, 2, 1, 1, 1),
(560, 50, 1, '23157', 'MSKPE 0044', 'MMAU 113307-0', 5, 'SEALAND MANZANILLO', '1710', 7, 2, '2017-07-01', '2017-07-01', '2017-07-08', '2017-07-27', 21510, 18900, 1, 2, 1, 1, 1),
(561, 49, 2, '1', '98660535', 'HLBU 904194-1', 4, 'HS LISZT', '727N', 3, 1, '2017-06-27', '2017-06-27', '2017-07-04', '2017-07-28', 22180, 19591.2, 1, 2, 1, 1, 1),
(562, 49, 2, '2', '98660535', 'HLBU 900822-3', 4, 'HS LISZT', '727N', 3, 1, '2017-06-28', '2017-06-28', '2017-07-04', '2017-07-28', 22260, 19591.2, 1, 2, 1, 1, 1),
(563, 49, 4, '2', '98673354', 'BMOU 977317-4', 4, 'HS LISZT', '727N', 3, 2, '2017-06-30', '2017-06-30', '2017-07-06', '1901-07-31', 22030, 19591.2, 1, 2, 1, 1, 1),
(564, 49, 4, '1', '98673354', 'GESU 950668-0', 4, 'HS LISZT', '727N', 3, 2, '2017-06-28', '2017-06-28', '2017-07-05', '1901-07-30', 22090, 19591.2, 1, 2, 1, 1, 1),
(565, 49, 3, '2', 'B6JBK024982', 'DFIU 723001-4', 9, 'JAMILA', '054', 4, 1, '2017-06-30', '2017-06-30', '2017-07-07', '2017-07-31', 19710, 17414.4, 1, 2, 1, 1, 1),
(566, 49, 3, '1', 'LMM0216749', 'TLLU 105619-2', 2, 'HS LISZT', '021CNR', 6, 1, '2017-06-30', '2017-06-30', '2017-07-07', '2017-07-31', 22450, 19591.2, 1, 2, 1, 1, 1),
(567, 49, 5, '1', '7LIMNC2137', 'SUDU 627430-6', 3, 'HS LISZT', '727N', 2, 2, '2017-06-28', '2017-06-28', '2017-07-04', '2017-07-31', 19630, 17414.4, 1, 2, 1, 1, 1),
(568, 49, 5, '1', '7LIMNC2137', 'SUDU 627430-6', 3, 'LISZT', '727', 2, 2, '2017-06-28', '2017-06-28', '2017-07-04', '2017-07-31', NULL, 17414.4, 0, 2, 1, 1, 1),
(569, 51, 1, '23271', 'MBM140178164', 'CAIU 565696-6', 8, 'LOMBOK STRAIT', 'RA17022EB', 3, 2, '2017-07-08', '2017-07-08', '2017-07-16', '2017-08-03', 22290, 19591.2, 1, 2, 1, 1, 1),
(570, 51, 1, '23272', 'MBM140178164', 'BMOU 965124-2', 8, 'LOMBOK STRAIT', 'RA17022EB', 3, 2, '2017-07-10', '2017-07-10', '2017-07-16', '2017-08-03', 22380, 19591.2, 1, 2, 1, 1, 1),
(571, 51, 1, '23274', '7LIMES3924', 'SUDU 817614-5', 3, 'HS LISZT', '729N', 3, 2, '2017-07-10', '2017-07-10', '2017-07-18', '2017-08-08', 22410, 19591.2, 1, 2, 1, 1, 1),
(572, 51, 1, '23273', '7LIMES3924', 'SUDU 803304-1', 3, 'HS LISZT', '729N', 3, 2, '2017-07-11', '2017-07-11', '2017-07-18', '2017-08-08', 22300, 19591.2, 1, 2, 1, 1, 1),
(573, 51, 1, '23275', '7LIMES3924', 'SUDU 821453-8', 3, 'HS LISZT', '729N', 3, 2, '2017-07-10', '2017-07-10', '2017-07-18', '2017-08-08', 22300, 19591.2, 1, 2, 1, 1, 1),
(574, 51, 1, '23276', '7LIMES3924', 'SUDU 806707-8', 3, 'HS LISZT', '729N', 3, 2, '2017-07-13', '2017-07-13', '2017-07-18', '2017-08-08', 22260, 19591.2, 1, 2, 1, 1, 1),
(575, 51, 1, '23277', '961322284', 'MWCU 676530-6', 5, 'SEALAND GUAYAQUIL', '1712', 1, 2, '2017-07-08', '2017-07-08', '2017-07-14', '2017-08-03', 22370, 19591.2, 1, 2, 1, 1, 1),
(576, 51, 1, '23278', '961322284', 'MSWU 900991-5', 5, 'SEALAND GUAYAQUIL', '1712', 1, 2, '2017-07-07', '2017-07-07', '2017-07-14', '2017-08-03', 22320, 19591.2, 1, 2, 1, 1, 1),
(577, 51, 1, '23279', '961322284', 'MWCU 683473-1', 5, 'SEALAND GUAYAQUIL', '1712', 1, 2, '2017-07-08', '2017-07-08', '2017-07-14', '2017-08-03', 22220, 19591.2, 1, 2, 1, 1, 1),
(578, 51, 1, '23280', '961312563', 'MMAU 106056-5', 5, 'SEALAND GUAYAQUIL', '1712', 7, 2, '2017-07-08', '2017-07-08', '2017-07-14', '2017-08-17', 21290, 18200, 1, 2, 1, 1, 1),
(579, 50, 1, '23228', '7LIMES3700', 'SUDU 803239-0', 3, 'LISZT', '728', 3, 2, '2017-07-04', '2017-07-04', '2017-07-12', '2017-08-08', NULL, 19591.2, 0, 1, 1, 1, 1),
(580, 50, 1, '23227', 'MSKPE0049', 'MWCU 524004-1', 8, 'SEALAND MANZANILLO', 'RA1710EB', 1, 2, '2017-07-03', '2017-07-03', '2017-07-08', '2017-08-08', 22330, 19591.2, 1, 2, 1, 1, 1),
(581, 50, 1, '23228', '7LIMES3700', 'SUDU 803239-0', 3, 'HS LISZT', '728N', 3, 2, '2017-07-04', '2017-07-04', '2017-07-11', '2017-08-08', 22310, 19591.2, 1, 2, 1, 1, 1),
(582, 50, 2, '1', '98685462', 'HLBU 900891-7', 4, 'HS LISZT', '728N', 3, 1, '2017-07-05', '2017-07-05', '2017-07-10', '2017-08-08', 22160, 19591.2, 1, 2, 1, 1, 1),
(583, 50, 2, '2', '98685462', 'HLBU 904065-2', 4, 'HS LISZT', '728N', 3, 1, '2017-07-06', '2017-07-06', '2017-07-10', '2017-08-08', 22110, 19591.2, 1, 2, 1, 1, 1),
(584, 50, 2, '3', '98685462', 'HLBU904522-7', 4, 'HS LISZT', '728N', 3, 1, '2017-07-06', '2017-07-06', '2017-07-10', '2017-08-08', 22190, 19591.2, 1, 2, 1, 1, 1),
(585, 50, 4, '1', '98711299', 'LNXU 755981-3', 4, 'HS LISZT', '728N', 3, 2, '2017-07-06', '2017-07-06', '2017-07-11', '2017-08-07', 22270, 19591.2, 1, 2, 1, 1, 1),
(586, 50, 4, '2', '98711299', 'BMOU 921454-0', 4, 'HS LISZT', '728N', 3, 2, '2017-07-06', '2017-07-06', '2017-07-11', '2017-08-07', 22100, 19591.2, 1, 2, 1, 1, 1),
(587, 50, 5, '1', '7LIMAG1744', 'SUDU 804227-5', 3, 'HS LISZT', '728N', 2, 2, '2017-07-06', '2017-07-06', '2017-07-11', '2017-08-06', 19580, 17414.4, 1, 2, 1, 1, 1),
(588, 50, 3, '1', 'LMM0217108', 'TLLU 106743-2', 2, 'HS LISZT', '022CNR', 6, 1, '2017-07-07', '2017-07-07', '2017-07-12', '2017-08-07', 22240, 19591.2, 1, 2, 1, 1, 1),
(589, 50, 5, '2', '7LIMAG1745', 'SUDU 811934-0', 3, 'HS LISZT', '728N', 2, 1, '2017-07-07', '2017-07-07', '2017-07-11', '2017-08-07', 19700, 17414.4, 1, 2, 1, 1, 1),
(590, 52, 1, '23351', 'MBM140178166', 'TTNU 845055-3', 8, 'BALTIC KLIPPER', 'RA17023EB', 3, 15, '2017-07-15', '2017-07-15', '2017-07-23', '2017-08-10', 22200, 19591.2, 1, 2, 1, 1, 1),
(591, 52, 1, '23352', 'MBM140178166', 'CXRU 152421-9', 8, 'BALTIC KLIPPER', 'RA17023EB', 3, 15, '2017-07-15', '2017-07-15', '2017-07-23', '2017-08-10', 22170, 19591.2, 1, 2, 1, 1, 1),
(592, 52, 1, '23355', '7LIMES4167', 'SUDU 624583-8', 3, 'HS LISZT', '730N', 3, 15, '2017-07-15', '2017-07-15', '2017-07-25', '2017-08-15', 22260, 19591.2, 1, 2, 1, 1, 1),
(593, 52, 1, '23353', '7LIMES4167', 'SUDU 804642-9', 3, 'HS LISZT', '730N', 3, 15, '2017-07-17', '2017-07-17', '2017-07-25', '2017-08-15', 22260, 19591.2, 1, 2, 1, 1, 1),
(594, 52, 1, '23356', '7LIMES4167', 'SUDU 628546-6', 3, 'LISZT', '730', 3, 15, '2017-07-17', '2017-07-17', '2017-07-25', '2017-08-15', NULL, 19591.2, 1, 2, 1, 1, 1),
(595, 52, 1, '23357', '7LIMES4167', 'SUDU 803258-0', 3, 'HS LISZT', '730N', 3, 15, '2017-07-18', '2017-07-18', '2017-07-25', '2017-08-15', 22260, 19591.2, 1, 2, 1, 1, 1),
(596, 52, 1, '23354', '7LIMES4167', 'SUDU 627879-1', 3, 'HS LISZT', '730N', 3, 15, '2017-07-18', '2017-07-18', '2017-07-25', '2017-08-15', 22230, 19591.2, 1, 2, 1, 1, 1),
(597, 52, 1, '23350', '961415954', 'MWCU 530573-3', 5, 'SEALAND LOS ANGELES', '1712', 1, 15, '2017-07-18', '2017-07-18', '2017-07-21', '2017-08-13', 22210, 19591.2, 1, 2, 1, 1, 1),
(598, 52, 1, '23349', '961415954', 'PONU 489353-0', 5, 'SEALAND LOS ANGELES', '1712', 1, 15, '2017-07-14', '2017-07-14', '2017-07-21', '2017-08-13', 22250, 19591.2, 1, 2, 1, 1, 1),
(599, 52, 1, '23348', '961415954', 'PONU 489829-6', 5, 'SEALAND LOS ANGELES', '1712', 1, 15, '2017-07-14', '2017-07-14', '2017-07-21', '2017-08-13', 22280, 19591.2, 1, 2, 1, 1, 1),
(600, 52, 1, '23347', '961406893', 'MMAU 110134-5', 5, 'SEALAND LOS ANGELES', '1712', 7, 15, '2017-07-15', '2017-07-15', '2017-07-21', '2017-08-24', 21170, 18200, 1, 2, 1, 1, 1),
(601, 51, 1, '23317', '7LIMES3924', 'SUDU 628821-2', 3, 'HS LISZT', '729N', 3, 2, '2017-07-11', '2017-07-11', '2017-07-18', '2017-08-08', 22320, 19591.2, 1, 2, 1, 1, 1),
(602, 51, 2, '2', '98724406', 'HLBU 907720-3', 4, 'HS LISZT', '729N', 3, 1, '2017-07-12', '2017-07-12', '2017-07-18', '2017-08-18', 22170, 19591.2, 1, 2, 1, 1, 1),
(603, 51, 2, '1', '98724406', 'HLBU 907719-0', 4, 'HS LISZT', '729N', 3, 1, '2017-07-11', '2017-07-11', '2017-07-18', '2017-08-18', 22200, 19591.2, 1, 2, 1, 1, 1),
(604, 51, 4, '2', '98744987', 'TCLU 102065-3', 4, 'HS LISZT', '729N', 3, 2, '2017-07-12', '2017-07-12', '2017-07-18', '2017-07-18', 22290, 19591.2, 1, 2, 1, 1, 1),
(605, 51, 4, '1', '98744987', 'TCLU 118219-2', 4, 'HS LISZT', '729N', 3, 2, '2017-07-12', '2017-07-12', '2017-07-18', '2017-07-18', 22170, 19591.2, 1, 2, 1, 1, 1),
(606, 51, 5, '1', '7LIMAG1816', 'SUDU 820004-6', 3, 'HS LISZT', '729N', 2, 2, '2017-07-13', '2017-07-13', '2017-07-18', '2017-08-17', 19710, 17414.4, 1, 2, 1, 1, 1),
(607, 51, 3, '1', 'LMM0217538', 'TLLU 105065-6', 2, 'HS LISZT', '023CNR', 6, 1, '2017-07-13', '2017-07-13', '2017-07-17', '2017-08-17', 22290, 19591.2, 1, 2, 1, 1, 1),
(608, 51, 3, '2', 'B6JBK025074', 'DFIU 811154-0', 9, 'JAMILA', '055', 4, 1, '2017-07-14', '2017-07-14', '2017-07-17', '2017-08-17', 19800, 17414.4, 1, 2, 1, 1, 1),
(609, 53, 1, '23415', 'MBM140178168', 'BMOU 965241-8', 8, 'ATLANTIC KLIPPER', 'RA17024EB', 3, 15, '2017-07-25', '2017-07-25', '2017-07-30', '2017-08-17', 22270, 19591.2, 1, 2, 2, 2, 1),
(610, 53, 1, '23414', 'BMB140178168', 'BMOU 961803-3', 8, 'ATLANTIC KLIPPER', 'RA17024EB', 3, 15, '2017-07-24', '2017-07-24', '2017-07-30', '2017-08-17', 22160, 19591.2, 1, 2, 2, 2, 1),
(611, 53, 1, '23417', '7LIMES4465', 'SUDU 812206-7', 3, 'HS LISZT', '731N', 3, 15, '2017-07-26', '2017-07-26', '2017-08-01', '2017-08-22', 22300, 19591.2, 1, 2, 2, 2, 1),
(612, 53, 1, '23418', '7LIMES4465', 'SUDU 813990-1', 3, 'HS LISZT', '731N', 3, 15, '2017-07-26', '2017-07-26', '2017-08-01', '2017-08-22', 22300, 19591.2, 1, 2, 2, 2, 1),
(613, 53, 1, '23416', '7LIMES4465', 'SUDU 610980-5', 3, 'HS LISZT', '731N', 3, 15, '2017-07-26', '2017-07-26', '2017-08-01', '2017-08-22', 22270, 19591.2, 1, 2, 2, 2, 1),
(614, 53, 1, '23419', '7LIMES 4465', 'SUDU 824675-1', 3, 'HSLISZT', '731N', 3, 15, '2017-07-25', '2017-07-26', '2017-08-01', '2017-08-22', 22250, 19591.2, 1, 2, 2, 2, 1),
(615, 53, 1, '23420', '1', NULL, 5, 'SEALAND BALBOA', '1', 1, 15, '2017-07-23', '2017-07-23', '2017-07-28', '2017-08-20', NULL, 19591.2, 0, 1, 1, 2, 1),
(616, 53, 1, '23420', '1', NULL, 5, 'SEALAND BALBOA', '1', 1, 15, '2017-07-23', '2017-07-23', '2017-07-28', '2017-08-20', NULL, 19591.2, 0, 1, 1, 2, 1),
(617, 53, 1, '23424', '961501375', 'MMAU 115229-7', 5, 'SEALAND BALBOA', '1712', 7, 15, '2017-07-24', '2017-07-24', '2017-07-28', '2017-08-31', 21250, 18200, 1, 2, 2, 2, 1),
(618, 53, 1, '23423', '961491863', 'PONU 450426-3', 5, 'SEALAND BALBOA', '1712', 1, 15, '2017-07-22', '2017-07-22', '2017-07-28', '2017-08-20', 22330, 19591.2, 1, 2, 2, 2, 1),
(619, 53, 1, '23422', '961491863', 'MNBU 307774-0', 5, 'SEALAND BALBOA', '1712', 1, 15, '2017-07-22', '2017-07-22', '2017-07-28', '2017-08-20', 22240, 19591.2, 1, 2, 2, 2, 1),
(620, 53, 1, '23421', '961491863', 'PONU 489371-4', 5, 'SEALAND BALBOA', '1712', 1, 15, '2017-07-22', '2017-07-22', '2017-07-28', '2017-08-20', 22270, 19591.2, 1, 2, 2, 2, 1),
(621, 53, 1, '23420', '961491863', 'MNBU 339827-3', 5, 'SEALAND BALBOA', '1712', 1, 15, '2017-07-24', '2017-07-24', '2017-07-28', '2017-08-20', 22320, 19591.2, 1, 2, 2, 2, 1),
(622, 52, 2, '1', '98757055', 'HLBU 904788-9', 4, 'HS LISZT', '730N', 3, 1, '2017-07-19', '2017-07-19', '2017-07-25', '2017-08-25', 22070, 19591.2, 1, 2, 1, 1, 1),
(623, 52, 2, '2', '98757055', 'HLBU 907963-3', 4, 'HS LISZT', '730N', 3, 1, '2017-07-19', '2017-07-19', '2017-07-25', '2017-08-25', 22190, 19591.2, 1, 2, 1, 1, 1),
(624, 52, 2, '3', '98757055', 'HLBU 907171-4', 4, 'HS LISZT', '730N', 3, 1, '2017-07-19', '2017-07-19', '2017-07-25', '2017-08-25', 22180, 19591.2, 1, 2, 1, 1, 1),
(625, 52, 4, '1', '98780813', 'CRLU 183918-7', 4, 'HS LISZT', '730N', 3, 15, '2017-07-20', '2017-07-20', '2017-07-24', '2017-08-19', 22220, 19591.2, 1, 2, 1, 1, 1),
(626, 52, 4, '2', '98780813', 'GESU 950621-0', 4, 'HS LISZT', '730N', 3, 15, '2017-07-20', '2017-07-20', '2017-07-24', '2017-08-19', 22190, 19591.2, 1, 2, 1, 1, 1),
(627, 52, 5, '1', '7LIMNC2448', 'SUDU 807093-4', 3, 'HS LISZT', '730N', 2, 1, '2017-07-21', '2017-07-21', '2017-07-29', '2017-08-12', 19660, 17414.4, 1, 2, 1, 1, 1),
(628, 52, 3, '1', 'LMM0217944', 'TLLU 104530-4', 2, 'HS LISZT', '024', 6, 1, '2017-07-20', '2017-07-20', '2017-07-25', '2017-08-19', 22150, 19591.2, 1, 2, 1, 1, 1),
(629, 52, 3, '2', 'B6JBK025114', 'DFIU 722128-6', 9, 'ALIOTH', '175', 4, 1, '2017-07-21', '2017-07-21', '2017-07-25', '2017-08-19', 19770, 17414.4, 1, 2, 1, 1, 1),
(630, 53, 2, '1', '98795687', 'HLBU 900879-5', 4, 'HS LISZT', '731N', 3, 1, '2017-07-27', '2017-07-27', '2017-08-31', '2017-08-12', 22220, 19591.2, 1, 2, 1, 2, 1),
(631, 53, 2, '2', '98795687', 'HLXU 877281-0', 4, 'HS LISZT', '025', 3, 1, '2017-07-27', '2017-07-27', '2017-08-31', '2017-08-12', 22250, 19591.2, 1, 2, 1, 2, 1),
(632, 53, 3, '1', 'LMM0218237', 'CAIU 565452-0', 2, 'CGM HS LISZT', '025', 6, 1, '2017-07-30', '2017-07-30', '2017-07-31', '2017-08-18', 22390, 19591.2, 1, 2, 1, 2, 1),
(633, 53, 4, '1', '98813622', 'FSCU 567276-9', 4, 'HS LISZT', '731N', 3, 15, '2017-07-27', '2017-07-27', '2017-07-31', '2017-08-18', 22140, 19591.2, 1, 2, 1, 2, 1),
(634, 53, 4, '1', '98813622', 'LNXU 965478-5', 4, 'HS LISZT', '731N', 3, 15, '2017-07-30', '2017-07-30', '2017-07-31', '2017-08-18', 22190, 19591.2, 1, 2, 1, 2, 1),
(635, 53, 5, '1', '7LIMES2520', 'SUDU 813474-6', 3, 'HS LISZT', '731N', 2, 1, '2017-07-30', '2017-07-30', '2017-07-31', '2017-08-22', 19750, 17414.4, 1, 2, 1, 2, 1),
(636, 53, 5, '1', '1', NULL, 3, '1', '1', 2, 1, '2017-07-26', '2017-07-26', '2017-07-31', '2017-08-22', NULL, 17414.4, 0, 1, 1, 2, 1),
(637, 54, 1, '23510', '7LIMES46213', 'SUDU 808059-4', 3, 'HS LISZT', '732N', 3, 15, '2017-08-03', '2017-08-03', '2017-08-16', '2017-08-29', 22220, 19591.2, 1, 1, 1, 3, 1),
(638, 54, 1, '23512', '7LIMES4613', 'SUDU 823497-7', 3, 'HSD HS LISZT', '732N', 3, 15, '2017-08-02', '2017-08-02', '2017-08-16', '2017-08-29', 22290, 19591.2, 1, 1, 1, 3, 1),
(639, 54, 1, '23513', '7LIMES4613', 'SUDU 821297-8', 3, 'HSD HS LISZT', '732N', 3, 15, '2017-08-02', '2017-08-02', '2017-08-16', '2017-08-29', 22270, 19591.2, 1, 1, 1, 3, 1),
(640, 54, 1, '23511', 'LIMES4613', 'SUDU 822107-5', 3, 'HS LISZT', '732N', 3, 15, '2017-08-03', '2017-08-03', '2017-08-16', '2017-08-29', 22350, 19591.2, 1, 1, 1, 3, 1),
(641, 54, 1, '23517', '961586587', 'MWCU 663807-1', 5, 'MARINER', '1712', 1, 15, '2017-08-01', '2017-08-01', '2017-08-04', '2017-08-28', 22470, 19591.2, 1, 1, 1, 3, 1),
(642, 54, 1, '23515', '961586587', 'PONU 497285-5', 5, 'MARINER', '1712', 1, 15, '2017-07-31', '2017-07-31', '2017-08-04', '2017-08-28', 22370, 19591.2, 1, 1, 1, 3, 1),
(643, 54, 1, '23516', '961586587', 'MWMU 633834-6', 5, 'MARINER', '1712', 1, 15, '2017-07-31', '2017-07-31', '2017-08-04', '2017-08-28', 22110, 19591.2, 1, 1, 1, 3, 1),
(644, 54, 1, '23508', '961586595', 'MNBU 309738-8', 5, 'MARINER', '1712', 3, 15, '2017-08-02', '2017-08-02', '2017-08-04', '2017-08-24', 22280, 19591.2, 1, 1, 1, 3, 1),
(645, 54, 1, '23519', '961586595', 'MMAU 121545-6', 5, 'MARINER', '1712', 7, 15, '2017-08-01', '2017-08-01', '2017-08-04', '2017-09-07', 21310, 18200, 1, 1, 1, 3, 1),
(646, 54, 1, '23509', 'MBM140178172', 'CXRU 111430-1', 8, 'LUZON STRAIT', 'RA17025EB', 3, 15, '2017-08-02', '2017-08-02', '2017-08-06', '2017-08-21', 22280, 19591.2, 1, 1, 1, 3, 1),
(647, 54, 1, '23518', 'MBM140178173', 'CAIU 542117-5', 8, 'LUZON STRAIT', 'RA17025EB', 1, 15, '2017-08-01', '2017-08-01', '2017-08-06', '2017-08-21', 22420, 19591.2, 1, 1, 1, 3, 1),
(648, 54, 5, '1', '7LIMES2594', 'SUDU 823041-5', 3, 'HS  LISZT', '732N', 2, 1, '2017-08-06', '2017-08-06', '2017-08-16', '2017-08-29', 19640, 17414.4, 1, 1, 1, 2, 1),
(649, 54, 5, '1', '7LIMES2594', 'SUDU 808279-2', 3, 'LISZT', '732N', 2, 1, '2017-08-06', '2017-08-06', '2017-08-16', '2017-08-29', 19610, 17414.4, 1, 1, 1, 2, 1),
(650, 54, 3, '1', 'LMM0218618', 'TLLU 105275-1', 2, 'HS LISZT', '026CNR', 6, 1, '2017-08-05', '2017-08-05', '2017-08-16', '2017-08-29', 22230, 19591.2, 1, 1, 1, 2, 1),
(651, 54, 2, '1', '98828248', 'HLXU 876069-7', 4, 'HS LISZT', '732N', 3, 1, '2017-08-03', '2017-08-03', '2017-08-16', '2017-08-29', 22230, 19591.2, 1, 1, 1, 3, 1),
(652, 54, 2, '1', '98828248', 'HLXU 875896-1', 4, 'HS LISZT', '732N', 3, 1, '2017-08-03', '2017-08-03', '2017-08-16', '2017-08-29', 22120, 19591.2, 1, 1, 1, 3, 1),
(653, 54, 2, '1', '98828248', 'HLXU 876094-8', 4, 'HS LISZT', '732N', 3, 1, '2017-08-06', '2017-08-06', '2017-08-16', '2017-08-29', 22220, 19591.2, 1, 1, 1, 3, 1),
(654, 54, 4, '1', '98862199', 'CRLU 127214-9', 4, 'HS  LISZT', '732N', 3, 15, '2017-08-05', '2017-08-05', '2017-08-16', '2017-08-29', 22110, 19591.2, 1, 1, 1, 3, 1),
(655, 54, 4, '1', '98862199', 'HLXU 875124-7', 4, 'HS LISZT', '732N', 3, 15, '2017-08-05', '2017-08-05', '2017-08-16', '2017-08-29', 22170, 19591.2, 1, 1, 1, 3, 1),
(656, 55, 1, '23683', 'MBM140178175', 'CXRU 111139-1', 8, 'SCHWEIZ REEFER', '1702EB', 3, 15, '2017-08-08', '2017-08-08', '2017-08-13', '2017-08-31', NULL, 19591.2, 1, 1, 1, 2, 1),
(657, 55, 1, '23684', 'MBM140178175', 'TCLU 138554-3', 8, 'SCHWEIZ', '17036EB', 3, 15, '2017-08-08', '2017-08-08', '2017-08-13', '2017-08-31', NULL, 19591.2, 1, 1, 1, 2, 1),
(658, 55, 1, '23685', '7LIMES4765', 'CNIU 223155-9', 3, 'HS LIZET', '733', 3, 15, '2017-08-09', '2017-08-09', '2017-08-15', '2017-09-05', NULL, 19591.2, 1, 1, 1, 2, 1);
INSERT INTO `contenedor` (`id`, `id_semana`, `id_cliente`, `referencia`, `booking`, `numero_contenedor`, `id_lineanaviera`, `nave`, `viaje`, `id_puertodestino`, `id_operador`, `fecha_proceso_inicio`, `fecha_proceso_fin`, `fecha_zarpe`, `fecha_llegada`, `peso_bruto`, `peso_neto`, `activo`, `factura`, `certificado`, `packing`, `valija`) VALUES
(659, 55, 1, '23686', '7LIMES4765', 'SUDU 6282717-4', 3, 'HS LIZET', '733', 3, 15, '2017-08-08', '2017-08-08', '2017-08-15', '2017-09-05', NULL, 19591.2, 1, 1, 1, 2, 1),
(660, 55, 1, '23687', '7LIMES4765', 'SUDU 812231-8', 3, 'HS  LISET', '733', 3, 15, '2017-08-09', '2017-08-09', '2017-08-15', '2017-09-05', NULL, 19591.2, 1, 1, 1, 2, 1),
(661, 55, 1, '23688', '7LIMES4765', 'SUDU 804382-0', 3, 'HS LIZET', '733', 3, 15, '2017-08-09', '2017-08-09', '2017-08-15', '2017-09-05', NULL, 19591.2, 1, 1, 1, 2, 1),
(662, 55, 1, '23696', '7LIMES4765', 'SUDU 610246-2', 3, 'HS LIZET', '733', 3, 15, '2017-08-10', '2017-08-10', '2017-08-15', '2017-09-05', NULL, 19591.2, 1, 1, 1, 2, 1),
(663, 55, 1, '23737', '7LIMES4765', 'SUDU 511341-5', 3, 'HS  LIZET', '733', 3, 15, '2017-08-12', '2017-08-12', '2017-08-15', '2017-09-05', NULL, 19591.2, 1, 1, 1, 2, 1),
(664, 55, 1, '23689', '961685496', 'PONU 480451-1', 5, 'SEALAND PHILADELPHIA', '1712', 1, 15, '2017-08-10', '2017-08-10', '2017-08-11', '2017-09-03', NULL, 19591.2, 1, 1, 1, 2, 1),
(665, 55, 1, '23690', '961685496', 'MWCU 530648-9', 5, 'SEALAND PHILADELPHIA', '1712', 1, 15, '2017-08-07', '2017-08-07', '2017-08-11', '2017-09-03', NULL, 19591.2, 1, 1, 1, 2, 1),
(666, 55, 1, '23691', '961685496', 'MWCU 532834-3', 5, 'SEALAND PHILADELPHIA', '1712', 1, 15, '2017-08-07', '2017-08-07', '2017-08-11', '2017-09-03', NULL, 19591.2, 1, 1, 1, 2, 1),
(667, 55, 1, '23692', '961694748', 'MMAU 112342-6', 5, 'SEALAND PHILADELPHIA', '1712', 7, 15, '2017-08-08', '2017-08-08', '2017-08-11', '2017-09-14', NULL, 18200, 1, 1, 1, 2, 1),
(668, 55, 5, '1', '7LIMES2717', 'SUDU 310908-6', 3, 'HS  LIZET', '733', 2, 1, '2017-08-12', '2017-08-12', '2017-08-15', '2017-08-25', NULL, 17414.4, 1, 1, 1, 2, 1),
(669, 55, 5, '1', '7LIMES2717', 'SUDU 602390-7', 3, 'HS LIZET', '733', 2, 1, '2017-08-12', '2017-08-12', '2017-08-15', '2017-08-26', NULL, 17414.4, 1, 1, 1, 2, 1),
(670, 55, 3, '1', 'LMM0219002', 'APRU 614231-2', 2, 'HS  LIZET', '027', 24, 1, '2017-08-11', '2017-08-11', '2017-08-15', '2017-09-05', NULL, 19591.2, 1, 1, 1, 2, 1),
(671, 55, 4, '1', '98895432', 'LNXU 755955-7', 4, 'HS LIZET', '733', 3, 15, '2017-08-11', '2017-08-11', '2017-08-15', '2017-09-05', NULL, 19591.2, 1, 1, 1, 2, 1),
(672, 55, 4, '1', '98895432', 'SEGU 937696-0', 4, 'HS LIZET', '733', 3, 15, '2017-08-10', '2017-08-10', '2017-08-15', '2017-09-05', NULL, 19591.2, 1, 1, 1, 2, 1),
(673, 55, 2, '1', '98877086', 'HLBU 900930-1', 4, 'HS LIZET', '733', 3, 1, '2017-08-10', '2017-08-10', '2017-08-15', '2017-09-05', NULL, 19591.2, 1, 1, 1, 2, 1),
(674, 55, 2, '1', '98877086', 'HLBU 900318-1', 4, 'HS  LIZET', '733', 3, 1, '2017-08-10', '2017-08-10', '2017-08-15', '2017-09-05', NULL, 19591.2, 1, 1, 1, 2, 1),
(675, 56, 1, '23752', '961757441', 'MNBU 355141-7', 5, 'SEALAND MANZANILLO', '1712', 1, 15, '2017-08-14', '2017-08-14', '2017-08-18', '2017-09-10', 22320, 19591.2, 1, 2, 1, 2, 1),
(676, 56, 1, '23753', '961757441', 'MNBU 901425-1', 5, 'SEALAND MANZANILLO', '1712', 1, 15, '2017-08-14', '2017-08-14', '2017-08-18', '2017-09-09', 22150, 19591.2, 1, 2, 1, 2, 1),
(677, 56, 1, '23750', '461757441', 'PONU 484667-2', 5, 'SEALAND MANZANILLO', '1712', 1, 15, '2017-08-14', '2017-08-14', '2017-08-18', '2017-09-10', 22260, 19591.2, 1, 2, 1, 2, 1),
(678, 56, 1, '23751', '961757441', 'PONU 451898-7', 5, 'SEALAND MANZANILLO', '1712', 1, 15, '2017-08-15', '2017-08-15', '2017-08-18', '2017-09-10', 22330, 19591.2, 1, 2, 1, 2, 1),
(679, 56, 1, '23746', '7LIMES4914', 'SUDU 601834-6', 3, 'HS LISZT', '734N', 3, 15, '2017-08-15', '2017-08-15', '2017-08-22', '2017-09-12', 22270, 19591.2, 1, 2, 1, 2, 1),
(680, 56, 1, '23754', '961748563', 'MMAU 110979-4', 5, 'SEALAND MANZANILLO', '1712', 7, 15, '2017-08-15', '2017-08-15', '2017-08-18', '2017-09-10', 21290, 18200, 1, 2, 1, 2, 1),
(681, 56, 1, '23744', 'MBM140178176', 'CXRU 127908-7', 8, 'ATLANTIC REEFER', 'RA17027EB', 3, 15, '2017-08-16', '2017-08-16', '2017-08-20', '2017-09-07', 22300, 19591.2, 1, 2, 1, 2, 1),
(682, 56, 1, '23745', 'MBM140178176', 'RRSU 170259-5', 8, 'ATLANTIC REEFER', 'RA17027EB', 3, 15, '2017-08-16', '2017-08-16', '2017-08-20', '2017-09-07', 22320, 19591.2, 1, 2, 1, 2, 1),
(683, 56, 1, '23717', '7LIMES 4914', 'SUDU 514081-1', 3, 'HS LISZT', '734N', 3, 15, '2017-08-16', '2017-08-16', '2017-08-22', '2017-09-12', 22340, 19591.2, 1, 2, 1, 2, 1),
(684, 56, 1, '23748', '7LIMES4914', 'SUDU 809810-3', 3, 'HS  LISZT', '734N', 3, 15, '2017-08-16', '2017-09-12', NULL, NULL, 22330, 19591.2, 1, 2, 1, 2, 1),
(685, 56, 2, '1', '98917987', 'HLBU 900576-0', 4, 'HS LISZT', '734N', 3, 1, '2017-08-17', '2017-08-17', '2017-08-22', '2017-09-12', 22180, 19591.2, 1, 2, 1, 1, 1),
(686, 56, 2, '1', '98917987', 'HLXU 876210-7', 4, 'HS LISZT', '734N', 3, 1, '2017-08-17', '2017-08-17', '2017-08-22', '2017-09-12', 22210, 19591.2, 1, 2, 1, 1, 1),
(687, 56, 4, '1', '98933870', 'TRIU 881644-1', 4, 'HS LISZT', '734N', 3, 15, '2017-08-17', '2017-08-17', '2017-08-22', '2017-09-12', 22210, 19591.2, 1, 2, 1, 1, 1),
(688, 56, 4, '1', '98933870', 'TRLU 166544-0', 4, 'HS LISZT', '734N', 3, 15, '2017-08-17', '2017-08-17', '2017-08-22', '2017-09-12', 22210, 19591.2, 1, 2, 1, 1, 1),
(689, 56, 1, '23749', '7LIMES4914', 'SUDU 801041-0', 3, 'HS LISZT', '734N', 3, 15, '2017-08-18', '2017-08-18', '2017-08-22', '2017-09-12', 22140, 19591.2, 1, 2, 1, 2, 1),
(690, 56, 3, '1', 'B6JBK025257', 'DFIU 812177-0', 9, 'ALIOTH', '177', 4, 1, '2017-08-18', '2017-08-22', '2017-08-23', '2017-09-04', 19700, 17414.4, 1, 2, 1, 1, 1),
(691, 56, 3, '1', 'LMM0219369', 'TRIU 865904-4', 2, 'HS LISZT', '028CNR', 24, 1, '2017-08-18', '2017-08-18', '2017-08-22', '2017-09-12', 22430, 19591.2, 1, 2, 1, 1, 1),
(692, 56, 2, '1', '98917987', 'HLBU 900704-2', 4, 'HS LISZT', '734N', 3, 1, '2017-08-19', '2017-08-19', '2017-08-22', '2017-09-12', 22260, 19591.2, 1, 2, 1, 1, 1),
(693, 56, 5, '1', '7LIMES2834', 'SUDU 602126-8', 3, 'HS LISZT', '734N', 2, 1, '2017-08-19', '2017-08-19', '2017-08-22', '2017-09-05', 19750, 17414.4, 1, 2, 1, 1, 1),
(694, 56, 5, '1', '7LIMES2834', 'SUDU 605321-8', 3, 'HS  LISZT', '734N', 2, 1, '2017-08-19', '2017-08-19', '2017-08-22', '2017-09-05', 19740, 17414.4, 1, 2, 1, 1, 1),
(695, 57, 1, '23839', 'MBM140178178', 'TGHU991684-0', 8, 'LOMBOT STRAIT', 'RA17028EB', 3, 15, '2017-08-22', '2017-08-22', '2017-09-27', '2017-09-14', 22290, 19591.2, 1, 2, 1, 2, 1),
(696, 58, 1, '23963', '1', '1', 8, 'REEFER  SEATRADE', '1', 3, 15, '2017-08-28', '2017-08-28', '2017-09-03', '2017-09-21', NULL, 19591.2, 1, 1, 1, 1, 1),
(697, 58, 1, '23966', '1', '1', 8, 'REEFER  SEATRADE', '1', 3, 15, '2017-08-28', '2017-08-28', '2017-09-03', '2017-09-21', NULL, 19591.2, 1, 1, 1, 1, 1),
(698, 58, 1, '23967', '1', '1', 8, 'REEFER  SEATRADE', '1', 3, 15, '2017-08-28', '2017-08-28', '2017-09-03', '2017-09-21', NULL, 19591.2, 1, 1, 1, 1, 1),
(699, 58, 1, '23968', '1', '1', 8, 'HS LISZT', '1', 3, 15, '2017-08-28', '2017-08-28', '2017-09-05', '2017-09-21', NULL, 19591.2, 1, 1, 1, 1, 1),
(700, 58, 1, '23969', '1', '1', 3, 'HS LISZT', '1', 3, 15, '2017-08-28', '2017-08-28', '2017-09-05', '2017-09-21', NULL, 19591.2, 1, 1, 1, 1, 1),
(701, 58, 1, '23970', '1', '1', 3, 'HS LISZT', '1', 3, 15, '2017-08-28', '2017-08-28', '2017-09-05', '2017-09-21', NULL, 19591.2, 1, 1, 1, 1, 1),
(702, 58, 1, '23971', '1', '1', 3, 'HS LISZT', '1', 3, 15, '2017-08-28', '2017-08-28', '2017-09-05', '2017-09-26', NULL, 19591.2, 1, 1, 1, 1, 1),
(703, 58, 1, '23972', '1', '1', 3, 'HS LISZT', '1', 3, 15, '2017-08-28', '2017-08-28', '2017-09-05', '2017-09-26', NULL, 19591.2, 1, 1, 1, 1, 1),
(704, 58, 1, '23980', '1', '1', 3, 'HS LISZT', '1', 3, 15, '2017-08-28', '2017-08-28', '2017-09-05', '2017-09-26', NULL, 19591.2, 1, 1, 1, 1, 1),
(705, 58, 1, '23973', '1', '1', 5, 'SEALAND  LOS  ANGELES', '1', 1, 15, '2017-08-28', '2017-08-28', '2017-09-01', '2017-09-24', NULL, 19591.2, 1, 1, 1, 1, 1),
(706, 58, 1, '23974', '1', '1', 5, 'SEALAND  LOS  ANGELES', '1', 1, 15, '2017-08-28', '2017-08-28', '2017-09-01', '2017-09-24', NULL, 19591.2, 1, 1, 1, 1, 1),
(707, 58, 1, '23975', '1', '1', 5, 'SEALAND  LOS  ANGELES', '1', 1, 15, '2017-08-28', '2017-08-28', '2017-09-01', '2017-09-24', NULL, 19591.2, 1, 1, 1, 1, 1),
(708, 58, 1, '23976', '1', '1', 5, 'SEALAND  LOS  ANGELES', '1', 7, 15, '2017-08-28', '2017-08-28', '2017-09-01', '2017-09-24', NULL, 18200, 1, 1, 1, 1, 1),
(709, 57, 1, '23849', '961828979', 'PONU 494585-0', 5, 'SEALAND GUAYAQUIL', '1714', 1, 15, '2017-08-21', '2017-08-21', '2017-08-25', '2017-09-17', 22450, 19591.2, 1, 2, 1, 2, 1),
(710, 57, 1, '23850', '961828979', 'MNBU 331586-0', 5, 'SEALAND GUAYAQUIL', '1714', 1, 15, '2017-08-21', '2017-08-21', '2017-08-25', '2017-09-17', 22210, 19591.2, 1, 2, 1, 2, 1),
(711, 57, 1, '23848', '961828979', 'MSWU 006006-9', 5, 'SEALAND GUAYAQUIL', '1714', 1, 15, '2017-08-21', '2017-08-21', '2017-08-25', '2017-09-17', 22260, 19591.2, 1, 2, 1, 2, 1),
(712, 57, 1, '23840', 'MBM140178178', 'ATKU 411267-8', 8, 'LOMBOT STRAIT', 'RA17028EB', 3, 15, '2017-08-22', '2017-08-22', '2017-08-27', '2017-09-14', 22330, 19591.2, 1, 2, 1, 2, 1),
(713, 57, 1, '23841', 'MBM140178178', 'SZLU 913378-0', 8, 'LOMBOT STRAIT', 'RA17028EB', 3, 15, '2017-08-22', '2017-08-22', '2017-08-27', '2017-09-14', 22160, 19591.2, 1, 2, 1, 2, 1),
(714, 57, 1, '23842', '7LIMES5076', 'SUDU 612457-0', 3, 'HS LISZT', '735N', 3, 15, '2017-08-23', '2017-08-23', '2017-08-29', '2017-09-19', 22210, 19591.2, 1, 2, 1, 2, 1),
(715, 57, 1, '23843', '7LIMES5076', 'SUDU 605195-6', 3, 'HS LISZT', '735N', 3, 15, '2017-08-23', '2017-08-23', '2017-08-29', '2017-09-19', 22280, 19591.2, 1, 2, 1, 2, 1),
(716, 57, 1, '23847', '7LIMES5076', 'SUDU 819760-0', 3, 'HS LISZT', '735N', 3, 15, '2017-08-23', '2017-08-23', '2017-08-29', '2017-09-14', 22420, 19591.2, 1, 2, 1, 2, 1),
(717, 57, 1, '23846', '7LIMES5076', 'SUDU 817353-1', 3, 'HS LISZT', '735N', 3, 15, '2017-08-23', '2017-08-23', '2017-08-29', '2017-09-14', 22380, 19591.2, 1, 2, 1, 2, 1),
(718, 57, 2, '1', '98953711', 'CPSU 516640-3', 4, 'HS LISZT', '735N', 3, 1, '2017-08-24', '2017-08-24', '2017-08-29', '2017-09-14', 22290, 19591.2, 1, 2, 1, 3, 1),
(719, 57, 2, '1', '98953711', 'HLXU 673459-6', 4, 'HS LISZT', '735N', 3, 1, '2017-08-24', '2017-08-24', '2017-08-29', '2017-09-14', 22190, 19591.2, 1, 2, 1, 3, 1),
(720, 57, 2, '1', '98953711', 'CRLU 721320-4', 4, 'HS LISZT', '735N', 3, 1, '2017-08-24', '2017-08-24', '2017-08-29', '2017-09-19', 22100, 19591.2, 1, 2, 1, 3, 1),
(721, 57, 4, '1', '98982081', 'TCLU 118605-3', 4, 'HS LISZT', '735N', 3, 15, '2017-08-24', '2017-08-24', '2017-08-29', '2017-09-19', 22090, 19591.2, 1, 2, 1, 2, 1),
(722, 57, 1, '23845', '7LIMES5076', 'SUDU 515015-2', 3, 'HS LISZT', '735N', 3, 15, '2017-08-25', '2017-08-25', '2017-08-29', '2017-09-14', 22390, 19591.2, 1, 2, 1, 2, 1),
(723, 57, 4, '1', '98982081', 'CPSU 512120-3', 4, 'HS  LISZT', '735N', 3, 15, '2017-08-25', '2017-08-25', '2017-08-29', '2017-09-19', 22240, 19591.2, 1, 2, 1, 2, 1),
(724, 57, 3, '1', 'LMM0219738', 'TRIU 897756-0', 2, 'HS LISZT', '029CNR', 24, 1, '2017-08-25', '2017-08-25', '2017-08-29', '2017-09-19', 22360, 19591.2, 1, 2, 1, 2, 1),
(725, 57, 1, '23844', '7LIMES5076', 'SUDU 519274-9', 3, 'HS  LISZT', '735N', 2, 15, '2017-08-25', '2017-08-25', '2017-08-29', '2017-09-19', 22250, 19591.2, 1, 2, 1, 2, 1),
(726, 57, 5, '1', '7LIMES2933', 'SUDU 620400-0', 3, 'HS LISZT', '735N', 2, 1, '2017-08-26', '2017-08-26', '2017-08-29', '2017-09-11', 19670, 17414.4, 1, 2, 1, 2, 1),
(727, 57, 5, '1', '7LIMES2934', 'SUDU 623091-0', 3, 'HS  LISZT', '735N', 2, 1, '2017-08-26', '2017-08-26', '2017-08-29', '2017-09-11', 19670, 17414.4, 1, 2, 1, 2, 1);

-- --------------------------------------------------------

--
-- Estructura de tabla para la tabla `contenedor_valija`
--

CREATE TABLE `contenedor_valija` (
  `id` int(11) NOT NULL,
  `valija_id` int(11) NOT NULL,
  `contenedor_id` int(11) NOT NULL
) ENGINE=InnoDB DEFAULT CHARSET=latin1;

-- --------------------------------------------------------

--
-- Estructura de tabla para la tabla `emails`
--

CREATE TABLE `emails` (
  `id` int(11) NOT NULL,
  `id_cliente` int(11) NOT NULL,
  `email` varchar(255) NOT NULL,
  `activo` tinyint(1) NOT NULL DEFAULT '1'
) ENGINE=InnoDB DEFAULT CHARSET=latin1;

--
-- Volcado de datos para la tabla `emails`
--

INSERT INTO `emails` (`id`, `id_cliente`, `email`, `activo`) VALUES
(7, 1, 'producerinvoices@agrofair.nl', 1),
(9, 2, 'tobias.zeiher@biodynamiskaprodukter.se', 1),
(10, 2, 'info@biodynamiskaprodukter.nl', 1),
(12, 4, 'fiorella.melendrez@transastra.net', 1),
(13, 3, 'marile.noriega@dole.com', 1),
(14, 3, 'Daniela.Chica@dole.com', 1),
(15, 5, 'info@equifruit.com', 1);

-- --------------------------------------------------------

--
-- Estructura de tabla para la tabla `estado`
--

CREATE TABLE `estado` (
  `id` int(11) NOT NULL,
  `nombre` varchar(50) NOT NULL,
  `color` varchar(255) NOT NULL,
  `activo` tinyint(1) NOT NULL DEFAULT '1'
) ENGINE=InnoDB DEFAULT CHARSET=latin1;

--
-- Volcado de datos para la tabla `estado`
--

INSERT INTO `estado` (`id`, `nombre`, `color`, `activo`) VALUES
(1, 'Pendiente', '#ff0013', 1),
(2, 'En Proceso', '#D35400', 1),
(3, 'Enviado', '#27AE60', 1),
(4, 'En Puerto Paita', '#2980B9', 1),
(5, 'En la nave', '#004040', 1),
(6, 'Llegó a destino', '#b516e9', 1),
(7, 'Cancelado', '#008040', 1);

-- --------------------------------------------------------

--
-- Estructura de tabla para la tabla `estado_archivo`
--

CREATE TABLE `estado_archivo` (
  `id` int(11) NOT NULL,
  `nombre` varchar(255) NOT NULL,
  `color` varchar(255) DEFAULT NULL,
  `activo` tinyint(1) NOT NULL DEFAULT '1'
) ENGINE=InnoDB DEFAULT CHARSET=latin1;

--
-- Volcado de datos para la tabla `estado_archivo`
--

INSERT INTO `estado_archivo` (`id`, `nombre`, `color`, `activo`) VALUES
(1, 'Pendiente', '#D9534F', 1),
(2, 'Tramitado', '#2062C8', 1),
(3, 'Enviado', '#1EBD2F', 1),
(4, 'Confirmado', '#229954', 1);

-- --------------------------------------------------------

--
-- Estructura de tabla para la tabla `factura`
--

CREATE TABLE `factura` (
  `id` int(11) NOT NULL,
  `id_cliente` int(11) NOT NULL,
  `id_semana` int(11) NOT NULL,
  `id_operador` int(11) DEFAULT NULL,
  `nombre` varchar(255) NOT NULL,
  `fecha` date NOT NULL,
  `hora` time NOT NULL,
  `url` text NOT NULL,
  `id_estado_archivo` int(11) NOT NULL DEFAULT '2'
) ENGINE=InnoDB DEFAULT CHARSET=latin1;

--
-- Volcado de datos para la tabla `factura`
--

INSERT INTO `factura` (`id`, `id_cliente`, `id_semana`, `id_operador`, `nombre`, `fecha`, `hora`, `url`, `id_estado_archivo`) VALUES
(2, 1, 47, NULL, '1_24_2017_(1)AGROFAIR01.pdf', '2017-06-22', '15:15:07', '1_24_2017_(1)AGROFAIR01.pdf', 2),
(3, 1, 47, NULL, '1_24_2017_(2)AGROFAIR2.pdf', '2017-06-22', '15:19:18', '1_24_2017_(2)AGROFAIR2.pdf', 2),
(4, 3, 47, NULL, '3_24_2017_(1)DOLE.pdf', '2017-06-22', '15:24:23', '3_24_2017_(1)DOLE.pdf', 2),
(5, 2, 47, NULL, '2_24_2017_(1)BIODYNAMISKA.pdf', '2017-06-22', '15:25:36', '2_24_2017_(1)BIODYNAMISKA.pdf', 2),
(6, 5, 47, NULL, '5_24_2017_(1)EQUIFRUIT.pdf', '2017-06-22', '15:26:28', '5_24_2017_(1)EQUIFRUIT.pdf', 2),
(7, 4, 47, NULL, '4_24_2017_(1)TRANSASTRA.pdf', '2017-06-22', '15:28:13', '4_24_2017_(1)TRANSASTRA.pdf', 2),
(8, 1, 49, NULL, '1_26_2017_(3)AGROFAIR1.pdf', '2017-07-05', '10:17:23', '1_26_2017_(3)AGROFAIR1.pdf', 2),
(9, 1, 49, NULL, '1_26_2017_(4)AGROFAIR2.pdf', '2017-07-05', '10:17:23', '1_26_2017_(4)AGROFAIR2.pdf', 2),
(10, 2, 49, NULL, '2_26_2017_(2)BIODYNAMISKA.pdf', '2017-07-05', '10:18:24', '2_26_2017_(2)BIODYNAMISKA.pdf', 2),
(11, 3, 49, NULL, '3_26_2017_(2)DOLE D.pdf', '2017-07-05', '10:20:29', '3_26_2017_(2)DOLE D.pdf', 2),
(12, 5, 49, NULL, '5_26_2017_(2)EQUIFRUIT.pdf', '2017-07-05', '10:21:00', '5_26_2017_(2)EQUIFRUIT.pdf', 2),
(13, 4, 49, NULL, '4_26_2017_(2)TRANSASTRA.pdf', '2017-07-05', '10:21:45', '4_26_2017_(2)TRANSASTRA.pdf', 2),
(14, 1, 50, NULL, '1_27_2017_(5)AGROFAIR01.pdf', '2017-07-17', '15:04:18', '1_27_2017_(5)AGROFAIR01.pdf', 2),
(15, 1, 50, NULL, '1_27_2017_(6)AGROFAIR02.pdf', '2017-07-17', '15:04:18', '1_27_2017_(6)AGROFAIR02.pdf', 2),
(16, 2, 50, NULL, '2_27_2017_(3)BIODYNAMISKA.pdf', '2017-07-17', '15:05:24', '2_27_2017_(3)BIODYNAMISKA.pdf', 2),
(17, 2, 50, NULL, '2_27_2017_(4)BIODYNAMISKA02.pdf', '2017-07-17', '15:05:24', '2_27_2017_(4)BIODYNAMISKA02.pdf', 2),
(18, 3, 50, NULL, '3_27_2017_(3)DOLE.pdf', '2017-07-17', '15:05:54', '3_27_2017_(3)DOLE.pdf', 2),
(19, 5, 50, NULL, '5_27_2017_(3)EQUIFRUIT.pdf', '2017-07-17', '15:06:46', '5_27_2017_(3)EQUIFRUIT.pdf', 2),
(20, 5, 50, NULL, '5_27_2017_(4)EQUIFRUIT2.pdf', '2017-07-17', '15:06:46', '5_27_2017_(4)EQUIFRUIT2.pdf', 2),
(21, 4, 50, NULL, '4_27_2017_(3)TRANSASTRA.pdf', '2017-07-17', '15:07:34', '4_27_2017_(3)TRANSASTRA.pdf', 2),
(22, 1, 51, 2, '1_28_2017_(7)AGROFAIR01.pdf', '2017-08-18', '16:16:06', '1_28_2017_(7)AGROFAIR01.pdf', 2),
(23, 1, 51, 2, '1_28_2017_(8)AGROFAIR02.pdf', '2017-08-18', '16:16:06', '1_28_2017_(8)AGROFAIR02.pdf', 2),
(24, 2, 51, 1, '2_28_2017_(5)BIODYNAMISKA.pdf', '2017-08-18', '16:18:03', '2_28_2017_(5)BIODYNAMISKA.pdf', 2),
(25, 3, 51, 1, '3_28_2017_(4)DOLE D.pdf', '2017-08-18', '16:19:09', '3_28_2017_(4)DOLE D.pdf', 2),
(26, 5, 51, 2, '5_28_2017_(5)EQUIFRUIT.pdf', '2017-08-18', '16:22:51', '5_28_2017_(5)EQUIFRUIT.pdf', 2),
(27, 4, 51, 2, '4_28_2017_(4)TRANSASTRA.pdf', '2017-08-18', '16:25:16', '4_28_2017_(4)TRANSASTRA.pdf', 2),
(28, 1, 52, 15, '1_29_2017_(9)AGROFAIR01.pdf', '2017-08-21', '08:38:24', '1_29_2017_(9)AGROFAIR01.pdf', 2),
(29, 1, 52, 15, '1_29_2017_(10)AGROFAIR02.pdf', '2017-08-21', '08:38:24', '1_29_2017_(10)AGROFAIR02.pdf', 2),
(30, 2, 52, 1, '2_29_2017_(6)BIODYNAMISKA.pdf', '2017-08-21', '08:41:52', '2_29_2017_(6)BIODYNAMISKA.pdf', 2),
(31, 3, 52, 1, '3_29_2017_(5)DOLE.pdf', '2017-08-21', '08:42:59', '3_29_2017_(5)DOLE.pdf', 2),
(32, 5, 52, 1, '5_29_2017_(6)EQUIFRUIT.pdf', '2017-08-21', '08:44:11', '5_29_2017_(6)EQUIFRUIT.pdf', 2),
(33, 4, 52, 15, '4_29_2017_(5)TRANSASTRA.pdf', '2017-08-21', '08:51:16', '4_29_2017_(5)TRANSASTRA.pdf', 2),
(34, 1, 53, 15, '1_30_2017_(11)AGROFAIR 1.pdf', '2017-08-21', '09:26:22', '1_30_2017_(11)AGROFAIR 1.pdf', 2),
(35, 1, 53, 15, '1_30_2017_(12)AGROFAIR 2.pdf', '2017-08-21', '09:26:22', '1_30_2017_(12)AGROFAIR 2.pdf', 2),
(37, 1, 56, 15, '1_33_2017_(13)AGROFAIR1.pdf', '2017-08-24', '12:32:48', '1_33_2017_(13)AGROFAIR1.pdf', 2),
(38, 1, 56, 15, '1_33_2017_(14)AGROFAIR2.pdf', '2017-08-24', '12:32:48', '1_33_2017_(14)AGROFAIR2.pdf', 2),
(39, 2, 56, 1, '2_33_2017_(7)BIODYNAMISKA.pdf', '2017-08-24', '12:33:56', '2_33_2017_(7)BIODYNAMISKA.pdf', 2),
(40, 3, 56, 1, '3_33_2017_(6)DOLE D.pdf', '2017-08-24', '12:34:46', '3_33_2017_(6)DOLE D.pdf', 2),
(41, 5, 56, 1, '5_33_2017_(7)EQUIFRUIT.pdf', '2017-08-24', '12:35:41', '5_33_2017_(7)EQUIFRUIT.pdf', 2),
(42, 4, 56, 15, '4_33_2017_(6)TRANSASTRA.pdf', '2017-08-24', '12:36:29', '4_33_2017_(6)TRANSASTRA.pdf', 2),
(43, 3, 53, 1, '3_30_2017_(7)DOLE GERMANY.pdf', '2017-08-26', '10:39:54', '3_30_2017_(7)DOLE GERMANY.pdf', 2),
(44, 5, 53, 1, '5_30_2017_(8)EQUIFRUIT.pdf', '2017-08-26', '10:40:57', '5_30_2017_(8)EQUIFRUIT.pdf', 2),
(45, 2, 53, 1, '2_30_2017_(8)STIFTELSEN BIODYNAMISKA.pdf', '2017-08-26', '10:43:06', '2_30_2017_(8)STIFTELSEN BIODYNAMISKA.pdf', 2),
(46, 4, 53, 15, '4_30_2017_(7)TRANSASTRA.pdf', '2017-08-26', '10:44:08', '4_30_2017_(7)TRANSASTRA.pdf', 2),
(47, 1, 57, 15, '1_34_2017_(15)AGROFAIR.pdf', '2017-08-29', '14:57:29', '1_34_2017_(15)AGROFAIR.pdf', 2),
(48, 2, 57, 1, '2_34_2017_(9)BIODYNAMISKA.pdf', '2017-08-29', '14:58:42', '2_34_2017_(9)BIODYNAMISKA.pdf', 2),
(49, 3, 57, 1, '3_34_2017_(8)DOLE.pdf', '2017-08-29', '14:59:16', '3_34_2017_(8)DOLE.pdf', 2),
(50, 5, 57, 1, '5_34_2017_(9)EQUIFRUIT.pdf', '2017-08-29', '15:00:22', '5_34_2017_(9)EQUIFRUIT.pdf', 2),
(51, 4, 57, 15, '4_34_2017_(8)TRANSASTRA.pdf', '2017-08-29', '15:01:16', '4_34_2017_(8)TRANSASTRA.pdf', 2);

-- --------------------------------------------------------

--
-- Estructura de tabla para la tabla `icono`
--

CREATE TABLE `icono` (
  `id` int(11) NOT NULL,
  `nombre` varchar(50) DEFAULT NULL
) ENGINE=InnoDB DEFAULT CHARSET=latin1;

-- --------------------------------------------------------

--
-- Estructura de tabla para la tabla `linea_naviera`
--

CREATE TABLE `linea_naviera` (
  `id` int(11) NOT NULL,
  `nombre` varchar(50) NOT NULL,
  `sigla` varchar(5) NOT NULL,
  `activo` tinyint(1) NOT NULL DEFAULT '1'
) ENGINE=InnoDB DEFAULT CHARSET=latin1;

--
-- Volcado de datos para la tabla `linea_naviera`
--

INSERT INTO `linea_naviera` (`id`, `nombre`, `sigla`, `activo`) VALUES
(1, 'APL', 'APL', 1),
(2, 'CMA - CGM', 'CMA', 1),
(3, 'HAMBURG SUD - HSD', 'HSD', 1),
(4, 'HAPAG LLOYD - HLE', 'HLE', 1),
(5, 'MAERSK MSK', 'MSK', 1),
(6, 'MOL', 'MOL', 1),
(7, 'MSC', 'MSC', 1),
(8, 'SEATRADE - STR', 'STR', 1),
(9, 'DOLE', 'DOLE', 1),
(18, 'YOKOHAMA-JAPON', 'JAPON', 1);

-- --------------------------------------------------------

--
-- Estructura de tabla para la tabla `menu`
--

CREATE TABLE `menu` (
  `id` int(11) NOT NULL,
  `nombre` varchar(50) NOT NULL,
  `activo` tinyint(1) NOT NULL DEFAULT '1'
) ENGINE=InnoDB DEFAULT CHARSET=latin1;

--
-- Volcado de datos para la tabla `menu`
--

INSERT INTO `menu` (`id`, `nombre`, `activo`) VALUES
(14, 'Administrador', 1),
(15, 'Jefe Trazabilidad', 1),
(16, 'Cliente', 1),
(20, 'Gerencia', 1),
(21, 'Auxiliar Trazabilidad', 1),
(22, 'Operador', 1),
(23, 'Control Interno', 1),
(24, 'Facturador', 1);

-- --------------------------------------------------------

--
-- Estructura de tabla para la tabla `menu_opcion`
--

CREATE TABLE `menu_opcion` (
  `id` int(11) NOT NULL,
  `menu_id` int(11) NOT NULL,
  `opcion_id` int(11) NOT NULL
) ENGINE=InnoDB DEFAULT CHARSET=latin1;

--
-- Volcado de datos para la tabla `menu_opcion`
--

INSERT INTO `menu_opcion` (`id`, `menu_id`, `opcion_id`) VALUES
(1, 14, 7),
(2, 14, 8),
(3, 14, 9),
(4, 14, 10),
(6, 14, 12),
(7, 15, 7),
(8, 15, 8),
(9, 15, 9),
(10, 15, 10),
(11, 15, 11),
(19, 14, 11),
(24, 20, 7),
(25, 20, 8),
(26, 20, 9),
(27, 20, 10),
(28, 20, 11),
(29, 16, 13),
(30, 21, 8),
(31, 21, 7),
(32, 21, 10),
(33, 21, 11),
(34, 22, 14),
(35, 23, 8),
(36, 23, 10),
(37, 23, 11),
(38, 14, 15);

-- --------------------------------------------------------

--
-- Estructura de tabla para la tabla `movimientos`
--

CREATE TABLE `movimientos` (
  `id` int(11) NOT NULL,
  `id_contenedor` int(11) NOT NULL,
  `id_usuario` int(11) NOT NULL,
  `fecha` date NOT NULL,
  `hora` time NOT NULL,
  `id_estado` int(11) NOT NULL,
  `activo` tinyint(1) NOT NULL DEFAULT '1'
) ENGINE=InnoDB DEFAULT CHARSET=latin1;

--
-- Volcado de datos para la tabla `movimientos`
--

INSERT INTO `movimientos` (`id`, `id_contenedor`, `id_usuario`, `fecha`, `hora`, `id_estado`, `activo`) VALUES
(73, 26, 4, '2017-05-29', '10:15:54', 1, 0),
(74, 26, 4, '2017-05-29', '10:18:43', 2, 0),
(75, 26, 4, '2017-05-29', '10:19:24', 3, 1),
(76, 27, 4, '2017-05-29', '12:18:59', 1, 1),
(77, 28, 4, '2017-05-29', '12:33:50', 1, 0),
(78, 28, 4, '2017-05-29', '12:34:12', 5, 0),
(79, 29, 4, '2017-05-29', '12:42:51', 1, 0),
(80, 29, 4, '2017-05-29', '12:43:12', 5, 0),
(81, 30, 4, '2017-05-29', '12:49:33', 1, 0),
(82, 30, 4, '2017-05-29', '12:49:36', 5, 0),
(83, 31, 4, '2017-05-29', '12:52:50', 1, 0),
(84, 32, 4, '2017-05-29', '12:56:27', 1, 0),
(85, 32, 4, '2017-05-29', '12:56:36', 5, 0),
(86, 31, 4, '2017-05-29', '12:56:39', 5, 0),
(87, 33, 4, '2017-05-29', '15:11:35', 1, 0),
(88, 33, 4, '2017-05-29', '15:11:49', 5, 0),
(89, 34, 4, '2017-05-29', '15:17:08', 1, 0),
(90, 35, 4, '2017-05-29', '15:19:48', 1, 0),
(91, 35, 4, '2017-05-29', '15:20:59', 5, 0),
(92, 34, 4, '2017-05-29', '15:21:03', 5, 1),
(93, 36, 4, '2017-05-29', '16:13:40', 1, 0),
(94, 37, 4, '2017-05-29', '16:15:15', 1, 0),
(95, 38, 4, '2017-05-29', '16:17:18', 1, 0),
(96, 39, 4, '2017-05-29', '16:20:48', 1, 0),
(97, 41, 4, '2017-05-29', '16:24:37', 1, 0),
(98, 36, 4, '2017-05-29', '16:24:55', 4, 0),
(99, 37, 4, '2017-05-29', '16:24:57', 4, 0),
(100, 38, 4, '2017-05-29', '16:25:00', 4, 0),
(101, 39, 4, '2017-05-29', '16:25:03', 4, 0),
(102, 41, 4, '2017-05-29', '16:25:06', 4, 0),
(103, 42, 4, '2017-05-29', '16:27:25', 1, 0),
(104, 42, 4, '2017-05-29', '16:27:31', 4, 0),
(105, 43, 4, '2017-05-29', '16:29:35', 1, 0),
(106, 43, 4, '2017-05-29', '16:29:39', 4, 0),
(107, 44, 4, '2017-05-29', '16:31:34', 1, 0),
(108, 45, 4, '2017-05-29', '16:40:33', 1, 0),
(109, 46, 4, '2017-05-29', '16:42:35', 1, 0),
(110, 47, 4, '2017-05-29', '16:44:06', 1, 0),
(111, 48, 4, '2017-05-29', '16:48:31', 1, 0),
(112, 43, 2, '2017-05-29', '21:28:08', 2, 0),
(113, 43, 2, '2017-05-29', '21:28:21', 3, 0),
(114, 49, 4, '2017-05-30', '08:41:26', 1, 0),
(115, 50, 4, '2017-05-30', '08:45:52', 1, 0),
(116, 51, 4, '2017-05-30', '08:49:30', 1, 0),
(117, 52, 4, '2017-05-30', '08:52:21', 1, 0),
(118, 53, 4, '2017-05-30', '09:05:37', 1, 0),
(119, 54, 4, '2017-05-30', '09:08:10', 1, 0),
(120, 55, 4, '2017-05-30', '09:11:01', 1, 0),
(121, 56, 4, '2017-05-30', '09:14:17', 1, 0),
(122, 57, 4, '2017-05-30', '09:20:06', 1, 0),
(123, 58, 4, '2017-05-30', '09:23:09', 1, 0),
(124, 59, 4, '2017-05-30', '10:26:21', 1, 0),
(125, 60, 4, '2017-05-30', '10:29:37', 1, 0),
(126, 61, 4, '2017-05-30', '10:34:36', 1, 1),
(127, 62, 4, '2017-05-30', '10:34:36', 1, 1),
(128, 63, 4, '2017-05-30', '10:34:36', 1, 0),
(129, 64, 4, '2017-05-30', '10:34:36', 1, 1),
(130, 65, 4, '2017-05-30', '10:41:36', 1, 0),
(131, 66, 4, '2017-05-30', '10:52:17', 1, 0),
(132, 66, 4, '2017-05-30', '10:53:02', 5, 0),
(133, 67, 4, '2017-05-30', '11:18:40', 1, 0),
(134, 67, 4, '2017-05-30', '11:18:47', 5, 0),
(135, 68, 4, '2017-05-30', '11:21:45', 1, 0),
(136, 68, 4, '2017-05-30', '11:21:53', 5, 0),
(137, 69, 4, '2017-05-30', '11:25:41', 1, 0),
(138, 69, 4, '2017-05-30', '11:25:44', 5, 0),
(139, 70, 4, '2017-05-30', '11:28:18', 1, 0),
(140, 70, 4, '2017-05-30', '11:28:21', 5, 0),
(141, 71, 4, '2017-05-30', '11:30:56', 1, 0),
(142, 71, 4, '2017-05-30', '11:31:00', 6, 0),
(143, 71, 4, '2017-05-30', '11:31:02', 5, 1),
(144, 72, 4, '2017-05-30', '11:33:42', 1, 0),
(145, 72, 4, '2017-05-30', '11:33:45', 5, 0),
(146, 73, 4, '2017-05-30', '11:40:12', 1, 0),
(147, 73, 4, '2017-05-30', '11:40:15', 5, 0),
(148, 74, 4, '2017-05-30', '11:42:30', 1, 0),
(149, 74, 4, '2017-05-30', '11:42:33', 5, 0),
(150, 75, 4, '2017-05-30', '11:45:39', 1, 0),
(151, 75, 4, '2017-05-30', '11:45:42', 5, 0),
(152, 76, 4, '2017-05-30', '11:48:11', 1, 0),
(153, 76, 4, '2017-05-30', '11:48:15', 5, 0),
(154, 77, 4, '2017-05-30', '11:51:08', 1, 0),
(155, 77, 4, '2017-05-30', '11:51:12', 5, 0),
(156, 78, 4, '2017-05-30', '11:54:13', 1, 0),
(157, 78, 4, '2017-05-30', '11:54:17', 5, 0),
(158, 79, 4, '2017-05-30', '11:56:22', 1, 0),
(159, 79, 4, '2017-05-30', '11:56:25', 5, 0),
(160, 80, 4, '2017-05-30', '11:59:41', 1, 0),
(161, 80, 4, '2017-05-30', '11:59:45', 5, 0),
(162, 82, 4, '2017-05-30', '12:03:27', 1, 0),
(163, 82, 4, '2017-05-30', '12:03:30', 5, 0),
(164, 83, 4, '2017-05-30', '12:07:06', 1, 0),
(165, 83, 4, '2017-05-30', '12:07:09', 6, 0),
(166, 83, 4, '2017-05-30', '12:07:13', 5, 1),
(167, 84, 4, '2017-05-30', '12:11:27', 1, 0),
(168, 84, 4, '2017-05-30', '12:11:30', 5, 0),
(169, 85, 4, '2017-05-30', '12:15:02', 1, 0),
(170, 85, 4, '2017-05-30', '12:15:05', 5, 0),
(171, 86, 4, '2017-05-30', '12:22:31', 1, 0),
(172, 86, 4, '2017-05-30', '12:22:39', 5, 0),
(173, 87, 4, '2017-05-30', '12:25:50', 1, 0),
(174, 87, 4, '2017-05-30', '12:25:53', 5, 0),
(175, 88, 4, '2017-05-30', '12:27:40', 1, 0),
(176, 88, 4, '2017-05-30', '12:33:07', 5, 0),
(177, 89, 4, '2017-05-30', '12:36:13', 1, 0),
(178, 89, 4, '2017-05-30', '12:36:17', 5, 0),
(179, 90, 4, '2017-05-30', '12:40:49', 1, 0),
(180, 90, 4, '2017-05-30', '12:40:54', 5, 0),
(181, 91, 4, '2017-05-31', '07:21:05', 1, 0),
(182, 92, 4, '2017-05-31', '07:23:14', 1, 0),
(183, 93, 4, '2017-05-31', '07:23:26', 1, 0),
(184, 93, 4, '2017-05-31', '07:27:22', 5, 0),
(185, 92, 4, '2017-05-31', '07:27:26', 5, 0),
(186, 91, 4, '2017-05-31', '07:27:29', 5, 1),
(187, 94, 4, '2017-05-31', '07:30:45', 1, 0),
(188, 94, 4, '2017-05-31', '07:30:49', 5, 0),
(189, 95, 4, '2017-05-31', '07:35:05', 1, 0),
(190, 95, 4, '2017-05-31', '07:35:09', 5, 0),
(191, 96, 4, '2017-05-31', '07:38:46', 1, 0),
(192, 96, 4, '2017-05-31', '07:38:50', 5, 0),
(193, 97, 4, '2017-05-31', '07:40:36', 1, 0),
(194, 97, 4, '2017-05-31', '07:40:48', 5, 0),
(195, 98, 4, '2017-05-31', '07:43:34', 1, 0),
(196, 98, 4, '2017-05-31', '07:43:37', 5, 0),
(197, 99, 4, '2017-05-31', '07:46:13', 1, 0),
(198, 100, 4, '2017-05-31', '07:52:45', 1, 0),
(199, 100, 4, '2017-05-31', '07:52:52', 5, 0),
(200, 99, 4, '2017-05-31', '07:52:54', 5, 0),
(201, 101, 4, '2017-05-31', '07:59:23', 1, 0),
(202, 101, 4, '2017-05-31', '08:03:58', 5, 0),
(203, 102, 4, '2017-05-31', '08:07:02', 1, 0),
(204, 102, 4, '2017-05-31', '08:07:06', 5, 0),
(205, 103, 4, '2017-05-31', '08:08:47', 1, 0),
(206, 103, 4, '2017-05-31', '08:08:58', 6, 0),
(207, 103, 4, '2017-05-31', '08:08:59', 5, 1),
(208, 104, 4, '2017-05-31', '08:12:56', 1, 0),
(209, 105, 4, '2017-05-31', '08:15:36', 1, 0),
(210, 106, 4, '2017-05-31', '08:17:15', 1, 0),
(211, 104, 4, '2017-05-31', '08:17:19', 5, 0),
(212, 105, 4, '2017-05-31', '08:17:22', 5, 0),
(213, 106, 4, '2017-05-31', '08:17:24', 5, 0),
(214, 107, 4, '2017-05-31', '08:29:44', 1, 0),
(215, 107, 4, '2017-05-31', '08:34:54', 6, 1),
(216, 108, 4, '2017-05-31', '08:37:11', 1, 0),
(217, 108, 4, '2017-05-31', '08:37:30', 6, 1),
(218, 109, 4, '2017-05-31', '08:40:06', 1, 0),
(219, 109, 4, '2017-05-31', '08:40:10', 5, 0),
(220, 109, 4, '2017-05-31', '08:41:08', 6, 1),
(221, 110, 4, '2017-05-31', '08:44:18', 1, 0),
(222, 110, 4, '2017-05-31', '08:44:41', 5, 0),
(223, 110, 4, '2017-05-31', '08:44:42', 6, 1),
(224, 111, 4, '2017-05-31', '08:47:25', 1, 0),
(225, 112, 4, '2017-05-31', '08:47:43', 1, 0),
(226, 111, 4, '2017-05-31', '08:48:08', 6, 1),
(227, 112, 4, '2017-05-31', '08:48:10', 6, 1),
(228, 113, 4, '2017-05-31', '08:53:29', 1, 0),
(229, 113, 4, '2017-05-31', '08:53:32', 6, 1),
(230, 114, 4, '2017-05-31', '08:57:09', 1, 0),
(231, 114, 4, '2017-05-31', '08:57:12', 6, 1),
(232, 115, 4, '2017-05-31', '09:00:28', 1, 0),
(233, 116, 4, '2017-05-31', '09:04:00', 1, 0),
(234, 116, 4, '2017-05-31', '09:04:29', 6, 1),
(235, 115, 4, '2017-05-31', '09:04:31', 6, 1),
(236, 117, 4, '2017-05-31', '09:07:43', 1, 0),
(237, 117, 4, '2017-05-31', '09:07:47', 6, 1),
(238, 118, 4, '2017-05-31', '09:10:13', 1, 0),
(239, 118, 4, '2017-05-31', '09:10:17', 6, 1),
(240, 119, 4, '2017-05-31', '09:12:45', 1, 0),
(241, 119, 4, '2017-05-31', '09:12:52', 6, 1),
(242, 120, 4, '2017-05-31', '09:17:36', 1, 0),
(243, 120, 4, '2017-05-31', '09:17:43', 6, 1),
(244, 121, 4, '2017-05-31', '09:20:03', 1, 0),
(245, 121, 4, '2017-05-31', '09:20:07', 6, 1),
(246, 122, 4, '2017-05-31', '09:21:47', 1, 0),
(247, 122, 4, '2017-05-31', '09:21:51', 6, 1),
(248, 123, 4, '2017-05-31', '09:24:13', 1, 0),
(249, 123, 4, '2017-05-31', '09:24:25', 6, 1),
(250, 124, 4, '2017-05-31', '09:37:03', 1, 0),
(251, 124, 4, '2017-05-31', '09:37:52', 6, 1),
(252, 125, 4, '2017-05-31', '09:40:10', 1, 0),
(253, 125, 4, '2017-05-31', '09:40:17', 6, 1),
(254, 126, 4, '2017-05-31', '09:42:00', 1, 0),
(255, 127, 4, '2017-05-31', '10:11:58', 1, 0),
(256, 127, 4, '2017-05-31', '10:12:03', 6, 1),
(257, 128, 4, '2017-05-31', '10:14:11', 1, 0),
(258, 128, 4, '2017-05-31', '10:14:17', 6, 1),
(259, 129, 4, '2017-05-31', '10:16:45', 1, 0),
(260, 129, 4, '2017-05-31', '10:16:52', 6, 1),
(261, 130, 4, '2017-05-31', '10:18:53', 1, 0),
(262, 130, 4, '2017-05-31', '10:18:57', 6, 1),
(263, 131, 4, '2017-05-31', '10:23:04', 1, 0),
(264, 131, 4, '2017-05-31', '10:23:07', 6, 1),
(265, 132, 4, '2017-05-31', '10:47:00', 1, 0),
(266, 132, 4, '2017-05-31', '10:47:13', 6, 1),
(267, 133, 4, '2017-05-31', '10:49:54', 1, 0),
(268, 133, 4, '2017-05-31', '10:50:00', 6, 1),
(269, 134, 4, '2017-05-31', '10:52:54', 1, 0),
(270, 134, 4, '2017-05-31', '10:52:57', 6, 1),
(271, 135, 4, '2017-05-31', '10:58:46', 1, 0),
(272, 135, 4, '2017-05-31', '10:58:49', 6, 1),
(273, 136, 4, '2017-05-31', '11:02:55', 1, 0),
(274, 136, 4, '2017-05-31', '11:03:02', 5, 0),
(275, 136, 4, '2017-05-31', '11:03:05', 6, 1),
(276, 137, 4, '2017-05-31', '11:04:54', 1, 0),
(277, 137, 4, '2017-05-31', '11:04:58', 6, 1),
(278, 138, 4, '2017-05-31', '11:07:42', 1, 1),
(279, 139, 4, '2017-05-31', '11:07:42', 1, 0),
(280, 139, 4, '2017-05-31', '11:08:01', 6, 1),
(281, 140, 4, '2017-05-31', '11:09:29', 1, 0),
(282, 140, 4, '2017-05-31', '11:09:32', 6, 1),
(283, 141, 4, '2017-05-31', '11:11:19', 1, 0),
(284, 141, 4, '2017-05-31', '11:11:22', 5, 0),
(285, 141, 4, '2017-05-31', '11:11:24', 6, 1),
(286, 142, 4, '2017-05-31', '11:12:36', 1, 0),
(287, 142, 4, '2017-05-31', '11:12:45', 6, 1),
(288, 143, 4, '2017-05-31', '11:14:47', 1, 0),
(289, 143, 4, '2017-05-31', '11:14:50', 6, 1),
(290, 144, 4, '2017-05-31', '11:17:39', 1, 0),
(291, 144, 4, '2017-05-31', '11:17:48', 6, 1),
(292, 145, 4, '2017-05-31', '11:19:54', 1, 0),
(293, 145, 4, '2017-05-31', '11:19:58', 6, 1),
(294, 146, 4, '2017-05-31', '11:21:41', 1, 0),
(295, 146, 4, '2017-05-31', '11:21:49', 6, 1),
(296, 147, 4, '2017-05-31', '11:23:58', 1, 0),
(297, 147, 4, '2017-05-31', '11:24:07', 5, 0),
(298, 147, 4, '2017-05-31', '11:24:11', 6, 1),
(299, 148, 4, '2017-05-31', '11:40:50', 1, 0),
(300, 148, 4, '2017-05-31', '11:40:53', 6, 1),
(301, 149, 4, '2017-05-31', '11:43:54', 1, 0),
(302, 149, 4, '2017-05-31', '11:43:57', 6, 1),
(303, 150, 4, '2017-05-31', '11:46:05', 1, 0),
(304, 150, 4, '2017-05-31', '11:46:08', 6, 1),
(305, 151, 4, '2017-05-31', '11:51:48', 1, 0),
(306, 151, 4, '2017-05-31', '11:51:51', 6, 1),
(307, 152, 4, '2017-05-31', '12:01:02', 1, 0),
(308, 152, 4, '2017-05-31', '12:01:07', 6, 1),
(309, 153, 4, '2017-05-31', '12:03:40', 1, 0),
(310, 153, 4, '2017-05-31', '12:03:45', 6, 1),
(311, 154, 4, '2017-05-31', '12:06:33', 1, 0),
(312, 154, 4, '2017-05-31', '12:06:37', 6, 1),
(313, 155, 4, '2017-05-31', '12:08:51', 1, 0),
(314, 155, 4, '2017-05-31', '12:08:56', 6, 1),
(315, 156, 4, '2017-05-31', '12:11:04', 1, 0),
(316, 156, 4, '2017-05-31', '12:11:10', 6, 1),
(317, 157, 4, '2017-05-31', '12:12:52', 1, 0),
(318, 157, 4, '2017-05-31', '12:12:56', 6, 1),
(319, 158, 4, '2017-05-31', '12:15:26', 1, 0),
(320, 158, 4, '2017-05-31', '12:15:41', 6, 1),
(321, 159, 4, '2017-05-31', '12:23:27', 1, 0),
(322, 159, 4, '2017-05-31', '12:23:34', 5, 0),
(323, 159, 4, '2017-05-31', '12:23:35', 6, 1),
(324, 160, 4, '2017-05-31', '12:25:09', 1, 0),
(325, 160, 4, '2017-05-31', '12:25:17', 6, 1),
(326, 161, 4, '2017-05-31', '12:27:09', 1, 0),
(327, 161, 4, '2017-05-31', '12:27:14', 6, 1),
(328, 162, 4, '2017-05-31', '12:28:51', 1, 0),
(329, 162, 4, '2017-05-31', '12:28:54', 6, 1),
(330, 163, 4, '2017-05-31', '12:30:12', 1, 0),
(331, 163, 4, '2017-05-31', '12:30:16', 6, 1),
(332, 164, 4, '2017-05-31', '12:32:17', 1, 0),
(333, 164, 4, '2017-05-31', '12:32:20', 6, 1),
(334, 165, 4, '2017-05-31', '12:33:55', 1, 0),
(335, 165, 4, '2017-05-31', '12:33:57', 6, 1),
(336, 166, 4, '2017-05-31', '12:40:02', 1, 0),
(337, 166, 4, '2017-05-31', '12:40:04', 6, 1),
(338, 167, 4, '2017-05-31', '12:41:14', 1, 0),
(339, 167, 4, '2017-05-31', '12:41:22', 6, 1),
(340, 168, 4, '2017-06-01', '07:31:12', 1, 0),
(341, 168, 4, '2017-06-01', '07:32:21', 6, 1),
(342, 169, 4, '2017-06-01', '07:34:06', 1, 0),
(343, 170, 4, '2017-06-01', '07:36:09', 1, 0),
(344, 169, 4, '2017-06-01', '07:36:13', 6, 1),
(345, 171, 4, '2017-06-01', '07:38:16', 1, 0),
(346, 170, 4, '2017-06-01', '07:38:25', 6, 1),
(347, 171, 4, '2017-06-01', '07:38:28', 6, 1),
(348, 172, 4, '2017-06-01', '07:40:08', 1, 0),
(349, 172, 4, '2017-06-01', '07:40:27', 6, 1),
(350, 173, 4, '2017-06-01', '07:41:56', 1, 0),
(351, 173, 4, '2017-06-01', '07:41:59', 6, 1),
(352, 174, 4, '2017-06-01', '07:43:43', 1, 1),
(353, 175, 4, '2017-06-01', '07:43:51', 1, 0),
(354, 175, 4, '2017-06-01', '07:45:00', 6, 1),
(355, 176, 4, '2017-06-01', '07:49:08', 1, 0),
(356, 176, 4, '2017-06-01', '07:51:07', 6, 1),
(357, 177, 4, '2017-06-01', '07:54:31', 1, 0),
(358, 177, 4, '2017-06-01', '07:55:10', 6, 1),
(359, 178, 4, '2017-06-01', '07:57:14', 1, 0),
(360, 178, 4, '2017-06-01', '07:58:38', 6, 1),
(361, 179, 4, '2017-06-01', '08:00:20', 1, 0),
(362, 179, 4, '2017-06-01', '08:00:55', 6, 1),
(363, 180, 4, '2017-06-01', '08:09:46', 1, 1),
(364, 181, 4, '2017-06-01', '08:12:51', 1, 0),
(365, 181, 4, '2017-06-01', '08:13:10', 6, 1),
(366, 182, 4, '2017-06-01', '08:13:17', 1, 0),
(367, 183, 4, '2017-06-01', '08:15:20', 1, 0),
(368, 184, 4, '2017-06-01', '08:16:33', 1, 0),
(369, 182, 4, '2017-06-01', '08:19:32', 6, 1),
(370, 184, 4, '2017-06-01', '08:19:58', 6, 1),
(371, 183, 4, '2017-06-01', '08:20:03', 6, 1),
(372, 185, 4, '2017-06-01', '08:27:07', 1, 0),
(373, 185, 4, '2017-06-01', '08:27:19', 6, 1),
(374, 186, 4, '2017-06-01', '08:29:17', 1, 0),
(375, 186, 4, '2017-06-01', '08:29:31', 6, 1),
(376, 187, 4, '2017-06-01', '08:31:21', 1, 0),
(377, 187, 4, '2017-06-01', '08:31:42', 6, 1),
(378, 188, 4, '2017-06-01', '08:34:36', 1, 0),
(379, 189, 4, '2017-06-01', '08:34:51', 1, 1),
(380, 188, 4, '2017-06-01', '08:35:27', 6, 1),
(381, 190, 4, '2017-06-01', '08:51:19', 1, 0),
(382, 190, 4, '2017-06-01', '08:51:23', 6, 1),
(383, 191, 4, '2017-06-01', '08:53:23', 1, 0),
(384, 191, 4, '2017-06-01', '08:53:40', 6, 1),
(385, 192, 4, '2017-06-01', '08:55:08', 1, 0),
(386, 192, 4, '2017-06-01', '08:55:13', 6, 1),
(387, 193, 4, '2017-06-01', '08:59:29', 1, 0),
(388, 193, 4, '2017-06-01', '08:59:45', 6, 1),
(389, 194, 4, '2017-06-01', '09:01:32', 1, 0),
(390, 194, 4, '2017-06-01', '09:01:37', 6, 1),
(391, 195, 4, '2017-06-01', '09:04:13', 1, 0),
(392, 196, 4, '2017-06-01', '09:04:33', 1, 0),
(393, 195, 4, '2017-06-01', '09:04:55', 6, 1),
(394, 196, 4, '2017-06-01', '09:06:37', 6, 1),
(395, 197, 4, '2017-06-01', '09:10:29', 1, 0),
(396, 197, 4, '2017-06-01', '09:11:49', 6, 1),
(397, 198, 4, '2017-06-01', '09:13:03', 1, 0),
(398, 198, 4, '2017-06-01', '09:13:48', 6, 1),
(399, 199, 4, '2017-06-01', '09:16:52', 1, 0),
(400, 199, 4, '2017-06-01', '09:17:08', 6, 1),
(401, 200, 4, '2017-06-01', '09:18:41', 1, 0),
(402, 200, 4, '2017-06-01', '09:18:48', 6, 1),
(403, 201, 4, '2017-06-01', '09:20:57', 1, 0),
(404, 202, 4, '2017-06-01', '09:22:09', 1, 0),
(405, 201, 4, '2017-06-01', '09:22:14', 6, 1),
(406, 203, 4, '2017-06-01', '09:24:00', 1, 0),
(407, 202, 4, '2017-06-01', '09:24:09', 6, 1),
(408, 203, 4, '2017-06-01', '09:24:13', 6, 1),
(409, 204, 4, '2017-06-01', '09:25:36', 1, 0),
(410, 205, 4, '2017-06-01', '09:27:54', 1, 0),
(411, 206, 4, '2017-06-01', '09:27:55', 1, 0),
(412, 204, 4, '2017-06-01', '09:28:03', 6, 1),
(413, 205, 4, '2017-06-01', '09:28:16', 6, 1),
(414, 206, 4, '2017-06-01', '09:30:40', 6, 1),
(415, 207, 4, '2017-06-01', '09:33:09', 1, 0),
(416, 207, 4, '2017-06-01', '09:33:20', 6, 1),
(417, 208, 4, '2017-06-01', '09:36:51', 1, 0),
(418, 209, 4, '2017-06-01', '09:36:54', 1, 0),
(419, 208, 4, '2017-06-01', '09:38:30', 6, 1),
(420, 209, 4, '2017-06-01', '09:38:36', 6, 1),
(421, 210, 4, '2017-06-01', '09:46:43', 1, 0),
(422, 210, 4, '2017-06-01', '09:47:01', 6, 1),
(423, 211, 4, '2017-06-01', '09:53:28', 1, 0),
(424, 211, 4, '2017-06-01', '09:53:49', 6, 1),
(425, 212, 4, '2017-06-01', '09:55:19', 1, 0),
(426, 213, 4, '2017-06-01', '10:03:32', 1, 0),
(427, 212, 4, '2017-06-01', '10:03:51', 6, 1),
(428, 213, 4, '2017-06-01', '10:07:28', 6, 1),
(429, 214, 4, '2017-06-01', '10:10:28', 1, 0),
(430, 214, 4, '2017-06-01', '10:10:32', 6, 1),
(431, 215, 4, '2017-06-01', '10:13:19', 1, 0),
(432, 215, 4, '2017-06-01', '10:13:31', 6, 1),
(433, 216, 4, '2017-06-01', '10:16:00', 1, 0),
(434, 216, 4, '2017-06-01', '10:18:48', 6, 1),
(435, 217, 4, '2017-06-01', '10:23:26', 1, 0),
(436, 217, 4, '2017-06-01', '10:23:30', 6, 1),
(437, 218, 4, '2017-06-01', '10:28:27', 1, 0),
(438, 218, 4, '2017-06-01', '10:28:34', 6, 1),
(439, 219, 4, '2017-06-01', '10:39:09', 1, 0),
(440, 220, 4, '2017-06-01', '10:40:16', 1, 0),
(441, 220, 4, '2017-06-01', '10:40:26', 6, 1),
(442, 219, 4, '2017-06-01', '10:40:29', 6, 1),
(443, 221, 4, '2017-06-01', '10:43:15', 1, 0),
(444, 222, 4, '2017-06-01', '10:44:52', 1, 0),
(445, 222, 4, '2017-06-01', '10:45:17', 6, 1),
(446, 221, 4, '2017-06-01', '10:45:20', 6, 1),
(447, 223, 4, '2017-06-01', '10:48:59', 1, 0),
(448, 224, 4, '2017-06-01', '10:50:51', 1, 0),
(449, 223, 4, '2017-06-01', '10:50:55', 6, 1),
(450, 225, 4, '2017-06-01', '10:52:32', 1, 0),
(451, 225, 4, '2017-06-01', '10:52:52', 6, 1),
(452, 224, 4, '2017-06-01', '10:52:53', 6, 1),
(453, 226, 4, '2017-06-01', '11:06:27', 1, 0),
(454, 226, 4, '2017-06-01', '11:16:51', 6, 1),
(455, 228, 4, '2017-06-01', '11:20:01', 1, 0),
(456, 228, 4, '2017-06-01', '11:20:13', 5, 0),
(457, 228, 4, '2017-06-01', '11:27:45', 6, 1),
(458, 229, 4, '2017-06-01', '11:30:21', 1, 0),
(459, 229, 4, '2017-06-01', '11:30:43', 6, 1),
(460, 230, 4, '2017-06-01', '11:33:22', 1, 0),
(461, 231, 4, '2017-06-01', '11:35:39', 1, 0),
(462, 230, 4, '2017-06-01', '11:36:17', 6, 1),
(463, 231, 4, '2017-06-01', '11:36:23', 6, 1),
(464, 232, 4, '2017-06-01', '11:38:45', 1, 0),
(465, 232, 4, '2017-06-01', '11:39:10', 6, 1),
(466, 233, 4, '2017-06-01', '11:50:02', 1, 0),
(467, 234, 4, '2017-06-01', '11:52:12', 1, 0),
(468, 233, 4, '2017-06-01', '11:52:20', 6, 1),
(469, 234, 4, '2017-06-01', '11:52:22', 6, 1),
(470, 235, 4, '2017-06-01', '11:58:10', 1, 0),
(471, 235, 4, '2017-06-01', '11:58:17', 6, 1),
(472, 236, 4, '2017-06-01', '12:04:14', 1, 0),
(473, 236, 4, '2017-06-01', '12:04:24', 6, 1),
(474, 237, 4, '2017-06-01', '12:06:21', 1, 0),
(475, 237, 4, '2017-06-01', '12:06:29', 6, 1),
(476, 238, 4, '2017-06-01', '12:09:36', 1, 0),
(477, 238, 4, '2017-06-01', '12:09:43', 6, 1),
(478, 239, 4, '2017-06-01', '12:13:26', 1, 0),
(479, 239, 4, '2017-06-01', '12:13:32', 6, 1),
(480, 240, 4, '2017-06-01', '12:16:28', 1, 0),
(481, 241, 4, '2017-06-01', '12:18:34', 1, 0),
(482, 241, 4, '2017-06-01', '12:18:58', 6, 1),
(483, 240, 4, '2017-06-01', '12:19:00', 6, 1),
(484, 242, 4, '2017-06-01', '12:22:59', 1, 0),
(485, 243, 4, '2017-06-01', '12:23:01', 1, 0),
(486, 242, 4, '2017-06-01', '12:23:53', 6, 1),
(487, 243, 4, '2017-06-01', '12:23:56', 6, 1),
(488, 244, 4, '2017-06-01', '12:26:02', 1, 0),
(489, 245, 4, '2017-06-01', '12:26:05', 1, 0),
(490, 245, 4, '2017-06-01', '12:26:39', 6, 1),
(491, 244, 4, '2017-06-01', '12:26:41', 6, 1),
(492, 246, 4, '2017-06-02', '08:20:54', 1, 0),
(493, 246, 4, '2017-06-02', '08:21:58', 6, 1),
(494, 247, 4, '2017-06-02', '08:31:13', 1, 0),
(495, 248, 4, '2017-06-02', '08:31:13', 1, 0),
(496, 248, 4, '2017-06-02', '08:32:18', 6, 1),
(497, 247, 4, '2017-06-02', '08:32:20', 6, 1),
(498, 249, 4, '2017-06-02', '08:33:50', 1, 0),
(499, 249, 4, '2017-06-02', '08:34:15', 6, 1),
(500, 250, 4, '2017-06-02', '08:35:54', 1, 0),
(501, 251, 4, '2017-06-02', '08:35:55', 1, 0),
(502, 252, 4, '2017-06-02', '08:35:57', 1, 0),
(503, 252, 4, '2017-06-02', '08:42:20', 6, 1),
(504, 251, 4, '2017-06-02', '08:44:31', 6, 1),
(505, 250, 4, '2017-06-02', '08:44:33', 6, 1),
(506, 253, 4, '2017-06-02', '08:51:02', 1, 0),
(507, 254, 4, '2017-06-02', '08:51:02', 1, 0),
(508, 255, 4, '2017-06-02', '08:51:02', 1, 0),
(509, 256, 4, '2017-06-02', '08:51:02', 1, 0),
(510, 257, 4, '2017-06-02', '08:51:03', 1, 0),
(511, 257, 4, '2017-06-02', '09:07:24', 6, 1),
(512, 256, 4, '2017-06-02', '09:07:26', 6, 1),
(513, 255, 4, '2017-06-02', '09:08:24', 6, 1),
(514, 254, 4, '2017-06-02', '09:20:37', 6, 1),
(515, 253, 4, '2017-06-02', '09:20:48', 6, 1),
(516, 258, 4, '2017-06-02', '09:24:46', 1, 0),
(517, 259, 4, '2017-06-02', '09:24:48', 1, 0),
(518, 260, 4, '2017-06-02', '09:34:13', 1, 0),
(519, 260, 4, '2017-06-02', '09:48:29', 6, 1),
(520, 259, 4, '2017-06-02', '09:48:59', 6, 1),
(521, 258, 4, '2017-06-02', '09:49:01', 6, 1),
(522, 261, 4, '2017-06-02', '09:50:38', 1, 0),
(523, 262, 4, '2017-06-02', '09:50:38', 1, 0),
(524, 262, 4, '2017-06-02', '09:51:31', 6, 1),
(525, 261, 4, '2017-06-02', '09:52:35', 6, 1),
(526, 263, 4, '2017-06-02', '10:01:55', 1, 0),
(527, 264, 4, '2017-06-02', '10:01:55', 1, 0),
(528, 265, 4, '2017-06-02', '10:01:55', 1, 0),
(529, 265, 4, '2017-06-02', '10:02:49', 6, 1),
(530, 263, 4, '2017-06-02', '10:02:55', 6, 1),
(531, 264, 4, '2017-06-02', '10:03:11', 6, 1),
(532, 266, 4, '2017-06-02', '10:05:08', 1, 0),
(533, 267, 4, '2017-06-02', '10:05:15', 1, 0),
(534, 268, 4, '2017-06-02', '10:05:15', 1, 0),
(535, 268, 4, '2017-06-02', '10:06:06', 6, 1),
(536, 267, 4, '2017-06-02', '10:07:12', 6, 1),
(537, 266, 4, '2017-06-02', '10:07:14', 6, 1),
(538, 269, 4, '2017-06-02', '10:12:19', 1, 0),
(539, 270, 4, '2017-06-02', '10:12:19', 1, 0),
(540, 271, 4, '2017-06-02', '10:12:20', 1, 0),
(541, 272, 4, '2017-06-02', '10:12:20', 1, 0),
(542, 269, 4, '2017-06-02', '10:13:12', 6, 1),
(543, 270, 4, '2017-06-02', '10:14:44', 6, 1),
(544, 271, 4, '2017-06-02', '10:16:46', 6, 1),
(545, 272, 4, '2017-06-02', '10:16:48', 6, 1),
(546, 273, 4, '2017-06-02', '10:20:09', 1, 0),
(547, 273, 4, '2017-06-02', '10:20:24', 6, 1),
(548, 274, 4, '2017-06-02', '10:22:30', 1, 0),
(549, 275, 4, '2017-06-02', '10:22:30', 1, 0),
(550, 275, 4, '2017-06-02', '10:26:54', 6, 1),
(551, 274, 4, '2017-06-02', '10:26:56', 6, 1),
(552, 276, 4, '2017-06-02', '10:29:05', 1, 0),
(553, 277, 4, '2017-06-02', '10:29:05', 1, 0),
(554, 277, 4, '2017-06-02', '10:33:03', 6, 1),
(555, 276, 4, '2017-06-02', '10:33:08', 6, 1),
(556, 278, 4, '2017-06-02', '10:38:28', 1, 0),
(557, 279, 4, '2017-06-02', '10:38:29', 1, 0),
(558, 278, 4, '2017-06-02', '10:39:51', 6, 1),
(559, 279, 4, '2017-06-02', '10:40:41', 6, 1),
(560, 280, 4, '2017-06-02', '10:42:46', 1, 0),
(561, 281, 4, '2017-06-02', '10:44:33', 1, 0),
(562, 282, 4, '2017-06-02', '10:44:34', 1, 0),
(563, 280, 4, '2017-06-02', '10:44:50', 6, 1),
(564, 282, 4, '2017-06-02', '10:46:58', 6, 1),
(565, 281, 4, '2017-06-02', '11:09:44', 6, 1),
(566, 283, 4, '2017-06-02', '11:44:33', 1, 0),
(567, 284, 4, '2017-06-02', '11:44:36', 1, 0),
(568, 285, 4, '2017-06-02', '11:44:37', 1, 0),
(569, 286, 4, '2017-06-02', '11:44:37', 1, 0),
(570, 286, 4, '2017-06-02', '11:50:07', 6, 1),
(571, 285, 4, '2017-06-02', '11:50:07', 6, 1),
(572, 284, 4, '2017-06-02', '11:50:10', 6, 1),
(573, 283, 4, '2017-06-02', '11:50:20', 5, 0),
(574, 283, 4, '2017-06-02', '11:50:24', 6, 1),
(575, 287, 4, '2017-06-02', '11:57:29', 1, 0),
(576, 288, 4, '2017-06-02', '11:57:29', 1, 0),
(577, 288, 4, '2017-06-02', '11:57:56', 6, 1),
(578, 287, 4, '2017-06-02', '11:57:58', 6, 1),
(579, 289, 4, '2017-06-02', '12:04:47', 1, 0),
(580, 290, 4, '2017-06-02', '12:04:48', 1, 0),
(581, 291, 4, '2017-06-02', '12:04:48', 1, 0),
(582, 291, 4, '2017-06-02', '12:08:26', 6, 1),
(583, 290, 4, '2017-06-02', '12:08:26', 6, 1),
(584, 289, 4, '2017-06-02', '12:08:26', 6, 1),
(585, 292, 4, '2017-06-02', '12:10:24', 1, 0),
(586, 293, 4, '2017-06-02', '12:10:26', 1, 0),
(587, 292, 4, '2017-06-02', '12:12:40', 6, 1),
(588, 293, 4, '2017-06-02', '12:12:42', 6, 1),
(589, 294, 4, '2017-06-05', '07:28:26', 1, 0),
(590, 295, 4, '2017-06-05', '07:28:26', 1, 0),
(591, 296, 4, '2017-06-05', '07:28:26', 1, 0),
(592, 297, 4, '2017-06-05', '07:28:27', 1, 0),
(593, 297, 4, '2017-06-05', '07:31:29', 6, 1),
(594, 296, 4, '2017-06-05', '07:31:32', 6, 1),
(595, 294, 4, '2017-06-05', '07:31:36', 6, 1),
(596, 295, 4, '2017-06-05', '07:33:25', 6, 1),
(597, 298, 4, '2017-06-05', '07:59:51', 1, 0),
(598, 298, 4, '2017-06-05', '08:00:45', 6, 1),
(599, 299, 4, '2017-06-05', '08:02:28', 1, 0),
(600, 299, 4, '2017-06-05', '08:06:51', 6, 1),
(601, 300, 4, '2017-06-05', '08:12:20', 1, 0),
(602, 301, 4, '2017-06-05', '08:12:21', 1, 0),
(603, 300, 4, '2017-06-05', '08:17:05', 6, 1),
(604, 301, 4, '2017-06-05', '08:17:07', 6, 1),
(605, 302, 4, '2017-06-05', '08:19:44', 1, 0),
(606, 303, 4, '2017-06-05', '08:19:44', 1, 0),
(607, 302, 4, '2017-06-05', '08:26:23', 6, 1),
(608, 303, 4, '2017-06-05', '08:26:25', 6, 1),
(609, 304, 4, '2017-06-05', '08:33:20', 1, 0),
(610, 305, 4, '2017-06-05', '08:33:23', 1, 0),
(611, 306, 4, '2017-06-05', '08:33:24', 1, 0),
(612, 306, 4, '2017-06-05', '08:36:05', 6, 1),
(613, 305, 4, '2017-06-05', '08:36:06', 6, 1),
(614, 304, 4, '2017-06-05', '08:42:18', 6, 1),
(615, 307, 4, '2017-06-05', '08:50:03', 1, 0),
(616, 308, 4, '2017-06-05', '08:50:03', 1, 0),
(617, 307, 4, '2017-06-05', '08:51:15', 6, 1),
(618, 308, 4, '2017-06-05', '08:51:18', 6, 1),
(619, 309, 4, '2017-06-05', '08:56:03', 1, 0),
(620, 310, 4, '2017-06-05', '08:56:03', 1, 0),
(621, 311, 4, '2017-06-05', '08:56:04', 1, 0),
(622, 311, 4, '2017-06-05', '08:57:08', 6, 1),
(623, 310, 4, '2017-06-05', '08:57:09', 6, 1),
(624, 309, 4, '2017-06-05', '08:57:11', 6, 1),
(625, 312, 4, '2017-06-05', '08:59:32', 1, 0),
(626, 313, 4, '2017-06-05', '08:59:33', 1, 0),
(627, 314, 4, '2017-06-05', '08:59:33', 1, 0),
(628, 314, 4, '2017-06-05', '09:00:36', 6, 1),
(629, 313, 4, '2017-06-05', '09:00:38', 6, 1),
(630, 312, 4, '2017-06-05', '09:00:39', 6, 1),
(631, 315, 4, '2017-06-05', '09:11:01', 1, 0),
(632, 316, 4, '2017-06-05', '09:11:03', 1, 0),
(633, 317, 4, '2017-06-05', '09:11:04', 1, 0),
(634, 317, 4, '2017-06-05', '09:13:07', 6, 1),
(635, 316, 4, '2017-06-05', '09:13:08', 6, 1),
(636, 315, 4, '2017-06-05', '09:13:10', 6, 1),
(637, 318, 4, '2017-06-05', '09:26:02', 1, 0),
(638, 319, 4, '2017-06-05', '09:27:26', 1, 0),
(639, 319, 4, '2017-06-05', '10:11:26', 6, 1),
(640, 318, 4, '2017-06-05', '10:11:27', 6, 1),
(641, 320, 4, '2017-06-05', '10:19:45', 1, 0),
(642, 320, 4, '2017-06-05', '10:19:59', 6, 1),
(643, 321, 4, '2017-06-05', '10:22:11', 1, 0),
(644, 322, 4, '2017-06-05', '10:22:12', 1, 0),
(645, 322, 4, '2017-06-05', '10:22:19', 6, 1),
(646, 321, 4, '2017-06-05', '10:22:51', 6, 1),
(647, 323, 4, '2017-06-05', '10:31:21', 1, 1),
(648, 324, 4, '2017-06-05', '10:31:22', 1, 1),
(649, 325, 4, '2017-06-05', '10:31:22', 1, 1),
(650, 326, 4, '2017-06-05', '10:31:22', 1, 1),
(651, 327, 4, '2017-06-05', '10:31:22', 1, 0),
(652, 328, 4, '2017-06-05', '10:31:22', 1, 0),
(653, 329, 4, '2017-06-05', '10:31:24', 1, 0),
(654, 329, 4, '2017-06-05', '10:39:39', 6, 1),
(655, 328, 4, '2017-06-05', '10:39:40', 6, 1),
(656, 327, 4, '2017-06-05', '10:39:41', 6, 1),
(657, 330, 4, '2017-06-05', '11:04:32', 1, 0),
(658, 331, 4, '2017-06-05', '11:04:32', 1, 0),
(659, 332, 4, '2017-06-05', '11:04:32', 1, 0),
(660, 333, 4, '2017-06-05', '11:04:33', 1, 0),
(661, 333, 4, '2017-06-05', '11:08:01', 6, 1),
(662, 332, 4, '2017-06-05', '11:08:44', 6, 1),
(663, 331, 4, '2017-06-05', '11:09:08', 6, 1),
(664, 330, 4, '2017-06-05', '11:09:15', 6, 1),
(665, 334, 4, '2017-06-05', '11:25:12', 1, 0),
(666, 335, 4, '2017-06-05', '11:25:13', 1, 0),
(667, 335, 4, '2017-06-05', '11:28:43', 6, 1),
(668, 334, 4, '2017-06-05', '11:28:45', 5, 0),
(669, 336, 4, '2017-06-05', '11:31:13', 1, 0),
(670, 334, 4, '2017-06-05', '11:31:53', 6, 1),
(671, 336, 4, '2017-06-05', '11:31:56', 6, 1),
(672, 337, 4, '2017-06-05', '11:36:15', 1, 0),
(673, 338, 4, '2017-06-05', '11:36:16', 1, 0),
(674, 339, 4, '2017-06-05', '11:36:16', 1, 0),
(675, 339, 4, '2017-06-05', '11:47:10', 6, 1),
(676, 338, 4, '2017-06-05', '11:47:12', 6, 1),
(677, 337, 4, '2017-06-05', '11:47:15', 6, 1),
(678, 340, 4, '2017-06-05', '11:49:21', 1, 0),
(679, 341, 4, '2017-06-05', '11:49:21', 1, 0),
(680, 342, 4, '2017-06-05', '11:49:21', 1, 0),
(681, 342, 4, '2017-06-05', '11:53:21', 6, 1),
(682, 341, 4, '2017-06-05', '11:53:56', 6, 1),
(683, 340, 4, '2017-06-05', '11:53:57', 6, 1),
(684, 343, 4, '2017-06-05', '11:56:28', 1, 0),
(685, 344, 4, '2017-06-05', '11:56:28', 1, 0),
(686, 344, 4, '2017-06-05', '11:57:16', 6, 1),
(687, 343, 4, '2017-06-05', '11:57:18', 6, 1),
(688, 345, 4, '2017-06-05', '11:59:40', 1, 0),
(689, 346, 4, '2017-06-05', '11:59:40', 1, 0),
(690, 346, 4, '2017-06-05', '12:00:37', 6, 1),
(691, 345, 4, '2017-06-05', '12:01:02', 6, 1),
(692, 347, 4, '2017-06-05', '12:03:10', 1, 0),
(693, 348, 4, '2017-06-05', '12:03:11', 1, 0),
(694, 348, 4, '2017-06-05', '12:06:55', 6, 1),
(695, 347, 4, '2017-06-05', '12:06:58', 6, 1),
(696, 349, 4, '2017-06-05', '12:09:31', 1, 0),
(697, 350, 4, '2017-06-05', '12:09:31', 1, 0),
(698, 350, 4, '2017-06-05', '12:10:36', 6, 1),
(699, 349, 4, '2017-06-05', '12:10:38', 6, 1),
(700, 351, 4, '2017-06-06', '07:19:04', 1, 0),
(701, 351, 4, '2017-06-06', '07:19:16', 6, 1),
(702, 352, 4, '2017-06-06', '07:21:13', 1, 0),
(703, 353, 4, '2017-06-06', '07:21:14', 1, 0),
(704, 354, 4, '2017-06-06', '07:21:14', 1, 0),
(705, 354, 4, '2017-06-06', '07:22:16', 6, 1),
(706, 353, 4, '2017-06-06', '07:22:18', 6, 1),
(707, 352, 4, '2017-06-06', '07:22:20', 6, 1),
(708, 355, 4, '2017-06-06', '07:27:41', 1, 0),
(709, 356, 4, '2017-06-06', '07:27:42', 1, 0),
(710, 357, 4, '2017-06-06', '07:27:42', 1, 0),
(711, 358, 4, '2017-06-06', '07:27:43', 1, 0),
(712, 358, 4, '2017-06-06', '07:39:19', 6, 1),
(713, 357, 4, '2017-06-06', '07:39:21', 6, 1),
(714, 356, 4, '2017-06-06', '07:39:22', 6, 1),
(715, 355, 4, '2017-06-06', '07:42:14', 6, 1),
(716, 359, 4, '2017-06-06', '07:45:54', 1, 0),
(717, 360, 4, '2017-06-06', '07:50:10', 1, 0),
(718, 361, 4, '2017-06-06', '07:50:11', 1, 0),
(719, 362, 4, '2017-06-06', '07:50:13', 1, 0),
(720, 363, 4, '2017-06-06', '07:50:14', 1, 0),
(721, 364, 4, '2017-06-06', '07:50:14', 1, 0),
(722, 365, 4, '2017-06-06', '07:50:14', 1, 0),
(723, 364, 4, '2017-06-06', '07:54:42', 6, 1),
(724, 363, 4, '2017-06-06', '07:54:43', 6, 1),
(725, 362, 4, '2017-06-06', '07:54:44', 6, 1),
(726, 361, 4, '2017-06-06', '07:54:45', 5, 0),
(727, 361, 4, '2017-06-06', '07:54:48', 6, 1),
(728, 365, 4, '2017-06-06', '07:54:56', 6, 1),
(729, 359, 4, '2017-06-06', '08:02:05', 6, 1),
(730, 360, 4, '2017-06-06', '08:02:07', 5, 0),
(731, 360, 4, '2017-06-06', '08:02:08', 6, 1),
(732, 366, 4, '2017-06-06', '08:04:43', 1, 0),
(733, 366, 4, '2017-06-06', '08:06:42', 6, 1),
(734, 367, 4, '2017-06-06', '08:08:39', 1, 0),
(735, 368, 4, '2017-06-06', '08:08:39', 1, 0),
(736, 368, 4, '2017-06-06', '08:14:23', 6, 1),
(737, 367, 4, '2017-06-06', '08:14:24', 6, 1),
(738, 369, 4, '2017-06-06', '08:17:18', 1, 0),
(739, 369, 4, '2017-06-06', '08:17:29', 6, 1),
(740, 63, 4, '2017-06-06', '08:28:02', 5, 0),
(741, 63, 4, '2017-06-06', '08:28:06', 2, 0),
(742, 63, 4, '2017-06-06', '08:28:09', 3, 1),
(743, 65, 4, '2017-06-06', '08:29:49', 3, 1),
(744, 60, 4, '2017-06-06', '08:32:18', 3, 1),
(745, 59, 4, '2017-06-06', '08:34:53', 3, 1),
(746, 58, 4, '2017-06-06', '08:36:35', 3, 1),
(747, 57, 4, '2017-06-06', '08:37:56', 3, 1),
(748, 56, 4, '2017-06-06', '08:39:35', 3, 1),
(749, 55, 4, '2017-06-06', '08:47:34', 3, 1),
(750, 54, 4, '2017-06-06', '08:48:56', 3, 1),
(751, 53, 4, '2017-06-06', '08:50:18', 3, 1),
(752, 52, 4, '2017-06-06', '08:59:57', 3, 1),
(753, 51, 4, '2017-06-06', '09:01:14', 3, 1),
(754, 50, 4, '2017-06-06', '09:01:58', 3, 1),
(755, 49, 4, '2017-06-06', '09:02:37', 3, 1),
(756, 370, 4, '2017-06-06', '09:07:48', 1, 0),
(757, 370, 4, '2017-06-06', '09:07:54', 3, 1),
(758, 371, 4, '2017-06-06', '09:13:28', 1, 0),
(759, 371, 4, '2017-06-06', '09:13:35', 3, 1),
(760, 372, 4, '2017-06-06', '09:34:35', 1, 0),
(761, 372, 4, '2017-06-06', '09:34:48', 6, 1),
(762, 373, 4, '2017-06-06', '09:39:05', 1, 0),
(763, 374, 4, '2017-06-06', '09:39:06', 1, 0),
(764, 375, 4, '2017-06-06', '09:39:06', 1, 0),
(765, 375, 4, '2017-06-06', '09:43:30', 6, 1),
(766, 374, 4, '2017-06-06', '09:44:08', 6, 1),
(767, 373, 4, '2017-06-06', '09:44:11', 6, 1),
(768, 376, 4, '2017-06-06', '10:12:56', 1, 0),
(769, 376, 4, '2017-06-06', '10:13:27', 6, 1),
(770, 377, 4, '2017-06-06', '10:16:10', 1, 0),
(771, 377, 4, '2017-06-06', '10:19:25', 6, 1),
(772, 378, 4, '2017-06-06', '10:27:36', 1, 0),
(773, 378, 4, '2017-06-06', '10:27:41', 5, 0),
(774, 378, 4, '2017-06-06', '10:28:28', 6, 1),
(775, 379, 4, '2017-06-06', '10:30:49', 1, 0),
(776, 380, 4, '2017-06-06', '10:30:49', 1, 0),
(777, 381, 4, '2017-06-06', '10:30:49', 1, 0),
(778, 382, 4, '2017-06-06', '12:34:45', 1, 0),
(779, 383, 4, '2017-06-06', '12:37:56', 1, 0),
(780, 384, 4, '2017-06-06', '12:41:01', 1, 0),
(781, 385, 4, '2017-06-06', '12:45:25', 1, 0),
(782, 385, 4, '2017-06-06', '12:51:40', 3, 0),
(783, 384, 4, '2017-06-06', '12:51:44', 3, 0),
(784, 383, 4, '2017-06-06', '12:51:47', 2, 0),
(785, 382, 4, '2017-06-06', '12:51:50', 3, 0),
(786, 384, 4, '2017-06-06', '12:52:02', 2, 0),
(787, 382, 4, '2017-06-06', '12:52:04', 2, 0),
(788, 385, 4, '2017-06-06', '12:52:06', 2, 0),
(789, 380, 4, '2017-06-07', '08:51:36', 6, 1),
(790, 379, 4, '2017-06-07', '08:51:38', 6, 1),
(791, 381, 4, '2017-06-07', '08:51:39', 6, 1),
(792, 386, 4, '2017-06-07', '08:54:25', 1, 0),
(793, 386, 4, '2017-06-07', '08:54:39', 6, 1),
(794, 387, 4, '2017-06-07', '08:56:29', 1, 0),
(795, 388, 4, '2017-06-07', '08:56:29', 1, 0),
(796, 387, 4, '2017-06-07', '09:01:07', 5, 0),
(797, 388, 4, '2017-06-07', '09:01:09', 6, 1),
(798, 389, 4, '2017-06-07', '09:03:17', 1, 0),
(799, 387, 4, '2017-06-07', '09:05:09', 6, 1),
(800, 389, 4, '2017-06-07', '09:05:09', 6, 1),
(801, 390, 4, '2017-06-07', '09:07:06', 1, 0),
(802, 390, 4, '2017-06-07', '09:07:58', 6, 1),
(803, 391, 4, '2017-06-07', '09:09:34', 1, 0),
(804, 392, 4, '2017-06-07', '09:19:50', 1, 0),
(805, 393, 4, '2017-06-07', '09:19:51', 1, 0),
(806, 391, 4, '2017-06-07', '09:20:02', 6, 1),
(807, 392, 4, '2017-06-07', '09:20:07', 6, 1),
(808, 393, 4, '2017-06-07', '09:21:59', 6, 1),
(809, 394, 4, '2017-06-09', '07:41:52', 1, 0),
(810, 395, 4, '2017-06-09', '07:41:52', 1, 0),
(811, 396, 4, '2017-06-09', '07:41:52', 1, 0),
(812, 396, 4, '2017-06-09', '07:46:41', 6, 1),
(813, 395, 4, '2017-06-09', '07:46:43', 6, 1),
(814, 394, 4, '2017-06-09', '07:46:44', 6, 1),
(815, 397, 4, '2017-06-09', '07:56:46', 1, 0),
(816, 397, 4, '2017-06-09', '07:57:17', 6, 1),
(817, 398, 4, '2017-06-09', '08:06:21', 1, 0),
(818, 399, 4, '2017-06-09', '08:06:21', 1, 0),
(819, 398, 4, '2017-06-09', '08:09:45', 6, 1),
(820, 399, 4, '2017-06-09', '08:09:47', 6, 1),
(821, 400, 4, '2017-06-09', '08:31:03', 1, 0),
(822, 401, 4, '2017-06-09', '08:31:03', 1, 0),
(823, 402, 4, '2017-06-09', '08:31:04', 1, 0),
(824, 403, 4, '2017-06-09', '08:31:04', 1, 0),
(825, 404, 4, '2017-06-09', '08:31:04', 1, 0),
(826, 404, 4, '2017-06-09', '08:35:13', 6, 1),
(827, 401, 4, '2017-06-09', '08:35:45', 6, 1),
(828, 402, 4, '2017-06-09', '08:36:40', 6, 1),
(829, 403, 4, '2017-06-09', '08:36:42', 6, 1),
(830, 400, 4, '2017-06-09', '08:37:20', 6, 1),
(831, 405, 4, '2017-06-09', '08:40:40', 1, 0),
(832, 406, 4, '2017-06-09', '08:40:40', 1, 0),
(833, 407, 4, '2017-06-09', '08:40:40', 1, 0),
(834, 408, 4, '2017-06-09', '08:40:41', 1, 0),
(835, 408, 4, '2017-06-09', '08:41:39', 6, 1),
(836, 407, 4, '2017-06-09', '08:42:32', 6, 1),
(837, 406, 4, '2017-06-09', '08:42:35', 6, 1),
(838, 405, 4, '2017-06-09', '08:43:49', 6, 1),
(839, 409, 4, '2017-06-09', '08:45:44', 1, 0),
(840, 409, 4, '2017-06-09', '08:46:03', 6, 1),
(841, 410, 4, '2017-06-09', '08:48:47', 1, 0),
(842, 411, 4, '2017-06-09', '08:48:47', 1, 0),
(843, 411, 4, '2017-06-09', '08:50:56', 6, 1),
(844, 410, 4, '2017-06-09', '08:50:58', 6, 1),
(845, 412, 4, '2017-06-09', '08:53:22', 1, 0),
(846, 413, 4, '2017-06-09', '08:53:22', 1, 0),
(847, 414, 4, '2017-06-09', '08:53:22', 1, 0),
(848, 414, 4, '2017-06-09', '08:54:45', 6, 1),
(849, 413, 4, '2017-06-09', '08:54:47', 6, 1),
(850, 412, 4, '2017-06-09', '08:56:22', 6, 1),
(851, 415, 4, '2017-06-09', '09:08:49', 1, 0),
(852, 416, 4, '2017-06-09', '09:08:49', 1, 0),
(853, 417, 4, '2017-06-09', '09:08:50', 1, 0),
(854, 418, 4, '2017-06-09', '09:08:50', 1, 0),
(855, 419, 4, '2017-06-09', '09:18:21', 1, 0),
(856, 420, 4, '2017-06-09', '09:18:21', 1, 0),
(857, 421, 4, '2017-06-09', '09:18:21', 1, 0),
(858, 422, 4, '2017-06-09', '09:18:21', 1, 0),
(859, 418, 4, '2017-06-09', '09:18:42', 6, 1),
(860, 417, 4, '2017-06-09', '09:18:45', 6, 1),
(861, 416, 4, '2017-06-09', '09:18:46', 6, 1),
(862, 415, 4, '2017-06-09', '09:18:47', 6, 1),
(863, 419, 4, '2017-06-09', '09:18:56', 6, 1),
(864, 422, 4, '2017-06-09', '09:21:56', 6, 1),
(865, 421, 4, '2017-06-09', '09:22:45', 6, 1),
(866, 420, 4, '2017-06-09', '09:23:47', 6, 1),
(867, 423, 4, '2017-06-09', '09:34:03', 1, 0),
(868, 424, 4, '2017-06-09', '09:34:03', 1, 0),
(869, 425, 4, '2017-06-09', '09:34:03', 1, 0),
(870, 426, 4, '2017-06-09', '09:34:05', 1, 0),
(871, 427, 4, '2017-06-09', '09:35:54', 1, 0),
(872, 427, 4, '2017-06-09', '09:44:06', 6, 1),
(873, 426, 4, '2017-06-09', '09:44:41', 6, 1),
(874, 425, 4, '2017-06-09', '09:49:20', 6, 1),
(875, 424, 4, '2017-06-09', '09:50:23', 6, 1),
(876, 423, 4, '2017-06-09', '09:51:55', 6, 1),
(877, 428, 4, '2017-06-09', '09:58:34', 1, 0),
(878, 429, 4, '2017-06-09', '09:58:35', 1, 0),
(879, 430, 4, '2017-06-09', '09:58:35', 1, 0),
(880, 430, 4, '2017-06-09', '10:01:08', 6, 1),
(881, 429, 4, '2017-06-09', '10:01:10', 6, 1),
(882, 428, 4, '2017-06-09', '10:01:10', 6, 1),
(883, 431, 4, '2017-06-09', '10:03:29', 1, 0),
(884, 432, 4, '2017-06-09', '10:03:29', 1, 0),
(885, 432, 4, '2017-06-09', '10:04:22', 6, 1),
(886, 431, 4, '2017-06-09', '10:04:24', 6, 1),
(887, 433, 4, '2017-06-09', '10:09:58', 1, 0),
(888, 434, 4, '2017-06-09', '10:12:39', 1, 0),
(889, 435, 4, '2017-06-09', '10:12:45', 1, 1),
(890, 433, 4, '2017-06-09', '10:13:03', 6, 1),
(891, 436, 4, '2017-06-09', '10:15:03', 1, 0),
(892, 437, 4, '2017-06-09', '10:15:03', 1, 0),
(893, 438, 4, '2017-06-09', '10:15:07', 1, 1),
(894, 434, 4, '2017-06-09', '10:16:19', 6, 1),
(895, 436, 4, '2017-06-09', '10:16:47', 6, 1),
(896, 437, 4, '2017-06-09', '10:17:42', 6, 1),
(897, 439, 4, '2017-06-09', '10:22:48', 1, 0),
(898, 440, 4, '2017-06-09', '10:26:08', 1, 0),
(899, 441, 4, '2017-06-09', '10:26:09', 1, 0),
(900, 442, 4, '2017-06-09', '10:26:09', 1, 0),
(901, 443, 4, '2017-06-09', '10:26:09', 1, 0),
(902, 444, 4, '2017-06-09', '10:26:09', 1, 0),
(903, 439, 4, '2017-06-09', '10:29:27', 6, 1),
(904, 444, 4, '2017-06-09', '10:32:20', 6, 1),
(905, 443, 4, '2017-06-09', '10:49:47', 6, 1),
(906, 442, 4, '2017-06-09', '10:51:29', 6, 1),
(907, 441, 4, '2017-06-09', '10:52:47', 6, 1),
(908, 440, 4, '2017-06-09', '10:52:58', 6, 1),
(909, 445, 4, '2017-06-09', '10:57:20', 1, 0),
(910, 446, 4, '2017-06-09', '10:57:23', 1, 0),
(911, 447, 4, '2017-06-09', '10:57:23', 1, 0),
(912, 447, 4, '2017-06-09', '10:57:59', 6, 1),
(913, 446, 4, '2017-06-09', '10:58:56', 6, 1),
(914, 445, 4, '2017-06-09', '10:59:55', 6, 1),
(915, 448, 4, '2017-06-09', '11:03:33', 1, 0),
(916, 449, 4, '2017-06-09', '11:03:40', 1, 0),
(917, 450, 4, '2017-06-09', '11:03:41', 1, 0),
(918, 449, 4, '2017-06-09', '11:04:40', 6, 0),
(919, 449, 4, '2017-06-09', '11:07:28', 2, 0),
(920, 450, 4, '2017-06-09', '11:07:32', 2, 0),
(921, 448, 4, '2017-06-09', '11:07:35', 2, 0),
(922, 451, 4, '2017-06-09', '11:15:23', 1, 0),
(923, 451, 4, '2017-06-09', '11:15:38', 2, 0),
(924, 452, 4, '2017-06-09', '11:19:56', 1, 0),
(925, 453, 4, '2017-06-09', '11:19:57', 1, 0),
(926, 454, 4, '2017-06-09', '11:19:58', 1, 0),
(927, 454, 4, '2017-06-09', '11:23:13', 6, 0),
(928, 453, 4, '2017-06-09', '11:23:14', 6, 0),
(929, 454, 4, '2017-06-09', '11:24:21', 2, 0),
(930, 453, 4, '2017-06-09', '11:24:24', 2, 0),
(931, 452, 4, '2017-06-09', '11:24:25', 2, 0),
(932, 455, 4, '2017-06-09', '11:27:05', 1, 0),
(933, 456, 4, '2017-06-09', '11:33:06', 1, 0),
(934, 457, 4, '2017-06-09', '11:33:06', 1, 0),
(935, 458, 4, '2017-06-09', '11:33:06', 1, 0),
(936, 458, 4, '2017-06-09', '11:33:55', 6, 0),
(937, 457, 4, '2017-06-09', '11:33:56', 6, 0),
(938, 456, 4, '2017-06-09', '11:34:14', 2, 0),
(939, 457, 4, '2017-06-09', '11:34:18', 2, 0),
(940, 459, 4, '2017-06-09', '11:36:47', 1, 0),
(941, 460, 4, '2017-06-09', '11:36:47', 1, 0),
(942, 461, 4, '2017-06-09', '11:36:48', 1, 0),
(943, 462, 4, '2017-06-09', '11:36:48', 1, 0),
(944, 463, 4, '2017-06-09', '11:36:48', 1, 0),
(945, 458, 4, '2017-06-09', '11:37:00', 2, 0),
(946, 463, 4, '2017-06-09', '11:38:26', 2, 0),
(947, 462, 4, '2017-06-09', '11:38:28', 2, 0),
(948, 461, 4, '2017-06-09', '11:39:07', 2, 0),
(949, 460, 4, '2017-06-09', '11:39:52', 2, 0),
(950, 459, 4, '2017-06-09', '11:42:39', 2, 0),
(951, 464, 4, '2017-06-09', '11:46:12', 1, 0),
(952, 465, 4, '2017-06-09', '11:46:12', 1, 0),
(953, 466, 4, '2017-06-09', '11:46:12', 1, 0),
(954, 466, 4, '2017-06-09', '11:46:49', 2, 0),
(955, 465, 4, '2017-06-09', '11:46:50', 2, 0),
(956, 464, 4, '2017-06-09', '11:46:52', 2, 0),
(957, 467, 4, '2017-06-12', '07:33:37', 1, 0),
(958, 468, 4, '2017-06-12', '07:37:55', 1, 0),
(959, 469, 4, '2017-06-12', '07:37:55', 1, 0),
(960, 470, 4, '2017-06-12', '07:37:55', 1, 0),
(961, 468, 4, '2017-06-12', '08:08:25', 6, 1),
(962, 467, 4, '2017-06-12', '08:08:27', 6, 1),
(963, 469, 4, '2017-06-12', '08:08:31', 6, 1),
(964, 470, 4, '2017-06-12', '08:09:13', 6, 1),
(965, 471, 4, '2017-06-12', '08:12:55', 1, 0),
(966, 471, 4, '2017-06-12', '08:20:13', 6, 1),
(967, 472, 4, '2017-06-12', '08:37:37', 1, 0),
(968, 473, 4, '2017-06-12', '08:37:37', 1, 0),
(969, 474, 4, '2017-06-12', '08:37:38', 1, 0),
(970, 475, 4, '2017-06-12', '08:37:38', 1, 0),
(971, 476, 4, '2017-06-12', '08:37:38', 1, 0),
(972, 476, 4, '2017-06-12', '08:38:23', 6, 1),
(973, 475, 4, '2017-06-12', '08:39:36', 6, 1),
(974, 474, 4, '2017-06-12', '08:44:38', 6, 1),
(975, 473, 4, '2017-06-12', '08:50:45', 6, 1),
(976, 472, 4, '2017-06-12', '08:59:38', 6, 1),
(977, 477, 4, '2017-06-12', '09:06:46', 1, 0),
(978, 477, 4, '2017-06-12', '09:08:59', 6, 1),
(979, 478, 4, '2017-06-12', '09:10:32', 1, 0),
(980, 478, 4, '2017-06-12', '09:12:38', 6, 1),
(981, 479, 4, '2017-06-12', '09:16:21', 1, 0),
(982, 480, 4, '2017-06-12', '09:16:21', 1, 0),
(983, 481, 4, '2017-06-12', '09:16:22', 1, 0),
(984, 482, 4, '2017-06-12', '09:17:31', 1, 0),
(985, 479, 4, '2017-06-12', '09:17:52', 6, 1),
(986, 481, 4, '2017-06-12', '09:23:21', 6, 1),
(987, 480, 4, '2017-06-12', '09:23:23', 6, 1),
(988, 482, 4, '2017-06-12', '09:24:46', 6, 1),
(989, 483, 4, '2017-06-12', '09:30:09', 1, 0),
(990, 484, 4, '2017-06-12', '09:30:09', 1, 0),
(991, 485, 4, '2017-06-12', '09:30:09', 1, 0),
(992, 486, 4, '2017-06-12', '09:30:09', 1, 0),
(993, 486, 4, '2017-06-12', '09:31:28', 6, 1),
(994, 485, 4, '2017-06-12', '09:34:38', 6, 1),
(995, 484, 4, '2017-06-12', '09:34:42', 6, 1),
(996, 483, 4, '2017-06-12', '09:34:44', 6, 1),
(997, 487, 4, '2017-06-12', '09:39:52', 1, 0),
(998, 487, 4, '2017-06-12', '09:40:16', 6, 1),
(999, 488, 4, '2017-06-12', '09:42:22', 1, 0),
(1000, 489, 4, '2017-06-12', '09:42:23', 1, 0),
(1001, 490, 4, '2017-06-12', '09:43:13', 1, 0),
(1002, 488, 4, '2017-06-12', '09:45:51', 6, 1),
(1003, 489, 4, '2017-06-12', '09:46:54', 6, 1),
(1004, 490, 4, '2017-06-12', '09:48:40', 6, 1),
(1005, 491, 4, '2017-06-12', '09:50:38', 1, 0),
(1006, 492, 4, '2017-06-12', '09:50:39', 1, 0),
(1007, 492, 4, '2017-06-12', '09:53:10', 6, 1),
(1008, 491, 4, '2017-06-12', '09:53:12', 6, 1),
(1009, 493, 4, '2017-06-12', '09:55:05', 1, 0),
(1010, 494, 4, '2017-06-12', '09:55:05', 1, 0),
(1011, 494, 4, '2017-06-12', '09:56:15', 6, 1),
(1012, 493, 4, '2017-06-12', '09:57:53', 6, 1),
(1013, 455, 4, '2017-06-12', '10:00:23', 2, 0),
(1014, 495, 4, '2017-06-12', '10:07:14', 1, 0),
(1015, 495, 4, '2017-06-12', '10:13:29', 6, 1),
(1016, 496, 4, '2017-06-12', '10:15:04', 1, 0),
(1017, 497, 4, '2017-06-12', '10:15:05', 1, 0),
(1018, 498, 4, '2017-06-12', '10:15:07', 1, 0),
(1019, 499, 4, '2017-06-12', '10:15:07', 1, 0),
(1020, 499, 4, '2017-06-12', '10:18:40', 5, 0),
(1021, 499, 4, '2017-06-12', '10:18:41', 6, 1),
(1022, 498, 4, '2017-06-12', '10:18:42', 5, 0),
(1023, 498, 4, '2017-06-12', '10:18:44', 6, 1),
(1024, 497, 4, '2017-06-12', '10:18:47', 6, 1),
(1025, 496, 4, '2017-06-12', '10:19:29', 6, 1),
(1026, 500, 4, '2017-06-12', '10:26:38', 1, 0),
(1027, 500, 4, '2017-06-12', '10:26:43', 6, 1),
(1028, 501, 4, '2017-06-12', '10:29:19', 1, 0),
(1029, 502, 4, '2017-06-12', '10:29:19', 1, 0),
(1030, 502, 4, '2017-06-12', '10:30:28', 6, 1),
(1031, 501, 4, '2017-06-12', '10:30:30', 6, 1),
(1032, 503, 4, '2017-06-12', '10:33:15', 1, 0),
(1033, 504, 4, '2017-06-12', '10:33:15', 1, 0),
(1034, 504, 4, '2017-06-12', '10:50:57', 6, 1),
(1035, 503, 4, '2017-06-12', '10:50:59', 6, 1),
(1036, 454, 4, '2017-06-13', '07:19:17', 3, 0),
(1037, 455, 4, '2017-06-13', '07:46:59', 3, 0),
(1038, 452, 4, '2017-06-13', '07:48:55', 3, 0),
(1039, 453, 4, '2017-06-13', '07:49:10', 4, 1),
(1040, 454, 4, '2017-06-13', '07:49:12', 4, 1),
(1041, 455, 4, '2017-06-13', '07:49:15', 4, 1),
(1042, 452, 4, '2017-06-13', '07:49:18', 4, 1),
(1043, 451, 4, '2017-06-13', '07:52:04', 4, 1),
(1044, 450, 4, '2017-06-13', '07:53:37', 4, 1),
(1045, 449, 4, '2017-06-13', '07:55:32', 4, 1),
(1046, 385, 4, '2017-06-13', '07:58:18', 4, 1),
(1047, 383, 4, '2017-06-13', '08:03:58', 4, 1),
(1048, 382, 4, '2017-06-13', '08:04:01', 4, 1),
(1049, 384, 4, '2017-06-13', '08:04:25', 4, 1),
(1050, 448, 4, '2017-06-13', '08:07:54', 4, 1),
(1051, 505, 4, '2017-06-13', '08:10:42', 1, 0),
(1052, 505, 4, '2017-06-13', '08:12:39', 4, 1),
(1053, 506, 4, '2017-06-13', '08:19:20', 1, 0),
(1054, 506, 4, '2017-06-13', '08:19:25', 4, 1),
(1055, 507, 4, '2017-06-13', '08:24:20', 1, 0),
(1056, 507, 4, '2017-06-13', '08:24:32', 4, 1),
(1057, 508, 4, '2017-06-13', '08:27:25', 1, 0),
(1058, 509, 4, '2017-06-13', '08:27:25', 1, 0),
(1059, 508, 4, '2017-06-13', '08:27:33', 4, 1),
(1060, 509, 4, '2017-06-13', '08:30:21', 4, 1),
(1061, 510, 4, '2017-06-13', '08:32:49', 1, 0),
(1062, 511, 4, '2017-06-13', '08:32:49', 1, 0),
(1063, 511, 4, '2017-06-13', '08:34:20', 6, 0),
(1064, 510, 4, '2017-06-13', '08:34:21', 4, 1),
(1065, 511, 4, '2017-06-13', '08:34:23', 4, 1),
(1066, 512, 4, '2017-06-15', '10:28:25', 1, 0),
(1067, 513, 4, '2017-06-15', '10:28:25', 1, 0),
(1068, 514, 4, '2017-06-15', '10:28:25', 1, 0),
(1069, 515, 4, '2017-06-15', '10:31:57', 1, 0),
(1070, 516, 4, '2017-06-15', '10:31:57', 1, 0),
(1071, 517, 4, '2017-06-15', '10:33:45', 1, 0),
(1072, 518, 4, '2017-06-15', '10:33:45', 1, 0),
(1073, 519, 4, '2017-06-15', '10:36:55', 1, 0),
(1074, 520, 4, '2017-06-15', '10:36:55', 1, 0),
(1075, 521, 4, '2017-06-15', '10:36:55', 1, 0),
(1076, 466, 4, '2017-06-19', '11:09:42', 3, 1),
(1077, 465, 4, '2017-06-19', '11:11:18', 3, 1),
(1078, 464, 4, '2017-06-19', '11:15:33', 3, 1),
(1079, 463, 4, '2017-06-19', '11:17:25', 5, 0),
(1080, 463, 4, '2017-06-19', '11:17:33', 3, 1),
(1081, 462, 4, '2017-06-19', '11:19:17', 3, 1),
(1082, 461, 4, '2017-06-19', '11:20:43', 3, 1),
(1083, 460, 4, '2017-06-19', '11:22:22', 3, 1),
(1084, 459, 4, '2017-06-19', '11:25:05', 3, 1),
(1085, 458, 4, '2017-06-19', '11:26:47', 3, 1),
(1086, 457, 4, '2017-06-19', '11:28:31', 3, 1),
(1087, 456, 4, '2017-06-19', '11:29:55', 3, 1),
(1088, 522, 4, '2017-06-19', '11:32:44', 1, 0),
(1089, 523, 4, '2017-06-19', '11:32:44', 1, 0),
(1090, 522, 4, '2017-06-19', '11:33:42', 3, 1),
(1091, 523, 4, '2017-06-19', '11:33:44', 3, 1),
(1092, 524, 4, '2017-06-19', '11:35:56', 1, 0),
(1093, 525, 4, '2017-06-19', '11:35:57', 1, 0),
(1094, 525, 4, '2017-06-19', '11:37:22', 3, 1),
(1095, 524, 4, '2017-06-19', '11:37:25', 3, 1),
(1096, 526, 4, '2017-06-19', '11:39:47', 1, 0),
(1097, 526, 4, '2017-06-19', '11:39:51', 3, 1),
(1098, 527, 4, '2017-06-19', '11:41:29', 1, 0),
(1099, 527, 4, '2017-06-19', '11:41:33', 3, 1),
(1100, 528, 4, '2017-06-19', '11:44:01', 1, 0),
(1101, 529, 4, '2017-06-19', '11:44:02', 1, 0),
(1102, 528, 4, '2017-06-19', '11:44:53', 3, 1),
(1103, 529, 4, '2017-06-19', '11:44:58', 5, 0),
(1104, 529, 4, '2017-06-19', '11:45:10', 4, 0),
(1105, 529, 4, '2017-06-19', '11:45:25', 3, 1),
(1106, 106, 4, '2017-06-19', '12:03:07', 6, 1),
(1107, 105, 4, '2017-06-19', '12:03:08', 6, 1),
(1108, 102, 4, '2017-06-19', '12:03:12', 6, 1),
(1109, 104, 4, '2017-06-19', '12:03:16', 6, 1),
(1110, 101, 4, '2017-06-19', '12:03:19', 6, 1),
(1111, 100, 4, '2017-06-19', '12:03:26', 6, 1),
(1112, 99, 4, '2017-06-19', '12:03:27', 6, 1),
(1113, 97, 4, '2017-06-19', '12:03:31', 6, 1),
(1114, 98, 4, '2017-06-19', '12:03:33', 6, 1),
(1115, 96, 4, '2017-06-19', '12:03:40', 6, 1),
(1116, 95, 4, '2017-06-19', '12:03:42', 6, 1),
(1117, 94, 4, '2017-06-19', '12:03:44', 6, 1),
(1118, 93, 4, '2017-06-19', '12:03:45', 6, 1),
(1119, 92, 4, '2017-06-19', '12:03:48', 6, 1),
(1120, 89, 4, '2017-06-19', '12:03:55', 6, 1),
(1121, 88, 4, '2017-06-19', '12:03:57', 6, 1),
(1122, 87, 4, '2017-06-19', '12:03:59', 6, 1),
(1123, 86, 4, '2017-06-19', '12:04:00', 6, 1),
(1124, 90, 4, '2017-06-19', '12:04:10', 6, 1),
(1125, 126, 4, '2017-06-19', '12:05:34', 6, 1),
(1126, 85, 4, '2017-06-19', '12:05:51', 6, 1),
(1127, 84, 4, '2017-06-19', '12:05:52', 6, 1),
(1128, 82, 4, '2017-06-19', '12:05:57', 6, 1),
(1129, 80, 4, '2017-06-19', '12:06:01', 6, 1),
(1130, 79, 4, '2017-06-19', '12:06:03', 6, 1),
(1131, 78, 4, '2017-06-19', '12:06:03', 6, 1),
(1132, 75, 4, '2017-06-19', '12:06:07', 6, 1),
(1133, 77, 4, '2017-06-19', '12:06:16', 6, 1),
(1134, 76, 4, '2017-06-19', '12:06:17', 6, 1),
(1135, 74, 4, '2017-06-19', '12:06:27', 6, 1),
(1136, 73, 4, '2017-06-19', '12:06:27', 6, 1),
(1137, 72, 4, '2017-06-19', '12:06:48', 6, 1),
(1138, 70, 4, '2017-06-19', '12:06:51', 6, 1),
(1139, 69, 4, '2017-06-19', '12:06:58', 6, 1),
(1140, 68, 4, '2017-06-19', '12:07:01', 6, 1),
(1141, 66, 4, '2017-06-19', '12:07:04', 6, 1),
(1142, 67, 4, '2017-06-19', '12:07:08', 6, 1),
(1143, 48, 4, '2017-06-19', '12:07:45', 6, 1),
(1144, 46, 4, '2017-06-19', '12:07:48', 6, 1),
(1145, 47, 4, '2017-06-19', '12:07:51', 6, 1),
(1146, 44, 4, '2017-06-19', '12:07:53', 6, 1),
(1147, 45, 4, '2017-06-19', '12:07:56', 6, 1),
(1148, 43, 4, '2017-06-19', '12:08:00', 6, 1),
(1149, 42, 4, '2017-06-19', '12:08:03', 6, 1),
(1150, 39, 4, '2017-06-19', '12:08:06', 6, 1),
(1151, 38, 4, '2017-06-19', '12:08:09', 6, 1),
(1152, 41, 4, '2017-06-19', '12:08:12', 6, 1),
(1153, 37, 4, '2017-06-19', '12:08:15', 6, 1),
(1154, 36, 4, '2017-06-19', '12:08:19', 6, 1),
(1155, 35, 4, '2017-06-19', '12:08:30', 6, 1),
(1156, 33, 4, '2017-06-19', '12:08:33', 6, 1),
(1157, 32, 4, '2017-06-19', '12:08:41', 6, 1),
(1158, 29, 4, '2017-06-19', '12:08:47', 6, 1),
(1159, 28, 4, '2017-06-19', '12:08:48', 6, 1),
(1160, 30, 4, '2017-06-19', '12:08:50', 6, 1),
(1161, 31, 4, '2017-06-19', '12:08:52', 6, 1),
(1162, 530, 4, '2017-06-26', '07:54:46', 1, 0),
(1163, 531, 4, '2017-06-26', '07:54:46', 1, 0),
(1164, 532, 4, '2017-06-26', '07:54:46', 1, 0),
(1165, 533, 4, '2017-06-26', '08:01:44', 1, 0),
(1166, 534, 4, '2017-06-26', '08:01:45', 1, 0),
(1167, 535, 4, '2017-06-26', '08:01:45', 1, 0),
(1168, 536, 4, '2017-06-26', '08:01:47', 1, 0),
(1169, 537, 4, '2017-06-26', '08:01:47', 1, 0),
(1170, 538, 4, '2017-06-26', '08:11:39', 1, 0),
(1171, 539, 4, '2017-06-26', '08:11:48', 1, 0),
(1172, 540, 4, '2017-06-26', '08:11:49', 1, 0),
(1173, 520, 4, '2017-06-26', '10:10:11', 3, 1),
(1174, 521, 4, '2017-06-26', '10:12:14', 3, 1),
(1175, 519, 4, '2017-06-26', '10:13:32', 3, 1),
(1176, 518, 4, '2017-06-26', '10:18:11', 3, 1),
(1177, 517, 4, '2017-06-26', '10:18:14', 3, 1),
(1178, 516, 4, '2017-06-26', '10:23:31', 3, 1),
(1179, 515, 4, '2017-06-26', '10:25:22', 3, 1),
(1180, 514, 4, '2017-06-26', '10:30:08', 3, 1),
(1181, 513, 4, '2017-06-26', '10:30:11', 3, 1);
INSERT INTO `movimientos` (`id`, `id_contenedor`, `id_usuario`, `fecha`, `hora`, `id_estado`, `activo`) VALUES
(1182, 512, 4, '2017-06-26', '10:31:19', 3, 1),
(1183, 541, 4, '2017-06-26', '10:33:31', 1, 0),
(1184, 542, 4, '2017-06-26', '10:33:32', 1, 0),
(1185, 542, 4, '2017-06-26', '10:35:36', 5, 1),
(1186, 542, 4, '2017-06-26', '10:35:36', 3, 1),
(1187, 541, 4, '2017-06-26', '10:36:46', 3, 1),
(1188, 543, 4, '2017-06-26', '10:38:43', 1, 0),
(1189, 543, 4, '2017-06-26', '10:38:47', 3, 1),
(1190, 544, 4, '2017-06-26', '11:02:02', 1, 0),
(1191, 545, 4, '2017-06-26', '11:02:02', 1, 0),
(1192, 545, 4, '2017-06-26', '11:03:10', 3, 1),
(1193, 544, 4, '2017-06-26', '11:03:13', 3, 1),
(1194, 546, 4, '2017-06-26', '11:05:59', 1, 0),
(1195, 547, 4, '2017-06-26', '11:05:59', 1, 0),
(1196, 546, 4, '2017-06-26', '11:08:42', 3, 1),
(1197, 547, 4, '2017-06-26', '11:08:44', 3, 1),
(1198, 548, 4, '2017-06-26', '11:10:53', 1, 0),
(1199, 549, 4, '2017-06-26', '11:10:53', 1, 0),
(1200, 549, 4, '2017-06-26', '11:12:08', 3, 1),
(1201, 548, 4, '2017-06-26', '11:12:11', 3, 1),
(1202, 550, 4, '2017-06-30', '09:10:44', 1, 1),
(1203, 551, 4, '2017-06-30', '09:10:45', 1, 0),
(1204, 552, 4, '2017-06-30', '09:13:44', 1, 0),
(1205, 553, 4, '2017-06-30', '09:16:13', 1, 0),
(1206, 554, 4, '2017-06-30', '09:18:20', 1, 0),
(1207, 555, 4, '2017-06-30', '09:18:21', 1, 0),
(1208, 556, 4, '2017-06-30', '09:18:21', 1, 0),
(1209, 557, 4, '2017-06-30', '09:24:20', 1, 0),
(1210, 558, 4, '2017-06-30', '09:24:20', 1, 0),
(1211, 559, 4, '2017-06-30', '09:27:19', 1, 0),
(1212, 560, 4, '2017-06-30', '09:27:19', 1, 0),
(1213, 530, 4, '2017-07-03', '10:35:08', 3, 1),
(1214, 539, 4, '2017-07-03', '10:36:50', 3, 1),
(1215, 538, 4, '2017-07-03', '10:38:23', 3, 1),
(1216, 536, 4, '2017-07-03', '10:42:12', 3, 1),
(1217, 535, 4, '2017-07-03', '10:47:58', 3, 1),
(1218, 533, 4, '2017-07-03', '11:05:10', 3, 1),
(1219, 532, 4, '2017-07-03', '11:08:23', 3, 1),
(1220, 534, 4, '2017-07-03', '11:10:36', 3, 1),
(1221, 537, 4, '2017-07-03', '11:10:39', 3, 1),
(1222, 531, 4, '2017-07-03', '11:10:42', 3, 1),
(1223, 540, 4, '2017-07-03', '11:13:15', 3, 1),
(1224, 561, 4, '2017-07-03', '11:18:06', 1, 0),
(1225, 562, 4, '2017-07-03', '11:22:43', 1, 0),
(1226, 561, 4, '2017-07-03', '11:24:09', 3, 1),
(1227, 562, 4, '2017-07-03', '11:24:11', 3, 1),
(1228, 563, 4, '2017-07-03', '11:27:00', 1, 0),
(1229, 564, 4, '2017-07-03', '11:27:01', 1, 0),
(1230, 564, 4, '2017-07-03', '11:28:30', 3, 1),
(1231, 563, 4, '2017-07-03', '11:28:33', 3, 1),
(1232, 565, 4, '2017-07-03', '11:31:51', 1, 0),
(1233, 566, 4, '2017-07-03', '11:31:51', 1, 0),
(1234, 565, 4, '2017-07-03', '11:33:47', 3, 1),
(1235, 566, 4, '2017-07-03', '11:33:50', 3, 1),
(1236, 567, 4, '2017-07-03', '11:36:01', 1, 0),
(1237, 568, 4, '2017-07-03', '11:36:10', 1, 1),
(1238, 567, 4, '2017-07-03', '11:36:27', 3, 1),
(1239, 569, 4, '2017-07-10', '07:27:52', 1, 0),
(1240, 570, 4, '2017-07-10', '07:29:01', 1, 0),
(1241, 571, 4, '2017-07-10', '07:34:37', 1, 0),
(1242, 572, 4, '2017-07-10', '07:34:37', 1, 0),
(1243, 573, 4, '2017-07-10', '07:37:15', 1, 0),
(1244, 574, 4, '2017-07-10', '07:37:15', 1, 0),
(1245, 575, 4, '2017-07-10', '07:42:38', 1, 0),
(1246, 576, 4, '2017-07-10', '07:44:13', 1, 0),
(1247, 577, 4, '2017-07-10', '07:44:13', 1, 0),
(1248, 578, 4, '2017-07-10', '07:47:38', 1, 0),
(1249, 577, 4, '2017-07-10', '07:56:26', 2, 0),
(1250, 576, 4, '2017-07-10', '07:56:29', 2, 0),
(1251, 575, 4, '2017-07-10', '07:56:31', 2, 0),
(1252, 578, 4, '2017-07-10', '07:56:34', 2, 0),
(1253, 569, 4, '2017-07-10', '07:56:37', 2, 0),
(1254, 570, 4, '2017-07-10', '07:56:41', 2, 0),
(1255, 573, 4, '2017-07-10', '07:56:43', 2, 0),
(1256, 574, 4, '2017-07-10', '07:56:47', 2, 0),
(1257, 572, 4, '2017-07-10', '07:56:50', 2, 0),
(1258, 571, 4, '2017-07-10', '07:56:53', 2, 0),
(1259, 560, 4, '2017-07-10', '08:29:25', 3, 1),
(1260, 558, 4, '2017-07-10', '09:03:46', 3, 1),
(1261, 557, 4, '2017-07-10', '09:05:07', 4, 0),
(1262, 557, 4, '2017-07-10', '09:05:09', 3, 1),
(1263, 552, 4, '2017-07-10', '09:07:47', 3, 1),
(1264, 551, 4, '2017-07-10', '09:13:41', 3, 1),
(1265, 559, 4, '2017-07-10', '09:19:12', 3, 1),
(1266, 556, 4, '2017-07-10', '09:19:47', 3, 1),
(1267, 555, 4, '2017-07-10', '09:25:41', 3, 1),
(1268, 554, 4, '2017-07-10', '09:28:51', 3, 1),
(1269, 553, 4, '2017-07-10', '09:31:49', 3, 1),
(1270, 579, 4, '2017-07-10', '09:44:27', 1, 0),
(1271, 580, 4, '2017-07-10', '09:44:27', 1, 0),
(1272, 581, 4, '2017-07-10', '09:44:27', 1, 0),
(1273, 580, 4, '2017-07-10', '09:47:04', 3, 1),
(1274, 579, 4, '2017-07-10', '09:47:08', 3, 1),
(1275, 581, 4, '2017-07-10', '09:47:56', 3, 1),
(1276, 582, 4, '2017-07-10', '09:53:21', 1, 0),
(1277, 583, 4, '2017-07-10', '09:53:22', 1, 0),
(1278, 584, 4, '2017-07-10', '09:53:22', 1, 0),
(1279, 583, 4, '2017-07-10', '09:55:49', 3, 1),
(1280, 582, 4, '2017-07-10', '09:55:53', 3, 1),
(1281, 584, 4, '2017-07-10', '09:56:26', 3, 1),
(1282, 585, 4, '2017-07-10', '09:59:05', 1, 0),
(1283, 586, 4, '2017-07-10', '09:59:05', 1, 0),
(1284, 585, 4, '2017-07-10', '10:00:34', 3, 1),
(1285, 586, 4, '2017-07-10', '10:00:38', 3, 1),
(1286, 587, 4, '2017-07-10', '10:02:49', 1, 0),
(1287, 587, 4, '2017-07-10', '10:02:52', 3, 1),
(1288, 588, 4, '2017-07-10', '10:05:40', 1, 0),
(1289, 589, 4, '2017-07-10', '10:05:40', 1, 0),
(1290, 589, 4, '2017-07-10', '10:08:54', 3, 1),
(1291, 588, 4, '2017-07-10', '10:09:13', 3, 1),
(1292, 590, 4, '2017-07-14', '07:21:16', 1, 0),
(1293, 591, 4, '2017-07-14', '07:21:17', 1, 0),
(1294, 590, 4, '2017-07-14', '07:21:44', 2, 0),
(1295, 591, 4, '2017-07-14', '07:21:48', 2, 0),
(1296, 592, 4, '2017-07-14', '07:30:08', 1, 0),
(1297, 593, 4, '2017-07-14', '07:30:08', 1, 0),
(1298, 594, 4, '2017-07-14', '07:32:30', 1, 0),
(1299, 595, 4, '2017-07-14', '07:32:30', 1, 0),
(1300, 596, 4, '2017-07-14', '07:32:30', 1, 0),
(1301, 594, 4, '2017-07-14', '07:33:09', 2, 0),
(1302, 592, 4, '2017-07-14', '07:33:12', 2, 0),
(1303, 593, 4, '2017-07-14', '07:33:14', 2, 0),
(1304, 595, 4, '2017-07-14', '07:35:53', 2, 0),
(1305, 596, 4, '2017-07-14', '07:35:55', 2, 0),
(1306, 597, 4, '2017-07-14', '07:39:10', 1, 0),
(1307, 598, 4, '2017-07-14', '07:39:10', 1, 0),
(1308, 599, 4, '2017-07-14', '07:39:10', 1, 0),
(1309, 599, 4, '2017-07-14', '07:40:45', 2, 0),
(1310, 598, 4, '2017-07-14', '07:40:49', 2, 0),
(1311, 597, 4, '2017-07-14', '07:40:51', 2, 0),
(1312, 600, 4, '2017-07-14', '07:42:39', 1, 0),
(1313, 600, 4, '2017-07-14', '07:42:54', 2, 0),
(1314, 571, 4, '2017-07-17', '12:11:51', 3, 1),
(1315, 570, 4, '2017-07-17', '12:13:58', 3, 1),
(1316, 573, 4, '2017-07-17', '12:15:56', 3, 1),
(1317, 574, 4, '2017-07-17', '12:17:47', 3, 1),
(1318, 572, 4, '2017-07-17', '12:18:31', 3, 1),
(1319, 577, 4, '2017-07-17', '12:29:29', 3, 1),
(1320, 569, 4, '2017-07-17', '12:30:51', 3, 1),
(1321, 576, 4, '2017-07-17', '12:31:56', 3, 1),
(1322, 578, 4, '2017-07-17', '12:31:58', 3, 1),
(1323, 575, 4, '2017-07-17', '12:33:20', 3, 1),
(1324, 601, 4, '2017-07-17', '12:39:59', 1, 0),
(1325, 601, 4, '2017-07-17', '12:40:12', 3, 1),
(1326, 602, 4, '2017-07-17', '12:48:29', 1, 0),
(1327, 603, 4, '2017-07-17', '12:48:29', 1, 0),
(1328, 603, 4, '2017-07-17', '12:49:55', 3, 1),
(1329, 604, 4, '2017-07-17', '12:52:06', 1, 0),
(1330, 605, 4, '2017-07-17', '12:52:06', 1, 0),
(1331, 602, 4, '2017-07-17', '12:52:14', 3, 1),
(1332, 605, 4, '2017-07-17', '12:53:25', 3, 1),
(1333, 604, 4, '2017-07-17', '12:53:28', 3, 1),
(1334, 606, 4, '2017-07-17', '12:55:26', 1, 0),
(1335, 607, 4, '2017-07-17', '12:57:30', 1, 0),
(1336, 608, 4, '2017-07-17', '12:57:30', 1, 0),
(1337, 606, 4, '2017-07-17', '12:59:26', 3, 1),
(1338, 608, 4, '2017-07-17', '12:59:28', 3, 1),
(1339, 607, 4, '2017-07-17', '12:59:56', 3, 1),
(1340, 609, 4, '2017-07-21', '08:50:12', 1, 0),
(1341, 610, 4, '2017-07-21', '08:52:03', 1, 0),
(1342, 611, 4, '2017-07-21', '08:57:29', 1, 0),
(1343, 612, 4, '2017-07-21', '08:57:30', 1, 0),
(1344, 613, 4, '2017-07-21', '08:57:30', 1, 0),
(1345, 614, 4, '2017-07-21', '09:00:51', 1, 0),
(1346, 615, 4, '2017-07-21', '09:03:36', 1, 1),
(1347, 616, 4, '2017-07-21', '09:03:36', 1, 1),
(1348, 617, 4, '2017-07-21', '09:03:36', 1, 0),
(1349, 618, 4, '2017-07-21', '09:03:38', 1, 0),
(1350, 619, 4, '2017-07-21', '09:03:38', 1, 0),
(1351, 620, 4, '2017-07-21', '09:03:39', 1, 0),
(1352, 621, 4, '2017-07-21', '09:03:39', 1, 0),
(1353, 599, 4, '2017-07-24', '07:55:39', 3, 0),
(1354, 598, 4, '2017-07-24', '07:56:45', 3, 1),
(1355, 597, 4, '2017-07-24', '08:02:11', 3, 1),
(1356, 590, 4, '2017-07-24', '08:03:52', 3, 1),
(1357, 596, 4, '2017-07-24', '08:07:39', 3, 1),
(1358, 595, 4, '2017-07-24', '08:08:43', 3, 1),
(1359, 591, 4, '2017-07-24', '08:09:48', 3, 1),
(1360, 592, 4, '2017-07-24', '08:10:46', 3, 1),
(1361, 593, 4, '2017-07-24', '08:11:43', 3, 1),
(1362, 594, 4, '2017-07-24', '08:12:28', 3, 1),
(1363, 622, 4, '2017-07-24', '08:17:20', 1, 0),
(1364, 623, 4, '2017-07-24', '08:17:20', 1, 0),
(1365, 624, 4, '2017-07-24', '08:17:21', 1, 0),
(1366, 622, 4, '2017-07-24', '08:17:28', 3, 1),
(1367, 623, 4, '2017-07-24', '08:18:15', 3, 1),
(1368, 624, 4, '2017-07-24', '08:18:51', 3, 1),
(1369, 625, 4, '2017-07-24', '08:21:26', 1, 0),
(1370, 626, 4, '2017-07-24', '08:21:27', 1, 0),
(1371, 626, 4, '2017-07-24', '08:22:12', 3, 1),
(1372, 625, 4, '2017-07-24', '08:22:16', 3, 1),
(1373, 627, 4, '2017-07-24', '08:24:39', 1, 0),
(1374, 627, 4, '2017-07-24', '08:24:44', 3, 1),
(1375, 628, 4, '2017-07-24', '08:26:49', 1, 0),
(1376, 629, 4, '2017-07-24', '08:26:49', 1, 0),
(1377, 628, 4, '2017-07-24', '08:26:54', 3, 1),
(1378, 629, 4, '2017-07-24', '08:28:32', 3, 1),
(1379, 600, 4, '2017-07-24', '08:28:37', 3, 1),
(1380, 630, 4, '2017-07-26', '08:34:23', 1, 0),
(1381, 631, 4, '2017-07-26', '08:34:23', 1, 0),
(1382, 632, 4, '2017-07-26', '08:37:02', 1, 0),
(1383, 633, 4, '2017-07-26', '08:38:32', 1, 0),
(1384, 634, 4, '2017-07-26', '08:38:32', 1, 0),
(1385, 635, 4, '2017-07-26', '08:41:44', 1, 0),
(1386, 636, 4, '2017-07-26', '08:41:44', 1, 1),
(1387, 599, 2, '2017-07-27', '08:36:10', 7, 0),
(1388, 599, 2, '2017-07-27', '08:36:46', 5, 1),
(1389, 637, 4, '2017-07-27', '12:23:52', 1, 0),
(1390, 638, 4, '2017-07-27', '12:23:52', 1, 0),
(1391, 639, 4, '2017-07-27', '12:23:53', 1, 0),
(1392, 640, 4, '2017-07-27', '12:23:53', 1, 0),
(1393, 641, 4, '2017-07-27', '12:41:57', 1, 0),
(1394, 642, 4, '2017-07-27', '12:41:58', 1, 0),
(1395, 643, 4, '2017-07-27', '12:41:58', 1, 0),
(1396, 645, 4, '2017-07-31', '07:42:08', 1, 0),
(1397, 644, 4, '2017-07-31', '07:42:08', 1, 0),
(1398, 646, 4, '2017-07-31', '08:02:09', 1, 0),
(1399, 647, 4, '2017-07-31', '08:02:09', 1, 0),
(1400, 648, 4, '2017-08-01', '10:55:43', 1, 0),
(1401, 649, 4, '2017-08-01', '10:56:47', 1, 0),
(1402, 650, 4, '2017-08-01', '10:57:37', 1, 0),
(1403, 651, 4, '2017-08-01', '10:58:59', 1, 0),
(1404, 652, 4, '2017-08-01', '10:59:36', 1, 0),
(1405, 653, 4, '2017-08-01', '11:00:48', 1, 0),
(1406, 654, 4, '2017-08-07', '09:08:10', 1, 0),
(1407, 655, 4, '2017-08-07', '09:10:59', 1, 0),
(1408, 656, 4, '2017-08-10', '08:27:18', 1, 1),
(1409, 657, 4, '2017-08-10', '08:28:46', 1, 1),
(1410, 658, 4, '2017-08-10', '08:44:35', 1, 1),
(1411, 659, 4, '2017-08-10', '09:33:58', 1, 1),
(1412, 660, 4, '2017-08-10', '09:35:18', 1, 1),
(1413, 661, 4, '2017-08-10', '09:37:17', 1, 1),
(1414, 662, 4, '2017-08-10', '09:38:28', 1, 1),
(1415, 663, 4, '2017-08-10', '09:39:37', 1, 1),
(1416, 664, 4, '2017-08-10', '09:42:35', 1, 1),
(1417, 665, 4, '2017-08-10', '09:43:37', 1, 1),
(1418, 666, 4, '2017-08-10', '09:44:43', 1, 1),
(1419, 667, 4, '2017-08-10', '09:46:52', 1, 1),
(1420, 668, 4, '2017-08-10', '10:03:16', 1, 1),
(1421, 669, 4, '2017-08-10', '10:04:25', 1, 1),
(1422, 670, 4, '2017-08-10', '10:06:01', 1, 1),
(1423, 671, 4, '2017-08-10', '10:07:14', 1, 1),
(1424, 672, 4, '2017-08-10', '10:08:38', 1, 1),
(1425, 673, 4, '2017-08-10', '10:10:31', 1, 1),
(1426, 674, 4, '2017-08-10', '10:11:22', 1, 1),
(1427, 644, 2, '2017-08-18', '16:57:46', 2, 0),
(1428, 619, 2, '2017-08-21', '09:01:57', 3, 1),
(1429, 620, 2, '2017-08-21', '09:02:25', 3, 1),
(1430, 618, 2, '2017-08-21', '09:02:49', 3, 1),
(1431, 610, 2, '2017-08-21', '09:03:32', 3, 1),
(1432, 621, 2, '2017-08-21', '09:04:02', 3, 1),
(1433, 617, 2, '2017-08-21', '09:04:44', 3, 1),
(1434, 609, 2, '2017-08-21', '09:05:26', 3, 1),
(1435, 614, 2, '2017-08-21', '09:06:15', 3, 1),
(1436, 613, 2, '2017-08-21', '09:07:10', 3, 1),
(1437, 612, 2, '2017-08-21', '09:07:43', 3, 1),
(1438, 611, 2, '2017-08-21', '09:08:33', 3, 1),
(1439, 633, 2, '2017-08-21', '09:10:36', 3, 1),
(1440, 631, 2, '2017-08-21', '09:14:07', 3, 1),
(1441, 630, 2, '2017-08-21', '09:14:47', 3, 1),
(1442, 632, 2, '2017-08-21', '09:15:28', 3, 1),
(1443, 675, 4, '2017-08-21', '09:17:45', 1, 0),
(1444, 676, 4, '2017-08-21', '09:19:55', 1, 0),
(1445, 634, 2, '2017-08-21', '09:21:48', 3, 1),
(1446, 635, 2, '2017-08-21', '09:22:30', 3, 1),
(1447, 677, 4, '2017-08-21', '09:23:07', 1, 0),
(1448, 678, 4, '2017-08-21', '09:25:03', 1, 0),
(1449, 679, 4, '2017-08-21', '09:28:45', 1, 0),
(1450, 680, 4, '2017-08-21', '09:31:40', 1, 0),
(1451, 681, 4, '2017-08-21', '09:34:54', 1, 0),
(1452, 682, 4, '2017-08-21', '09:37:21', 1, 0),
(1453, 683, 4, '2017-08-21', '09:39:30', 1, 0),
(1454, 684, 4, '2017-08-21', '10:10:04', 1, 0),
(1455, 685, 4, '2017-08-21', '10:23:02', 1, 0),
(1456, 686, 4, '2017-08-21', '10:26:03', 1, 0),
(1457, 687, 4, '2017-08-21', '10:30:30', 1, 0),
(1458, 688, 4, '2017-08-21', '10:32:41', 1, 0),
(1459, 689, 4, '2017-08-21', '10:35:23', 1, 0),
(1460, 690, 4, '2017-08-21', '10:46:51', 1, 0),
(1461, 691, 4, '2017-08-21', '10:49:10', 1, 0),
(1462, 692, 4, '2017-08-21', '10:53:43', 1, 0),
(1463, 693, 4, '2017-08-21', '10:56:37', 1, 0),
(1464, 694, 4, '2017-08-21', '10:58:11', 1, 1),
(1465, 675, 2, '2017-08-24', '11:54:35', 3, 1),
(1466, 676, 2, '2017-08-24', '11:55:08', 3, 1),
(1467, 677, 2, '2017-08-24', '11:57:16', 3, 1),
(1468, 678, 2, '2017-08-24', '11:58:05', 3, 1),
(1469, 679, 2, '2017-08-24', '11:58:49', 3, 1),
(1470, 680, 2, '2017-08-24', '11:59:10', 3, 1),
(1471, 684, 2, '2017-08-24', '12:15:51', 3, 1),
(1472, 683, 2, '2017-08-24', '12:16:25', 3, 1),
(1473, 682, 2, '2017-08-24', '12:16:55', 3, 1),
(1474, 681, 2, '2017-08-24', '12:17:48', 3, 1),
(1475, 688, 2, '2017-08-24', '12:18:37', 3, 1),
(1476, 687, 2, '2017-08-24', '12:19:11', 3, 1),
(1477, 686, 2, '2017-08-24', '12:19:53', 3, 1),
(1478, 685, 2, '2017-08-24', '12:22:19', 3, 1),
(1479, 689, 2, '2017-08-24', '12:22:45', 3, 1),
(1480, 690, 2, '2017-08-24', '12:23:15', 3, 1),
(1481, 691, 2, '2017-08-24', '12:24:53', 3, 1),
(1482, 692, 2, '2017-08-24', '12:25:17', 3, 1),
(1483, 693, 2, '2017-08-24', '12:26:00', 3, 1),
(1484, 695, 4, '2017-08-26', '09:26:15', 1, 0),
(1485, 696, 4, '2017-08-26', '09:29:30', 1, 1),
(1486, 697, 4, '2017-08-26', '09:30:48', 1, 1),
(1487, 698, 4, '2017-08-26', '09:32:07', 1, 1),
(1488, 699, 4, '2017-08-26', '09:35:32', 1, 1),
(1489, 700, 4, '2017-08-26', '09:39:26', 1, 1),
(1490, 701, 4, '2017-08-26', '10:00:19', 1, 1),
(1491, 702, 4, '2017-08-26', '10:01:32', 1, 1),
(1492, 703, 4, '2017-08-26', '10:03:47', 1, 1),
(1493, 704, 4, '2017-08-26', '10:05:49', 1, 1),
(1494, 705, 4, '2017-08-26', '10:09:50', 1, 1),
(1495, 706, 4, '2017-08-26', '10:11:27', 1, 1),
(1496, 707, 4, '2017-08-26', '10:12:25', 1, 1),
(1497, 708, 4, '2017-08-26', '10:13:46', 1, 1),
(1498, 642, 2, '2017-08-26', '10:48:28', 3, 1),
(1499, 643, 2, '2017-08-26', '10:48:55', 3, 1),
(1500, 645, 2, '2017-08-26', '10:58:58', 3, 1),
(1501, 647, 2, '2017-08-26', '11:01:05', 3, 1),
(1502, 641, 2, '2017-08-26', '11:01:30', 3, 1),
(1503, 639, 2, '2017-08-26', '11:03:30', 3, 1),
(1504, 644, 2, '2017-08-26', '11:04:41', 3, 1),
(1505, 638, 2, '2017-08-26', '11:05:40', 3, 1),
(1506, 646, 2, '2017-08-26', '11:06:13', 3, 1),
(1507, 652, 2, '2017-08-26', '11:06:59', 3, 1),
(1508, 651, 2, '2017-08-26', '11:07:49', 3, 1),
(1509, 637, 2, '2017-08-26', '11:08:19', 3, 1),
(1510, 640, 2, '2017-08-26', '11:08:46', 3, 1),
(1511, 650, 2, '2017-08-26', '11:09:24', 3, 1),
(1512, 654, 2, '2017-08-26', '11:13:25', 3, 1),
(1513, 655, 2, '2017-08-26', '11:47:28', 3, 1),
(1514, 648, 2, '2017-08-26', '11:48:09', 3, 1),
(1515, 649, 2, '2017-08-26', '11:48:47', 3, 1),
(1516, 653, 2, '2017-08-26', '12:16:21', 3, 1),
(1517, 709, 4, '2017-08-28', '09:50:18', 1, 0),
(1518, 710, 4, '2017-08-28', '10:55:38', 1, 0),
(1519, 711, 4, '2017-08-28', '11:18:32', 1, 0),
(1520, 712, 4, '2017-08-28', '11:43:20', 1, 0),
(1521, 713, 4, '2017-08-28', '11:50:33', 1, 0),
(1522, 714, 4, '2017-08-28', '11:53:36', 1, 0),
(1523, 715, 4, '2017-08-28', '11:57:21', 1, 0),
(1524, 716, 4, '2017-08-28', '12:00:27', 1, 0),
(1525, 717, 4, '2017-08-28', '12:03:40', 1, 0),
(1526, 718, 4, '2017-08-28', '12:06:48', 1, 0),
(1527, 719, 4, '2017-08-28', '12:08:51', 1, 0),
(1528, 720, 4, '2017-08-28', '12:20:08', 1, 0),
(1529, 721, 4, '2017-08-28', '12:22:59', 1, 0),
(1530, 722, 4, '2017-08-28', '12:26:48', 1, 0),
(1531, 723, 4, '2017-08-28', '12:28:24', 1, 0),
(1532, 724, 4, '2017-08-28', '12:40:43', 1, 0),
(1533, 725, 4, '2017-08-28', '12:43:22', 1, 0),
(1534, 726, 4, '2017-08-28', '12:45:59', 1, 0),
(1535, 727, 4, '2017-08-28', '12:47:03', 1, 0),
(1536, 709, 2, '2017-08-29', '14:47:23', 3, 1),
(1537, 710, 2, '2017-08-29', '14:47:58', 3, 1),
(1538, 711, 2, '2017-08-29', '14:48:30', 3, 1),
(1539, 695, 2, '2017-08-29', '14:48:59', 3, 1),
(1540, 712, 2, '2017-08-29', '14:49:21', 3, 1),
(1541, 713, 2, '2017-08-29', '14:49:40', 3, 1),
(1542, 717, 2, '2017-08-29', '14:50:05', 3, 1),
(1543, 716, 2, '2017-08-29', '14:50:29', 3, 1),
(1544, 715, 2, '2017-08-29', '14:50:48', 3, 1),
(1545, 714, 2, '2017-08-29', '14:51:09', 3, 1),
(1546, 721, 2, '2017-08-29', '14:51:37', 3, 1),
(1547, 720, 2, '2017-08-29', '14:52:00', 3, 1),
(1548, 719, 2, '2017-08-29', '14:52:29', 3, 1),
(1549, 718, 2, '2017-08-29', '14:53:00', 3, 1),
(1550, 722, 2, '2017-08-29', '14:53:37', 3, 1),
(1551, 723, 2, '2017-08-29', '14:53:55', 3, 1),
(1552, 724, 2, '2017-08-29', '14:54:38', 3, 1),
(1553, 725, 2, '2017-08-29', '14:54:57', 3, 1),
(1554, 726, 2, '2017-08-29', '14:55:19', 3, 1),
(1555, 727, 2, '2017-08-29', '14:55:59', 3, 1);

-- --------------------------------------------------------

--
-- Estructura de tabla para la tabla `nave`
--

CREATE TABLE `nave` (
  `id` int(11) NOT NULL,
  `nombre` varchar(255) NOT NULL,
  `activo` tinyint(1) NOT NULL DEFAULT '1'
) ENGINE=InnoDB DEFAULT CHARSET=latin1;

--
-- Volcado de datos para la tabla `nave`
--

INSERT INTO `nave` (`id`, `nombre`, `activo`) VALUES
(1, 'MARINER', 1),
(3, 'LOMBOK STRAIT', 1),
(21, 'NORTHERN DEXTERITY', 1),
(22, 'HANSA MEERS BURG', 1),
(24, 'AEREO', 1),
(25, 'ALGOL', 1),
(26, 'ALIOTH', 1),
(27, 'ALM ZURICH', 1),
(28, 'AOTEA MAERSK', 1),
(29, 'ARKADIA', 1),
(30, 'AS FIORELLA', 1),
(31, 'ATLANTIC KLIPPER', 1),
(32, 'ATLANTIC REEFER', 1),
(33, 'AVELONA STAR', 1),
(34, 'AVILA STAR', 1),
(35, 'BALTHASAR SHULTE', 1),
(36, 'BALTIC KLIPPER', 1),
(37, 'BARBARA', 1),
(38, 'BELLA SHULTE', 1),
(39, 'BIRK', 1),
(40, 'BODO SHULTE', 1),
(41, 'BOMAR RESOLUTE', 1),
(42, 'CALLAO EXPRESS', 1),
(43, 'CAP DOUKATO', 1),
(44, 'CAP INES', 1),
(45, 'CAP ISABEL', 1),
(46, 'CAP PALLISER', 1),
(47, 'CAP PALMESTOR', 1),
(48, 'CAP PASLEY', 1),
(49, 'CAP PATTON', 1),
(50, 'CAP PORTLAND', 1),
(51, 'CAP SAN SOUNIO', 1),
(52, 'CAP SAN TAINARO', 1),
(53, 'CAP TALBOT', 1),
(54, 'CAPA', 1),
(55, 'CARDIFF TRADER', 1),
(56, 'CAROLINA STAR', 1),
(57, 'CARSTEN MAERSK', 1),
(58, 'CATHARINA SHULTER', 1),
(59, 'CERINTHUS', 1),
(60, 'CHOAPA TRADER', 1),
(61, 'CMA CGM AMERICA', 1),
(62, 'CMA CGM MISSISSIPPI', 1),
(63, 'CMA CGM SAMBHAR', 1),
(64, 'CNP ILO', 1),
(65, 'CNP PAITA', 1),
(66, 'CONTI ARABELLA', 1),
(67, 'CONTI SOLOME', 1),
(68, 'COSCO KOREA', 1),
(69, 'CREDO', 1),
(70, 'CSCL LONG BEACH', 1),
(71, 'DOLE CALIFORNIA', 1),
(72, 'DOLE COSTA RICA', 1),
(73, 'DOLE ECUADOR', 1),
(74, 'DOLE PACIFIC', 1),
(75, 'DOMINGO', 1),
(76, 'DUBLIAN EXPRESS', 1),
(77, 'DUNCAN ISLAND', 1),
(78, 'ELISABETH-S', 1),
(79, 'EM HYDRA', 1),
(80, 'EVER EXCEL', 1),
(81, 'EVER SAFETY', 1),
(82, 'EVER UBERTY', 1),
(83, 'EVER UNION', 1),
(84, 'EVER URANUS', 1),
(85, 'EVERGREEN LINE', 1),
(86, 'FIONA', 1),
(87, 'FRISIA ROTTERDAM', 1),
(88, 'GLASGLOW EXPRESS', 1),
(89, 'GLORIA', 1),
(90, 'HAMBURG SUDD', 1),
(91, 'HAMMONIA AMERICA', 1),
(92, 'HANNAH SHULTE', 1),
(93, 'HANSA ASIA', 1),
(94, 'HANSA AUSTRALIA', 1),
(95, 'HANSA BREMEN', 1),
(96, 'HANSA CLOPPENBURG', 1),
(97, 'HANSA EUROPE', 1),
(98, 'HANSA FLENSBURG', 1),
(99, 'HANSA FREYBURG', 1),
(100, 'HANSA MEERSBURG', 1),
(101, 'HANSA OLDERBUNG', 1),
(102, 'HELENE 5', 1),
(103, 'HELLAS REEFER', 1),
(104, 'HYUNDAI SPLENDOR', 1),
(105, 'ITAL LIRICA', 1),
(106, 'ITALIA REEFER', 1),
(107, 'JACK LONDON', 1),
(108, 'JAMILA', 1),
(109, 'JPO VELA', 1),
(110, 'JULES VERNE', 1),
(111, 'JULIANA', 1),
(112, 'KIEL TRADER', 1),
(113, 'KMARIN AQUA', 1),
(114, 'KMARIN AZUR', 1),
(115, 'KOTA LAHIR', 1),
(116, 'KOTA LATIF', 1),
(117, 'KOTA LAYANG', 1),
(118, 'KOTA LEGIT', 1),
(119, 'KOTA LUKIS', 1),
(120, 'LADY KORCULA', 1),
(121, 'LADY REEFER', 1),
(122, 'LIVERPOOL EXPRESS', 1),
(123, 'LUNA MAERSK', 1),
(124, 'LUZON STRAIT', 1),
(125, 'MAERSK ALFIRK', 1),
(126, 'MAERSK ANTARES', 1),
(127, 'MAERSK BINTAN', 1),
(128, 'MAERSK BOGOR', 1),
(129, 'MAERSK GAIRLOCH', 1),
(130, 'MAERSK GIRONDE', 1),
(131, 'MAERSK LA PAZ', 1),
(132, 'MAERSK LAUNCESTON', 1),
(133, 'MAERSK LOME', 1),
(134, 'MAERSK NEWHAVEN', 1),
(135, 'MAGARI', 1),
(136, 'MARIA - KATHARINE S', 1),
(137, 'MAX WONDER', 1),
(138, 'MEDOCEAN', 1),
(139, 'MERIDIAN', 1),
(140, 'MOL GRANDEUR', 1),
(141, 'MOL PARADISE', 1),
(142, 'MOL PRESTIGE', 1),
(143, 'MSC AGRIGENTO', 1),
(144, 'MSC ALGECIRAS', 1),
(145, 'MSC ANISHA R', 1),
(146, 'MSC ANZU', 1),
(147, 'MSC ARUSHI R', 1),
(148, 'MSC ATHENS', 1),
(149, 'MSC AZOV', 1),
(150, 'MSC BRANKA', 1),
(151, 'MSC BRUNELLA', 1),
(152, 'MSC CARMEN', 1),
(153, 'MSC CHLOE', 1),
(154, 'MSC DOMITELLE', 1),
(155, 'MSC DONATA', 1),
(156, 'MSC FLAVIA', 1),
(157, 'MSC JULIA R', 1),
(158, 'MSC KATRINA', 1),
(159, 'MSC KATYA R', 1),
(160, 'MSC KIM', 1),
(161, 'MSC LEANNE', 1),
(162, 'MSC LEIGHT', 1),
(163, 'MSC LORENA', 1),
(164, 'MSC LOS ANGELES', 1),
(165, 'MSC MANU', 1),
(166, 'MSC PALAK', 1),
(167, 'MSC ROSARIA', 1),
(168, 'MSC SARAH', 1),
(169, 'MSC SARISKA', 1),
(170, 'MSC SASHA', 1),
(171, 'MSC SILVA', 1),
(172, 'MSC SOFIA CELESTE', 1),
(173, 'MSC VAISHNAVI R', 1),
(174, 'MSC VIDISHA R.', 1),
(175, 'MSC ZLATA R', 1),
(176, 'NEDERLAND REFFER', 1),
(177, 'NORASIA ALYA', 1),
(178, 'NORDAMELIA', 1),
(179, 'NORDSERENA', 1),
(180, 'NYK LIBRA', 1),
(181, 'NYL LYRA', 1),
(182, 'PACIFIC REEFER', 1),
(183, 'PIL', 1),
(184, 'POLARLIGHT', 1),
(185, 'RT ODIN', 1),
(186, 'SAFMARINE BENGUELA', 1),
(187, 'SAFMARINE MULANJE', 1);

-- --------------------------------------------------------

--
-- Estructura de tabla para la tabla `opcion`
--

CREATE TABLE `opcion` (
  `id` int(11) NOT NULL,
  `nombre` varchar(50) NOT NULL,
  `url` varchar(100) DEFAULT 'home.',
  `icono` varchar(50) NOT NULL,
  `activo` tinyint(1) NOT NULL DEFAULT '1'
) ENGINE=InnoDB DEFAULT CHARSET=latin1;

--
-- Volcado de datos para la tabla `opcion`
--

INSERT INTO `opcion` (`id`, `nombre`, `url`, `icono`, `activo`) VALUES
(7, 'Container', 'home.container', 'truck', 1),
(8, 'Semana', 'home.semana', 'calendar', 1),
(9, 'Mantenimientos', 'home.mantenimiento', 'cog', 1),
(10, 'Reportes', 'home.reporte', 'file-excel-o', 1),
(11, 'Datos Estadisticos', 'home.grafico', 'area-chart', 1),
(12, 'Gestión de Usuarios', 'home.usuario', 'users', 1),
(13, 'Cliente', 'home.container', 'users', 1),
(14, 'Operador', 'home.container', 'users', 1),
(15, 'Auditorías', 'home.auditoria', 'search', 1),
(16, 'MANTENIMIENTO TRAZABILIDAD', 'home.mantenimientos', '', 1);

-- --------------------------------------------------------

--
-- Estructura de tabla para la tabla `opcion_subopcion`
--

CREATE TABLE `opcion_subopcion` (
  `id` int(11) NOT NULL,
  `opcion_id` int(11) NOT NULL,
  `subopcion_id` int(11) NOT NULL
) ENGINE=InnoDB DEFAULT CHARSET=latin1;

--
-- Volcado de datos para la tabla `opcion_subopcion`
--

INSERT INTO `opcion_subopcion` (`id`, `opcion_id`, `subopcion_id`) VALUES
(8, 7, 9),
(9, 8, 10),
(10, 9, 11),
(12, 9, 13),
(13, 9, 14),
(14, 9, 15),
(15, 12, 16),
(16, 12, 17),
(17, 12, 18),
(19, 9, 19),
(21, 9, 21),
(22, 10, 22),
(23, 10, 23),
(24, 10, 24),
(25, 11, 25),
(26, 11, 26),
(27, 11, 27),
(28, 9, 28),
(29, 13, 29),
(30, 9, 30),
(31, 9, 31),
(33, 14, 33),
(34, 15, 35),
(35, 10, 36),
(36, 16, 14),
(37, 16, 13),
(41, 16, 20);

-- --------------------------------------------------------

--
-- Estructura de tabla para la tabla `operador`
--

CREATE TABLE `operador` (
  `id` int(11) NOT NULL,
  `nombre` varchar(50) NOT NULL,
  `activo` tinyint(1) NOT NULL DEFAULT '1'
) ENGINE=InnoDB DEFAULT CHARSET=latin1;

--
-- Volcado de datos para la tabla `operador`
--

INSERT INTO `operador` (`id`, `nombre`, `activo`) VALUES
(1, 'SAN MIGUEL', 1),
(2, 'TRANSLOGISTCS SAC', 1),
(3, 'NEPTUNIA S.A.', 1),
(5, 'TPSAC', 0),
(6, 'AFE TRANSPORTATION S.A.C.', 1),
(7, 'GRUPO ADUAN', 1),
(8, 'YACZ CARGO', 1),
(9, 'TAN CARGO PERU SAC', 1),
(10, 'BLUE EXPRESS', 1),
(11, 'TRANSPORTES GIRASOLES', 1),
(12, 'RANSA', 1),
(13, 'SMP SERVICIOS POSTALES Y LOGÍSTICOS', 1),
(14, 'SEATRADE', 1),
(15, 'LA HANSEATICA', 1);

-- --------------------------------------------------------

--
-- Estructura de tabla para la tabla `packing`
--

CREATE TABLE `packing` (
  `id` int(11) NOT NULL,
  `id_cliente` int(11) NOT NULL,
  `id_semana` int(11) NOT NULL,
  `nombre` varchar(50) NOT NULL,
  `fecha` date NOT NULL,
  `hora` time NOT NULL,
  `url` text NOT NULL,
  `id_estado_archivo` int(11) NOT NULL DEFAULT '2'
) ENGINE=InnoDB DEFAULT CHARSET=latin1;

--
-- Volcado de datos para la tabla `packing`
--

INSERT INTO `packing` (`id`, `id_cliente`, `id_semana`, `nombre`, `fecha`, `hora`, `url`, `id_estado_archivo`) VALUES
(11, 1, 53, '1_30_2017_(2)agrofair 01.xlsx', '2017-08-01', '16:14:17', '1_30_2017_(2)agrofair 01.xlsx', 2),
(13, 5, 53, '5_30_2017_(1)equifruit    30.xlsx', '2017-08-02', '16:14:44', '5_30_2017_(1)equifruit    30.xlsx', 2),
(14, 3, 53, '3_30_2017_(1)dole    30.xlsx', '2017-08-02', '16:17:15', '3_30_2017_(1)dole    30.xlsx', 2),
(15, 2, 53, '2_30_2017_(1)biodynamiska   30.xlsx', '2017-08-02', '16:18:00', '2_30_2017_(1)biodynamiska   30.xlsx', 2),
(16, 4, 53, '4_30_2017_(1)chiquita  30.xlsx', '2017-08-02', '16:18:24', '4_30_2017_(1)chiquita  30.xlsx', 2),
(17, 1, 54, '1_31_2017_(2)agrofair  31.xlsx', '2017-08-09', '15:44:21', '1_31_2017_(2)agrofair  31.xlsx', 3),
(18, 2, 54, '2_31_2017_(2)biodynamiska   31.xlsx', '2017-08-09', '15:46:05', '2_31_2017_(2)biodynamiska   31.xlsx', 3),
(19, 4, 54, '4_31_2017_(2)chiquita  31.xlsx', '2017-08-09', '15:46:55', '4_31_2017_(2)chiquita  31.xlsx', 3),
(20, 3, 54, '3_31_2017_(2)dole   31.xlsx', '2017-08-09', '15:48:00', '3_31_2017_(2)dole   31.xlsx', 2),
(21, 5, 54, '5_31_2017_(2)equifruit    31.xlsx', '2017-08-09', '15:48:34', '5_31_2017_(2)equifruit    31.xlsx', 2),
(32, 1, 55, '1_32_2017_(3)Packing Agrofair Sem 32.xls', '2017-08-21', '08:10:07', '1_32_2017_(3)Packing Agrofair Sem 32.xls', 2),
(33, 2, 55, '2_32_2017_(3)bidynamiska   32.xlsx', '2017-08-21', '08:10:33', '2_32_2017_(3)bidynamiska   32.xlsx', 2),
(34, 4, 55, '4_32_2017_(3)chiquita  32.xlsx', '2017-08-21', '08:11:17', '4_32_2017_(3)chiquita  32.xlsx', 2),
(35, 3, 55, '3_32_2017_(3)dole   32.xlsx', '2017-08-21', '08:11:40', '3_32_2017_(3)dole   32.xlsx', 2),
(36, 5, 55, '5_32_2017_(3)equifruit   32.xlsx', '2017-08-21', '08:12:02', '5_32_2017_(3)equifruit   32.xlsx', 2),
(39, 1, 56, '1_33_2017_(4)Packing Agrofair Sem 33.xls', '2017-08-24', '10:58:53', '1_33_2017_(4)Packing Agrofair Sem 33.xls', 2),
(40, 1, 57, '1_34_2017_(5)Packing Agrofair Sem 34.xls', '2017-08-31', '12:21:12', '1_34_2017_(5)Packing Agrofair Sem 34.xls', 2),
(41, 2, 57, '2_34_2017_(4)biodynamiska   34.xlsx', '2017-08-31', '12:27:02', '2_34_2017_(4)biodynamiska   34.xlsx', 3),
(42, 4, 57, '4_34_2017_(4)chiquita    34.xlsx', '2017-08-31', '12:27:29', '4_34_2017_(4)chiquita    34.xlsx', 2),
(43, 3, 57, '3_34_2017_(4)dole  34.xlsx', '2017-08-31', '12:29:11', '3_34_2017_(4)dole  34.xlsx', 2),
(44, 5, 57, '5_34_2017_(4)equifruit  34.xlsx', '2017-08-31', '12:30:56', '5_34_2017_(4)equifruit  34.xlsx', 2);

-- --------------------------------------------------------

--
-- Estructura de tabla para la tabla `pais`
--

CREATE TABLE `pais` (
  `id` int(11) NOT NULL,
  `nombre` varchar(255) NOT NULL,
  `activo` tinyint(4) DEFAULT '1'
) ENGINE=InnoDB DEFAULT CHARSET=latin1;

--
-- Volcado de datos para la tabla `pais`
--

INSERT INTO `pais` (`id`, `nombre`, `activo`) VALUES
(1, 'HOLANDA', 1),
(2, 'ALEMANIA', 1),
(3, 'ESTADOS UNIDOS', 1),
(4, 'PANAMA', 1),
(5, 'BELGICA', 1),
(6, 'JAPON', 1);

-- --------------------------------------------------------

--
-- Estructura de tabla para la tabla `permiso`
--

CREATE TABLE `permiso` (
  `id` int(11) NOT NULL,
  `nombre` varchar(50) NOT NULL,
  `slug` varchar(50) NOT NULL,
  `activo` tinyint(1) NOT NULL DEFAULT '1'
) ENGINE=InnoDB DEFAULT CHARSET=latin1;

--
-- Volcado de datos para la tabla `permiso`
--

INSERT INTO `permiso` (`id`, `nombre`, `slug`, `activo`) VALUES
(1, 'Registrar Contenedores', 'contenedor.registrar', 1),
(2, 'Registrar Facturas', 'facturas.registrar', 1),
(3, 'Registrar Packing', 'packings.registrar', 1),
(4, 'Registrar Certificados', 'certificados.registrar', 1),
(8, 'Aperturar Semana', 'semana.aperturar', 1),
(9, 'Eliminar Semana', 'semana.eliminar', 1),
(10, 'Actualizar Contenedor', 'contenedor.actualizar', 1),
(11, 'Eliminar Contenedor', 'contenedor.eliminar', 1),
(13, 'Agregar Registro Maestro', 'mantenimiento.registrar', 1),
(14, 'Eliminar Registro Maestro', 'mantenimiento.eliminar', 1),
(15, 'Cambiar estado de contenedor', 'contenedor.cambiar_estado', 1),
(16, 'Actualizar Registro Maestro', 'mantenimiento.actualizar', 1),
(17, 'Eliminar Ceritificados', 'certificados.eliminar', 1),
(18, 'Eliminar Facturas', 'facturas.eliminar', 1),
(19, 'Eliminar Packings', 'packings.eliminar', 1),
(20, 'Actualizar Password', 'usuario.actualizar_password', 1),
(21, 'Actualizar Nombre Usuario', 'usuario.actualizar_usuario', 1),
(22, 'Registrar Valija', 'valijas.registrar', 1),
(23, 'Eliminar Valija', 'valijas.eliminar', 1);

-- --------------------------------------------------------

--
-- Estructura de tabla para la tabla `permiso_rol`
--

CREATE TABLE `permiso_rol` (
  `id` int(11) NOT NULL,
  `rol_id` int(11) NOT NULL,
  `permiso_id` int(11) NOT NULL
) ENGINE=InnoDB DEFAULT CHARSET=latin1;

--
-- Volcado de datos para la tabla `permiso_rol`
--

INSERT INTO `permiso_rol` (`id`, `rol_id`, `permiso_id`) VALUES
(23, 1, 8),
(24, 1, 9),
(26, 1, 11),
(27, 1, 13),
(28, 1, 14),
(30, 2, 1),
(32, 2, 3),
(35, 2, 9),
(36, 2, 10),
(37, 2, 11),
(39, 2, 13),
(40, 2, 14),
(42, 1, 10),
(43, 1, 15),
(44, 1, 16),
(45, 2, 15),
(46, 2, 16),
(47, 1, 20),
(48, 2, 20),
(49, 6, 20),
(50, 1, 17),
(51, 1, 18),
(52, 1, 19),
(55, 1, 4),
(57, 2, 8),
(58, 7, 3),
(59, 7, 10),
(60, 7, 11),
(61, 7, 15),
(62, 7, 19),
(63, 1, 21),
(64, 1, 1),
(65, 1, 2),
(66, 1, 3),
(67, 1, 23),
(68, 1, 22),
(69, 3, 20),
(70, 8, 20),
(71, 8, 10),
(72, 9, 4),
(73, 9, 17),
(74, 8, 22),
(75, 8, 23),
(76, 2, 19);

-- --------------------------------------------------------

--
-- Estructura de tabla para la tabla `persona`
--

CREATE TABLE `persona` (
  `id` int(11) NOT NULL,
  `dni` char(8) DEFAULT NULL,
  `nombre` varchar(50) NOT NULL,
  `apellido_paterno` varchar(50) DEFAULT NULL,
  `apellido_materno` varchar(50) DEFAULT NULL,
  `fullname` varchar(255) NOT NULL,
  `email` varchar(50) DEFAULT NULL,
  `telefono` varchar(9) DEFAULT NULL,
  `id_cargo` int(11) NOT NULL,
  `activo` tinyint(1) NOT NULL DEFAULT '1'
) ENGINE=InnoDB DEFAULT CHARSET=latin1;

--
-- Volcado de datos para la tabla `persona`
--

INSERT INTO `persona` (`id`, `dni`, `nombre`, `apellido_paterno`, `apellido_materno`, `fullname`, `email`, `telefono`, `id_cargo`, `activo`) VALUES
(6, '00000000', 'APPBOSA', 'SAMAN', 'SAMAN', 'APPBOSA SAMAN SAMAN', 'appbosa@yahoo.com', '969412141', 2, 1),
(8, '40021803', 'Juan', 'Calderón', 'More', 'Juan Calderón More', 'jucamo78appbosa@hotmail.com', '969051503', 9, 1),
(21, '90879876', 'AGROFAIR', '', '', 'AGROFAIR  ', 'agrofair@hotmail.com', '987634589', 8, 1),
(22, '45645678', 'BIODYNAMISKA', '', '', 'BIODYNAMISKA  ', 'BIODYNAMISKA@hotmail.com', '986798907', 8, 1),
(23, '89897867', 'DOLE', '', '', 'DOLE  ', 'dole@hotmail.com', '890767345', 8, 1),
(24, '98779845', 'TRANSASTRA', '', '', 'TRANSASTRA  ', 'transastra@hotmail.com', '908745345', 8, 1),
(25, '98767678', 'EQUIFRUIT', '', '', 'EQUIFRUIT  ', 'equifruit@hotmail.com', '987876789', 8, 1),
(27, '42262238', 'Nilton Anterio', 'Ancajima', 'Castro', 'Nilton Anterio Ancajima Castro', 'nilton_ancajima@hotmail.com', '938228070', 10, 1),
(28, '42661236', 'Luis Alberto', 'Mejias', 'Escobar', 'Luis Alberto Mejias Escobar', 'luisalberto@hotmail.com', '111111111', 10, 1),
(29, NULL, 'San Miguel', NULL, NULL, 'San Miguel  ', 'sanmiguel@hotmail.com', NULL, 11, 1);

-- --------------------------------------------------------

--
-- Estructura de tabla para la tabla `puerto_destino`
--

CREATE TABLE `puerto_destino` (
  `id` int(11) NOT NULL,
  `id_ciudad` int(11) NOT NULL,
  `nombre` varchar(50) NOT NULL,
  `activo` tinyint(1) NOT NULL DEFAULT '1'
) ENGINE=InnoDB DEFAULT CHARSET=latin1;

--
-- Volcado de datos para la tabla `puerto_destino`
--

INSERT INTO `puerto_destino` (`id`, `id_ciudad`, `nombre`, `activo`) VALUES
(1, 2, 'HAMBURGO\r\n', 1),
(2, 3, 'MONTREAL', 1),
(3, 1, 'ROTTERDAM', 1),
(4, 7, 'SAN DIEGO', 1),
(5, 1, 'WILMINGTON', 1),
(6, 1, 'ANTWERP', 1),
(7, 1, 'KOREA', 1),
(11, 4, 'VLISSINGEN', 1),
(12, 5, 'DOVER', 1),
(13, 6, 'NEW ORLEANS', 1),
(14, 7, 'PORT HUENEME', 1),
(15, 8, 'RODMAN', 1),
(16, 9, 'PORT FREEPORT', 1),
(17, 11, 'DELAWARE', 1),
(18, 12, 'EVERGALDES', 1),
(19, 13, 'PORT ANTWERP', 1),
(20, 14, 'PHILADELPHIA', 1),
(21, 12, 'MIAMI', 1),
(22, 7, 'WILMINGTON, US', 1),
(23, 15, 'ALIOTH', 1),
(24, 13, 'AMBERES', 1);

-- --------------------------------------------------------

--
-- Estructura de tabla para la tabla `rol`
--

CREATE TABLE `rol` (
  `id` int(11) NOT NULL,
  `nombre` varchar(50) NOT NULL,
  `id_menu` int(11) NOT NULL,
  `activo` tinyint(1) NOT NULL DEFAULT '1'
) ENGINE=InnoDB DEFAULT CHARSET=latin1;

--
-- Volcado de datos para la tabla `rol`
--

INSERT INTO `rol` (`id`, `nombre`, `id_menu`, `activo`) VALUES
(1, 'Administrador', 14, 1),
(2, 'Jefe Trazabilidad', 15, 1),
(3, 'Clientes', 16, 1),
(5, 'paletizador', 16, 0),
(6, 'Gerencia', 20, 1),
(7, 'Auxiliar Trazabilidad', 21, 1),
(8, 'Operador', 22, 1),
(9, 'Control Interno', 23, 1),
(10, 'Facturador', 24, 1);

-- --------------------------------------------------------

--
-- Estructura de tabla para la tabla `semana`
--

CREATE TABLE `semana` (
  `id` int(11) NOT NULL,
  `nombre` int(11) NOT NULL,
  `id_anio` int(4) NOT NULL,
  `activo` tinyint(4) NOT NULL DEFAULT '1'
) ENGINE=InnoDB DEFAULT CHARSET=latin1;

--
-- Volcado de datos para la tabla `semana`
--

INSERT INTO `semana` (`id`, `nombre`, `id_anio`, `activo`) VALUES
(19, 2, 1, 0),
(20, 4, 1, 0),
(21, 20, 1, 0),
(22, 22, 1, 0),
(23, 21, 1, 1),
(24, 22, 1, 1),
(25, 20, 1, 1),
(26, 19, 1, 1),
(27, 18, 1, 1),
(28, 17, 1, 1),
(29, 16, 1, 1),
(30, 15, 1, 1),
(31, 14, 1, 1),
(32, 13, 1, 1),
(33, 12, 1, 1),
(34, 11, 1, 1),
(35, 10, 1, 1),
(36, 9, 1, 0),
(37, 9, 1, 1),
(38, 8, 1, 1),
(39, 7, 1, 1),
(40, 5, 1, 1),
(41, 4, 1, 1),
(42, 1, 1, 1),
(43, 2, 1, 1),
(44, 3, 1, 1),
(45, 6, 1, 1),
(46, 23, 1, 1),
(47, 24, 1, 1),
(48, 25, 1, 1),
(49, 26, 1, 1),
(50, 27, 1, 1),
(51, 28, 1, 1),
(52, 29, 1, 1),
(53, 30, 1, 1),
(54, 31, 1, 1),
(55, 32, 1, 1),
(56, 33, 1, 1),
(57, 34, 1, 1),
(58, 35, 1, 1);

-- --------------------------------------------------------

--
-- Estructura de tabla para la tabla `subopcion`
--

CREATE TABLE `subopcion` (
  `id` int(11) NOT NULL,
  `nombre` varchar(50) NOT NULL,
  `icono` varchar(50) NOT NULL,
  `url` varchar(50) NOT NULL,
  `activo` tinyint(1) NOT NULL DEFAULT '1'
) ENGINE=InnoDB DEFAULT CHARSET=latin1;

--
-- Volcado de datos para la tabla `subopcion`
--

INSERT INTO `subopcion` (`id`, `nombre`, `icono`, `url`, `activo`) VALUES
(9, 'Lista', 'cog', 'home.container.lista', 1),
(10, 'Semanas', 'calendar', 'home.semana.lista_semana', 1),
(11, 'Clientes', 'users', 'home.mantenimiento.cliente', 1),
(13, 'Linea Naviera', 'ship', 'home.mantenimiento.linea_naviera', 1),
(14, 'Puerto Destino', 'anchor', 'home.mantenimiento.puerto_destino', 1),
(15, 'Operadores', 'user', 'home.mantenimiento.operador', 1),
(16, 'Usuario', 'user', 'home.usuario.usuario', 1),
(17, 'Roles', 'sitemap', 'home.usuario.rol', 1),
(18, 'Menú', 'list-ul', 'home.usuario.menu', 1),
(19, 'Cargo', 'vcard-o', 'home.mantenimiento.cargo', 1),
(20, 'Nave', 'train', 'home.mantenimiento.nave', 1),
(21, 'Estados', 'tags', 'home.mantenimiento.estado', 1),
(22, 'Contenedores Por Semana', 'file-excel-o', 'home.reporte.reporte_semana', 1),
(23, 'Contenedores Por Cliente', 'file-excel-o', 'home.reporte.contenedores_cliente', 1),
(24, 'Movimiento de Contenedores', 'file-excel-o', 'home.reporte.movimiento_contenedores', 1),
(25, 'Contenedores Por Cliente', 'bar-chart', 'home.grafico.grafico_cliente', 1),
(26, 'Contenedores Por Semana', 'bar-chart', 'home.grafico.grafico_semana', 1),
(27, 'Contenedores Por Año', 'bar-chart', 'home.grafico.grafico_anio', 1),
(28, 'Caja', 'inbox', 'home.mantenimiento.caja', 1),
(29, 'Mis Contenedores', 'list', 'home.container.cliente', 1),
(30, 'Pais', 'flag', 'home.mantenimiento.pais', 1),
(31, 'Ciudad', 'institution', 'home.mantenimiento.ciudad', 1),
(32, 'Archivos', 'files-o', 'home.container.my_files_c', 1),
(33, 'Mis Containers', 'truck', 'home.container.operador', 1),
(34, 'Mis Archivos', 'list', 'home.container.my_files_o', 1),
(35, 'Ver Auditorías', 'search', 'home.auditoria.auditoria_reporte', 1),
(36, 'Cajas Exportadas', 'inbox', 'home.reporte.cajas_exportadas', 1);

-- --------------------------------------------------------

--
-- Estructura de tabla para la tabla `usuario`
--

CREATE TABLE `usuario` (
  `id` int(11) NOT NULL,
  `nick` varchar(50) NOT NULL,
  `password` text NOT NULL,
  `id_persona` int(11) NOT NULL,
  `id_rol` int(11) NOT NULL,
  `id_cliente_operador` int(11) DEFAULT NULL,
  `remember_token` varchar(255) DEFAULT NULL,
  `activo` tinyint(1) UNSIGNED NOT NULL DEFAULT '1'
) ENGINE=InnoDB DEFAULT CHARSET=latin1;

--
-- Volcado de datos para la tabla `usuario`
--

INSERT INTO `usuario` (`id`, `nick`, `password`, `id_persona`, `id_rol`, `id_cliente_operador`, `remember_token`, `activo`) VALUES
(2, '20484062031', '$2y$10$QLduX8C9SFiE.QyCObyMGet8y8dwP2eibs8oe2ZJpA3TT49Z6gtsq', 6, 1, NULL, 'gSGETBjBYiGiGXBwtGiALPyOwBycmORThQDgdcEv9jmjE7XsyJa13PQbfNKr', 1),
(4, '40021803', '$2y$10$wHmbrT0.uU1m/c5KSOtGl.ABkwLjMRPtmiJzgXP4WI7c0wP.iOmzS', 8, 2, NULL, '39sSMUpRk4KC2ejHf3HXSYd6klnGsWWbh6QtLuOf5DUIZUX9JuqjS21F9KJU', 1),
(10, 'agrofair', '$2y$10$ScOu.jH7zJ/TdRX5tOTBeOU2YYiyLrFA4PLrYa9cSRvT2YJr/R31O', 21, 3, 1, 'zKqKu6hH3lmz3IZ2cgmURgg3vY6ICtiOf2464vQELwoAIQth0BkVscBYBS0f', 1),
(11, 'biodynamiska', '$2y$10$ScOu.jH7zJ/TdRX5tOTBeOU2YYiyLrFA4PLrYa9cSRvT2YJr/R31O', 22, 3, 2, 'MOsOg5bAZAwG4LesiqaFRBV3I3jHfHxRVfRV1RzxCdLCKvdj0hX04DoAoypC', 1),
(12, 'dole', '$2y$10$ScOu.jH7zJ/TdRX5tOTBeOU2YYiyLrFA4PLrYa9cSRvT2YJr/R31O', 23, 3, 3, 'm5VO3SL0FRqyMerisUvGgpV97eCEixhITC9fZHnCFH5dQ1x6si3PoyxBT228', 1),
(13, 'transastra', '$2y$10$ScOu.jH7zJ/TdRX5tOTBeOU2YYiyLrFA4PLrYa9cSRvT2YJr/R31O', 24, 3, 4, NULL, 1),
(14, 'equifruit', '$2y$10$ScOu.jH7zJ/TdRX5tOTBeOU2YYiyLrFA4PLrYa9cSRvT2YJr/R31O', 25, 3, 5, NULL, 1),
(16, '42262238', '$2y$10$/nPupH85dkWWDhYlho79UusR5CgZeZaBVB/UbHRrWXmaQlR7nVOuC', 27, 7, NULL, 'AdhY5DB6YhBVpxX5CS65lVABZo0LnTGz4LbHmBxd8fwUttDqU9in0Hig8djf', 1),
(17, '42661236', '$2y$10$Vpah7zygI9rECUQm94vOuudUrfieTYJuUT5xyz/OnlJR2ZoCwrQTO', 28, 7, NULL, NULL, 1),
(18, 'sanmiguel', '$2y$10$BSqsqyoUtRXLo/lLZq/RterajFcBbTBfDhe8Y1D9b5zEuV9DCOmCy', 29, 8, 1, 'aA544obZaROFFFz1duaAReQXL8GJkzbkH1VHXESezlKgG90eZQZpGjwXS49m', 1);

-- --------------------------------------------------------

--
-- Estructura de tabla para la tabla `valija`
--

CREATE TABLE `valija` (
  `id` int(11) NOT NULL,
  `id_cliente` int(11) NOT NULL,
  `id_semana` int(11) NOT NULL,
  `nombre` varchar(255) NOT NULL,
  `fecha` date NOT NULL,
  `hora` time NOT NULL,
  `url` text NOT NULL,
  `id_estado_archivo` int(11) NOT NULL DEFAULT '2'
) ENGINE=InnoDB DEFAULT CHARSET=latin1;

--
-- Índices para tablas volcadas
--

--
-- Indices de la tabla `anio`
--
ALTER TABLE `anio`
  ADD PRIMARY KEY (`id`);

--
-- Indices de la tabla `audit_caja`
--
ALTER TABLE `audit_caja`
  ADD PRIMARY KEY (`id`);

--
-- Indices de la tabla `audit_cargo`
--
ALTER TABLE `audit_cargo`
  ADD PRIMARY KEY (`id`);

--
-- Indices de la tabla `audit_certificado`
--
ALTER TABLE `audit_certificado`
  ADD PRIMARY KEY (`id`);

--
-- Indices de la tabla `audit_ciudad`
--
ALTER TABLE `audit_ciudad`
  ADD PRIMARY KEY (`id`);

--
-- Indices de la tabla `audit_cliente`
--
ALTER TABLE `audit_cliente`
  ADD PRIMARY KEY (`id`);

--
-- Indices de la tabla `audit_contenedor`
--
ALTER TABLE `audit_contenedor`
  ADD PRIMARY KEY (`id`);

--
-- Indices de la tabla `audit_estado`
--
ALTER TABLE `audit_estado`
  ADD PRIMARY KEY (`id`);

--
-- Indices de la tabla `audit_factura`
--
ALTER TABLE `audit_factura`
  ADD PRIMARY KEY (`id`);

--
-- Indices de la tabla `audit_linea_naviera`
--
ALTER TABLE `audit_linea_naviera`
  ADD PRIMARY KEY (`id`);

--
-- Indices de la tabla `audit_nave`
--
ALTER TABLE `audit_nave`
  ADD PRIMARY KEY (`id`);

--
-- Indices de la tabla `audit_operador`
--
ALTER TABLE `audit_operador`
  ADD PRIMARY KEY (`id`);

--
-- Indices de la tabla `audit_packing`
--
ALTER TABLE `audit_packing`
  ADD PRIMARY KEY (`id`);

--
-- Indices de la tabla `audit_pais`
--
ALTER TABLE `audit_pais`
  ADD PRIMARY KEY (`id`);

--
-- Indices de la tabla `audit_puerto_destino`
--
ALTER TABLE `audit_puerto_destino`
  ADD PRIMARY KEY (`id`);

--
-- Indices de la tabla `audit_semana`
--
ALTER TABLE `audit_semana`
  ADD PRIMARY KEY (`id`);

--
-- Indices de la tabla `audit_usuario`
--
ALTER TABLE `audit_usuario`
  ADD PRIMARY KEY (`id`);

--
-- Indices de la tabla `audit_valija`
--
ALTER TABLE `audit_valija`
  ADD PRIMARY KEY (`id`);

--
-- Indices de la tabla `booking`
--
ALTER TABLE `booking`
  ADD PRIMARY KEY (`id`);

--
-- Indices de la tabla `caja`
--
ALTER TABLE `caja`
  ADD PRIMARY KEY (`id`);

--
-- Indices de la tabla `caja_cliente`
--
ALTER TABLE `caja_cliente`
  ADD PRIMARY KEY (`id`),
  ADD KEY `id_caja_cliente` (`caja_id`),
  ADD KEY `id_cliente_caja` (`cliente_id`);

--
-- Indices de la tabla `caja_contenedor`
--
ALTER TABLE `caja_contenedor`
  ADD PRIMARY KEY (`id`),
  ADD KEY `contendor_id` (`contenedor_id`),
  ADD KEY `caja_id` (`caja_id`);

--
-- Indices de la tabla `cargo`
--
ALTER TABLE `cargo`
  ADD PRIMARY KEY (`id`);

--
-- Indices de la tabla `certificado`
--
ALTER TABLE `certificado`
  ADD PRIMARY KEY (`id`),
  ADD KEY `id_cliente_certificado` (`id_cliente`),
  ADD KEY `id_semana_certificado` (`id_semana`),
  ADD KEY `id_estado_archivo_certificado` (`id_estado_archivo`);

--
-- Indices de la tabla `certificado_contenedor`
--
ALTER TABLE `certificado_contenedor`
  ADD PRIMARY KEY (`id`),
  ADD KEY `certificado_id` (`certificado_id`),
  ADD KEY `contenedor_id_certificado` (`contenedor_id`);

--
-- Indices de la tabla `ciudad`
--
ALTER TABLE `ciudad`
  ADD PRIMARY KEY (`id`),
  ADD KEY `pais_id` (`id_pais`);

--
-- Indices de la tabla `cliente`
--
ALTER TABLE `cliente`
  ADD PRIMARY KEY (`id`);

--
-- Indices de la tabla `cliente_operador`
--
ALTER TABLE `cliente_operador`
  ADD PRIMARY KEY (`id`),
  ADD KEY `cliente_id` (`cliente_id`),
  ADD KEY `operador_id` (`operador_id`);

--
-- Indices de la tabla `contenedor`
--
ALTER TABLE `contenedor`
  ADD PRIMARY KEY (`id`),
  ADD KEY `id_booking` (`booking`),
  ADD KEY `id_cliente` (`id_cliente`),
  ADD KEY `id_lineanaviera` (`id_lineanaviera`),
  ADD KEY `id_puertodestino` (`id_puertodestino`),
  ADD KEY `id_operador` (`id_operador`),
  ADD KEY `id_semana` (`id_semana`),
  ADD KEY `id_nave` (`nave`);

--
-- Indices de la tabla `contenedor_valija`
--
ALTER TABLE `contenedor_valija`
  ADD PRIMARY KEY (`id`),
  ADD KEY `contenedor_id` (`contenedor_id`),
  ADD KEY `valija_id` (`valija_id`);

--
-- Indices de la tabla `emails`
--
ALTER TABLE `emails`
  ADD PRIMARY KEY (`id`),
  ADD KEY `cliente_id_email` (`id_cliente`);

--
-- Indices de la tabla `estado`
--
ALTER TABLE `estado`
  ADD PRIMARY KEY (`id`);

--
-- Indices de la tabla `estado_archivo`
--
ALTER TABLE `estado_archivo`
  ADD PRIMARY KEY (`id`);

--
-- Indices de la tabla `factura`
--
ALTER TABLE `factura`
  ADD PRIMARY KEY (`id`),
  ADD KEY `id_cliente_factura` (`id_cliente`),
  ADD KEY `id_semana_factura` (`id_semana`),
  ADD KEY `id_estado_archivo_factura` (`id_estado_archivo`);

--
-- Indices de la tabla `icono`
--
ALTER TABLE `icono`
  ADD PRIMARY KEY (`id`);

--
-- Indices de la tabla `linea_naviera`
--
ALTER TABLE `linea_naviera`
  ADD PRIMARY KEY (`id`);

--
-- Indices de la tabla `menu`
--
ALTER TABLE `menu`
  ADD PRIMARY KEY (`id`);

--
-- Indices de la tabla `menu_opcion`
--
ALTER TABLE `menu_opcion`
  ADD PRIMARY KEY (`id`),
  ADD KEY `menu_id` (`menu_id`),
  ADD KEY `opcionm_id` (`opcion_id`);

--
-- Indices de la tabla `movimientos`
--
ALTER TABLE `movimientos`
  ADD PRIMARY KEY (`id`),
  ADD KEY `id_contenedor` (`id_contenedor`),
  ADD KEY `id_estado` (`id_estado`),
  ADD KEY `id_usuario` (`id_usuario`);

--
-- Indices de la tabla `nave`
--
ALTER TABLE `nave`
  ADD PRIMARY KEY (`id`);

--
-- Indices de la tabla `opcion`
--
ALTER TABLE `opcion`
  ADD PRIMARY KEY (`id`);

--
-- Indices de la tabla `opcion_subopcion`
--
ALTER TABLE `opcion_subopcion`
  ADD PRIMARY KEY (`id`),
  ADD KEY `opcion_id` (`opcion_id`),
  ADD KEY `subopcion_id` (`subopcion_id`);

--
-- Indices de la tabla `operador`
--
ALTER TABLE `operador`
  ADD PRIMARY KEY (`id`);

--
-- Indices de la tabla `packing`
--
ALTER TABLE `packing`
  ADD PRIMARY KEY (`id`),
  ADD KEY `id_contenedor_packing` (`id_cliente`),
  ADD KEY `id_semana_packing` (`id_semana`),
  ADD KEY `id_estado_archivo_packing` (`id_estado_archivo`);

--
-- Indices de la tabla `pais`
--
ALTER TABLE `pais`
  ADD PRIMARY KEY (`id`);

--
-- Indices de la tabla `permiso`
--
ALTER TABLE `permiso`
  ADD PRIMARY KEY (`id`);

--
-- Indices de la tabla `permiso_rol`
--
ALTER TABLE `permiso_rol`
  ADD PRIMARY KEY (`id`),
  ADD KEY `rol_id` (`rol_id`),
  ADD KEY `permiso_id` (`permiso_id`);

--
-- Indices de la tabla `persona`
--
ALTER TABLE `persona`
  ADD PRIMARY KEY (`id`),
  ADD KEY `id_cargo` (`id_cargo`);

--
-- Indices de la tabla `puerto_destino`
--
ALTER TABLE `puerto_destino`
  ADD PRIMARY KEY (`id`),
  ADD KEY `ciudad_id` (`id_ciudad`);

--
-- Indices de la tabla `rol`
--
ALTER TABLE `rol`
  ADD PRIMARY KEY (`id`),
  ADD KEY `id_menu` (`id_menu`);

--
-- Indices de la tabla `semana`
--
ALTER TABLE `semana`
  ADD PRIMARY KEY (`id`),
  ADD KEY `id_anio` (`id_anio`);

--
-- Indices de la tabla `subopcion`
--
ALTER TABLE `subopcion`
  ADD PRIMARY KEY (`id`);

--
-- Indices de la tabla `usuario`
--
ALTER TABLE `usuario`
  ADD PRIMARY KEY (`id`),
  ADD KEY `id_persona` (`id_persona`),
  ADD KEY `id_rol` (`id_rol`);

--
-- Indices de la tabla `valija`
--
ALTER TABLE `valija`
  ADD PRIMARY KEY (`id`),
  ADD KEY `id_cliente_valija` (`id_cliente`),
  ADD KEY `id_semana_valija` (`id_semana`),
  ADD KEY `id_estado_archivo_valija` (`id_estado_archivo`);

--
-- AUTO_INCREMENT de las tablas volcadas
--

--
-- AUTO_INCREMENT de la tabla `anio`
--
ALTER TABLE `anio`
  MODIFY `id` int(11) NOT NULL AUTO_INCREMENT, AUTO_INCREMENT=6;
--
-- AUTO_INCREMENT de la tabla `audit_caja`
--
ALTER TABLE `audit_caja`
  MODIFY `id` int(11) NOT NULL AUTO_INCREMENT, AUTO_INCREMENT=31;
--
-- AUTO_INCREMENT de la tabla `audit_cargo`
--
ALTER TABLE `audit_cargo`
  MODIFY `id` int(11) NOT NULL AUTO_INCREMENT, AUTO_INCREMENT=7;
--
-- AUTO_INCREMENT de la tabla `audit_certificado`
--
ALTER TABLE `audit_certificado`
  MODIFY `id` int(11) NOT NULL AUTO_INCREMENT, AUTO_INCREMENT=12;
--
-- AUTO_INCREMENT de la tabla `audit_ciudad`
--
ALTER TABLE `audit_ciudad`
  MODIFY `id` int(11) NOT NULL AUTO_INCREMENT;
--
-- AUTO_INCREMENT de la tabla `audit_cliente`
--
ALTER TABLE `audit_cliente`
  MODIFY `id` int(11) NOT NULL AUTO_INCREMENT;
--
-- AUTO_INCREMENT de la tabla `audit_contenedor`
--
ALTER TABLE `audit_contenedor`
  MODIFY `id` int(11) NOT NULL AUTO_INCREMENT, AUTO_INCREMENT=639;
--
-- AUTO_INCREMENT de la tabla `audit_estado`
--
ALTER TABLE `audit_estado`
  MODIFY `id` int(11) NOT NULL AUTO_INCREMENT, AUTO_INCREMENT=3;
--
-- AUTO_INCREMENT de la tabla `audit_factura`
--
ALTER TABLE `audit_factura`
  MODIFY `id` int(11) NOT NULL AUTO_INCREMENT, AUTO_INCREMENT=36;
--
-- AUTO_INCREMENT de la tabla `audit_linea_naviera`
--
ALTER TABLE `audit_linea_naviera`
  MODIFY `id` int(11) NOT NULL AUTO_INCREMENT;
--
-- AUTO_INCREMENT de la tabla `audit_nave`
--
ALTER TABLE `audit_nave`
  MODIFY `id` int(11) NOT NULL AUTO_INCREMENT;
--
-- AUTO_INCREMENT de la tabla `audit_operador`
--
ALTER TABLE `audit_operador`
  MODIFY `id` int(11) NOT NULL AUTO_INCREMENT, AUTO_INCREMENT=17;
--
-- AUTO_INCREMENT de la tabla `audit_packing`
--
ALTER TABLE `audit_packing`
  MODIFY `id` int(11) NOT NULL AUTO_INCREMENT, AUTO_INCREMENT=70;
--
-- AUTO_INCREMENT de la tabla `audit_pais`
--
ALTER TABLE `audit_pais`
  MODIFY `id` int(11) NOT NULL AUTO_INCREMENT;
--
-- AUTO_INCREMENT de la tabla `audit_puerto_destino`
--
ALTER TABLE `audit_puerto_destino`
  MODIFY `id` int(11) NOT NULL AUTO_INCREMENT, AUTO_INCREMENT=22;
--
-- AUTO_INCREMENT de la tabla `audit_semana`
--
ALTER TABLE `audit_semana`
  MODIFY `id` int(11) NOT NULL AUTO_INCREMENT, AUTO_INCREMENT=59;
--
-- AUTO_INCREMENT de la tabla `audit_usuario`
--
ALTER TABLE `audit_usuario`
  MODIFY `id` int(11) NOT NULL AUTO_INCREMENT, AUTO_INCREMENT=27;
--
-- AUTO_INCREMENT de la tabla `audit_valija`
--
ALTER TABLE `audit_valija`
  MODIFY `id` int(11) NOT NULL AUTO_INCREMENT, AUTO_INCREMENT=17;
--
-- AUTO_INCREMENT de la tabla `booking`
--
ALTER TABLE `booking`
  MODIFY `id` int(11) NOT NULL AUTO_INCREMENT, AUTO_INCREMENT=5;
--
-- AUTO_INCREMENT de la tabla `caja`
--
ALTER TABLE `caja`
  MODIFY `id` int(11) NOT NULL AUTO_INCREMENT, AUTO_INCREMENT=24;
--
-- AUTO_INCREMENT de la tabla `caja_cliente`
--
ALTER TABLE `caja_cliente`
  MODIFY `id` int(11) NOT NULL AUTO_INCREMENT, AUTO_INCREMENT=28;
--
-- AUTO_INCREMENT de la tabla `caja_contenedor`
--
ALTER TABLE `caja_contenedor`
  MODIFY `id` int(11) NOT NULL AUTO_INCREMENT, AUTO_INCREMENT=993;
--
-- AUTO_INCREMENT de la tabla `cargo`
--
ALTER TABLE `cargo`
  MODIFY `id` int(11) NOT NULL AUTO_INCREMENT, AUTO_INCREMENT=13;
--
-- AUTO_INCREMENT de la tabla `certificado`
--
ALTER TABLE `certificado`
  MODIFY `id` int(11) NOT NULL AUTO_INCREMENT, AUTO_INCREMENT=5;
--
-- AUTO_INCREMENT de la tabla `certificado_contenedor`
--
ALTER TABLE `certificado_contenedor`
  MODIFY `id` int(11) NOT NULL AUTO_INCREMENT, AUTO_INCREMENT=6;
--
-- AUTO_INCREMENT de la tabla `ciudad`
--
ALTER TABLE `ciudad`
  MODIFY `id` int(11) NOT NULL AUTO_INCREMENT, AUTO_INCREMENT=16;
--
-- AUTO_INCREMENT de la tabla `cliente`
--
ALTER TABLE `cliente`
  MODIFY `id` int(11) NOT NULL AUTO_INCREMENT, AUTO_INCREMENT=6;
--
-- AUTO_INCREMENT de la tabla `cliente_operador`
--
ALTER TABLE `cliente_operador`
  MODIFY `id` int(11) NOT NULL AUTO_INCREMENT, AUTO_INCREMENT=12;
--
-- AUTO_INCREMENT de la tabla `contenedor`
--
ALTER TABLE `contenedor`
  MODIFY `id` int(11) NOT NULL AUTO_INCREMENT, AUTO_INCREMENT=728;
--
-- AUTO_INCREMENT de la tabla `contenedor_valija`
--
ALTER TABLE `contenedor_valija`
  MODIFY `id` int(11) NOT NULL AUTO_INCREMENT, AUTO_INCREMENT=4;
--
-- AUTO_INCREMENT de la tabla `emails`
--
ALTER TABLE `emails`
  MODIFY `id` int(11) NOT NULL AUTO_INCREMENT, AUTO_INCREMENT=16;
--
-- AUTO_INCREMENT de la tabla `estado`
--
ALTER TABLE `estado`
  MODIFY `id` int(11) NOT NULL AUTO_INCREMENT, AUTO_INCREMENT=8;
--
-- AUTO_INCREMENT de la tabla `estado_archivo`
--
ALTER TABLE `estado_archivo`
  MODIFY `id` int(11) NOT NULL AUTO_INCREMENT, AUTO_INCREMENT=5;
--
-- AUTO_INCREMENT de la tabla `factura`
--
ALTER TABLE `factura`
  MODIFY `id` int(11) NOT NULL AUTO_INCREMENT, AUTO_INCREMENT=52;
--
-- AUTO_INCREMENT de la tabla `linea_naviera`
--
ALTER TABLE `linea_naviera`
  MODIFY `id` int(11) NOT NULL AUTO_INCREMENT, AUTO_INCREMENT=19;
--
-- AUTO_INCREMENT de la tabla `menu`
--
ALTER TABLE `menu`
  MODIFY `id` int(11) NOT NULL AUTO_INCREMENT, AUTO_INCREMENT=25;
--
-- AUTO_INCREMENT de la tabla `menu_opcion`
--
ALTER TABLE `menu_opcion`
  MODIFY `id` int(11) NOT NULL AUTO_INCREMENT, AUTO_INCREMENT=39;
--
-- AUTO_INCREMENT de la tabla `movimientos`
--
ALTER TABLE `movimientos`
  MODIFY `id` int(11) NOT NULL AUTO_INCREMENT, AUTO_INCREMENT=1556;
--
-- AUTO_INCREMENT de la tabla `nave`
--
ALTER TABLE `nave`
  MODIFY `id` int(11) NOT NULL AUTO_INCREMENT, AUTO_INCREMENT=188;
--
-- AUTO_INCREMENT de la tabla `opcion`
--
ALTER TABLE `opcion`
  MODIFY `id` int(11) NOT NULL AUTO_INCREMENT, AUTO_INCREMENT=17;
--
-- AUTO_INCREMENT de la tabla `opcion_subopcion`
--
ALTER TABLE `opcion_subopcion`
  MODIFY `id` int(11) NOT NULL AUTO_INCREMENT, AUTO_INCREMENT=42;
--
-- AUTO_INCREMENT de la tabla `operador`
--
ALTER TABLE `operador`
  MODIFY `id` int(11) NOT NULL AUTO_INCREMENT, AUTO_INCREMENT=16;
--
-- AUTO_INCREMENT de la tabla `packing`
--
ALTER TABLE `packing`
  MODIFY `id` int(11) NOT NULL AUTO_INCREMENT, AUTO_INCREMENT=45;
--
-- AUTO_INCREMENT de la tabla `pais`
--
ALTER TABLE `pais`
  MODIFY `id` int(11) NOT NULL AUTO_INCREMENT, AUTO_INCREMENT=7;
--
-- AUTO_INCREMENT de la tabla `permiso`
--
ALTER TABLE `permiso`
  MODIFY `id` int(11) NOT NULL AUTO_INCREMENT, AUTO_INCREMENT=24;
--
-- AUTO_INCREMENT de la tabla `permiso_rol`
--
ALTER TABLE `permiso_rol`
  MODIFY `id` int(11) NOT NULL AUTO_INCREMENT, AUTO_INCREMENT=77;
--
-- AUTO_INCREMENT de la tabla `persona`
--
ALTER TABLE `persona`
  MODIFY `id` int(11) NOT NULL AUTO_INCREMENT, AUTO_INCREMENT=30;
--
-- AUTO_INCREMENT de la tabla `puerto_destino`
--
ALTER TABLE `puerto_destino`
  MODIFY `id` int(11) NOT NULL AUTO_INCREMENT, AUTO_INCREMENT=25;
--
-- AUTO_INCREMENT de la tabla `rol`
--
ALTER TABLE `rol`
  MODIFY `id` int(11) NOT NULL AUTO_INCREMENT, AUTO_INCREMENT=11;
--
-- AUTO_INCREMENT de la tabla `semana`
--
ALTER TABLE `semana`
  MODIFY `id` int(11) NOT NULL AUTO_INCREMENT, AUTO_INCREMENT=59;
--
-- AUTO_INCREMENT de la tabla `subopcion`
--
ALTER TABLE `subopcion`
  MODIFY `id` int(11) NOT NULL AUTO_INCREMENT, AUTO_INCREMENT=37;
--
-- AUTO_INCREMENT de la tabla `usuario`
--
ALTER TABLE `usuario`
  MODIFY `id` int(11) NOT NULL AUTO_INCREMENT, AUTO_INCREMENT=19;
--
-- AUTO_INCREMENT de la tabla `valija`
--
ALTER TABLE `valija`
  MODIFY `id` int(11) NOT NULL AUTO_INCREMENT, AUTO_INCREMENT=2;
--
-- Restricciones para tablas volcadas
--

--
-- Filtros para la tabla `caja_cliente`
--
ALTER TABLE `caja_cliente`
  ADD CONSTRAINT `id_caja_cliente` FOREIGN KEY (`caja_id`) REFERENCES `caja` (`id`),
  ADD CONSTRAINT `id_cliente_caja` FOREIGN KEY (`cliente_id`) REFERENCES `cliente` (`id`);

--
-- Filtros para la tabla `caja_contenedor`
--
ALTER TABLE `caja_contenedor`
  ADD CONSTRAINT `caja_id` FOREIGN KEY (`caja_id`) REFERENCES `caja` (`id`),
  ADD CONSTRAINT `contendor_id` FOREIGN KEY (`contenedor_id`) REFERENCES `contenedor` (`id`);

--
-- Filtros para la tabla `certificado`
--
ALTER TABLE `certificado`
  ADD CONSTRAINT `id_cliente_certificado` FOREIGN KEY (`id_cliente`) REFERENCES `cliente` (`id`),
  ADD CONSTRAINT `id_estado_archivo_certificado` FOREIGN KEY (`id_estado_archivo`) REFERENCES `estado_archivo` (`id`),
  ADD CONSTRAINT `id_semana_certificado` FOREIGN KEY (`id_semana`) REFERENCES `semana` (`id`);

--
-- Filtros para la tabla `certificado_contenedor`
--
ALTER TABLE `certificado_contenedor`
  ADD CONSTRAINT `certificado_id` FOREIGN KEY (`certificado_id`) REFERENCES `certificado` (`id`),
  ADD CONSTRAINT `contenedor_id_certificado` FOREIGN KEY (`contenedor_id`) REFERENCES `contenedor` (`id`);

--
-- Filtros para la tabla `ciudad`
--
ALTER TABLE `ciudad`
  ADD CONSTRAINT `pais_id` FOREIGN KEY (`id_pais`) REFERENCES `pais` (`id`);

--
-- Filtros para la tabla `cliente_operador`
--
ALTER TABLE `cliente_operador`
  ADD CONSTRAINT `cliente_id` FOREIGN KEY (`cliente_id`) REFERENCES `cliente` (`id`),
  ADD CONSTRAINT `operador_id` FOREIGN KEY (`operador_id`) REFERENCES `operador` (`id`);

--
-- Filtros para la tabla `contenedor`
--
ALTER TABLE `contenedor`
  ADD CONSTRAINT `id_cliente` FOREIGN KEY (`id_cliente`) REFERENCES `cliente` (`id`),
  ADD CONSTRAINT `id_lineanaviera` FOREIGN KEY (`id_lineanaviera`) REFERENCES `linea_naviera` (`id`),
  ADD CONSTRAINT `id_operador` FOREIGN KEY (`id_operador`) REFERENCES `operador` (`id`),
  ADD CONSTRAINT `id_puertodestino` FOREIGN KEY (`id_puertodestino`) REFERENCES `puerto_destino` (`id`),
  ADD CONSTRAINT `id_semana` FOREIGN KEY (`id_semana`) REFERENCES `semana` (`id`);

--
-- Filtros para la tabla `contenedor_valija`
--
ALTER TABLE `contenedor_valija`
  ADD CONSTRAINT `contenedor_id` FOREIGN KEY (`contenedor_id`) REFERENCES `contenedor` (`id`),
  ADD CONSTRAINT `valija_id` FOREIGN KEY (`valija_id`) REFERENCES `valija` (`id`);

--
-- Filtros para la tabla `emails`
--
ALTER TABLE `emails`
  ADD CONSTRAINT `cliente_id_email` FOREIGN KEY (`id_cliente`) REFERENCES `cliente` (`id`);

--
-- Filtros para la tabla `factura`
--
ALTER TABLE `factura`
  ADD CONSTRAINT `id_cliente_factura` FOREIGN KEY (`id_cliente`) REFERENCES `cliente` (`id`),
  ADD CONSTRAINT `id_estado_archivo_factura` FOREIGN KEY (`id_estado_archivo`) REFERENCES `estado_archivo` (`id`),
  ADD CONSTRAINT `id_semana_factura` FOREIGN KEY (`id_semana`) REFERENCES `semana` (`id`);

--
-- Filtros para la tabla `menu_opcion`
--
ALTER TABLE `menu_opcion`
  ADD CONSTRAINT `menu_id` FOREIGN KEY (`menu_id`) REFERENCES `menu` (`id`) ON DELETE CASCADE ON UPDATE CASCADE,
  ADD CONSTRAINT `opcionm_id` FOREIGN KEY (`opcion_id`) REFERENCES `opcion` (`id`) ON DELETE CASCADE ON UPDATE CASCADE;

--
-- Filtros para la tabla `movimientos`
--
ALTER TABLE `movimientos`
  ADD CONSTRAINT `id_contenedor` FOREIGN KEY (`id_contenedor`) REFERENCES `contenedor` (`id`),
  ADD CONSTRAINT `id_estado` FOREIGN KEY (`id_estado`) REFERENCES `estado` (`id`),
  ADD CONSTRAINT `id_usuario` FOREIGN KEY (`id_usuario`) REFERENCES `usuario` (`id`);

--
-- Filtros para la tabla `opcion_subopcion`
--
ALTER TABLE `opcion_subopcion`
  ADD CONSTRAINT `opcion_id` FOREIGN KEY (`opcion_id`) REFERENCES `opcion` (`id`) ON DELETE CASCADE ON UPDATE CASCADE,
  ADD CONSTRAINT `subopcion_id` FOREIGN KEY (`subopcion_id`) REFERENCES `subopcion` (`id`) ON DELETE CASCADE ON UPDATE CASCADE;

--
-- Filtros para la tabla `packing`
--
ALTER TABLE `packing`
  ADD CONSTRAINT `id_cliente_packing` FOREIGN KEY (`id_cliente`) REFERENCES `cliente` (`id`),
  ADD CONSTRAINT `id_estado_archivo_packing` FOREIGN KEY (`id_estado_archivo`) REFERENCES `estado_archivo` (`id`),
  ADD CONSTRAINT `id_semana_packing` FOREIGN KEY (`id_semana`) REFERENCES `semana` (`id`);

--
-- Filtros para la tabla `permiso_rol`
--
ALTER TABLE `permiso_rol`
  ADD CONSTRAINT `permiso_id` FOREIGN KEY (`permiso_id`) REFERENCES `permiso` (`id`) ON DELETE CASCADE ON UPDATE CASCADE,
  ADD CONSTRAINT `rol_id` FOREIGN KEY (`rol_id`) REFERENCES `rol` (`id`) ON DELETE CASCADE ON UPDATE CASCADE;

--
-- Filtros para la tabla `persona`
--
ALTER TABLE `persona`
  ADD CONSTRAINT `id_cargo` FOREIGN KEY (`id_cargo`) REFERENCES `cargo` (`id`);

--
-- Filtros para la tabla `puerto_destino`
--
ALTER TABLE `puerto_destino`
  ADD CONSTRAINT `ciudad_id` FOREIGN KEY (`id_ciudad`) REFERENCES `ciudad` (`id`);

--
-- Filtros para la tabla `rol`
--
ALTER TABLE `rol`
  ADD CONSTRAINT `id_menu` FOREIGN KEY (`id_menu`) REFERENCES `menu` (`id`) ON DELETE CASCADE ON UPDATE CASCADE;

--
-- Filtros para la tabla `semana`
--
ALTER TABLE `semana`
  ADD CONSTRAINT `id_anio` FOREIGN KEY (`id_anio`) REFERENCES `anio` (`id`);

--
-- Filtros para la tabla `usuario`
--
ALTER TABLE `usuario`
  ADD CONSTRAINT `id_persona` FOREIGN KEY (`id_persona`) REFERENCES `persona` (`id`) ON DELETE CASCADE ON UPDATE CASCADE,
  ADD CONSTRAINT `id_rol` FOREIGN KEY (`id_rol`) REFERENCES `rol` (`id`) ON DELETE CASCADE ON UPDATE CASCADE;

--
-- Filtros para la tabla `valija`
--
ALTER TABLE `valija`
  ADD CONSTRAINT `id_cliente_valija` FOREIGN KEY (`id_cliente`) REFERENCES `cliente` (`id`),
  ADD CONSTRAINT `id_estado_archivo_valija` FOREIGN KEY (`id_estado_archivo`) REFERENCES `estado_archivo` (`id`),
  ADD CONSTRAINT `id_semana_valija` FOREIGN KEY (`id_semana`) REFERENCES `semana` (`id`);

/*!40101 SET CHARACTER_SET_CLIENT=@OLD_CHARACTER_SET_CLIENT */;
/*!40101 SET CHARACTER_SET_RESULTS=@OLD_CHARACTER_SET_RESULTS */;
/*!40101 SET COLLATION_CONNECTION=@OLD_COLLATION_CONNECTION */;
