INSERT INTO `client`(id, nom, prenom, adresse, code_postal, ville, email, numero_fixe, numero_port, salt, hashed_password) VALUES (5, 'De Tinguy', 'Benjamin', '2 rue Joubert','75001','Paris','bdetinguy@gmail.com','01.45.27.97.33', '06.75.50.75.50', 'F1A65tgFWHEkxJtbBjVG','8c8c8a8c8a058c8a058a8c8a058a4b8c8a058a4bfa8c8a058a4bfad18c8a058a4bfad1d38c8a058a4bfad1d31f8c8a058a4bfad1d31f228c8a058a4bfad1d31f220b8c8a058a4bfad1d31f220b208c8a058a4bfad1d31f220b20998c8a058a4bfad1d31f220b2099788c8a058a4bfad1d31f220b2099787b8c8a058a4bfad1d31f220b2099787b1c8c8a058a4bfad1d31f220b2099787b1cf88c8a058a4bfad1d31f220b2099787b1cf8408c8a058a4bfad1d31f220b2099787b1cf840be8c8a058a4bfad1d31f220b2099787b1cf840be538c8a058a4bfad1d31f220b2099787b1cf840be53e68c8a058a4bfad1d31f220b2099787b1cf840be53e6698c8a058a4bfad1d31f220b2099787b1cf840be53e669988c8a058a4bfad1d31f220b2099787b1cf840be53e669983d8c8a058a4bfad1d31f220b2099787b1cf840be53e669983dce8c8a058a4bfad1d31f220b2099787b1cf840be53e669983dce708c8a058a4bfad1d31f220b2099787b1cf840be53e669983dce703b8c8a058a4bfad1d31f220b2099787b1cf840be53e669983dce703bd88c8a058a4bfad1d31f220b2099787b1cf840be53e669983dce703bd8e88c8a058a4bfad1d31f220b2099787b1cf840be53e669983dce703bd8e8768c8a058a4bfad1d31f220b2099787b1cf840be53e669983dce703bd8e876598c8a058a4bfad1d31f220b2099787b1cf840be53e669983dce703bd8e87659dd');
INSERT INTO `client`(id, nom, prenom, adresse, code_postal, ville, email, numero_fixe, numero_port, salt, hashed_password) VALUES (6, 'Rondal', 'Pierre', '26 Rue Montparnasse','75014','Paris','p.rondal@gmail.com','01.38.23.68.74', '06.28.48.37.18', '9qznHeVPudLg68G34AFy','a3a33ca33cc3a33cc32aa33cc32a49a33cc32a4970a33cc32a49700ba33cc32a49700b2aa33cc32a49700b2acba33cc32a49700b2acb97a33cc32a49700b2acb972aa33cc32a49700b2acb972a58a33cc32a49700b2acb972a58e4a33cc32a49700b2acb972a58e4e7a33cc32a49700b2acb972a58e4e757a33cc32a49700b2acb972a58e4e757c4a33cc32a49700b2acb972a58e4e757c4d6a33cc32a49700b2acb972a58e4e757c4d632a33cc32a49700b2acb972a58e4e757c4d632eca33cc32a49700b2acb972a58e4e757c4d632eceda33cc32a49700b2acb972a58e4e757c4d632eced7ea33cc32a49700b2acb972a58e4e757c4d632eced7ecba33cc32a49700b2acb972a58e4e757c4d632eced7ecbbda33cc32a49700b2acb972a58e4e757c4d632eced7ecbbd88a33cc32a49700b2acb972a58e4e757c4d632eced7ecbbd8894a33cc32a49700b2acb972a58e4e757c4d632eced7ecbbd8894f4a33cc32a49700b2acb972a58e4e757c4d632eced7ecbbd8894f4faa33cc32a49700b2acb972a58e4e757c4d632eced7ecbbd8894f4fa8fa33cc32a49700b2acb972a58e4e757c4d632eced7ecbbd8894f4fa8f41a33cc32a49700b2acb972a58e4e757c4d632eced7ecbbd8894f4fa8f41f9a33cc32a49700b2acb972a58e4e757c4d632eced7ecbbd8894f4fa8f41f978a33cc32a49700b2acb972a58e4e757c4d632eced7ecbbd8894f4fa8f41f97802');
INSERT INTO `client`(id, nom, prenom, adresse, code_postal, ville, email, numero_fixe, numero_port, salt, hashed_password) VALUES (7, 'Dupuis', 'Sébastien', '25 Rue du Parc','78000','Versailles','s.dupuis@gmail.com','01.85.85.58.23', '06.85.85.58.55', '26LWKBIjh1YI2WnXrx8H','c3c3d3c3d385c3d385a9c3d385a9dfc3d385a9df54c3d385a9df547bc3d385a9df547b4ec3d385a9df547b4e59c3d385a9df547b4e5991c3d385a9df547b4e599131c3d385a9df547b4e5991312cc3d385a9df547b4e5991312cd0c3d385a9df547b4e5991312cd02ac3d385a9df547b4e5991312cd02aaec3d385a9df547b4e5991312cd02aae02c3d385a9df547b4e5991312cd02aae0201c3d385a9df547b4e5991312cd02aae0201bfc3d385a9df547b4e5991312cd02aae0201bf9ac3d385a9df547b4e5991312cd02aae0201bf9a20c3d385a9df547b4e5991312cd02aae0201bf9a20f0c3d385a9df547b4e5991312cd02aae0201bf9a20f0efc3d385a9df547b4e5991312cd02aae0201bf9a20f0ef38c3d385a9df547b4e5991312cd02aae0201bf9a20f0ef385cc3d385a9df547b4e5991312cd02aae0201bf9a20f0ef385c99c3d385a9df547b4e5991312cd02aae0201bf9a20f0ef385c996fc3d385a9df547b4e5991312cd02aae0201bf9a20f0ef385c996fbfc3d385a9df547b4e5991312cd02aae0201bf9a20f0ef385c996fbfb8c3d385a9df547b4e5991312cd02aae0201bf9a20f0ef385c996fbfb87fc3d385a9df547b4e5991312cd02aae0201bf9a20f0ef385c996fbfb87f84c3d385a9df547b4e5991312cd02aae0201bf9a20f0ef385c996fbfb87f84ccc3d385a9df547b4e5991312cd02aae0201bf9a20f0ef385c996fbfb87f84ccf5');
INSERT INTO `client`(id, nom, prenom, adresse, code_postal, ville, email, numero_fixe, numero_port, salt, hashed_password) VALUES (8, 'Marchand', 'Claire', '28 Rue de la République','13001','Marseille','c.marchand@gmail.com','04.01.65.41.12', '06.08.57.03.09', 'HTfZGGjheYln2eCLCwXE','6565f065f01665f016f565f016f50665f016f5067e65f016f5067ecb65f016f5067ecb4365f016f5067ecb43f765f016f5067ecb43f7d365f016f5067ecb43f7d34f65f016f5067ecb43f7d34fff65f016f5067ecb43f7d34fff6565f016f5067ecb43f7d34fff65fe65f016f5067ecb43f7d34fff65fe6465f016f5067ecb43f7d34fff65fe648765f016f5067ecb43f7d34fff65fe64873965f016f5067ecb43f7d34fff65fe648739ef65f016f5067ecb43f7d34fff65fe648739eff965f016f5067ecb43f7d34fff65fe648739eff97965f016f5067ecb43f7d34fff65fe648739eff979b765f016f5067ecb43f7d34fff65fe648739eff979b7d565f016f5067ecb43f7d34fff65fe648739eff979b7d59b65f016f5067ecb43f7d34fff65fe648739eff979b7d59b9a65f016f5067ecb43f7d34fff65fe648739eff979b7d59b9a6665f016f5067ecb43f7d34fff65fe648739eff979b7d59b9a66eb65f016f5067ecb43f7d34fff65fe648739eff979b7d59b9a66ebea65f016f5067ecb43f7d34fff65fe648739eff979b7d59b9a66ebea1d65f016f5067ecb43f7d34fff65fe648739eff979b7d59b9a66ebea1daa65f016f5067ecb43f7d34fff65fe648739eff979b7d59b9a66ebea1daa1465f016f5067ecb43f7d34fff65fe648739eff979b7d59b9a66ebea1daa140e65f016f5067ecb43f7d34fff65fe648739eff979b7d59b9a66ebea1daa140e0a');
INSERT INTO `client`(id, nom, prenom, adresse, code_postal, ville, email, numero_fixe, numero_port, salt, hashed_password) VALUES (9, 'Dupond', 'Michel', '2 Rue du Général Leclerc','75013','Paris','m.dupond@gmail.com','01.85.15.18.23', '06.15.15.28.85', 'f9TzykM041kycu6ZNyoL','c3c3abc3abfbc3abfb7ec3abfb7ee7c3abfb7ee7a3c3abfb7ee7a36dc3abfb7ee7a36d1fc3abfb7ee7a36d1f4cc3abfb7ee7a36d1f4cf6c3abfb7ee7a36d1f4cf6fec3abfb7ee7a36d1f4cf6fed3c3abfb7ee7a36d1f4cf6fed3e5c3abfb7ee7a36d1f4cf6fed3e55dc3abfb7ee7a36d1f4cf6fed3e55dacc3abfb7ee7a36d1f4cf6fed3e55dac14c3abfb7ee7a36d1f4cf6fed3e55dac1447c3abfb7ee7a36d1f4cf6fed3e55dac144759c3abfb7ee7a36d1f4cf6fed3e55dac1447595cc3abfb7ee7a36d1f4cf6fed3e55dac1447595c02c3abfb7ee7a36d1f4cf6fed3e55dac1447595c0245c3abfb7ee7a36d1f4cf6fed3e55dac1447595c024521c3abfb7ee7a36d1f4cf6fed3e55dac1447595c0245217bc3abfb7ee7a36d1f4cf6fed3e55dac1447595c0245217becc3abfb7ee7a36d1f4cf6fed3e55dac1447595c0245217bec78c3abfb7ee7a36d1f4cf6fed3e55dac1447595c0245217bec78ebc3abfb7ee7a36d1f4cf6fed3e55dac1447595c0245217bec78ebefc3abfb7ee7a36d1f4cf6fed3e55dac1447595c0245217bec78ebefb9c3abfb7ee7a36d1f4cf6fed3e55dac1447595c0245217bec78ebefb920c3abfb7ee7a36d1f4cf6fed3e55dac1447595c0245217bec78ebefb9209ac3abfb7ee7a36d1f4cf6fed3e55dac1447595c0245217bec78ebefb9209affc3abfb7ee7a36d1f4cf6fed3e55dac1447595c0245217bec78ebefb9209aff5a');
INSERT INTO `client`(id, nom, prenom, adresse, code_postal, ville, email, numero_fixe, numero_port, salt, hashed_password) VALUES (10, 'Martin', 'Léo', '12 Rue Joubert','75001','Paris','l.martin@gmail.com','01.85.86.56.63', '06.65.86.28.55', 'nUZLu0G2Ah6j7qw0aeP4','efeff9eff959eff9590ceff9590cd4eff9590cd4d2eff9590cd4d207eff9590cd4d207b8eff9590cd4d207b8b2eff9590cd4d207b8b25beff9590cd4d207b8b25be1eff9590cd4d207b8b25be122eff9590cd4d207b8b25be122b6eff9590cd4d207b8b25be122b61deff9590cd4d207b8b25be122b61dcfeff9590cd4d207b8b25be122b61dcfb4eff9590cd4d207b8b25be122b61dcfb47aeff9590cd4d207b8b25be122b61dcfb47ae1eff9590cd4d207b8b25be122b61dcfb47ae19eeff9590cd4d207b8b25be122b61dcfb47ae19e79eff9590cd4d207b8b25be122b61dcfb47ae19e79c6eff9590cd4d207b8b25be122b61dcfb47ae19e79c601eff9590cd4d207b8b25be122b61dcfb47ae19e79c601b3eff9590cd4d207b8b25be122b61dcfb47ae19e79c601b30deff9590cd4d207b8b25be122b61dcfb47ae19e79c601b30d15eff9590cd4d207b8b25be122b61dcfb47ae19e79c601b30d15feeff9590cd4d207b8b25be122b61dcfb47ae19e79c601b30d15fe7feff9590cd4d207b8b25be122b61dcfb47ae19e79c601b30d15fe7ff3eff9590cd4d207b8b25be122b61dcfb47ae19e79c601b30d15fe7ff340eff9590cd4d207b8b25be122b61dcfb47ae19e79c601b30d15fe7ff34052eff9590cd4d207b8b25be122b61dcfb47ae19e79c601b30d15fe7ff340527beff9590cd4d207b8b25be122b61dcfb47ae19e79c601b30d15fe7ff340527b73');
INSERT INTO `client`(id, nom, prenom, adresse, code_postal, ville, email, numero_fixe, numero_port, salt, hashed_password) VALUES (11, 'Petit', 'Martin', '28 Allée des Dames','69001','Lyon','m.petit@gmail.com','04.85.22.28.24', '06.85.65.78.98', '1qnIVsC7Wa4NfGZHnmVQ','e5e52ae52ad0e52ad00ee52ad00e29e52ad00e297ee52ad00e297eaee52ad00e297eae32e52ad00e297eae323be52ad00e297eae323bf9e52ad00e297eae323bf9f2e52ad00e297eae323bf9f2afe52ad00e297eae323bf9f2af75e52ad00e297eae323bf9f2af7582e52ad00e297eae323bf9f2af7582aee52ad00e297eae323bf9f2af7582aec6e52ad00e297eae323bf9f2af7582aec6a4e52ad00e297eae323bf9f2af7582aec6a41ae52ad00e297eae323bf9f2af7582aec6a41a5ae52ad00e297eae323bf9f2af7582aec6a41a5acee52ad00e297eae323bf9f2af7582aec6a41a5ace05e52ad00e297eae323bf9f2af7582aec6a41a5ace05a4e52ad00e297eae323bf9f2af7582aec6a41a5ace05a476e52ad00e297eae323bf9f2af7582aec6a41a5ace05a476c0e52ad00e297eae323bf9f2af7582aec6a41a5ace05a476c013e52ad00e297eae323bf9f2af7582aec6a41a5ace05a476c0136fe52ad00e297eae323bf9f2af7582aec6a41a5ace05a476c0136faae52ad00e297eae323bf9f2af7582aec6a41a5ace05a476c0136faa96e52ad00e297eae323bf9f2af7582aec6a41a5ace05a476c0136faa9693e52ad00e297eae323bf9f2af7582aec6a41a5ace05a476c0136faa969388e52ad00e297eae323bf9f2af7582aec6a41a5ace05a476c0136faa96938854e52ad00e297eae323bf9f2af7582aec6a41a5ace05a476c0136faa96938854fc');
INSERT INTO `client`(id, nom, prenom, adresse, code_postal, ville, email, numero_fixe, numero_port, salt, hashed_password) VALUES (12, 'Bernard', 'Michel', '8 Allée des Roseaux','33100','Bordeaux','m.bernard@gmail.com','05.85.35.53.33', '06.97.75.87.69', 'ooFwDxac2QIbMCe0P8P5','1717a117a1f117a1f10217a1f1021417a1f10214c617a1f10214c69717a1f10214c6973217a1f10214c697324917a1f10214c69732498217a1f10214c6973249823717a1f10214c69732498237dd17a1f10214c69732498237ddb317a1f10214c69732498237ddb34717a1f10214c69732498237ddb347dc17a1f10214c69732498237ddb347dc4317a1f10214c69732498237ddb347dc434e17a1f10214c69732498237ddb347dc434eaa17a1f10214c69732498237ddb347dc434eaa1b17a1f10214c69732498237ddb347dc434eaa1b1917a1f10214c69732498237ddb347dc434eaa1b191c17a1f10214c69732498237ddb347dc434eaa1b191c3d17a1f10214c69732498237ddb347dc434eaa1b191c3dd117a1f10214c69732498237ddb347dc434eaa1b191c3dd12617a1f10214c69732498237ddb347dc434eaa1b191c3dd1266c17a1f10214c69732498237ddb347dc434eaa1b191c3dd1266c2a17a1f10214c69732498237ddb347dc434eaa1b191c3dd1266c2a1617a1f10214c69732498237ddb347dc434eaa1b191c3dd1266c2a164c17a1f10214c69732498237ddb347dc434eaa1b191c3dd1266c2a164ce317a1f10214c69732498237ddb347dc434eaa1b191c3dd1266c2a164ce36117a1f10214c69732498237ddb347dc434eaa1b191c3dd1266c2a164ce3618f17a1f10214c69732498237ddb347dc434eaa1b191c3dd1266c2a164ce3618f7b');
INSERT INTO `client`(id, nom, prenom, adresse, code_postal, ville, email, numero_fixe, numero_port, salt, hashed_password) VALUES (13, 'Thomas', 'Jules', '28 Allée Verte','75012','Paris','j.thomas@gmail.com','01.85.45.48.24', '06.12.23.34.45', 'PlGypMQCREODxcPotbzX','2020e920e9d220e9d2de20e9d2dedb20e9d2dedbad20e9d2dedbad0120e9d2dedbad01f320e9d2dedbad01f30b20e9d2dedbad01f30b5120e9d2dedbad01f30b512420e9d2dedbad01f30b51243120e9d2dedbad01f30b512431d920e9d2dedbad01f30b512431d9c020e9d2dedbad01f30b512431d9c07220e9d2dedbad01f30b512431d9c072e520e9d2dedbad01f30b512431d9c072e50420e9d2dedbad01f30b512431d9c072e504ad20e9d2dedbad01f30b512431d9c072e504ad4820e9d2dedbad01f30b512431d9c072e504ad488720e9d2dedbad01f30b512431d9c072e504ad48875920e9d2dedbad01f30b512431d9c072e504ad488759c720e9d2dedbad01f30b512431d9c072e504ad488759c7e520e9d2dedbad01f30b512431d9c072e504ad488759c7e55420e9d2dedbad01f30b512431d9c072e504ad488759c7e554cf20e9d2dedbad01f30b512431d9c072e504ad488759c7e554cffd20e9d2dedbad01f30b512431d9c072e504ad488759c7e554cffd4e20e9d2dedbad01f30b512431d9c072e504ad488759c7e554cffd4e8220e9d2dedbad01f30b512431d9c072e504ad488759c7e554cffd4e825f20e9d2dedbad01f30b512431d9c072e504ad488759c7e554cffd4e825fd220e9d2dedbad01f30b512431d9c072e504ad488759c7e554cffd4e825fd25420e9d2dedbad01f30b512431d9c072e504ad488759c7e554cffd4e825fd2548e');
INSERT INTO `client`(id, nom, prenom, adresse, code_postal, ville, email, numero_fixe, numero_port, salt, hashed_password) VALUES (14, 'Martin', 'Christelle', '5 Rue Vivaldi','31100','Toulouse','c.martin@gmail.com','05.85.55.18.13', '06.45.12.11.95', 'zYfOENZ8zz6VzPs7S1cr','0000a100a1c800a1c8f800a1c8f8a800a1c8f8a8ce00a1c8f8a8cead00a1c8f8a8cead8500a1c8f8a8cead856e00a1c8f8a8cead856edd00a1c8f8a8cead856edd5200a1c8f8a8cead856edd52a900a1c8f8a8cead856edd52a97000a1c8f8a8cead856edd52a970d400a1c8f8a8cead856edd52a970d48f00a1c8f8a8cead856edd52a970d48f6900a1c8f8a8cead856edd52a970d48f692700a1c8f8a8cead856edd52a970d48f69272200a1c8f8a8cead856edd52a970d48f6927224c00a1c8f8a8cead856edd52a970d48f6927224c2900a1c8f8a8cead856edd52a970d48f6927224c292500a1c8f8a8cead856edd52a970d48f6927224c29257800a1c8f8a8cead856edd52a970d48f6927224c2925788c00a1c8f8a8cead856edd52a970d48f6927224c2925788ced00a1c8f8a8cead856edd52a970d48f6927224c2925788cedb600a1c8f8a8cead856edd52a970d48f6927224c2925788cedb66500a1c8f8a8cead856edd52a970d48f6927224c2925788cedb6653800a1c8f8a8cead856edd52a970d48f6927224c2925788cedb665387f00a1c8f8a8cead856edd52a970d48f6927224c2925788cedb665387f6400a1c8f8a8cead856edd52a970d48f6927224c2925788cedb665387f64d800a1c8f8a8cead856edd52a970d48f6927224c2925788cedb665387f64d89c00a1c8f8a8cead856edd52a970d48f6927224c2925788cedb665387f64d89cf5');
INSERT INTO `client`(id, nom, prenom, adresse, code_postal, ville, email, numero_fixe, numero_port, salt, hashed_password) VALUES (15, 'Prevost', 'Pierre', '8 Avenue Mozart','75005','Paris','p.prevost@gmail.com','01.85.12.13.33', '06.12.13.14.69', 'GXSsNPGafbhD7kg2OCNi','6f6f706f70346f7034076f7034073d6f7034073dd36f7034073dd32b6f7034073dd32bdf6f7034073dd32bdfd26f7034073dd32bdfd2226f7034073dd32bdfd222f26f7034073dd32bdfd222f2296f7034073dd32bdfd222f229776f7034073dd32bdfd222f22977d16f7034073dd32bdfd222f22977d1c26f7034073dd32bdfd222f22977d1c2256f7034073dd32bdfd222f22977d1c2258c6f7034073dd32bdfd222f22977d1c2258c386f7034073dd32bdfd222f22977d1c2258c38196f7034073dd32bdfd222f22977d1c2258c38199a6f7034073dd32bdfd222f22977d1c2258c38199aa86f7034073dd32bdfd222f22977d1c2258c38199aa83d6f7034073dd32bdfd222f22977d1c2258c38199aa83dae6f7034073dd32bdfd222f22977d1c2258c38199aa83dae976f7034073dd32bdfd222f22977d1c2258c38199aa83dae97056f7034073dd32bdfd222f22977d1c2258c38199aa83dae9705ac6f7034073dd32bdfd222f22977d1c2258c38199aa83dae9705ac9e6f7034073dd32bdfd222f22977d1c2258c38199aa83dae9705ac9ea86f7034073dd32bdfd222f22977d1c2258c38199aa83dae9705ac9ea8136f7034073dd32bdfd222f22977d1c2258c38199aa83dae9705ac9ea813176f7034073dd32bdfd222f22977d1c2258c38199aa83dae9705ac9ea81317916f7034073dd32bdfd222f22977d1c2258c38199aa83dae9705ac9ea813179162');
INSERT INTO `client`(id, nom, prenom, adresse, code_postal, ville, email, numero_fixe, numero_port, salt, hashed_password) VALUES (16, 'Charpentier', 'Jocelyne', '28 Rue Chopin','13003','Marseille','j.charpentier@gmail.com','04.85.12.06.24', '06.06.23.74.45', 'VBRH5PIJOkOhKE2INPn3','3a3a8c3a8c503a8c50853a8c5085af3a8c5085af813a8c5085af81623a8c5085af8162e33a8c5085af8162e3b83a8c5085af8162e3b8d43a8c5085af8162e3b8d4bc3a8c5085af8162e3b8d4bc943a8c5085af8162e3b8d4bc94a53a8c5085af8162e3b8d4bc94a5bb3a8c5085af8162e3b8d4bc94a5bbad3a8c5085af8162e3b8d4bc94a5bbad873a8c5085af8162e3b8d4bc94a5bbad87873a8c5085af8162e3b8d4bc94a5bbad87878c3a8c5085af8162e3b8d4bc94a5bbad87878cf73a8c5085af8162e3b8d4bc94a5bbad87878cf7a23a8c5085af8162e3b8d4bc94a5bbad87878cf7a2863a8c5085af8162e3b8d4bc94a5bbad87878cf7a286623a8c5085af8162e3b8d4bc94a5bbad87878cf7a28662363a8c5085af8162e3b8d4bc94a5bbad87878cf7a2866236ad3a8c5085af8162e3b8d4bc94a5bbad87878cf7a2866236ad2b3a8c5085af8162e3b8d4bc94a5bbad87878cf7a2866236ad2b053a8c5085af8162e3b8d4bc94a5bbad87878cf7a2866236ad2b056f3a8c5085af8162e3b8d4bc94a5bbad87878cf7a2866236ad2b056f993a8c5085af8162e3b8d4bc94a5bbad87878cf7a2866236ad2b056f998d3a8c5085af8162e3b8d4bc94a5bbad87878cf7a2866236ad2b056f998d603a8c5085af8162e3b8d4bc94a5bbad87878cf7a2866236ad2b056f998d607c3a8c5085af8162e3b8d4bc94a5bbad87878cf7a2866236ad2b056f998d607c88');
INSERT INTO `client`(id, nom, prenom, adresse, code_postal, ville, email, numero_fixe, numero_port, salt, hashed_password) VALUES (17, 'Germain', 'Lisa', '15 Boulevard du Crépuscule','33100','Bordeaux','l.germain@gmail.com','05.85.15.28.13', '04.85.15.28.13', 'GPB6CT6FX9XjU6e1Sayc','7272ed72edbe72edbebb72edbebb6a72edbebb6af472edbebb6af49572edbebb6af4957472edbebb6af49574fc72edbebb6af49574fcf472edbebb6af49574fcf45b72edbebb6af49574fcf45b7072edbebb6af49574fcf45b702572edbebb6af49574fcf45b70250772edbebb6af49574fcf45b7025074a72edbebb6af49574fcf45b7025074aed72edbebb6af49574fcf45b7025074aedde72edbebb6af49574fcf45b7025074aedde8772edbebb6af49574fcf45b7025074aedde879572edbebb6af49574fcf45b7025074aedde87952f72edbebb6af49574fcf45b7025074aedde87952f9f72edbebb6af49574fcf45b7025074aedde87952f9fc472edbebb6af49574fcf45b7025074aedde87952f9fc4ad72edbebb6af49574fcf45b7025074aedde87952f9fc4ad0472edbebb6af49574fcf45b7025074aedde87952f9fc4ad044c72edbebb6af49574fcf45b7025074aedde87952f9fc4ad044cad72edbebb6af49574fcf45b7025074aedde87952f9fc4ad044cad0a72edbebb6af49574fcf45b7025074aedde87952f9fc4ad044cad0ab972edbebb6af49574fcf45b7025074aedde87952f9fc4ad044cad0ab92372edbebb6af49574fcf45b7025074aedde87952f9fc4ad044cad0ab9239972edbebb6af49574fcf45b7025074aedde87952f9fc4ad044cad0ab923996f72edbebb6af49574fcf45b7025074aedde87952f9fc4ad044cad0ab923996fdb');
INSERT INTO `client`(id, nom, prenom, adresse, code_postal, ville, email, numero_fixe, numero_port, salt, hashed_password) VALUES (18, 'Breton', 'Sophie', '8 Allée Beethoven','69001','Lyon','s.breton@gmail.com','04.85.19.17.33', '06.77.05.87.09', 'bnTKFBK9cIAsiT0HxJPJ','c5c517c517a7c517a7b9c517a7b955c517a7b95526c517a7b95526cac517a7b95526caa0c517a7b95526caa07dc517a7b95526caa07d70c517a7b95526caa07d7080c517a7b95526caa07d7080eac517a7b95526caa07d7080eaa1c517a7b95526caa07d7080eaa1aac517a7b95526caa07d7080eaa1aaa8c517a7b95526caa07d7080eaa1aaa887c517a7b95526caa07d7080eaa1aaa887f0c517a7b95526caa07d7080eaa1aaa887f0efc517a7b95526caa07d7080eaa1aaa887f0ef3bc517a7b95526caa07d7080eaa1aaa887f0ef3bc7c517a7b95526caa07d7080eaa1aaa887f0ef3bc7cfc517a7b95526caa07d7080eaa1aaa887f0ef3bc7cfa5c517a7b95526caa07d7080eaa1aaa887f0ef3bc7cfa547c517a7b95526caa07d7080eaa1aaa887f0ef3bc7cfa54784c517a7b95526caa07d7080eaa1aaa887f0ef3bc7cfa5478466c517a7b95526caa07d7080eaa1aaa887f0ef3bc7cfa54784660fc517a7b95526caa07d7080eaa1aaa887f0ef3bc7cfa54784660f85c517a7b95526caa07d7080eaa1aaa887f0ef3bc7cfa54784660f853ac517a7b95526caa07d7080eaa1aaa887f0ef3bc7cfa54784660f853a03c517a7b95526caa07d7080eaa1aaa887f0ef3bc7cfa54784660f853a0354c517a7b95526caa07d7080eaa1aaa887f0ef3bc7cfa54784660f853a035448c517a7b95526caa07d7080eaa1aaa887f0ef3bc7cfa54784660f853a035448fe');
INSERT INTO `client`(id, nom, prenom, adresse, code_postal, ville, email, numero_fixe, numero_port, salt, hashed_password) VALUES (19, 'Dumas', 'Sonia', '47 Rue de la Galcière','75013','Paris','s.dumas@gmail.com','01.45.45.48.24', '06.87.47.14.59', 'gfd4Bgbu42iqjOotOJzK','1e1e741e74281e7428541e742854de1e742854dee81e742854dee80f1e742854dee80fba1e742854dee80fbade1e742854dee80fbadee71e742854dee80fbadee7a11e742854dee80fbadee7a1341e742854dee80fbadee7a1348b1e742854dee80fbadee7a1348bed1e742854dee80fbadee7a1348bedda1e742854dee80fbadee7a1348beddae91e742854dee80fbadee7a1348beddae93b1e742854dee80fbadee7a1348beddae93b861e742854dee80fbadee7a1348beddae93b86861e742854dee80fbadee7a1348beddae93b86869d1e742854dee80fbadee7a1348beddae93b86869d051e742854dee80fbadee7a1348beddae93b86869d058e1e742854dee80fbadee7a1348beddae93b86869d058e8c1e742854dee80fbadee7a1348beddae93b86869d058e8c0f1e742854dee80fbadee7a1348beddae93b86869d058e8c0f121e742854dee80fbadee7a1348beddae93b86869d058e8c0f12901e742854dee80fbadee7a1348beddae93b86869d058e8c0f1290b01e742854dee80fbadee7a1348beddae93b86869d058e8c0f1290b0a91e742854dee80fbadee7a1348beddae93b86869d058e8c0f1290b0a9101e742854dee80fbadee7a1348beddae93b86869d058e8c0f1290b0a9109f1e742854dee80fbadee7a1348beddae93b86869d058e8c0f1290b0a9109f351e742854dee80fbadee7a1348beddae93b86869d058e8c0f1290b0a9109f3582');
INSERT INTO `client`(id, nom, prenom, adresse, code_postal, ville, email, numero_fixe, numero_port, salt, hashed_password) VALUES (20, 'Zablot', 'Julien', '30 Rue Danielle Casanova','75004','Paris','j.zablot@gmail.com','01.45.45.48.24', '06.12.23.34.45', 'p6mU5OMDkLqdzq9kKZ5g','fefe09fe0971fe097170fe09717051fe09717051a1fe09717051a17efe09717051a17e17fe09717051a17e1753fe09717051a17e17538ffe09717051a17e17538f0bfe09717051a17e17538f0b8cfe09717051a17e17538f0b8cd5fe09717051a17e17538f0b8cd5cdfe09717051a17e17538f0b8cd5cdeefe09717051a17e17538f0b8cd5cdee2cfe09717051a17e17538f0b8cd5cdee2c73fe09717051a17e17538f0b8cd5cdee2c735ffe09717051a17e17538f0b8cd5cdee2c735f65fe09717051a17e17538f0b8cd5cdee2c735f651dfe09717051a17e17538f0b8cd5cdee2c735f651d7dfe09717051a17e17538f0b8cd5cdee2c735f651d7d78fe09717051a17e17538f0b8cd5cdee2c735f651d7d7857fe09717051a17e17538f0b8cd5cdee2c735f651d7d785726fe09717051a17e17538f0b8cd5cdee2c735f651d7d78572631fe09717051a17e17538f0b8cd5cdee2c735f651d7d7857263154fe09717051a17e17538f0b8cd5cdee2c735f651d7d7857263154a3fe09717051a17e17538f0b8cd5cdee2c735f651d7d7857263154a3a7fe09717051a17e17538f0b8cd5cdee2c735f651d7d7857263154a3a797fe09717051a17e17538f0b8cd5cdee2c735f651d7d7857263154a3a7971cfe09717051a17e17538f0b8cd5cdee2c735f651d7d7857263154a3a7971c46fe09717051a17e17538f0b8cd5cdee2c735f651d7d7857263154a3a7971c4617');
INSERT INTO `client`(id, nom, prenom, adresse, code_postal, ville, email, numero_fixe, numero_port, salt, hashed_password) VALUES (21, 'Chauvet', 'Benoît', '42 Avenue du talentueux guitariste','42000','Saint-Etienne','b.chauvet@afcepf.fr','01.42.42.42.42', '06.42.42.42.42', 'sRNK9QsilQ4MpKgHUJ2g','07073a073a96073a963a073a963acb073a963acb22073a963acb223e073a963acb223e0e073a963acb223e0e45073a963acb223e0e458c073a963acb223e0e458c32073a963acb223e0e458c320e073a963acb223e0e458c320e68073a963acb223e0e458c320e6802073a963acb223e0e458c320e680273073a963acb223e0e458c320e6802736f073a963acb223e0e458c320e6802736fed073a963acb223e0e458c320e6802736fed5b073a963acb223e0e458c320e6802736fed5bc0073a963acb223e0e458c320e6802736fed5bc0be073a963acb223e0e458c320e6802736fed5bc0beaa073a963acb223e0e458c320e6802736fed5bc0beaa16073a963acb223e0e458c320e6802736fed5bc0beaa16c0073a963acb223e0e458c320e6802736fed5bc0beaa16c023073a963acb223e0e458c320e6802736fed5bc0beaa16c023bb073a963acb223e0e458c320e6802736fed5bc0beaa16c023bb43073a963acb223e0e458c320e6802736fed5bc0beaa16c023bb4398073a963acb223e0e458c320e6802736fed5bc0beaa16c023bb43989a073a963acb223e0e458c320e6802736fed5bc0beaa16c023bb43989a09073a963acb223e0e458c320e6802736fed5bc0beaa16c023bb43989a0981073a963acb223e0e458c320e6802736fed5bc0beaa16c023bb43989a098130073a963acb223e0e458c320e6802736fed5bc0beaa16c023bb43989a09813072');
INSERT INTO `client`(id, nom, prenom, adresse, code_postal, ville, email, numero_fixe, numero_port, salt, hashed_password) VALUES (22, 'de Mijolla', 'Thibaud', '9 boulevard du Général de Gaulle','92120','Montrouge','t.demijolla@afcepf.fr','01.73.00.70.80', '06.07.08.09.01', 'sRNK9QsilQ4MpKgHUJ2g','07073a073a96073a963a073a963acb073a963acb22073a963acb223e073a963acb223e0e073a963acb223e0e45073a963acb223e0e458c073a963acb223e0e458c32073a963acb223e0e458c320e073a963acb223e0e458c320e68073a963acb223e0e458c320e6802073a963acb223e0e458c320e680273073a963acb223e0e458c320e6802736f073a963acb223e0e458c320e6802736fed073a963acb223e0e458c320e6802736fed5b073a963acb223e0e458c320e6802736fed5bc0073a963acb223e0e458c320e6802736fed5bc0be073a963acb223e0e458c320e6802736fed5bc0beaa073a963acb223e0e458c320e6802736fed5bc0beaa16073a963acb223e0e458c320e6802736fed5bc0beaa16c0073a963acb223e0e458c320e6802736fed5bc0beaa16c023073a963acb223e0e458c320e6802736fed5bc0beaa16c023bb073a963acb223e0e458c320e6802736fed5bc0beaa16c023bb43073a963acb223e0e458c320e6802736fed5bc0beaa16c023bb4398073a963acb223e0e458c320e6802736fed5bc0beaa16c023bb43989a073a963acb223e0e458c320e6802736fed5bc0beaa16c023bb43989a09073a963acb223e0e458c320e6802736fed5bc0beaa16c023bb43989a0981073a963acb223e0e458c320e6802736fed5bc0beaa16c023bb43989a098130073a963acb223e0e458c320e6802736fed5bc0beaa16c023bb43989a09813072');
INSERT INTO `client`(id, nom, prenom, adresse, code_postal, ville, email, numero_fixe, numero_port, salt, hashed_password) VALUES (23, 'Mbengue', 'Mohamadou', '9 boulevard du Général de Gaulle','92120','Montrouge','m.mbengue@afcepf.fr','01.73.00.70.80', '06.07.08.09.02', 'sRNK9QsilQ4MpKgHUJ2g','07073a073a96073a963a073a963acb073a963acb22073a963acb223e073a963acb223e0e073a963acb223e0e45073a963acb223e0e458c073a963acb223e0e458c32073a963acb223e0e458c320e073a963acb223e0e458c320e68073a963acb223e0e458c320e6802073a963acb223e0e458c320e680273073a963acb223e0e458c320e6802736f073a963acb223e0e458c320e6802736fed073a963acb223e0e458c320e6802736fed5b073a963acb223e0e458c320e6802736fed5bc0073a963acb223e0e458c320e6802736fed5bc0be073a963acb223e0e458c320e6802736fed5bc0beaa073a963acb223e0e458c320e6802736fed5bc0beaa16073a963acb223e0e458c320e6802736fed5bc0beaa16c0073a963acb223e0e458c320e6802736fed5bc0beaa16c023073a963acb223e0e458c320e6802736fed5bc0beaa16c023bb073a963acb223e0e458c320e6802736fed5bc0beaa16c023bb43073a963acb223e0e458c320e6802736fed5bc0beaa16c023bb4398073a963acb223e0e458c320e6802736fed5bc0beaa16c023bb43989a073a963acb223e0e458c320e6802736fed5bc0beaa16c023bb43989a09073a963acb223e0e458c320e6802736fed5bc0beaa16c023bb43989a0981073a963acb223e0e458c320e6802736fed5bc0beaa16c023bb43989a098130073a963acb223e0e458c320e6802736fed5bc0beaa16c023bb43989a09813072');
INSERT INTO `client`(id, nom, prenom, adresse, code_postal, ville, email, numero_fixe, numero_port, salt, hashed_password) VALUES (24, 'Defrance', 'Didier', '9 boulevard du Général de Gaulle','92120','Montrouge','d.defrance@afcepf.fr','01.73.00.70.80', '06.07.08.09.0.', 'sRNK9QsilQ4MpKgHUJ2g','07073a073a96073a963a073a963acb073a963acb22073a963acb223e073a963acb223e0e073a963acb223e0e45073a963acb223e0e458c073a963acb223e0e458c32073a963acb223e0e458c320e073a963acb223e0e458c320e68073a963acb223e0e458c320e6802073a963acb223e0e458c320e680273073a963acb223e0e458c320e6802736f073a963acb223e0e458c320e6802736fed073a963acb223e0e458c320e6802736fed5b073a963acb223e0e458c320e6802736fed5bc0073a963acb223e0e458c320e6802736fed5bc0be073a963acb223e0e458c320e6802736fed5bc0beaa073a963acb223e0e458c320e6802736fed5bc0beaa16073a963acb223e0e458c320e6802736fed5bc0beaa16c0073a963acb223e0e458c320e6802736fed5bc0beaa16c023073a963acb223e0e458c320e6802736fed5bc0beaa16c023bb073a963acb223e0e458c320e6802736fed5bc0beaa16c023bb43073a963acb223e0e458c320e6802736fed5bc0beaa16c023bb4398073a963acb223e0e458c320e6802736fed5bc0beaa16c023bb43989a073a963acb223e0e458c320e6802736fed5bc0beaa16c023bb43989a09073a963acb223e0e458c320e6802736fed5bc0beaa16c023bb43989a0981073a963acb223e0e458c320e6802736fed5bc0beaa16c023bb43989a098130073a963acb223e0e458c320e6802736fed5bc0beaa16c023bb43989a09813072');
INSERT INTO `client`(id, nom, prenom, adresse, code_postal, ville, email, numero_fixe, numero_port, salt, hashed_password) VALUES (25, 'Joubard ', 'Fabrice', '9 boulevard du Général de Gaulle','92120','Montrouge','f.joubard@afcepf.fr','01.73.00.70.80', '06.07.08.09.04', 'sRNK9QsilQ4MpKgHUJ2g','07073a073a96073a963a073a963acb073a963acb22073a963acb223e073a963acb223e0e073a963acb223e0e45073a963acb223e0e458c073a963acb223e0e458c32073a963acb223e0e458c320e073a963acb223e0e458c320e68073a963acb223e0e458c320e6802073a963acb223e0e458c320e680273073a963acb223e0e458c320e6802736f073a963acb223e0e458c320e6802736fed073a963acb223e0e458c320e6802736fed5b073a963acb223e0e458c320e6802736fed5bc0073a963acb223e0e458c320e6802736fed5bc0be073a963acb223e0e458c320e6802736fed5bc0beaa073a963acb223e0e458c320e6802736fed5bc0beaa16073a963acb223e0e458c320e6802736fed5bc0beaa16c0073a963acb223e0e458c320e6802736fed5bc0beaa16c023073a963acb223e0e458c320e6802736fed5bc0beaa16c023bb073a963acb223e0e458c320e6802736fed5bc0beaa16c023bb43073a963acb223e0e458c320e6802736fed5bc0beaa16c023bb4398073a963acb223e0e458c320e6802736fed5bc0beaa16c023bb43989a073a963acb223e0e458c320e6802736fed5bc0beaa16c023bb43989a09073a963acb223e0e458c320e6802736fed5bc0beaa16c023bb43989a0981073a963acb223e0e458c320e6802736fed5bc0beaa16c023bb43989a098130073a963acb223e0e458c320e6802736fed5bc0beaa16c023bb43989a09813072');
INSERT INTO `client`(id, nom, prenom, adresse, code_postal, ville, email, numero_fixe, numero_port, salt, hashed_password) VALUES (26, 'Bado', 'Gersande', '9 boulevard du Général de Gaulle','92120','Montrouge','g.bado@afcepf.fr','01.73.00.70.80', '06.07.08.09.05', 'sRNK9QsilQ4MpKgHUJ2g','07073a073a96073a963a073a963acb073a963acb22073a963acb223e073a963acb223e0e073a963acb223e0e45073a963acb223e0e458c073a963acb223e0e458c32073a963acb223e0e458c320e073a963acb223e0e458c320e68073a963acb223e0e458c320e6802073a963acb223e0e458c320e680273073a963acb223e0e458c320e6802736f073a963acb223e0e458c320e6802736fed073a963acb223e0e458c320e6802736fed5b073a963acb223e0e458c320e6802736fed5bc0073a963acb223e0e458c320e6802736fed5bc0be073a963acb223e0e458c320e6802736fed5bc0beaa073a963acb223e0e458c320e6802736fed5bc0beaa16073a963acb223e0e458c320e6802736fed5bc0beaa16c0073a963acb223e0e458c320e6802736fed5bc0beaa16c023073a963acb223e0e458c320e6802736fed5bc0beaa16c023bb073a963acb223e0e458c320e6802736fed5bc0beaa16c023bb43073a963acb223e0e458c320e6802736fed5bc0beaa16c023bb4398073a963acb223e0e458c320e6802736fed5bc0beaa16c023bb43989a073a963acb223e0e458c320e6802736fed5bc0beaa16c023bb43989a09073a963acb223e0e458c320e6802736fed5bc0beaa16c023bb43989a0981073a963acb223e0e458c320e6802736fed5bc0beaa16c023bb43989a098130073a963acb223e0e458c320e6802736fed5bc0beaa16c023bb43989a09813072');
INSERT INTO `client`(id, nom, prenom, adresse, code_postal, ville, email, numero_fixe, numero_port, salt, hashed_password) VALUES (27, 'Groléas', 'Brigitte', '9 boulevard du Général de Gaulle','92120','Montrouge','b.groleas@afcepf.fr','01.73.00.70.80', '06.07.08.09.06', 'sRNK9QsilQ4MpKgHUJ2g','07073a073a96073a963a073a963acb073a963acb22073a963acb223e073a963acb223e0e073a963acb223e0e45073a963acb223e0e458c073a963acb223e0e458c32073a963acb223e0e458c320e073a963acb223e0e458c320e68073a963acb223e0e458c320e6802073a963acb223e0e458c320e680273073a963acb223e0e458c320e6802736f073a963acb223e0e458c320e6802736fed073a963acb223e0e458c320e6802736fed5b073a963acb223e0e458c320e6802736fed5bc0073a963acb223e0e458c320e6802736fed5bc0be073a963acb223e0e458c320e6802736fed5bc0beaa073a963acb223e0e458c320e6802736fed5bc0beaa16073a963acb223e0e458c320e6802736fed5bc0beaa16c0073a963acb223e0e458c320e6802736fed5bc0beaa16c023073a963acb223e0e458c320e6802736fed5bc0beaa16c023bb073a963acb223e0e458c320e6802736fed5bc0beaa16c023bb43073a963acb223e0e458c320e6802736fed5bc0beaa16c023bb4398073a963acb223e0e458c320e6802736fed5bc0beaa16c023bb43989a073a963acb223e0e458c320e6802736fed5bc0beaa16c023bb43989a09073a963acb223e0e458c320e6802736fed5bc0beaa16c023bb43989a0981073a963acb223e0e458c320e6802736fed5bc0beaa16c023bb43989a098130073a963acb223e0e458c320e6802736fed5bc0beaa16c023bb43989a09813072');
INSERT INTO `client`(id, nom, prenom, adresse, code_postal, ville, email, numero_fixe, numero_port, salt, hashed_password) VALUES (28, 'Aubier', 'Berylle', '9 boulevard du Général de Gaulle','92120','Montrouge','b.aubier@afcepf.fr','01.73.00.70.80', '06.07.08.09.07', 'sRNK9QsilQ4MpKgHUJ2g','07073a073a96073a963a073a963acb073a963acb22073a963acb223e073a963acb223e0e073a963acb223e0e45073a963acb223e0e458c073a963acb223e0e458c32073a963acb223e0e458c320e073a963acb223e0e458c320e68073a963acb223e0e458c320e6802073a963acb223e0e458c320e680273073a963acb223e0e458c320e6802736f073a963acb223e0e458c320e6802736fed073a963acb223e0e458c320e6802736fed5b073a963acb223e0e458c320e6802736fed5bc0073a963acb223e0e458c320e6802736fed5bc0be073a963acb223e0e458c320e6802736fed5bc0beaa073a963acb223e0e458c320e6802736fed5bc0beaa16073a963acb223e0e458c320e6802736fed5bc0beaa16c0073a963acb223e0e458c320e6802736fed5bc0beaa16c023073a963acb223e0e458c320e6802736fed5bc0beaa16c023bb073a963acb223e0e458c320e6802736fed5bc0beaa16c023bb43073a963acb223e0e458c320e6802736fed5bc0beaa16c023bb4398073a963acb223e0e458c320e6802736fed5bc0beaa16c023bb43989a073a963acb223e0e458c320e6802736fed5bc0beaa16c023bb43989a09073a963acb223e0e458c320e6802736fed5bc0beaa16c023bb43989a0981073a963acb223e0e458c320e6802736fed5bc0beaa16c023bb43989a098130073a963acb223e0e458c320e6802736fed5bc0beaa16c023bb43989a09813072');
INSERT INTO `client`(id, nom, prenom, adresse, code_postal, ville, email, numero_fixe, numero_port, salt, hashed_password) VALUES (29, 'Moinet', 'Daphnée', '9 boulevard du Général de Gaulle','92120','Montrouge','d.moinet@afcepf.fr','01.73.00.70.80', '06.07.08.09.08', 'sRNK9QsilQ4MpKgHUJ2g','07073a073a96073a963a073a963acb073a963acb22073a963acb223e073a963acb223e0e073a963acb223e0e45073a963acb223e0e458c073a963acb223e0e458c32073a963acb223e0e458c320e073a963acb223e0e458c320e68073a963acb223e0e458c320e6802073a963acb223e0e458c320e680273073a963acb223e0e458c320e6802736f073a963acb223e0e458c320e6802736fed073a963acb223e0e458c320e6802736fed5b073a963acb223e0e458c320e6802736fed5bc0073a963acb223e0e458c320e6802736fed5bc0be073a963acb223e0e458c320e6802736fed5bc0beaa073a963acb223e0e458c320e6802736fed5bc0beaa16073a963acb223e0e458c320e6802736fed5bc0beaa16c0073a963acb223e0e458c320e6802736fed5bc0beaa16c023073a963acb223e0e458c320e6802736fed5bc0beaa16c023bb073a963acb223e0e458c320e6802736fed5bc0beaa16c023bb43073a963acb223e0e458c320e6802736fed5bc0beaa16c023bb4398073a963acb223e0e458c320e6802736fed5bc0beaa16c023bb43989a073a963acb223e0e458c320e6802736fed5bc0beaa16c023bb43989a09073a963acb223e0e458c320e6802736fed5bc0beaa16c023bb43989a0981073a963acb223e0e458c320e6802736fed5bc0beaa16c023bb43989a098130073a963acb223e0e458c320e6802736fed5bc0beaa16c023bb43989a09813072');



INSERT INTO `ville`(id, code_postal, nom) VALUES (1, '75001', 'PARIS');
INSERT INTO `ville`(id, code_postal, nom) VALUES (2, '75002', 'PARIS');
INSERT INTO `ville`(id, code_postal, nom) VALUES (3, '75003', 'PARIS');
INSERT INTO `ville`(id, code_postal, nom) VALUES (4, '75004', 'PARIS');
INSERT INTO `ville`(id, code_postal, nom) VALUES (5, '75005', 'PARIS');
INSERT INTO `ville`(id, code_postal, nom) VALUES (6, '75006', 'PARIS');
INSERT INTO `ville`(id, code_postal, nom) VALUES (7, '75007', 'PARIS');
INSERT INTO `ville`(id, code_postal, nom) VALUES (8, '75008', 'PARIS');
INSERT INTO `ville`(id, code_postal, nom) VALUES (9, '75009', 'PARIS');
INSERT INTO `ville`(id, code_postal, nom) VALUES (10, '75010', 'PARIS');
INSERT INTO `ville`(id, code_postal, nom) VALUES (11, '75011', 'PARIS');
INSERT INTO `ville`(id, code_postal, nom) VALUES (12, '75012', 'PARIS');
INSERT INTO `ville`(id, code_postal, nom) VALUES (13, '75013', 'PARIS');
INSERT INTO `ville`(id, code_postal, nom) VALUES (14, '75014', 'PARIS');
INSERT INTO `ville`(id, code_postal, nom)VALUES (15, '75015', 'PARIS');
INSERT INTO `ville`(id, code_postal, nom) VALUES (16, '75016', 'PARIS');
INSERT INTO `ville`(id, code_postal, nom) VALUES (17, '75017', 'PARIS');
INSERT INTO `ville`(id, code_postal, nom) VALUES (18, '75018', 'PARIS');
INSERT INTO `ville`(id, code_postal, nom) VALUES (19, '75019', 'PARIS');
INSERT INTO `ville`(id, code_postal, nom) VALUES (20, '75020', 'PARIS');
INSERT INTO `ville`(id, code_postal, nom) VALUES (21, '69001', 'LYON');
INSERT INTO `ville`(id, code_postal, nom) VALUES (22, '69002', 'LYON');
INSERT INTO `ville`(id, code_postal, nom) VALUES (23, '69003', 'LYON');
INSERT INTO `ville`(id, code_postal, nom) VALUES (24, '69004', 'LYON');
INSERT INTO `ville`(id, code_postal, nom) VALUES (25, '69005', 'LYON');
INSERT INTO `ville`(id, code_postal, nom) VALUES (26, '69006', 'LYON');
INSERT INTO `ville`(id, code_postal, nom) VALUES (27, '69007', 'LYON');
INSERT INTO `ville`(id, code_postal, nom) VALUES (28, '69008', 'LYON');
INSERT INTO `ville`(id, code_postal, nom) VALUES (29, '69009', 'LYON');
INSERT INTO `ville`(id, code_postal, nom) VALUES (30, '92120', 'MONTROUGE');
INSERT INTO `ville`(id, code_postal, nom) VALUES (31, '78720', 'CERNAY LA VILLE');
INSERT INTO `ville`(id, code_postal, nom) VALUES (32, '78120', 'CLAIREFONTAINE');
INSERT INTO `ville`(id, code_postal, nom) VALUES (33, '69760', 'LIMONEST');
INSERT INTO `ville`(id, code_postal, nom) VALUES (34, '69330', 'MEYZIEU');

/* Marques */
INSERT INTO `marque` (`id`, `nom`) VALUES (1, 'Abkoncore');
INSERT INTO `marque` (`id`, `nom`) VALUES (2, 'ACER');
INSERT INTO `marque` (`id`, `nom`) VALUES (3, 'Acer');
INSERT INTO `marque` (`id`, `nom`) VALUES (4, 'Advance');
INSERT INTO `marque` (`id`, `nom`) VALUES (5, 'AMD');
INSERT INTO `marque` (`id`, `nom`) VALUES (6, 'Antec');
INSERT INTO `marque` (`id`, `nom`) VALUES (7, 'AOC');
INSERT INTO `marque` (`id`, `nom`) VALUES (8, 'AORUS');
INSERT INTO `marque` (`id`, `nom`) VALUES (9, 'Aorus');
INSERT INTO `marque` (`id`, `nom`) VALUES (10, 'Apple');
INSERT INTO `marque` (`id`, `nom`) VALUES (11, 'Arctic');
INSERT INTO `marque` (`id`, `nom`) VALUES (12, 'ASRock');
INSERT INTO `marque` (`id`, `nom`) VALUES (13, 'Asus');
INSERT INTO `marque` (`id`, `nom`) VALUES (14, 'ASUS');
INSERT INTO `marque` (`id`, `nom`) VALUES (15, 'Ballistix');
INSERT INTO `marque` (`id`, `nom`) VALUES (16, 'Be Quiet');
INSERT INTO `marque` (`id`, `nom`) VALUES (17, 'be quiet!');
INSERT INTO `marque` (`id`, `nom`) VALUES (18, 'Cherry');
INSERT INTO `marque` (`id`, `nom`) VALUES (19, 'Cooler Master');
INSERT INTO `marque` (`id`, `nom`) VALUES (20, 'Corsair');
INSERT INTO `marque` (`id`, `nom`) VALUES (21, 'Dell');
INSERT INTO `marque` (`id`, `nom`) VALUES (22, 'Dexlan');
INSERT INTO `marque` (`id`, `nom`) VALUES (23, 'EVGA');
INSERT INTO `marque` (`id`, `nom`) VALUES (24, 'Fractal Design');
INSERT INTO `marque` (`id`, `nom`) VALUES (25, 'G.Skill');
INSERT INTO `marque` (`id`, `nom`) VALUES (26, 'Gigabyte');
INSERT INTO `marque` (`id`, `nom`) VALUES (27, 'HP');
INSERT INTO `marque` (`id`, `nom`) VALUES (28, 'HyperX');
INSERT INTO `marque` (`id`, `nom`) VALUES (29, 'IIYAMA');
INSERT INTO `marque` (`id`, `nom`) VALUES (30, 'Intel');
INSERT INTO `marque` (`id`, `nom`) VALUES (31, 'LDLC');
INSERT INTO `marque` (`id`, `nom`) VALUES (32, 'Lenovo');
INSERT INTO `marque` (`id`, `nom`) VALUES (33, 'Lian Li');
INSERT INTO `marque` (`id`, `nom`) VALUES (34, 'Logitech');
INSERT INTO `marque` (`id`, `nom`) VALUES (35, 'MSI');
INSERT INTO `marque` (`id`, `nom`) VALUES (36, 'Noctua');
INSERT INTO `marque` (`id`, `nom`) VALUES (37, 'Phanteks');
INSERT INTO `marque` (`id`, `nom`) VALUES (38, 'Razer');
INSERT INTO `marque` (`id`, `nom`) VALUES (39, 'Samsung');
INSERT INTO `marque` (`id`, `nom`) VALUES (40, 'SAMSUNG');
INSERT INTO `marque` (`id`, `nom`) VALUES (41, 'Seagate');
INSERT INTO `marque` (`id`, `nom`) VALUES (42, 'Seasonic');
INSERT INTO `marque` (`id`, `nom`) VALUES (43, 'Spirit Of Gamer');
INSERT INTO `marque` (`id`, `nom`) VALUES (44, 'SteelSeries');
INSERT INTO `marque` (`id`, `nom`) VALUES (45, 'TP-Link');
INSERT INTO `marque` (`id`, `nom`) VALUES (46, 'Western Digital');
INSERT INTO `marque` (`id`, `nom`) VALUES (47, 'Asgard');


/* Types de produit */

INSERT INTO `type_produit` (`id`, `nom`) VALUES (1, 'Alimentation');
INSERT INTO `type_produit` (`id`, `nom`) VALUES (2, 'Boitier');
INSERT INTO `type_produit` (`id`, `nom`) VALUES (3, 'Carte graphique');
INSERT INTO `type_produit` (`id`, `nom`) VALUES (4, 'Carte mère');
INSERT INTO `type_produit` (`id`, `nom`) VALUES (5, 'Carte réseau');
INSERT INTO `type_produit` (`id`, `nom`) VALUES (6, 'Clavier');
INSERT INTO `type_produit` (`id`, `nom`) VALUES (7, 'Ecran');
INSERT INTO `type_produit` (`id`, `nom`) VALUES (8, 'Ordinateur de bureau');
INSERT INTO `type_produit` (`id`, `nom`) VALUES (9, 'Ordinateur portable');
INSERT INTO `type_produit` (`id`, `nom`) VALUES (10, 'Processeur');
INSERT INTO `type_produit` (`id`, `nom`) VALUES (11, 'RAM');
INSERT INTO `type_produit` (`id`, `nom`) VALUES (12, 'Souris');
INSERT INTO `type_produit` (`id`, `nom`) VALUES (13, 'SSD');
INSERT INTO `type_produit` (`id`, `nom`) VALUES (14, 'Ventirad');
INSERT INTO `type_produit` (`id`, `nom`) VALUES (15, 'Accessoires');



/* Alimentations */
INSERT INTO `produit` (`id`, `type_id`, `marque_id`, `nom`, `prix`, `photo`, `date_ajout`) VALUES (1, 1, 42, 'Seasonic Core GC-500', 72.95, 'Seasonic_Core_GC-500.jpg', '2018-4-6');
INSERT INTO `produit` (`id`, `type_id`, `marque_id`, `nom`, `prix`, `photo`, `date_ajout`) VALUES (2, 1, 42, 'Seasonic Core GC-650', 82.95, 'Seasonic_Core_GC-650.jpg', '2017-7-21');
INSERT INTO `produit` (`id`, `type_id`, `marque_id`, `nom`, `prix`, `photo`, `date_ajout`) VALUES (3, 1, 42, 'Seasonic Core GM-500', 78.95, 'Seasonic_Core_GM-500.jpg', '2017-7-8');
INSERT INTO `produit` (`id`, `type_id`, `marque_id`, `nom`, `prix`, `photo`, `date_ajout`) VALUES (4, 1, 42, 'Seasonic FOCUS GX-550', 94.95, 'Seasonic_FOCUS_GX-550.jpg', '2017-9-25');
INSERT INTO `produit` (`id`, `type_id`, `marque_id`, `nom`, `prix`, `photo`, `date_ajout`) VALUES (5, 1, 42, 'Seasonic FOCUS PX-550', 119.95, 'Seasonic_FOCUS_PX-550.jpg', '2017-3-13');
INSERT INTO `produit` (`id`, `type_id`, `marque_id`, `nom`, `prix`, `photo`, `date_ajout`) VALUES (6, 1, 42, 'Seasonic FOCUS Plus 1000 Gold', 169.95, 'Seasonic_FOCUS_Plus_1000_Gold.jpg', '2018-7-10');
INSERT INTO `produit` (`id`, `type_id`, `marque_id`, `nom`, `prix`, `photo`, `date_ajout`) VALUES (7, 1, 17, 'be quiet! Dark Power Pro 11 1000W', 264.95, 'be_quiet_Dark_Power_Pro_11_1000W.jpg', '2018-4-24');
INSERT INTO `produit` (`id`, `type_id`, `marque_id`, `nom`, `prix`, `photo`, `date_ajout`) VALUES (8, 1, 17, 'be quiet! Dark Power Pro 11 1200W', 299.95, 'be_quiet_Dark_Power_Pro_11_1200W.jpg', '2017-3-17');
INSERT INTO `produit` (`id`, `type_id`, `marque_id`, `nom`, `prix`, `photo`, `date_ajout`) VALUES (9, 1, 17, 'be quiet! Dark Power Pro 11 550W', 162.95, 'be_quiet_Dark_Power_Pro_11_550W.jpg', '2018-7-11');
INSERT INTO `produit` (`id`, `type_id`, `marque_id`, `nom`, `prix`, `photo`, `date_ajout`) VALUES (10, 1, 17, 'be quiet! Dark Power Pro 11 650W', 179.95, 'be_quiet_Dark_Power_Pro_11_650W.jpg', '2018-11-16');
INSERT INTO `produit` (`id`, `type_id`, `marque_id`, `nom`, `prix`, `photo`, `date_ajout`) VALUES (11, 1, 13, 'Asus ROG Strix 650G', 169.95, 'Asus_ROG_Strix_650G.jpg', '2018-8-23');
INSERT INTO `produit` (`id`, `type_id`, `marque_id`, `nom`, `prix`, `photo`, `date_ajout`) VALUES (12, 1, 13, 'Asus ROG Thor 1200W', 399.95, 'Asus_ROG_Thor_1200W.jpg', '2017-1-6');
INSERT INTO `produit` (`id`, `type_id`, `marque_id`, `nom`, `prix`, `photo`, `date_ajout`) VALUES (13, 1, 13, 'Asus ROG Thor 850W', 299.95, 'Asus_ROG_Thor_850W.jpg', '2017-8-11');
INSERT INTO `caracteristique` (`id`, `produit_id`, `cle`, `valeur_string`, `type`, `unite`) VALUES (NULL, 1, 'alim_format', 'ATX/EPS', 'stringType', '');
INSERT INTO `caracteristique` (`id`, `produit_id`, `cle`, `valeur_integer`, `type`, `unite`) VALUES (NULL, 1, 'alim_puissance', 500, 'intType', 'W');
INSERT INTO `caracteristique` (`id`, `produit_id`, `cle`, `valeur_string`, `type`, `unite`) VALUES (NULL, 1, 'alim_modularite', 'Non modulaire', 'stringType', '');
INSERT INTO `caracteristique` (`id`, `produit_id`, `cle`, `valeur_string`, `type`, `unite`) VALUES (NULL, 1, 'alim_certification', '80 PLUS Gold', 'stringType', '');
INSERT INTO `caracteristique` (`id`, `produit_id`, `cle`, `valeur_string`, `type`, `unite`) VALUES (NULL, 2, 'alim_format', 'ATX/EPS', 'stringType', '');
INSERT INTO `caracteristique` (`id`, `produit_id`, `cle`, `valeur_integer`, `type`, `unite`) VALUES (NULL, 2, 'alim_puissance', 650, 'intType', 'W');
INSERT INTO `caracteristique` (`id`, `produit_id`, `cle`, `valeur_string`, `type`, `unite`) VALUES (NULL, 2, 'alim_modularite', 'Non modulaire', 'stringType', '');
INSERT INTO `caracteristique` (`id`, `produit_id`, `cle`, `valeur_string`, `type`, `unite`) VALUES (NULL, 2, 'alim_certification', '80 PLUS Gold', 'stringType', '');
INSERT INTO `caracteristique` (`id`, `produit_id`, `cle`, `valeur_string`, `type`, `unite`) VALUES (NULL, 3, 'alim_format', 'ATX/EPS', 'stringType', '');
INSERT INTO `caracteristique` (`id`, `produit_id`, `cle`, `valeur_integer`, `type`, `unite`) VALUES (NULL, 3, 'alim_puissance', 500, 'intType', 'W');
INSERT INTO `caracteristique` (`id`, `produit_id`, `cle`, `valeur_string`, `type`, `unite`) VALUES (NULL, 3, 'alim_modularite', 'Semi-modulaire', 'stringType', '');
INSERT INTO `caracteristique` (`id`, `produit_id`, `cle`, `valeur_string`, `type`, `unite`) VALUES (NULL, 3, 'alim_certification', '80 PLUS Gold', 'stringType', '');
INSERT INTO `caracteristique` (`id`, `produit_id`, `cle`, `valeur_string`, `type`, `unite`) VALUES (NULL, 4, 'alim_format', 'ATX/EPS', 'stringType', '');
INSERT INTO `caracteristique` (`id`, `produit_id`, `cle`, `valeur_integer`, `type`, `unite`) VALUES (NULL, 4, 'alim_puissance', 550, 'intType', 'W');
INSERT INTO `caracteristique` (`id`, `produit_id`, `cle`, `valeur_string`, `type`, `unite`) VALUES (NULL, 4, 'alim_modularite', '100% modulaire', 'stringType', '');
INSERT INTO `caracteristique` (`id`, `produit_id`, `cle`, `valeur_string`, `type`, `unite`) VALUES (NULL, 4, 'alim_certification', '80 PLUS Gold', 'stringType', '');
INSERT INTO `caracteristique` (`id`, `produit_id`, `cle`, `valeur_string`, `type`, `unite`) VALUES (NULL, 5, 'alim_format', 'ATX/EPS', 'stringType', '');
INSERT INTO `caracteristique` (`id`, `produit_id`, `cle`, `valeur_integer`, `type`, `unite`) VALUES (NULL, 5, 'alim_puissance', 550, 'intType', 'W');
INSERT INTO `caracteristique` (`id`, `produit_id`, `cle`, `valeur_string`, `type`, `unite`) VALUES (NULL, 5, 'alim_modularite', '100% modulaire', 'stringType', '');
INSERT INTO `caracteristique` (`id`, `produit_id`, `cle`, `valeur_string`, `type`, `unite`) VALUES (NULL, 5, 'alim_certification', '80 PLUS Platinum', 'stringType', '');
INSERT INTO `caracteristique` (`id`, `produit_id`, `cle`, `valeur_string`, `type`, `unite`) VALUES (NULL, 6, 'alim_format', 'ATX/EPS', 'stringType', '');
INSERT INTO `caracteristique` (`id`, `produit_id`, `cle`, `valeur_integer`, `type`, `unite`) VALUES (NULL, 6, 'alim_puissance', 1000, 'intType', 'W');
INSERT INTO `caracteristique` (`id`, `produit_id`, `cle`, `valeur_string`, `type`, `unite`) VALUES (NULL, 6, 'alim_modularite', '100% modulaire', 'stringType', '');
INSERT INTO `caracteristique` (`id`, `produit_id`, `cle`, `valeur_string`, `type`, `unite`) VALUES (NULL, 6, 'alim_certification', '80 PLUS Gold', 'stringType', '');
INSERT INTO `caracteristique` (`id`, `produit_id`, `cle`, `valeur_string`, `type`, `unite`) VALUES (NULL, 7, 'alim_format', 'ATX/EPS', 'stringType', '');
INSERT INTO `caracteristique` (`id`, `produit_id`, `cle`, `valeur_integer`, `type`, `unite`) VALUES (NULL, 7, 'alim_puissance', 1000, 'intType', 'W');
INSERT INTO `caracteristique` (`id`, `produit_id`, `cle`, `valeur_string`, `type`, `unite`) VALUES (NULL, 7, 'alim_modularite', 'Semi-modulaire', 'stringType', '');
INSERT INTO `caracteristique` (`id`, `produit_id`, `cle`, `valeur_string`, `type`, `unite`) VALUES (NULL, 7, 'alim_certification', '80 PLUS Platinum', 'stringType', '');
INSERT INTO `caracteristique` (`id`, `produit_id`, `cle`, `valeur_string`, `type`, `unite`) VALUES (NULL, 8, 'alim_format', 'ATX/EPS', 'stringType', '');
INSERT INTO `caracteristique` (`id`, `produit_id`, `cle`, `valeur_integer`, `type`, `unite`) VALUES (NULL, 8, 'alim_puissance', 1200, 'intType', 'W');
INSERT INTO `caracteristique` (`id`, `produit_id`, `cle`, `valeur_string`, `type`, `unite`) VALUES (NULL, 8, 'alim_modularite', 'Semi-modulaire', 'stringType', '');
INSERT INTO `caracteristique` (`id`, `produit_id`, `cle`, `valeur_string`, `type`, `unite`) VALUES (NULL, 8, 'alim_certification', '80 PLUS Platinum', 'stringType', '');
INSERT INTO `caracteristique` (`id`, `produit_id`, `cle`, `valeur_string`, `type`, `unite`) VALUES (NULL, 9, 'alim_format', 'ATX/EPS', 'stringType', '');
INSERT INTO `caracteristique` (`id`, `produit_id`, `cle`, `valeur_integer`, `type`, `unite`) VALUES (NULL, 9, 'alim_puissance', 550, 'intType', 'W');
INSERT INTO `caracteristique` (`id`, `produit_id`, `cle`, `valeur_string`, `type`, `unite`) VALUES (NULL, 9, 'alim_modularite', 'Semi-modulaire', 'stringType', '');
INSERT INTO `caracteristique` (`id`, `produit_id`, `cle`, `valeur_string`, `type`, `unite`) VALUES (NULL, 9, 'alim_certification', '80 PLUS Platinum', 'stringType', '');
INSERT INTO `caracteristique` (`id`, `produit_id`, `cle`, `valeur_string`, `type`, `unite`) VALUES (NULL, 10, 'alim_format', 'ATX/EPS', 'stringType', '');
INSERT INTO `caracteristique` (`id`, `produit_id`, `cle`, `valeur_integer`, `type`, `unite`) VALUES (NULL, 10, 'alim_puissance', 650, 'intType', 'W');
INSERT INTO `caracteristique` (`id`, `produit_id`, `cle`, `valeur_string`, `type`, `unite`) VALUES (NULL, 10, 'alim_modularite', 'Semi-modulaire', 'stringType', '');
INSERT INTO `caracteristique` (`id`, `produit_id`, `cle`, `valeur_string`, `type`, `unite`) VALUES (NULL, 10, 'alim_certification', '80 PLUS Platinum', 'stringType', '');
INSERT INTO `caracteristique` (`id`, `produit_id`, `cle`, `valeur_string`, `type`, `unite`) VALUES (NULL, 11, 'alim_format', 'ATX/EPS', 'stringType', '');
INSERT INTO `caracteristique` (`id`, `produit_id`, `cle`, `valeur_integer`, `type`, `unite`) VALUES (NULL, 11, 'alim_puissance', 650, 'intType', 'W');
INSERT INTO `caracteristique` (`id`, `produit_id`, `cle`, `valeur_string`, `type`, `unite`) VALUES (NULL, 11, 'alim_modularite', '100% modulaire', 'stringType', '');
INSERT INTO `caracteristique` (`id`, `produit_id`, `cle`, `valeur_string`, `type`, `unite`) VALUES (NULL, 11, 'alim_certification', '80 PLUS Gold', 'stringType', '');
INSERT INTO `caracteristique` (`id`, `produit_id`, `cle`, `valeur_string`, `type`, `unite`) VALUES (NULL, 12, 'alim_format', 'ATX/EPS', 'stringType', '');
INSERT INTO `caracteristique` (`id`, `produit_id`, `cle`, `valeur_integer`, `type`, `unite`) VALUES (NULL, 12, 'alim_puissance', 1200, 'intType', 'W');
INSERT INTO `caracteristique` (`id`, `produit_id`, `cle`, `valeur_string`, `type`, `unite`) VALUES (NULL, 12, 'alim_modularite', '100% modulaire', 'stringType', '');
INSERT INTO `caracteristique` (`id`, `produit_id`, `cle`, `valeur_string`, `type`, `unite`) VALUES (NULL, 12, 'alim_certification', '80 PLUS Platinum', 'stringType', '');
INSERT INTO `caracteristique` (`id`, `produit_id`, `cle`, `valeur_string`, `type`, `unite`) VALUES (NULL, 13, 'alim_format', 'ATX/EPS', 'stringType', '');
INSERT INTO `caracteristique` (`id`, `produit_id`, `cle`, `valeur_integer`, `type`, `unite`) VALUES (NULL, 13, 'alim_puissance', 850, 'intType', 'W');
INSERT INTO `caracteristique` (`id`, `produit_id`, `cle`, `valeur_string`, `type`, `unite`) VALUES (NULL, 13, 'alim_modularite', '100% modulaire', 'stringType', '');
INSERT INTO `caracteristique` (`id`, `produit_id`, `cle`, `valeur_string`, `type`, `unite`) VALUES (NULL, 13, 'alim_certification', '80 PLUS Platinum', 'stringType', '');
/* Boitiers */
INSERT INTO `produit` (`id`, `type_id`, `marque_id`, `nom`, `prix`, `photo`, `date_ajout`) VALUES (101, 2, 1, 'Tengri 350M', 129.95, 'AbkoncoreTengri350M.jpg', '2017-10-19');
INSERT INTO `produit` (`id`, `type_id`, `marque_id`, `nom`, `prix`, `photo`, `date_ajout`) VALUES (102, 2, 19, 'MasterBox E500L', 42.95, 'CoolerMasterMasterBoxE500L.jpg', '2018-11-25');
INSERT INTO `produit` (`id`, `type_id`, `marque_id`, `nom`, `prix`, `photo`, `date_ajout`) VALUES (103, 2, 16, 'Dark Base 700', 89.95, 'BeQuietPureBase600.jpg', '2017-4-24');
INSERT INTO `produit` (`id`, `type_id`, `marque_id`, `nom`, `prix`, `photo`, `date_ajout`) VALUES (104, 2, 20, 'Carbide 175R', 69.95, 'CorsairCarbide175R.jpg', '2018-7-2');
INSERT INTO `produit` (`id`, `type_id`, `marque_id`, `nom`, `prix`, `photo`, `date_ajout`) VALUES (105, 2, 6, 'NSK3100', 54.95, 'AntecNSK3100.jpg', '2018-8-26');
INSERT INTO `produit` (`id`, `type_id`, `marque_id`, `nom`, `prix`, `photo`, `date_ajout`) VALUES (106, 2, 24, 'Define Nano S', 79.95, 'FractalDesignDefineNanoS.jpg', '2018-3-1');
INSERT INTO `produit` (`id`, `type_id`, `marque_id`, `nom`, `prix`, `photo`, `date_ajout`) VALUES (107, 2, 35, 'MPG Gungnir 100', 119.95, 'MSIMPGGungnir100.jpg', '2018-2-26');
INSERT INTO `produit` (`id`, `type_id`, `marque_id`, `nom`, `prix`, `photo`, `date_ajout`) VALUES (108, 2, 33, 'Alpha 330', 149.95, 'LianLiAlpha330.jpg', '2018-2-16');
INSERT INTO `produit` (`id`, `type_id`, `marque_id`, `nom`, `prix`, `photo`, `date_ajout`) VALUES (109, 2, 37, 'Eclipse P400', 99.95, 'PhanteksEclipseP400.jpg', '2018-1-10');
INSERT INTO `caracteristique` (`id`, `produit_id`, `cle`, `valeur_boolean`, `type`, `unite`) VALUES (NULL, 101, 'boitier_cpt_alim_atx', true, 'boolType', '');
INSERT INTO `caracteristique` (`id`, `produit_id`, `cle`, `valeur_boolean`, `type`, `unite`) VALUES (NULL, 101, 'boitier_cpt_alim_eps', true, 'boolType', '');
INSERT INTO `caracteristique` (`id`, `produit_id`, `cle`, `valeur_boolean`, `type`, `unite`) VALUES (NULL, 101, 'boitier_cpt_alim_ps2', false, 'boolType', '');
INSERT INTO `caracteristique` (`id`, `produit_id`, `cle`, `valeur_boolean`, `type`, `unite`) VALUES (NULL, 101, 'boitier_cpt_cm_atx', false, 'boolType', '');
INSERT INTO `caracteristique` (`id`, `produit_id`, `cle`, `valeur_boolean`, `type`, `unite`) VALUES (NULL, 101, 'boitier_cpt_cm_microatx', true, 'boolType', '');
INSERT INTO `caracteristique` (`id`, `produit_id`, `cle`, `valeur_boolean`, `type`, `unite`) VALUES (NULL, 101, 'boitier_cpt_cm_miniitx', false, 'boolType', '');
INSERT INTO `caracteristique` (`id`, `produit_id`, `cle`, `valeur_boolean`, `type`, `unite`) VALUES (NULL, 101, 'boitier_cpt_cm_eatx', false, 'boolType', '');
INSERT INTO `caracteristique` (`id`, `produit_id`, `cle`, `valeur_boolean`, `type`, `unite`) VALUES (NULL, 102, 'boitier_cpt_alim_atx', true, 'boolType', '');
INSERT INTO `caracteristique` (`id`, `produit_id`, `cle`, `valeur_boolean`, `type`, `unite`) VALUES (NULL, 102, 'boitier_cpt_alim_eps', true, 'boolType', '');
INSERT INTO `caracteristique` (`id`, `produit_id`, `cle`, `valeur_boolean`, `type`, `unite`) VALUES (NULL, 102, 'boitier_cpt_alim_ps2', true, 'boolType', '');
INSERT INTO `caracteristique` (`id`, `produit_id`, `cle`, `valeur_boolean`, `type`, `unite`) VALUES (NULL, 102, 'boitier_cpt_cm_atx', true, 'boolType', '');
INSERT INTO `caracteristique` (`id`, `produit_id`, `cle`, `valeur_boolean`, `type`, `unite`) VALUES (NULL, 102, 'boitier_cpt_cm_microatx', true, 'boolType', '');
INSERT INTO `caracteristique` (`id`, `produit_id`, `cle`, `valeur_boolean`, `type`, `unite`) VALUES (NULL, 102, 'boitier_cpt_cm_miniitx', true, 'boolType', '');
INSERT INTO `caracteristique` (`id`, `produit_id`, `cle`, `valeur_boolean`, `type`, `unite`) VALUES (NULL, 102, 'boitier_cpt_cm_eatx', false, 'boolType', '');
INSERT INTO `caracteristique` (`id`, `produit_id`, `cle`, `valeur_boolean`, `type`, `unite`) VALUES (NULL, 103, 'boitier_cpt_alim_atx', true, 'boolType', '');
INSERT INTO `caracteristique` (`id`, `produit_id`, `cle`, `valeur_boolean`, `type`, `unite`) VALUES (NULL, 103, 'boitier_cpt_alim_eps', false, 'boolType', '');
INSERT INTO `caracteristique` (`id`, `produit_id`, `cle`, `valeur_boolean`, `type`, `unite`) VALUES (NULL, 103, 'boitier_cpt_alim_ps2', true, 'boolType', '');
INSERT INTO `caracteristique` (`id`, `produit_id`, `cle`, `valeur_boolean`, `type`, `unite`) VALUES (NULL, 103, 'boitier_cpt_cm_atx', true, 'boolType', '');
INSERT INTO `caracteristique` (`id`, `produit_id`, `cle`, `valeur_boolean`, `type`, `unite`) VALUES (NULL, 103, 'boitier_cpt_cm_microatx', true, 'boolType', '');
INSERT INTO `caracteristique` (`id`, `produit_id`, `cle`, `valeur_boolean`, `type`, `unite`) VALUES (NULL, 103, 'boitier_cpt_cm_miniitx', true, 'boolType', '');
INSERT INTO `caracteristique` (`id`, `produit_id`, `cle`, `valeur_boolean`, `type`, `unite`) VALUES (NULL, 103, 'boitier_cpt_cm_eatx', true, 'boolType', '');
INSERT INTO `caracteristique` (`id`, `produit_id`, `cle`, `valeur_boolean`, `type`, `unite`) VALUES (NULL, 104, 'boitier_cpt_alim_atx', true, 'boolType', '');
INSERT INTO `caracteristique` (`id`, `produit_id`, `cle`, `valeur_boolean`, `type`, `unite`) VALUES (NULL, 104, 'boitier_cpt_alim_eps', false, 'boolType', '');
INSERT INTO `caracteristique` (`id`, `produit_id`, `cle`, `valeur_boolean`, `type`, `unite`) VALUES (NULL, 104, 'boitier_cpt_alim_ps2', false, 'boolType', '');
INSERT INTO `caracteristique` (`id`, `produit_id`, `cle`, `valeur_boolean`, `type`, `unite`) VALUES (NULL, 104, 'boitier_cpt_cm_atx', true, 'boolType', '');
INSERT INTO `caracteristique` (`id`, `produit_id`, `cle`, `valeur_boolean`, `type`, `unite`) VALUES (NULL, 104, 'boitier_cpt_cm_microatx', true, 'boolType', '');
INSERT INTO `caracteristique` (`id`, `produit_id`, `cle`, `valeur_boolean`, `type`, `unite`) VALUES (NULL, 104, 'boitier_cpt_cm_miniitx', true, 'boolType', '');
INSERT INTO `caracteristique` (`id`, `produit_id`, `cle`, `valeur_boolean`, `type`, `unite`) VALUES (NULL, 104, 'boitier_cpt_cm_eatx', false, 'boolType', '');
INSERT INTO `caracteristique` (`id`, `produit_id`, `cle`, `valeur_boolean`, `type`, `unite`) VALUES (NULL, 105, 'boitier_cpt_alim_atx', true, 'boolType', '');
INSERT INTO `caracteristique` (`id`, `produit_id`, `cle`, `valeur_boolean`, `type`, `unite`) VALUES (NULL, 105, 'boitier_cpt_alim_eps', false, 'boolType', '');
INSERT INTO `caracteristique` (`id`, `produit_id`, `cle`, `valeur_boolean`, `type`, `unite`) VALUES (NULL, 105, 'boitier_cpt_alim_ps2', false, 'boolType', '');
INSERT INTO `caracteristique` (`id`, `produit_id`, `cle`, `valeur_boolean`, `type`, `unite`) VALUES (NULL, 105, 'boitier_cpt_cm_atx', false, 'boolType', '');
INSERT INTO `caracteristique` (`id`, `produit_id`, `cle`, `valeur_boolean`, `type`, `unite`) VALUES (NULL, 105, 'boitier_cpt_cm_microatx', true, 'boolType', '');
INSERT INTO `caracteristique` (`id`, `produit_id`, `cle`, `valeur_boolean`, `type`, `unite`) VALUES (NULL, 105, 'boitier_cpt_cm_miniitx', true, 'boolType', '');
INSERT INTO `caracteristique` (`id`, `produit_id`, `cle`, `valeur_boolean`, `type`, `unite`) VALUES (NULL, 105, 'boitier_cpt_cm_eatx', false, 'boolType', '');
INSERT INTO `caracteristique` (`id`, `produit_id`, `cle`, `valeur_boolean`, `type`, `unite`) VALUES (NULL, 106, 'boitier_cpt_alim_atx', true, 'boolType', '');
INSERT INTO `caracteristique` (`id`, `produit_id`, `cle`, `valeur_boolean`, `type`, `unite`) VALUES (NULL, 106, 'boitier_cpt_alim_eps', false, 'boolType', '');
INSERT INTO `caracteristique` (`id`, `produit_id`, `cle`, `valeur_boolean`, `type`, `unite`) VALUES (NULL, 106, 'boitier_cpt_alim_ps2', false, 'boolType', '');
INSERT INTO `caracteristique` (`id`, `produit_id`, `cle`, `valeur_boolean`, `type`, `unite`) VALUES (NULL, 106, 'boitier_cpt_cm_atx', false, 'boolType', '');
INSERT INTO `caracteristique` (`id`, `produit_id`, `cle`, `valeur_boolean`, `type`, `unite`) VALUES (NULL, 106, 'boitier_cpt_cm_microatx', false, 'boolType', '');
INSERT INTO `caracteristique` (`id`, `produit_id`, `cle`, `valeur_boolean`, `type`, `unite`) VALUES (NULL, 106, 'boitier_cpt_cm_miniitx', true, 'boolType', '');
INSERT INTO `caracteristique` (`id`, `produit_id`, `cle`, `valeur_boolean`, `type`, `unite`) VALUES (NULL, 106, 'boitier_cpt_cm_eatx', false, 'boolType', '');
INSERT INTO `caracteristique` (`id`, `produit_id`, `cle`, `valeur_boolean`, `type`, `unite`) VALUES (NULL, 107, 'boitier_cpt_alim_atx', true, 'boolType', '');
INSERT INTO `caracteristique` (`id`, `produit_id`, `cle`, `valeur_boolean`, `type`, `unite`) VALUES (NULL, 107, 'boitier_cpt_alim_eps', false, 'boolType', '');
INSERT INTO `caracteristique` (`id`, `produit_id`, `cle`, `valeur_boolean`, `type`, `unite`) VALUES (NULL, 107, 'boitier_cpt_alim_ps2', false, 'boolType', '');
INSERT INTO `caracteristique` (`id`, `produit_id`, `cle`, `valeur_boolean`, `type`, `unite`) VALUES (NULL, 107, 'boitier_cpt_cm_atx', true, 'boolType', '');
INSERT INTO `caracteristique` (`id`, `produit_id`, `cle`, `valeur_boolean`, `type`, `unite`) VALUES (NULL, 107, 'boitier_cpt_cm_microatx', true, 'boolType', '');
INSERT INTO `caracteristique` (`id`, `produit_id`, `cle`, `valeur_boolean`, `type`, `unite`) VALUES (NULL, 107, 'boitier_cpt_cm_miniitx', true, 'boolType', '');
INSERT INTO `caracteristique` (`id`, `produit_id`, `cle`, `valeur_boolean`, `type`, `unite`) VALUES (NULL, 107, 'boitier_cpt_cm_eatx', true, 'boolType', '');
INSERT INTO `caracteristique` (`id`, `produit_id`, `cle`, `valeur_boolean`, `type`, `unite`) VALUES (NULL, 108, 'boitier_cpt_alim_atx', true, 'boolType', '');
INSERT INTO `caracteristique` (`id`, `produit_id`, `cle`, `valeur_boolean`, `type`, `unite`) VALUES (NULL, 108, 'boitier_cpt_alim_eps', true, 'boolType', '');
INSERT INTO `caracteristique` (`id`, `produit_id`, `cle`, `valeur_boolean`, `type`, `unite`) VALUES (NULL, 108, 'boitier_cpt_alim_ps2', false, 'boolType', '');
INSERT INTO `caracteristique` (`id`, `produit_id`, `cle`, `valeur_boolean`, `type`, `unite`) VALUES (NULL, 108, 'boitier_cpt_cm_atx', true, 'boolType', '');
INSERT INTO `caracteristique` (`id`, `produit_id`, `cle`, `valeur_boolean`, `type`, `unite`) VALUES (NULL, 108, 'boitier_cpt_cm_microatx', true, 'boolType', '');
INSERT INTO `caracteristique` (`id`, `produit_id`, `cle`, `valeur_boolean`, `type`, `unite`) VALUES (NULL, 108, 'boitier_cpt_cm_miniitx', true, 'boolType', '');
INSERT INTO `caracteristique` (`id`, `produit_id`, `cle`, `valeur_boolean`, `type`, `unite`) VALUES (NULL, 108, 'boitier_cpt_cm_eatx', false, 'boolType', '');
INSERT INTO `caracteristique` (`id`, `produit_id`, `cle`, `valeur_boolean`, `type`, `unite`) VALUES (NULL, 109, 'boitier_cpt_alim_atx', true, 'boolType', '');
INSERT INTO `caracteristique` (`id`, `produit_id`, `cle`, `valeur_boolean`, `type`, `unite`) VALUES (NULL, 109, 'boitier_cpt_alim_eps', false, 'boolType', '');
INSERT INTO `caracteristique` (`id`, `produit_id`, `cle`, `valeur_boolean`, `type`, `unite`) VALUES (NULL, 109, 'boitier_cpt_alim_ps2', false, 'boolType', '');
INSERT INTO `caracteristique` (`id`, `produit_id`, `cle`, `valeur_boolean`, `type`, `unite`) VALUES (NULL, 109, 'boitier_cpt_cm_atx', true, 'boolType', '');
INSERT INTO `caracteristique` (`id`, `produit_id`, `cle`, `valeur_boolean`, `type`, `unite`) VALUES (NULL, 109, 'boitier_cpt_cm_microatx', true, 'boolType', '');
INSERT INTO `caracteristique` (`id`, `produit_id`, `cle`, `valeur_boolean`, `type`, `unite`) VALUES (NULL, 109, 'boitier_cpt_cm_miniitx', true, 'boolType', '');
INSERT INTO `caracteristique` (`id`, `produit_id`, `cle`, `valeur_boolean`, `type`, `unite`) VALUES (NULL, 109, 'boitier_cpt_cm_eatx', true, 'boolType', '');
/* Cartes graphiques */
INSERT INTO `produit` (`id`, `type_id`, `marque_id`, `nom`, `prix`, `photo`, `date_ajout`) VALUES (201, 3, 23, 'EVGA GeForce GTX 1050 Ti SC GAMING 4G', 219.95, 'carteEV_GTX_G.jpg', '2018-11-11');
INSERT INTO `produit` (`id`, `type_id`, `marque_id`, `nom`, `prix`, `photo`, `date_ajout`) VALUES (202, 3, 23, 'EVGA GeForce RTX 2070 XC ULTRA', 559.94, 'carteEV_RTX_U.jpg', '2018-11-5');
INSERT INTO `produit` (`id`, `type_id`, `marque_id`, `nom`, `prix`, `photo`, `date_ajout`) VALUES (203, 3, 23, 'EVGA GeForce RTX 2060 SUPER XC GAMING', 499.94, 'carteEV_RTX_S.jpg', '2018-4-22');
INSERT INTO `produit` (`id`, `type_id`, `marque_id`, `nom`, `prix`, `photo`, `date_ajout`) VALUES (204, 3, 23, 'EVGA GeForce RTX 2080 Ti XC ULTRA GAMING', 1429.95, 'carteEV_RTX_UG.jpg', '2018-1-9');
INSERT INTO `produit` (`id`, `type_id`, `marque_id`, `nom`, `prix`, `photo`, `date_ajout`) VALUES (205, 3, 26, 'Gigabyte GT 1030 Low Profile 2G', 88.75, 'carteGGT_2G.jpg', '2017-11-14');
INSERT INTO `produit` (`id`, `type_id`, `marque_id`, `nom`, `prix`, `photo`, `date_ajout`) VALUES (206, 3, 26, 'Gigabyte GeForce GTX 1050 Ti OC 4G', 212.95, 'carteGGTX_4G.jpg', '2018-5-6');
INSERT INTO `produit` (`id`, `type_id`, `marque_id`, `nom`, `prix`, `photo`, `date_ajout`) VALUES (207, 3, 26, 'Gigabyte GeForce RTX 2060 SUPER GAMING OC 3X 8G', 478.95, 'carteGRTX_3X.jpg', '2018-5-24');
INSERT INTO `produit` (`id`, `type_id`, `marque_id`, `nom`, `prix`, `photo`, `date_ajout`) VALUES (208, 3, 26, 'Gigabyte GeForce RTX 2080 Ti TURBO 11G', 1329.95, 'carteGRTX_TU.jpg', '2018-2-3');
INSERT INTO `produit` (`id`, `type_id`, `marque_id`, `nom`, `prix`, `photo`, `date_ajout`) VALUES (209, 3, 12, 'ASRock Phantom Gaming D Radeon RX570 8G OC', 165.95, 'carteAPh_GD.jpg', '2017-2-18');
INSERT INTO `produit` (`id`, `type_id`, `marque_id`, `nom`, `prix`, `photo`, `date_ajout`) VALUES (210, 3, 12, 'ASRock Radeon RX 5700 XT Taichi X 8G OC+', 599.95, 'carteAR_Taichi_OC.jpg', '2018-8-21');
INSERT INTO `produit` (`id`, `type_id`, `marque_id`, `nom`, `prix`, `photo`, `date_ajout`) VALUES (211, 3, 12, 'ASRock Radeon RX 5700 Challenger D 8G OC', 404.95, 'carteAR_cha.jpg', '2018-2-24');
INSERT INTO `produit` (`id`, `type_id`, `marque_id`, `nom`, `prix`, `photo`, `date_ajout`) VALUES (212, 3, 12, 'ASRock Phantom Gaming D Radeon RX580 8G OC', 199.95, 'carteARR_radeon.jpg', '2017-8-19');
INSERT INTO `produit` (`id`, `type_id`, `marque_id`, `nom`, `prix`, `photo`, `date_ajout`) VALUES (213, 3, 13, 'Radeon R5 230 R5230-SL-2GD3-L', 57.95, 'carteGAsusRa.jpg', '2018-9-16');
INSERT INTO `produit` (`id`, `type_id`, `marque_id`, `nom`, `prix`, `photo`, `date_ajout`) VALUES (214, 3, 13, 'GeForce GT 1030 2 Go OC - PH-GT1030-O2G', 94.95, 'carteGeForce.jpg', '2017-5-21');
INSERT INTO `produit` (`id`, `type_id`, `marque_id`, `nom`, `prix`, `photo`, `date_ajout`) VALUES (215, 3, 13, 'ASUS GeForce RTX 2060 SUPER DUAL-RTX2060S-8G-EVO', 484.95, 'carteGeForceRTX.jpg', '2018-5-11');
INSERT INTO `caracteristique` (`id`, `produit_id`, `cle`, `valeur_boolean`, `type`, `unite`) VALUES (NULL, 201, 'cg_cpt_amd', true, 'boolType', '');
INSERT INTO `caracteristique` (`id`, `produit_id`, `cle`, `valeur_boolean`, `type`, `unite`) VALUES (NULL, 201, 'cg_cpt_intel', true, 'boolType', '');
INSERT INTO `caracteristique` (`id`, `produit_id`, `cle`, `valeur_boolean`, `type`, `unite`) VALUES (NULL, 202, 'cg_cpt_amd', true, 'boolType', '');
INSERT INTO `caracteristique` (`id`, `produit_id`, `cle`, `valeur_boolean`, `type`, `unite`) VALUES (NULL, 202, 'cg_cpt_intel', true, 'boolType', '');
INSERT INTO `caracteristique` (`id`, `produit_id`, `cle`, `valeur_boolean`, `type`, `unite`) VALUES (NULL, 203, 'cg_cpt_amd', true, 'boolType', '');
INSERT INTO `caracteristique` (`id`, `produit_id`, `cle`, `valeur_boolean`, `type`, `unite`) VALUES (NULL, 203, 'cg_cpt_intel', true, 'boolType', '');
INSERT INTO `caracteristique` (`id`, `produit_id`, `cle`, `valeur_boolean`, `type`, `unite`) VALUES (NULL, 204, 'cg_cpt_amd', true, 'boolType', '');
INSERT INTO `caracteristique` (`id`, `produit_id`, `cle`, `valeur_boolean`, `type`, `unite`) VALUES (NULL, 204, 'cg_cpt_intel', true, 'boolType', '');
INSERT INTO `caracteristique` (`id`, `produit_id`, `cle`, `valeur_boolean`, `type`, `unite`) VALUES (NULL, 205, 'cg_cpt_amd', true, 'boolType', '');
INSERT INTO `caracteristique` (`id`, `produit_id`, `cle`, `valeur_boolean`, `type`, `unite`) VALUES (NULL, 205, 'cg_cpt_intel', true, 'boolType', '');
INSERT INTO `caracteristique` (`id`, `produit_id`, `cle`, `valeur_boolean`, `type`, `unite`) VALUES (NULL, 206, 'cg_cpt_amd', true, 'boolType', '');
INSERT INTO `caracteristique` (`id`, `produit_id`, `cle`, `valeur_boolean`, `type`, `unite`) VALUES (NULL, 206, 'cg_cpt_intel', true, 'boolType', '');
INSERT INTO `caracteristique` (`id`, `produit_id`, `cle`, `valeur_boolean`, `type`, `unite`) VALUES (NULL, 207, 'cg_cpt_amd', true, 'boolType', '');
INSERT INTO `caracteristique` (`id`, `produit_id`, `cle`, `valeur_boolean`, `type`, `unite`) VALUES (NULL, 207, 'cg_cpt_intel', true, 'boolType', '');
INSERT INTO `caracteristique` (`id`, `produit_id`, `cle`, `valeur_boolean`, `type`, `unite`) VALUES (NULL, 208, 'cg_cpt_amd', true, 'boolType', '');
INSERT INTO `caracteristique` (`id`, `produit_id`, `cle`, `valeur_boolean`, `type`, `unite`) VALUES (NULL, 208, 'cg_cpt_intel', true, 'boolType', '');
INSERT INTO `caracteristique` (`id`, `produit_id`, `cle`, `valeur_boolean`, `type`, `unite`) VALUES (NULL, 209, 'cg_cpt_amd', true, 'boolType', '');
INSERT INTO `caracteristique` (`id`, `produit_id`, `cle`, `valeur_boolean`, `type`, `unite`) VALUES (NULL, 209, 'cg_cpt_intel', true, 'boolType', '');
INSERT INTO `caracteristique` (`id`, `produit_id`, `cle`, `valeur_boolean`, `type`, `unite`) VALUES (NULL, 210, 'cg_cpt_amd', true, 'boolType', '');
INSERT INTO `caracteristique` (`id`, `produit_id`, `cle`, `valeur_boolean`, `type`, `unite`) VALUES (NULL, 210, 'cg_cpt_intel', true, 'boolType', '');
INSERT INTO `caracteristique` (`id`, `produit_id`, `cle`, `valeur_boolean`, `type`, `unite`) VALUES (NULL, 211, 'cg_cpt_amd', true, 'boolType', '');
INSERT INTO `caracteristique` (`id`, `produit_id`, `cle`, `valeur_boolean`, `type`, `unite`) VALUES (NULL, 211, 'cg_cpt_intel', true, 'boolType', '');
INSERT INTO `caracteristique` (`id`, `produit_id`, `cle`, `valeur_boolean`, `type`, `unite`) VALUES (NULL, 212, 'cg_cpt_amd', true, 'boolType', '');
INSERT INTO `caracteristique` (`id`, `produit_id`, `cle`, `valeur_boolean`, `type`, `unite`) VALUES (NULL, 212, 'cg_cpt_intel', true, 'boolType', '');
INSERT INTO `caracteristique` (`id`, `produit_id`, `cle`, `valeur_boolean`, `type`, `unite`) VALUES (NULL, 213, 'cg_cpt_amd', true, 'boolType', '');
INSERT INTO `caracteristique` (`id`, `produit_id`, `cle`, `valeur_boolean`, `type`, `unite`) VALUES (NULL, 213, 'cg_cpt_intel', true, 'boolType', '');
INSERT INTO `caracteristique` (`id`, `produit_id`, `cle`, `valeur_boolean`, `type`, `unite`) VALUES (NULL, 214, 'cg_cpt_amd', true, 'boolType', '');
INSERT INTO `caracteristique` (`id`, `produit_id`, `cle`, `valeur_boolean`, `type`, `unite`) VALUES (NULL, 214, 'cg_cpt_intel', true, 'boolType', '');
INSERT INTO `caracteristique` (`id`, `produit_id`, `cle`, `valeur_boolean`, `type`, `unite`) VALUES (NULL, 215, 'cg_cpt_amd', true, 'boolType', '');
INSERT INTO `caracteristique` (`id`, `produit_id`, `cle`, `valeur_boolean`, `type`, `unite`) VALUES (NULL, 215, 'cg_cpt_intel', true, 'boolType', '');
/* Cartes mères */
INSERT INTO `produit` (`id`, `type_id`, `marque_id`, `nom`, `prix`, `photo`, `date_ajout`) VALUES (301, 4, 13, 'Asus PRIME B360M', 89.95, 'Asus_PRIME_B360M.jpg', '2017-4-15');
INSERT INTO `produit` (`id`, `type_id`, `marque_id`, `nom`, `prix`, `photo`, `date_ajout`) VALUES (302, 4, 13, 'Asus TUF Z390-PLUS GAMING', 174.95, 'Asus_TUF_Z390-PLUS_GAMING.jpg', '2017-9-18');
INSERT INTO `produit` (`id`, `type_id`, `marque_id`, `nom`, `prix`, `photo`, `date_ajout`) VALUES (303, 4, 13, 'Asus ROG MAXIMUS X CODE', 417.95, 'Asus_ROG_MAXIMUS_X_CODE.jpg', '2017-9-13');
INSERT INTO `produit` (`id`, `type_id`, `marque_id`, `nom`, `prix`, `photo`, `date_ajout`) VALUES (304, 4, 26, 'Gigabyte H370 HD3', 112.95, 'Gigabyte_H370_HD3.jpg', '2017-11-10');
INSERT INTO `produit` (`id`, `type_id`, `marque_id`, `nom`, `prix`, `photo`, `date_ajout`) VALUES (305, 4, 26, 'Gigabyte X570 GAMING X', 219.95, 'Gigabyte_X570_GAMING_X.jpg', '2018-8-1');
INSERT INTO `produit` (`id`, `type_id`, `marque_id`, `nom`, `prix`, `photo`, `date_ajout`) VALUES (306, 4, 26, 'Gigabyte X399 Aorus Pro', 315.95, 'Gigabyte_X399_Aorus_Pro.jpg', '2018-5-25');
INSERT INTO `produit` (`id`, `type_id`, `marque_id`, `nom`, `prix`, `photo`, `date_ajout`) VALUES (307, 4, 35, 'MSI B450M-A PRO MAX', 67.95, 'MSI_B450M_A_PRO_MAX.jpg', '2017-8-24');
INSERT INTO `produit` (`id`, `type_id`, `marque_id`, `nom`, `prix`, `photo`, `date_ajout`) VALUES (308, 4, 35, 'MSI Z390-A PRO ', 169.95, 'MSI_Z390_A_PRO.jpg', '2018-5-6');
INSERT INTO `produit` (`id`, `type_id`, `marque_id`, `nom`, `prix`, `photo`, `date_ajout`) VALUES (309, 4, 35, 'MSI MEG X570 UNIFY ', 329.95, 'MSI _MEG_X570_UNIFY.jpg', '2018-2-8');
INSERT INTO `caracteristique` (`id`, `produit_id`, `cle`, `valeur_string`, `type`, `unite`) VALUES (NULL, 301, 'cm_socket_cpu', 'LGA 1151', 'stringType', '');
INSERT INTO `caracteristique` (`id`, `produit_id`, `cle`, `valeur_string`, `type`, `unite`) VALUES (NULL, 301, 'cm_form_factor', 'Micro-ATX', 'stringType', '');
INSERT INTO `caracteristique` (`id`, `produit_id`, `cle`, `valeur_string`, `type`, `unite`) VALUES (NULL, 301, 'cm_type_ram', 'DDR4', 'stringType', '');
INSERT INTO `caracteristique` (`id`, `produit_id`, `cle`, `valeur_string`, `type`, `unite`) VALUES (NULL, 302, 'cm_socket_cpu', 'LGA 1151', 'stringType', '');
INSERT INTO `caracteristique` (`id`, `produit_id`, `cle`, `valeur_string`, `type`, `unite`) VALUES (NULL, 302, 'cm_form_factor', 'ATX', 'stringType', '');
INSERT INTO `caracteristique` (`id`, `produit_id`, `cle`, `valeur_string`, `type`, `unite`) VALUES (NULL, 302, 'cm_type_ram', 'DDR4', 'stringType', '');
INSERT INTO `caracteristique` (`id`, `produit_id`, `cle`, `valeur_string`, `type`, `unite`) VALUES (NULL, 303, 'cm_socket_cpu', 'LGA 1151', 'stringType', '');
INSERT INTO `caracteristique` (`id`, `produit_id`, `cle`, `valeur_string`, `type`, `unite`) VALUES (NULL, 303, 'cm_form_factor', 'ATX', 'stringType', '');
INSERT INTO `caracteristique` (`id`, `produit_id`, `cle`, `valeur_string`, `type`, `unite`) VALUES (NULL, 303, 'cm_type_ram', 'DDR4', 'stringType', '');
INSERT INTO `caracteristique` (`id`, `produit_id`, `cle`, `valeur_string`, `type`, `unite`) VALUES (NULL, 304, 'cm_socket_cpu', 'LGA 1151', 'stringType', '');
INSERT INTO `caracteristique` (`id`, `produit_id`, `cle`, `valeur_string`, `type`, `unite`) VALUES (NULL, 304, 'cm_form_factor', 'ATX', 'stringType', '');
INSERT INTO `caracteristique` (`id`, `produit_id`, `cle`, `valeur_string`, `type`, `unite`) VALUES (NULL, 304, 'cm_type_ram', 'DDR4', 'stringType', '');
INSERT INTO `caracteristique` (`id`, `produit_id`, `cle`, `valeur_string`, `type`, `unite`) VALUES (NULL, 305, 'cm_socket_cpu', 'AM4', 'stringType', '');
INSERT INTO `caracteristique` (`id`, `produit_id`, `cle`, `valeur_string`, `type`, `unite`) VALUES (NULL, 305, 'cm_form_factor', 'ATX', 'stringType', '');
INSERT INTO `caracteristique` (`id`, `produit_id`, `cle`, `valeur_string`, `type`, `unite`) VALUES (NULL, 305, 'cm_type_ram', 'DDR4', 'stringType', '');
INSERT INTO `caracteristique` (`id`, `produit_id`, `cle`, `valeur_string`, `type`, `unite`) VALUES (NULL, 306, 'cm_socket_cpu', 'AM4', 'stringType', '');
INSERT INTO `caracteristique` (`id`, `produit_id`, `cle`, `valeur_string`, `type`, `unite`) VALUES (NULL, 306, 'cm_form_factor', 'ATX', 'stringType', '');
INSERT INTO `caracteristique` (`id`, `produit_id`, `cle`, `valeur_string`, `type`, `unite`) VALUES (NULL, 306, 'cm_type_ram', 'DDR4', 'stringType', '');
INSERT INTO `caracteristique` (`id`, `produit_id`, `cle`, `valeur_string`, `type`, `unite`) VALUES (NULL, 307, 'cm_socket_cpu', 'AM4', 'stringType', '');
INSERT INTO `caracteristique` (`id`, `produit_id`, `cle`, `valeur_string`, `type`, `unite`) VALUES (NULL, 307, 'cm_form_factor', 'ATX', 'stringType', '');
INSERT INTO `caracteristique` (`id`, `produit_id`, `cle`, `valeur_string`, `type`, `unite`) VALUES (NULL, 307, 'cm_type_ram', 'DDR4', 'stringType', '');
INSERT INTO `caracteristique` (`id`, `produit_id`, `cle`, `valeur_string`, `type`, `unite`) VALUES (NULL, 308, 'cm_socket_cpu', 'LGA 1151', 'stringType', '');
INSERT INTO `caracteristique` (`id`, `produit_id`, `cle`, `valeur_string`, `type`, `unite`) VALUES (NULL, 308, 'cm_form_factor', 'ATX', 'stringType', '');
INSERT INTO `caracteristique` (`id`, `produit_id`, `cle`, `valeur_string`, `type`, `unite`) VALUES (NULL, 308, 'cm_type_ram', 'DDR4', 'stringType', '');
INSERT INTO `caracteristique` (`id`, `produit_id`, `cle`, `valeur_string`, `type`, `unite`) VALUES (NULL, 309, 'cm_socket_cpu', 'AM4', 'stringType', '');
INSERT INTO `caracteristique` (`id`, `produit_id`, `cle`, `valeur_string`, `type`, `unite`) VALUES (NULL, 309, 'cm_form_factor', 'ATX', 'stringType', '');
INSERT INTO `caracteristique` (`id`, `produit_id`, `cle`, `valeur_string`, `type`, `unite`) VALUES (NULL, 309, 'cm_type_ram', 'DDR4', 'stringType', '');
/* Cartes réseau */
INSERT INTO `produit` (`id`, `type_id`, `marque_id`, `nom`, `prix`, `photo`, `date_ajout`) VALUES (401, 5, 30, 'Intel Gigabit CT Desktop Single Port', 37.94, 'CR_intel_S_P.jpg', '2018-7-24');
INSERT INTO `produit` (`id`, `type_id`, `marque_id`, `nom`, `prix`, `photo`, `date_ajout`) VALUES (402, 5, 30, 'Intel Ethernet Converged Network Adapter X710-DA2 (bulk)', 369.95, 'CR_Inttel_710.jpg', '2018-4-3');
INSERT INTO `produit` (`id`, `type_id`, `marque_id`, `nom`, `prix`, `photo`, `date_ajout`) VALUES (403, 5, 45, 'TP-Link Archer T6E', 42.98, 'CR_TP_T6E.jpg', '2018-3-12');
INSERT INTO `produit` (`id`, `type_id`, `marque_id`, `nom`, `prix`, `photo`, `date_ajout`) VALUES (404, 5, 22, 'Dexlan Carte réseau Gigabit Ethernet', 44.90, 'CR_DEX_giga.jpg', '2018-4-19');
INSERT INTO `produit` (`id`, `type_id`, `marque_id`, `nom`, `prix`, `photo`, `date_ajout`) VALUES (405, 5, 13, 'ASUS PCE-AC51', 34.90, 'CR_AC51.jpg', '2018-6-3');
INSERT INTO `produit` (`id`, `type_id`, `marque_id`, `nom`, `prix`, `photo`, `date_ajout`) VALUES (406, 5, 13, 'ASUS PCE-AC68', 73.95, 'CR_AC68.jpg', '2017-7-24');
INSERT INTO `produit` (`id`, `type_id`, `marque_id`, `nom`, `prix`, `photo`, `date_ajout`) VALUES (407, 5, 13, 'ASUS PCE-AC58BT', 69.95, 'CR_AC58.jpg', '2018-5-4');
INSERT INTO `produit` (`id`, `type_id`, `marque_id`, `nom`, `prix`, `photo`, `date_ajout`) VALUES (408, 5, 13, 'ASUS PCE-AC88', 99.95, 'CR_AC88.jpg', '2017-6-24');
INSERT INTO `produit` (`id`, `type_id`, `marque_id`, `nom`, `prix`, `photo`, `date_ajout`) VALUES (409, 5, 32, 'Lenovo ThinkSystem 10Gb 4-port Base-T LOM', 299.95, 'CR_ThinkSystem_base.jpg', '2017-9-6');
INSERT INTO `produit` (`id`, `type_id`, `marque_id`, `nom`, `prix`, `photo`, `date_ajout`) VALUES (410, 5, 32, 'Lenovo ThinkSystem 10Gb 4-port SFP+ LOM', 148.95, 'CR_ThinkSystem_SFP.jpg', '2018-3-11');
INSERT INTO `produit` (`id`, `type_id`, `marque_id`, `nom`, `prix`, `photo`, `date_ajout`) VALUES (411, 5, 32, 'Lenovo ThinkSystem 1Gb 4-port RJ45 LOM', 195.95, 'CR_TginkSystem_RJ45.JPG', '2017-11-7');
INSERT INTO `caracteristique` (`id`, `produit_id`, `cle`, `valeur_boolean`, `type`, `unite`) VALUES (NULL, 401, 'cr_cpt_amd', false, 'boolType', '');
INSERT INTO `caracteristique` (`id`, `produit_id`, `cle`, `valeur_boolean`, `type`, `unite`) VALUES (NULL, 401, 'cr_cpt_intel', true, 'boolType', '');
INSERT INTO `caracteristique` (`id`, `produit_id`, `cle`, `valeur_boolean`, `type`, `unite`) VALUES (NULL, 402, 'cr_cpt_amd', false, 'boolType', '');
INSERT INTO `caracteristique` (`id`, `produit_id`, `cle`, `valeur_boolean`, `type`, `unite`) VALUES (NULL, 402, 'cr_cpt_intel', true, 'boolType', '');
INSERT INTO `caracteristique` (`id`, `produit_id`, `cle`, `valeur_boolean`, `type`, `unite`) VALUES (NULL, 403, 'cr_cpt_amd', true, 'boolType', '');
INSERT INTO `caracteristique` (`id`, `produit_id`, `cle`, `valeur_boolean`, `type`, `unite`) VALUES (NULL, 403, 'cr_cpt_intel', false, 'boolType', '');
INSERT INTO `caracteristique` (`id`, `produit_id`, `cle`, `valeur_boolean`, `type`, `unite`) VALUES (NULL, 404, 'cr_cpt_amd', true, 'boolType', '');
INSERT INTO `caracteristique` (`id`, `produit_id`, `cle`, `valeur_boolean`, `type`, `unite`) VALUES (NULL, 404, 'cr_cpt_intel', true, 'boolType', '');
INSERT INTO `caracteristique` (`id`, `produit_id`, `cle`, `valeur_boolean`, `type`, `unite`) VALUES (NULL, 405, 'cr_cpt_amd', true, 'boolType', '');
INSERT INTO `caracteristique` (`id`, `produit_id`, `cle`, `valeur_boolean`, `type`, `unite`) VALUES (NULL, 405, 'cr_cpt_intel', true, 'boolType', '');
INSERT INTO `caracteristique` (`id`, `produit_id`, `cle`, `valeur_boolean`, `type`, `unite`) VALUES (NULL, 406, 'cr_cpt_amd', true, 'boolType', '');
INSERT INTO `caracteristique` (`id`, `produit_id`, `cle`, `valeur_boolean`, `type`, `unite`) VALUES (NULL, 406, 'cr_cpt_intel', true, 'boolType', '');
INSERT INTO `caracteristique` (`id`, `produit_id`, `cle`, `valeur_boolean`, `type`, `unite`) VALUES (NULL, 407, 'cr_cpt_amd', true, 'boolType', '');
INSERT INTO `caracteristique` (`id`, `produit_id`, `cle`, `valeur_boolean`, `type`, `unite`) VALUES (NULL, 407, 'cr_cpt_intel', true, 'boolType', '');
INSERT INTO `caracteristique` (`id`, `produit_id`, `cle`, `valeur_boolean`, `type`, `unite`) VALUES (NULL, 408, 'cr_cpt_amd', true, 'boolType', '');
INSERT INTO `caracteristique` (`id`, `produit_id`, `cle`, `valeur_boolean`, `type`, `unite`) VALUES (NULL, 408, 'cr_cpt_intel', true, 'boolType', '');
INSERT INTO `caracteristique` (`id`, `produit_id`, `cle`, `valeur_boolean`, `type`, `unite`) VALUES (NULL, 409, 'cr_cpt_amd', true, 'boolType', '');
INSERT INTO `caracteristique` (`id`, `produit_id`, `cle`, `valeur_boolean`, `type`, `unite`) VALUES (NULL, 409, 'cr_cpt_intel', true, 'boolType', '');
INSERT INTO `caracteristique` (`id`, `produit_id`, `cle`, `valeur_boolean`, `type`, `unite`) VALUES (NULL, 410, 'cr_cpt_amd', true, 'boolType', '');
INSERT INTO `caracteristique` (`id`, `produit_id`, `cle`, `valeur_boolean`, `type`, `unite`) VALUES (NULL, 410, 'cr_cpt_intel', true, 'boolType', '');
INSERT INTO `caracteristique` (`id`, `produit_id`, `cle`, `valeur_boolean`, `type`, `unite`) VALUES (NULL, 411, 'cr_cpt_amd', true, 'boolType', '');
INSERT INTO `caracteristique` (`id`, `produit_id`, `cle`, `valeur_boolean`, `type`, `unite`) VALUES (NULL, 411, 'cr_cpt_intel', true, 'boolType', '');
/* Claviers */
INSERT INTO `produit` (`id`, `type_id`, `marque_id`, `nom`, `prix`, `photo`, `date_ajout`) VALUES (501, 6, 13, 'Sagaris GK100', 34.90, 'Asus_Sagaris_GK100.jpg', '2017-4-17');
INSERT INTO `produit` (`id`, `type_id`, `marque_id`, `nom`, `prix`, `photo`, `date_ajout`) VALUES (502, 6, 13, 'TUF K5', 79.95, 'Asus_TUF_K5.jpg', '2017-4-24');
INSERT INTO `produit` (`id`, `type_id`, `marque_id`, `nom`, `prix`, `photo`, `date_ajout`) VALUES (503, 6, 10, 'Magic Keyboard', 99.95, 'Apple_magic_keyboard.jpg', '2018-3-8');
INSERT INTO `produit` (`id`, `type_id`, `marque_id`, `nom`, `prix`, `photo`, `date_ajout`) VALUES (504, 6, 10, 'Magic Keyboard avec pavé numérique', 148.95, 'Apple_magic_keyboard_num.jpg', '2018-3-23');
INSERT INTO `produit` (`id`, `type_id`, `marque_id`, `nom`, `prix`, `photo`, `date_ajout`) VALUES (505, 6, 13, 'Cerberus Keyboard', 49.99, 'Asus_Cerberus_Keyboard.jpg', '2017-9-6');
INSERT INTO `produit` (`id`, `type_id`, `marque_id`, `nom`, `prix`, `photo`, `date_ajout`) VALUES (506, 6, 34, 'K120 for Business', 12.95, 'Logitech_K120_business.jpg', '2018-11-1');
INSERT INTO `produit` (`id`, `type_id`, `marque_id`, `nom`, `prix`, `photo`, `date_ajout`) VALUES (507, 6, 34, 'K270', 31.96, 'Logitech_K270.jpg', '2018-10-17');
INSERT INTO `produit` (`id`, `type_id`, `marque_id`, `nom`, `prix`, `photo`, `date_ajout`) VALUES (508, 6, 34, 'G413 - Romer-G Tactile', 89.95, 'Logitech_G413_Romer-G_Tactile.jpg', '2018-6-9');
INSERT INTO `produit` (`id`, `type_id`, `marque_id`, `nom`, `prix`, `photo`, `date_ajout`) VALUES (509, 6, 20, 'K55 RGB', 64.96, 'Corsair_K55_RGB.jpg', '2017-7-8');
INSERT INTO `produit` (`id`, `type_id`, `marque_id`, `nom`, `prix`, `photo`, `date_ajout`) VALUES (510, 6, 18, 'KC 1000', 16.90, 'Cherry_KC_1000.jpg', '2017-11-19');
INSERT INTO `produit` (`id`, `type_id`, `marque_id`, `nom`, `prix`, `photo`, `date_ajout`) VALUES (511, 6, 18, 'Strait 3.0', 29.90, 'Cherry_Strait_3.0.jpg', '2017-6-18');
INSERT INTO `produit` (`id`, `type_id`, `marque_id`, `nom`, `prix`, `photo`, `date_ajout`) VALUES (512, 6, 8, 'K7', 109.95, 'Aorus_K7.jpg', '2018-6-2');
INSERT INTO `produit` (`id`, `type_id`, `marque_id`, `nom`, `prix`, `photo`, `date_ajout`) VALUES (513, 6, 34, 'K400 Plus', 39.95, 'Logitech_K400_Plus.jpg', '2018-7-26');
INSERT INTO `produit` (`id`, `type_id`, `marque_id`, `nom`, `prix`, `photo`, `date_ajout`) VALUES (514, 6, 20, 'K83 Wireless', 129.95, 'Corsair_K83_wireless.jpg', '2018-9-26');
INSERT INTO `produit` (`id`, `type_id`, `marque_id`, `nom`, `prix`, `photo`, `date_ajout`) VALUES (515, 6, 38, 'BlackWidow Elite', 149.95, 'Razer_blackwidow_elite.jpg', '2018-1-7');
INSERT INTO `produit` (`id`, `type_id`, `marque_id`, `nom`, `prix`, `photo`, `date_ajout`) VALUES (516, 6, 38, 'Huntsman', 139.95, 'Razer_huntsman.jpg', '2018-8-5');
INSERT INTO `produit` (`id`, `type_id`, `marque_id`, `nom`, `prix`, `photo`, `date_ajout`) VALUES (517, 6, 38, 'Cynosa', 69.95, 'Razer_Cynosa.jpg', '2018-3-21');
INSERT INTO `caracteristique` (`id`, `produit_id`, `cle`, `valeur_boolean`, `type`, `unite`) VALUES (NULL, 501, 'clavier_sans_fil', false, 'boolType', '');
INSERT INTO `caracteristique` (`id`, `produit_id`, `cle`, `valeur_string`, `type`, `unite`) VALUES (NULL, 501, 'clavier_interface_pc', 'usb', 'stringType', '');
INSERT INTO `caracteristique` (`id`, `produit_id`, `cle`, `valeur_string`, `type`, `unite`) VALUES (NULL, 501, 'clavier_connexion', 'filaire', 'stringType', '');
INSERT INTO `caracteristique` (`id`, `produit_id`, `cle`, `valeur_boolean`, `type`, `unite`) VALUES (NULL, 501, 'clavier_mecanique', false, 'boolType', '');
INSERT INTO `caracteristique` (`id`, `produit_id`, `cle`, `valeur_boolean`, `type`, `unite`) VALUES (NULL, 501, 'clavier_retroeclaire', true, 'boolType', '');
INSERT INTO `caracteristique` (`id`, `produit_id`, `cle`, `valeur_boolean`, `type`, `unite`) VALUES (NULL, 501, 'clavier_pave_num', true, 'boolType', '');
INSERT INTO `caracteristique` (`id`, `produit_id`, `cle`, `valeur_integer`, `type`, `unite`) VALUES (NULL, 501, 'clavier_largeur', 466, 'intType', 'mm');
INSERT INTO `caracteristique` (`id`, `produit_id`, `cle`, `valeur_integer`, `type`, `unite`) VALUES (NULL, 501, 'clavier_hauteur', 30, 'intType', 'mm');
INSERT INTO `caracteristique` (`id`, `produit_id`, `cle`, `valeur_integer`, `type`, `unite`) VALUES (NULL, 501, 'clavier_profondeur', 185, 'intType', 'mm');
INSERT INTO `caracteristique` (`id`, `produit_id`, `cle`, `valeur_integer`, `type`, `unite`) VALUES (NULL, 501, 'clavier_poids', 1100, 'intType', 'g');
INSERT INTO `caracteristique` (`id`, `produit_id`, `cle`, `valeur_boolean`, `type`, `unite`) VALUES (NULL, 501, 'clavier_bureautique', false, 'boolType', '');
INSERT INTO `caracteristique` (`id`, `produit_id`, `cle`, `valeur_boolean`, `type`, `unite`) VALUES (NULL, 501, 'clavier_multimedia', false, 'boolType', '');
INSERT INTO `caracteristique` (`id`, `produit_id`, `cle`, `valeur_boolean`, `type`, `unite`) VALUES (NULL, 501, 'clavier_gaming', true, 'boolType', '');
INSERT INTO `caracteristique` (`id`, `produit_id`, `cle`, `valeur_boolean`, `type`, `unite`) VALUES (NULL, 502, 'clavier_sans_fil', true, 'boolType', '');
INSERT INTO `caracteristique` (`id`, `produit_id`, `cle`, `valeur_string`, `type`, `unite`) VALUES (NULL, 502, 'clavier_interface_pc', 'usb', 'stringType', '');
INSERT INTO `caracteristique` (`id`, `produit_id`, `cle`, `valeur_string`, `type`, `unite`) VALUES (NULL, 502, 'clavier_connexion', 'filaire', 'stringType', '');
INSERT INTO `caracteristique` (`id`, `produit_id`, `cle`, `valeur_boolean`, `type`, `unite`) VALUES (NULL, 502, 'clavier_mecanique', false, 'boolType', '');
INSERT INTO `caracteristique` (`id`, `produit_id`, `cle`, `valeur_boolean`, `type`, `unite`) VALUES (NULL, 502, 'clavier_retroeclaire', true, 'boolType', '');
INSERT INTO `caracteristique` (`id`, `produit_id`, `cle`, `valeur_boolean`, `type`, `unite`) VALUES (NULL, 502, 'clavier_pave_num', true, 'boolType', '');
INSERT INTO `caracteristique` (`id`, `produit_id`, `cle`, `valeur_integer`, `type`, `unite`) VALUES (NULL, 502, 'clavier_largeur', 460, 'intType', 'mm');
INSERT INTO `caracteristique` (`id`, `produit_id`, `cle`, `valeur_integer`, `type`, `unite`) VALUES (NULL, 502, 'clavier_hauteur', 40, 'intType', 'mm');
INSERT INTO `caracteristique` (`id`, `produit_id`, `cle`, `valeur_integer`, `type`, `unite`) VALUES (NULL, 502, 'clavier_profondeur', 218, 'intType', 'mm');
INSERT INTO `caracteristique` (`id`, `produit_id`, `cle`, `valeur_integer`, `type`, `unite`) VALUES (NULL, 502, 'clavier_poids', 1050, 'intType', 'g');
INSERT INTO `caracteristique` (`id`, `produit_id`, `cle`, `valeur_boolean`, `type`, `unite`) VALUES (NULL, 502, 'clavier_bureautique', false, 'boolType', '');
INSERT INTO `caracteristique` (`id`, `produit_id`, `cle`, `valeur_boolean`, `type`, `unite`) VALUES (NULL, 502, 'clavier_multimedia', false, 'boolType', '');
INSERT INTO `caracteristique` (`id`, `produit_id`, `cle`, `valeur_boolean`, `type`, `unite`) VALUES (NULL, 502, 'clavier_gaming', true, 'boolType', '');
INSERT INTO `caracteristique` (`id`, `produit_id`, `cle`, `valeur_boolean`, `type`, `unite`) VALUES (NULL, 503, 'clavier_sans_fil', true, 'boolType', '');
INSERT INTO `caracteristique` (`id`, `produit_id`, `cle`, `valeur_string`, `type`, `unite`) VALUES (NULL, 503, 'clavier_interface_pc', 'bluetooth', 'stringType', '');
INSERT INTO `caracteristique` (`id`, `produit_id`, `cle`, `valeur_string`, `type`, `unite`) VALUES (NULL, 503, 'clavier_connexion', 'bluetooth', 'stringType', '');
INSERT INTO `caracteristique` (`id`, `produit_id`, `cle`, `valeur_boolean`, `type`, `unite`) VALUES (NULL, 503, 'clavier_mecanique', false, 'boolType', '');
INSERT INTO `caracteristique` (`id`, `produit_id`, `cle`, `valeur_boolean`, `type`, `unite`) VALUES (NULL, 503, 'clavier_retroeclaire', false, 'boolType', '');
INSERT INTO `caracteristique` (`id`, `produit_id`, `cle`, `valeur_boolean`, `type`, `unite`) VALUES (NULL, 503, 'clavier_pave_num', false, 'boolType', '');
INSERT INTO `caracteristique` (`id`, `produit_id`, `cle`, `valeur_integer`, `type`, `unite`) VALUES (NULL, 503, 'clavier_largeur', 279, 'intType', 'mm');
INSERT INTO `caracteristique` (`id`, `produit_id`, `cle`, `valeur_integer`, `type`, `unite`) VALUES (NULL, 503, 'clavier_hauteur', 11, 'intType', 'mm');
INSERT INTO `caracteristique` (`id`, `produit_id`, `cle`, `valeur_integer`, `type`, `unite`) VALUES (NULL, 503, 'clavier_profondeur', 115, 'intType', 'mm');
INSERT INTO `caracteristique` (`id`, `produit_id`, `cle`, `valeur_integer`, `type`, `unite`) VALUES (NULL, 503, 'clavier_poids', 231, 'intType', 'g');
INSERT INTO `caracteristique` (`id`, `produit_id`, `cle`, `valeur_boolean`, `type`, `unite`) VALUES (NULL, 503, 'clavier_bureautique', true, 'boolType', '');
INSERT INTO `caracteristique` (`id`, `produit_id`, `cle`, `valeur_boolean`, `type`, `unite`) VALUES (NULL, 503, 'clavier_multimedia', false, 'boolType', '');
INSERT INTO `caracteristique` (`id`, `produit_id`, `cle`, `valeur_boolean`, `type`, `unite`) VALUES (NULL, 503, 'clavier_gaming', false, 'boolType', '');
INSERT INTO `caracteristique` (`id`, `produit_id`, `cle`, `valeur_boolean`, `type`, `unite`) VALUES (NULL, 504, 'clavier_sans_fil', true, 'boolType', '');
INSERT INTO `caracteristique` (`id`, `produit_id`, `cle`, `valeur_string`, `type`, `unite`) VALUES (NULL, 504, 'clavier_interface_pc', 'bluetooth', 'stringType', '');
INSERT INTO `caracteristique` (`id`, `produit_id`, `cle`, `valeur_string`, `type`, `unite`) VALUES (NULL, 504, 'clavier_connexion', 'bluetooth', 'stringType', '');
INSERT INTO `caracteristique` (`id`, `produit_id`, `cle`, `valeur_boolean`, `type`, `unite`) VALUES (NULL, 504, 'clavier_mecanique', false, 'boolType', '');
INSERT INTO `caracteristique` (`id`, `produit_id`, `cle`, `valeur_boolean`, `type`, `unite`) VALUES (NULL, 504, 'clavier_retroeclaire', false, 'boolType', '');
INSERT INTO `caracteristique` (`id`, `produit_id`, `cle`, `valeur_boolean`, `type`, `unite`) VALUES (NULL, 504, 'clavier_pave_num', true, 'boolType', '');
INSERT INTO `caracteristique` (`id`, `produit_id`, `cle`, `valeur_integer`, `type`, `unite`) VALUES (NULL, 504, 'clavier_largeur', 419, 'intType', 'mm');
INSERT INTO `caracteristique` (`id`, `produit_id`, `cle`, `valeur_integer`, `type`, `unite`) VALUES (NULL, 504, 'clavier_hauteur', 11, 'intType', 'mm');
INSERT INTO `caracteristique` (`id`, `produit_id`, `cle`, `valeur_integer`, `type`, `unite`) VALUES (NULL, 504, 'clavier_profondeur', 115, 'intType', 'mm');
INSERT INTO `caracteristique` (`id`, `produit_id`, `cle`, `valeur_integer`, `type`, `unite`) VALUES (NULL, 504, 'clavier_poids', 390, 'intType', 'g');
INSERT INTO `caracteristique` (`id`, `produit_id`, `cle`, `valeur_boolean`, `type`, `unite`) VALUES (NULL, 504, 'clavier_bureautique', true, 'boolType', '');
INSERT INTO `caracteristique` (`id`, `produit_id`, `cle`, `valeur_boolean`, `type`, `unite`) VALUES (NULL, 504, 'clavier_multimedia', false, 'boolType', '');
INSERT INTO `caracteristique` (`id`, `produit_id`, `cle`, `valeur_boolean`, `type`, `unite`) VALUES (NULL, 504, 'clavier_gaming', false, 'boolType', '');
INSERT INTO `caracteristique` (`id`, `produit_id`, `cle`, `valeur_boolean`, `type`, `unite`) VALUES (NULL, 505, 'clavier_sans_fil', false, 'boolType', '');
INSERT INTO `caracteristique` (`id`, `produit_id`, `cle`, `valeur_string`, `type`, `unite`) VALUES (NULL, 505, 'clavier_interface_pc', 'usb', 'stringType', '');
INSERT INTO `caracteristique` (`id`, `produit_id`, `cle`, `valeur_string`, `type`, `unite`) VALUES (NULL, 505, 'clavier_connexion', 'filaire', 'stringType', '');
INSERT INTO `caracteristique` (`id`, `produit_id`, `cle`, `valeur_boolean`, `type`, `unite`) VALUES (NULL, 505, 'clavier_mecanique', false, 'boolType', '');
INSERT INTO `caracteristique` (`id`, `produit_id`, `cle`, `valeur_boolean`, `type`, `unite`) VALUES (NULL, 505, 'clavier_retroeclaire', false, 'boolType', '');
INSERT INTO `caracteristique` (`id`, `produit_id`, `cle`, `valeur_boolean`, `type`, `unite`) VALUES (NULL, 505, 'clavier_pave_num', true, 'boolType', '');
INSERT INTO `caracteristique` (`id`, `produit_id`, `cle`, `valeur_integer`, `type`, `unite`) VALUES (NULL, 505, 'clavier_largeur', 471, 'intType', 'mm');
INSERT INTO `caracteristique` (`id`, `produit_id`, `cle`, `valeur_integer`, `type`, `unite`) VALUES (NULL, 505, 'clavier_hauteur', 41, 'intType', 'mm');
INSERT INTO `caracteristique` (`id`, `produit_id`, `cle`, `valeur_integer`, `type`, `unite`) VALUES (NULL, 505, 'clavier_profondeur', 186, 'intType', 'mm');
INSERT INTO `caracteristique` (`id`, `produit_id`, `cle`, `valeur_integer`, `type`, `unite`) VALUES (NULL, 505, 'clavier_poids', 1100, 'intType', 'g');
INSERT INTO `caracteristique` (`id`, `produit_id`, `cle`, `valeur_boolean`, `type`, `unite`) VALUES (NULL, 505, 'clavier_bureautique', false, 'boolType', '');
INSERT INTO `caracteristique` (`id`, `produit_id`, `cle`, `valeur_boolean`, `type`, `unite`) VALUES (NULL, 505, 'clavier_multimedia', false, 'boolType', '');
INSERT INTO `caracteristique` (`id`, `produit_id`, `cle`, `valeur_boolean`, `type`, `unite`) VALUES (NULL, 505, 'clavier_gaming', true, 'boolType', '');
INSERT INTO `caracteristique` (`id`, `produit_id`, `cle`, `valeur_boolean`, `type`, `unite`) VALUES (NULL, 506, 'clavier_sans_fil', false, 'boolType', '');
INSERT INTO `caracteristique` (`id`, `produit_id`, `cle`, `valeur_string`, `type`, `unite`) VALUES (NULL, 506, 'clavier_interface_pc', 'usb', 'stringType', '');
INSERT INTO `caracteristique` (`id`, `produit_id`, `cle`, `valeur_string`, `type`, `unite`) VALUES (NULL, 506, 'clavier_connexion', 'filaire', 'stringType', '');
INSERT INTO `caracteristique` (`id`, `produit_id`, `cle`, `valeur_boolean`, `type`, `unite`) VALUES (NULL, 506, 'clavier_mecanique', false, 'boolType', '');
INSERT INTO `caracteristique` (`id`, `produit_id`, `cle`, `valeur_boolean`, `type`, `unite`) VALUES (NULL, 506, 'clavier_retroeclaire', false, 'boolType', '');
INSERT INTO `caracteristique` (`id`, `produit_id`, `cle`, `valeur_boolean`, `type`, `unite`) VALUES (NULL, 506, 'clavier_pave_num', true, 'boolType', '');
INSERT INTO `caracteristique` (`id`, `produit_id`, `cle`, `valeur_integer`, `type`, `unite`) VALUES (NULL, 506, 'clavier_largeur', 473, 'intType', 'mm');
INSERT INTO `caracteristique` (`id`, `produit_id`, `cle`, `valeur_integer`, `type`, `unite`) VALUES (NULL, 506, 'clavier_hauteur', 29, 'intType', 'mm');
INSERT INTO `caracteristique` (`id`, `produit_id`, `cle`, `valeur_integer`, `type`, `unite`) VALUES (NULL, 506, 'clavier_profondeur', 162, 'intType', 'mm');
INSERT INTO `caracteristique` (`id`, `produit_id`, `cle`, `valeur_integer`, `type`, `unite`) VALUES (NULL, 506, 'clavier_poids', 0, 'intType', 'g');
INSERT INTO `caracteristique` (`id`, `produit_id`, `cle`, `valeur_boolean`, `type`, `unite`) VALUES (NULL, 506, 'clavier_bureautique', true, 'boolType', '');
INSERT INTO `caracteristique` (`id`, `produit_id`, `cle`, `valeur_boolean`, `type`, `unite`) VALUES (NULL, 506, 'clavier_multimedia', false, 'boolType', '');
INSERT INTO `caracteristique` (`id`, `produit_id`, `cle`, `valeur_boolean`, `type`, `unite`) VALUES (NULL, 506, 'clavier_gaming', false, 'boolType', '');
INSERT INTO `caracteristique` (`id`, `produit_id`, `cle`, `valeur_boolean`, `type`, `unite`) VALUES (NULL, 507, 'clavier_sans_fil', true, 'boolType', '');
INSERT INTO `caracteristique` (`id`, `produit_id`, `cle`, `valeur_string`, `type`, `unite`) VALUES (NULL, 507, 'clavier_interface_pc', 'usb', 'stringType', '');
INSERT INTO `caracteristique` (`id`, `produit_id`, `cle`, `valeur_string`, `type`, `unite`) VALUES (NULL, 507, 'clavier_connexion', 'radio', 'stringType', '');
INSERT INTO `caracteristique` (`id`, `produit_id`, `cle`, `valeur_boolean`, `type`, `unite`) VALUES (NULL, 507, 'clavier_mecanique', false, 'boolType', '');
INSERT INTO `caracteristique` (`id`, `produit_id`, `cle`, `valeur_boolean`, `type`, `unite`) VALUES (NULL, 507, 'clavier_retroeclaire', false, 'boolType', '');
INSERT INTO `caracteristique` (`id`, `produit_id`, `cle`, `valeur_boolean`, `type`, `unite`) VALUES (NULL, 507, 'clavier_pave_num', true, 'boolType', '');
INSERT INTO `caracteristique` (`id`, `produit_id`, `cle`, `valeur_integer`, `type`, `unite`) VALUES (NULL, 507, 'clavier_largeur', 454, 'intType', 'mm');
INSERT INTO `caracteristique` (`id`, `produit_id`, `cle`, `valeur_integer`, `type`, `unite`) VALUES (NULL, 507, 'clavier_hauteur', 32, 'intType', 'mm');
INSERT INTO `caracteristique` (`id`, `produit_id`, `cle`, `valeur_integer`, `type`, `unite`) VALUES (NULL, 507, 'clavier_profondeur', 158, 'intType', 'mm');
INSERT INTO `caracteristique` (`id`, `produit_id`, `cle`, `valeur_integer`, `type`, `unite`) VALUES (NULL, 507, 'clavier_poids', 658, 'intType', 'g');
INSERT INTO `caracteristique` (`id`, `produit_id`, `cle`, `valeur_boolean`, `type`, `unite`) VALUES (NULL, 507, 'clavier_bureautique', true, 'boolType', '');
INSERT INTO `caracteristique` (`id`, `produit_id`, `cle`, `valeur_boolean`, `type`, `unite`) VALUES (NULL, 507, 'clavier_multimedia', false, 'boolType', '');
INSERT INTO `caracteristique` (`id`, `produit_id`, `cle`, `valeur_boolean`, `type`, `unite`) VALUES (NULL, 507, 'clavier_gaming', false, 'boolType', '');
INSERT INTO `caracteristique` (`id`, `produit_id`, `cle`, `valeur_boolean`, `type`, `unite`) VALUES (NULL, 508, 'clavier_sans_fil', false, 'boolType', '');
INSERT INTO `caracteristique` (`id`, `produit_id`, `cle`, `valeur_string`, `type`, `unite`) VALUES (NULL, 508, 'clavier_interface_pc', 'usb', 'stringType', '');
INSERT INTO `caracteristique` (`id`, `produit_id`, `cle`, `valeur_string`, `type`, `unite`) VALUES (NULL, 508, 'clavier_connexion', 'filaire', 'stringType', '');
INSERT INTO `caracteristique` (`id`, `produit_id`, `cle`, `valeur_boolean`, `type`, `unite`) VALUES (NULL, 508, 'clavier_mecanique', true, 'boolType', '');
INSERT INTO `caracteristique` (`id`, `produit_id`, `cle`, `valeur_boolean`, `type`, `unite`) VALUES (NULL, 508, 'clavier_retroeclaire', true, 'boolType', '');
INSERT INTO `caracteristique` (`id`, `produit_id`, `cle`, `valeur_boolean`, `type`, `unite`) VALUES (NULL, 508, 'clavier_pave_num', true, 'boolType', '');
INSERT INTO `caracteristique` (`id`, `produit_id`, `cle`, `valeur_integer`, `type`, `unite`) VALUES (NULL, 508, 'clavier_largeur', 445, 'intType', 'mm');
INSERT INTO `caracteristique` (`id`, `produit_id`, `cle`, `valeur_integer`, `type`, `unite`) VALUES (NULL, 508, 'clavier_hauteur', 34, 'intType', 'mm');
INSERT INTO `caracteristique` (`id`, `produit_id`, `cle`, `valeur_integer`, `type`, `unite`) VALUES (NULL, 508, 'clavier_profondeur', 132, 'intType', 'mm');
INSERT INTO `caracteristique` (`id`, `produit_id`, `cle`, `valeur_integer`, `type`, `unite`) VALUES (NULL, 508, 'clavier_poids', 1100, 'intType', 'g');
INSERT INTO `caracteristique` (`id`, `produit_id`, `cle`, `valeur_boolean`, `type`, `unite`) VALUES (NULL, 508, 'clavier_bureautique', false, 'boolType', '');
INSERT INTO `caracteristique` (`id`, `produit_id`, `cle`, `valeur_boolean`, `type`, `unite`) VALUES (NULL, 508, 'clavier_multimedia', false, 'boolType', '');
INSERT INTO `caracteristique` (`id`, `produit_id`, `cle`, `valeur_boolean`, `type`, `unite`) VALUES (NULL, 508, 'clavier_gaming', true, 'boolType', '');
INSERT INTO `caracteristique` (`id`, `produit_id`, `cle`, `valeur_boolean`, `type`, `unite`) VALUES (NULL, 509, 'clavier_sans_fil', false, 'boolType', '');
INSERT INTO `caracteristique` (`id`, `produit_id`, `cle`, `valeur_string`, `type`, `unite`) VALUES (NULL, 509, 'clavier_interface_pc', 'usb', 'stringType', '');
INSERT INTO `caracteristique` (`id`, `produit_id`, `cle`, `valeur_string`, `type`, `unite`) VALUES (NULL, 509, 'clavier_connexion', 'filaire', 'stringType', '');
INSERT INTO `caracteristique` (`id`, `produit_id`, `cle`, `valeur_boolean`, `type`, `unite`) VALUES (NULL, 509, 'clavier_mecanique', false, 'boolType', '');
INSERT INTO `caracteristique` (`id`, `produit_id`, `cle`, `valeur_boolean`, `type`, `unite`) VALUES (NULL, 509, 'clavier_retroeclaire', true, 'boolType', '');
INSERT INTO `caracteristique` (`id`, `produit_id`, `cle`, `valeur_boolean`, `type`, `unite`) VALUES (NULL, 509, 'clavier_pave_num', true, 'boolType', '');
INSERT INTO `caracteristique` (`id`, `produit_id`, `cle`, `valeur_integer`, `type`, `unite`) VALUES (NULL, 509, 'clavier_largeur', 480, 'intType', 'mm');
INSERT INTO `caracteristique` (`id`, `produit_id`, `cle`, `valeur_integer`, `type`, `unite`) VALUES (NULL, 509, 'clavier_hauteur', 35, 'intType', 'mm');
INSERT INTO `caracteristique` (`id`, `produit_id`, `cle`, `valeur_integer`, `type`, `unite`) VALUES (NULL, 509, 'clavier_profondeur', 166, 'intType', 'mm');
INSERT INTO `caracteristique` (`id`, `produit_id`, `cle`, `valeur_integer`, `type`, `unite`) VALUES (NULL, 509, 'clavier_poids', 822, 'intType', 'g');
INSERT INTO `caracteristique` (`id`, `produit_id`, `cle`, `valeur_boolean`, `type`, `unite`) VALUES (NULL, 509, 'clavier_bureautique', false, 'boolType', '');
INSERT INTO `caracteristique` (`id`, `produit_id`, `cle`, `valeur_boolean`, `type`, `unite`) VALUES (NULL, 509, 'clavier_multimedia', false, 'boolType', '');
INSERT INTO `caracteristique` (`id`, `produit_id`, `cle`, `valeur_boolean`, `type`, `unite`) VALUES (NULL, 509, 'clavier_gaming', true, 'boolType', '');
INSERT INTO `caracteristique` (`id`, `produit_id`, `cle`, `valeur_boolean`, `type`, `unite`) VALUES (NULL, 510, 'clavier_sans_fil', false, 'boolType', '');
INSERT INTO `caracteristique` (`id`, `produit_id`, `cle`, `valeur_string`, `type`, `unite`) VALUES (NULL, 510, 'clavier_interface_pc', 'usb', 'stringType', '');
INSERT INTO `caracteristique` (`id`, `produit_id`, `cle`, `valeur_string`, `type`, `unite`) VALUES (NULL, 510, 'clavier_connexion', 'filaire', 'stringType', '');
INSERT INTO `caracteristique` (`id`, `produit_id`, `cle`, `valeur_boolean`, `type`, `unite`) VALUES (NULL, 510, 'clavier_mecanique', false, 'boolType', '');
INSERT INTO `caracteristique` (`id`, `produit_id`, `cle`, `valeur_boolean`, `type`, `unite`) VALUES (NULL, 510, 'clavier_retroeclaire', false, 'boolType', '');
INSERT INTO `caracteristique` (`id`, `produit_id`, `cle`, `valeur_boolean`, `type`, `unite`) VALUES (NULL, 510, 'clavier_pave_num', true, 'boolType', '');
INSERT INTO `caracteristique` (`id`, `produit_id`, `cle`, `valeur_integer`, `type`, `unite`) VALUES (NULL, 510, 'clavier_largeur', 458, 'intType', 'mm');
INSERT INTO `caracteristique` (`id`, `produit_id`, `cle`, `valeur_integer`, `type`, `unite`) VALUES (NULL, 510, 'clavier_hauteur', 17, 'intType', 'mm');
INSERT INTO `caracteristique` (`id`, `produit_id`, `cle`, `valeur_integer`, `type`, `unite`) VALUES (NULL, 510, 'clavier_profondeur', 170, 'intType', 'mm');
INSERT INTO `caracteristique` (`id`, `produit_id`, `cle`, `valeur_integer`, `type`, `unite`) VALUES (NULL, 510, 'clavier_poids', 0, 'intType', 'g');
INSERT INTO `caracteristique` (`id`, `produit_id`, `cle`, `valeur_boolean`, `type`, `unite`) VALUES (NULL, 510, 'clavier_bureautique', true, 'boolType', '');
INSERT INTO `caracteristique` (`id`, `produit_id`, `cle`, `valeur_boolean`, `type`, `unite`) VALUES (NULL, 510, 'clavier_multimedia', false, 'boolType', '');
INSERT INTO `caracteristique` (`id`, `produit_id`, `cle`, `valeur_boolean`, `type`, `unite`) VALUES (NULL, 510, 'clavier_gaming', false, 'boolType', '');
INSERT INTO `caracteristique` (`id`, `produit_id`, `cle`, `valeur_boolean`, `type`, `unite`) VALUES (NULL, 511, 'clavier_sans_fil', false, 'boolType', '');
INSERT INTO `caracteristique` (`id`, `produit_id`, `cle`, `valeur_string`, `type`, `unite`) VALUES (NULL, 511, 'clavier_interface_pc', 'usb', 'stringType', '');
INSERT INTO `caracteristique` (`id`, `produit_id`, `cle`, `valeur_string`, `type`, `unite`) VALUES (NULL, 511, 'clavier_connexion', 'filaire', 'stringType', '');
INSERT INTO `caracteristique` (`id`, `produit_id`, `cle`, `valeur_boolean`, `type`, `unite`) VALUES (NULL, 511, 'clavier_mecanique', false, 'boolType', '');
INSERT INTO `caracteristique` (`id`, `produit_id`, `cle`, `valeur_boolean`, `type`, `unite`) VALUES (NULL, 511, 'clavier_retroeclaire', false, 'boolType', '');
INSERT INTO `caracteristique` (`id`, `produit_id`, `cle`, `valeur_boolean`, `type`, `unite`) VALUES (NULL, 511, 'clavier_pave_num', true, 'boolType', '');
INSERT INTO `caracteristique` (`id`, `produit_id`, `cle`, `valeur_integer`, `type`, `unite`) VALUES (NULL, 511, 'clavier_largeur', 441, 'intType', 'mm');
INSERT INTO `caracteristique` (`id`, `produit_id`, `cle`, `valeur_integer`, `type`, `unite`) VALUES (NULL, 511, 'clavier_hauteur', 15, 'intType', 'mm');
INSERT INTO `caracteristique` (`id`, `produit_id`, `cle`, `valeur_integer`, `type`, `unite`) VALUES (NULL, 511, 'clavier_profondeur', 161, 'intType', 'mm');
INSERT INTO `caracteristique` (`id`, `produit_id`, `cle`, `valeur_integer`, `type`, `unite`) VALUES (NULL, 511, 'clavier_poids', 724, 'intType', 'g');
INSERT INTO `caracteristique` (`id`, `produit_id`, `cle`, `valeur_boolean`, `type`, `unite`) VALUES (NULL, 511, 'clavier_bureautique', true, 'boolType', '');
INSERT INTO `caracteristique` (`id`, `produit_id`, `cle`, `valeur_boolean`, `type`, `unite`) VALUES (NULL, 511, 'clavier_multimedia', false, 'boolType', '');
INSERT INTO `caracteristique` (`id`, `produit_id`, `cle`, `valeur_boolean`, `type`, `unite`) VALUES (NULL, 511, 'clavier_gaming', false, 'boolType', '');
INSERT INTO `caracteristique` (`id`, `produit_id`, `cle`, `valeur_boolean`, `type`, `unite`) VALUES (NULL, 512, 'clavier_sans_fil', false, 'boolType', '');
INSERT INTO `caracteristique` (`id`, `produit_id`, `cle`, `valeur_string`, `type`, `unite`) VALUES (NULL, 512, 'clavier_interface_pc', 'usb', 'stringType', '');
INSERT INTO `caracteristique` (`id`, `produit_id`, `cle`, `valeur_string`, `type`, `unite`) VALUES (NULL, 512, 'clavier_connexion', 'filaire', 'stringType', '');
INSERT INTO `caracteristique` (`id`, `produit_id`, `cle`, `valeur_boolean`, `type`, `unite`) VALUES (NULL, 512, 'clavier_mecanique', true, 'boolType', '');
INSERT INTO `caracteristique` (`id`, `produit_id`, `cle`, `valeur_boolean`, `type`, `unite`) VALUES (NULL, 512, 'clavier_retroeclaire', true, 'boolType', '');
INSERT INTO `caracteristique` (`id`, `produit_id`, `cle`, `valeur_boolean`, `type`, `unite`) VALUES (NULL, 512, 'clavier_pave_num', true, 'boolType', '');
INSERT INTO `caracteristique` (`id`, `produit_id`, `cle`, `valeur_integer`, `type`, `unite`) VALUES (NULL, 512, 'clavier_largeur', 440, 'intType', 'mm');
INSERT INTO `caracteristique` (`id`, `produit_id`, `cle`, `valeur_integer`, `type`, `unite`) VALUES (NULL, 512, 'clavier_hauteur', 40, 'intType', 'mm');
INSERT INTO `caracteristique` (`id`, `produit_id`, `cle`, `valeur_integer`, `type`, `unite`) VALUES (NULL, 512, 'clavier_profondeur', 150, 'intType', 'mm');
INSERT INTO `caracteristique` (`id`, `produit_id`, `cle`, `valeur_integer`, `type`, `unite`) VALUES (NULL, 512, 'clavier_poids', 850, 'intType', 'g');
INSERT INTO `caracteristique` (`id`, `produit_id`, `cle`, `valeur_boolean`, `type`, `unite`) VALUES (NULL, 512, 'clavier_bureautique', false, 'boolType', '');
INSERT INTO `caracteristique` (`id`, `produit_id`, `cle`, `valeur_boolean`, `type`, `unite`) VALUES (NULL, 512, 'clavier_multimedia', false, 'boolType', '');
INSERT INTO `caracteristique` (`id`, `produit_id`, `cle`, `valeur_boolean`, `type`, `unite`) VALUES (NULL, 512, 'clavier_gaming', true, 'boolType', '');
INSERT INTO `caracteristique` (`id`, `produit_id`, `cle`, `valeur_boolean`, `type`, `unite`) VALUES (NULL, 513, 'clavier_sans_fil', true, 'boolType', '');
INSERT INTO `caracteristique` (`id`, `produit_id`, `cle`, `valeur_string`, `type`, `unite`) VALUES (NULL, 513, 'clavier_interface_pc', 'usb', 'stringType', '');
INSERT INTO `caracteristique` (`id`, `produit_id`, `cle`, `valeur_string`, `type`, `unite`) VALUES (NULL, 513, 'clavier_connexion', 'radio', 'stringType', '');
INSERT INTO `caracteristique` (`id`, `produit_id`, `cle`, `valeur_boolean`, `type`, `unite`) VALUES (NULL, 513, 'clavier_mecanique', false, 'boolType', '');
INSERT INTO `caracteristique` (`id`, `produit_id`, `cle`, `valeur_boolean`, `type`, `unite`) VALUES (NULL, 513, 'clavier_retroeclaire', false, 'boolType', '');
INSERT INTO `caracteristique` (`id`, `produit_id`, `cle`, `valeur_boolean`, `type`, `unite`) VALUES (NULL, 513, 'clavier_pave_num', false, 'boolType', '');
INSERT INTO `caracteristique` (`id`, `produit_id`, `cle`, `valeur_integer`, `type`, `unite`) VALUES (NULL, 513, 'clavier_largeur', 354, 'intType', 'mm');
INSERT INTO `caracteristique` (`id`, `produit_id`, `cle`, `valeur_integer`, `type`, `unite`) VALUES (NULL, 513, 'clavier_hauteur', 24, 'intType', 'mm');
INSERT INTO `caracteristique` (`id`, `produit_id`, `cle`, `valeur_integer`, `type`, `unite`) VALUES (NULL, 513, 'clavier_profondeur', 140, 'intType', 'mm');
INSERT INTO `caracteristique` (`id`, `produit_id`, `cle`, `valeur_integer`, `type`, `unite`) VALUES (NULL, 513, 'clavier_poids', 380, 'intType', 'g');
INSERT INTO `caracteristique` (`id`, `produit_id`, `cle`, `valeur_boolean`, `type`, `unite`) VALUES (NULL, 513, 'clavier_bureautique', false, 'boolType', '');
INSERT INTO `caracteristique` (`id`, `produit_id`, `cle`, `valeur_boolean`, `type`, `unite`) VALUES (NULL, 513, 'clavier_multimedia', true, 'boolType', '');
INSERT INTO `caracteristique` (`id`, `produit_id`, `cle`, `valeur_boolean`, `type`, `unite`) VALUES (NULL, 513, 'clavier_gaming', false, 'boolType', '');
INSERT INTO `caracteristique` (`id`, `produit_id`, `cle`, `valeur_boolean`, `type`, `unite`) VALUES (NULL, 514, 'clavier_sans_fil', true, 'boolType', '');
INSERT INTO `caracteristique` (`id`, `produit_id`, `cle`, `valeur_string`, `type`, `unite`) VALUES (NULL, 514, 'clavier_interface_pc', 'usb', 'stringType', '');
INSERT INTO `caracteristique` (`id`, `produit_id`, `cle`, `valeur_string`, `type`, `unite`) VALUES (NULL, 514, 'clavier_connexion', 'bluetooth', 'stringType', '');
INSERT INTO `caracteristique` (`id`, `produit_id`, `cle`, `valeur_boolean`, `type`, `unite`) VALUES (NULL, 514, 'clavier_mecanique', false, 'boolType', '');
INSERT INTO `caracteristique` (`id`, `produit_id`, `cle`, `valeur_boolean`, `type`, `unite`) VALUES (NULL, 514, 'clavier_retroeclaire', true, 'boolType', '');
INSERT INTO `caracteristique` (`id`, `produit_id`, `cle`, `valeur_boolean`, `type`, `unite`) VALUES (NULL, 514, 'clavier_pave_num', false, 'boolType', '');
INSERT INTO `caracteristique` (`id`, `produit_id`, `cle`, `valeur_integer`, `type`, `unite`) VALUES (NULL, 514, 'clavier_largeur', 381, 'intType', 'mm');
INSERT INTO `caracteristique` (`id`, `produit_id`, `cle`, `valeur_integer`, `type`, `unite`) VALUES (NULL, 514, 'clavier_hauteur', 28, 'intType', 'mm');
INSERT INTO `caracteristique` (`id`, `produit_id`, `cle`, `valeur_integer`, `type`, `unite`) VALUES (NULL, 514, 'clavier_profondeur', 125, 'intType', 'mm');
INSERT INTO `caracteristique` (`id`, `produit_id`, `cle`, `valeur_integer`, `type`, `unite`) VALUES (NULL, 514, 'clavier_poids', 0, 'intType', 'g');
INSERT INTO `caracteristique` (`id`, `produit_id`, `cle`, `valeur_boolean`, `type`, `unite`) VALUES (NULL, 514, 'clavier_bureautique', false, 'boolType', '');
INSERT INTO `caracteristique` (`id`, `produit_id`, `cle`, `valeur_boolean`, `type`, `unite`) VALUES (NULL, 514, 'clavier_multimedia', true, 'boolType', '');
INSERT INTO `caracteristique` (`id`, `produit_id`, `cle`, `valeur_boolean`, `type`, `unite`) VALUES (NULL, 514, 'clavier_gaming', false, 'boolType', '');
INSERT INTO `caracteristique` (`id`, `produit_id`, `cle`, `valeur_boolean`, `type`, `unite`) VALUES (NULL, 515, 'clavier_sans_fil', false, 'boolType', '');
INSERT INTO `caracteristique` (`id`, `produit_id`, `cle`, `valeur_string`, `type`, `unite`) VALUES (NULL, 515, 'clavier_interface_pc', 'usb', 'stringType', '');
INSERT INTO `caracteristique` (`id`, `produit_id`, `cle`, `valeur_string`, `type`, `unite`) VALUES (NULL, 515, 'clavier_connexion', 'filaire', 'stringType', '');
INSERT INTO `caracteristique` (`id`, `produit_id`, `cle`, `valeur_boolean`, `type`, `unite`) VALUES (NULL, 515, 'clavier_mecanique', true, 'boolType', '');
INSERT INTO `caracteristique` (`id`, `produit_id`, `cle`, `valeur_boolean`, `type`, `unite`) VALUES (NULL, 515, 'clavier_retroeclaire', true, 'boolType', '');
INSERT INTO `caracteristique` (`id`, `produit_id`, `cle`, `valeur_boolean`, `type`, `unite`) VALUES (NULL, 515, 'clavier_pave_num', true, 'boolType', '');
INSERT INTO `caracteristique` (`id`, `produit_id`, `cle`, `valeur_integer`, `type`, `unite`) VALUES (NULL, 515, 'clavier_largeur', 0, 'intType', 'mm');
INSERT INTO `caracteristique` (`id`, `produit_id`, `cle`, `valeur_integer`, `type`, `unite`) VALUES (NULL, 515, 'clavier_hauteur', 0, 'intType', 'mm');
INSERT INTO `caracteristique` (`id`, `produit_id`, `cle`, `valeur_integer`, `type`, `unite`) VALUES (NULL, 515, 'clavier_profondeur', 0, 'intType', 'mm');
INSERT INTO `caracteristique` (`id`, `produit_id`, `cle`, `valeur_integer`, `type`, `unite`) VALUES (NULL, 515, 'clavier_poids', 0, 'intType', 'g');
INSERT INTO `caracteristique` (`id`, `produit_id`, `cle`, `valeur_boolean`, `type`, `unite`) VALUES (NULL, 515, 'clavier_bureautique', false, 'boolType', '');
INSERT INTO `caracteristique` (`id`, `produit_id`, `cle`, `valeur_boolean`, `type`, `unite`) VALUES (NULL, 515, 'clavier_multimedia', false, 'boolType', '');
INSERT INTO `caracteristique` (`id`, `produit_id`, `cle`, `valeur_boolean`, `type`, `unite`) VALUES (NULL, 515, 'clavier_gaming', true, 'boolType', '');
INSERT INTO `caracteristique` (`id`, `produit_id`, `cle`, `valeur_boolean`, `type`, `unite`) VALUES (NULL, 516, 'clavier_sans_fil', false, 'boolType', '');
INSERT INTO `caracteristique` (`id`, `produit_id`, `cle`, `valeur_string`, `type`, `unite`) VALUES (NULL, 516, 'clavier_interface_pc', 'usb', 'stringType', '');
INSERT INTO `caracteristique` (`id`, `produit_id`, `cle`, `valeur_string`, `type`, `unite`) VALUES (NULL, 516, 'clavier_connexion', 'filaire', 'stringType', '');
INSERT INTO `caracteristique` (`id`, `produit_id`, `cle`, `valeur_boolean`, `type`, `unite`) VALUES (NULL, 516, 'clavier_mecanique', true, 'boolType', '');
INSERT INTO `caracteristique` (`id`, `produit_id`, `cle`, `valeur_boolean`, `type`, `unite`) VALUES (NULL, 516, 'clavier_retroeclaire', true, 'boolType', '');
INSERT INTO `caracteristique` (`id`, `produit_id`, `cle`, `valeur_boolean`, `type`, `unite`) VALUES (NULL, 516, 'clavier_pave_num', true, 'boolType', '');
INSERT INTO `caracteristique` (`id`, `produit_id`, `cle`, `valeur_integer`, `type`, `unite`) VALUES (NULL, 516, 'clavier_largeur', 0, 'intType', 'mm');
INSERT INTO `caracteristique` (`id`, `produit_id`, `cle`, `valeur_integer`, `type`, `unite`) VALUES (NULL, 516, 'clavier_hauteur', 0, 'intType', 'mm');
INSERT INTO `caracteristique` (`id`, `produit_id`, `cle`, `valeur_integer`, `type`, `unite`) VALUES (NULL, 516, 'clavier_profondeur', 0, 'intType', 'mm');
INSERT INTO `caracteristique` (`id`, `produit_id`, `cle`, `valeur_integer`, `type`, `unite`) VALUES (NULL, 516, 'clavier_poids', 0, 'intType', 'g');
INSERT INTO `caracteristique` (`id`, `produit_id`, `cle`, `valeur_boolean`, `type`, `unite`) VALUES (NULL, 516, 'clavier_bureautique', false, 'boolType', '');
INSERT INTO `caracteristique` (`id`, `produit_id`, `cle`, `valeur_boolean`, `type`, `unite`) VALUES (NULL, 516, 'clavier_multimedia', false, 'boolType', '');
INSERT INTO `caracteristique` (`id`, `produit_id`, `cle`, `valeur_boolean`, `type`, `unite`) VALUES (NULL, 516, 'clavier_gaming', true, 'boolType', '');
INSERT INTO `caracteristique` (`id`, `produit_id`, `cle`, `valeur_boolean`, `type`, `unite`) VALUES (NULL, 517, 'clavier_sans_fil', false, 'boolType', '');
INSERT INTO `caracteristique` (`id`, `produit_id`, `cle`, `valeur_string`, `type`, `unite`) VALUES (NULL, 517, 'clavier_interface_pc', 'usb', 'stringType', '');
INSERT INTO `caracteristique` (`id`, `produit_id`, `cle`, `valeur_string`, `type`, `unite`) VALUES (NULL, 517, 'clavier_connexion', 'filaire', 'stringType', '');
INSERT INTO `caracteristique` (`id`, `produit_id`, `cle`, `valeur_boolean`, `type`, `unite`) VALUES (NULL, 517, 'clavier_mecanique', false, 'boolType', '');
INSERT INTO `caracteristique` (`id`, `produit_id`, `cle`, `valeur_boolean`, `type`, `unite`) VALUES (NULL, 517, 'clavier_retroeclaire', true, 'boolType', '');
INSERT INTO `caracteristique` (`id`, `produit_id`, `cle`, `valeur_boolean`, `type`, `unite`) VALUES (NULL, 517, 'clavier_pave_num', true, 'boolType', '');
INSERT INTO `caracteristique` (`id`, `produit_id`, `cle`, `valeur_integer`, `type`, `unite`) VALUES (NULL, 517, 'clavier_largeur', 0, 'intType', 'mm');
INSERT INTO `caracteristique` (`id`, `produit_id`, `cle`, `valeur_integer`, `type`, `unite`) VALUES (NULL, 517, 'clavier_hauteur', 0, 'intType', 'mm');
INSERT INTO `caracteristique` (`id`, `produit_id`, `cle`, `valeur_integer`, `type`, `unite`) VALUES (NULL, 517, 'clavier_profondeur', 0, 'intType', 'mm');
INSERT INTO `caracteristique` (`id`, `produit_id`, `cle`, `valeur_integer`, `type`, `unite`) VALUES (NULL, 517, 'clavier_poids', 0, 'intType', 'g');
INSERT INTO `caracteristique` (`id`, `produit_id`, `cle`, `valeur_boolean`, `type`, `unite`) VALUES (NULL, 517, 'clavier_bureautique', false, 'boolType', '');
INSERT INTO `caracteristique` (`id`, `produit_id`, `cle`, `valeur_boolean`, `type`, `unite`) VALUES (NULL, 517, 'clavier_multimedia', false, 'boolType', '');
INSERT INTO `caracteristique` (`id`, `produit_id`, `cle`, `valeur_boolean`, `type`, `unite`) VALUES (NULL, 517, 'clavier_gaming', true, 'boolType', '');
/* Ecrans */
INSERT INTO `produit` (`id`, `type_id`, `marque_id`, `nom`, `prix`, `photo`, `date_ajout`) VALUES (601, 7, 7, 'C24G1', 199.94, 'AOC_C24G1.jpg', '2017-4-1');
INSERT INTO `produit` (`id`, `type_id`, `marque_id`, `nom`, `prix`, `photo`, `date_ajout`) VALUES (602, 7, 35, 'OPTIX AG32CQ', 449.95, 'MSI_OPTIX_AG32CQ.jpg', '2017-3-20');
INSERT INTO `produit` (`id`, `type_id`, `marque_id`, `nom`, `prix`, `photo`, `date_ajout`) VALUES (603, 7, 7, '27G2U/BK', 249.95, 'AOC_27G2U-BK.jpg', '2017-9-22');
INSERT INTO `produit` (`id`, `type_id`, `marque_id`, `nom`, `prix`, `photo`, `date_ajout`) VALUES (604, 7, 13, 'VG278Q', 269.95, 'Asus_VG278Q.jpg', '2017-6-21');
INSERT INTO `produit` (`id`, `type_id`, `marque_id`, `nom`, `prix`, `photo`, `date_ajout`) VALUES (605, 7, 35, 'OPTIX MAG271CQR', 449.95, 'MSI_OPTIX_MAG271CQR.jpg', '2018-5-21');
INSERT INTO `produit` (`id`, `type_id`, `marque_id`, `nom`, `prix`, `photo`, `date_ajout`) VALUES (606, 7, 13, 'VG248QG', 229.94, 'Asus_VG248QG.jpg', '2017-4-14');
INSERT INTO `produit` (`id`, `type_id`, `marque_id`, `nom`, `prix`, `photo`, `date_ajout`) VALUES (607, 7, 7, 'G2590VXQ1', 139.94, 'AOC_G2590VXQ1.jpg', '2017-1-26');
INSERT INTO `produit` (`id`, `type_id`, `marque_id`, `nom`, `prix`, `photo`, `date_ajout`) VALUES (609, 7, 39, 'C27JG50', 279.95, 'Samsung_C27JG50.jpg', '2018-11-25');
INSERT INTO `caracteristique` (`id`, `produit_id`, `cle`, `valeur_integer`, `type`, `unite`) VALUES (NULL, 601, 'ecran_taille', 24, 'intType', 'pouces');
INSERT INTO `caracteristique` (`id`, `produit_id`, `cle`, `valeur_string`, `type`, `unite`) VALUES (NULL, 601, 'ecran_res_max', '1920 x 1080', 'stringType', 'pixels');
INSERT INTO `caracteristique` (`id`, `produit_id`, `cle`, `valeur_string`, `type`, `unite`) VALUES (NULL, 601, 'ecran_type_dalle', 'VA', 'stringType', '');
INSERT INTO `caracteristique` (`id`, `produit_id`, `cle`, `valeur_integer`, `type`, `unite`) VALUES (NULL, 601, 'ecran_nb_hdmi', 2, 'intType', '');
INSERT INTO `caracteristique` (`id`, `produit_id`, `cle`, `valeur_boolean`, `type`, `unite`) VALUES (NULL, 601, 'ecran_incurve', true, 'boolType', '');
INSERT INTO `caracteristique` (`id`, `produit_id`, `cle`, `valeur_boolean`, `type`, `unite`) VALUES (NULL, 601, 'ecran_pivot', false, 'boolType', '');
INSERT INTO `caracteristique` (`id`, `produit_id`, `cle`, `valeur_boolean`, `type`, `unite`) VALUES (NULL, 601, 'ecran_hp', false, 'boolType', '');
INSERT INTO `caracteristique` (`id`, `produit_id`, `cle`, `valeur_boolean`, `type`, `unite`) VALUES (NULL, 601, 'ecran_bureautique', false, 'boolType', '');
INSERT INTO `caracteristique` (`id`, `produit_id`, `cle`, `valeur_boolean`, `type`, `unite`) VALUES (NULL, 601, 'ecran_multimedia', false, 'boolType', '');
INSERT INTO `caracteristique` (`id`, `produit_id`, `cle`, `valeur_boolean`, `type`, `unite`) VALUES (NULL, 601, 'ecran_gaming', true, 'boolType', '');
INSERT INTO `caracteristique` (`id`, `produit_id`, `cle`, `valeur_double`, `type`, `unite`) VALUES (NULL, 602, 'ecran_taille', 31.5, 'doubleType', 'pouces');
INSERT INTO `caracteristique` (`id`, `produit_id`, `cle`, `valeur_string`, `type`, `unite`) VALUES (NULL, 602, 'ecran_res_max', '2560 x 1440', 'stringType', 'pixels');
INSERT INTO `caracteristique` (`id`, `produit_id`, `cle`, `valeur_string`, `type`, `unite`) VALUES (NULL, 602, 'ecran_type_dalle', 'VA', 'stringType', '');
INSERT INTO `caracteristique` (`id`, `produit_id`, `cle`, `valeur_integer`, `type`, `unite`) VALUES (NULL, 602, 'ecran_nb_hdmi', 1, 'intType', '');
INSERT INTO `caracteristique` (`id`, `produit_id`, `cle`, `valeur_boolean`, `type`, `unite`) VALUES (NULL, 602, 'ecran_incurve', true, 'boolType', '');
INSERT INTO `caracteristique` (`id`, `produit_id`, `cle`, `valeur_boolean`, `type`, `unite`) VALUES (NULL, 602, 'ecran_pivot', false, 'boolType', '');
INSERT INTO `caracteristique` (`id`, `produit_id`, `cle`, `valeur_boolean`, `type`, `unite`) VALUES (NULL, 602, 'ecran_hp', false, 'boolType', '');
INSERT INTO `caracteristique` (`id`, `produit_id`, `cle`, `valeur_boolean`, `type`, `unite`) VALUES (NULL, 602, 'ecran_bureautique', false, 'boolType', '');
INSERT INTO `caracteristique` (`id`, `produit_id`, `cle`, `valeur_boolean`, `type`, `unite`) VALUES (NULL, 602, 'ecran_multimedia', false, 'boolType', '');
INSERT INTO `caracteristique` (`id`, `produit_id`, `cle`, `valeur_boolean`, `type`, `unite`) VALUES (NULL, 602, 'ecran_gaming', true, 'boolType', '');
INSERT INTO `caracteristique` (`id`, `produit_id`, `cle`, `valeur_integer`, `type`, `unite`) VALUES (NULL, 603, 'ecran_taille', 27, 'intType', 'pouces');
INSERT INTO `caracteristique` (`id`, `produit_id`, `cle`, `valeur_string`, `type`, `unite`) VALUES (NULL, 603, 'ecran_res_max', '1920 x 1080', 'stringType', 'pixels');
INSERT INTO `caracteristique` (`id`, `produit_id`, `cle`, `valeur_string`, `type`, `unite`) VALUES (NULL, 603, 'ecran_type_dalle', 'IPS', 'stringType', '');
INSERT INTO `caracteristique` (`id`, `produit_id`, `cle`, `valeur_integer`, `type`, `unite`) VALUES (NULL, 603, 'ecran_nb_hdmi', 2, 'intType', '');
INSERT INTO `caracteristique` (`id`, `produit_id`, `cle`, `valeur_boolean`, `type`, `unite`) VALUES (NULL, 603, 'ecran_incurve', false, 'boolType', '');
INSERT INTO `caracteristique` (`id`, `produit_id`, `cle`, `valeur_boolean`, `type`, `unite`) VALUES (NULL, 603, 'ecran_pivot', true, 'boolType', '');
INSERT INTO `caracteristique` (`id`, `produit_id`, `cle`, `valeur_boolean`, `type`, `unite`) VALUES (NULL, 603, 'ecran_hp', true, 'boolType', '');
INSERT INTO `caracteristique` (`id`, `produit_id`, `cle`, `valeur_boolean`, `type`, `unite`) VALUES (NULL, 603, 'ecran_bureautique', false, 'boolType', '');
INSERT INTO `caracteristique` (`id`, `produit_id`, `cle`, `valeur_boolean`, `type`, `unite`) VALUES (NULL, 603, 'ecran_multimedia', false, 'boolType', '');
INSERT INTO `caracteristique` (`id`, `produit_id`, `cle`, `valeur_boolean`, `type`, `unite`) VALUES (NULL, 603, 'ecran_gaming', true, 'boolType', '');
INSERT INTO `caracteristique` (`id`, `produit_id`, `cle`, `valeur_integer`, `type`, `unite`) VALUES (NULL, 604, 'ecran_taille', 27, 'intType', 'pouces');
INSERT INTO `caracteristique` (`id`, `produit_id`, `cle`, `valeur_string`, `type`, `unite`) VALUES (NULL, 604, 'ecran_res_max', '1920 x 1080', 'stringType', 'pixels');
INSERT INTO `caracteristique` (`id`, `produit_id`, `cle`, `valeur_string`, `type`, `unite`) VALUES (NULL, 604, 'ecran_type_dalle', 'TN', 'stringType', '');
INSERT INTO `caracteristique` (`id`, `produit_id`, `cle`, `valeur_integer`, `type`, `unite`) VALUES (NULL, 604, 'ecran_nb_hdmi', 1, 'intType', '');
INSERT INTO `caracteristique` (`id`, `produit_id`, `cle`, `valeur_boolean`, `type`, `unite`) VALUES (NULL, 604, 'ecran_incurve', false, 'boolType', '');
INSERT INTO `caracteristique` (`id`, `produit_id`, `cle`, `valeur_boolean`, `type`, `unite`) VALUES (NULL, 604, 'ecran_pivot', true, 'boolType', '');
INSERT INTO `caracteristique` (`id`, `produit_id`, `cle`, `valeur_boolean`, `type`, `unite`) VALUES (NULL, 604, 'ecran_hp', true, 'boolType', '');
INSERT INTO `caracteristique` (`id`, `produit_id`, `cle`, `valeur_boolean`, `type`, `unite`) VALUES (NULL, 604, 'ecran_bureautique', false, 'boolType', '');
INSERT INTO `caracteristique` (`id`, `produit_id`, `cle`, `valeur_boolean`, `type`, `unite`) VALUES (NULL, 604, 'ecran_multimedia', false, 'boolType', '');
INSERT INTO `caracteristique` (`id`, `produit_id`, `cle`, `valeur_boolean`, `type`, `unite`) VALUES (NULL, 604, 'ecran_gaming', true, 'boolType', '');
INSERT INTO `caracteristique` (`id`, `produit_id`, `cle`, `valeur_integer`, `type`, `unite`) VALUES (NULL, 605, 'ecran_taille', 27, 'intType', 'pouces');
INSERT INTO `caracteristique` (`id`, `produit_id`, `cle`, `valeur_string`, `type`, `unite`) VALUES (NULL, 605, 'ecran_res_max', '2560 x 1440', 'stringType', 'pixels');
INSERT INTO `caracteristique` (`id`, `produit_id`, `cle`, `valeur_string`, `type`, `unite`) VALUES (NULL, 605, 'ecran_type_dalle', 'VA', 'stringType', '');
INSERT INTO `caracteristique` (`id`, `produit_id`, `cle`, `valeur_integer`, `type`, `unite`) VALUES (NULL, 605, 'ecran_nb_hdmi', 2, 'intType', '');
INSERT INTO `caracteristique` (`id`, `produit_id`, `cle`, `valeur_boolean`, `type`, `unite`) VALUES (NULL, 605, 'ecran_incurve', true, 'boolType', '');
INSERT INTO `caracteristique` (`id`, `produit_id`, `cle`, `valeur_boolean`, `type`, `unite`) VALUES (NULL, 605, 'ecran_pivot', false, 'boolType', '');
INSERT INTO `caracteristique` (`id`, `produit_id`, `cle`, `valeur_boolean`, `type`, `unite`) VALUES (NULL, 605, 'ecran_hp', false, 'boolType', '');
INSERT INTO `caracteristique` (`id`, `produit_id`, `cle`, `valeur_boolean`, `type`, `unite`) VALUES (NULL, 605, 'ecran_bureautique', false, 'boolType', '');
INSERT INTO `caracteristique` (`id`, `produit_id`, `cle`, `valeur_boolean`, `type`, `unite`) VALUES (NULL, 605, 'ecran_multimedia', false, 'boolType', '');
INSERT INTO `caracteristique` (`id`, `produit_id`, `cle`, `valeur_boolean`, `type`, `unite`) VALUES (NULL, 605, 'ecran_gaming', true, 'boolType', '');
INSERT INTO `caracteristique` (`id`, `produit_id`, `cle`, `valeur_integer`, `type`, `unite`) VALUES (NULL, 606, 'ecran_taille', 24, 'intType', 'pouces');
INSERT INTO `caracteristique` (`id`, `produit_id`, `cle`, `valeur_string`, `type`, `unite`) VALUES (NULL, 606, 'ecran_res_max', '1920 x 1080', 'stringType', 'pixels');
INSERT INTO `caracteristique` (`id`, `produit_id`, `cle`, `valeur_string`, `type`, `unite`) VALUES (NULL, 606, 'ecran_type_dalle', 'TN', 'stringType', '');
INSERT INTO `caracteristique` (`id`, `produit_id`, `cle`, `valeur_integer`, `type`, `unite`) VALUES (NULL, 606, 'ecran_nb_hdmi', 1, 'intType', '');
INSERT INTO `caracteristique` (`id`, `produit_id`, `cle`, `valeur_boolean`, `type`, `unite`) VALUES (NULL, 606, 'ecran_incurve', false, 'boolType', '');
INSERT INTO `caracteristique` (`id`, `produit_id`, `cle`, `valeur_boolean`, `type`, `unite`) VALUES (NULL, 606, 'ecran_pivot', false, 'boolType', '');
INSERT INTO `caracteristique` (`id`, `produit_id`, `cle`, `valeur_boolean`, `type`, `unite`) VALUES (NULL, 606, 'ecran_hp', true, 'boolType', '');
INSERT INTO `caracteristique` (`id`, `produit_id`, `cle`, `valeur_boolean`, `type`, `unite`) VALUES (NULL, 606, 'ecran_bureautique', false, 'boolType', '');
INSERT INTO `caracteristique` (`id`, `produit_id`, `cle`, `valeur_boolean`, `type`, `unite`) VALUES (NULL, 606, 'ecran_multimedia', false, 'boolType', '');
INSERT INTO `caracteristique` (`id`, `produit_id`, `cle`, `valeur_boolean`, `type`, `unite`) VALUES (NULL, 606, 'ecran_gaming', true, 'boolType', '');
INSERT INTO `caracteristique` (`id`, `produit_id`, `cle`, `valeur_double`, `type`, `unite`) VALUES (NULL, 607, 'ecran_taille', 24.5, 'doubleType', 'pouces');
INSERT INTO `caracteristique` (`id`, `produit_id`, `cle`, `valeur_string`, `type`, `unite`) VALUES (NULL, 607, 'ecran_res_max', '1920 x 1080', 'stringType', 'pixels');
INSERT INTO `caracteristique` (`id`, `produit_id`, `cle`, `valeur_string`, `type`, `unite`) VALUES (NULL, 607, 'ecran_type_dalle', 'TN', 'stringType', '');
INSERT INTO `caracteristique` (`id`, `produit_id`, `cle`, `valeur_integer`, `type`, `unite`) VALUES (NULL, 607, 'ecran_nb_hdmi', 2, 'intType', '');
INSERT INTO `caracteristique` (`id`, `produit_id`, `cle`, `valeur_boolean`, `type`, `unite`) VALUES (NULL, 607, 'ecran_incurve', false, 'boolType', '');
INSERT INTO `caracteristique` (`id`, `produit_id`, `cle`, `valeur_boolean`, `type`, `unite`) VALUES (NULL, 607, 'ecran_pivot', false, 'boolType', '');
INSERT INTO `caracteristique` (`id`, `produit_id`, `cle`, `valeur_boolean`, `type`, `unite`) VALUES (NULL, 607, 'ecran_hp', true, 'boolType', '');
INSERT INTO `caracteristique` (`id`, `produit_id`, `cle`, `valeur_boolean`, `type`, `unite`) VALUES (NULL, 607, 'ecran_bureautique', false, 'boolType', '');
INSERT INTO `caracteristique` (`id`, `produit_id`, `cle`, `valeur_boolean`, `type`, `unite`) VALUES (NULL, 607, 'ecran_multimedia', true, 'boolType', '');
INSERT INTO `caracteristique` (`id`, `produit_id`, `cle`, `valeur_boolean`, `type`, `unite`) VALUES (NULL, 607, 'ecran_gaming', true, 'boolType', '');
INSERT INTO `caracteristique` (`id`, `produit_id`, `cle`, `valeur_integer`, `type`, `unite`) VALUES (NULL, 609, 'ecran_taille', 27, 'intType', 'pouces');
INSERT INTO `caracteristique` (`id`, `produit_id`, `cle`, `valeur_string`, `type`, `unite`) VALUES (NULL, 609, 'ecran_res_max', '2560 x 1440', 'stringType', 'pixels');
INSERT INTO `caracteristique` (`id`, `produit_id`, `cle`, `valeur_string`, `type`, `unite`) VALUES (NULL, 609, 'ecran_type_dalle', 'VA', 'stringType', '');
INSERT INTO `caracteristique` (`id`, `produit_id`, `cle`, `valeur_integer`, `type`, `unite`) VALUES (NULL, 609, 'ecran_nb_hdmi', 2, 'intType', '');
INSERT INTO `caracteristique` (`id`, `produit_id`, `cle`, `valeur_boolean`, `type`, `unite`) VALUES (NULL, 609, 'ecran_incurve', true, 'boolType', '');
INSERT INTO `caracteristique` (`id`, `produit_id`, `cle`, `valeur_boolean`, `type`, `unite`) VALUES (NULL, 609, 'ecran_pivot', true, 'boolType', '');
INSERT INTO `caracteristique` (`id`, `produit_id`, `cle`, `valeur_boolean`, `type`, `unite`) VALUES (NULL, 609, 'ecran_hp', false, 'boolType', '');
INSERT INTO `caracteristique` (`id`, `produit_id`, `cle`, `valeur_boolean`, `type`, `unite`) VALUES (NULL, 609, 'ecran_bureautique', false, 'boolType', '');
INSERT INTO `caracteristique` (`id`, `produit_id`, `cle`, `valeur_boolean`, `type`, `unite`) VALUES (NULL, 609, 'ecran_multimedia', true, 'boolType', '');
INSERT INTO `caracteristique` (`id`, `produit_id`, `cle`, `valeur_boolean`, `type`, `unite`) VALUES (NULL, 609, 'ecran_gaming', true, 'boolType', '');
/* Ordis bureau */
INSERT INTO `produit` (`id`, `type_id`, `marque_id`, `nom`, `prix`, `photo`, `date_ajout`) VALUES (701, 8, 27, 'HP PAVILION GAMING DESKTOP TG01-0090NF', 699.99, 'HP_PAVILION_TG01.jpg', '2018-1-18');
INSERT INTO `produit` (`id`, `type_id`, `marque_id`, `nom`, `prix`, `photo`, `date_ajout`) VALUES (702, 8, 32, 'LENOVO IDEACENTRE 310S-08ASR 90G9009GFR', 399.99, 'LENOVO_IDEACENTRE_310S.jpg', '2018-5-13');
INSERT INTO `produit` (`id`, `type_id`, `marque_id`, `nom`, `prix`, `photo`, `date_ajout`) VALUES (703, 8, 2, 'ACER VERITON X4660G', 709.99, 'ACER_X4660G.jpg', '2017-3-7');
INSERT INTO `produit` (`id`, `type_id`, `marque_id`, `nom`, `prix`, `photo`, `date_ajout`) VALUES (704, 8, 2, 'ACER ASPIRE TC-885', 589.99, 'ACER_ASPIRE_TC_885.jpg', '2017-2-22');
INSERT INTO `produit` (`id`, `type_id`, `marque_id`, `nom`, `prix`, `photo`, `date_ajout`) VALUES (705, 8, 27, 'HP SLIMLINE 290-A0000NF', 299.99, 'HP_SLIMLINE_290.jpg', '2018-5-5');
INSERT INTO `produit` (`id`, `type_id`, `marque_id`, `nom`, `prix`, `photo`, `date_ajout`) VALUES (706, 8, 27, 'HP PAVILION 590-A0009NF', 429.99, 'HP_PAVILION_590.jpg', '2017-1-18');
INSERT INTO `produit` (`id`, `type_id`, `marque_id`, `nom`, `prix`, `photo`, `date_ajout`) VALUES (707, 8, 32, 'LENOVO IDEACENTRE 720-18APR', 499.99, 'LENOVO_IDEACENTRE_720.jpg', '2017-11-18');
INSERT INTO `produit` (`id`, `type_id`, `marque_id`, `nom`, `prix`, `photo`, `date_ajout`) VALUES (708, 8, 13, 'ASUS ROG STRIX GL10CS-FR120T', 749.99, 'ASUS_ROG_STRIX_GL10CS.jpg', '2018-10-17');
INSERT INTO `produit` (`id`, `type_id`, `marque_id`, `nom`, `prix`, `photo`, `date_ajout`) VALUES (709, 8, 27, 'HP PAVILION 595-P0042NF', 849.99, 'HP_PAVILION_595.jpg', '2018-5-24');
INSERT INTO `produit` (`id`, `type_id`, `marque_id`, `nom`, `prix`, `photo`, `date_ajout`) VALUES (710, 8, 35, 'MSI PRESTIGE 130 PE130-8RB-048EU', 899.99, 'MSI_PRESTIGE_PE130.jpg', '2018-4-6');
INSERT INTO `produit` (`id`, `type_id`, `marque_id`, `nom`, `prix`, `photo`, `date_ajout`) VALUES (711, 8, 35, 'MSI INFINITE VR7RC-241XFR', 979.99, 'MSI_VR7RC.jpg', '2017-9-13');
INSERT INTO `produit` (`id`, `type_id`, `marque_id`, `nom`, `prix`, `photo`, `date_ajout`) VALUES (712, 8, 2, 'ACER NITRO N50-600', 1049.99, 'ACER_NITRO_N50.jpg', '2017-9-13');
INSERT INTO `produit` (`id`, `type_id`, `marque_id`, `nom`, `prix`, `photo`, `date_ajout`) VALUES (713, 8, 13, 'ASUS ROG STRIX GS10CS-FR217T', 1299.99, 'ASUS_ROG_STRIX_GS10CS.jpg', '2018-11-22');
INSERT INTO `produit` (`id`, `type_id`, `marque_id`, `nom`, `prix`, `photo`, `date_ajout`) VALUES (714, 8, 27, 'HP OMEN OBELISK 875-0249NF', 1359.99, 'HP_OMEN_OBELISK_875.jpg', '2018-9-9');
INSERT INTO `produit` (`id`, `type_id`, `marque_id`, `nom`, `prix`, `photo`, `date_ajout`) VALUES (715, 8, 13, 'ASUS ROG HURACAN G21CN-FR075T', 1589.99, 'ASUS_ROG_HURACAN_G21CN.jpg', '2018-11-26');
INSERT INTO `caracteristique` (`id`, `produit_id`, `cle`, `valeur_string`, `type`, `unite`) VALUES (NULL, 701, 'ordi_bur_proc_type', 'AMD', 'stringType', '');
INSERT INTO `caracteristique` (`id`, `produit_id`, `cle`, `valeur_string`, `type`, `unite`) VALUES (NULL, 701, 'ordi_bur_proc_carac', 'Ryzen 5 3400G', 'stringType', '');
INSERT INTO `caracteristique` (`id`, `produit_id`, `cle`, `valeur_double`, `type`, `unite`) VALUES (NULL, 701, 'ordi_bur_proc_freq', 3.7, 'doubleType', '');
INSERT INTO `caracteristique` (`id`, `produit_id`, `cle`, `valeur_integer`, `type`, `unite`) VALUES (NULL, 701, 'ordi_bur_ram_taille', 8, 'intType', '');
INSERT INTO `caracteristique` (`id`, `produit_id`, `cle`, `valeur_string`, `type`, `unite`) VALUES (NULL, 701, 'ordi_bur_ram_type', 'DDR4', 'stringType', '');
INSERT INTO `caracteristique` (`id`, `produit_id`, `cle`, `valeur_integer`, `type`, `unite`) VALUES (NULL, 701, 'ordi_bur_ram_freq', 2666, 'intType', '');
INSERT INTO `caracteristique` (`id`, `produit_id`, `cle`, `valeur_string`, `type`, `unite`) VALUES (NULL, 701, 'ordi_bur_carte_graphique', 'Nvidia GeForce GTX 1650', 'stringType', '');
INSERT INTO `caracteristique` (`id`, `produit_id`, `cle`, `valeur_string`, `type`, `unite`) VALUES (NULL, 701, 'ordi_bur_stock_type', 'HDD', 'stringType', '');
INSERT INTO `caracteristique` (`id`, `produit_id`, `cle`, `valeur_integer`, `type`, `unite`) VALUES (NULL, 701, 'ordi_bur_stock_capacite', 1000, 'intType', 'Go');
INSERT INTO `caracteristique` (`id`, `produit_id`, `cle`, `valeur_string`, `type`, `unite`) VALUES (NULL, 701, 'ordi_bur_os', 'Windows 10 Home', 'stringType', '');
INSERT INTO `caracteristique` (`id`, `produit_id`, `cle`, `valeur_string`, `type`, `unite`) VALUES (NULL, 701, 'ordi_bur_usage', 'multimedia', 'stringType', '');
INSERT INTO `caracteristique` (`id`, `produit_id`, `cle`, `valeur_string`, `type`, `unite`) VALUES (NULL, 702, 'ordi_bur_proc_type', 'AMD', 'stringType', '');
INSERT INTO `caracteristique` (`id`, `produit_id`, `cle`, `valeur_string`, `type`, `unite`) VALUES (NULL, 702, 'ordi_bur_proc_carac', 'A9-9425', 'stringType', '');
INSERT INTO `caracteristique` (`id`, `produit_id`, `cle`, `valeur_integer`, `type`, `unite`) VALUES (NULL, 702, 'ordi_bur_proc_freq', 3, 'intType', '');
INSERT INTO `caracteristique` (`id`, `produit_id`, `cle`, `valeur_integer`, `type`, `unite`) VALUES (NULL, 702, 'ordi_bur_ram_taille', 8, 'intType', '');
INSERT INTO `caracteristique` (`id`, `produit_id`, `cle`, `valeur_string`, `type`, `unite`) VALUES (NULL, 702, 'ordi_bur_ram_type', 'DDR4', 'stringType', '');
INSERT INTO `caracteristique` (`id`, `produit_id`, `cle`, `valeur_integer`, `type`, `unite`) VALUES (NULL, 702, 'ordi_bur_ram_freq', 2666, 'intType', '');
INSERT INTO `caracteristique` (`id`, `produit_id`, `cle`, `valeur_string`, `type`, `unite`) VALUES (NULL, 702, 'ordi_bur_carte_graphique', 'AMD Radeon R5', 'stringType', '');
INSERT INTO `caracteristique` (`id`, `produit_id`, `cle`, `valeur_string`, `type`, `unite`) VALUES (NULL, 702, 'ordi_bur_stock_type', 'HDD', 'stringType', '');
INSERT INTO `caracteristique` (`id`, `produit_id`, `cle`, `valeur_integer`, `type`, `unite`) VALUES (NULL, 702, 'ordi_bur_stock_capacite', 1000, 'intType', 'Go');
INSERT INTO `caracteristique` (`id`, `produit_id`, `cle`, `valeur_string`, `type`, `unite`) VALUES (NULL, 702, 'ordi_bur_os', 'Windows 10 Home', 'stringType', '');
INSERT INTO `caracteristique` (`id`, `produit_id`, `cle`, `valeur_string`, `type`, `unite`) VALUES (NULL, 702, 'ordi_bur_usage', 'bureautique', 'stringType', '');
INSERT INTO `caracteristique` (`id`, `produit_id`, `cle`, `valeur_string`, `type`, `unite`) VALUES (NULL, 703, 'ordi_bur_proc_type', 'Intel', 'stringType', '');
INSERT INTO `caracteristique` (`id`, `produit_id`, `cle`, `valeur_string`, `type`, `unite`) VALUES (NULL, 703, 'ordi_bur_proc_carac', 'i5 - 8400', 'stringType', '');
INSERT INTO `caracteristique` (`id`, `produit_id`, `cle`, `valeur_double`, `type`, `unite`) VALUES (NULL, 703, 'ordi_bur_proc_freq', 2.8, 'doubleType', '');
INSERT INTO `caracteristique` (`id`, `produit_id`, `cle`, `valeur_integer`, `type`, `unite`) VALUES (NULL, 703, 'ordi_bur_ram_taille', 8, 'intType', '');
INSERT INTO `caracteristique` (`id`, `produit_id`, `cle`, `valeur_string`, `type`, `unite`) VALUES (NULL, 703, 'ordi_bur_ram_type', 'DDR4', 'stringType', '');
INSERT INTO `caracteristique` (`id`, `produit_id`, `cle`, `valeur_integer`, `type`, `unite`) VALUES (NULL, 703, 'ordi_bur_ram_freq', 2400, 'intType', '');
INSERT INTO `caracteristique` (`id`, `produit_id`, `cle`, `valeur_string`, `type`, `unite`) VALUES (NULL, 703, 'ordi_bur_carte_graphique', 'Intel UHD Graphics 630', 'stringType', '');
INSERT INTO `caracteristique` (`id`, `produit_id`, `cle`, `valeur_string`, `type`, `unite`) VALUES (NULL, 703, 'ordi_bur_stock_type', 'SSD', 'stringType', '');
INSERT INTO `caracteristique` (`id`, `produit_id`, `cle`, `valeur_integer`, `type`, `unite`) VALUES (NULL, 703, 'ordi_bur_stock_capacite', 256, 'intType', 'Go');
INSERT INTO `caracteristique` (`id`, `produit_id`, `cle`, `valeur_string`, `type`, `unite`) VALUES (NULL, 703, 'ordi_bur_os', 'WIndows 10 Pro', 'stringType', '');
INSERT INTO `caracteristique` (`id`, `produit_id`, `cle`, `valeur_string`, `type`, `unite`) VALUES (NULL, 703, 'ordi_bur_usage', 'multimedia', 'stringType', '');
INSERT INTO `caracteristique` (`id`, `produit_id`, `cle`, `valeur_string`, `type`, `unite`) VALUES (NULL, 704, 'ordi_bur_proc_type', 'Intel', 'stringType', '');
INSERT INTO `caracteristique` (`id`, `produit_id`, `cle`, `valeur_string`, `type`, `unite`) VALUES (NULL, 704, 'ordi_bur_proc_carac', 'i5 - 8400', 'stringType', '');
INSERT INTO `caracteristique` (`id`, `produit_id`, `cle`, `valeur_double`, `type`, `unite`) VALUES (NULL, 704, 'ordi_bur_proc_freq', 2.8, 'doubleType', '');
INSERT INTO `caracteristique` (`id`, `produit_id`, `cle`, `valeur_integer`, `type`, `unite`) VALUES (NULL, 704, 'ordi_bur_ram_taille', 4, 'intType', '');
INSERT INTO `caracteristique` (`id`, `produit_id`, `cle`, `valeur_string`, `type`, `unite`) VALUES (NULL, 704, 'ordi_bur_ram_type', 'DDR4', 'stringType', '');
INSERT INTO `caracteristique` (`id`, `produit_id`, `cle`, `valeur_integer`, `type`, `unite`) VALUES (NULL, 704, 'ordi_bur_ram_freq', 2666, 'intType', '');
INSERT INTO `caracteristique` (`id`, `produit_id`, `cle`, `valeur_string`, `type`, `unite`) VALUES (NULL, 704, 'ordi_bur_carte_graphique', 'Nvidia GeForce GT720', 'stringType', '');
INSERT INTO `caracteristique` (`id`, `produit_id`, `cle`, `valeur_string`, `type`, `unite`) VALUES (NULL, 704, 'ordi_bur_stock_type', 'HDD', 'stringType', '');
INSERT INTO `caracteristique` (`id`, `produit_id`, `cle`, `valeur_integer`, `type`, `unite`) VALUES (NULL, 704, 'ordi_bur_stock_capacite', 1000, 'intType', 'Go');
INSERT INTO `caracteristique` (`id`, `produit_id`, `cle`, `valeur_string`, `type`, `unite`) VALUES (NULL, 704, 'ordi_bur_os', 'WIndows 10 Home', 'stringType', '');
INSERT INTO `caracteristique` (`id`, `produit_id`, `cle`, `valeur_string`, `type`, `unite`) VALUES (NULL, 704, 'ordi_bur_usage', 'multimedia', 'stringType', '');
INSERT INTO `caracteristique` (`id`, `produit_id`, `cle`, `valeur_string`, `type`, `unite`) VALUES (NULL, 705, 'ordi_bur_proc_type', 'AMD', 'stringType', '');
INSERT INTO `caracteristique` (`id`, `produit_id`, `cle`, `valeur_string`, `type`, `unite`) VALUES (NULL, 705, 'ordi_bur_proc_carac', 'A4-9125', 'stringType', '');
INSERT INTO `caracteristique` (`id`, `produit_id`, `cle`, `valeur_double`, `type`, `unite`) VALUES (NULL, 705, 'ordi_bur_proc_freq', 2.3, 'doubleType', '');
INSERT INTO `caracteristique` (`id`, `produit_id`, `cle`, `valeur_integer`, `type`, `unite`) VALUES (NULL, 705, 'ordi_bur_ram_taille', 4, 'intType', '');
INSERT INTO `caracteristique` (`id`, `produit_id`, `cle`, `valeur_string`, `type`, `unite`) VALUES (NULL, 705, 'ordi_bur_ram_type', 'DDR4', 'stringType', '');
INSERT INTO `caracteristique` (`id`, `produit_id`, `cle`, `valeur_integer`, `type`, `unite`) VALUES (NULL, 705, 'ordi_bur_ram_freq', 1866, 'intType', '');
INSERT INTO `caracteristique` (`id`, `produit_id`, `cle`, `valeur_string`, `type`, `unite`) VALUES (NULL, 705, 'ordi_bur_carte_graphique', 'AMD Radeon R3 ', 'stringType', '');
INSERT INTO `caracteristique` (`id`, `produit_id`, `cle`, `valeur_string`, `type`, `unite`) VALUES (NULL, 705, 'ordi_bur_stock_type', 'HDD', 'stringType', '');
INSERT INTO `caracteristique` (`id`, `produit_id`, `cle`, `valeur_integer`, `type`, `unite`) VALUES (NULL, 705, 'ordi_bur_stock_capacite', 1000, 'intType', 'Go');
INSERT INTO `caracteristique` (`id`, `produit_id`, `cle`, `valeur_string`, `type`, `unite`) VALUES (NULL, 705, 'ordi_bur_os', 'Windows 10 Home', 'stringType', '');
INSERT INTO `caracteristique` (`id`, `produit_id`, `cle`, `valeur_string`, `type`, `unite`) VALUES (NULL, 705, 'ordi_bur_usage', 'bureautique', 'stringType', '');
INSERT INTO `caracteristique` (`id`, `produit_id`, `cle`, `valeur_string`, `type`, `unite`) VALUES (NULL, 706, 'ordi_bur_proc_type', 'Intel', 'stringType', '');
INSERT INTO `caracteristique` (`id`, `produit_id`, `cle`, `valeur_string`, `type`, `unite`) VALUES (NULL, 706, 'ordi_bur_proc_carac', 'Pentium Silver J5005', 'stringType', '');
INSERT INTO `caracteristique` (`id`, `produit_id`, `cle`, `valeur_double`, `type`, `unite`) VALUES (NULL, 706, 'ordi_bur_proc_freq', 2.4, 'doubleType', '');
INSERT INTO `caracteristique` (`id`, `produit_id`, `cle`, `valeur_integer`, `type`, `unite`) VALUES (NULL, 706, 'ordi_bur_ram_taille', 8, 'intType', '');
INSERT INTO `caracteristique` (`id`, `produit_id`, `cle`, `valeur_string`, `type`, `unite`) VALUES (NULL, 706, 'ordi_bur_ram_type', 'DDR4', 'stringType', '');
INSERT INTO `caracteristique` (`id`, `produit_id`, `cle`, `valeur_integer`, `type`, `unite`) VALUES (NULL, 706, 'ordi_bur_ram_freq', 2400, 'intType', '');
INSERT INTO `caracteristique` (`id`, `produit_id`, `cle`, `valeur_string`, `type`, `unite`) VALUES (NULL, 706, 'ordi_bur_carte_graphique', 'Intel UHD Graphics 605', 'stringType', '');
INSERT INTO `caracteristique` (`id`, `produit_id`, `cle`, `valeur_string`, `type`, `unite`) VALUES (NULL, 706, 'ordi_bur_stock_type', 'HDD', 'stringType', '');
INSERT INTO `caracteristique` (`id`, `produit_id`, `cle`, `valeur_integer`, `type`, `unite`) VALUES (NULL, 706, 'ordi_bur_stock_capacite', 1000, 'intType', 'Go');
INSERT INTO `caracteristique` (`id`, `produit_id`, `cle`, `valeur_string`, `type`, `unite`) VALUES (NULL, 706, 'ordi_bur_os', 'Windows 10 Home', 'stringType', '');
INSERT INTO `caracteristique` (`id`, `produit_id`, `cle`, `valeur_string`, `type`, `unite`) VALUES (NULL, 706, 'ordi_bur_usage', 'bureautique', 'stringType', '');
INSERT INTO `caracteristique` (`id`, `produit_id`, `cle`, `valeur_string`, `type`, `unite`) VALUES (NULL, 707, 'ordi_bur_proc_type', 'AMD', 'stringType', '');
INSERT INTO `caracteristique` (`id`, `produit_id`, `cle`, `valeur_string`, `type`, `unite`) VALUES (NULL, 707, 'ordi_bur_proc_carac', 'Ryzen 5 2400G', 'stringType', '');
INSERT INTO `caracteristique` (`id`, `produit_id`, `cle`, `valeur_double`, `type`, `unite`) VALUES (NULL, 707, 'ordi_bur_proc_freq', 3.6, 'doubleType', '');
INSERT INTO `caracteristique` (`id`, `produit_id`, `cle`, `valeur_integer`, `type`, `unite`) VALUES (NULL, 707, 'ordi_bur_ram_taille', 4, 'intType', '');
INSERT INTO `caracteristique` (`id`, `produit_id`, `cle`, `valeur_string`, `type`, `unite`) VALUES (NULL, 707, 'ordi_bur_ram_type', 'DDR4', 'stringType', '');
INSERT INTO `caracteristique` (`id`, `produit_id`, `cle`, `valeur_integer`, `type`, `unite`) VALUES (NULL, 707, 'ordi_bur_ram_freq', 2666, 'intType', '');
INSERT INTO `caracteristique` (`id`, `produit_id`, `cle`, `valeur_string`, `type`, `unite`) VALUES (NULL, 707, 'ordi_bur_carte_graphique', 'AMD Radeon RX Vega 11', 'stringType', '');
INSERT INTO `caracteristique` (`id`, `produit_id`, `cle`, `valeur_string`, `type`, `unite`) VALUES (NULL, 707, 'ordi_bur_stock_type', 'HDD', 'stringType', '');
INSERT INTO `caracteristique` (`id`, `produit_id`, `cle`, `valeur_integer`, `type`, `unite`) VALUES (NULL, 707, 'ordi_bur_stock_capacite', 1000, 'intType', 'Go');
INSERT INTO `caracteristique` (`id`, `produit_id`, `cle`, `valeur_string`, `type`, `unite`) VALUES (NULL, 707, 'ordi_bur_os', 'Windows 10 Home', 'stringType', '');
INSERT INTO `caracteristique` (`id`, `produit_id`, `cle`, `valeur_string`, `type`, `unite`) VALUES (NULL, 707, 'ordi_bur_usage', 'bureautique', 'stringType', '');
INSERT INTO `caracteristique` (`id`, `produit_id`, `cle`, `valeur_string`, `type`, `unite`) VALUES (NULL, 708, 'ordi_bur_proc_type', 'Intel', 'stringType', '');
INSERT INTO `caracteristique` (`id`, `produit_id`, `cle`, `valeur_string`, `type`, `unite`) VALUES (NULL, 708, 'ordi_bur_proc_carac', 'i5 - 9400', 'stringType', '');
INSERT INTO `caracteristique` (`id`, `produit_id`, `cle`, `valeur_double`, `type`, `unite`) VALUES (NULL, 708, 'ordi_bur_proc_freq', 3.8, 'doubleType', '');
INSERT INTO `caracteristique` (`id`, `produit_id`, `cle`, `valeur_integer`, `type`, `unite`) VALUES (NULL, 708, 'ordi_bur_ram_taille', 8, 'intType', '');
INSERT INTO `caracteristique` (`id`, `produit_id`, `cle`, `valeur_string`, `type`, `unite`) VALUES (NULL, 708, 'ordi_bur_ram_type', 'DDR4', 'stringType', '');
INSERT INTO `caracteristique` (`id`, `produit_id`, `cle`, `valeur_integer`, `type`, `unite`) VALUES (NULL, 708, 'ordi_bur_ram_freq', 2666, 'intType', '');
INSERT INTO `caracteristique` (`id`, `produit_id`, `cle`, `valeur_string`, `type`, `unite`) VALUES (NULL, 708, 'ordi_bur_carte_graphique', 'Intel HD Graphics 630', 'stringType', '');
INSERT INTO `caracteristique` (`id`, `produit_id`, `cle`, `valeur_string`, `type`, `unite`) VALUES (NULL, 708, 'ordi_bur_stock_type', 'HDD', 'stringType', '');
INSERT INTO `caracteristique` (`id`, `produit_id`, `cle`, `valeur_integer`, `type`, `unite`) VALUES (NULL, 708, 'ordi_bur_stock_capacite', 1000, 'intType', 'Go');
INSERT INTO `caracteristique` (`id`, `produit_id`, `cle`, `valeur_string`, `type`, `unite`) VALUES (NULL, 708, 'ordi_bur_os', 'Windows 10 Home', 'stringType', '');
INSERT INTO `caracteristique` (`id`, `produit_id`, `cle`, `valeur_string`, `type`, `unite`) VALUES (NULL, 708, 'ordi_bur_usage', 'multimedia', 'stringType', '');
INSERT INTO `caracteristique` (`id`, `produit_id`, `cle`, `valeur_string`, `type`, `unite`) VALUES (NULL, 709, 'ordi_bur_proc_type', 'Intel', 'stringType', '');
INSERT INTO `caracteristique` (`id`, `produit_id`, `cle`, `valeur_string`, `type`, `unite`) VALUES (NULL, 709, 'ordi_bur_proc_carac', 'i7 - 8700', 'stringType', '');
INSERT INTO `caracteristique` (`id`, `produit_id`, `cle`, `valeur_integer`, `type`, `unite`) VALUES (NULL, 709, 'ordi_bur_proc_freq', 4, 'intType', '');
INSERT INTO `caracteristique` (`id`, `produit_id`, `cle`, `valeur_integer`, `type`, `unite`) VALUES (NULL, 709, 'ordi_bur_ram_taille', 16, 'intType', '');
INSERT INTO `caracteristique` (`id`, `produit_id`, `cle`, `valeur_string`, `type`, `unite`) VALUES (NULL, 709, 'ordi_bur_ram_type', 'DDR4', 'stringType', '');
INSERT INTO `caracteristique` (`id`, `produit_id`, `cle`, `valeur_integer`, `type`, `unite`) VALUES (NULL, 709, 'ordi_bur_ram_freq', 2666, 'intType', '');
INSERT INTO `caracteristique` (`id`, `produit_id`, `cle`, `valeur_string`, `type`, `unite`) VALUES (NULL, 709, 'ordi_bur_carte_graphique', 'Intel HD Graphics 630', 'stringType', '');
INSERT INTO `caracteristique` (`id`, `produit_id`, `cle`, `valeur_string`, `type`, `unite`) VALUES (NULL, 709, 'ordi_bur_stock_type', 'HDD', 'stringType', '');
INSERT INTO `caracteristique` (`id`, `produit_id`, `cle`, `valeur_integer`, `type`, `unite`) VALUES (NULL, 709, 'ordi_bur_stock_capacite', 1000, 'intType', 'Go');
INSERT INTO `caracteristique` (`id`, `produit_id`, `cle`, `valeur_string`, `type`, `unite`) VALUES (NULL, 709, 'ordi_bur_os', 'Wndows 10 Home', 'stringType', '');
INSERT INTO `caracteristique` (`id`, `produit_id`, `cle`, `valeur_string`, `type`, `unite`) VALUES (NULL, 709, 'ordi_bur_usage', 'multimedia', 'stringType', '');
INSERT INTO `caracteristique` (`id`, `produit_id`, `cle`, `valeur_string`, `type`, `unite`) VALUES (NULL, 710, 'ordi_bur_proc_type', 'Intel', 'stringType', '');
INSERT INTO `caracteristique` (`id`, `produit_id`, `cle`, `valeur_string`, `type`, `unite`) VALUES (NULL, 710, 'ordi_bur_proc_carac', 'i5 - 8400', 'stringType', '');
INSERT INTO `caracteristique` (`id`, `produit_id`, `cle`, `valeur_double`, `type`, `unite`) VALUES (NULL, 710, 'ordi_bur_proc_freq', 3.7, 'doubleType', '');
INSERT INTO `caracteristique` (`id`, `produit_id`, `cle`, `valeur_integer`, `type`, `unite`) VALUES (NULL, 710, 'ordi_bur_ram_taille', 8, 'intType', '');
INSERT INTO `caracteristique` (`id`, `produit_id`, `cle`, `valeur_string`, `type`, `unite`) VALUES (NULL, 710, 'ordi_bur_ram_type', 'DDR4', 'stringType', '');
INSERT INTO `caracteristique` (`id`, `produit_id`, `cle`, `valeur_integer`, `type`, `unite`) VALUES (NULL, 710, 'ordi_bur_ram_freq', 2400, 'intType', '');
INSERT INTO `caracteristique` (`id`, `produit_id`, `cle`, `valeur_string`, `type`, `unite`) VALUES (NULL, 710, 'ordi_bur_carte_graphique', 'Intel HD Graphics 630', 'stringType', '');
INSERT INTO `caracteristique` (`id`, `produit_id`, `cle`, `valeur_string`, `type`, `unite`) VALUES (NULL, 710, 'ordi_bur_stock_type', 'HDD', 'stringType', '');
INSERT INTO `caracteristique` (`id`, `produit_id`, `cle`, `valeur_integer`, `type`, `unite`) VALUES (NULL, 710, 'ordi_bur_stock_capacite', 1000, 'intType', 'Go');
INSERT INTO `caracteristique` (`id`, `produit_id`, `cle`, `valeur_string`, `type`, `unite`) VALUES (NULL, 710, 'ordi_bur_os', 'Windows 10 Pro', 'stringType', '');
INSERT INTO `caracteristique` (`id`, `produit_id`, `cle`, `valeur_string`, `type`, `unite`) VALUES (NULL, 710, 'ordi_bur_usage', 'multimedia', 'stringType', '');
INSERT INTO `caracteristique` (`id`, `produit_id`, `cle`, `valeur_string`, `type`, `unite`) VALUES (NULL, 711, 'ordi_bur_proc_type', 'Intel', 'stringType', '');
INSERT INTO `caracteristique` (`id`, `produit_id`, `cle`, `valeur_string`, `type`, `unite`) VALUES (NULL, 711, 'ordi_bur_proc_carac', 'i5 - 7400', 'stringType', '');
INSERT INTO `caracteristique` (`id`, `produit_id`, `cle`, `valeur_double`, `type`, `unite`) VALUES (NULL, 711, 'ordi_bur_proc_freq', 3.5, 'doubleType', '');
INSERT INTO `caracteristique` (`id`, `produit_id`, `cle`, `valeur_integer`, `type`, `unite`) VALUES (NULL, 711, 'ordi_bur_ram_taille', 16, 'intType', '');
INSERT INTO `caracteristique` (`id`, `produit_id`, `cle`, `valeur_string`, `type`, `unite`) VALUES (NULL, 711, 'ordi_bur_ram_type', 'DDR4', 'stringType', '');
INSERT INTO `caracteristique` (`id`, `produit_id`, `cle`, `valeur_integer`, `type`, `unite`) VALUES (NULL, 711, 'ordi_bur_ram_freq', 2400, 'intType', '');
INSERT INTO `caracteristique` (`id`, `produit_id`, `cle`, `valeur_string`, `type`, `unite`) VALUES (NULL, 711, 'ordi_bur_carte_graphique', 'Nvidia GeForce GTX 1060', 'stringType', '');
INSERT INTO `caracteristique` (`id`, `produit_id`, `cle`, `valeur_string`, `type`, `unite`) VALUES (NULL, 711, 'ordi_bur_stock_type', 'SDD', 'stringType', '');
INSERT INTO `caracteristique` (`id`, `produit_id`, `cle`, `valeur_integer`, `type`, `unite`) VALUES (NULL, 711, 'ordi_bur_stock_capacite', 512, 'intType', 'Go');
INSERT INTO `caracteristique` (`id`, `produit_id`, `cle`, `valeur_string`, `type`, `unite`) VALUES (NULL, 711, 'ordi_bur_os', 'FreeDOS 2.0', 'stringType', '');
INSERT INTO `caracteristique` (`id`, `produit_id`, `cle`, `valeur_string`, `type`, `unite`) VALUES (NULL, 711, 'ordi_bur_usage', 'multimedia', 'stringType', '');
INSERT INTO `caracteristique` (`id`, `produit_id`, `cle`, `valeur_string`, `type`, `unite`) VALUES (NULL, 712, 'ordi_bur_proc_type', 'Intel', 'stringType', '');
INSERT INTO `caracteristique` (`id`, `produit_id`, `cle`, `valeur_string`, `type`, `unite`) VALUES (NULL, 712, 'ordi_bur_proc_carac', 'i5 - 9400F', 'stringType', '');
INSERT INTO `caracteristique` (`id`, `produit_id`, `cle`, `valeur_integer`, `type`, `unite`) VALUES (NULL, 712, 'ordi_bur_proc_freq', 4, 'intType', '');
INSERT INTO `caracteristique` (`id`, `produit_id`, `cle`, `valeur_integer`, `type`, `unite`) VALUES (NULL, 712, 'ordi_bur_ram_taille', 16, 'intType', '');
INSERT INTO `caracteristique` (`id`, `produit_id`, `cle`, `valeur_string`, `type`, `unite`) VALUES (NULL, 712, 'ordi_bur_ram_type', 'DDR4', 'stringType', '');
INSERT INTO `caracteristique` (`id`, `produit_id`, `cle`, `valeur_integer`, `type`, `unite`) VALUES (NULL, 712, 'ordi_bur_ram_freq', 2666, 'intType', '');
INSERT INTO `caracteristique` (`id`, `produit_id`, `cle`, `valeur_string`, `type`, `unite`) VALUES (NULL, 712, 'ordi_bur_carte_graphique', 'Nvidia GeForce RTX 2060', 'stringType', '');
INSERT INTO `caracteristique` (`id`, `produit_id`, `cle`, `valeur_string`, `type`, `unite`) VALUES (NULL, 712, 'ordi_bur_stock_type', 'HDD', 'stringType', '');
INSERT INTO `caracteristique` (`id`, `produit_id`, `cle`, `valeur_integer`, `type`, `unite`) VALUES (NULL, 712, 'ordi_bur_stock_capacite', 1000, 'intType', 'Go');
INSERT INTO `caracteristique` (`id`, `produit_id`, `cle`, `valeur_string`, `type`, `unite`) VALUES (NULL, 712, 'ordi_bur_os', 'Windows 10 Home', 'stringType', '');
INSERT INTO `caracteristique` (`id`, `produit_id`, `cle`, `valeur_string`, `type`, `unite`) VALUES (NULL, 712, 'ordi_bur_usage', 'gaming', 'stringType', '');
INSERT INTO `caracteristique` (`id`, `produit_id`, `cle`, `valeur_string`, `type`, `unite`) VALUES (NULL, 713, 'ordi_bur_proc_type', 'Intel', 'stringType', '');
INSERT INTO `caracteristique` (`id`, `produit_id`, `cle`, `valeur_string`, `type`, `unite`) VALUES (NULL, 713, 'ordi_bur_proc_carac', 'i5 - 9400', 'stringType', '');
INSERT INTO `caracteristique` (`id`, `produit_id`, `cle`, `valeur_double`, `type`, `unite`) VALUES (NULL, 713, 'ordi_bur_proc_freq', 4.1, 'doubleType', '');
INSERT INTO `caracteristique` (`id`, `produit_id`, `cle`, `valeur_integer`, `type`, `unite`) VALUES (NULL, 713, 'ordi_bur_ram_taille', 16, 'intType', '');
INSERT INTO `caracteristique` (`id`, `produit_id`, `cle`, `valeur_string`, `type`, `unite`) VALUES (NULL, 713, 'ordi_bur_ram_type', 'DDR4', 'stringType', '');
INSERT INTO `caracteristique` (`id`, `produit_id`, `cle`, `valeur_integer`, `type`, `unite`) VALUES (NULL, 713, 'ordi_bur_ram_freq', 2666, 'intType', '');
INSERT INTO `caracteristique` (`id`, `produit_id`, `cle`, `valeur_string`, `type`, `unite`) VALUES (NULL, 713, 'ordi_bur_carte_graphique', 'Nvidia GeForce GTX 1660 Ti', 'stringType', '');
INSERT INTO `caracteristique` (`id`, `produit_id`, `cle`, `valeur_string`, `type`, `unite`) VALUES (NULL, 713, 'ordi_bur_stock_type', 'HDD', 'stringType', '');
INSERT INTO `caracteristique` (`id`, `produit_id`, `cle`, `valeur_integer`, `type`, `unite`) VALUES (NULL, 713, 'ordi_bur_stock_capacite', 1000, 'intType', 'Go');
INSERT INTO `caracteristique` (`id`, `produit_id`, `cle`, `valeur_string`, `type`, `unite`) VALUES (NULL, 713, 'ordi_bur_os', 'Windows 10 Home', 'stringType', '');
INSERT INTO `caracteristique` (`id`, `produit_id`, `cle`, `valeur_string`, `type`, `unite`) VALUES (NULL, 713, 'ordi_bur_usage', 'gaming', 'stringType', '');
INSERT INTO `caracteristique` (`id`, `produit_id`, `cle`, `valeur_string`, `type`, `unite`) VALUES (NULL, 714, 'ordi_bur_proc_type', 'AMD', 'stringType', '');
INSERT INTO `caracteristique` (`id`, `produit_id`, `cle`, `valeur_string`, `type`, `unite`) VALUES (NULL, 714, 'ordi_bur_proc_carac', 'Ryzen 7 3700X', 'stringType', '');
INSERT INTO `caracteristique` (`id`, `produit_id`, `cle`, `valeur_double`, `type`, `unite`) VALUES (NULL, 714, 'ordi_bur_proc_freq', 4.1, 'doubleType', '');
INSERT INTO `caracteristique` (`id`, `produit_id`, `cle`, `valeur_integer`, `type`, `unite`) VALUES (NULL, 714, 'ordi_bur_ram_taille', 16, 'intType', '');
INSERT INTO `caracteristique` (`id`, `produit_id`, `cle`, `valeur_string`, `type`, `unite`) VALUES (NULL, 714, 'ordi_bur_ram_type', 'DDR4', 'stringType', '');
INSERT INTO `caracteristique` (`id`, `produit_id`, `cle`, `valeur_integer`, `type`, `unite`) VALUES (NULL, 714, 'ordi_bur_ram_freq', 2666, 'intType', '');
INSERT INTO `caracteristique` (`id`, `produit_id`, `cle`, `valeur_string`, `type`, `unite`) VALUES (NULL, 714, 'ordi_bur_carte_graphique', 'Nvidia GeForce RTX 2060', 'stringType', '');
INSERT INTO `caracteristique` (`id`, `produit_id`, `cle`, `valeur_string`, `type`, `unite`) VALUES (NULL, 714, 'ordi_bur_stock_type', 'HDD', 'stringType', '');
INSERT INTO `caracteristique` (`id`, `produit_id`, `cle`, `valeur_integer`, `type`, `unite`) VALUES (NULL, 714, 'ordi_bur_stock_capacite', 1000, 'intType', 'Go');
INSERT INTO `caracteristique` (`id`, `produit_id`, `cle`, `valeur_string`, `type`, `unite`) VALUES (NULL, 714, 'ordi_bur_os', 'Windows 10 Home', 'stringType', '');
INSERT INTO `caracteristique` (`id`, `produit_id`, `cle`, `valeur_string`, `type`, `unite`) VALUES (NULL, 714, 'ordi_bur_usage', 'gaming', 'stringType', '');
INSERT INTO `caracteristique` (`id`, `produit_id`, `cle`, `valeur_string`, `type`, `unite`) VALUES (NULL, 715, 'ordi_bur_proc_type', 'Intel', 'stringType', '');
INSERT INTO `caracteristique` (`id`, `produit_id`, `cle`, `valeur_string`, `type`, `unite`) VALUES (NULL, 715, 'ordi_bur_proc_carac', 'i7 - 8700', 'stringType', '');
INSERT INTO `caracteristique` (`id`, `produit_id`, `cle`, `valeur_double`, `type`, `unite`) VALUES (NULL, 715, 'ordi_bur_proc_freq', 4.6, 'doubleType', '');
INSERT INTO `caracteristique` (`id`, `produit_id`, `cle`, `valeur_integer`, `type`, `unite`) VALUES (NULL, 715, 'ordi_bur_ram_taille', 16, 'intType', '');
INSERT INTO `caracteristique` (`id`, `produit_id`, `cle`, `valeur_string`, `type`, `unite`) VALUES (NULL, 715, 'ordi_bur_ram_type', 'DDR4', 'stringType', '');
INSERT INTO `caracteristique` (`id`, `produit_id`, `cle`, `valeur_integer`, `type`, `unite`) VALUES (NULL, 715, 'ordi_bur_ram_freq', 2666, 'intType', '');
INSERT INTO `caracteristique` (`id`, `produit_id`, `cle`, `valeur_string`, `type`, `unite`) VALUES (NULL, 715, 'ordi_bur_carte_graphique', 'Nvidia GeForce GTX 1060', 'stringType', '');
INSERT INTO `caracteristique` (`id`, `produit_id`, `cle`, `valeur_string`, `type`, `unite`) VALUES (NULL, 715, 'ordi_bur_stock_type', 'HDD', 'stringType', '');
INSERT INTO `caracteristique` (`id`, `produit_id`, `cle`, `valeur_integer`, `type`, `unite`) VALUES (NULL, 715, 'ordi_bur_stock_capacite', 1000, 'intType', 'Go');
INSERT INTO `caracteristique` (`id`, `produit_id`, `cle`, `valeur_string`, `type`, `unite`) VALUES (NULL, 715, 'ordi_bur_os', 'Wndows 10 Home', 'stringType', '');
INSERT INTO `caracteristique` (`id`, `produit_id`, `cle`, `valeur_string`, `type`, `unite`) VALUES (NULL, 715, 'ordi_bur_usage', 'gaming', 'stringType', '');
/* Processeurs */
INSERT INTO `produit` (`id`, `type_id`, `marque_id`, `nom`, `prix`, `photo`, `date_ajout`) VALUES (1001, 10, 30, 'Intel Pentium G5420', 84.95, 'IntelPentium_G5420.jpg', '2017-6-21');
INSERT INTO `produit` (`id`, `type_id`, `marque_id`, `nom`, `prix`, `photo`, `date_ajout`) VALUES (1002, 10, 30, 'Intel Core i3 8100', 159.95, 'IntelCore_i3_8100.jpg', '2018-8-23');
INSERT INTO `produit` (`id`, `type_id`, `marque_id`, `nom`, `prix`, `photo`, `date_ajout`) VALUES (1003, 10, 30, 'Intel Core i5 9500 ', 239.95, 'IntelCore_i5_9500.jpg', '2017-11-18');
INSERT INTO `produit` (`id`, `type_id`, `marque_id`, `nom`, `prix`, `photo`, `date_ajout`) VALUES (1004, 10, 30, 'Intel Core i7 9700', 399.95, 'IntelCore_i7_9700.jpg', '2018-8-22');
INSERT INTO `produit` (`id`, `type_id`, `marque_id`, `nom`, `prix`, `photo`, `date_ajout`) VALUES (1005, 10, 30, 'Intel Core i9 9900', 549.95, 'IntelCore_i9_9900.jpg', '2017-10-10');
INSERT INTO `produit` (`id`, `type_id`, `marque_id`, `nom`, `prix`, `photo`, `date_ajout`) VALUES (1006, 10, 5, 'AMD Ryzen 3 3200', 117.95, 'AMD_Ryzen3.jpg', '2018-3-2');
INSERT INTO `produit` (`id`, `type_id`, `marque_id`, `nom`, `prix`, `photo`, `date_ajout`) VALUES (1007, 10, 5, 'AMD Ryzen 5 3400', 164.95, 'AMD_Ryzen3.jpg', '2018-1-4');
INSERT INTO `produit` (`id`, `type_id`, `marque_id`, `nom`, `prix`, `photo`, `date_ajout`) VALUES (1008, 10, 5, 'AMD Ryzen 7 3700', 384.95, 'AMD_Ryzen7.jpg', '2018-5-20');
INSERT INTO `produit` (`id`, `type_id`, `marque_id`, `nom`, `prix`, `photo`, `date_ajout`) VALUES (1009, 10, 5, 'AMD Ryzen 9 3900', 599.95, 'AMD_Ryzen9.jpg', '2017-3-9');
INSERT INTO `caracteristique` (`id`, `produit_id`, `cle`, `valeur_string`, `type`, `unite`) VALUES (NULL, 1001, 'proc_socket', 'LGA 1151', 'stringType', '');
INSERT INTO `caracteristique` (`id`, `produit_id`, `cle`, `valeur_string`, `type`, `unite`) VALUES (NULL, 1001, 'proc_ram', 'DDR4-2400', 'stringType', '');
INSERT INTO `caracteristique` (`id`, `produit_id`, `cle`, `valeur_integer`, `type`, `unite`) VALUES (NULL, 1001, 'proc_max_ram', 64, 'intType', 'Go');
INSERT INTO `caracteristique` (`id`, `produit_id`, `cle`, `valeur_string`, `type`, `unite`) VALUES (NULL, 1002, 'proc_socket', 'LGA 1151', 'stringType', '');
INSERT INTO `caracteristique` (`id`, `produit_id`, `cle`, `valeur_string`, `type`, `unite`) VALUES (NULL, 1002, 'proc_ram', 'DDR4-2400', 'stringType', '');
INSERT INTO `caracteristique` (`id`, `produit_id`, `cle`, `valeur_integer`, `type`, `unite`) VALUES (NULL, 1002, 'proc_max_ram', 64, 'intType', 'Go');
INSERT INTO `caracteristique` (`id`, `produit_id`, `cle`, `valeur_string`, `type`, `unite`) VALUES (NULL, 1003, 'proc_socket', 'LGA 1151', 'stringType', '');
INSERT INTO `caracteristique` (`id`, `produit_id`, `cle`, `valeur_string`, `type`, `unite`) VALUES (NULL, 1003, 'proc_ram', 'DDR4-2666', 'stringType', '');
INSERT INTO `caracteristique` (`id`, `produit_id`, `cle`, `valeur_integer`, `type`, `unite`) VALUES (NULL, 1003, 'proc_max_ram', 128, 'intType', 'Go');
INSERT INTO `caracteristique` (`id`, `produit_id`, `cle`, `valeur_string`, `type`, `unite`) VALUES (NULL, 1004, 'proc_socket', 'LGA 1151', 'stringType', '');
INSERT INTO `caracteristique` (`id`, `produit_id`, `cle`, `valeur_string`, `type`, `unite`) VALUES (NULL, 1004, 'proc_ram', 'DDR4-2666', 'stringType', '');
INSERT INTO `caracteristique` (`id`, `produit_id`, `cle`, `valeur_integer`, `type`, `unite`) VALUES (NULL, 1004, 'proc_max_ram', 128, 'intType', 'Go');
INSERT INTO `caracteristique` (`id`, `produit_id`, `cle`, `valeur_string`, `type`, `unite`) VALUES (NULL, 1005, 'proc_socket', 'LGA 1151', 'stringType', '');
INSERT INTO `caracteristique` (`id`, `produit_id`, `cle`, `valeur_string`, `type`, `unite`) VALUES (NULL, 1005, 'proc_ram', 'DDR4-2666', 'stringType', '');
INSERT INTO `caracteristique` (`id`, `produit_id`, `cle`, `valeur_integer`, `type`, `unite`) VALUES (NULL, 1005, 'proc_max_ram', 128, 'intType', 'Go');
INSERT INTO `caracteristique` (`id`, `produit_id`, `cle`, `valeur_string`, `type`, `unite`) VALUES (NULL, 1006, 'proc_socket', 'AM4', 'stringType', '');
INSERT INTO `caracteristique` (`id`, `produit_id`, `cle`, `valeur_string`, `type`, `unite`) VALUES (NULL, 1006, 'proc_ram', 'DDR4', 'stringType', '');
INSERT INTO `caracteristique` (`id`, `produit_id`, `cle`, `valeur_integer`, `type`, `unite`) VALUES (NULL, 1006, 'proc_max_ram', 128, 'intType', 'Go');
INSERT INTO `caracteristique` (`id`, `produit_id`, `cle`, `valeur_string`, `type`, `unite`) VALUES (NULL, 1007, 'proc_socket', 'AM4', 'stringType', '');
INSERT INTO `caracteristique` (`id`, `produit_id`, `cle`, `valeur_string`, `type`, `unite`) VALUES (NULL, 1007, 'proc_ram', 'DDR4', 'stringType', '');
INSERT INTO `caracteristique` (`id`, `produit_id`, `cle`, `valeur_integer`, `type`, `unite`) VALUES (NULL, 1007, 'proc_max_ram', 128, 'intType', 'Go');
INSERT INTO `caracteristique` (`id`, `produit_id`, `cle`, `valeur_string`, `type`, `unite`) VALUES (NULL, 1008, 'proc_socket', 'AM4', 'stringType', '');
INSERT INTO `caracteristique` (`id`, `produit_id`, `cle`, `valeur_string`, `type`, `unite`) VALUES (NULL, 1008, 'proc_ram', 'DDR4', 'stringType', '');
INSERT INTO `caracteristique` (`id`, `produit_id`, `cle`, `valeur_integer`, `type`, `unite`) VALUES (NULL, 1008, 'proc_max_ram', 128, 'intType', 'Go');
INSERT INTO `caracteristique` (`id`, `produit_id`, `cle`, `valeur_string`, `type`, `unite`) VALUES (NULL, 1009, 'proc_socket', 'AM4', 'stringType', '');
INSERT INTO `caracteristique` (`id`, `produit_id`, `cle`, `valeur_string`, `type`, `unite`) VALUES (NULL, 1009, 'proc_ram', 'DDR4', 'stringType', '');
INSERT INTO `caracteristique` (`id`, `produit_id`, `cle`, `valeur_integer`, `type`, `unite`) VALUES (NULL, 1009, 'proc_max_ram', 128, 'intType', 'Go');
/* RAM */
INSERT INTO `produit` (`id`, `type_id`, `marque_id`, `nom`, `prix`, `photo`, `date_ajout`) VALUES (1101, 11, 25, 'G.Skill Value 2 Go DDR3 1333 MHz NS ', 12.95, 'G.Skill_Value_2_Go.jpg', '2018-4-24');
INSERT INTO `produit` (`id`, `type_id`, `marque_id`, `nom`, `prix`, `photo`, `date_ajout`) VALUES (1102, 11, 20, 'Corsair XMS3 2 Go DDR3 PC10600 CAS 9', 17.95, 'Corsair_XMS3_2_Go.jpg', '2017-2-7');
INSERT INTO `produit` (`id`, `type_id`, `marque_id`, `nom`, `prix`, `photo`, `date_ajout`) VALUES (1103, 11, 25, 'G.Skill Aegis 4 Go DDR3 1600 MHz CAS 11', 20.95, 'G.Skill_Aegis_4_Go.jpg', '2018-5-21');
INSERT INTO `produit` (`id`, `type_id`, `marque_id`, `nom`, `prix`, `photo`, `date_ajout`) VALUES (1104, 11, 20, 'Corsair XMS3 4 Go DDR3 1333 MHz CAS 9', 24.95, 'Corsair_XMS3_4_Go.jpg', '2017-1-11');
INSERT INTO `produit` (`id`, `type_id`, `marque_id`, `nom`, `prix`, `photo`, `date_ajout`) VALUES (1105, 11, 15, 'Ballistix Sport LT 4Go DDR4 2400 MHz CAS 16 SR', 26.95, 'Ballistix_Sport_LT_4_Go.jpg', '2017-10-22');
INSERT INTO `produit` (`id`, `type_id`, `marque_id`, `nom`, `prix`, `photo`, `date_ajout`) VALUES (1106, 11, 28, 'HyperX Fury 4 Go DDR4 3200 MHz CAS 16', 31.95, 'HyperX_Fury_4_Go.jpg', '2017-5-18');
INSERT INTO `produit` (`id`, `type_id`, `marque_id`, `nom`, `prix`, `photo`, `date_ajout`) VALUES (1107, 11, 25, 'G.Skill Aegis 8 Go DDR3 1333 MHz CAS 9', 37.95, 'G.Skill_Aegis_8_Go.jpg', '2018-2-15');
INSERT INTO `produit` (`id`, `type_id`, `marque_id`, `nom`, `prix`, `photo`, `date_ajout`) VALUES (1108, 11, 20, 'Corsair ValueSelect 8 Go DDR3L 1600 MHz CAS 11 ', 39.95, 'Corsair_ValueSelect_8_Go.jpg', '2017-8-20');
INSERT INTO `produit` (`id`, `type_id`, `marque_id`, `nom`, `prix`, `photo`, `date_ajout`) VALUES (1109, 11, 15, 'Ballistix Sport LT 8 Go DDR4 2400 MHz CAS 16 SR', 42.95, 'Ballistix_Sport_LT_8_Go.jpg', '2017-3-10');
INSERT INTO `produit` (`id`, `type_id`, `marque_id`, `nom`, `prix`, `photo`, `date_ajout`) VALUES (1110, 11, 28, 'HyperX Predator RGB 8 Go DDR4 3000 MHz CAS 15', 65.95, 'HyperX_Predator_RGB_8_Go.jpg', '2017-1-24');
INSERT INTO `produit` (`id`, `type_id`, `marque_id`, `nom`, `prix`, `photo`, `date_ajout`) VALUES (1111, 11, 25, 'G.Skill Aegis 16 Go DDR4 2133 MHz CAS 15', 72.95, 'G.Skill_Aegis_16_Go.jpg', '2018-5-1');
INSERT INTO `produit` (`id`, `type_id`, `marque_id`, `nom`, `prix`, `photo`, `date_ajout`) VALUES (1112, 11, 20, 'Corsair Vengeance LPX Black 16 Go DDR4 2400 MHz CAS 16', 91.95, 'Corsair_Vengeance_LPX_16_Go.jpg', '2017-6-18');
INSERT INTO `produit` (`id`, `type_id`, `marque_id`, `nom`, `prix`, `photo`, `date_ajout`) VALUES (1113, 11, 15, 'Ballistix Sport AT 16 Go DDR4 2666 MHz CAS 16 DR', 84.95, 'Ballistix_Sport_AT_16_Go.jpg', '2018-6-4');
INSERT INTO `produit` (`id`, `type_id`, `marque_id`, `nom`, `prix`, `photo`, `date_ajout`) VALUES (1114, 11, 28, 'HyperX Predator RGB 16 Go DDR4 3200 MHz CAS 16', 114.95, 'HyperX_Predator_RGB_16_Go.jpg', '2018-8-21');
INSERT INTO `produit` (`id`, `type_id`, `marque_id`, `nom`, `prix`, `photo`, `date_ajout`) VALUES (1115, 11, 20, 'Corsair Vengeance LPX Black DDR4 32 Go 2400 MHz CAS 16', 184.95, 'Corsair_Vengeance_LPX_32_Go.jpg', '2017-11-3');
INSERT INTO `caracteristique` (`id`, `produit_id`, `cle`, `valeur_integer`, `type`, `unite`) VALUES (NULL, 1101, 'ram_capacite', 2, 'intType', 'Go');
INSERT INTO `caracteristique` (`id`, `produit_id`, `cle`, `valeur_string`, `type`, `unite`) VALUES (NULL, 1101, 'ram_type', 'DDR3', 'stringType', '');
INSERT INTO `caracteristique` (`id`, `produit_id`, `cle`, `valeur_integer`, `type`, `unite`) VALUES (NULL, 1102, 'ram_capacite', 2, 'intType', 'Go');
INSERT INTO `caracteristique` (`id`, `produit_id`, `cle`, `valeur_string`, `type`, `unite`) VALUES (NULL, 1102, 'ram_type', 'DDR3', 'stringType', '');
INSERT INTO `caracteristique` (`id`, `produit_id`, `cle`, `valeur_integer`, `type`, `unite`) VALUES (NULL, 1103, 'ram_capacite', 4, 'intType', 'Go');
INSERT INTO `caracteristique` (`id`, `produit_id`, `cle`, `valeur_string`, `type`, `unite`) VALUES (NULL, 1103, 'ram_type', 'DDR3', 'stringType', '');
INSERT INTO `caracteristique` (`id`, `produit_id`, `cle`, `valeur_integer`, `type`, `unite`) VALUES (NULL, 1104, 'ram_capacite', 4, 'intType', 'Go');
INSERT INTO `caracteristique` (`id`, `produit_id`, `cle`, `valeur_string`, `type`, `unite`) VALUES (NULL, 1104, 'ram_type', 'DDR3', 'stringType', '');
INSERT INTO `caracteristique` (`id`, `produit_id`, `cle`, `valeur_integer`, `type`, `unite`) VALUES (NULL, 1105, 'ram_capacite', 4, 'intType', 'Go');
INSERT INTO `caracteristique` (`id`, `produit_id`, `cle`, `valeur_string`, `type`, `unite`) VALUES (NULL, 1105, 'ram_type', 'DDR4', 'stringType', '');
INSERT INTO `caracteristique` (`id`, `produit_id`, `cle`, `valeur_integer`, `type`, `unite`) VALUES (NULL, 1106, 'ram_capacite', 4, 'intType', 'Go');
INSERT INTO `caracteristique` (`id`, `produit_id`, `cle`, `valeur_string`, `type`, `unite`) VALUES (NULL, 1106, 'ram_type', 'DDR4', 'stringType', '');
INSERT INTO `caracteristique` (`id`, `produit_id`, `cle`, `valeur_integer`, `type`, `unite`) VALUES (NULL, 1107, 'ram_capacite', 8, 'intType', 'Go');
INSERT INTO `caracteristique` (`id`, `produit_id`, `cle`, `valeur_string`, `type`, `unite`) VALUES (NULL, 1107, 'ram_type', 'DDR3', 'stringType', '');
INSERT INTO `caracteristique` (`id`, `produit_id`, `cle`, `valeur_integer`, `type`, `unite`) VALUES (NULL, 1108, 'ram_capacite', 8, 'intType', 'Go');
INSERT INTO `caracteristique` (`id`, `produit_id`, `cle`, `valeur_string`, `type`, `unite`) VALUES (NULL, 1108, 'ram_type', 'DDR3', 'stringType', '');
INSERT INTO `caracteristique` (`id`, `produit_id`, `cle`, `valeur_integer`, `type`, `unite`) VALUES (NULL, 1109, 'ram_capacite', 8, 'intType', 'Go');
INSERT INTO `caracteristique` (`id`, `produit_id`, `cle`, `valeur_string`, `type`, `unite`) VALUES (NULL, 1109, 'ram_type', 'DDR4', 'stringType', '');
INSERT INTO `caracteristique` (`id`, `produit_id`, `cle`, `valeur_integer`, `type`, `unite`) VALUES (NULL, 1110, 'ram_capacite', 8, 'intType', 'Go');
INSERT INTO `caracteristique` (`id`, `produit_id`, `cle`, `valeur_string`, `type`, `unite`) VALUES (NULL, 1110, 'ram_type', 'DDR4', 'stringType', '');
INSERT INTO `caracteristique` (`id`, `produit_id`, `cle`, `valeur_integer`, `type`, `unite`) VALUES (NULL, 1111, 'ram_capacite', 16, 'intType', 'Go');
INSERT INTO `caracteristique` (`id`, `produit_id`, `cle`, `valeur_string`, `type`, `unite`) VALUES (NULL, 1111, 'ram_type', 'DDR4', 'stringType', '');
INSERT INTO `caracteristique` (`id`, `produit_id`, `cle`, `valeur_integer`, `type`, `unite`) VALUES (NULL, 1112, 'ram_capacite', 16, 'intType', 'Go');
INSERT INTO `caracteristique` (`id`, `produit_id`, `cle`, `valeur_string`, `type`, `unite`) VALUES (NULL, 1112, 'ram_type', 'DDR4', 'stringType', '');
INSERT INTO `caracteristique` (`id`, `produit_id`, `cle`, `valeur_integer`, `type`, `unite`) VALUES (NULL, 1113, 'ram_capacite', 16, 'intType', 'Go');
INSERT INTO `caracteristique` (`id`, `produit_id`, `cle`, `valeur_string`, `type`, `unite`) VALUES (NULL, 1113, 'ram_type', 'DDR4', 'stringType', '');
INSERT INTO `caracteristique` (`id`, `produit_id`, `cle`, `valeur_integer`, `type`, `unite`) VALUES (NULL, 1114, 'ram_capacite', 16, 'intType', 'Go');
INSERT INTO `caracteristique` (`id`, `produit_id`, `cle`, `valeur_string`, `type`, `unite`) VALUES (NULL, 1114, 'ram_type', 'DDR4', 'stringType', '');
INSERT INTO `caracteristique` (`id`, `produit_id`, `cle`, `valeur_integer`, `type`, `unite`) VALUES (NULL, 1115, 'ram_capacite', 32, 'intType', 'Go');
INSERT INTO `caracteristique` (`id`, `produit_id`, `cle`, `valeur_string`, `type`, `unite`) VALUES (NULL, 1115, 'ram_type', 'DDR4', 'stringType', '');
/* SSD */
INSERT INTO `produit` (`id`, `type_id`, `marque_id`, `nom`, `prix`, `photo`, `date_ajout`) VALUES (1201, 13, 39, 'Samsung Serie 860 EVO 250 Go', 74.95, 'Samsung_250_Go.jpg', '2017-9-10');
INSERT INTO `produit` (`id`, `type_id`, `marque_id`, `nom`, `prix`, `photo`, `date_ajout`) VALUES (1202, 13, 39, 'Samsung Serie 860 EVO 500 Go', 105.95, 'Samsung_500_Go.jpg', '2017-4-5');
INSERT INTO `produit` (`id`, `type_id`, `marque_id`, `nom`, `prix`, `photo`, `date_ajout`) VALUES (1203, 13, 39, 'Samsung Serie 860 EVO 1 To ', 169.95, 'Samsung_1_To.jpg', '2018-6-1');
INSERT INTO `produit` (`id`, `type_id`, `marque_id`, `nom`, `prix`, `photo`, `date_ajout`) VALUES (1204, 13, 39, 'Samsung Serie 860 EVO 2 To', 349.95, 'Samsung_2_To.jpg', '2017-5-2');
INSERT INTO `produit` (`id`, `type_id`, `marque_id`, `nom`, `prix`, `photo`, `date_ajout`) VALUES (1205, 13, 39, 'Samsung Serie 860 EVO 4 To', 719.95, 'Samsung_4_To.jpg', '2018-7-25');
INSERT INTO `produit` (`id`, `type_id`, `marque_id`, `nom`, `prix`, `photo`, `date_ajout`) VALUES (1206, 13, 41, 'Seagate Barracuda 120 250 Go', 54.95, 'Seagate_Barracuda_250_Go.jpg', '2017-3-26');
INSERT INTO `produit` (`id`, `type_id`, `marque_id`, `nom`, `prix`, `photo`, `date_ajout`) VALUES (1207, 13, 41, 'Seagate Barracuda 120 500 Go', 79.95, 'Seagate_Barracuda_500_Go.jpg', '2017-10-20');
INSERT INTO `produit` (`id`, `type_id`, `marque_id`, `nom`, `prix`, `photo`, `date_ajout`) VALUES (1208, 13, 41, 'Seagate Barracuda 120 1 To', 144.95, 'Seagate_Barracuda_1_To.jpg', '2018-8-14');
INSERT INTO `produit` (`id`, `type_id`, `marque_id`, `nom`, `prix`, `photo`, `date_ajout`) VALUES (1209, 13, 41, 'Seagate Barracuda 120 2 To', 304.95, 'Seagate_Barracuda_2_To.jpg', '2018-11-7');
INSERT INTO `produit` (`id`, `type_id`, `marque_id`, `nom`, `prix`, `photo`, `date_ajout`) VALUES (1210, 13, 46, 'Western Digital WD Blue 250 Go', 59.95, 'Western_Digital_250_Go.jpg', '2018-11-7');
INSERT INTO `produit` (`id`, `type_id`, `marque_id`, `nom`, `prix`, `photo`, `date_ajout`) VALUES (1211, 13, 46, 'Western Digital WD Blue 500 Go', 77.95, 'Western Digital_500_Go.jpg', '2018-5-15');
INSERT INTO `produit` (`id`, `type_id`, `marque_id`, `nom`, `prix`, `photo`, `date_ajout`) VALUES (1212, 13, 46, 'Western Digital WD Blue 1 To', 155.95, 'Western Digital_1_To.jpg', '2018-10-21');
INSERT INTO `produit` (`id`, `type_id`, `marque_id`, `nom`, `prix`, `photo`, `date_ajout`) VALUES (1213, 13, 46, 'Western Digital WD Blue 2 To', 319.95, 'Western Digital_2_To.jpg', '2018-11-1');
INSERT INTO `produit` (`id`, `type_id`, `marque_id`, `nom`, `prix`, `photo`, `date_ajout`) VALUES (1214, 13, 46, 'Western Digital WD Blue 4 To', 649.95, 'Western Digital_4_To.jpg', '2018-9-16');
INSERT INTO `caracteristique` (`id`, `produit_id`, `cle`, `valeur_integer`, `type`, `unite`) VALUES (NULL, 1201, 'ssd_capacite', 250, 'intType', 'Go');
INSERT INTO `caracteristique` (`id`, `produit_id`, `cle`, `valeur_integer`, `type`, `unite`) VALUES (NULL, 1202, 'ssd_capacite', 500, 'intType', 'Go');
INSERT INTO `caracteristique` (`id`, `produit_id`, `cle`, `valeur_integer`, `type`, `unite`) VALUES (NULL, 1203, 'ssd_capacite', 1000, 'intType', 'Go');
INSERT INTO `caracteristique` (`id`, `produit_id`, `cle`, `valeur_integer`, `type`, `unite`) VALUES (NULL, 1204, 'ssd_capacite', 2000, 'intType', 'Go');
INSERT INTO `caracteristique` (`id`, `produit_id`, `cle`, `valeur_integer`, `type`, `unite`) VALUES (NULL, 1205, 'ssd_capacite', 4000, 'intType', 'Go');
INSERT INTO `caracteristique` (`id`, `produit_id`, `cle`, `valeur_integer`, `type`, `unite`) VALUES (NULL, 1206, 'ssd_capacite', 250, 'intType', 'Go');
INSERT INTO `caracteristique` (`id`, `produit_id`, `cle`, `valeur_integer`, `type`, `unite`) VALUES (NULL, 1207, 'ssd_capacite', 500, 'intType', 'Go');
INSERT INTO `caracteristique` (`id`, `produit_id`, `cle`, `valeur_integer`, `type`, `unite`) VALUES (NULL, 1208, 'ssd_capacite', 1000, 'intType', 'Go');
INSERT INTO `caracteristique` (`id`, `produit_id`, `cle`, `valeur_integer`, `type`, `unite`) VALUES (NULL, 1209, 'ssd_capacite', 2000, 'intType', 'Go');
INSERT INTO `caracteristique` (`id`, `produit_id`, `cle`, `valeur_integer`, `type`, `unite`) VALUES (NULL, 1210, 'ssd_capacite', 250, 'intType', 'Go');
INSERT INTO `caracteristique` (`id`, `produit_id`, `cle`, `valeur_integer`, `type`, `unite`) VALUES (NULL, 1211, 'ssd_capacite', 500, 'intType', 'Go');
INSERT INTO `caracteristique` (`id`, `produit_id`, `cle`, `valeur_integer`, `type`, `unite`) VALUES (NULL, 1212, 'ssd_capacite', 1000, 'intType', 'Go');
INSERT INTO `caracteristique` (`id`, `produit_id`, `cle`, `valeur_integer`, `type`, `unite`) VALUES (NULL, 1213, 'ssd_capacite', 2000, 'intType', 'Go');
INSERT INTO `caracteristique` (`id`, `produit_id`, `cle`, `valeur_integer`, `type`, `unite`) VALUES (NULL, 1214, 'ssd_capacite', 4000, 'intType', 'Go');
/* Souris */
INSERT INTO `produit` (`id`, `type_id`, `marque_id`, `nom`, `prix`, `photo`, `date_ajout`) VALUES (1301, 12, 34, 'B100', 8.95, 'Logitech_B100.jpg', '2017-11-24');
INSERT INTO `produit` (`id`, `type_id`, `marque_id`, `nom`, `prix`, `photo`, `date_ajout`) VALUES (1302, 12, 34, 'M171', 13.94, 'Logitech_M171.jpg', '2018-3-24');
INSERT INTO `produit` (`id`, `type_id`, `marque_id`, `nom`, `prix`, `photo`, `date_ajout`) VALUES (1303, 12, 34, 'M185', 17.95, 'Logitech_M185.jpg', '2017-3-12');
INSERT INTO `produit` (`id`, `type_id`, `marque_id`, `nom`, `prix`, `photo`, `date_ajout`) VALUES (1304, 12, 34, 'G502 HERO', 69.95, 'Logitech_G502_hero.jpg', '2017-3-3');
INSERT INTO `produit` (`id`, `type_id`, `marque_id`, `nom`, `prix`, `photo`, `date_ajout`) VALUES (1305, 12, 20, 'M65 Pro RGB', 69.95, 'Corsair_M65_pro_RGB.jpg', '2017-10-12');
INSERT INTO `produit` (`id`, `type_id`, `marque_id`, `nom`, `prix`, `photo`, `date_ajout`) VALUES (1306, 12, 20, 'M55 Pro RGB', 49.99, 'Corsair_M55_pro_RGB.jpg', '2017-8-5');
INSERT INTO `produit` (`id`, `type_id`, `marque_id`, `nom`, `prix`, `photo`, `date_ajout`) VALUES (1307, 12, 20, 'Ironclaw RGB', 59.95, 'Corsair_ironclaw_RGB.jpg', '2018-2-1');
INSERT INTO `produit` (`id`, `type_id`, `marque_id`, `nom`, `prix`, `photo`, `date_ajout`) VALUES (1308, 12, 44, 'Rival 110', 29.90, 'SteelSeries_Rival_110.jpg', '2017-9-8');
INSERT INTO `produit` (`id`, `type_id`, `marque_id`, `nom`, `prix`, `photo`, `date_ajout`) VALUES (1309, 12, 44, 'Rival 600', 84.95, 'SteelSeries_Rival_600.jpg', '2017-8-4');
INSERT INTO `produit` (`id`, `type_id`, `marque_id`, `nom`, `prix`, `photo`, `date_ajout`) VALUES (1310, 12, 38, 'DeathAdder Essential', 44.90, 'Razer_DeathAdder_Essential.jpg', '2018-6-12');
INSERT INTO `caracteristique` (`id`, `produit_id`, `cle`, `valeur_boolean`, `type`, `unite`) VALUES (NULL, 1301, 'souris_sans_fil', false, 'boolType', '');
INSERT INTO `caracteristique` (`id`, `produit_id`, `cle`, `valeur_string`, `type`, `unite`) VALUES (NULL, 1301, 'souris_interface_pc', 'usb', 'stringType', '');
INSERT INTO `caracteristique` (`id`, `produit_id`, `cle`, `valeur_string`, `type`, `unite`) VALUES (NULL, 1301, 'souris_connexion', 'filaire', 'stringType', '');
INSERT INTO `caracteristique` (`id`, `produit_id`, `cle`, `valeur_string`, `type`, `unite`) VALUES (NULL, 1301, 'souris_nb_btn', '3', 'stringType', '');
INSERT INTO `caracteristique` (`id`, `produit_id`, `cle`, `valeur_boolean`, `type`, `unite`) VALUES (NULL, 1301, 'souris_ambidextre', true, 'boolType', '');
INSERT INTO `caracteristique` (`id`, `produit_id`, `cle`, `valeur_string`, `type`, `unite`) VALUES (NULL, 1301, 'souris_type_capteur', 'optique', 'stringType', '');
INSERT INTO `caracteristique` (`id`, `produit_id`, `cle`, `valeur_integer`, `type`, `unite`) VALUES (NULL, 1301, 'souris_resol_optique', 800, 'intType', 'dpi');
INSERT INTO `caracteristique` (`id`, `produit_id`, `cle`, `valeur_boolean`, `type`, `unite`) VALUES (NULL, 1301, 'souris_bureautique', true, 'boolType', '');
INSERT INTO `caracteristique` (`id`, `produit_id`, `cle`, `valeur_boolean`, `type`, `unite`) VALUES (NULL, 1301, 'souris_multimedia', true, 'boolType', '');
INSERT INTO `caracteristique` (`id`, `produit_id`, `cle`, `valeur_boolean`, `type`, `unite`) VALUES (NULL, 1301, 'souris_gaming', false, 'boolType', '');
INSERT INTO `caracteristique` (`id`, `produit_id`, `cle`, `valeur_integer`, `type`, `unite`) VALUES (NULL, 1301, 'souris_lg_cable', 1800, 'intType', 'mm');
INSERT INTO `caracteristique` (`id`, `produit_id`, `cle`, `valeur_integer`, `type`, `unite`) VALUES (NULL, 1301, 'souris_poids', 130, 'intType', 'g');
INSERT INTO `caracteristique` (`id`, `produit_id`, `cle`, `valeur_boolean`, `type`, `unite`) VALUES (NULL, 1302, 'souris_sans_fil', true, 'boolType', '');
INSERT INTO `caracteristique` (`id`, `produit_id`, `cle`, `valeur_string`, `type`, `unite`) VALUES (NULL, 1302, 'souris_interface_pc', 'usb', 'stringType', '');
INSERT INTO `caracteristique` (`id`, `produit_id`, `cle`, `valeur_string`, `type`, `unite`) VALUES (NULL, 1302, 'souris_connexion', 'radio', 'stringType', '');
INSERT INTO `caracteristique` (`id`, `produit_id`, `cle`, `valeur_string`, `type`, `unite`) VALUES (NULL, 1302, 'souris_nb_btn', '3', 'stringType', '');
INSERT INTO `caracteristique` (`id`, `produit_id`, `cle`, `valeur_boolean`, `type`, `unite`) VALUES (NULL, 1302, 'souris_ambidextre', true, 'boolType', '');
INSERT INTO `caracteristique` (`id`, `produit_id`, `cle`, `valeur_string`, `type`, `unite`) VALUES (NULL, 1302, 'souris_type_capteur', 'optique', 'stringType', '');
INSERT INTO `caracteristique` (`id`, `produit_id`, `cle`, `valeur_integer`, `type`, `unite`) VALUES (NULL, 1302, 'souris_resol_optique', 1000, 'intType', 'dpi');
INSERT INTO `caracteristique` (`id`, `produit_id`, `cle`, `valeur_boolean`, `type`, `unite`) VALUES (NULL, 1302, 'souris_bureautique', true, 'boolType', '');
INSERT INTO `caracteristique` (`id`, `produit_id`, `cle`, `valeur_boolean`, `type`, `unite`) VALUES (NULL, 1302, 'souris_multimedia', true, 'boolType', '');
INSERT INTO `caracteristique` (`id`, `produit_id`, `cle`, `valeur_boolean`, `type`, `unite`) VALUES (NULL, 1302, 'souris_gaming', false, 'boolType', '');
INSERT INTO `caracteristique` (`id`, `produit_id`, `cle`, `valeur_integer`, `type`, `unite`) VALUES (NULL, 1302, 'souris_lg_cable', 0, 'intType', 'mm');
INSERT INTO `caracteristique` (`id`, `produit_id`, `cle`, `valeur_integer`, `type`, `unite`) VALUES (NULL, 1302, 'souris_poids', 71, 'intType', 'g');
INSERT INTO `caracteristique` (`id`, `produit_id`, `cle`, `valeur_boolean`, `type`, `unite`) VALUES (NULL, 1303, 'souris_sans_fil', true, 'boolType', '');
INSERT INTO `caracteristique` (`id`, `produit_id`, `cle`, `valeur_string`, `type`, `unite`) VALUES (NULL, 1303, 'souris_interface_pc', 'usb', 'stringType', '');
INSERT INTO `caracteristique` (`id`, `produit_id`, `cle`, `valeur_string`, `type`, `unite`) VALUES (NULL, 1303, 'souris_connexion', 'radio', 'stringType', '');
INSERT INTO `caracteristique` (`id`, `produit_id`, `cle`, `valeur_string`, `type`, `unite`) VALUES (NULL, 1303, 'souris_nb_btn', '3', 'stringType', '');
INSERT INTO `caracteristique` (`id`, `produit_id`, `cle`, `valeur_boolean`, `type`, `unite`) VALUES (NULL, 1303, 'souris_ambidextre', true, 'boolType', '');
INSERT INTO `caracteristique` (`id`, `produit_id`, `cle`, `valeur_string`, `type`, `unite`) VALUES (NULL, 1303, 'souris_type_capteur', 'optique', 'stringType', '');
INSERT INTO `caracteristique` (`id`, `produit_id`, `cle`, `valeur_integer`, `type`, `unite`) VALUES (NULL, 1303, 'souris_resol_optique', 1000, 'intType', 'dpi');
INSERT INTO `caracteristique` (`id`, `produit_id`, `cle`, `valeur_boolean`, `type`, `unite`) VALUES (NULL, 1303, 'souris_bureautique', true, 'boolType', '');
INSERT INTO `caracteristique` (`id`, `produit_id`, `cle`, `valeur_boolean`, `type`, `unite`) VALUES (NULL, 1303, 'souris_multimedia', true, 'boolType', '');
INSERT INTO `caracteristique` (`id`, `produit_id`, `cle`, `valeur_boolean`, `type`, `unite`) VALUES (NULL, 1303, 'souris_gaming', false, 'boolType', '');
INSERT INTO `caracteristique` (`id`, `produit_id`, `cle`, `valeur_integer`, `type`, `unite`) VALUES (NULL, 1303, 'souris_lg_cable', 0, 'intType', 'mm');
INSERT INTO `caracteristique` (`id`, `produit_id`, `cle`, `valeur_integer`, `type`, `unite`) VALUES (NULL, 1303, 'souris_poids', 75, 'intType', 'g');
INSERT INTO `caracteristique` (`id`, `produit_id`, `cle`, `valeur_boolean`, `type`, `unite`) VALUES (NULL, 1304, 'souris_sans_fil', false, 'boolType', '');
INSERT INTO `caracteristique` (`id`, `produit_id`, `cle`, `valeur_string`, `type`, `unite`) VALUES (NULL, 1304, 'souris_interface_pc', 'usb', 'stringType', '');
INSERT INTO `caracteristique` (`id`, `produit_id`, `cle`, `valeur_string`, `type`, `unite`) VALUES (NULL, 1304, 'souris_connexion', 'filaire', 'stringType', '');
INSERT INTO `caracteristique` (`id`, `produit_id`, `cle`, `valeur_string`, `type`, `unite`) VALUES (NULL, 1304, 'souris_nb_btn', '11', 'stringType', '');
INSERT INTO `caracteristique` (`id`, `produit_id`, `cle`, `valeur_boolean`, `type`, `unite`) VALUES (NULL, 1304, 'souris_ambidextre', true, 'boolType', '');
INSERT INTO `caracteristique` (`id`, `produit_id`, `cle`, `valeur_string`, `type`, `unite`) VALUES (NULL, 1304, 'souris_type_capteur', 'optique', 'stringType', '');
INSERT INTO `caracteristique` (`id`, `produit_id`, `cle`, `valeur_integer`, `type`, `unite`) VALUES (NULL, 1304, 'souris_resol_optique', 16000, 'intType', 'dpi');
INSERT INTO `caracteristique` (`id`, `produit_id`, `cle`, `valeur_boolean`, `type`, `unite`) VALUES (NULL, 1304, 'souris_bureautique', false, 'boolType', '');
INSERT INTO `caracteristique` (`id`, `produit_id`, `cle`, `valeur_boolean`, `type`, `unite`) VALUES (NULL, 1304, 'souris_multimedia', true, 'boolType', '');
INSERT INTO `caracteristique` (`id`, `produit_id`, `cle`, `valeur_boolean`, `type`, `unite`) VALUES (NULL, 1304, 'souris_gaming', true, 'boolType', '');
INSERT INTO `caracteristique` (`id`, `produit_id`, `cle`, `valeur_integer`, `type`, `unite`) VALUES (NULL, 1304, 'souris_lg_cable', 0, 'intType', 'mm');
INSERT INTO `caracteristique` (`id`, `produit_id`, `cle`, `valeur_integer`, `type`, `unite`) VALUES (NULL, 1304, 'souris_poids', 0, 'intType', 'g');
INSERT INTO `caracteristique` (`id`, `produit_id`, `cle`, `valeur_boolean`, `type`, `unite`) VALUES (NULL, 1305, 'souris_sans_fil', false, 'boolType', '');
INSERT INTO `caracteristique` (`id`, `produit_id`, `cle`, `valeur_string`, `type`, `unite`) VALUES (NULL, 1305, 'souris_interface_pc', 'usb', 'stringType', '');
INSERT INTO `caracteristique` (`id`, `produit_id`, `cle`, `valeur_string`, `type`, `unite`) VALUES (NULL, 1305, 'souris_connexion', 'filaire', 'stringType', '');
INSERT INTO `caracteristique` (`id`, `produit_id`, `cle`, `valeur_string`, `type`, `unite`) VALUES (NULL, 1305, 'souris_nb_btn', '8', 'stringType', '');
INSERT INTO `caracteristique` (`id`, `produit_id`, `cle`, `valeur_boolean`, `type`, `unite`) VALUES (NULL, 1305, 'souris_ambidextre', false, 'boolType', '');
INSERT INTO `caracteristique` (`id`, `produit_id`, `cle`, `valeur_string`, `type`, `unite`) VALUES (NULL, 1305, 'souris_type_capteur', 'optique', 'stringType', '');
INSERT INTO `caracteristique` (`id`, `produit_id`, `cle`, `valeur_integer`, `type`, `unite`) VALUES (NULL, 1305, 'souris_resol_optique', 12000, 'intType', 'dpi');
INSERT INTO `caracteristique` (`id`, `produit_id`, `cle`, `valeur_boolean`, `type`, `unite`) VALUES (NULL, 1305, 'souris_bureautique', false, 'boolType', '');
INSERT INTO `caracteristique` (`id`, `produit_id`, `cle`, `valeur_boolean`, `type`, `unite`) VALUES (NULL, 1305, 'souris_multimedia', true, 'boolType', '');
INSERT INTO `caracteristique` (`id`, `produit_id`, `cle`, `valeur_boolean`, `type`, `unite`) VALUES (NULL, 1305, 'souris_gaming', true, 'boolType', '');
INSERT INTO `caracteristique` (`id`, `produit_id`, `cle`, `valeur_integer`, `type`, `unite`) VALUES (NULL, 1305, 'souris_lg_cable', 1800, 'intType', 'mm');
INSERT INTO `caracteristique` (`id`, `produit_id`, `cle`, `valeur_integer`, `type`, `unite`) VALUES (NULL, 1305, 'souris_poids', 115, 'intType', 'g');
INSERT INTO `caracteristique` (`id`, `produit_id`, `cle`, `valeur_boolean`, `type`, `unite`) VALUES (NULL, 1306, 'souris_sans_fil', false, 'boolType', '');
INSERT INTO `caracteristique` (`id`, `produit_id`, `cle`, `valeur_string`, `type`, `unite`) VALUES (NULL, 1306, 'souris_interface_pc', 'usb', 'stringType', '');
INSERT INTO `caracteristique` (`id`, `produit_id`, `cle`, `valeur_string`, `type`, `unite`) VALUES (NULL, 1306, 'souris_connexion', 'filaire', 'stringType', '');
INSERT INTO `caracteristique` (`id`, `produit_id`, `cle`, `valeur_string`, `type`, `unite`) VALUES (NULL, 1306, 'souris_nb_btn', '8', 'stringType', '');
INSERT INTO `caracteristique` (`id`, `produit_id`, `cle`, `valeur_boolean`, `type`, `unite`) VALUES (NULL, 1306, 'souris_ambidextre', true, 'boolType', '');
INSERT INTO `caracteristique` (`id`, `produit_id`, `cle`, `valeur_string`, `type`, `unite`) VALUES (NULL, 1306, 'souris_type_capteur', 'optique', 'stringType', '');
INSERT INTO `caracteristique` (`id`, `produit_id`, `cle`, `valeur_integer`, `type`, `unite`) VALUES (NULL, 1306, 'souris_resol_optique', 12400, 'intType', 'dpi');
INSERT INTO `caracteristique` (`id`, `produit_id`, `cle`, `valeur_boolean`, `type`, `unite`) VALUES (NULL, 1306, 'souris_bureautique', false, 'boolType', '');
INSERT INTO `caracteristique` (`id`, `produit_id`, `cle`, `valeur_boolean`, `type`, `unite`) VALUES (NULL, 1306, 'souris_multimedia', true, 'boolType', '');
INSERT INTO `caracteristique` (`id`, `produit_id`, `cle`, `valeur_boolean`, `type`, `unite`) VALUES (NULL, 1306, 'souris_gaming', true, 'boolType', '');
INSERT INTO `caracteristique` (`id`, `produit_id`, `cle`, `valeur_integer`, `type`, `unite`) VALUES (NULL, 1306, 'souris_lg_cable', 1800, 'intType', 'mm');
INSERT INTO `caracteristique` (`id`, `produit_id`, `cle`, `valeur_integer`, `type`, `unite`) VALUES (NULL, 1306, 'souris_poids', 86, 'intType', 'g');
INSERT INTO `caracteristique` (`id`, `produit_id`, `cle`, `valeur_boolean`, `type`, `unite`) VALUES (NULL, 1307, 'souris_sans_fil', false, 'boolType', '');
INSERT INTO `caracteristique` (`id`, `produit_id`, `cle`, `valeur_string`, `type`, `unite`) VALUES (NULL, 1307, 'souris_interface_pc', 'usb', 'stringType', '');
INSERT INTO `caracteristique` (`id`, `produit_id`, `cle`, `valeur_string`, `type`, `unite`) VALUES (NULL, 1307, 'souris_connexion', 'filaire', 'stringType', '');
INSERT INTO `caracteristique` (`id`, `produit_id`, `cle`, `valeur_string`, `type`, `unite`) VALUES (NULL, 1307, 'souris_nb_btn', '7', 'stringType', '');
INSERT INTO `caracteristique` (`id`, `produit_id`, `cle`, `valeur_boolean`, `type`, `unite`) VALUES (NULL, 1307, 'souris_ambidextre', false, 'boolType', '');
INSERT INTO `caracteristique` (`id`, `produit_id`, `cle`, `valeur_string`, `type`, `unite`) VALUES (NULL, 1307, 'souris_type_capteur', 'optique', 'stringType', '');
INSERT INTO `caracteristique` (`id`, `produit_id`, `cle`, `valeur_integer`, `type`, `unite`) VALUES (NULL, 1307, 'souris_resol_optique', 18000, 'intType', 'dpi');
INSERT INTO `caracteristique` (`id`, `produit_id`, `cle`, `valeur_boolean`, `type`, `unite`) VALUES (NULL, 1307, 'souris_bureautique', false, 'boolType', '');
INSERT INTO `caracteristique` (`id`, `produit_id`, `cle`, `valeur_boolean`, `type`, `unite`) VALUES (NULL, 1307, 'souris_multimedia', true, 'boolType', '');
INSERT INTO `caracteristique` (`id`, `produit_id`, `cle`, `valeur_boolean`, `type`, `unite`) VALUES (NULL, 1307, 'souris_gaming', false, 'boolType', '');
INSERT INTO `caracteristique` (`id`, `produit_id`, `cle`, `valeur_integer`, `type`, `unite`) VALUES (NULL, 1307, 'souris_lg_cable', 1800, 'intType', 'mm');
INSERT INTO `caracteristique` (`id`, `produit_id`, `cle`, `valeur_integer`, `type`, `unite`) VALUES (NULL, 1307, 'souris_poids', 105, 'intType', 'g');
INSERT INTO `caracteristique` (`id`, `produit_id`, `cle`, `valeur_boolean`, `type`, `unite`) VALUES (NULL, 1308, 'souris_sans_fil', false, 'boolType', '');
INSERT INTO `caracteristique` (`id`, `produit_id`, `cle`, `valeur_string`, `type`, `unite`) VALUES (NULL, 1308, 'souris_interface_pc', 'usb', 'stringType', '');
INSERT INTO `caracteristique` (`id`, `produit_id`, `cle`, `valeur_string`, `type`, `unite`) VALUES (NULL, 1308, 'souris_connexion', 'filaire', 'stringType', '');
INSERT INTO `caracteristique` (`id`, `produit_id`, `cle`, `valeur_string`, `type`, `unite`) VALUES (NULL, 1308, 'souris_nb_btn', '6', 'stringType', '');
INSERT INTO `caracteristique` (`id`, `produit_id`, `cle`, `valeur_boolean`, `type`, `unite`) VALUES (NULL, 1308, 'souris_ambidextre', false, 'boolType', '');
INSERT INTO `caracteristique` (`id`, `produit_id`, `cle`, `valeur_string`, `type`, `unite`) VALUES (NULL, 1308, 'souris_type_capteur', 'optique', 'stringType', '');
INSERT INTO `caracteristique` (`id`, `produit_id`, `cle`, `valeur_integer`, `type`, `unite`) VALUES (NULL, 1308, 'souris_resol_optique', 7200, 'intType', 'dpi');
INSERT INTO `caracteristique` (`id`, `produit_id`, `cle`, `valeur_boolean`, `type`, `unite`) VALUES (NULL, 1308, 'souris_bureautique', false, 'boolType', '');
INSERT INTO `caracteristique` (`id`, `produit_id`, `cle`, `valeur_boolean`, `type`, `unite`) VALUES (NULL, 1308, 'souris_multimedia', true, 'boolType', '');
INSERT INTO `caracteristique` (`id`, `produit_id`, `cle`, `valeur_boolean`, `type`, `unite`) VALUES (NULL, 1308, 'souris_gaming', true, 'boolType', '');
INSERT INTO `caracteristique` (`id`, `produit_id`, `cle`, `valeur_integer`, `type`, `unite`) VALUES (NULL, 1308, 'souris_lg_cable', 2000, 'intType', 'mm');
INSERT INTO `caracteristique` (`id`, `produit_id`, `cle`, `valeur_integer`, `type`, `unite`) VALUES (NULL, 1308, 'souris_poids', 88, 'intType', 'g');
INSERT INTO `caracteristique` (`id`, `produit_id`, `cle`, `valeur_boolean`, `type`, `unite`) VALUES (NULL, 1309, 'souris_sans_fil', false, 'boolType', '');
INSERT INTO `caracteristique` (`id`, `produit_id`, `cle`, `valeur_string`, `type`, `unite`) VALUES (NULL, 1309, 'souris_interface_pc', 'usb', 'stringType', '');
INSERT INTO `caracteristique` (`id`, `produit_id`, `cle`, `valeur_string`, `type`, `unite`) VALUES (NULL, 1309, 'souris_connexion', 'filaire', 'stringType', '');
INSERT INTO `caracteristique` (`id`, `produit_id`, `cle`, `valeur_string`, `type`, `unite`) VALUES (NULL, 1309, 'souris_nb_btn', '7', 'stringType', '');
INSERT INTO `caracteristique` (`id`, `produit_id`, `cle`, `valeur_boolean`, `type`, `unite`) VALUES (NULL, 1309, 'souris_ambidextre', false, 'boolType', '');
INSERT INTO `caracteristique` (`id`, `produit_id`, `cle`, `valeur_string`, `type`, `unite`) VALUES (NULL, 1309, 'souris_type_capteur', 'optique', 'stringType', '');
INSERT INTO `caracteristique` (`id`, `produit_id`, `cle`, `valeur_integer`, `type`, `unite`) VALUES (NULL, 1309, 'souris_resol_optique', 12000, 'intType', 'dpi');
INSERT INTO `caracteristique` (`id`, `produit_id`, `cle`, `valeur_boolean`, `type`, `unite`) VALUES (NULL, 1309, 'souris_bureautique', false, 'boolType', '');
INSERT INTO `caracteristique` (`id`, `produit_id`, `cle`, `valeur_boolean`, `type`, `unite`) VALUES (NULL, 1309, 'souris_multimedia', true, 'boolType', '');
INSERT INTO `caracteristique` (`id`, `produit_id`, `cle`, `valeur_boolean`, `type`, `unite`) VALUES (NULL, 1309, 'souris_gaming', true, 'boolType', '');
INSERT INTO `caracteristique` (`id`, `produit_id`, `cle`, `valeur_integer`, `type`, `unite`) VALUES (NULL, 1309, 'souris_lg_cable', 2000, 'intType', 'mm');
INSERT INTO `caracteristique` (`id`, `produit_id`, `cle`, `valeur_integer`, `type`, `unite`) VALUES (NULL, 1309, 'souris_poids', 159, 'intType', 'g');
INSERT INTO `caracteristique` (`id`, `produit_id`, `cle`, `valeur_boolean`, `type`, `unite`) VALUES (NULL, 1310, 'souris_sans_fil', false, 'boolType', '');
INSERT INTO `caracteristique` (`id`, `produit_id`, `cle`, `valeur_string`, `type`, `unite`) VALUES (NULL, 1310, 'souris_interface_pc', 'usb', 'stringType', '');
INSERT INTO `caracteristique` (`id`, `produit_id`, `cle`, `valeur_string`, `type`, `unite`) VALUES (NULL, 1310, 'souris_connexion', 'filaire', 'stringType', '');
INSERT INTO `caracteristique` (`id`, `produit_id`, `cle`, `valeur_string`, `type`, `unite`) VALUES (NULL, 1310, 'souris_nb_btn', '5', 'stringType', '');
INSERT INTO `caracteristique` (`id`, `produit_id`, `cle`, `valeur_boolean`, `type`, `unite`) VALUES (NULL, 1310, 'souris_ambidextre', false, 'boolType', '');
INSERT INTO `caracteristique` (`id`, `produit_id`, `cle`, `valeur_string`, `type`, `unite`) VALUES (NULL, 1310, 'souris_type_capteur', 'optique', 'stringType', '');
INSERT INTO `caracteristique` (`id`, `produit_id`, `cle`, `valeur_integer`, `type`, `unite`) VALUES (NULL, 1310, 'souris_resol_optique', 6400, 'intType', 'dpi');
INSERT INTO `caracteristique` (`id`, `produit_id`, `cle`, `valeur_boolean`, `type`, `unite`) VALUES (NULL, 1310, 'souris_bureautique', false, 'boolType', '');
INSERT INTO `caracteristique` (`id`, `produit_id`, `cle`, `valeur_boolean`, `type`, `unite`) VALUES (NULL, 1310, 'souris_multimedia', true, 'boolType', '');
INSERT INTO `caracteristique` (`id`, `produit_id`, `cle`, `valeur_boolean`, `type`, `unite`) VALUES (NULL, 1310, 'souris_gaming', true, 'boolType', '');
INSERT INTO `caracteristique` (`id`, `produit_id`, `cle`, `valeur_integer`, `type`, `unite`) VALUES (NULL, 1310, 'souris_lg_cable', 1800, 'intType', 'mm');
INSERT INTO `caracteristique` (`id`, `produit_id`, `cle`, `valeur_integer`, `type`, `unite`) VALUES (NULL, 1310, 'souris_poids', 96, 'intType', 'g');
/* Ventirads */
INSERT INTO `produit` (`id`, `type_id`, `marque_id`, `nom`, `prix`, `photo`, `date_ajout`) VALUES (1401, 14, 17, 'Pure Rock', 42.95, 'be_quiet_Pure_Rock.jpg', '2017-7-16');
INSERT INTO `produit` (`id`, `type_id`, `marque_id`, `nom`, `prix`, `photo`, `date_ajout`) VALUES (1402, 14, 17, 'Dark Rock 4', 72.95, 'be_quiet_Dark_Rock_4.jpg', '2018-5-9');
INSERT INTO `produit` (`id`, `type_id`, `marque_id`, `nom`, `prix`, `photo`, `date_ajout`) VALUES (1403, 14, 17, 'Pure Rock Slim', 29.95, 'be_quiet_Pure_Rock_Slim.jpg', '2018-3-11');
INSERT INTO `produit` (`id`, `type_id`, `marque_id`, `nom`, `prix`, `photo`, `date_ajout`) VALUES (1404, 14, 19, 'Hyper TX3 Evo', 26.95, 'Cooler_Master_Hyper_TX3_Evo.jpg', '2018-11-21');
INSERT INTO `produit` (`id`, `type_id`, `marque_id`, `nom`, `prix`, `photo`, `date_ajout`) VALUES (1405, 14, 17, 'Dark Rock PRO 4', 89.95, 'be_quiet_Dark_Rock_PRO_4.jpg', '2017-1-12');
INSERT INTO `produit` (`id`, `type_id`, `marque_id`, `nom`, `prix`, `photo`, `date_ajout`) VALUES (1406, 14, 19, 'Hyper 212 Black Edition', 24.95, 'Cooler_Master_Hyper_212_Black_Edition.jpg', '2018-5-15');
INSERT INTO `produit` (`id`, `type_id`, `marque_id`, `nom`, `prix`, `photo`, `date_ajout`) VALUES (1407, 14, 36, 'NH-U12S', 68.95, 'Noctua_NH-U12S.jpg', '2018-10-6');
INSERT INTO `produit` (`id`, `type_id`, `marque_id`, `nom`, `prix`, `photo`, `date_ajout`) VALUES (1408, 14, 17, 'Shadow Rock Slim', 49.95, 'be_quiet_Shadow_Rock_Slim.jpg', '2017-11-10');
INSERT INTO `produit` (`id`, `type_id`, `marque_id`, `nom`, `prix`, `photo`, `date_ajout`) VALUES (1409, 14, 6, 'A40 Pro', 29.21, 'Antec_A40_Pro.jpg', '2018-8-1');
INSERT INTO `produit` (`id`, `type_id`, `marque_id`, `nom`, `prix`, `photo`, `date_ajout`) VALUES (1410, 14, 6, 'A30', 12.95, 'Antec_A30.jpg', '2017-4-22');
INSERT INTO `produit` (`id`, `type_id`, `marque_id`, `nom`, `prix`, `photo`, `date_ajout`) VALUES (1411, 14, 19, 'X Dream i117', 12.95, 'Cooler_Master_X_Dream_i117.jpg', '2018-5-22');
INSERT INTO `produit` (`id`, `type_id`, `marque_id`, `nom`, `prix`, `photo`, `date_ajout`) VALUES (1412, 14, 36, 'NH-U14S', 82.55, 'Noctua_NH-U14S.jpg', '2017-3-5');
INSERT INTO `produit` (`id`, `type_id`, `marque_id`, `nom`, `prix`, `photo`, `date_ajout`) VALUES (1413, 14, 36, 'NH-U12S SE-AM4', 69.95, 'Noctua_NH-U12S_SE-AM4.jpg', '2017-1-18');
INSERT INTO `produit` (`id`, `type_id`, `marque_id`, `nom`, `prix`, `photo`, `date_ajout`) VALUES (1414, 14, 36, 'NH-U12A', 114.95, 'Noctua_NH-U12A.jpg', '2017-5-1');
INSERT INTO `produit` (`id`, `type_id`, `marque_id`, `nom`, `prix`, `photo`, `date_ajout`) VALUES (1415, 14, 11, 'Alpine 12 CO', 12.95, 'Alpine_12_CO.jpg', '2018-10-4');
INSERT INTO `caracteristique` (`id`, `produit_id`, `cle`, `valeur_boolean`, `type`, `unite`) VALUES (NULL, 1401, 'ventirad_cpt_amd', true, 'boolType', '');
INSERT INTO `caracteristique` (`id`, `produit_id`, `cle`, `valeur_boolean`, `type`, `unite`) VALUES (NULL, 1401, 'ventirad_cpt_intel', true, 'boolType', '');
INSERT INTO `caracteristique` (`id`, `produit_id`, `cle`, `valeur_boolean`, `type`, `unite`) VALUES (NULL, 1402, 'ventirad_cpt_amd', true, 'boolType', '');
INSERT INTO `caracteristique` (`id`, `produit_id`, `cle`, `valeur_boolean`, `type`, `unite`) VALUES (NULL, 1402, 'ventirad_cpt_intel', true, 'boolType', '');
INSERT INTO `caracteristique` (`id`, `produit_id`, `cle`, `valeur_boolean`, `type`, `unite`) VALUES (NULL, 1403, 'ventirad_cpt_amd', true, 'boolType', '');
INSERT INTO `caracteristique` (`id`, `produit_id`, `cle`, `valeur_boolean`, `type`, `unite`) VALUES (NULL, 1403, 'ventirad_cpt_intel', true, 'boolType', '');
INSERT INTO `caracteristique` (`id`, `produit_id`, `cle`, `valeur_boolean`, `type`, `unite`) VALUES (NULL, 1404, 'ventirad_cpt_amd', true, 'boolType', '');
INSERT INTO `caracteristique` (`id`, `produit_id`, `cle`, `valeur_boolean`, `type`, `unite`) VALUES (NULL, 1404, 'ventirad_cpt_intel', true, 'boolType', '');
INSERT INTO `caracteristique` (`id`, `produit_id`, `cle`, `valeur_boolean`, `type`, `unite`) VALUES (NULL, 1405, 'ventirad_cpt_amd', true, 'boolType', '');
INSERT INTO `caracteristique` (`id`, `produit_id`, `cle`, `valeur_boolean`, `type`, `unite`) VALUES (NULL, 1405, 'ventirad_cpt_intel', true, 'boolType', '');
INSERT INTO `caracteristique` (`id`, `produit_id`, `cle`, `valeur_boolean`, `type`, `unite`) VALUES (NULL, 1406, 'ventirad_cpt_amd', true, 'boolType', '');
INSERT INTO `caracteristique` (`id`, `produit_id`, `cle`, `valeur_boolean`, `type`, `unite`) VALUES (NULL, 1406, 'ventirad_cpt_intel', true, 'boolType', '');
INSERT INTO `caracteristique` (`id`, `produit_id`, `cle`, `valeur_boolean`, `type`, `unite`) VALUES (NULL, 1407, 'ventirad_cpt_amd', true, 'boolType', '');
INSERT INTO `caracteristique` (`id`, `produit_id`, `cle`, `valeur_boolean`, `type`, `unite`) VALUES (NULL, 1407, 'ventirad_cpt_intel', true, 'boolType', '');
INSERT INTO `caracteristique` (`id`, `produit_id`, `cle`, `valeur_boolean`, `type`, `unite`) VALUES (NULL, 1408, 'ventirad_cpt_amd', true, 'boolType', '');
INSERT INTO `caracteristique` (`id`, `produit_id`, `cle`, `valeur_boolean`, `type`, `unite`) VALUES (NULL, 1408, 'ventirad_cpt_intel', true, 'boolType', '');
INSERT INTO `caracteristique` (`id`, `produit_id`, `cle`, `valeur_boolean`, `type`, `unite`) VALUES (NULL, 1409, 'ventirad_cpt_amd', true, 'boolType', '');
INSERT INTO `caracteristique` (`id`, `produit_id`, `cle`, `valeur_boolean`, `type`, `unite`) VALUES (NULL, 1409, 'ventirad_cpt_intel', true, 'boolType', '');
INSERT INTO `caracteristique` (`id`, `produit_id`, `cle`, `valeur_boolean`, `type`, `unite`) VALUES (NULL, 1410, 'ventirad_cpt_amd', true, 'boolType', '');
INSERT INTO `caracteristique` (`id`, `produit_id`, `cle`, `valeur_boolean`, `type`, `unite`) VALUES (NULL, 1410, 'ventirad_cpt_intel', true, 'boolType', '');
INSERT INTO `caracteristique` (`id`, `produit_id`, `cle`, `valeur_boolean`, `type`, `unite`) VALUES (NULL, 1411, 'ventirad_cpt_amd', false, 'boolType', '');
INSERT INTO `caracteristique` (`id`, `produit_id`, `cle`, `valeur_boolean`, `type`, `unite`) VALUES (NULL, 1411, 'ventirad_cpt_intel', true, 'boolType', '');
INSERT INTO `caracteristique` (`id`, `produit_id`, `cle`, `valeur_boolean`, `type`, `unite`) VALUES (NULL, 1412, 'ventirad_cpt_amd', true, 'boolType', '');
INSERT INTO `caracteristique` (`id`, `produit_id`, `cle`, `valeur_boolean`, `type`, `unite`) VALUES (NULL, 1412, 'ventirad_cpt_intel', true, 'boolType', '');
INSERT INTO `caracteristique` (`id`, `produit_id`, `cle`, `valeur_boolean`, `type`, `unite`) VALUES (NULL, 1413, 'ventirad_cpt_amd', true, 'boolType', '');
INSERT INTO `caracteristique` (`id`, `produit_id`, `cle`, `valeur_boolean`, `type`, `unite`) VALUES (NULL, 1413, 'ventirad_cpt_intel', false, 'boolType', '');
INSERT INTO `caracteristique` (`id`, `produit_id`, `cle`, `valeur_boolean`, `type`, `unite`) VALUES (NULL, 1414, 'ventirad_cpt_amd', true, 'boolType', '');
INSERT INTO `caracteristique` (`id`, `produit_id`, `cle`, `valeur_boolean`, `type`, `unite`) VALUES (NULL, 1414, 'ventirad_cpt_intel', true, 'boolType', '');
INSERT INTO `caracteristique` (`id`, `produit_id`, `cle`, `valeur_boolean`, `type`, `unite`) VALUES (NULL, 1415, 'ventirad_cpt_amd', false, 'boolType', '');
INSERT INTO `caracteristique` (`id`, `produit_id`, `cle`, `valeur_boolean`, `type`, `unite`) VALUES (NULL, 1415, 'ventirad_cpt_intel', true, 'boolType', '');

/* Ordis portables */
INSERT INTO `produit` (`id`, `type_id`, `marque_id`, `nom`, `prix`, `photo`, `date_ajout`) VALUES (801, 9, 13, 'ASUS R543UA-DM2319', 399.95, 'LT_A_R54.jpg', '2017-3-22');
INSERT INTO `produit` (`id`, `type_id`, `marque_id`, `nom`, `prix`, `photo`, `date_ajout`) VALUES (802, 9, 35, 'MSI GF63 Thin 9RCX-664XFR', 699.95, 'LT_MSI_GF63.jpg', '2018-11-25');
INSERT INTO `produit` (`id`, `type_id`, `marque_id`, `nom`, `prix`, `photo`, `date_ajout`) VALUES (803, 9, 13, 'ASUS ROG STRIX G G531GT-AL007T', 999.95, 'LT_ROG_G53.jpg', '2017-11-9');
INSERT INTO `produit` (`id`, `type_id`, `marque_id`, `nom`, `prix`, `photo`, `date_ajout`) VALUES (804, 9, 32, 'Lenovo V145-15AST (81MT001TFR)', 299.95, 'LT_L_V145.jpg', '2017-11-17');
INSERT INTO `produit` (`id`, `type_id`, `marque_id`, `nom`, `prix`, `photo`, `date_ajout`) VALUES (805, 9, 2, 'Acer Predator Helios 300 PH317-53-79N6', 1649.95, 'LT_A_PH317.jpg', '2017-2-6');
INSERT INTO `produit` (`id`, `type_id`, `marque_id`, `nom`, `prix`, `photo`, `date_ajout`) VALUES (806, 9, 13, 'ASUS Vivobook F512DA-EJ414T', 679.95, 'LT_A_F512DA.jpg', '2018-4-22');
INSERT INTO `produit` (`id`, `type_id`, `marque_id`, `nom`, `prix`, `photo`, `date_ajout`) VALUES (807, 9, 10, 'Apple MacBook Air (2019) 13"', 1489.95, 'LT_MAC_AIR_1319.jpg', '2017-2-18');
INSERT INTO `produit` (`id`, `type_id`, `marque_id`, `nom`, `prix`, `photo`, `date_ajout`) VALUES (808, 9, 10, 'Apple MacBook Pro 16" Gris Sidéral', 3189.95, 'LT_MAC_PRO_1619.jpg', '2018-9-13');
INSERT INTO `produit` (`id`, `type_id`, `marque_id`, `nom`, `prix`, `photo`, `date_ajout`) VALUES (809, 9, 31, 'LDLC Aurore NI5R-8-S2', 729.95, 'LT_LDLC_NI5R.jpg', '2017-4-20');
INSERT INTO `produit` (`id`, `type_id`, `marque_id`, `nom`, `prix`, `photo`, `date_ajout`) VALUES (810, 9, 31, 'LDLC Saturne QD3-32-H20S10P', 2899.94, 'LT_LDLC_QD3.jpg', '2017-3-5');
INSERT INTO `produit` (`id`, `type_id`, `marque_id`, `nom`, `prix`, `photo`, `date_ajout`) VALUES (811, 9, 31, 'LDLC Bellone XT59-I9-16-S20', 3299.95, 'LT_LDLC_B_XT159.jpg', '2018-6-2');
INSERT INTO `produit` (`id`, `type_id`, `marque_id`, `nom`, `prix`, `photo`, `date_ajout`) VALUES (812, 9, 2, 'Acer Predator Triton 500 PT515-51-75EB', 1999.95, 'LT_A_PRE_PT515.jpg', '2017-5-1');
INSERT INTO `produit` (`id`, `type_id`, `marque_id`, `nom`, `prix`, `photo`, `date_ajout`) VALUES (813, 9, 8, 'AORUS 5-NA-7FR1330SH', 1499.95, 'LT_AO_1330SH.jpg', '2018-4-5');
INSERT INTO `produit` (`id`, `type_id`, `marque_id`, `nom`, `prix`, `photo`, `date_ajout`) VALUES (814, 9, 13, 'ASUS Chromebook Flip 14 C434TA-AI0030', 849.95, 'LT_A_CHR_C434.jpg', '2017-8-9');
INSERT INTO `produit` (`id`, `type_id`, `marque_id`, `nom`, `prix`, `photo`, `date_ajout`) VALUES (815, 9, 21, 'Dell Inspiron 13-7391 (K4R42)', 999.95, 'LT_D_R42.jpg', '2018-5-17');
INSERT INTO `caracteristique` (`id`, `produit_id`, `cle`, `valeur_string`, `type`, `unite`) VALUES (NULL, 801, 'ordi_port_proc_type', ' i3-7020U', 'stringType', '');
INSERT INTO `caracteristique` (`id`, `produit_id`, `cle`, `valeur_string`, `type`, `unite`) VALUES (NULL, 801, 'ordi_port_proc_carac', 'dual core', 'stringType', '');
INSERT INTO `caracteristique` (`id`, `produit_id`, `cle`, `valeur_double`, `type`, `unite`) VALUES (NULL, 801, 'ordi_port_proc_freq', 2.3, 'doubleType', '');
INSERT INTO `caracteristique` (`id`, `produit_id`, `cle`, `valeur_integer`, `type`, `unite`) VALUES (NULL, 801, 'ordi_port_ram_taille', 4, 'intType', '');
INSERT INTO `caracteristique` (`id`, `produit_id`, `cle`, `valeur_string`, `type`, `unite`) VALUES (NULL, 801, 'ordi_port_ram_type', 'DDR 4', 'stringType', '');
INSERT INTO `caracteristique` (`id`, `produit_id`, `cle`, `valeur_integer`, `type`, `unite`) VALUES (NULL, 801, 'ordi_port_ram_freq', 2666, 'intType', '');
INSERT INTO `caracteristique` (`id`, `produit_id`, `cle`, `valeur_double`, `type`, `unite`) VALUES (NULL, 801, 'ordi_port_aff_taille', 15.6, 'doubleType', '');
INSERT INTO `caracteristique` (`id`, `produit_id`, `cle`, `valeur_string`, `type`, `unite`) VALUES (NULL, 801, 'ordi_port_aff_res', '1920x1080', 'stringType', '');
INSERT INTO `caracteristique` (`id`, `produit_id`, `cle`, `valeur_string`, `type`, `unite`) VALUES (NULL, 801, 'ordi_port_aff_chipset', 'intel HD graphics', 'stringType', '');
INSERT INTO `caracteristique` (`id`, `produit_id`, `cle`, `valeur_boolean`, `type`, `unite`) VALUES (NULL, 801, 'ordi_port_aff_tactile', false, 'boolType', '');
INSERT INTO `caracteristique` (`id`, `produit_id`, `cle`, `valeur_string`, `type`, `unite`) VALUES (NULL, 801, 'ordi_port_stock_type', 'SSD', 'stringType', '');
INSERT INTO `caracteristique` (`id`, `produit_id`, `cle`, `valeur_integer`, `type`, `unite`) VALUES (NULL, 801, 'ordi_port_stock_capacite', 256, 'intType', 'Go');
INSERT INTO `caracteristique` (`id`, `produit_id`, `cle`, `valeur_string`, `type`, `unite`) VALUES (NULL, 801, 'ordi_port_os', 'Endless OS', 'stringType', '');
INSERT INTO `caracteristique` (`id`, `produit_id`, `cle`, `valeur_string`, `type`, `unite`) VALUES (NULL, 801, 'ordi_port_usage', 'bureautique', 'stringType', '');
INSERT INTO `caracteristique` (`id`, `produit_id`, `cle`, `valeur_string`, `type`, `unite`) VALUES (NULL, 802, 'ordi_port_proc_type', 'Intel Core i5-9300H', 'stringType', '');
INSERT INTO `caracteristique` (`id`, `produit_id`, `cle`, `valeur_string`, `type`, `unite`) VALUES (NULL, 802, 'ordi_port_proc_carac', 'quad core', 'stringType', '');
INSERT INTO `caracteristique` (`id`, `produit_id`, `cle`, `valeur_double`, `type`, `unite`) VALUES (NULL, 802, 'ordi_port_proc_freq', 2.4, 'doubleType', '');
INSERT INTO `caracteristique` (`id`, `produit_id`, `cle`, `valeur_integer`, `type`, `unite`) VALUES (NULL, 802, 'ordi_port_ram_taille', 8, 'intType', '');
INSERT INTO `caracteristique` (`id`, `produit_id`, `cle`, `valeur_string`, `type`, `unite`) VALUES (NULL, 802, 'ordi_port_ram_type', 'DDR 4', 'stringType', '');
INSERT INTO `caracteristique` (`id`, `produit_id`, `cle`, `valeur_integer`, `type`, `unite`) VALUES (NULL, 802, 'ordi_port_ram_freq', 2666, 'intType', '');
INSERT INTO `caracteristique` (`id`, `produit_id`, `cle`, `valeur_double`, `type`, `unite`) VALUES (NULL, 802, 'ordi_port_aff_taille', 15.6, 'doubleType', '');
INSERT INTO `caracteristique` (`id`, `produit_id`, `cle`, `valeur_string`, `type`, `unite`) VALUES (NULL, 802, 'ordi_port_aff_res', '1920x1080', 'stringType', '');
INSERT INTO `caracteristique` (`id`, `produit_id`, `cle`, `valeur_string`, `type`, `unite`) VALUES (NULL, 802, 'ordi_port_aff_chipset', 'NVIDIA GeForce GTX 1050 Ti', 'stringType', '');
INSERT INTO `caracteristique` (`id`, `produit_id`, `cle`, `valeur_boolean`, `type`, `unite`) VALUES (NULL, 802, 'ordi_port_aff_tactile', false, 'boolType', '');
INSERT INTO `caracteristique` (`id`, `produit_id`, `cle`, `valeur_string`, `type`, `unite`) VALUES (NULL, 802, 'ordi_port_stock_type', 'HDD', 'stringType', '');
INSERT INTO `caracteristique` (`id`, `produit_id`, `cle`, `valeur_integer`, `type`, `unite`) VALUES (NULL, 802, 'ordi_port_stock_capacite', 1000, 'intType', 'Go');
INSERT INTO `caracteristique` (`id`, `produit_id`, `cle`, `valeur_string`, `type`, `unite`) VALUES (NULL, 802, 'ordi_port_os', 'Free DOS', 'stringType', '');
INSERT INTO `caracteristique` (`id`, `produit_id`, `cle`, `valeur_string`, `type`, `unite`) VALUES (NULL, 802, 'ordi_port_usage', 'mutimedia', 'stringType', '');
INSERT INTO `caracteristique` (`id`, `produit_id`, `cle`, `valeur_string`, `type`, `unite`) VALUES (NULL, 803, 'ordi_port_proc_type', 'Intel Core i5-9300H', 'stringType', '');
INSERT INTO `caracteristique` (`id`, `produit_id`, `cle`, `valeur_string`, `type`, `unite`) VALUES (NULL, 803, 'ordi_port_proc_carac', 'quad core', 'stringType', '');
INSERT INTO `caracteristique` (`id`, `produit_id`, `cle`, `valeur_double`, `type`, `unite`) VALUES (NULL, 803, 'ordi_port_proc_freq', 2.4, 'doubleType', '');
INSERT INTO `caracteristique` (`id`, `produit_id`, `cle`, `valeur_integer`, `type`, `unite`) VALUES (NULL, 803, 'ordi_port_ram_taille', 8, 'intType', '');
INSERT INTO `caracteristique` (`id`, `produit_id`, `cle`, `valeur_string`, `type`, `unite`) VALUES (NULL, 803, 'ordi_port_ram_type', 'DDR 4', 'stringType', '');
INSERT INTO `caracteristique` (`id`, `produit_id`, `cle`, `valeur_integer`, `type`, `unite`) VALUES (NULL, 803, 'ordi_port_ram_freq', 2666, 'intType', '');
INSERT INTO `caracteristique` (`id`, `produit_id`, `cle`, `valeur_double`, `type`, `unite`) VALUES (NULL, 803, 'ordi_port_aff_taille', 15.6, 'doubleType', '');
INSERT INTO `caracteristique` (`id`, `produit_id`, `cle`, `valeur_string`, `type`, `unite`) VALUES (NULL, 803, 'ordi_port_aff_res', '1920x1080', 'stringType', '');
INSERT INTO `caracteristique` (`id`, `produit_id`, `cle`, `valeur_string`, `type`, `unite`) VALUES (NULL, 803, 'ordi_port_aff_chipset', 'NVIDIA GeForce GTX 1650', 'stringType', '');
INSERT INTO `caracteristique` (`id`, `produit_id`, `cle`, `valeur_boolean`, `type`, `unite`) VALUES (NULL, 803, 'ordi_port_aff_tactile', false, 'boolType', '');
INSERT INTO `caracteristique` (`id`, `produit_id`, `cle`, `valeur_string`, `type`, `unite`) VALUES (NULL, 803, 'ordi_port_stock_type', 'SSD', 'stringType', '');
INSERT INTO `caracteristique` (`id`, `produit_id`, `cle`, `valeur_integer`, `type`, `unite`) VALUES (NULL, 803, 'ordi_port_stock_capacite', 512, 'intType', 'Go');
INSERT INTO `caracteristique` (`id`, `produit_id`, `cle`, `valeur_string`, `type`, `unite`) VALUES (NULL, 803, 'ordi_port_os', 'Windows 10 Famille 64 bits', 'stringType', '');
INSERT INTO `caracteristique` (`id`, `produit_id`, `cle`, `valeur_string`, `type`, `unite`) VALUES (NULL, 803, 'ordi_port_usage', 'multimedia', 'stringType', '');
INSERT INTO `caracteristique` (`id`, `produit_id`, `cle`, `valeur_string`, `type`, `unite`) VALUES (NULL, 804, 'ordi_port_proc_type', 'AMD A4 Dual-Core APU', 'stringType', '');
INSERT INTO `caracteristique` (`id`, `produit_id`, `cle`, `valeur_string`, `type`, `unite`) VALUES (NULL, 804, 'ordi_port_proc_carac', 'dual core', 'stringType', '');
INSERT INTO `caracteristique` (`id`, `produit_id`, `cle`, `valeur_double`, `type`, `unite`) VALUES (NULL, 804, 'ordi_port_proc_freq', 2.3, 'doubleType', '');
INSERT INTO `caracteristique` (`id`, `produit_id`, `cle`, `valeur_integer`, `type`, `unite`) VALUES (NULL, 804, 'ordi_port_ram_taille', 4, 'intType', '');
INSERT INTO `caracteristique` (`id`, `produit_id`, `cle`, `valeur_string`, `type`, `unite`) VALUES (NULL, 804, 'ordi_port_ram_type', 'DDR 4', 'stringType', '');
INSERT INTO `caracteristique` (`id`, `produit_id`, `cle`, `valeur_integer`, `type`, `unite`) VALUES (NULL, 804, 'ordi_port_ram_freq', 1866, 'intType', '');
INSERT INTO `caracteristique` (`id`, `produit_id`, `cle`, `valeur_double`, `type`, `unite`) VALUES (NULL, 804, 'ordi_port_aff_taille', 15.6, 'doubleType', '');
INSERT INTO `caracteristique` (`id`, `produit_id`, `cle`, `valeur_string`, `type`, `unite`) VALUES (NULL, 804, 'ordi_port_aff_res', '1366x768', 'stringType', '');
INSERT INTO `caracteristique` (`id`, `produit_id`, `cle`, `valeur_string`, `type`, `unite`) VALUES (NULL, 804, 'ordi_port_aff_chipset', 'AMD Radeon R3', 'stringType', '');
INSERT INTO `caracteristique` (`id`, `produit_id`, `cle`, `valeur_boolean`, `type`, `unite`) VALUES (NULL, 804, 'ordi_port_aff_tactile', false, 'boolType', '');
INSERT INTO `caracteristique` (`id`, `produit_id`, `cle`, `valeur_string`, `type`, `unite`) VALUES (NULL, 804, 'ordi_port_stock_type', 'HDD', 'stringType', '');
INSERT INTO `caracteristique` (`id`, `produit_id`, `cle`, `valeur_integer`, `type`, `unite`) VALUES (NULL, 804, 'ordi_port_stock_capacite', 1000, 'intType', 'Go');
INSERT INTO `caracteristique` (`id`, `produit_id`, `cle`, `valeur_string`, `type`, `unite`) VALUES (NULL, 804, 'ordi_port_os', 'Sans OS', 'stringType', '');
INSERT INTO `caracteristique` (`id`, `produit_id`, `cle`, `valeur_string`, `type`, `unite`) VALUES (NULL, 804, 'ordi_port_usage', 'bureautique', 'stringType', '');
INSERT INTO `caracteristique` (`id`, `produit_id`, `cle`, `valeur_string`, `type`, `unite`) VALUES (NULL, 805, 'ordi_port_proc_type', 'Intel Core i7-9750H', 'stringType', '');
INSERT INTO `caracteristique` (`id`, `produit_id`, `cle`, `valeur_string`, `type`, `unite`) VALUES (NULL, 805, 'ordi_port_proc_carac', 'hexa core', 'stringType', '');
INSERT INTO `caracteristique` (`id`, `produit_id`, `cle`, `valeur_double`, `type`, `unite`) VALUES (NULL, 805, 'ordi_port_proc_freq', 4.5, 'doubleType', '');
INSERT INTO `caracteristique` (`id`, `produit_id`, `cle`, `valeur_integer`, `type`, `unite`) VALUES (NULL, 805, 'ordi_port_ram_taille', 16, 'intType', '');
INSERT INTO `caracteristique` (`id`, `produit_id`, `cle`, `valeur_string`, `type`, `unite`) VALUES (NULL, 805, 'ordi_port_ram_type', 'DDR 4', 'stringType', '');
INSERT INTO `caracteristique` (`id`, `produit_id`, `cle`, `valeur_integer`, `type`, `unite`) VALUES (NULL, 805, 'ordi_port_ram_freq', 2666, 'intType', '');
INSERT INTO `caracteristique` (`id`, `produit_id`, `cle`, `valeur_double`, `type`, `unite`) VALUES (NULL, 805, 'ordi_port_aff_taille', 17.3, 'doubleType', '');
INSERT INTO `caracteristique` (`id`, `produit_id`, `cle`, `valeur_string`, `type`, `unite`) VALUES (NULL, 805, 'ordi_port_aff_res', '1920x1080', 'stringType', '');
INSERT INTO `caracteristique` (`id`, `produit_id`, `cle`, `valeur_string`, `type`, `unite`) VALUES (NULL, 805, 'ordi_port_aff_chipset', 'NVIDIA GeForce RTX 2060', 'stringType', '');
INSERT INTO `caracteristique` (`id`, `produit_id`, `cle`, `valeur_boolean`, `type`, `unite`) VALUES (NULL, 805, 'ordi_port_aff_tactile', false, 'boolType', '');
INSERT INTO `caracteristique` (`id`, `produit_id`, `cle`, `valeur_string`, `type`, `unite`) VALUES (NULL, 805, 'ordi_port_stock_type', 'SSD', 'stringType', '');
INSERT INTO `caracteristique` (`id`, `produit_id`, `cle`, `valeur_integer`, `type`, `unite`) VALUES (NULL, 805, 'ordi_port_stock_capacite', 1000, 'intType', 'Go');
INSERT INTO `caracteristique` (`id`, `produit_id`, `cle`, `valeur_string`, `type`, `unite`) VALUES (NULL, 805, 'ordi_port_os', 'Windows 10 Famille 64 bits', 'stringType', '');
INSERT INTO `caracteristique` (`id`, `produit_id`, `cle`, `valeur_string`, `type`, `unite`) VALUES (NULL, 805, 'ordi_port_usage', 'gaming', 'stringType', '');
INSERT INTO `caracteristique` (`id`, `produit_id`, `cle`, `valeur_string`, `type`, `unite`) VALUES (NULL, 806, 'ordi_port_proc_type', 'AMD Ryzen 5 3500U', 'stringType', '');
INSERT INTO `caracteristique` (`id`, `produit_id`, `cle`, `valeur_string`, `type`, `unite`) VALUES (NULL, 806, 'ordi_port_proc_carac', 'quad core', 'stringType', '');
INSERT INTO `caracteristique` (`id`, `produit_id`, `cle`, `valeur_double`, `type`, `unite`) VALUES (NULL, 806, 'ordi_port_proc_freq', 3.7, 'doubleType', '');
INSERT INTO `caracteristique` (`id`, `produit_id`, `cle`, `valeur_integer`, `type`, `unite`) VALUES (NULL, 806, 'ordi_port_ram_taille', 8, 'intType', '');
INSERT INTO `caracteristique` (`id`, `produit_id`, `cle`, `valeur_string`, `type`, `unite`) VALUES (NULL, 806, 'ordi_port_ram_type', 'DDR 4', 'stringType', '');
INSERT INTO `caracteristique` (`id`, `produit_id`, `cle`, `valeur_integer`, `type`, `unite`) VALUES (NULL, 806, 'ordi_port_ram_freq', 2400, 'intType', '');
INSERT INTO `caracteristique` (`id`, `produit_id`, `cle`, `valeur_double`, `type`, `unite`) VALUES (NULL, 806, 'ordi_port_aff_taille', 15.6, 'doubleType', '');
INSERT INTO `caracteristique` (`id`, `produit_id`, `cle`, `valeur_string`, `type`, `unite`) VALUES (NULL, 806, 'ordi_port_aff_res', '1920x1080', 'stringType', '');
INSERT INTO `caracteristique` (`id`, `produit_id`, `cle`, `valeur_string`, `type`, `unite`) VALUES (NULL, 806, 'ordi_port_aff_chipset', 'AMD Radeon Vega 8 Graphics', 'stringType', '');
INSERT INTO `caracteristique` (`id`, `produit_id`, `cle`, `valeur_boolean`, `type`, `unite`) VALUES (NULL, 806, 'ordi_port_aff_tactile', false, 'boolType', '');
INSERT INTO `caracteristique` (`id`, `produit_id`, `cle`, `valeur_string`, `type`, `unite`) VALUES (NULL, 806, 'ordi_port_stock_type', 'SSD', 'stringType', '');
INSERT INTO `caracteristique` (`id`, `produit_id`, `cle`, `valeur_integer`, `type`, `unite`) VALUES (NULL, 806, 'ordi_port_stock_capacite', 512, 'intType', 'Go');
INSERT INTO `caracteristique` (`id`, `produit_id`, `cle`, `valeur_string`, `type`, `unite`) VALUES (NULL, 806, 'ordi_port_os', 'Windows 10 Famille 64 bits', 'stringType', '');
INSERT INTO `caracteristique` (`id`, `produit_id`, `cle`, `valeur_string`, `type`, `unite`) VALUES (NULL, 806, 'ordi_port_usage', 'multimedia', 'stringType', '');
INSERT INTO `caracteristique` (`id`, `produit_id`, `cle`, `valeur_string`, `type`, `unite`) VALUES (NULL, 807, 'ordi_port_proc_type', 'Intel Core i5-8210Y', 'stringType', '');
INSERT INTO `caracteristique` (`id`, `produit_id`, `cle`, `valeur_string`, `type`, `unite`) VALUES (NULL, 807, 'ordi_port_proc_carac', 'dual core', 'stringType', '');
INSERT INTO `caracteristique` (`id`, `produit_id`, `cle`, `valeur_double`, `type`, `unite`) VALUES (NULL, 807, 'ordi_port_proc_freq', 3.6, 'doubleType', '');
INSERT INTO `caracteristique` (`id`, `produit_id`, `cle`, `valeur_integer`, `type`, `unite`) VALUES (NULL, 807, 'ordi_port_ram_taille', 8, 'intType', '');
INSERT INTO `caracteristique` (`id`, `produit_id`, `cle`, `valeur_string`, `type`, `unite`) VALUES (NULL, 807, 'ordi_port_ram_type', 'DDR 3', 'stringType', '');
INSERT INTO `caracteristique` (`id`, `produit_id`, `cle`, `valeur_integer`, `type`, `unite`) VALUES (NULL, 807, 'ordi_port_ram_freq', 2133, 'intType', '');
INSERT INTO `caracteristique` (`id`, `produit_id`, `cle`, `valeur_integer`, `type`, `unite`) VALUES (NULL, 807, 'ordi_port_aff_taille', 13, 'intType', '');
INSERT INTO `caracteristique` (`id`, `produit_id`, `cle`, `valeur_string`, `type`, `unite`) VALUES (NULL, 807, 'ordi_port_aff_res', '2500x1600', 'stringType', '');
INSERT INTO `caracteristique` (`id`, `produit_id`, `cle`, `valeur_string`, `type`, `unite`) VALUES (NULL, 807, 'ordi_port_aff_chipset', 'Intel UHD Graphics 617', 'stringType', '');
INSERT INTO `caracteristique` (`id`, `produit_id`, `cle`, `valeur_boolean`, `type`, `unite`) VALUES (NULL, 807, 'ordi_port_aff_tactile', false, 'boolType', '');
INSERT INTO `caracteristique` (`id`, `produit_id`, `cle`, `valeur_string`, `type`, `unite`) VALUES (NULL, 807, 'ordi_port_stock_type', 'SSD', 'stringType', '');
INSERT INTO `caracteristique` (`id`, `produit_id`, `cle`, `valeur_integer`, `type`, `unite`) VALUES (NULL, 807, 'ordi_port_stock_capacite', 256, 'intType', 'Go');
INSERT INTO `caracteristique` (`id`, `produit_id`, `cle`, `valeur_string`, `type`, `unite`) VALUES (NULL, 807, 'ordi_port_os', 'Mac OS X 10.14 Mojave', 'stringType', '');
INSERT INTO `caracteristique` (`id`, `produit_id`, `cle`, `valeur_string`, `type`, `unite`) VALUES (NULL, 807, 'ordi_port_usage', 'gaming', 'stringType', '');
INSERT INTO `caracteristique` (`id`, `produit_id`, `cle`, `valeur_string`, `type`, `unite`) VALUES (NULL, 808, 'ordi_port_proc_type', 'Intel Core i9-9880H', 'stringType', '');
INSERT INTO `caracteristique` (`id`, `produit_id`, `cle`, `valeur_string`, `type`, `unite`) VALUES (NULL, 808, 'ordi_port_proc_carac', 'octo core', 'stringType', '');
INSERT INTO `caracteristique` (`id`, `produit_id`, `cle`, `valeur_double`, `type`, `unite`) VALUES (NULL, 808, 'ordi_port_proc_freq', 4.8, 'doubleType', '');
INSERT INTO `caracteristique` (`id`, `produit_id`, `cle`, `valeur_integer`, `type`, `unite`) VALUES (NULL, 808, 'ordi_port_ram_taille', 16, 'intType', '');
INSERT INTO `caracteristique` (`id`, `produit_id`, `cle`, `valeur_string`, `type`, `unite`) VALUES (NULL, 808, 'ordi_port_ram_type', 'DDR 4', 'stringType', '');
INSERT INTO `caracteristique` (`id`, `produit_id`, `cle`, `valeur_integer`, `type`, `unite`) VALUES (NULL, 808, 'ordi_port_ram_freq', 2666, 'intType', '');
INSERT INTO `caracteristique` (`id`, `produit_id`, `cle`, `valeur_integer`, `type`, `unite`) VALUES (NULL, 808, 'ordi_port_aff_taille', 15, 'intType', '');
INSERT INTO `caracteristique` (`id`, `produit_id`, `cle`, `valeur_string`, `type`, `unite`) VALUES (NULL, 808, 'ordi_port_aff_res', '3072x1920', 'stringType', '');
INSERT INTO `caracteristique` (`id`, `produit_id`, `cle`, `valeur_string`, `type`, `unite`) VALUES (NULL, 808, 'ordi_port_aff_chipset', 'AMD Radeon Pro 5500M', 'stringType', '');
INSERT INTO `caracteristique` (`id`, `produit_id`, `cle`, `valeur_boolean`, `type`, `unite`) VALUES (NULL, 808, 'ordi_port_aff_tactile', false, 'boolType', '');
INSERT INTO `caracteristique` (`id`, `produit_id`, `cle`, `valeur_string`, `type`, `unite`) VALUES (NULL, 808, 'ordi_port_stock_type', 'SSD', 'stringType', '');
INSERT INTO `caracteristique` (`id`, `produit_id`, `cle`, `valeur_integer`, `type`, `unite`) VALUES (NULL, 808, 'ordi_port_stock_capacite', 1000, 'intType', 'Go');
INSERT INTO `caracteristique` (`id`, `produit_id`, `cle`, `valeur_string`, `type`, `unite`) VALUES (NULL, 808, 'ordi_port_os', 'Mac OS X 10.15 Catalina', 'stringType', '');
INSERT INTO `caracteristique` (`id`, `produit_id`, `cle`, `valeur_string`, `type`, `unite`) VALUES (NULL, 808, 'ordi_port_usage', 'gaming', 'stringType', '');
INSERT INTO `caracteristique` (`id`, `produit_id`, `cle`, `valeur_string`, `type`, `unite`) VALUES (NULL, 809, 'ordi_port_proc_type', 'Intel Core i5-8265U', 'stringType', '');
INSERT INTO `caracteristique` (`id`, `produit_id`, `cle`, `valeur_string`, `type`, `unite`) VALUES (NULL, 809, 'ordi_port_proc_carac', 'quad core', 'stringType', '');
INSERT INTO `caracteristique` (`id`, `produit_id`, `cle`, `valeur_double`, `type`, `unite`) VALUES (NULL, 809, 'ordi_port_proc_freq', 3.9, 'doubleType', '');
INSERT INTO `caracteristique` (`id`, `produit_id`, `cle`, `valeur_integer`, `type`, `unite`) VALUES (NULL, 809, 'ordi_port_ram_taille', 8, 'intType', '');
INSERT INTO `caracteristique` (`id`, `produit_id`, `cle`, `valeur_string`, `type`, `unite`) VALUES (NULL, 809, 'ordi_port_ram_type', 'DDR 4', 'stringType', '');
INSERT INTO `caracteristique` (`id`, `produit_id`, `cle`, `valeur_integer`, `type`, `unite`) VALUES (NULL, 809, 'ordi_port_ram_freq', 2400, 'intType', '');
INSERT INTO `caracteristique` (`id`, `produit_id`, `cle`, `valeur_double`, `type`, `unite`) VALUES (NULL, 809, 'ordi_port_aff_taille', 15.6, 'doubleType', '');
INSERT INTO `caracteristique` (`id`, `produit_id`, `cle`, `valeur_string`, `type`, `unite`) VALUES (NULL, 809, 'ordi_port_aff_res', '1920x1080', 'stringType', '');
INSERT INTO `caracteristique` (`id`, `produit_id`, `cle`, `valeur_string`, `type`, `unite`) VALUES (NULL, 809, 'ordi_port_aff_chipset', 'Intel UHD Graphics 620', 'stringType', '');
INSERT INTO `caracteristique` (`id`, `produit_id`, `cle`, `valeur_boolean`, `type`, `unite`) VALUES (NULL, 809, 'ordi_port_aff_tactile', false, 'boolType', '');
INSERT INTO `caracteristique` (`id`, `produit_id`, `cle`, `valeur_string`, `type`, `unite`) VALUES (NULL, 809, 'ordi_port_stock_type', 'SSD', 'stringType', '');
INSERT INTO `caracteristique` (`id`, `produit_id`, `cle`, `valeur_integer`, `type`, `unite`) VALUES (NULL, 809, 'ordi_port_stock_capacite', 240, 'intType', 'Go');
INSERT INTO `caracteristique` (`id`, `produit_id`, `cle`, `valeur_string`, `type`, `unite`) VALUES (NULL, 809, 'ordi_port_os', 'Sans OS', 'stringType', '');
INSERT INTO `caracteristique` (`id`, `produit_id`, `cle`, `valeur_string`, `type`, `unite`) VALUES (NULL, 809, 'ordi_port_usage', 'multimedia', 'stringType', '');
INSERT INTO `caracteristique` (`id`, `produit_id`, `cle`, `valeur_string`, `type`, `unite`) VALUES (NULL, 810, 'ordi_port_proc_type', 'Intel Core i7-8750H', 'stringType', '');
INSERT INTO `caracteristique` (`id`, `produit_id`, `cle`, `valeur_string`, `type`, `unite`) VALUES (NULL, 810, 'ordi_port_proc_carac', 'hexa core', 'stringType', '');
INSERT INTO `caracteristique` (`id`, `produit_id`, `cle`, `valeur_double`, `type`, `unite`) VALUES (NULL, 810, 'ordi_port_proc_freq', 4.1, 'doubleType', '');
INSERT INTO `caracteristique` (`id`, `produit_id`, `cle`, `valeur_integer`, `type`, `unite`) VALUES (NULL, 810, 'ordi_port_ram_taille', 32, 'intType', '');
INSERT INTO `caracteristique` (`id`, `produit_id`, `cle`, `valeur_string`, `type`, `unite`) VALUES (NULL, 810, 'ordi_port_ram_type', 'DDR4', 'stringType', '');
INSERT INTO `caracteristique` (`id`, `produit_id`, `cle`, `valeur_integer`, `type`, `unite`) VALUES (NULL, 810, 'ordi_port_ram_freq', 2400, 'intType', '');
INSERT INTO `caracteristique` (`id`, `produit_id`, `cle`, `valeur_double`, `type`, `unite`) VALUES (NULL, 810, 'ordi_port_aff_taille', 15.6, 'doubleType', '');
INSERT INTO `caracteristique` (`id`, `produit_id`, `cle`, `valeur_string`, `type`, `unite`) VALUES (NULL, 810, 'ordi_port_aff_res', '3840x2160', 'stringType', '');
INSERT INTO `caracteristique` (`id`, `produit_id`, `cle`, `valeur_string`, `type`, `unite`) VALUES (NULL, 810, 'ordi_port_aff_chipset', 'NVIDIA Quadro P3200', 'stringType', '');
INSERT INTO `caracteristique` (`id`, `produit_id`, `cle`, `valeur_boolean`, `type`, `unite`) VALUES (NULL, 810, 'ordi_port_aff_tactile', false, 'boolType', '');
INSERT INTO `caracteristique` (`id`, `produit_id`, `cle`, `valeur_string`, `type`, `unite`) VALUES (NULL, 810, 'ordi_port_stock_type', 'SSD + HDD', 'stringType', '');
INSERT INTO `caracteristique` (`id`, `produit_id`, `cle`, `valeur_integer`, `type`, `unite`) VALUES (NULL, 810, 'ordi_port_stock_capacite', 3000, 'intType', 'Go');
INSERT INTO `caracteristique` (`id`, `produit_id`, `cle`, `valeur_string`, `type`, `unite`) VALUES (NULL, 810, 'ordi_port_os', 'Windows 10 Pro 64 bits', 'stringType', '');
INSERT INTO `caracteristique` (`id`, `produit_id`, `cle`, `valeur_string`, `type`, `unite`) VALUES (NULL, 810, 'ordi_port_usage', 'gaming', 'stringType', '');
INSERT INTO `caracteristique` (`id`, `produit_id`, `cle`, `valeur_string`, `type`, `unite`) VALUES (NULL, 811, 'ordi_port_proc_type', 'Intel Core i9-9900K', 'stringType', '');
INSERT INTO `caracteristique` (`id`, `produit_id`, `cle`, `valeur_string`, `type`, `unite`) VALUES (NULL, 811, 'ordi_port_proc_carac', 'octo core', 'stringType', '');
INSERT INTO `caracteristique` (`id`, `produit_id`, `cle`, `valeur_integer`, `type`, `unite`) VALUES (NULL, 811, 'ordi_port_proc_freq', 5, 'intType', '');
INSERT INTO `caracteristique` (`id`, `produit_id`, `cle`, `valeur_integer`, `type`, `unite`) VALUES (NULL, 811, 'ordi_port_ram_taille', 16, 'intType', '');
INSERT INTO `caracteristique` (`id`, `produit_id`, `cle`, `valeur_string`, `type`, `unite`) VALUES (NULL, 811, 'ordi_port_ram_type', 'DDR 4', 'stringType', '');
INSERT INTO `caracteristique` (`id`, `produit_id`, `cle`, `valeur_integer`, `type`, `unite`) VALUES (NULL, 811, 'ordi_port_ram_freq', 2666, 'intType', '');
INSERT INTO `caracteristique` (`id`, `produit_id`, `cle`, `valeur_double`, `type`, `unite`) VALUES (NULL, 811, 'ordi_port_aff_taille', 15.6, 'doubleType', '');
INSERT INTO `caracteristique` (`id`, `produit_id`, `cle`, `valeur_string`, `type`, `unite`) VALUES (NULL, 811, 'ordi_port_aff_res', '3840x2160', 'stringType', '');
INSERT INTO `caracteristique` (`id`, `produit_id`, `cle`, `valeur_string`, `type`, `unite`) VALUES (NULL, 811, 'ordi_port_aff_chipset', 'NVIDIA GeForce RTX 2080', 'stringType', '');
INSERT INTO `caracteristique` (`id`, `produit_id`, `cle`, `valeur_boolean`, `type`, `unite`) VALUES (NULL, 811, 'ordi_port_aff_tactile', false, 'boolType', '');
INSERT INTO `caracteristique` (`id`, `produit_id`, `cle`, `valeur_string`, `type`, `unite`) VALUES (NULL, 811, 'ordi_port_stock_type', 'SSD', 'stringType', '');
INSERT INTO `caracteristique` (`id`, `produit_id`, `cle`, `valeur_integer`, `type`, `unite`) VALUES (NULL, 811, 'ordi_port_stock_capacite', 2000, 'intType', 'Go');
INSERT INTO `caracteristique` (`id`, `produit_id`, `cle`, `valeur_string`, `type`, `unite`) VALUES (NULL, 811, 'ordi_port_os', 'Windows 10 Pro 64 bitS', 'stringType', '');
INSERT INTO `caracteristique` (`id`, `produit_id`, `cle`, `valeur_string`, `type`, `unite`) VALUES (NULL, 811, 'ordi_port_usage', 'gaming', 'stringType', '');
INSERT INTO `caracteristique` (`id`, `produit_id`, `cle`, `valeur_string`, `type`, `unite`) VALUES (NULL, 812, 'ordi_port_proc_type', 'Intel Core i7-9750H', 'stringType', '');
INSERT INTO `caracteristique` (`id`, `produit_id`, `cle`, `valeur_string`, `type`, `unite`) VALUES (NULL, 812, 'ordi_port_proc_carac', 'hexa core', 'stringType', '');
INSERT INTO `caracteristique` (`id`, `produit_id`, `cle`, `valeur_double`, `type`, `unite`) VALUES (NULL, 812, 'ordi_port_proc_freq', 4.5, 'doubleType', '');
INSERT INTO `caracteristique` (`id`, `produit_id`, `cle`, `valeur_integer`, `type`, `unite`) VALUES (NULL, 812, 'ordi_port_ram_taille', 16, 'intType', '');
INSERT INTO `caracteristique` (`id`, `produit_id`, `cle`, `valeur_string`, `type`, `unite`) VALUES (NULL, 812, 'ordi_port_ram_type', 'DDR 4', 'stringType', '');
INSERT INTO `caracteristique` (`id`, `produit_id`, `cle`, `valeur_integer`, `type`, `unite`) VALUES (NULL, 812, 'ordi_port_ram_freq', 2666, 'intType', '');
INSERT INTO `caracteristique` (`id`, `produit_id`, `cle`, `valeur_double`, `type`, `unite`) VALUES (NULL, 812, 'ordi_port_aff_taille', 15.6, 'doubleType', '');
INSERT INTO `caracteristique` (`id`, `produit_id`, `cle`, `valeur_string`, `type`, `unite`) VALUES (NULL, 812, 'ordi_port_aff_res', '1920x1080', 'stringType', '');
INSERT INTO `caracteristique` (`id`, `produit_id`, `cle`, `valeur_string`, `type`, `unite`) VALUES (NULL, 812, 'ordi_port_aff_chipset', 'NVIDIA GeForce RTX 2070', 'stringType', '');
INSERT INTO `caracteristique` (`id`, `produit_id`, `cle`, `valeur_boolean`, `type`, `unite`) VALUES (NULL, 812, 'ordi_port_aff_tactile', false, 'boolType', '');
INSERT INTO `caracteristique` (`id`, `produit_id`, `cle`, `valeur_string`, `type`, `unite`) VALUES (NULL, 812, 'ordi_port_stock_type', 'SSD', 'stringType', '');
INSERT INTO `caracteristique` (`id`, `produit_id`, `cle`, `valeur_integer`, `type`, `unite`) VALUES (NULL, 812, 'ordi_port_stock_capacite', 512, 'intType', 'Go');
INSERT INTO `caracteristique` (`id`, `produit_id`, `cle`, `valeur_string`, `type`, `unite`) VALUES (NULL, 812, 'ordi_port_os', 'Windows 10 Famille 64 bits', 'stringType', '');
INSERT INTO `caracteristique` (`id`, `produit_id`, `cle`, `valeur_string`, `type`, `unite`) VALUES (NULL, 812, 'ordi_port_usage', 'gaming', 'stringType', '');
INSERT INTO `caracteristique` (`id`, `produit_id`, `cle`, `valeur_string`, `type`, `unite`) VALUES (NULL, 813, 'ordi_port_proc_type', 'Intel Core i7-9750H', 'stringType', '');
INSERT INTO `caracteristique` (`id`, `produit_id`, `cle`, `valeur_string`, `type`, `unite`) VALUES (NULL, 813, 'ordi_port_proc_carac', 'hexa core', 'stringType', '');
INSERT INTO `caracteristique` (`id`, `produit_id`, `cle`, `valeur_double`, `type`, `unite`) VALUES (NULL, 813, 'ordi_port_proc_freq', 4.5, 'doubleType', '');
INSERT INTO `caracteristique` (`id`, `produit_id`, `cle`, `valeur_integer`, `type`, `unite`) VALUES (NULL, 813, 'ordi_port_ram_taille', 16, 'intType', '');
INSERT INTO `caracteristique` (`id`, `produit_id`, `cle`, `valeur_string`, `type`, `unite`) VALUES (NULL, 813, 'ordi_port_ram_type', 'DDR 4', 'stringType', '');
INSERT INTO `caracteristique` (`id`, `produit_id`, `cle`, `valeur_integer`, `type`, `unite`) VALUES (NULL, 813, 'ordi_port_ram_freq', 2666, 'intType', '');
INSERT INTO `caracteristique` (`id`, `produit_id`, `cle`, `valeur_double`, `type`, `unite`) VALUES (NULL, 813, 'ordi_port_aff_taille', 15.6, 'doubleType', '');
INSERT INTO `caracteristique` (`id`, `produit_id`, `cle`, `valeur_string`, `type`, `unite`) VALUES (NULL, 813, 'ordi_port_aff_res', '1920x1080', 'stringType', '');
INSERT INTO `caracteristique` (`id`, `produit_id`, `cle`, `valeur_string`, `type`, `unite`) VALUES (NULL, 813, 'ordi_port_aff_chipset', 'NVIDIA GeForce GTX 1650', 'stringType', '');
INSERT INTO `caracteristique` (`id`, `produit_id`, `cle`, `valeur_boolean`, `type`, `unite`) VALUES (NULL, 813, 'ordi_port_aff_tactile', false, 'boolType', '');
INSERT INTO `caracteristique` (`id`, `produit_id`, `cle`, `valeur_string`, `type`, `unite`) VALUES (NULL, 813, 'ordi_port_stock_type', 'SSD', 'stringType', '');
INSERT INTO `caracteristique` (`id`, `produit_id`, `cle`, `valeur_integer`, `type`, `unite`) VALUES (NULL, 813, 'ordi_port_stock_capacite', 512, 'intType', 'Go');
INSERT INTO `caracteristique` (`id`, `produit_id`, `cle`, `valeur_string`, `type`, `unite`) VALUES (NULL, 813, 'ordi_port_os', 'Windows 10 Famille 64 bits', 'stringType', '');
INSERT INTO `caracteristique` (`id`, `produit_id`, `cle`, `valeur_string`, `type`, `unite`) VALUES (NULL, 813, 'ordi_port_usage', 'gaming', 'stringType', '');
INSERT INTO `caracteristique` (`id`, `produit_id`, `cle`, `valeur_string`, `type`, `unite`) VALUES (NULL, 814, 'ordi_port_proc_type', 'Intel Core i5-8200Y', 'stringType', '');
INSERT INTO `caracteristique` (`id`, `produit_id`, `cle`, `valeur_string`, `type`, `unite`) VALUES (NULL, 814, 'ordi_port_proc_carac', 'dual core', 'stringType', '');
INSERT INTO `caracteristique` (`id`, `produit_id`, `cle`, `valeur_double`, `type`, `unite`) VALUES (NULL, 814, 'ordi_port_proc_freq', 3.9, 'doubleType', '');
INSERT INTO `caracteristique` (`id`, `produit_id`, `cle`, `valeur_integer`, `type`, `unite`) VALUES (NULL, 814, 'ordi_port_ram_taille', 8, 'intType', '');
INSERT INTO `caracteristique` (`id`, `produit_id`, `cle`, `valeur_string`, `type`, `unite`) VALUES (NULL, 814, 'ordi_port_ram_type', 'DDR 3', 'stringType', '');
INSERT INTO `caracteristique` (`id`, `produit_id`, `cle`, `valeur_integer`, `type`, `unite`) VALUES (NULL, 814, 'ordi_port_ram_freq', 0, 'intType', '');
INSERT INTO `caracteristique` (`id`, `produit_id`, `cle`, `valeur_integer`, `type`, `unite`) VALUES (NULL, 814, 'ordi_port_aff_taille', 14, 'intType', '');
INSERT INTO `caracteristique` (`id`, `produit_id`, `cle`, `valeur_string`, `type`, `unite`) VALUES (NULL, 814, 'ordi_port_aff_res', '1920x1080', 'stringType', '');
INSERT INTO `caracteristique` (`id`, `produit_id`, `cle`, `valeur_string`, `type`, `unite`) VALUES (NULL, 814, 'ordi_port_aff_chipset', 'Intel UHD Graphics 615', 'stringType', '');
INSERT INTO `caracteristique` (`id`, `produit_id`, `cle`, `valeur_boolean`, `type`, `unite`) VALUES (NULL, 814, 'ordi_port_aff_tactile', true, 'boolType', '');
INSERT INTO `caracteristique` (`id`, `produit_id`, `cle`, `valeur_string`, `type`, `unite`) VALUES (NULL, 814, 'ordi_port_stock_type', 'eMMC', 'stringType', '');
INSERT INTO `caracteristique` (`id`, `produit_id`, `cle`, `valeur_integer`, `type`, `unite`) VALUES (NULL, 814, 'ordi_port_stock_capacite', 32, 'intType', 'Go');
INSERT INTO `caracteristique` (`id`, `produit_id`, `cle`, `valeur_string`, `type`, `unite`) VALUES (NULL, 814, 'ordi_port_os', 'Chrome OS', 'stringType', '');
INSERT INTO `caracteristique` (`id`, `produit_id`, `cle`, `valeur_string`, `type`, `unite`) VALUES (NULL, 814, 'ordi_port_usage', 'bureautique', 'stringType', '');
INSERT INTO `caracteristique` (`id`, `produit_id`, `cle`, `valeur_string`, `type`, `unite`) VALUES (NULL, 815, 'ordi_port_proc_type', 'Intel Core i5-10210U', 'stringType', '');
INSERT INTO `caracteristique` (`id`, `produit_id`, `cle`, `valeur_string`, `type`, `unite`) VALUES (NULL, 815, 'ordi_port_proc_carac', 'quad core', 'stringType', '');
INSERT INTO `caracteristique` (`id`, `produit_id`, `cle`, `valeur_double`, `type`, `unite`) VALUES (NULL, 815, 'ordi_port_proc_freq', 4.2, 'doubleType', '');
INSERT INTO `caracteristique` (`id`, `produit_id`, `cle`, `valeur_integer`, `type`, `unite`) VALUES (NULL, 815, 'ordi_port_ram_taille', 8, 'intType', '');
INSERT INTO `caracteristique` (`id`, `produit_id`, `cle`, `valeur_string`, `type`, `unite`) VALUES (NULL, 815, 'ordi_port_ram_type', 'DDR 3', 'stringType', '');
INSERT INTO `caracteristique` (`id`, `produit_id`, `cle`, `valeur_integer`, `type`, `unite`) VALUES (NULL, 815, 'ordi_port_ram_freq', 2133, 'intType', '');
INSERT INTO `caracteristique` (`id`, `produit_id`, `cle`, `valeur_double`, `type`, `unite`) VALUES (NULL, 815, 'ordi_port_aff_taille', 13.3, 'doubleType', '');
INSERT INTO `caracteristique` (`id`, `produit_id`, `cle`, `valeur_string`, `type`, `unite`) VALUES (NULL, 815, 'ordi_port_aff_res', '1920x1080', 'stringType', '');
INSERT INTO `caracteristique` (`id`, `produit_id`, `cle`, `valeur_string`, `type`, `unite`) VALUES (NULL, 815, 'ordi_port_aff_chipset', 'Intel UHD Graphics', 'stringType', '');
INSERT INTO `caracteristique` (`id`, `produit_id`, `cle`, `valeur_boolean`, `type`, `unite`) VALUES (NULL, 815, 'ordi_port_aff_tactile', true, 'boolType', '');
INSERT INTO `caracteristique` (`id`, `produit_id`, `cle`, `valeur_string`, `type`, `unite`) VALUES (NULL, 815, 'ordi_port_stock_type', 'SSD', 'stringType', '');
INSERT INTO `caracteristique` (`id`, `produit_id`, `cle`, `valeur_integer`, `type`, `unite`) VALUES (NULL, 815, 'ordi_port_stock_capacite', 512, 'intType', 'Go');
INSERT INTO `caracteristique` (`id`, `produit_id`, `cle`, `valeur_string`, `type`, `unite`) VALUES (NULL, 815, 'ordi_port_os', 'Windows 10 Famille 64 bits', 'stringType', '');
INSERT INTO `caracteristique` (`id`, `produit_id`, `cle`, `valeur_string`, `type`, `unite`) VALUES (NULL, 815, 'ordi_port_usage', 'multimedia', 'stringType', '');

/*Accessoires*/
INSERT INTO `produit` (`id`, `type_id`, `marque_id`, `nom`, `prix`, `photo`, `date_ajout`) VALUES (1501, 15, 47, 'Marteau de Thor', 42.00, 'thor_hammer.png', '2020-3-03');

INSERT INTO `fournisseur` (id, ville_id, nom, numero_fixe, numero_port, email, adresse, complement_adresse) VALUES (1, 31, 'COMPUTER LAB', '01.34.85.13.21', '06.80.80.80.80', 'computerlab@test.fr', '120 Rue de Saint Robert', 'Hameau de Saint Robert');
INSERT INTO `fournisseur` (id, ville_id, nom, numero_fixe, numero_port, email, adresse, complement_adresse) VALUES (2, 32, 'ESB', '01.34.85.29.78', '06.90.90.90.90', 'esb@test.fr', '10 Route de Clairefontaine', null);
INSERT INTO `fournisseur` (id, ville_id, nom, numero_fixe, numero_port, email, adresse, complement_adresse) VALUES (3, 33, 'ITS', '04.85.45.48.25', '06.70.70.70.70', 'its@test.fr', '18 Chemin de Traverse', null);
INSERT INTO `fournisseur` (id, ville_id, nom, numero_fixe, numero_port, email, adresse, complement_adresse) VALUES (4, 34, 'ISID', '04.89.78.28.15', '06.60.60.60.60', 'isid@test.fr', '28 rue de Prédecelle', 'La Filollière');

INSERT INTO `stock`(id, produit_id, quantite_dispo_site_internet, quantite_dispo_physique) VALUES (1, 1, 5, 5);
INSERT INTO `stock`(id, produit_id, quantite_dispo_site_internet, quantite_dispo_physique) VALUES (2, 2, 150, 150);
INSERT INTO `stock`(id, produit_id, quantite_dispo_site_internet, quantite_dispo_physique) VALUES (3, 3, 110, 110);
INSERT INTO `stock`(id, produit_id, quantite_dispo_site_internet, quantite_dispo_physique) VALUES (4, 4, 115, 115);
INSERT INTO `stock`(id, produit_id, quantite_dispo_site_internet, quantite_dispo_physique) VALUES (5, 5, 120, 120);
INSERT INTO `stock`(id, produit_id, quantite_dispo_site_internet, quantite_dispo_physique) VALUES (6, 6, 75, 75);
INSERT INTO `stock`(id, produit_id, quantite_dispo_site_internet, quantite_dispo_physique) VALUES (7, 7, 130, 130);
INSERT INTO `stock`(id, produit_id, quantite_dispo_site_internet, quantite_dispo_physique) VALUES (8, 8, 150, 150);
INSERT INTO `stock`(id, produit_id, quantite_dispo_site_internet, quantite_dispo_physique) VALUES (9, 9, 115, 115);
INSERT INTO `stock`(id, produit_id, quantite_dispo_site_internet, quantite_dispo_physique) VALUES (10, 10, 75, 75);
INSERT INTO `stock`(id, produit_id, quantite_dispo_site_internet, quantite_dispo_physique) VALUES (11, 11, 90, 90);
INSERT INTO `stock`(id, produit_id, quantite_dispo_site_internet, quantite_dispo_physique) VALUES (12, 12, 150, 150);
INSERT INTO `stock`(id, produit_id, quantite_dispo_site_internet, quantite_dispo_physique) VALUES (13, 13, 225, 225);
INSERT INTO `stock`(id, produit_id, quantite_dispo_site_internet, quantite_dispo_physique) VALUES (14, 101, 195, 195);
INSERT INTO `stock`(id, produit_id, quantite_dispo_site_internet, quantite_dispo_physique) VALUES (15, 102, 5, 5);
INSERT INTO `stock`(id, produit_id, quantite_dispo_site_internet, quantite_dispo_physique) VALUES (16, 103, 80, 80);
INSERT INTO `stock`(id, produit_id, quantite_dispo_site_internet, quantite_dispo_physique) VALUES (17, 104, 80, 80);
INSERT INTO `stock`(id, produit_id, quantite_dispo_site_internet, quantite_dispo_physique) VALUES (18, 105, 100, 100);
INSERT INTO `stock`(id, produit_id, quantite_dispo_site_internet, quantite_dispo_physique) VALUES (19, 106, 50, 50);
INSERT INTO `stock`(id, produit_id, quantite_dispo_site_internet, quantite_dispo_physique) VALUES (20, 107, 40, 40);
INSERT INTO `stock`(id, produit_id, quantite_dispo_site_internet, quantite_dispo_physique) VALUES (21, 108, 80, 80);
INSERT INTO `stock`(id, produit_id, quantite_dispo_site_internet, quantite_dispo_physique) VALUES (22, 109, 80, 80);
INSERT INTO `stock`(id, produit_id, quantite_dispo_site_internet, quantite_dispo_physique) VALUES (23, 201, 100, 100);
INSERT INTO `stock`(id, produit_id, quantite_dispo_site_internet, quantite_dispo_physique) VALUES (24, 202, 35, 35);
INSERT INTO `stock`(id, produit_id, quantite_dispo_site_internet, quantite_dispo_physique) VALUES (25, 203, 40, 40);
INSERT INTO `stock`(id, produit_id, quantite_dispo_site_internet, quantite_dispo_physique) VALUES (26, 204, 45, 45);
INSERT INTO `stock`(id, produit_id, quantite_dispo_site_internet, quantite_dispo_physique) VALUES (27, 205, 25, 25);
INSERT INTO `stock`(id, produit_id, quantite_dispo_site_internet, quantite_dispo_physique) VALUES (28, 206, 20, 20);
INSERT INTO `stock`(id, produit_id, quantite_dispo_site_internet, quantite_dispo_physique) VALUES (29, 207, 6, 6);
INSERT INTO `stock`(id, produit_id, quantite_dispo_site_internet, quantite_dispo_physique) VALUES (30, 208, 40, 40);
INSERT INTO `stock`(id, produit_id, quantite_dispo_site_internet, quantite_dispo_physique) VALUES (31, 208, 40, 40);
INSERT INTO `stock`(id, produit_id, quantite_dispo_site_internet, quantite_dispo_physique) VALUES (32, 209, 40, 40);
INSERT INTO `stock`(id, produit_id, quantite_dispo_site_internet, quantite_dispo_physique) VALUES (33, 210, 40, 40);
INSERT INTO `stock`(id, produit_id, quantite_dispo_site_internet, quantite_dispo_physique) VALUES (34, 211, 40, 40);
INSERT INTO `stock`(id, produit_id, quantite_dispo_site_internet, quantite_dispo_physique) VALUES (35, 212, 40, 40);
INSERT INTO `stock`(id, produit_id, quantite_dispo_site_internet, quantite_dispo_physique) VALUES (36, 213, 40, 40);
INSERT INTO `stock`(id, produit_id, quantite_dispo_site_internet, quantite_dispo_physique) VALUES (37, 214, 40, 40);
INSERT INTO `stock`(id, produit_id, quantite_dispo_site_internet, quantite_dispo_physique) VALUES (38, 215, 40, 40);
INSERT INTO `stock`(id, produit_id, quantite_dispo_site_internet, quantite_dispo_physique) VALUES (39, 301, 40, 40);
INSERT INTO `stock`(id, produit_id, quantite_dispo_site_internet, quantite_dispo_physique) VALUES (40, 302, 40, 40);
INSERT INTO `stock`(id, produit_id, quantite_dispo_site_internet, quantite_dispo_physique) VALUES (41, 303, 40, 40);
INSERT INTO `stock`(id, produit_id, quantite_dispo_site_internet, quantite_dispo_physique) VALUES (42, 304, 40, 40);
INSERT INTO `stock`(id, produit_id, quantite_dispo_site_internet, quantite_dispo_physique) VALUES (43, 305, 40, 40);
INSERT INTO `stock`(id, produit_id, quantite_dispo_site_internet, quantite_dispo_physique) VALUES (44, 306, 40, 40);
INSERT INTO `stock`(id, produit_id, quantite_dispo_site_internet, quantite_dispo_physique) VALUES (45, 307, 3, 3);
INSERT INTO `stock`(id, produit_id, quantite_dispo_site_internet, quantite_dispo_physique) VALUES (46, 308, 40, 40);
INSERT INTO `stock`(id, produit_id, quantite_dispo_site_internet, quantite_dispo_physique) VALUES (47, 309, 40, 40);
INSERT INTO `stock`(id, produit_id, quantite_dispo_site_internet, quantite_dispo_physique) VALUES (48, 401, 40, 40);
INSERT INTO `stock`(id, produit_id, quantite_dispo_site_internet, quantite_dispo_physique) VALUES (49, 402, 40, 40);
INSERT INTO `stock`(id, produit_id, quantite_dispo_site_internet, quantite_dispo_physique) VALUES (50, 403, 40, 40);
INSERT INTO `stock`(id, produit_id, quantite_dispo_site_internet, quantite_dispo_physique) VALUES (51, 404, 40, 40);
INSERT INTO `stock`(id, produit_id, quantite_dispo_site_internet, quantite_dispo_physique) VALUES (52, 405, 40, 40);
INSERT INTO `stock`(id, produit_id, quantite_dispo_site_internet, quantite_dispo_physique) VALUES (53, 406, 4, 4);
INSERT INTO `stock`(id, produit_id, quantite_dispo_site_internet, quantite_dispo_physique) VALUES (54, 407, 40, 40);
INSERT INTO `stock`(id, produit_id, quantite_dispo_site_internet, quantite_dispo_physique) VALUES (55, 408, 40, 40);
INSERT INTO `stock`(id, produit_id, quantite_dispo_site_internet, quantite_dispo_physique) VALUES (56, 409, 40, 40);
INSERT INTO `stock`(id, produit_id, quantite_dispo_site_internet, quantite_dispo_physique) VALUES (57, 410, 40, 40);
INSERT INTO `stock`(id, produit_id, quantite_dispo_site_internet, quantite_dispo_physique) VALUES (58, 411, 40, 40);
INSERT INTO `stock`(id, produit_id, quantite_dispo_site_internet, quantite_dispo_physique) VALUES (59, 501, 40, 40);
INSERT INTO `stock`(id, produit_id, quantite_dispo_site_internet, quantite_dispo_physique) VALUES (60, 502, 40, 40);
INSERT INTO `stock`(id, produit_id, quantite_dispo_site_internet, quantite_dispo_physique) VALUES (61, 503, 40, 40);
INSERT INTO `stock`(id, produit_id, quantite_dispo_site_internet, quantite_dispo_physique) VALUES (62, 504, 6, 6);
INSERT INTO `stock`(id, produit_id, quantite_dispo_site_internet, quantite_dispo_physique) VALUES (63, 505, 40, 40);
INSERT INTO `stock`(id, produit_id, quantite_dispo_site_internet, quantite_dispo_physique) VALUES (64, 506, 40, 40);
INSERT INTO `stock`(id, produit_id, quantite_dispo_site_internet, quantite_dispo_physique) VALUES (65, 507, 40, 40);
INSERT INTO `stock`(id, produit_id, quantite_dispo_site_internet, quantite_dispo_physique) VALUES (66, 508, 40, 40);
INSERT INTO `stock`(id, produit_id, quantite_dispo_site_internet, quantite_dispo_physique) VALUES (67, 509, 40, 40);
INSERT INTO `stock`(id, produit_id, quantite_dispo_site_internet, quantite_dispo_physique) VALUES (68, 510, 40, 40);
INSERT INTO `stock`(id, produit_id, quantite_dispo_site_internet, quantite_dispo_physique) VALUES (69, 511, 40, 40);
INSERT INTO `stock`(id, produit_id, quantite_dispo_site_internet, quantite_dispo_physique) VALUES (70, 512, 40, 40);
INSERT INTO `stock`(id, produit_id, quantite_dispo_site_internet, quantite_dispo_physique) VALUES (71, 513, 40, 40);
INSERT INTO `stock`(id, produit_id, quantite_dispo_site_internet, quantite_dispo_physique) VALUES (72, 514, 40, 40);
INSERT INTO `stock`(id, produit_id, quantite_dispo_site_internet, quantite_dispo_physique) VALUES (73, 515, 40, 40);
INSERT INTO `stock`(id, produit_id, quantite_dispo_site_internet, quantite_dispo_physique) VALUES (74, 516, 40, 40);
INSERT INTO `stock`(id, produit_id, quantite_dispo_site_internet, quantite_dispo_physique) VALUES (75, 517, 40, 40);
INSERT INTO `stock`(id, produit_id, quantite_dispo_site_internet, quantite_dispo_physique) VALUES (76, 601, 40, 40);
INSERT INTO `stock`(id, produit_id, quantite_dispo_site_internet, quantite_dispo_physique) VALUES (77, 602, 40, 40);
INSERT INTO `stock`(id, produit_id, quantite_dispo_site_internet, quantite_dispo_physique) VALUES (78, 603, 40, 40);
INSERT INTO `stock`(id, produit_id, quantite_dispo_site_internet, quantite_dispo_physique) VALUES (79, 604, 7, 7);
INSERT INTO `stock`(id, produit_id, quantite_dispo_site_internet, quantite_dispo_physique) VALUES (80, 605, 40, 40);
INSERT INTO `stock`(id, produit_id, quantite_dispo_site_internet, quantite_dispo_physique) VALUES (81, 606, 40, 40);
INSERT INTO `stock`(id, produit_id, quantite_dispo_site_internet, quantite_dispo_physique) VALUES (82, 607, 40, 40);
INSERT INTO `stock`(id, produit_id, quantite_dispo_site_internet, quantite_dispo_physique) VALUES (83, 609, 40, 40);
INSERT INTO `stock`(id, produit_id, quantite_dispo_site_internet, quantite_dispo_physique) VALUES (84, 701, 40, 40);
INSERT INTO `stock`(id, produit_id, quantite_dispo_site_internet, quantite_dispo_physique) VALUES (85, 702, 40, 40);
INSERT INTO `stock`(id, produit_id, quantite_dispo_site_internet, quantite_dispo_physique) VALUES (86, 703, 40, 40);
INSERT INTO `stock`(id, produit_id, quantite_dispo_site_internet, quantite_dispo_physique) VALUES (87, 704, 9, 9);
INSERT INTO `stock`(id, produit_id, quantite_dispo_site_internet, quantite_dispo_physique) VALUES (88, 705, 40, 40);
INSERT INTO `stock`(id, produit_id, quantite_dispo_site_internet, quantite_dispo_physique) VALUES (89, 706, 40, 40);
INSERT INTO `stock`(id, produit_id, quantite_dispo_site_internet, quantite_dispo_physique) VALUES (90, 707, 40, 40);
INSERT INTO `stock`(id, produit_id, quantite_dispo_site_internet, quantite_dispo_physique) VALUES (91, 708, 40, 40);
INSERT INTO `stock`(id, produit_id, quantite_dispo_site_internet, quantite_dispo_physique) VALUES (92, 709, 8, 8);
INSERT INTO `stock`(id, produit_id, quantite_dispo_site_internet, quantite_dispo_physique) VALUES (93, 710, 40, 40);
INSERT INTO `stock`(id, produit_id, quantite_dispo_site_internet, quantite_dispo_physique) VALUES (94, 711, 40, 40);
INSERT INTO `stock`(id, produit_id, quantite_dispo_site_internet, quantite_dispo_physique) VALUES (95, 712, 40, 40);
INSERT INTO `stock`(id, produit_id, quantite_dispo_site_internet, quantite_dispo_physique) VALUES (96, 713, 40, 40);
INSERT INTO `stock`(id, produit_id, quantite_dispo_site_internet, quantite_dispo_physique) VALUES (97, 714, 40, 40);
INSERT INTO `stock`(id, produit_id, quantite_dispo_site_internet, quantite_dispo_physique) VALUES (98, 715, 40, 40);
INSERT INTO `stock`(id, produit_id, quantite_dispo_site_internet, quantite_dispo_physique) VALUES (99, 801, 40, 40);
INSERT INTO `stock`(id, produit_id, quantite_dispo_site_internet, quantite_dispo_physique) VALUES (100, 802, 40, 40);
INSERT INTO `stock`(id, produit_id, quantite_dispo_site_internet, quantite_dispo_physique) VALUES (101, 803, 5, 5);
INSERT INTO `stock`(id, produit_id, quantite_dispo_site_internet, quantite_dispo_physique) VALUES (102, 804, 40, 40);
INSERT INTO `stock`(id, produit_id, quantite_dispo_site_internet, quantite_dispo_physique) VALUES (103, 805, 40, 40);
INSERT INTO `stock`(id, produit_id, quantite_dispo_site_internet, quantite_dispo_physique) VALUES (104, 806, 40, 40);
INSERT INTO `stock`(id, produit_id, quantite_dispo_site_internet, quantite_dispo_physique) VALUES (105, 807, 40, 40);
INSERT INTO `stock`(id, produit_id, quantite_dispo_site_internet, quantite_dispo_physique) VALUES (106, 808, 40, 40);
INSERT INTO `stock`(id, produit_id, quantite_dispo_site_internet, quantite_dispo_physique) VALUES (107, 809, 40, 40);
INSERT INTO `stock`(id, produit_id, quantite_dispo_site_internet, quantite_dispo_physique) VALUES (108, 810, 5, 5);
INSERT INTO `stock`(id, produit_id, quantite_dispo_site_internet, quantite_dispo_physique) VALUES (109, 811, 40, 40);
INSERT INTO `stock`(id, produit_id, quantite_dispo_site_internet, quantite_dispo_physique) VALUES (110, 812, 40, 40);
INSERT INTO `stock`(id, produit_id, quantite_dispo_site_internet, quantite_dispo_physique) VALUES (111, 813, 40, 40);
INSERT INTO `stock`(id, produit_id, quantite_dispo_site_internet, quantite_dispo_physique) VALUES (112, 814, 40, 40);
INSERT INTO `stock`(id, produit_id, quantite_dispo_site_internet, quantite_dispo_physique) VALUES (113, 815, 40, 40);
INSERT INTO `stock`(id, produit_id, quantite_dispo_site_internet, quantite_dispo_physique) VALUES (114, 1001, 40, 40);
INSERT INTO `stock`(id, produit_id, quantite_dispo_site_internet, quantite_dispo_physique) VALUES (115, 1002, 40, 40);
INSERT INTO `stock`(id, produit_id, quantite_dispo_site_internet, quantite_dispo_physique) VALUES (116, 1003, 40, 40);
INSERT INTO `stock`(id, produit_id, quantite_dispo_site_internet, quantite_dispo_physique) VALUES (117, 1004, 40, 40);
INSERT INTO `stock`(id, produit_id, quantite_dispo_site_internet, quantite_dispo_physique) VALUES (118, 1005, 40, 40);
INSERT INTO `stock`(id, produit_id, quantite_dispo_site_internet, quantite_dispo_physique) VALUES (119, 1006, 40, 40);
INSERT INTO `stock`(id, produit_id, quantite_dispo_site_internet, quantite_dispo_physique) VALUES (120, 1007, 4, 4);
INSERT INTO `stock`(id, produit_id, quantite_dispo_site_internet, quantite_dispo_physique) VALUES (121, 1008, 40, 40);
INSERT INTO `stock`(id, produit_id, quantite_dispo_site_internet, quantite_dispo_physique) VALUES (122, 1009, 40, 40);
INSERT INTO `stock`(id, produit_id, quantite_dispo_site_internet, quantite_dispo_physique) VALUES (123, 1101, 40, 40);
INSERT INTO `stock`(id, produit_id, quantite_dispo_site_internet, quantite_dispo_physique) VALUES (124, 1102, 40, 40);
INSERT INTO `stock`(id, produit_id, quantite_dispo_site_internet, quantite_dispo_physique) VALUES (125, 1103, 40, 40);
INSERT INTO `stock`(id, produit_id, quantite_dispo_site_internet, quantite_dispo_physique) VALUES (126, 1104, 40, 40);
INSERT INTO `stock`(id, produit_id, quantite_dispo_site_internet, quantite_dispo_physique) VALUES (127, 1105, 40, 40);
INSERT INTO `stock`(id, produit_id, quantite_dispo_site_internet, quantite_dispo_physique) VALUES (128, 1106, 40, 40);
INSERT INTO `stock`(id, produit_id, quantite_dispo_site_internet, quantite_dispo_physique) VALUES (129, 1107, 40, 40);
INSERT INTO `stock`(id, produit_id, quantite_dispo_site_internet, quantite_dispo_physique) VALUES (130, 1108, 40, 40);
INSERT INTO `stock`(id, produit_id, quantite_dispo_site_internet, quantite_dispo_physique) VALUES (131, 1109, 40, 40);
INSERT INTO `stock`(id, produit_id, quantite_dispo_site_internet, quantite_dispo_physique) VALUES (132, 1110, 40, 40);
INSERT INTO `stock`(id, produit_id, quantite_dispo_site_internet, quantite_dispo_physique) VALUES (133, 1111, 40, 40);
INSERT INTO `stock`(id, produit_id, quantite_dispo_site_internet, quantite_dispo_physique) VALUES (134, 1112, 40, 40);
INSERT INTO `stock`(id, produit_id, quantite_dispo_site_internet, quantite_dispo_physique) VALUES (135, 1113, 40, 40);
INSERT INTO `stock`(id, produit_id, quantite_dispo_site_internet, quantite_dispo_physique) VALUES (136, 1114, 40, 40);
INSERT INTO `stock`(id, produit_id, quantite_dispo_site_internet, quantite_dispo_physique) VALUES (137, 1115, 40, 40);
INSERT INTO `stock`(id, produit_id, quantite_dispo_site_internet, quantite_dispo_physique) VALUES (138, 1201, 40, 40);
INSERT INTO `stock`(id, produit_id, quantite_dispo_site_internet, quantite_dispo_physique) VALUES (139, 1202, 40, 40);
INSERT INTO `stock`(id, produit_id, quantite_dispo_site_internet, quantite_dispo_physique) VALUES (140, 1203, 40, 40);
INSERT INTO `stock`(id, produit_id, quantite_dispo_site_internet, quantite_dispo_physique) VALUES (141, 1204, 40, 40);
INSERT INTO `stock`(id, produit_id, quantite_dispo_site_internet, quantite_dispo_physique) VALUES (142, 1205, 40, 40);
INSERT INTO `stock`(id, produit_id, quantite_dispo_site_internet, quantite_dispo_physique) VALUES (143, 1206, 40, 40);
INSERT INTO `stock`(id, produit_id, quantite_dispo_site_internet, quantite_dispo_physique) VALUES (144, 1207, 40, 40);
INSERT INTO `stock`(id, produit_id, quantite_dispo_site_internet, quantite_dispo_physique) VALUES (145, 1208, 40, 40);
INSERT INTO `stock`(id, produit_id, quantite_dispo_site_internet, quantite_dispo_physique) VALUES (146, 1209, 40, 40);
INSERT INTO `stock`(id, produit_id, quantite_dispo_site_internet, quantite_dispo_physique) VALUES (147, 1210, 40, 40);
INSERT INTO `stock`(id, produit_id, quantite_dispo_site_internet, quantite_dispo_physique) VALUES (148, 1211, 40, 40);
INSERT INTO `stock`(id, produit_id, quantite_dispo_site_internet, quantite_dispo_physique) VALUES (149, 1212, 40, 40);
INSERT INTO `stock`(id, produit_id, quantite_dispo_site_internet, quantite_dispo_physique) VALUES (150, 1213, 40, 40);
INSERT INTO `stock`(id, produit_id, quantite_dispo_site_internet, quantite_dispo_physique) VALUES (151, 1214, 40, 40);
INSERT INTO `stock`(id, produit_id, quantite_dispo_site_internet, quantite_dispo_physique) VALUES (152, 1301, 40, 40);
INSERT INTO `stock`(id, produit_id, quantite_dispo_site_internet, quantite_dispo_physique) VALUES (153, 1302, 40, 40);
INSERT INTO `stock`(id, produit_id, quantite_dispo_site_internet, quantite_dispo_physique) VALUES (154, 1303, 40, 40);
INSERT INTO `stock`(id, produit_id, quantite_dispo_site_internet, quantite_dispo_physique) VALUES (155, 1304, 40, 40);
INSERT INTO `stock`(id, produit_id, quantite_dispo_site_internet, quantite_dispo_physique) VALUES (156, 1305, 40, 40);
INSERT INTO `stock`(id, produit_id, quantite_dispo_site_internet, quantite_dispo_physique) VALUES (157, 1306, 40, 40);
INSERT INTO `stock`(id, produit_id, quantite_dispo_site_internet, quantite_dispo_physique) VALUES (158, 1307, 40, 40);
INSERT INTO `stock`(id, produit_id, quantite_dispo_site_internet, quantite_dispo_physique) VALUES (159, 1308, 40, 40);
INSERT INTO `stock`(id, produit_id, quantite_dispo_site_internet, quantite_dispo_physique) VALUES (160, 1309, 40, 40);
INSERT INTO `stock`(id, produit_id, quantite_dispo_site_internet, quantite_dispo_physique) VALUES (161, 1310, 40, 40);
INSERT INTO `stock`(id, produit_id, quantite_dispo_site_internet, quantite_dispo_physique) VALUES (162, 1401, 40, 40);
INSERT INTO `stock`(id, produit_id, quantite_dispo_site_internet, quantite_dispo_physique) VALUES (163, 1402, 40, 40);
INSERT INTO `stock`(id, produit_id, quantite_dispo_site_internet, quantite_dispo_physique) VALUES (164, 1403, 40, 40);
INSERT INTO `stock`(id, produit_id, quantite_dispo_site_internet, quantite_dispo_physique) VALUES (165, 1404, 40, 40);
INSERT INTO `stock`(id, produit_id, quantite_dispo_site_internet, quantite_dispo_physique) VALUES (166, 1405, 40, 40);
INSERT INTO `stock`(id, produit_id, quantite_dispo_site_internet, quantite_dispo_physique) VALUES (167, 1406, 40, 40);
INSERT INTO `stock`(id, produit_id, quantite_dispo_site_internet, quantite_dispo_physique) VALUES (168, 1407, 40, 40);
INSERT INTO `stock`(id, produit_id, quantite_dispo_site_internet, quantite_dispo_physique) VALUES (169, 1408, 40, 40);
INSERT INTO `stock`(id, produit_id, quantite_dispo_site_internet, quantite_dispo_physique) VALUES (170, 1409, 40, 40);
INSERT INTO `stock`(id, produit_id, quantite_dispo_site_internet, quantite_dispo_physique) VALUES (171, 1410, 40, 40);
INSERT INTO `stock`(id, produit_id, quantite_dispo_site_internet, quantite_dispo_physique) VALUES (172, 1411, 40, 40);
INSERT INTO `stock`(id, produit_id, quantite_dispo_site_internet, quantite_dispo_physique) VALUES (173, 1412, 40, 40);
INSERT INTO `stock`(id, produit_id, quantite_dispo_site_internet, quantite_dispo_physique) VALUES (174, 1413, 40, 40);
INSERT INTO `stock`(id, produit_id, quantite_dispo_site_internet, quantite_dispo_physique) VALUES (175, 1414, 40, 40);
INSERT INTO `stock`(id, produit_id, quantite_dispo_site_internet, quantite_dispo_physique) VALUES (176, 1415, 50, 50);
INSERT INTO `stock`(id, produit_id, quantite_dispo_site_internet, quantite_dispo_physique) VALUES (177, 1501, 0, 1);


INSERT INTO `approvisionnement`(id, stock_id, fournisseur_id, date_approvisionnement, prix, quantite_commandee) VALUES (1, 1, 1, '2020-01-01', '1750.00', '50');
INSERT INTO `approvisionnement`(id, stock_id, fournisseur_id, date_approvisionnement, prix, quantite_commandee) VALUES (2, 1, 1, '2020-01-01', '900.00', '25');
INSERT INTO `approvisionnement`(id, stock_id, fournisseur_id, date_approvisionnement, prix, quantite_commandee) VALUES (3, 2, 1, '2020-01-01', '1900.00', '100');
INSERT INTO `approvisionnement`(id, stock_id, fournisseur_id, date_approvisionnement, prix, quantite_commandee) VALUES (4, 2, 1, '2020-01-01', '950.00', '50');
INSERT INTO `approvisionnement`(id, stock_id, fournisseur_id, date_approvisionnement, prix, quantite_commandee) VALUES (5, 3, 2, '2020-01-01', '1500.00', '75');
INSERT INTO `approvisionnement`(id, stock_id, fournisseur_id, date_approvisionnement, prix, quantite_commandee) VALUES (6, 3, 2, '2020-01-01', '750.00', '35');
INSERT INTO `approvisionnement`(id, stock_id, fournisseur_id, date_approvisionnement, prix, quantite_commandee) VALUES (7, 4, 2, '2020-01-01', '2000.00', '75');
INSERT INTO `approvisionnement`(id, stock_id, fournisseur_id, date_approvisionnement, prix, quantite_commandee) VALUES (8, 4, 2, '2020-01-01', '1050.00', '40');
INSERT INTO `approvisionnement`(id, stock_id, fournisseur_id, date_approvisionnement, prix, quantite_commandee) VALUES (9, 5, 2, '2020-01-01', '2030.00', '80');
INSERT INTO `approvisionnement`(id, stock_id, fournisseur_id, date_approvisionnement, prix, quantite_commandee) VALUES (10, 5, 2, '2020-01-01', '1020.00', '40');
INSERT INTO `approvisionnement`(id, stock_id, fournisseur_id, date_approvisionnement, prix, quantite_commandee) VALUES (11, 6, 2, '2020-01-01', '1570.00', '50');
INSERT INTO `approvisionnement`(id, stock_id, fournisseur_id, date_approvisionnement, prix, quantite_commandee) VALUES (12, 6, 2, '2020-01-01', '790.00', '25');
INSERT INTO `approvisionnement`(id, stock_id, fournisseur_id, date_approvisionnement, prix, quantite_commandee) VALUES (13, 7, 3, '2020-01-01', '1450.00', '60');
INSERT INTO `approvisionnement`(id, stock_id, fournisseur_id, date_approvisionnement, prix, quantite_commandee) VALUES (14, 7, 3, '2020-01-01', '770.00', '30');
INSERT INTO `approvisionnement`(id, stock_id, fournisseur_id, date_approvisionnement, prix, quantite_commandee) VALUES (15, 8, 3, '2020-01-01', '2500.00', '100');
INSERT INTO `approvisionnement`(id, stock_id, fournisseur_id, date_approvisionnement, prix, quantite_commandee) VALUES (16, 8, 3, '2020-01-01', '1250.00', '50');
INSERT INTO `approvisionnement`(id, stock_id, fournisseur_id, date_approvisionnement, prix, quantite_commandee) VALUES (17, 9, 3, '2020-01-01', '1930.00', '75');
INSERT INTO `approvisionnement`(id, stock_id, fournisseur_id, date_approvisionnement, prix, quantite_commandee) VALUES (18, 9, 3, '2020-01-01', '1000.00', '40');
INSERT INTO `approvisionnement`(id, stock_id, fournisseur_id, date_approvisionnement, prix, quantite_commandee) VALUES (19, 10, 4, '2020-01-01', '1401.00', '50');
INSERT INTO `approvisionnement`(id, stock_id, fournisseur_id, date_approvisionnement, prix, quantite_commandee) VALUES (20, 10, 4, '2020-01-01', '700.50', '25');
INSERT INTO `approvisionnement`(id, stock_id, fournisseur_id, date_approvisionnement, prix, quantite_commandee) VALUES (21, 11, 4, '2020-01-01', '1240.00', '60');
INSERT INTO `approvisionnement`(id, stock_id, fournisseur_id, date_approvisionnement, prix, quantite_commandee) VALUES (22, 11, 4, '2020-01-01', '620.00', '30');
INSERT INTO `approvisionnement`(id, stock_id, fournisseur_id, date_approvisionnement, prix, quantite_commandee) VALUES (23, 12, 4, '2020-01-01', '1490.00', '100');
INSERT INTO `approvisionnement`(id, stock_id, fournisseur_id, date_approvisionnement, prix, quantite_commandee) VALUES (24, 12, 4, '2020-01-01', '750.00', '50');
INSERT INTO `approvisionnement`(id, stock_id, fournisseur_id, date_approvisionnement, prix, quantite_commandee) VALUES (25, 13, 4, '2020-01-01', '1280.00', '150');
INSERT INTO `approvisionnement`(id, stock_id, fournisseur_id, date_approvisionnement, prix, quantite_commandee) VALUES (26, 13, 4, '2020-01-01', '640.00', '75');
INSERT INTO `approvisionnement`(id, stock_id, fournisseur_id, date_approvisionnement, prix, quantite_commandee) VALUES (27, 14, 4, '2020-01-01', '1740.00', '130');
INSERT INTO `approvisionnement`(id, stock_id, fournisseur_id, date_approvisionnement, prix, quantite_commandee) VALUES (28, 14, 4, '2020-01-01', '870.00', '65');
INSERT INTO `approvisionnement`(id, stock_id, fournisseur_id, date_approvisionnement, prix, quantite_commandee) VALUES (29, 15, 4, '2020-01-01', '2509.00', '80');
INSERT INTO `approvisionnement`(id, stock_id, fournisseur_id, date_approvisionnement, prix, quantite_commandee) VALUES (30, 15, 4, '2020-01-01', '1300.00', '40');
INSERT INTO `approvisionnement`(id, stock_id, fournisseur_id, date_approvisionnement, prix, quantite_commandee) VALUES (31, 16, 1, '2020-01-01', '2003.00', '80');
INSERT INTO `approvisionnement`(id, stock_id, fournisseur_id, date_approvisionnement, prix, quantite_commandee) VALUES (32, 17, 1, '2020-01-01', '1407.00', '80');
INSERT INTO `approvisionnement`(id, stock_id, fournisseur_id, date_approvisionnement, prix, quantite_commandee) VALUES (33, 18, 1, '2020-01-01', '2140.00', '100');
INSERT INTO `approvisionnement`(id, stock_id, fournisseur_id, date_approvisionnement, prix, quantite_commandee) VALUES (34, 19, 1, '2020-01-01', '1607.00', '50');
INSERT INTO `approvisionnement`(id, stock_id, fournisseur_id, date_approvisionnement, prix, quantite_commandee) VALUES (35, 20, 1, '2020-01-01', '1201.00', '40');
INSERT INTO `approvisionnement`(id, stock_id, fournisseur_id, date_approvisionnement, prix, quantite_commandee) VALUES (36, 21, 1, '2020-01-01', '1306.00', '80');
INSERT INTO `approvisionnement`(id, stock_id, fournisseur_id, date_approvisionnement, prix, quantite_commandee) VALUES (37, 22, 2, '2020-01-01', '1307.00', '80');
INSERT INTO `approvisionnement`(id, stock_id, fournisseur_id, date_approvisionnement, prix, quantite_commandee) VALUES (38, 23, 2, '2020-01-01', '1490.00', '100');
INSERT INTO `approvisionnement`(id, stock_id, fournisseur_id, date_approvisionnement, prix, quantite_commandee) VALUES (39, 24, 2, '2020-01-01', '1410.00', '35');
INSERT INTO `approvisionnement`(id, stock_id, fournisseur_id, date_approvisionnement, prix, quantite_commandee) VALUES (40, 25, 2, '2020-01-01', '1230.00', '40');
INSERT INTO `approvisionnement`(id, stock_id, fournisseur_id, date_approvisionnement, prix, quantite_commandee) VALUES (41, 26, 3, '2020-01-01', '1250.00', '45');
INSERT INTO `approvisionnement`(id, stock_id, fournisseur_id, date_approvisionnement, prix, quantite_commandee) VALUES (42, 27, 3, '2020-01-01', '1960.00', '25');
INSERT INTO `approvisionnement`(id, stock_id, fournisseur_id, date_approvisionnement, prix, quantite_commandee) VALUES (43, 28, 3, '2020-01-01', '1470.00', '20');
INSERT INTO `approvisionnement`(id, stock_id, fournisseur_id, date_approvisionnement, prix, quantite_commandee) VALUES (44, 29, 3, '2020-01-01', '1770.00', '30');
INSERT INTO `approvisionnement`(id, stock_id, fournisseur_id, date_approvisionnement, prix, quantite_commandee) VALUES (45, 30, 4, '2020-04-04', '1710.00', '40');
INSERT INTO `approvisionnement`(id, stock_id, fournisseur_id, date_approvisionnement, prix, quantite_commandee) VALUES (46, 7, 4, '2020-01-01', '1710.00', '40');
INSERT INTO `approvisionnement`(id, stock_id, fournisseur_id, date_approvisionnement, prix, quantite_commandee) VALUES (47, 18, 4, '2020-01-01', '1520.00', '40');
INSERT INTO `approvisionnement`(id, stock_id, fournisseur_id, date_approvisionnement, prix, quantite_commandee) VALUES (48, 31, 1, '2020-01-01', '1750.00', '50');
INSERT INTO `approvisionnement`(id, stock_id, fournisseur_id, date_approvisionnement, prix, quantite_commandee) VALUES (49, 31, 1, '2020-01-01', '900.00', '25');
INSERT INTO `approvisionnement`(id, stock_id, fournisseur_id, date_approvisionnement, prix, quantite_commandee) VALUES (50, 32, 1, '2020-01-01', '1900.00', '100');
INSERT INTO `approvisionnement`(id, stock_id, fournisseur_id, date_approvisionnement, prix, quantite_commandee) VALUES (51, 32, 1, '2020-01-01', '950.00', '50');
INSERT INTO `approvisionnement`(id, stock_id, fournisseur_id, date_approvisionnement, prix, quantite_commandee) VALUES (52, 33, 2, '2020-01-01', '1500.00', '75');
INSERT INTO `approvisionnement`(id, stock_id, fournisseur_id, date_approvisionnement, prix, quantite_commandee) VALUES (53, 33, 2, '2020-01-01', '750.00', '35');
INSERT INTO `approvisionnement`(id, stock_id, fournisseur_id, date_approvisionnement, prix, quantite_commandee) VALUES (54, 34, 2, '2020-01-01', '2000.00', '75');
INSERT INTO `approvisionnement`(id, stock_id, fournisseur_id, date_approvisionnement, prix, quantite_commandee) VALUES (55, 34, 2, '2020-01-01', '1050.00', '40');
INSERT INTO `approvisionnement`(id, stock_id, fournisseur_id, date_approvisionnement, prix, quantite_commandee) VALUES (56, 35, 2, '2020-01-01', '2030.00', '80');
INSERT INTO `approvisionnement`(id, stock_id, fournisseur_id, date_approvisionnement, prix, quantite_commandee) VALUES (57, 35, 2, '2020-01-01', '1020.00', '40');
INSERT INTO `approvisionnement`(id, stock_id, fournisseur_id, date_approvisionnement, prix, quantite_commandee) VALUES (58, 36, 2, '2020-01-01', '1570.00', '50');
INSERT INTO `approvisionnement`(id, stock_id, fournisseur_id, date_approvisionnement, prix, quantite_commandee) VALUES (59, 36, 2, '2020-01-01', '790.00', '25');
INSERT INTO `approvisionnement`(id, stock_id, fournisseur_id, date_approvisionnement, prix, quantite_commandee) VALUES (60, 37, 3, '2020-01-01', '1450.00', '60');
INSERT INTO `approvisionnement`(id, stock_id, fournisseur_id, date_approvisionnement, prix, quantite_commandee) VALUES (61, 37, 3, '2020-01-01', '770.00', '30');
INSERT INTO `approvisionnement`(id, stock_id, fournisseur_id, date_approvisionnement, prix, quantite_commandee) VALUES (62, 38, 3, '2020-01-01', '2500.00', '100');
INSERT INTO `approvisionnement`(id, stock_id, fournisseur_id, date_approvisionnement, prix, quantite_commandee) VALUES (63, 38, 3, '2020-01-01', '1250.00', '50');
INSERT INTO `approvisionnement`(id, stock_id, fournisseur_id, date_approvisionnement, prix, quantite_commandee) VALUES (64, 39, 3, '2020-01-01', '1930.00', '75');
INSERT INTO `approvisionnement`(id, stock_id, fournisseur_id, date_approvisionnement, prix, quantite_commandee) VALUES (65, 39, 3, '2020-01-01', '1000.00', '40');
INSERT INTO `approvisionnement`(id, stock_id, fournisseur_id, date_approvisionnement, prix, quantite_commandee) VALUES (66, 40, 4, '2020-01-01', '1401.00', '50');
INSERT INTO `approvisionnement`(id, stock_id, fournisseur_id, date_approvisionnement, prix, quantite_commandee) VALUES (67, 40, 4, '2020-01-01', '700.50', '25');
INSERT INTO `approvisionnement`(id, stock_id, fournisseur_id, date_approvisionnement, prix, quantite_commandee) VALUES (68, 41, 4, '2020-01-01', '1240.00', '60');
INSERT INTO `approvisionnement`(id, stock_id, fournisseur_id, date_approvisionnement, prix, quantite_commandee) VALUES (69, 41, 4, '2020-01-01', '620.00', '30');
INSERT INTO `approvisionnement`(id, stock_id, fournisseur_id, date_approvisionnement, prix, quantite_commandee) VALUES (70, 42, 4, '2020-01-01', '1490.00', '100');
INSERT INTO `approvisionnement`(id, stock_id, fournisseur_id, date_approvisionnement, prix, quantite_commandee) VALUES (71, 42, 4, '2020-01-01', '750.00', '50');
INSERT INTO `approvisionnement`(id, stock_id, fournisseur_id, date_approvisionnement, prix, quantite_commandee) VALUES (72, 43, 4, '2020-01-01', '1280.00', '150');
INSERT INTO `approvisionnement`(id, stock_id, fournisseur_id, date_approvisionnement, prix, quantite_commandee) VALUES (73, 43, 4, '2020-01-01', '640.00', '75');
INSERT INTO `approvisionnement`(id, stock_id, fournisseur_id, date_approvisionnement, prix, quantite_commandee) VALUES (74, 44, 4, '2020-01-01', '1740.00', '130');
INSERT INTO `approvisionnement`(id, stock_id, fournisseur_id, date_approvisionnement, prix, quantite_commandee) VALUES (75, 44, 4, '2020-01-01', '870.00', '65');
INSERT INTO `approvisionnement`(id, stock_id, fournisseur_id, date_approvisionnement, prix, quantite_commandee) VALUES (76, 45, 4, '2020-01-01', '2509.00', '80');
INSERT INTO `approvisionnement`(id, stock_id, fournisseur_id, date_approvisionnement, prix, quantite_commandee) VALUES (77, 45, 4, '2020-01-01', '1300.00', '40');
INSERT INTO `approvisionnement`(id, stock_id, fournisseur_id, date_approvisionnement, prix, quantite_commandee) VALUES (78, 46, 1, '2020-01-01', '2003.00', '80');
INSERT INTO `approvisionnement`(id, stock_id, fournisseur_id, date_approvisionnement, prix, quantite_commandee) VALUES (79, 47, 1, '2020-01-01', '1407.00', '80');
INSERT INTO `approvisionnement`(id, stock_id, fournisseur_id, date_approvisionnement, prix, quantite_commandee) VALUES (80, 48, 1, '2020-01-01', '2140.00', '100');
INSERT INTO `approvisionnement`(id, stock_id, fournisseur_id, date_approvisionnement, prix, quantite_commandee) VALUES (81, 49, 1, '2020-01-01', '1607.00', '50');
INSERT INTO `approvisionnement`(id, stock_id, fournisseur_id, date_approvisionnement, prix, quantite_commandee) VALUES (82, 50, 1, '2020-01-01', '1201.00', '40');
INSERT INTO `approvisionnement`(id, stock_id, fournisseur_id, date_approvisionnement, prix, quantite_commandee) VALUES (83, 51, 1, '2020-01-01', '1306.00', '80');
INSERT INTO `approvisionnement`(id, stock_id, fournisseur_id, date_approvisionnement, prix, quantite_commandee) VALUES (84, 52, 2, '2020-01-01', '1307.00', '80');
INSERT INTO `approvisionnement`(id, stock_id, fournisseur_id, date_approvisionnement, prix, quantite_commandee) VALUES (85, 53, 2, '2020-01-01', '1490.00', '100');
INSERT INTO `approvisionnement`(id, stock_id, fournisseur_id, date_approvisionnement, prix, quantite_commandee) VALUES (86, 54, 2, '2020-01-01', '1410.00', '35');
INSERT INTO `approvisionnement`(id, stock_id, fournisseur_id, date_approvisionnement, prix, quantite_commandee) VALUES (87, 55, 2, '2020-01-01', '1230.00', '40');
INSERT INTO `approvisionnement`(id, stock_id, fournisseur_id, date_approvisionnement, prix, quantite_commandee) VALUES (88, 56, 3, '2020-01-01', '1250.00', '45');
INSERT INTO `approvisionnement`(id, stock_id, fournisseur_id, date_approvisionnement, prix, quantite_commandee) VALUES (89, 57, 3, '2020-01-01', '1960.00', '25');
INSERT INTO `approvisionnement`(id, stock_id, fournisseur_id, date_approvisionnement, prix, quantite_commandee) VALUES (90, 58, 3, '2020-01-01', '1470.00', '20');
INSERT INTO `approvisionnement`(id, stock_id, fournisseur_id, date_approvisionnement, prix, quantite_commandee) VALUES (91, 59, 3, '2020-01-01', '1770.00', '30');
INSERT INTO `approvisionnement`(id, stock_id, fournisseur_id, date_approvisionnement, prix, quantite_commandee) VALUES (92, 60, 4, '2020-04-04', '1710.00', '40');
INSERT INTO `approvisionnement`(id, stock_id, fournisseur_id, date_approvisionnement, prix, quantite_commandee) VALUES (93, 70, 4, '2020-01-01', '1710.00', '40');
INSERT INTO `approvisionnement`(id, stock_id, fournisseur_id, date_approvisionnement, prix, quantite_commandee) VALUES (94, 71, 4, '2020-01-01', '1520.00', '40');
INSERT INTO `approvisionnement`(id, stock_id, fournisseur_id, date_approvisionnement, prix, quantite_commandee) VALUES (95, 71, 1, '2020-01-01', '1750.00', '50');
INSERT INTO `approvisionnement`(id, stock_id, fournisseur_id, date_approvisionnement, prix, quantite_commandee) VALUES (96, 71, 1, '2020-01-01', '900.00', '25');
INSERT INTO `approvisionnement`(id, stock_id, fournisseur_id, date_approvisionnement, prix, quantite_commandee) VALUES (97, 72, 1, '2020-01-01', '1900.00', '100');
INSERT INTO `approvisionnement`(id, stock_id, fournisseur_id, date_approvisionnement, prix, quantite_commandee) VALUES (98, 72, 1, '2020-01-01', '950.00', '50');
INSERT INTO `approvisionnement`(id, stock_id, fournisseur_id, date_approvisionnement, prix, quantite_commandee) VALUES (99, 73, 2, '2020-01-01', '1500.00', '75');
INSERT INTO `approvisionnement`(id, stock_id, fournisseur_id, date_approvisionnement, prix, quantite_commandee) VALUES (100, 73, 2, '2020-01-01', '750.00', '35');
INSERT INTO `approvisionnement`(id, stock_id, fournisseur_id, date_approvisionnement, prix, quantite_commandee) VALUES (101, 74, 2, '2020-01-01', '2000.00', '75');
INSERT INTO `approvisionnement`(id, stock_id, fournisseur_id, date_approvisionnement, prix, quantite_commandee) VALUES (102, 74, 2, '2020-01-01', '1050.00', '40');
INSERT INTO `approvisionnement`(id, stock_id, fournisseur_id, date_approvisionnement, prix, quantite_commandee) VALUES (103, 75, 2, '2020-01-01', '2030.00', '80');
INSERT INTO `approvisionnement`(id, stock_id, fournisseur_id, date_approvisionnement, prix, quantite_commandee) VALUES (104, 75, 2, '2020-01-01', '1020.00', '40');
INSERT INTO `approvisionnement`(id, stock_id, fournisseur_id, date_approvisionnement, prix, quantite_commandee) VALUES (105, 76, 2, '2020-01-01', '1570.00', '50');
INSERT INTO `approvisionnement`(id, stock_id, fournisseur_id, date_approvisionnement, prix, quantite_commandee) VALUES (106, 76, 2, '2020-01-01', '790.00', '25');
INSERT INTO `approvisionnement`(id, stock_id, fournisseur_id, date_approvisionnement, prix, quantite_commandee) VALUES (107, 77, 3, '2020-01-01', '1450.00', '60');
INSERT INTO `approvisionnement`(id, stock_id, fournisseur_id, date_approvisionnement, prix, quantite_commandee) VALUES (108, 77, 3, '2020-01-01', '770.00', '30');
INSERT INTO `approvisionnement`(id, stock_id, fournisseur_id, date_approvisionnement, prix, quantite_commandee) VALUES (109, 78, 3, '2020-01-01', '2500.00', '100');
INSERT INTO `approvisionnement`(id, stock_id, fournisseur_id, date_approvisionnement, prix, quantite_commandee) VALUES (110, 78, 3, '2020-01-01', '1250.00', '50');
INSERT INTO `approvisionnement`(id, stock_id, fournisseur_id, date_approvisionnement, prix, quantite_commandee) VALUES (111, 79, 3, '2020-01-01', '1930.00', '75');
INSERT INTO `approvisionnement`(id, stock_id, fournisseur_id, date_approvisionnement, prix, quantite_commandee) VALUES (112, 79, 3, '2020-01-01', '1000.00', '40');
INSERT INTO `approvisionnement`(id, stock_id, fournisseur_id, date_approvisionnement, prix, quantite_commandee) VALUES (113, 80, 4, '2020-01-01', '1401.00', '50');
INSERT INTO `approvisionnement`(id, stock_id, fournisseur_id, date_approvisionnement, prix, quantite_commandee) VALUES (114, 81, 4, '2020-01-01', '1240.00', '60');
INSERT INTO `approvisionnement`(id, stock_id, fournisseur_id, date_approvisionnement, prix, quantite_commandee) VALUES (115, 81, 4, '2020-01-01', '620.00', '30');
INSERT INTO `approvisionnement`(id, stock_id, fournisseur_id, date_approvisionnement, prix, quantite_commandee) VALUES (116, 82, 4, '2020-01-01', '1490.00', '100');
INSERT INTO `approvisionnement`(id, stock_id, fournisseur_id, date_approvisionnement, prix, quantite_commandee) VALUES (117, 82, 4, '2020-01-01', '750.00', '50');
INSERT INTO `approvisionnement`(id, stock_id, fournisseur_id, date_approvisionnement, prix, quantite_commandee) VALUES (118, 83, 4, '2020-01-01', '1280.00', '150');
INSERT INTO `approvisionnement`(id, stock_id, fournisseur_id, date_approvisionnement, prix, quantite_commandee) VALUES (119, 83, 4, '2020-01-01', '640.00', '75');
INSERT INTO `approvisionnement`(id, stock_id, fournisseur_id, date_approvisionnement, prix, quantite_commandee) VALUES (120, 84, 4, '2020-01-01', '1740.00', '130');
INSERT INTO `approvisionnement`(id, stock_id, fournisseur_id, date_approvisionnement, prix, quantite_commandee) VALUES (121, 84, 4, '2020-01-01', '870.00', '65');
INSERT INTO `approvisionnement`(id, stock_id, fournisseur_id, date_approvisionnement, prix, quantite_commandee) VALUES (122, 85, 4, '2020-01-01', '2509.00', '80');
INSERT INTO `approvisionnement`(id, stock_id, fournisseur_id, date_approvisionnement, prix, quantite_commandee) VALUES (123, 85, 4, '2020-01-01', '1300.00', '40');
INSERT INTO `approvisionnement`(id, stock_id, fournisseur_id, date_approvisionnement, prix, quantite_commandee) VALUES (124, 86, 1, '2020-01-01', '2003.00', '80');
INSERT INTO `approvisionnement`(id, stock_id, fournisseur_id, date_approvisionnement, prix, quantite_commandee) VALUES (125, 87, 1, '2020-01-01', '1407.00', '80');
INSERT INTO `approvisionnement`(id, stock_id, fournisseur_id, date_approvisionnement, prix, quantite_commandee) VALUES (126, 88, 1, '2020-01-01', '2140.00', '100');
INSERT INTO `approvisionnement`(id, stock_id, fournisseur_id, date_approvisionnement, prix, quantite_commandee) VALUES (127, 89, 1, '2020-01-01', '1607.00', '50');
INSERT INTO `approvisionnement`(id, stock_id, fournisseur_id, date_approvisionnement, prix, quantite_commandee) VALUES (128, 90, 1, '2020-01-01', '1201.00', '40');
INSERT INTO `approvisionnement`(id, stock_id, fournisseur_id, date_approvisionnement, prix, quantite_commandee) VALUES (129, 91, 1, '2020-01-01', '1306.00', '80');
INSERT INTO `approvisionnement`(id, stock_id, fournisseur_id, date_approvisionnement, prix, quantite_commandee) VALUES (130, 92, 2, '2020-01-01', '1307.00', '80');
INSERT INTO `approvisionnement`(id, stock_id, fournisseur_id, date_approvisionnement, prix, quantite_commandee) VALUES (131, 93, 2, '2020-01-01', '1490.00', '100');
INSERT INTO `approvisionnement`(id, stock_id, fournisseur_id, date_approvisionnement, prix, quantite_commandee) VALUES (132, 94, 2, '2020-01-01', '1410.00', '35');
INSERT INTO `approvisionnement`(id, stock_id, fournisseur_id, date_approvisionnement, prix, quantite_commandee) VALUES (133, 95, 2, '2020-01-01', '1230.00', '40');
INSERT INTO `approvisionnement`(id, stock_id, fournisseur_id, date_approvisionnement, prix, quantite_commandee) VALUES (134, 96, 3, '2020-01-01', '1250.00', '45');
INSERT INTO `approvisionnement`(id, stock_id, fournisseur_id, date_approvisionnement, prix, quantite_commandee) VALUES (135, 97, 3, '2020-01-01', '1960.00', '25');
INSERT INTO `approvisionnement`(id, stock_id, fournisseur_id, date_approvisionnement, prix, quantite_commandee) VALUES (136, 98, 3, '2020-01-01', '1470.00', '20');
INSERT INTO `approvisionnement`(id, stock_id, fournisseur_id, date_approvisionnement, prix, quantite_commandee) VALUES (137, 99, 3, '2020-01-01', '1770.00', '30');
INSERT INTO `approvisionnement`(id, stock_id, fournisseur_id, date_approvisionnement, prix, quantite_commandee) VALUES (138, 100, 4, '2020-04-04', '1710.00', '40');
INSERT INTO `approvisionnement`(id, stock_id, fournisseur_id, date_approvisionnement, prix, quantite_commandee) VALUES (139, 101, 4, '2020-01-01', '1710.00', '40');
INSERT INTO `approvisionnement`(id, stock_id, fournisseur_id, date_approvisionnement, prix, quantite_commandee) VALUES (140, 101, 4, '2020-01-01', '1520.00', '40');
INSERT INTO `approvisionnement`(id, stock_id, fournisseur_id, date_approvisionnement, prix, quantite_commandee) VALUES (141, 101, 1, '2020-01-01', '1750.00', '50');
INSERT INTO `approvisionnement`(id, stock_id, fournisseur_id, date_approvisionnement, prix, quantite_commandee) VALUES (142, 101, 1, '2020-01-01', '900.00', '25');
INSERT INTO `approvisionnement`(id, stock_id, fournisseur_id, date_approvisionnement, prix, quantite_commandee) VALUES (143, 102, 1, '2020-01-01', '1900.00', '100');
INSERT INTO `approvisionnement`(id, stock_id, fournisseur_id, date_approvisionnement, prix, quantite_commandee) VALUES (144, 102, 1, '2020-01-01', '950.00', '50');
INSERT INTO `approvisionnement`(id, stock_id, fournisseur_id, date_approvisionnement, prix, quantite_commandee) VALUES (145, 103, 2, '2020-01-01', '1500.00', '75');
INSERT INTO `approvisionnement`(id, stock_id, fournisseur_id, date_approvisionnement, prix, quantite_commandee) VALUES (146, 103, 2, '2020-01-01', '750.00', '35');
INSERT INTO `approvisionnement`(id, stock_id, fournisseur_id, date_approvisionnement, prix, quantite_commandee) VALUES (147, 104, 2, '2020-01-01', '2000.00', '75');
INSERT INTO `approvisionnement`(id, stock_id, fournisseur_id, date_approvisionnement, prix, quantite_commandee) VALUES (148, 104, 2, '2020-01-01', '1050.00', '40');
INSERT INTO `approvisionnement`(id, stock_id, fournisseur_id, date_approvisionnement, prix, quantite_commandee) VALUES (149, 105, 2, '2020-01-01', '2030.00', '80');
INSERT INTO `approvisionnement`(id, stock_id, fournisseur_id, date_approvisionnement, prix, quantite_commandee) VALUES (150, 105, 2, '2020-01-01', '1020.00', '40');
INSERT INTO `approvisionnement`(id, stock_id, fournisseur_id, date_approvisionnement, prix, quantite_commandee) VALUES (151, 106, 2, '2020-01-01', '1570.00', '50');
INSERT INTO `approvisionnement`(id, stock_id, fournisseur_id, date_approvisionnement, prix, quantite_commandee) VALUES (152, 106, 2, '2020-01-01', '790.00', '25');
INSERT INTO `approvisionnement`(id, stock_id, fournisseur_id, date_approvisionnement, prix, quantite_commandee) VALUES (153, 107, 3, '2020-01-01', '1450.00', '60');
INSERT INTO `approvisionnement`(id, stock_id, fournisseur_id, date_approvisionnement, prix, quantite_commandee) VALUES (154, 107, 3, '2020-01-01', '770.00', '30');
INSERT INTO `approvisionnement`(id, stock_id, fournisseur_id, date_approvisionnement, prix, quantite_commandee) VALUES (155, 108, 3, '2020-01-01', '2500.00', '100');
INSERT INTO `approvisionnement`(id, stock_id, fournisseur_id, date_approvisionnement, prix, quantite_commandee) VALUES (156, 108, 3, '2020-01-01', '1250.00', '50');
INSERT INTO `approvisionnement`(id, stock_id, fournisseur_id, date_approvisionnement, prix, quantite_commandee) VALUES (157, 109, 3, '2020-01-01', '1930.00', '75');
INSERT INTO `approvisionnement`(id, stock_id, fournisseur_id, date_approvisionnement, prix, quantite_commandee) VALUES (158, 109, 3, '2020-01-01', '1000.00', '40');
INSERT INTO `approvisionnement`(id, stock_id, fournisseur_id, date_approvisionnement, prix, quantite_commandee) VALUES (159, 110, 4, '2020-01-01', '1401.00', '50');
INSERT INTO `approvisionnement`(id, stock_id, fournisseur_id, date_approvisionnement, prix, quantite_commandee) VALUES (160, 110, 4, '2020-01-01', '700.50', '25');
INSERT INTO `approvisionnement`(id, stock_id, fournisseur_id, date_approvisionnement, prix, quantite_commandee) VALUES (161, 111, 4, '2020-01-01', '1240.00', '60');
INSERT INTO `approvisionnement`(id, stock_id, fournisseur_id, date_approvisionnement, prix, quantite_commandee) VALUES (162, 111, 4, '2020-01-01', '620.00', '30');
INSERT INTO `approvisionnement`(id, stock_id, fournisseur_id, date_approvisionnement, prix, quantite_commandee) VALUES (163, 112, 4, '2020-01-01', '1490.00', '100');
INSERT INTO `approvisionnement`(id, stock_id, fournisseur_id, date_approvisionnement, prix, quantite_commandee) VALUES (164, 112, 4, '2020-01-01', '750.00', '50');
INSERT INTO `approvisionnement`(id, stock_id, fournisseur_id, date_approvisionnement, prix, quantite_commandee) VALUES (165, 113, 4, '2020-01-01', '1280.00', '150');
INSERT INTO `approvisionnement`(id, stock_id, fournisseur_id, date_approvisionnement, prix, quantite_commandee) VALUES (166, 113, 4, '2020-01-01', '640.00', '75');
INSERT INTO `approvisionnement`(id, stock_id, fournisseur_id, date_approvisionnement, prix, quantite_commandee) VALUES (167, 114, 4, '2020-01-01', '1740.00', '130');
INSERT INTO `approvisionnement`(id, stock_id, fournisseur_id, date_approvisionnement, prix, quantite_commandee) VALUES (168, 114, 4, '2020-01-01', '870.00', '65');
INSERT INTO `approvisionnement`(id, stock_id, fournisseur_id, date_approvisionnement, prix, quantite_commandee) VALUES (169, 115, 4, '2020-01-01', '2509.00', '80');
INSERT INTO `approvisionnement`(id, stock_id, fournisseur_id, date_approvisionnement, prix, quantite_commandee) VALUES (170, 115, 4, '2020-01-01', '1300.00', '40');
INSERT INTO `approvisionnement`(id, stock_id, fournisseur_id, date_approvisionnement, prix, quantite_commandee) VALUES (171, 116, 1, '2020-01-01', '2003.00', '80');
INSERT INTO `approvisionnement`(id, stock_id, fournisseur_id, date_approvisionnement, prix, quantite_commandee) VALUES (172, 117, 1, '2020-01-01', '1407.00', '80');
INSERT INTO `approvisionnement`(id, stock_id, fournisseur_id, date_approvisionnement, prix, quantite_commandee) VALUES (173, 118, 1, '2020-01-01', '2140.00', '100');
INSERT INTO `approvisionnement`(id, stock_id, fournisseur_id, date_approvisionnement, prix, quantite_commandee) VALUES (174, 119, 1, '2020-01-01', '1607.00', '50');
INSERT INTO `approvisionnement`(id, stock_id, fournisseur_id, date_approvisionnement, prix, quantite_commandee) VALUES (175, 120, 1, '2020-01-01', '1201.00', '40');
INSERT INTO `approvisionnement`(id, stock_id, fournisseur_id, date_approvisionnement, prix, quantite_commandee) VALUES (176, 121, 1, '2020-01-01', '1306.00', '80');
INSERT INTO `approvisionnement`(id, stock_id, fournisseur_id, date_approvisionnement, prix, quantite_commandee) VALUES (177, 122, 2, '2020-01-01', '1307.00', '80');
INSERT INTO `approvisionnement`(id, stock_id, fournisseur_id, date_approvisionnement, prix, quantite_commandee) VALUES (178, 123, 2, '2020-01-01', '1490.00', '100');
INSERT INTO `approvisionnement`(id, stock_id, fournisseur_id, date_approvisionnement, prix, quantite_commandee) VALUES (179, 124, 2, '2020-01-01', '1410.00', '35');
INSERT INTO `approvisionnement`(id, stock_id, fournisseur_id, date_approvisionnement, prix, quantite_commandee) VALUES (180, 125, 2, '2020-01-01', '1230.00', '40');
INSERT INTO `approvisionnement`(id, stock_id, fournisseur_id, date_approvisionnement, prix, quantite_commandee) VALUES (181, 126, 3, '2020-01-01', '1250.00', '45');
INSERT INTO `approvisionnement`(id, stock_id, fournisseur_id, date_approvisionnement, prix, quantite_commandee) VALUES (182, 127, 3, '2020-01-01', '1960.00', '25');
INSERT INTO `approvisionnement`(id, stock_id, fournisseur_id, date_approvisionnement, prix, quantite_commandee) VALUES (183, 128, 3, '2020-01-01', '1470.00', '20');
INSERT INTO `approvisionnement`(id, stock_id, fournisseur_id, date_approvisionnement, prix, quantite_commandee) VALUES (184, 129, 3, '2020-01-01', '1770.00', '30');
INSERT INTO `approvisionnement`(id, stock_id, fournisseur_id, date_approvisionnement, prix, quantite_commandee) VALUES (185, 130, 4, '2020-04-04', '1710.00', '40');
INSERT INTO `approvisionnement`(id, stock_id, fournisseur_id, date_approvisionnement, prix, quantite_commandee) VALUES (186, 131, 4, '2020-01-01', '1710.00', '40');
INSERT INTO `approvisionnement`(id, stock_id, fournisseur_id, date_approvisionnement, prix, quantite_commandee) VALUES (187, 132, 4, '2020-01-01', '1520.00', '40');


INSERT INTO `commande`(id, client_id, date_creation, date_expedition, prix) VALUES (1, 18,'2018-12-04', '2018-12-05', '1299.99');
INSERT INTO `commande`(id, client_id, date_creation, date_expedition, prix) VALUES (2, 18,'2019-12-15', '2019-12-16', '3189.95');
INSERT INTO `commande`(id, client_id, date_creation, date_expedition, prix) VALUES (3, 18,'2020-01-07', '2020-01-08', '1489.95');
INSERT INTO `commande`(id, client_id, date_creation, date_expedition, prix) VALUES (4, 18,'2018-03-15', '2018-03-16', '449.95');
INSERT INTO `commande`(id, client_id, date_creation, date_expedition, prix) VALUES (5, 19,'2018-12-04', '2018-12-05', '1489.95');
INSERT INTO `commande`(id, client_id, date_creation, date_expedition, prix) VALUES (6, 19,'2019-03-08', '2019-03-09', '699.95');
INSERT INTO `commande`(id, client_id, date_creation, date_expedition, prix) VALUES (7, 19,'2020-01-07', '2020-01-08', '1667.59');
INSERT INTO `commande`(id, client_id, date_creation, date_expedition, prix) VALUES (8, 19,'2018-07-15', '2018-07-16', '3189.95');
INSERT INTO `commande`(id, client_id, date_creation, date_expedition, prix) VALUES (9, 20,'2019-01-04', '2019-01-05', '1489.95');
INSERT INTO `commande`(id, client_id, date_creation, date_expedition, prix) VALUES (10, 20,'2019-12-08', '2019-12-09', '1299.99');
INSERT INTO `commande`(id, client_id, date_creation, date_expedition, prix) VALUES (11, 20,'2018-02-04', '2018-02-05', '699.95');
INSERT INTO `commande`(id, client_id, date_creation, date_expedition, prix) VALUES (12, 20,'2019-01-20', '2019-01-21', '802.40');
INSERT INTO `commande`(id, client_id, date_creation, date_expedition, prix) VALUES (13, 17,'2018-12-04', '2018-12-05', '999.95');
INSERT INTO `commande`(id, client_id, date_creation, date_expedition, prix) VALUES (14, 17,'2019-01-08', '2019-01-09', '1299.99');
INSERT INTO `commande`(id, client_id, date_creation, date_expedition, prix) VALUES (15, 17,'2020-01-07', '2020-01-08', '3189.95');
INSERT INTO `commande`(id, client_id, date_creation, date_expedition, prix) VALUES (16, 17,'2019-10-15', '2019-10-16', '1489.95');
INSERT INTO `commande`(id, client_id, date_creation, date_expedition, prix) VALUES (17, 5,'2019-01-04', '2019-01-05', '449.95');
INSERT INTO `commande`(id, client_id, date_creation, date_expedition, prix) VALUES (18, 5,'2019-12-08', '2019-12-09', '1489.95');
INSERT INTO `commande`(id, client_id, date_creation, date_expedition, prix) VALUES (19, 5,'2020-01-07', '2020-01-08', '699.95');
INSERT INTO `commande`(id, client_id, date_creation, date_expedition, prix) VALUES (20, 5,'2020-01-15', '2020-01-16', '449.00');
INSERT INTO `commande`(id, client_id, date_creation, date_expedition, prix) VALUES (21, 6,'2018-12-04', '2018-12-05', '1761.59');
INSERT INTO `commande`(id, client_id, date_creation, date_expedition, prix) VALUES (22, 6,'2019-12-08', '2019-12-09', '1349.85');
INSERT INTO `commande`(id, client_id, date_creation, date_expedition, prix) VALUES (23, 6,'2020-01-07', '2020-01-08', '1299.99');
INSERT INTO `commande`(id, client_id, date_creation, date_expedition, prix) VALUES (24, 6,'2020-02-15', '2020-02-16', '3189.95');
INSERT INTO `commande`(id, client_id, date_creation, date_expedition, prix) VALUES (25, 7,'2018-12-04', '2018-12-05', '1489.95');
INSERT INTO `commande`(id, client_id, date_creation, date_expedition, prix) VALUES (26, 7,'2019-12-08', '2019-12-09', '449.95');
INSERT INTO `commande`(id, client_id, date_creation, date_expedition, prix) VALUES (27, 7,'2020-01-07', '2020-01-08', '1489.95');
INSERT INTO `commande`(id, client_id, date_creation, date_expedition, prix) VALUES (28, 7,'2019-02-15', '2019-02-16', '699.95');
INSERT INTO `commande`(id, client_id, date_creation, date_expedition, prix) VALUES (29, 8,'2018-12-04', '2018-12-05', '1761.59');
INSERT INTO `commande`(id, client_id, date_creation, date_expedition, prix) VALUES (30, 8,'2019-12-08', '2019-12-09', '999.95');
INSERT INTO `commande`(id, client_id, date_creation, date_expedition, prix) VALUES (31, 8,'2020-01-07', '2020-01-08', '1499.95');
INSERT INTO `commande`(id, client_id, date_creation, date_expedition, prix) VALUES (32, 8,'2020-01-15', '2020-01-16', '1299.99');
INSERT INTO `commande`(id, client_id, date_creation, date_expedition, prix) VALUES (33, 9,'2018-03-04', '2018-03-05', '3189.95');
INSERT INTO `commande`(id, client_id, date_creation, date_expedition, prix) VALUES (34, 9,'2019-11-08', '2019-11-09', '1489.95');
INSERT INTO `commande`(id, client_id, date_creation, date_expedition, prix) VALUES (35, 9,'2019-07-07', '2019-07-08', '699.95');
INSERT INTO `commande`(id, client_id, date_creation, date_expedition, prix) VALUES (36, 9,'2019-08-15', '2019-08-16', '1489.95');
INSERT INTO `commande`(id, client_id, date_creation, date_expedition, prix) VALUES (37, 10,'2018-02-04', '2018-02-05', '1649.95');
INSERT INTO `commande`(id, client_id, date_creation, date_expedition, prix) VALUES (38, 10,'2019-06-08', '2019-06-09', '749.99');
INSERT INTO `commande`(id, client_id, date_creation, date_expedition, prix) VALUES (39, 10,'2019-08-07', '2019-08-08', '1049.99');
INSERT INTO `commande`(id, client_id, date_creation, date_expedition, prix) VALUES (40, 10,'2019-09-15', '2019-09-16', '1589.99');
INSERT INTO `commande`(id, client_id, date_creation, date_expedition, prix) VALUES (41, 11,'2018-04-04', '2018-04-05', '749.99');
INSERT INTO `commande`(id, client_id, date_creation, date_expedition, prix) VALUES (42, 11,'2019-02-08', '2019-02-09', '1299.99');
INSERT INTO `commande`(id, client_id, date_creation, date_expedition, prix) VALUES (43, 11,'2019-03-07', '2019-03-08', '749.99');
INSERT INTO `commande`(id, client_id, date_creation, date_expedition, prix) VALUES (44, 11,'2019-09-15', '2019-09-16', '3189.95');
INSERT INTO `commande`(id, client_id, date_creation, date_expedition, prix) VALUES (45, 12,'2018-12-04', '2018-12-05', '749.99');
INSERT INTO `commande`(id, client_id, date_creation, date_expedition, prix) VALUES (46, 12,'2019-12-08', '2019-12-09', '699.99');
INSERT INTO `commande`(id, client_id, date_creation, date_expedition, prix) VALUES (47, 12,'2020-01-07', '2020-01-08', '589.99');
INSERT INTO `commande`(id, client_id, date_creation, date_expedition, prix) VALUES (48, 12,'2020-01-15', '2020-01-16', '1279.89');
INSERT INTO `commande`(id, client_id, date_creation, date_expedition, prix) VALUES (49, 13,'2018-08-04', '2018-08-05', '1489.89');
INSERT INTO `commande`(id, client_id, date_creation, date_expedition, prix) VALUES (50, 13,'2019-05-08', '2019-05-09', '1299.99');
INSERT INTO `commande`(id, client_id, date_creation, date_expedition, prix) VALUES (51, 13,'2019-09-07', '2019-09-08', '3189.95');
INSERT INTO `commande`(id, client_id, date_creation, date_expedition, prix) VALUES (52, 13,'2020-12-15', '2020-12-16', '1489.95');
INSERT INTO `commande`(id, client_id, date_creation, date_expedition, prix) VALUES (53, 14,'2018-10-04', '2018-10-05', '449.95');
INSERT INTO `commande`(id, client_id, date_creation, date_expedition, prix) VALUES (54, 14,'2019-05-08', '2019-05-09', '1489.95');
INSERT INTO `commande`(id, client_id, date_creation, date_expedition, prix) VALUES (55, 14,'2019-10-07', '2019-10-08', '699.95');
INSERT INTO `commande`(id, client_id, date_creation, date_expedition, prix) VALUES (56, 14,'2020-01-15', '2020-01-16', '749.99');
INSERT INTO `commande`(id, client_id, date_creation, date_expedition, prix) VALUES (57, 15,'2019-01-04', '2019-01-05', '1337.89');
INSERT INTO `commande`(id, client_id, date_creation, date_expedition, prix) VALUES (58, 15,'2019-07-08', '2019-07-09', '589.99');
INSERT INTO `commande`(id, client_id, date_creation, date_expedition, prix) VALUES (59, 15,'2019-08-07', '2019-08-08', '1299.99');
INSERT INTO `commande`(id, client_id, date_creation, date_expedition, prix) VALUES (60, 15,'2019-12-15', '2019-12-16', '3189.95');
INSERT INTO `commande`(id, client_id, date_creation, date_expedition, prix) VALUES (61, 16,'2018-01-04', '2018-01-05', '1489.95');
INSERT INTO `commande`(id, client_id, date_creation, date_expedition, prix) VALUES (62, 16,'2019-05-08', '2019-05-09', '449.95');
INSERT INTO `commande`(id, client_id, date_creation, date_expedition, prix) VALUES (63, 16,'2019-12-07', '2019-12-08', '1489.95');
INSERT INTO `commande`(id, client_id, date_creation, date_expedition, prix) VALUES (64, 16,'2019-06-15', '2019-06-16', '699.95');
INSERT INTO `commande`(id, client_id, date_creation, date_expedition, prix) VALUES (65, 17,'2018-04-04', '2018-04-05', '1667.59');
INSERT INTO `commande`(id, client_id, date_creation, date_expedition, prix) VALUES (66, 17,'2019-09-08', '2019-09-09', '179.95');
INSERT INTO `commande`(id, client_id, date_creation, date_expedition, prix) VALUES (67, 17,'2019-12-07', '2019-12-08', '1299.99');
INSERT INTO `commande`(id, client_id, date_creation, date_expedition, prix) VALUES (68, 17,'2020-01-15', '2020-01-16', '3189.95');
INSERT INTO `commande`(id, client_id, date_creation, date_expedition, prix) VALUES (69, 18,'2019-10-02', '2019-10-03', '1489.95');
INSERT INTO `commande`(id, client_id, date_creation, date_expedition, prix) VALUES (70, 19,'2019-04-02', '2019-04-02', '449.95');
INSERT INTO `commande`(id, client_id, date_creation, date_expedition, prix) VALUES (71, 20,'2018-12-02', '2018-12-03', '1489.95');
INSERT INTO `commande`(id, client_id, date_creation, date_expedition, prix) VALUES (72, 6,'2018-09-02', '2018-09-03', '699.95');
INSERT INTO `commande`(id, client_id, date_creation, date_expedition, prix) VALUES (73, 11,'2018-05-02', '2018-05-02', '749.99');
INSERT INTO `commande`(id, client_id, date_creation, date_expedition, prix) VALUES (74, 12,'2018-06-02', '2018-06-02', '699.99');
INSERT INTO `commande`(id, client_id, date_creation, date_expedition, prix) VALUES (75, 13,'2018-01-02', '2018-01-03', '589.99');
INSERT INTO `commande`(id, client_id, date_creation, date_expedition, prix) VALUES (77, 14,'2018-11-02', '2018-11-03', '1667.59');
INSERT INTO `commande`(id, client_id, date_creation, date_expedition, prix) VALUES (78, 15,'2020-03-03', '2020-03-03', '1314.79');
INSERT INTO `commande`(id, client_id, date_creation, date_expedition, prix) VALUES (79, 16,'2020-03-03', '2020-03-03', '399.95');
INSERT INTO `commande`(id, client_id, date_creation, date_expedition, prix) VALUES (80, 13,'2018-12-02', '2018-12-02', '1489.95');
INSERT INTO `commande`(id, client_id, date_creation, date_expedition, prix) VALUES (81, 5,'2019-01-02', '2019-01-03', '1489.95');
INSERT INTO `commande`(id, client_id, date_creation, date_expedition, prix) VALUES (82, 20,'2019-12-02', '2019-12-03', '1489.95');
INSERT INTO `commande`(id, client_id, date_creation, date_expedition, prix) VALUES (83, 14,'2020-01-02', '2020-01-02', '1489.95');
INSERT INTO `commande`(id, client_id, date_creation, date_expedition, prix) VALUES (84, 15,'2020-01-02', '2020-01-02', '1489.95');
INSERT INTO `commande`(id, client_id, date_creation, date_expedition, prix) VALUES (85, 13,'2018-12-02', '2018-12-02', '1489.95');
INSERT INTO `commande`(id, client_id, date_creation, date_expedition, prix) VALUES (86, 11,'2019-01-02', '2019-01-03', '1489.95');
INSERT INTO `commande`(id, client_id, date_creation, date_expedition, prix) VALUES (87, 12,'2019-12-02', '2019-12-03', '979.99');
INSERT INTO `commande`(id, client_id, date_creation, date_expedition, prix) VALUES (88, 14,'2020-01-02', '2020-01-02', '979.99');
INSERT INTO `commande`(id, client_id, date_creation, date_expedition, prix) VALUES (89, 15,'2020-01-02', '2020-01-02', '979.99');
INSERT INTO `commande`(id, client_id, date_creation, date_expedition, prix) VALUES (90, 13,'2018-12-02', '2018-12-02', '979.99');
INSERT INTO `commande`(id, client_id, date_creation, date_expedition, prix) VALUES (91, 19,'2019-01-02', '2019-01-03', '979.99');
INSERT INTO `commande`(id, client_id, date_creation, date_expedition, prix) VALUES (92, 18,'2019-12-02', '2019-12-03', '979.99');
INSERT INTO `commande`(id, client_id, date_creation, date_expedition, prix) VALUES (93, 17,'2020-01-02', '2020-01-02', '1589.99');
INSERT INTO `commande`(id, client_id, date_creation, date_expedition, prix) VALUES (94, 10,'2020-01-02', '2020-01-02', '1589.99');
INSERT INTO `commande`(id, client_id, date_creation, date_expedition, prix) VALUES (95, 09,'2018-12-02', '2018-12-02', '1589.99');
INSERT INTO `commande`(id, client_id, date_creation, date_expedition, prix) VALUES (96, 08,'2019-01-02', '2019-01-03', '1589.99');
INSERT INTO `commande`(id, client_id, date_creation, date_expedition, prix) VALUES (97, 07,'2019-12-02', '2019-12-03', '1589.99');
INSERT INTO `commande`(id, client_id, date_creation, date_expedition, prix) VALUES (98, 06,'2020-01-02', '2020-01-02', '1589.99');
INSERT INTO `commande`(id, client_id, date_creation, date_expedition, prix) VALUES (99, 05,'2020-01-02', '2020-01-02', '1589.99');
INSERT INTO `commande`(id, client_id, date_creation, date_expedition, prix) VALUES (100, 21,'2020-03-02', null, '42.0');
INSERT INTO `commande`(id, client_id, date_creation, date_expedition, prix) VALUES (101, 22,'2020-03-02', null, '42.0');
INSERT INTO `commande`(id, client_id, date_creation, date_expedition, prix) VALUES (102, 23,'2020-03-02', null, '42.0');
INSERT INTO `commande`(id, client_id, date_creation, date_expedition, prix) VALUES (103, 24,'2020-03-02', null, '42.0');
INSERT INTO `commande`(id, client_id, date_creation, date_expedition, prix) VALUES (104, 25,'2020-03-02', null, '42.0');
INSERT INTO `commande`(id, client_id, date_creation, date_expedition, prix) VALUES (105, 26,'2020-03-02', null, '42.0');
INSERT INTO `commande`(id, client_id, date_creation, date_expedition, prix) VALUES (106, 27,'2020-03-02', null, '42.0');
INSERT INTO `commande`(id, client_id, date_creation, date_expedition, prix) VALUES (107, 28,'2020-03-02', null, '42.0');
INSERT INTO `commande`(id, client_id, date_creation, date_expedition, prix) VALUES (108, 29,'2020-03-02', null, '42.0');
INSERT INTO `commande`(id, client_id, date_creation, date_expedition, prix) VALUES (109, 26,'2020-03-02', null, '42.0');
INSERT INTO `commande`(id, client_id, date_creation, date_expedition, prix) VALUES (110, 27,'2020-03-02', null, '42.0');
INSERT INTO `commande`(id, client_id, date_creation, date_expedition, prix) VALUES (111, 28,'2020-03-02', null, '42.0');
INSERT INTO `commande`(id, client_id, date_creation, date_expedition, prix) VALUES (112, 29,'2020-03-02', null, '42.0');


INSERT INTO `ligne_commande`(id, commande_id, produit_id, quantite, prix_total) VALUES (1, 1, 713, 1, '1299.99');
INSERT INTO `ligne_commande`(id, commande_id, produit_id, quantite, prix_total) VALUES (2, 2, 808, 1, '3189.95');
INSERT INTO `ligne_commande`(id, commande_id, produit_id, quantite, prix_total) VALUES (3, 3, 807, 1, '1489.95');
INSERT INTO `ligne_commande`(id, commande_id, produit_id, quantite, prix_total) VALUES (4, 4, 605, 1, '449.95');
INSERT INTO `ligne_commande`(id, commande_id, produit_id, quantite, prix_total) VALUES (5, 5, 807, 1, '1489.95');
INSERT INTO `ligne_commande`(id, commande_id, produit_id, quantite, prix_total) VALUES (6, 6, 802, 1, '699.95');
INSERT INTO `ligne_commande`(id, commande_id, produit_id, quantite, prix_total) VALUES (7, 7, 1008, 1, '384.95');
INSERT INTO `ligne_commande`(id, commande_id, produit_id, quantite, prix_total) VALUES (8, 7, 1402, 1, '72.95');
INSERT INTO `ligne_commande`(id, commande_id, produit_id, quantite, prix_total) VALUES (9, 7, 303, 1, '417.95');
INSERT INTO `ligne_commande`(id, commande_id, produit_id, quantite, prix_total) VALUES (10, 7, 1106, 1, '31.95');
INSERT INTO `ligne_commande`(id, commande_id, produit_id, quantite, prix_total) VALUES (11, 7, 1201, 1, '74.95');
INSERT INTO `ligne_commande`(id, commande_id, produit_id, quantite, prix_total) VALUES (12, 7, 203, 1, '499.94');
INSERT INTO `ligne_commande`(id, commande_id, produit_id, quantite, prix_total) VALUES (13, 7, 103, 1, '89.95');
INSERT INTO `ligne_commande`(id, commande_id, produit_id, quantite, prix_total) VALUES (14, 7, 4, 1, '94.95');
INSERT INTO `ligne_commande`(id, commande_id, produit_id, quantite, prix_total) VALUES (15, 8, 808, 1, '3189.95');
INSERT INTO `ligne_commande`(id, commande_id, produit_id, quantite, prix_total) VALUES (16, 9, 807, 1, '1489.95');
INSERT INTO `ligne_commande`(id, commande_id, produit_id, quantite, prix_total) VALUES (17, 10, 713, 1, '1299.99');
INSERT INTO `ligne_commande`(id, commande_id, produit_id, quantite, prix_total) VALUES (18, 11, 802, 1, '699.95');
INSERT INTO `ligne_commande`(id, commande_id, produit_id, quantite, prix_total) VALUES (19, 12, 1003, 1, '239.95');
INSERT INTO `ligne_commande`(id, commande_id, produit_id, quantite, prix_total) VALUES (20, 12, 1407, 1, '68.95');
INSERT INTO `ligne_commande`(id, commande_id, produit_id, quantite, prix_total) VALUES (21, 12, 308, 1, '169.95');
INSERT INTO `ligne_commande`(id, commande_id, produit_id, quantite, prix_total) VALUES (22, 12, 1106, 1, '31.95');
INSERT INTO `ligne_commande`(id, commande_id, produit_id, quantite, prix_total) VALUES (23, 12, 1210, 1, '59.95');
INSERT INTO `ligne_commande`(id, commande_id, produit_id, quantite, prix_total) VALUES (24, 12, 205, 1, '88.75');
INSERT INTO `ligne_commande`(id, commande_id, produit_id, quantite, prix_total) VALUES (25, 12, 104, 1, '69.95');
INSERT INTO `ligne_commande`(id, commande_id, produit_id, quantite, prix_total) VALUES (26, 12, 1, 1, '72.95');
INSERT INTO `ligne_commande`(id, commande_id, produit_id, quantite, prix_total) VALUES (27, 13, 803, 1, '999.95');
INSERT INTO `ligne_commande`(id, commande_id, produit_id, quantite, prix_total) VALUES (28, 14, 713, 1, '1299.99');
INSERT INTO `ligne_commande`(id, commande_id, produit_id, quantite, prix_total) VALUES (29, 15, 808, 1, '3189.95');
INSERT INTO `ligne_commande`(id, commande_id, produit_id, quantite, prix_total) VALUES (30, 16, 807, 1, '1489.95');
INSERT INTO `ligne_commande`(id, commande_id, produit_id, quantite, prix_total) VALUES (31, 17, 605, 1, '449.95');
INSERT INTO `ligne_commande`(id, commande_id, produit_id, quantite, prix_total) VALUES (32, 18, 807, 1, '1489.95');
INSERT INTO `ligne_commande`(id, commande_id, produit_id, quantite, prix_total) VALUES (33, 19, 802, 1, '699.95');
INSERT INTO `ligne_commande`(id, commande_id, produit_id, quantite, prix_total) VALUES (34, 20, 101, 10, '449.00');
INSERT INTO `ligne_commande`(id, commande_id, produit_id, quantite, prix_total) VALUES (35, 21, 1004, 1, '399.95');
INSERT INTO `ligne_commande`(id, commande_id, produit_id, quantite, prix_total) VALUES (36, 21, 1405, 1, '89.95');
INSERT INTO `ligne_commande`(id, commande_id, produit_id, quantite, prix_total) VALUES (37, 21, 308, 1, '169.95');
INSERT INTO `ligne_commande`(id, commande_id, produit_id, quantite, prix_total) VALUES (38, 21, 1112, 1, '91.95');
INSERT INTO `ligne_commande`(id, commande_id, produit_id, quantite, prix_total) VALUES (39, 21, 1203, 1, '169.95');
INSERT INTO `ligne_commande`(id, commande_id, produit_id, quantite, prix_total) VALUES (40, 21, 202, 1, '559.94');
INSERT INTO `ligne_commande`(id, commande_id, produit_id, quantite, prix_total) VALUES (41, 21, 109, 1, '99.95');
INSERT INTO `ligne_commande`(id, commande_id, produit_id, quantite, prix_total) VALUES (42, 21, 10, 1, '179.95');
INSERT INTO `ligne_commande`(id, commande_id, produit_id, quantite, prix_total) VALUES (43, 22, 602, 3, '1349.85');
INSERT INTO `ligne_commande`(id, commande_id, produit_id, quantite, prix_total) VALUES (44, 23, 713, 1, '1299.99');
INSERT INTO `ligne_commande`(id, commande_id, produit_id, quantite, prix_total) VALUES (45, 24, 808, 1, '3189.95');
INSERT INTO `ligne_commande`(id, commande_id, produit_id, quantite, prix_total) VALUES (46, 25, 807, 1, '1489.95');
INSERT INTO `ligne_commande`(id, commande_id, produit_id, quantite, prix_total) VALUES (47, 26, 605, 1, '449.95');
INSERT INTO `ligne_commande`(id, commande_id, produit_id, quantite, prix_total) VALUES (48, 27, 807, 1, '1489.95');
INSERT INTO `ligne_commande`(id, commande_id, produit_id, quantite, prix_total) VALUES (49, 28, 802, 1, '699.95');
INSERT INTO `ligne_commande`(id, commande_id, produit_id, quantite, prix_total) VALUES (50, 29, 1004, 1, '399.95');
INSERT INTO `ligne_commande`(id, commande_id, produit_id, quantite, prix_total) VALUES (51, 29, 1405, 1, '89.95');
INSERT INTO `ligne_commande`(id, commande_id, produit_id, quantite, prix_total) VALUES (52, 29, 308, 1, '169.95');
INSERT INTO `ligne_commande`(id, commande_id, produit_id, quantite, prix_total) VALUES (53, 29, 1112, 1, '91.95');
INSERT INTO `ligne_commande`(id, commande_id, produit_id, quantite, prix_total) VALUES (54, 29, 1203, 1, '169.95');
INSERT INTO `ligne_commande`(id, commande_id, produit_id, quantite, prix_total) VALUES (55, 29, 202, 1, '559.94');
INSERT INTO `ligne_commande`(id, commande_id, produit_id, quantite, prix_total) VALUES (56, 29, 109, 1, '99.95');
INSERT INTO `ligne_commande`(id, commande_id, produit_id, quantite, prix_total) VALUES (57, 29, 10, 1, '179.95');
INSERT INTO `ligne_commande`(id, commande_id, produit_id, quantite, prix_total) VALUES (58, 30, 803, 1, '999.95');
INSERT INTO `ligne_commande`(id, commande_id, produit_id, quantite, prix_total) VALUES (59, 31, 813, 1, '1499.95');
INSERT INTO `ligne_commande`(id, commande_id, produit_id, quantite, prix_total) VALUES (60, 32, 713, 1, '1299.99');
INSERT INTO `ligne_commande`(id, commande_id, produit_id, quantite, prix_total) VALUES (61, 33, 808, 1, '3189.95');
INSERT INTO `ligne_commande`(id, commande_id, produit_id, quantite, prix_total) VALUES (62, 34, 807, 1, '1489.95');
INSERT INTO `ligne_commande`(id, commande_id, produit_id, quantite, prix_total) VALUES (63, 35, 605, 1, '449.95');
INSERT INTO `ligne_commande`(id, commande_id, produit_id, quantite, prix_total) VALUES (64, 36, 807, 1, '1489.95');
INSERT INTO `ligne_commande`(id, commande_id, produit_id, quantite, prix_total) VALUES (65, 37, 805, 1, '1649.95');
INSERT INTO `ligne_commande`(id, commande_id, produit_id, quantite, prix_total) VALUES (66, 38, 708, 1, '749.99');
INSERT INTO `ligne_commande`(id, commande_id, produit_id, quantite, prix_total) VALUES (67, 39, 712, 1, '1049.99');
INSERT INTO `ligne_commande`(id, commande_id, produit_id, quantite, prix_total) VALUES (68, 40, 715, 1, '1589.99');
INSERT INTO `ligne_commande`(id, commande_id, produit_id, quantite, prix_total) VALUES (69, 41, 708, 1, '749.99');
INSERT INTO `ligne_commande`(id, commande_id, produit_id, quantite, prix_total) VALUES (70, 42, 713, 1, '1299.99');
INSERT INTO `ligne_commande`(id, commande_id, produit_id, quantite, prix_total) VALUES (71, 43, 708, 1, '749.99');
INSERT INTO `ligne_commande`(id, commande_id, produit_id, quantite, prix_total) VALUES (72, 44, 808, 1, '3189.95');
INSERT INTO `ligne_commande`(id, commande_id, produit_id, quantite, prix_total) VALUES (73, 45, 708, 1, '749.99');
INSERT INTO `ligne_commande`(id, commande_id, produit_id, quantite, prix_total) VALUES (74, 46, 701, 1, '699.99');
INSERT INTO `ligne_commande`(id, commande_id, produit_id, quantite, prix_total) VALUES (75, 47, 704, 1, '589.99');
INSERT INTO `ligne_commande`(id, commande_id, produit_id, quantite, prix_total) VALUES (76, 48, 709, 1, '849.99');
INSERT INTO `ligne_commande`(id, commande_id, produit_id, quantite, prix_total) VALUES (77, 48, 609, 1, '279.95');
INSERT INTO `ligne_commande`(id, commande_id, produit_id, quantite, prix_total) VALUES (78, 48, 515, 1, '149.95');
INSERT INTO `ligne_commande`(id, commande_id, produit_id, quantite, prix_total) VALUES (79, 49, 711, 1, '979.99');
INSERT INTO `ligne_commande`(id, commande_id, produit_id, quantite, prix_total) VALUES (80, 49, 602, 1, '449.95');
INSERT INTO `ligne_commande`(id, commande_id, produit_id, quantite, prix_total) VALUES (81, 49, 1307, 1, '59.95');
INSERT INTO `ligne_commande`(id, commande_id, produit_id, quantite, prix_total) VALUES (82, 50, 713, 1, '1299.99');
INSERT INTO `ligne_commande`(id, commande_id, produit_id, quantite, prix_total) VALUES (83, 51, 808, 1, '3189.95');
INSERT INTO `ligne_commande`(id, commande_id, produit_id, quantite, prix_total) VALUES (84, 52, 807, 1, '1489.95');
INSERT INTO `ligne_commande`(id, commande_id, produit_id, quantite, prix_total) VALUES (85, 53, 605, 1, '449.95');
INSERT INTO `ligne_commande`(id, commande_id, produit_id, quantite, prix_total) VALUES (86, 54, 807, 1, '1489.95');
INSERT INTO `ligne_commande`(id, commande_id, produit_id, quantite, prix_total) VALUES (87, 55, 802, 1, '699.95');
INSERT INTO `ligne_commande`(id, commande_id, produit_id, quantite, prix_total) VALUES (88, 56, 708, 1, '749.99');
INSERT INTO `ligne_commande`(id, commande_id, produit_id, quantite, prix_total) VALUES (89, 57, 712, 1, '1049.99');
INSERT INTO `ligne_commande`(id, commande_id, produit_id, quantite, prix_total) VALUES (90, 57, 604, 1, '269.95');
INSERT INTO `ligne_commande`(id, commande_id, produit_id, quantite, prix_total) VALUES (91, 57, 1303, 1, '17.95');
INSERT INTO `ligne_commande`(id, commande_id, produit_id, quantite, prix_total) VALUES (92, 58, 704, 1, '589.99');
INSERT INTO `ligne_commande`(id, commande_id, produit_id, quantite, prix_total) VALUES (93, 59, 713, 1, '1299.99');
INSERT INTO `ligne_commande`(id, commande_id, produit_id, quantite, prix_total) VALUES (94, 60, 808, 1, '3189.95');
INSERT INTO `ligne_commande`(id, commande_id, produit_id, quantite, prix_total) VALUES (95, 61, 807, 1, '1489.95');
INSERT INTO `ligne_commande`(id, commande_id, produit_id, quantite, prix_total) VALUES (96, 62, 605, 1, '449.95');
INSERT INTO `ligne_commande`(id, commande_id, produit_id, quantite, prix_total) VALUES (97, 63, 807, 1, '1489.95');
INSERT INTO `ligne_commande`(id, commande_id, produit_id, quantite, prix_total) VALUES (98, 64, 602, 1, '699.95');
INSERT INTO `ligne_commande`(id, commande_id, produit_id, quantite, prix_total) VALUES (99, 65, 1008, 1, '384.95');
INSERT INTO `ligne_commande`(id, commande_id, produit_id, quantite, prix_total) VALUES (100, 65, 1402, 1, '72.95');
INSERT INTO `ligne_commande`(id, commande_id, produit_id, quantite, prix_total) VALUES (101, 65, 303, 1, '417.95');
INSERT INTO `ligne_commande`(id, commande_id, produit_id, quantite, prix_total) VALUES (102, 65, 1106, 1, '31.95');
INSERT INTO `ligne_commande`(id, commande_id, produit_id, quantite, prix_total) VALUES (103, 65, 1201, 1, '74.95');
INSERT INTO `ligne_commande`(id, commande_id, produit_id, quantite, prix_total) VALUES (104, 65, 203, 1, '499.94');
INSERT INTO `ligne_commande`(id, commande_id, produit_id, quantite, prix_total) VALUES (105, 65, 103, 1, '89.95');
INSERT INTO `ligne_commande`(id, commande_id, produit_id, quantite, prix_total) VALUES (106, 65, 4, 1, '94.95');
INSERT INTO `ligne_commande`(id, commande_id, produit_id, quantite, prix_total) VALUES (107, 66, 10, 1, '179.95');
INSERT INTO `ligne_commande`(id, commande_id, produit_id, quantite, prix_total) VALUES (108, 67, 713, 1, '1299.99');
INSERT INTO `ligne_commande`(id, commande_id, produit_id, quantite, prix_total) VALUES (109, 68, 808, 1, '3189.95');
INSERT INTO `ligne_commande`(id, commande_id, produit_id, quantite, prix_total) VALUES (110, 69, 807, 1, '1489.95');
INSERT INTO `ligne_commande`(id, commande_id, produit_id, quantite, prix_total) VALUES (111, 70, 605, 1, '449.95');
INSERT INTO `ligne_commande`(id, commande_id, produit_id, quantite, prix_total) VALUES (112, 71, 807, 1, '1489.95');
INSERT INTO `ligne_commande`(id, commande_id, produit_id, quantite, prix_total) VALUES (113, 72, 602, 1, '699.95');
INSERT INTO `ligne_commande`(id, commande_id, produit_id, quantite, prix_total) VALUES (114, 73, 708, 1, '749.99');
INSERT INTO `ligne_commande`(id, commande_id, produit_id, quantite, prix_total) VALUES (115, 74, 701, 1, '699.99');
INSERT INTO `ligne_commande`(id, commande_id, produit_id, quantite, prix_total) VALUES (116, 75, 704, 1, '589.99');
INSERT INTO `ligne_commande`(id, commande_id, produit_id, quantite, prix_total) VALUES (118, 77, 1008, 1, '384.95');
INSERT INTO `ligne_commande`(id, commande_id, produit_id, quantite, prix_total) VALUES (119, 77, 1402, 1, '72.95');
INSERT INTO `ligne_commande`(id, commande_id, produit_id, quantite, prix_total) VALUES (120, 77, 303, 1, '417.95');
INSERT INTO `ligne_commande`(id, commande_id, produit_id, quantite, prix_total) VALUES (121, 77, 1106, 1, '31.95');
INSERT INTO `ligne_commande`(id, commande_id, produit_id, quantite, prix_total) VALUES (122, 77, 1201, 1, '74.95');
INSERT INTO `ligne_commande`(id, commande_id, produit_id, quantite, prix_total) VALUES (123, 77, 203, 1, '499.94');
INSERT INTO `ligne_commande`(id, commande_id, produit_id, quantite, prix_total) VALUES (124, 77, 103, 1, '89.95');
INSERT INTO `ligne_commande`(id, commande_id, produit_id, quantite, prix_total) VALUES (125, 77, 4, 1, '94.95');
INSERT INTO `ligne_commande`(id, commande_id, produit_id, quantite, prix_total) VALUES (126, 78, 708, 1, '749.99');
INSERT INTO `ligne_commande`(id, commande_id, produit_id, quantite, prix_total) VALUES (127, 78, 602, 1, '449.95');
INSERT INTO `ligne_commande`(id, commande_id, produit_id, quantite, prix_total) VALUES (128, 78, 517, 1, '69.95');
INSERT INTO `ligne_commande`(id, commande_id, produit_id, quantite, prix_total) VALUES (129, 78, 602, 1, '44.9');
INSERT INTO `ligne_commande`(id, commande_id, produit_id, quantite, prix_total) VALUES (130, 79, 1004, 1, '399.95');
INSERT INTO `ligne_commande`(id, commande_id, produit_id, quantite, prix_total) VALUES (131, 80, 807, 1, '1489.95');
INSERT INTO `ligne_commande`(id, commande_id, produit_id, quantite, prix_total) VALUES (132, 81, 807, 1, '1489.95');
INSERT INTO `ligne_commande`(id, commande_id, produit_id, quantite, prix_total) VALUES (133, 82, 807, 1, '1489.95');
INSERT INTO `ligne_commande`(id, commande_id, produit_id, quantite, prix_total) VALUES (134, 83, 807, 1, '1489.95');
INSERT INTO `ligne_commande`(id, commande_id, produit_id, quantite, prix_total) VALUES (135, 84, 807, 1, '1489.95');
INSERT INTO `ligne_commande`(id, commande_id, produit_id, quantite, prix_total) VALUES (136, 85, 807, 1, '1489.95');
INSERT INTO `ligne_commande`(id, commande_id, produit_id, quantite, prix_total) VALUES (137, 86, 807, 1, '1489.95');
INSERT INTO `ligne_commande`(id, commande_id, produit_id, quantite, prix_total) VALUES (138, 87, 711, 1, '979.99');
INSERT INTO `ligne_commande`(id, commande_id, produit_id, quantite, prix_total) VALUES (139, 88, 711, 1, '979.99');
INSERT INTO `ligne_commande`(id, commande_id, produit_id, quantite, prix_total) VALUES (140, 89, 711, 1, '979.99');
INSERT INTO `ligne_commande`(id, commande_id, produit_id, quantite, prix_total) VALUES (141, 90, 711, 1, '979.99');
INSERT INTO `ligne_commande`(id, commande_id, produit_id, quantite, prix_total) VALUES (142, 91, 711, 1, '979.99');
INSERT INTO `ligne_commande`(id, commande_id, produit_id, quantite, prix_total) VALUES (143, 92, 711, 1, '979.99');
INSERT INTO `ligne_commande`(id, commande_id, produit_id, quantite, prix_total) VALUES (144, 93, 715, 1, '1589.99');
INSERT INTO `ligne_commande`(id, commande_id, produit_id, quantite, prix_total) VALUES (145, 94, 715, 1, '1589.99');
INSERT INTO `ligne_commande`(id, commande_id, produit_id, quantite, prix_total) VALUES (146, 95, 715, 1, '1589.99');
INSERT INTO `ligne_commande`(id, commande_id, produit_id, quantite, prix_total) VALUES (147, 96, 715, 1, '1589.99');
INSERT INTO `ligne_commande`(id, commande_id, produit_id, quantite, prix_total) VALUES (148, 97, 715, 1, '1589.99');
INSERT INTO `ligne_commande`(id, commande_id, produit_id, quantite, prix_total) VALUES (149, 98, 715, 1, '1589.99');
INSERT INTO `ligne_commande`(id, commande_id, produit_id, quantite, prix_total) VALUES (150, 99, 715, 1, '1589.99');
INSERT INTO `ligne_commande`(id, commande_id, produit_id, quantite, prix_total) VALUES (151, 100, 1501, 1, '42.00');





