create database Drones;
go
use Drones;
create table Proprietari
(
ID_Prop char(10) primary key not null,
Login1 varchar(50) null,
Password1 varchar(50) null,
Email varchar(125) null,
Nume_Prop nvarchar(50) not null,
Prenume_Prop nvarchar(50) not null,
Gen_Prop varchar(1) null,
DatNas_Prop date null,
Adresa_Prop varchar(100) null,
Tel_Prop char(20) not null,
);

create table Clase
(
ID_Clasa char(10) primary key not null,
Nume_Clasa nvarchar(50) not null,
Certificat_Clasa varchar(100) null,
Destinatie_Clasa varchar(100) null,
Dimensiune_Clasa varchar(100) null
);
create table Sectoare
(
ID_Sec char(10) primary key not null,
Nume_Sec varchar(50) null,
GradPericol_Sec varchar(50) null
)

create table Trafic
(
ID_Traf char(10) primary key not null,
Nume_Traf nvarchar(50) not null,
ID_Sec char(10) foreign key references Sectoare not null,
Permis_Traf varchar(100) null,

)

create table Accidente
(
ID_Acc char(10) primary key not null,
Nume_Acc nvarchar(50) not null,
Data_Acc date null,
Circum_Acc varchar(100) null,
Rezult_Acc varchar(100) null,
ID_Traf char(10) foreign key references Trafic not null,
)

create table Drone
(
ID_Dron char(10) primary key not null,
Nume_Dron nvarchar(50) not null,
Audio_Dron char(10) null,
Camera_Dron varchar(100) null,
Platform_Dron varchar(100) null,
Zbor_Dron varchar(100) null,
General_Dron varchar(100) null,
Putere_Dron varchar(100) null,
Memorie_Dron varchar(100) null,
ID_Prop char(10) foreign key references Proprietari not null,
ID_Clasa char(10) foreign key references Clase not null,
ID_Traf char(10) foreign key references Trafic not null,
);

Insert into Clase values
('1001','Foarte mici','E1000','Spionaj','mini'),
('1002','Mici','D1000','Filmari','0.5 m'),
('1003','Scurta lungime','C1000','Armata','2-3m'),
('1004','Medie','B1000','Vizualizare teritorii','4-5m'),
('1005','Lunga','A1000','Cartografiere si spionaj la scara larga','6 si mai mult');
Insert into Sectoare values
('6001','Botanica','Mediu'),
('6002','Rascani','Mediu'),
('6003','Telecentru','Mediu'),
('6004','Aeroport','Ridicat'),
('6005','Durlesti','Scazut'),
('6006','Stauceni','Scazut'),
('6007','Bubuieci','Mediu'),
('6008','Truseni','Mediu'),
('6009','Bacioi','Ridicat'),
('6010','Colonita','Mediu');


Insert into Trafic values
('2001','U1','6001','242434'),
('2002','U2','6002','242435'),
('2003','U3','6005','245436'),
('2004','U4','6008','242437'),
('2005','U1','6001','242118'),
('2006','U2','6004','242229'),
('2007','U3','6005','242611'),
('2008','U4','6006','242712'),
('2009','U1','6002','242431'),
('2010','U1','6008','242415'),
('2011','R1','6009','242425'),
('2012','R3','6003','242477'),
('2013','R5','6006','242488'),
('2014','R6','6004','242426'),
('2015','R7','6008','242466'),
('2016','R8','6002','242499'),
('2017','R12','6005','242423'),
('2018','R18','6007','242434'),
('2019','R19','6007','241148'),
('2020','R44','6008','242114'),
('2021','Q1','6004','242014'),
('2022','Q2','6006','242004'),
('2023','Q3','6007','242094'),
('2024','Q4','6008','242994'),
('2025','Q1','6007','242114'),
('2026','Q2','6004','265354'),
('2027','Q3','6006','242654'),
('2028','Q4','6009','242784'),
('2029','Q2','6003','242004'),
('2030','Q3','6001','214534'),
('2031','Q5','6006','212384'),
('2032','Q7','6004','216734'),
('2033','Q13','6005','248764'),
('2034','Q25','6002','247634'),
('2035','Q55','6008','239834'),
('2036','Q33','6005','249134'),
('2037','K1','6001','247734'),
('2038','K1','6002','123434'),
('2039','K1','6004','111434'),
('2040','K1','6005','542864'),
('2041','Y1','6004','201434'),
('2042','Y1','6006','244834'),
('2043','Y34','6008','646034'),
('2044','Y45','6004','112434'),
('2045','T34','6006','242334'),
('2046','W1','6007','244831'),
('2047','W2','6002','249834'),
('2048','W8','6005','241334'),
('2049','W9','6002','244434'),
('2050','P1','6007','247734');

Insert into Accidente values
('3001','Atac talharesc',			'12.apr.16','neclare','amenda 200 lei','2013'),
('3002','Coliziune',				'20.apr.16','neclare','amenda 600 lei','2043'),
('3003','Atac talharesc',			'16.may.16','neclare','amenda 1200 lei','2016'),
('3004','Coliziune',				'18.may.16','neclare','amenda 23200 lei','2023'),
('3005','Atac talharesc',			'04.jun.16','neclare','amenda 2200 lei','2009'),
('3006','Coliziune',				'08.apr.16','neclare','amenda 2800 lei','2025'),
('3007','Neatentie',				'13.apr.16','neclare','amenda 2900 lei','2038'),
('3008','Nerepesctarea semnelor',	'21.aug.16','neclare','amenda 2800 lei','2045'),
('3009','Terorism',					'22.nov.16','neclare','amenda 43200 lei','2011'),
('3010','Atac bomba',				'28.apr.16','neclare','amenda 2100 lei','2019'),
('3011','Atac talharesc',			'12.apr.16','neclare','amenda 200 lei','2013'),
('3012','Coliziune',				'20.jan.16','neclare','amenda 600 lei','2014'),
('3013','Atac talharesc',			'16.jan.16','neclare','amenda 1200 lei','2046'),
('3014','Coliziune',				'17.may.16','neclare','contraventie 23200 lei','2032'),
('3015','Atac talharesc',			'17.jun.16','neclare','amenda 2200 lei','2014'),
('3016','Coliziune',				'18.apr.16','neclare','contraventie 2800 lei','2018'),
('3017','Neatentie',				'23.apr.16','neclare','contraventie 2900 lei','2039'),
('3018','Nerepesctarea semnelor',	'24.aug.16','neclare','amenda 2800 lei','2044'),
('3019','Terorism',					'22.nov.16','neclare','amenda 2200 lei','2011'),
('3020','Atac bomba',				'28.apr.16','neclare','amenda 2100 lei','2019'),
('3021','Atac talharesc',			'12.apr.16','neclare','amenda 200 lei','2013'),
('3022','Coliziune',				'20.apr.16','neclare','amenda 600 lei','2043'),
('3023','Atac talharesc',			'16.may.16','neclare','contraventie 1200 lei','2016'),
('3024','Coliziune',				'18.may.16','neclare','contraventie 23200 lei','2023'),
('3025','Atac talharesc',			'04.jun.16','neclare','amenda 2200 lei','2009'),
('3026','Coliziune',				'08.apr.16','neclare','amenda 2800 lei','2025'),
('3027','Neatentie',				'13.apr.16','neclare','amenda 1900 lei','2038'),
('3028','Nerepesctarea semnelor',	'21.aug.16','neclare','amenda 2800 lei','2045'),
('3029','Terorism',					'22.nov.16','neclare','amenda 4200 lei','2011'),
('3030','Atac bomba',				'28.apr.16','neclare','contraventie 2100 lei','2019'),
('3031','Atac talharesc',			'12.apr.16','neclare','amenda 200 lei','2013'),
('3032','Coliziune',				'20.apr.16','neclare','dosar penal + 600 lei','2043'),
('3033','Atac talharesc',			'16.may.16','neclare','amenda 1200 lei','2016'),
('3034','Coliziune',				'18.may.16','neclare','amenda 23200 lei','2023'),
('3035','Atac talharesc',			'04.jun.16','neclare','amenda 2200 lei','2009'),
('3036','Coliziune',				'08.apr.16','neclare','dosar penal + 2800 lei','2025'),
('3037','Neatentie',				'13.apr.16','neclare','amenda 2900 lei','2038'),
('3038','Nerepesctarea semnelor',	'21.aug.16','neclare','amenda 2800 lei','2045'),
('3039','Terorism',					'22.nov.16','neclare','amenda 2200 lei','2011'),
('3040','Atac bomba',				'28.apr.16','neclare','amenda 2100 lei','2019'),
('3041','Atac talharesc',			'12.apr.16','neclare','amenda 200 lei','2013'),
('3042','Coliziune',				'20.apr.16','neclare','amenda 600 lei','2043'),
('3043','Atac talharesc',			'16.may.16','neclare','amenda 1200 lei','2016'),
('3044','Coliziune',				'18.may.16','neclare','dosar penal + 23200 lei','2023'),
('3045','Atac talharesc',			'04.jun.16','neclare','amenda 2200 lei','2009'),
('3046','Coliziune',				'08.apr.16','neclare','amenda 2800 lei','2025'),
('3047','Neatentie',				'13.apr.16','neclare','dosar penal + 2900 lei','2038'),
('3048','Nerepesctarea semnelor',	'21.aug.16','neclare','amenda 2800 lei','2045'),
('3049','Terorism',					'22.nov.16','neclare','dosar penal + 2200 lei','2011'),
('3050','Atac bomba',				'28.apr.16','neclare','amenda 2100 lei','2019');

Insert into Proprietari values
('4001',null,null,null,'David','Frac','M',	'14.mar.97','Str Bucuresti 34',		'069356718'),
('4002',null,null,null,'Mamer','Fracert','M',	'22.mar.97','Str Julea 34',		'069111118'),
('4003',null,null,null,'Feliciu','Nero','M','14.jul.97','Str Cuza-Voda 142',	'069311718'),
('4004',null,null,null,'Kramer','Opar','M',	'14.aug.97','Str Decebal 256',		'069344718'),
('4005',null,null,null,'Amer','klui','M',	'12.mar.97','Str Cuza-Voda 12',		'069378718'),
('4006',null,null,null,'Klaus','Opea','M',	'13.mar.97','Str Decebal 34',		'069313718'),
('4007',null,null,null,'Dima','Iller','M',	'14.mar.97','Str Cuza-Voda 876',	'069322718'),
('4008',null,null,null,'Vialie','Poper','M','18.mar.97','Str Decebal 99',		'069399718'),
('4009',null,null,null,'Nicolae','Ujas','M','21.mar.97','Str Decebal 93',		'069456718'),
('4010',null,null,null,'Victor','UUner','M','26.mar.97','Str Cuza-Voda 57',		'069355618'),
('4011',null,null,null,'Ilie','Namer','M',	'30.mar.97','Str Cuza-Voda 59',		'069351118'),
('4012',null,null,null,'Kramer','Ipui','M',	'24.mar.97','Str Decebal 34',		'069351218'),
('4013',null,null,null,'Jora','Saer','M',	'21.jul.97','Str Cuza-Voda 67',		'069359718'),
('4014',null,null,null,'Alex','Vaber','M',	'14.jul.97','Str Cuza-Voda 34',		'069354518'),
('4015',null,null,null,'Cristian','Ujer','M',	'14.mar.97','Str Cuza-Voda 113','069336818'),
('4016',null,null,null,'Marin','Lamer','M',		'14.jul.97','Str Cuza-Voda 887','069328518'),
('4017',null,null,null,'Petru','Schller','M',	'14.jul.97','Str Decebal 34',	'069385718'),
('4018',null,null,null,'Iulian','Fust','M',		'14.jul.97','Str Cuza-Voda 19',	'069334318'),
('4019',null,null,null,'SStraus','Goethe','M',	'24.mar.97','Str Decebal 34',	'063224418'),
('4020',null,null,null,'Thomas','Schmer','M',	'12.mar.97','Str Cuza-Voda 34',	'061224218'),
('4021',null,null,null,'Ilie','Gomic','M',	'30.mar.97','Str Cuza-Voda 59',		'069351118'),
('4022',null,null,null,'Kramer','Joric','M',	'24.mar.97','Str Decebal 34',	'069351218'),
('4023',null,null,null,'Jora','Sarus','M',	'21.jul.97','Str Cuza-Voda 67',		'069359718'),
('4024',null,null,null,'Alex','Belschi','M',	'14.jul.97','Str Cuza-Voda 34',	'069354518'),
('4025',null,null,null,'Cristian','Umer','M',	'14.mar.97','Str Cuza-Voda 113','069336818'),
('4026',null,null,null,'Marin','Lba','M',		'14.jul.97','Str Cuza-Voda 887','069328518'),
('4027',null,null,null,'Petru','Suber','M',	'14.jul.97','Str Decebal 34',		'069385718'),
('4028',null,null,null,'Iulian','Forer','M',		'14.jul.97','Str Cuza-Voda 19',	'069334318'),
('4029',null,null,null,'SStraus','Gorera','M',	'24.mar.97','Str Decebal 34',	'063224418'),
('4030',null,null,null,'Sakura','Gorera','M',	'27.mar.97','Str Decebal 34',	'063221418'),
('4031',null,null,null,'Liviu','Schramer','M',	'14.jan.97','Str Cuza-Voda 45',	'061242518'),
('4032',null,null,null,'Vadim','Oscher','M',	'09.jan.97','Str Cuza-Voda 44',	'069353218'),
('4033',null,null,null,'Mihai','Fraschier','M',	'02.jan.97','Str Cuza-Voda 78',	'069353518'),
('4034',null,null,null,'Constantin','Klacher','M',	'14.mar.97','Str Cuza-Voda 878','069996718'),
('4035',null,null,null,'Iaser','Pachu','M',			'14.mar.97','Str Cuza-Voda 111','069383718'),
('4036',null,null,null,'Manuel','Maschur','M',		'14.jun.97','Str Decebal 91',	'069356718'),
('4037',null,null,null,'Filip','Lamusch','M',		'14.aug.97','Str Cuza-Voda 76',	'069355418'),
('4038',null,null,null,'Ion','Frier','M',			'14.nov.97','Str Cuza-Voda 34',	'069356854'),
('4039',null,null,null,'Valera','Fokler','M',		'14.nov.97','Str Bucuresti 87',	'069356253'),
('4040',null,null,null,'Alin','Haher','M',			'14.jan.97','Str Bucuresti 89',	'069777718'),
('4041',null,null,null,'Igor','Lamchi','M',			'15.jan.97','Str Cuza-Voda 21',	'069356718'),
('4042',null,null,null,'Stas','Trascher','M',		'16.sep.97','Str Bucuresti 34',	'069353366'),
('4043',null,null,null,'Homer','Jaler','M',			'17.sep.97','Str Cuza-Voda 89',	'069389548'),
('4044',null,null,null,'Aceur','Labver','M',		'18.sep.97','Str Bucuresti 67',	'069354338'),
('4045',null,null,null,'Stas','Saser','M',			'19.sep.97','Str Cuza-Voda 25',	'069324624'),
('4046',null,null,null,'Filip','Gaber','M',			'21.sep.97','Str Bucuresti 34',	'067535354'),
('4047',null,null,null,'Dan','Foier','M',			'22.sep.97','Str Bucuresti 12',	'069646453'),
('4048',null,null,null,'Alex','Franperst','M',		'23.dec.97','Str Cuza-Voda 25',	'069465752'),
('4049',null,null,null,'Iaser','Franker','M',		'25.dec.97','Str Bucuresti 27',	'069566335'),
('4050',null,null,null,'Petru','Frah','M',			'21.dec.97','Str Cuza-Voda 144','069556456');


Insert into Drone values
('5001','Syma-X5C-W',			'Da','0.3MP','2.4GHz ','5.5	minutes,distanta 250 Meters',			'500 mAh ','4 elice' ,'SDHC 32 GB','4002','1001','2001'),
('5002','Octatron SkySeer',		'Da','12.3MP','2.0GHz',' 890 minutes,distanta 25550 Meters',		'engine 2 ','1 elice' ,'SDHC 32 GB','4002','1002','2002'),
('5003','Piper LBP',			'Da','16.3MP','2.2GHz','1240 minutes,distanta 25550 Meters',		'engine 4','4 elice' ,'SD  64 GB','4003','1004','2001'),
('5004','Radioplane Q-3',		'Da','12.3MP','2.8GHz','5.5 minutes,distanta 150 Meters',			'500 mAh ','2 elice' ,'SDHC 32 GB','4002','1005','2004'),
('5005','DJI - Phantom 4',		'Da','5.3MP','2.1GHz','25 minutes,distanta 17 Meters',				'800 mAh ','5 elice' ,'SDHC 32 GB','4004','1002','2044'),
('5006','Protocol - Dronium',	'Da','8.0MP','2.9GHz','46 minutes,distanta 67 Meters',				'700 mAh ','4 elice' ,'SDHC 64 GB','4006','1002','2025'),
('5007','Parrot - Parrot Bebop','Da','12.3MP','1.2GHz','115 minutes,distanta 34 Meters',			'500 mAh ','6 elice' ,'SDHC 64 GB','4007','1001','2043'),
('5008','Quadrone - Tumbler-Cam','Da','8.3MP','0.4GHz','225 minutes,distanta 56 Meters',			'220 mAh ','4 elice' ,'SDHC 32 GB','4002','1001','2015'),
('5009','Ryan Q-2',				'Da','5.0MP','2.3GHz','15 minutes,distanta 59 Meters',				'245 mAh ','8 elice' ,'SDHC 128 GB','4022','1003','2045'),
('5010','YUNEEC Q500',			'Da','16.2MP','2.4GHz','45 minutes,distanta 112 Meters',			'110 mAh ','10 elice' ,'SDHC 8 GB','4033','1004','2024'),

('5011','TBS VENDETTA',				'Da','2.5MP','1.4GHz','90 minutes,distanta 332 Meters',				'240 mAh ','2 elice' ,'SDHC 16 GB','4024','1002','2011'),
('5012','IMMERSIONRC VORTEX 285r',	'Da','12.3MP','2.0GHz',' 890 minutes,distanta 25550 Meters',		'engine 2 ','1 elice' ,'SDHC 32 GB','4002','1002','2002'),
('5013','LUMENIER QAV250',			'Da','16.3MP','2.2GHz','1240 minutes,distanta 25550 Meters',		'engine 4','4 elice' ,'SD  64 GB','4003','1004','2001'),
('5014','EACHINE RACER 250',		'Da','12.3MP','2.8GHz','5.5 minutes,distanta 150 Meters',			'500 mAh ','2 elice' ,'SDHC 32 GB','4002','1005','2004'),
('5015','HUBSAN X4',				'Da','5.3MP','2.1GHz','25 minutes,distanta 17 Meters',				'803 mAh ','5 elice' ,'SDHC 32 GB','4004','1002','2044'),
('5016','BLADE NANO QX',			'Da','8.0MP','2.9GHz','46 minutes,distanta 67 Meters',				'764 mAh ','4 elice' ,'SDHC 64 GB','4006','1002','2025'),
('5017','LATRAX ALIAS',				'Da','12.3MP','1.2GHz','115 minutes,distanta 34 Meters',			'540 mAh ','6 elice' ,'SDHC 64 GB','4007','1001','2043'),
('5018','PROTO X',					'Da','8.3MP','0.4GHz','225 minutes,distanta 56 Meters',				'220 mAh ','4 elice' ,'SDHC 32 GB','4002','1001','2015'),
('5019','Xiro Xplorer G',			'Da','5.0MP','2.3GHz','15 minutes,distanta 59 Meters',				'245 mAh ','8 elice' ,'SDHC 128 GB','4022','1003','2045'),
('5020','Yuneec Typhoon G',			'Da','16.2MP','2.4GHz','45 minutes,distanta 112 Meters',			'110 mAh ','10 elice' ,'SDHC 8 GB','4033','1004','2024'),


('5021','Cheerson CX-10',			'Da','0.3MP','2.4GHz ','5.5	minutes,distanta 250 Meters',			'520 mAh ','4 elice' ,'SDHC 32 GB','4002','1001','2001'),
('5022','Autel Robotics X-Star',	'Da','12.3MP','2.0GHz',' 890 minutes,distanta 25550 Meters',		'engine 2 ','1 elice' ,'SDHC 32 GB','4002','1002','2002'),
('5023','Kolibri Discovery',		'Da','16.3MP','2.2GHz','1240 minutes,distanta 25550 Meters',		'engine 4','4 elice' ,'SD  64 GB','4003','1004','2001'),
('5024','Radioplane Q-35',			'Da','12.3MP','2.8GHz','5.5 minutes,distanta 150 Meters',			'500 mAh ','2 elice' ,'SDHC 32 GB','4002','1005','2004'),
('5025','DJI - Phantom 9',			'Da','5.3MP','2.1GHz','25 minutes,distanta 17 Meters',				'800 mAh ','5 elice' ,'SDHC 32 GB','4004','1002','2044'),
('5026','Protocol - Nano',			'Da','8.0MP','2.9GHz','46 minutes,distanta 67 Meters',				'700 mAh ','4 elice' ,'SDHC 64 GB','4006','1002','2025'),
('5027','Parrot - Parrot 2',		'Da','12.3MP','1.2GHz','115 minutes,distanta 34 Meters',			'500 mAh ','6 elice' ,'SDHC 64 GB','4007','1001','2026'),
('5028','Quadrone - Tumbler',		'Da','8.3MP','0.4GHz','225 minutes,distanta 56 Meters',				'220 mAh ','4 elice' ,'SDHC 32 GB','4002','1001','2015'),
('5029','Ryan Q-45',				'Da','5.0MP','2.3GHz','15 minutes,distanta 59 Meters',				'245 mAh ','8 elice' ,'SDHC 128 GB','4022','1003','2010'),
('5030','YUNEEC QA2',				'Da','16.2MP','2.4GHz','45 minutes,distanta 112 Meters',			'110 mAh ','10 elice' ,'SDHC 8 GB','4033','1004','2024'),


('5031','LANDVO JJRC',			'Da','0.3MP','2.4GHz ','5.5	minutes,distanta 250 Meters',			'500 mAh ','4 elice' ,'SDHC 32 GB','4002','1001','2001'),
('5032','Cheerwing Syma X8W',	'Da','12.3MP','2.0GHz',' 890 minutes,distanta 25550 Meters',		'engine 2 ','1 elice' ,'SDHC 32 GB','4002','1002','2002'),
('5033','Piper L',				'Da','16.3MP','2.2GHz','1240 minutes,distanta 25550 Meters',		'engine 1','4 elice' ,'SD  64 GB','4003','1004','2001'),
('5034','TEC.BEAN Mini ',		'Da','12.3MP','2.8GHz','5.5 minutes,distanta 150 Meters',			'500 mAh ','2 elice' ,'SDHC 32 GB','4002','1005','2004'),
('5035','Traxxas 6608',			'Da','5.3MP','2.1GHz','25 minutes,distanta 17 Meters',				'800 mAh ','5 elice' ,'SDHC 32 GB','4005','1002','2044'),
('5036','DBPOWER U818A',		'Da','8.0MP','2.9GHz','46 minutes,distanta 67 Meters',				'700 mAh ','4 elice' ,'SDHC 64 GB','4006','1002','2025'),
('5037','Syma X8C Venture'	,	'Da','12.3MP','1.2GHz','115 minutes,distanta 34 Meters',			'500 mAh ','6 elice' ,'SDHC 64 GB','4007','1001','2043'),
('5038','AKASO X5C',			'Da','8.3MP','0.4GHz','225 minutes,distanta 56 Meters',				'220 mAh ','4 elice' ,'SDHC 32 GB','4002','1001','2015'),
('5039','DJI Phantom 3',		'Da','5.0MP','2.3GHz','15 minutes,distanta 59 Meters',				'245 mAh ','8 elice' ,'SDHC 128 GB','4022','1003','2045'),
('5040','TEC.BEAN Mini 2',		'Da','16.2MP','2.4GHz','45 minutes,distanta 112 Meters',			'110 mAh ','10 elice' ,'SDHC 8 GB','4033','1004','2024'),

('5041','Quadpro Nc5',			'Da','0.3MP','2.4GHz ','5.5	minutes,distanta 250 Meters',			'500 mAh ','4 elice' ,'SDHC 32 GB','4002','1001','2001'),
('5042','Walkera F210',			'Da','12.3MP','2.0GHz',' 890 minutes,distanta 25550 Meters',		'engine 2 ','1 elice' ,'SDHC 32 GB','4002','1002','2002'),
('5043','DJI T600 Inspire 1',	'Da','16.3MP','2.2GHz','1240 minutes,distanta 25550 Meters',		'engine 5','4 elice' ,'SD  64 GB','4003','1004','2001'),
('5044','Radioplane Q-3',		'Da','12.3MP','2.8GHz','5.5 minutes,distanta 150 Meters',			'500 mAh ','2 elice' ,'SDHC 32 GB','4002','1005','2004'),
('5045','Syma X11 ',			'Da','5.3MP','2.1GHz','25 minutes,distanta 17 Meters',				'800 mAh ','5 elice' ,'SDHC 32 GB','4004','1002','2022'),
('5046','Cheerwing Voyager',	'Da','8.0MP','2.9GHz','46 minutes,distanta 67 Meters',				'750 mAh ','4 elice' ,'SDHC 64 GB','4006','1002','2025'),
('5047','Inductrix BNF',		'Da','12.3MP','1.2GHz','115 minutes,distanta 34 Meters',			'530 mAh ','6 elice' ,'SDHC 64 GB','4007','1001','2043'),
('5048','Syma X12S',			'Da','8.3MP','0.4GHz','225 minutes,distanta 56 Meters',				'210 mAh ','4 elice' ,'SDHC 32 GB','4002','1001','2011'),
('5049','Ryan Q-234',			'Da','5.0MP','2.3GHz','15 minutes,distanta 59 Meters',				'299 mAh ','8 elice' ,'SDHC 128 GB','4022','1003','2033'),
('5050','Parrot Pf726100',		'Da','16.2MP','2.4GHz','45 minutes,distanta 112 Meters',			'132 mAh ','10 elice' ,'SDHC 8 GB','4033','1004','2028');
