-- Criando tabela ENDEREÇO
DROP TABLE IF EXISTS ENDERECO;

CREATE TABLE ENDERECO (
	ID INT AUTO_INCREMENT  PRIMARY KEY,
	BAIRRO VARCHAR(250),
	CIDADE VARCHAR(250),
	LOGRADOURO VARCHAR(250),
	NUMERO VARCHAR(250),
	UF VARCHAR(250)
);

--Inserindo dados de teste para endereço
insert into ENDERECO (ID, BAIRRO, CIDADE, LOGRADOURO, NUMERO, UF) values (1, 'Jardim Paquetá', 'Belo Horizonte', 'Rua Susana Maria', '1212', 'MG');
insert into ENDERECO (ID, BAIRRO, CIDADE, LOGRADOURO, NUMERO, UF) values (2, 'Jardins Paulista', 'São Paulo', 'Alameda Santos', '3500', 'SP');
insert into ENDERECO (ID, BAIRRO, CIDADE, LOGRADOURO, NUMERO, UF) values (3, 'Jardins Paulista', 'São Paulo', 'Alameda Jau', '1250', 'SP');

-- Criando tabela CLIENTE
DROP TABLE IF EXISTS CLIENTE;

CREATE TABLE CLIENTE (
	ID INT AUTO_INCREMENT  PRIMARY KEY,
	CPF VARCHAR(250) NOT NULL,
	DATA_NASCIMENTO DATE,
	NOME VARCHAR(250),
	ID_ENDERECO INT
);

--Inserindo dados de teste para cliente
insert into CLIENTE (ID, CPF, DATA_NASCIMENTO, NOME, ID_ENDERECO) values (1, '123', '1976-09-12', 'Aluno Teste A', '1');
insert into CLIENTE (ID, CPF, DATA_NASCIMENTO, NOME, ID_ENDERECO) values (2, '456', '1980-07-26', 'Aluno Teste B', '2');

-- Criando tabela INSTALAÇÃO
DROP TABLE IF EXISTS INSTALACAO;

CREATE TABLE INSTALACAO (
	ID INT AUTO_INCREMENT  PRIMARY KEY,
	CODIGO VARCHAR(250),
	DATA_INSTALACAO DATE,
	ID_CLIENTE INT,
	ID_ENDERECO INT
);

--Inserindo dados de teste para instalação
insert into INSTALACAO (ID, CODIGO, DATA_INSTALACAO, ID_CLIENTE, ID_ENDERECO) values (1, 'INST-001', '1999-07-26', '1', '2');
insert into INSTALACAO (ID, CODIGO, DATA_INSTALACAO, ID_CLIENTE, ID_ENDERECO) values (2, 'INST-002', '2020-06-26', '2', '2');
insert into INSTALACAO (ID, CODIGO, DATA_INSTALACAO, ID_CLIENTE, ID_ENDERECO) values (3, 'INST-003', '2019-09-15', '2', '3');

-- Criando tabela INSTALAÇÃO
DROP TABLE IF EXISTS FATURA;

CREATE TABLE FATURA (
	ID INT AUTO_INCREMENT  PRIMARY KEY,
	CODIGO VARCHAR(250),
	DATA_LEITURA DATE,
	DATA_VENCIMENTO DATE,
	NUMERO_LEITURA VARCHAR(250),
	VALOR_CONTA VARCHAR(250),
	ID_INSTALACAO INT
);

--Inserindo dados de teste para faturas
insert into FATURA (ID, CODIGO, DATA_LEITURA, DATA_VENCIMENTO, NUMERO_LEITURA, VALOR_CONTA, ID_INSTALACAO) values (1, 'FAT001', '2019-01-01', '2019-01-10','100999', '100', '1');
insert into FATURA (ID, CODIGO, DATA_LEITURA, DATA_VENCIMENTO, NUMERO_LEITURA, VALOR_CONTA, ID_INSTALACAO) values (2, 'FAT-002', '2019-02-01', '2019-02-10','101234', '255.20', '1');
insert into FATURA (ID, CODIGO, DATA_LEITURA, DATA_VENCIMENTO, NUMERO_LEITURA, VALOR_CONTA, ID_INSTALACAO) values (3, 'FAT-003', '2019-03-01', '2019-03-10','101334', '189.10', '1');
insert into FATURA (ID, CODIGO, DATA_LEITURA, DATA_VENCIMENTO, NUMERO_LEITURA, VALOR_CONTA, ID_INSTALACAO) values (4, 'FAT-004', '2019-04-01', '2019-04-10','101534', '100.99', '1');
insert into FATURA (ID, CODIGO, DATA_LEITURA, DATA_VENCIMENTO, NUMERO_LEITURA, VALOR_CONTA, ID_INSTALACAO) values (5, 'FAT-005', '2019-05-01', '2019-05-10','101834', '350.85', '1');
insert into FATURA (ID, CODIGO, DATA_LEITURA, DATA_VENCIMENTO, NUMERO_LEITURA, VALOR_CONTA, ID_INSTALACAO) values (6, 'FAT-006', '2019-06-01', '2019-06-10','102034', '112.12', '1');
insert into FATURA (ID, CODIGO, DATA_LEITURA, DATA_VENCIMENTO, NUMERO_LEITURA, VALOR_CONTA, ID_INSTALACAO) values (7, 'FAT-007', '2019-07-01', '2019-07-10','100000', '399', '2');
insert into FATURA (ID, CODIGO, DATA_LEITURA, DATA_VENCIMENTO, NUMERO_LEITURA, VALOR_CONTA, ID_INSTALACAO) values (8, 'FAT-008', '2019-08-01', '2019-08-10','100250', '898.76', '2');
insert into FATURA (ID, CODIGO, DATA_LEITURA, DATA_VENCIMENTO, NUMERO_LEITURA, VALOR_CONTA, ID_INSTALACAO) values (9, 'FAT-009', '2019-09-01', '2019-09-10','100650', '1504.26', '2');
insert into FATURA (ID, CODIGO, DATA_LEITURA, DATA_VENCIMENTO, NUMERO_LEITURA, VALOR_CONTA, ID_INSTALACAO) values (10, 'FAT-0010', '2019-010-01', '2019-10-10','102134', '200', '1');
insert into FATURA (ID, CODIGO, DATA_LEITURA, DATA_VENCIMENTO, NUMERO_LEITURA, VALOR_CONTA, ID_INSTALACAO) values (11, 'FAT-0011', '2019-11-01', '2019-11-10','1102334', '450', '1');
insert into FATURA (ID, CODIGO, DATA_LEITURA, DATA_VENCIMENTO, NUMERO_LEITURA, VALOR_CONTA, ID_INSTALACAO) values (12, 'FAT-0012', '2019-12-01', '2019-12-10','1102534', '909.87', '1');
insert into FATURA (ID, CODIGO, DATA_LEITURA, DATA_VENCIMENTO, NUMERO_LEITURA, VALOR_CONTA, ID_INSTALACAO) values (13, 'FAT-0013', '2020-01-01', '2020-01-10','1102834', '395', '1');
insert into FATURA (ID, CODIGO, DATA_LEITURA, DATA_VENCIMENTO, NUMERO_LEITURA, VALOR_CONTA, ID_INSTALACAO) values (14, 'FAT-0014', '2020-02-01', '2020-02-10','000999', '865', '3');
insert into FATURA (ID, CODIGO, DATA_LEITURA, DATA_VENCIMENTO, NUMERO_LEITURA, VALOR_CONTA, ID_INSTALACAO) values (15, 'FAT-0015', '2020-03-01', '2020-03-10','001199', '893', '3');
insert into FATURA (ID, CODIGO, DATA_LEITURA, DATA_VENCIMENTO, NUMERO_LEITURA, VALOR_CONTA, ID_INSTALACAO) values (16, 'FAT-0016', '2020-04-01', '2020-04-10','1102934', '840', '1');
