-- phpMyAdmin SQL Dump
-- version 4.5.4.1deb2ubuntu2.1
-- http://www.phpmyadmin.net
--
-- Host: localhost
-- Generation Time: Sep 03, 2019 at 08:50 PM
-- Server version: 5.7.27-0ubuntu0.16.04.1

SET SQL_MODE = "NO_AUTO_VALUE_ON_ZERO";
SET time_zone = "+00:00";


/*!40101 SET @OLD_CHARACTER_SET_CLIENT=@@CHARACTER_SET_CLIENT */;
/*!40101 SET @OLD_CHARACTER_SET_RESULTS=@@CHARACTER_SET_RESULTS */;
/*!40101 SET @OLD_COLLATION_CONNECTION=@@COLLATION_CONNECTION */;
/*!40101 SET NAMES utf8mb4 */;

--
-- Database: `spurtcommerce`
--

-- --------------------------------------------------------

--
-- Table structure for table `access_token`
--

CREATE TABLE `access_token` (
  `id` int(11) NOT NULL,
  `user_id` int(11) DEFAULT NULL,
  `token` varchar(255) DEFAULT NULL,
  `is_active` int(11) DEFAULT NULL,
  `created_date` datetime DEFAULT NULL,
  `modified_date` datetime DEFAULT NULL,
  `created_by` varchar(255) DEFAULT NULL,
  `modified_by` varchar(255) DEFAULT NULL
) ENGINE=InnoDB DEFAULT CHARSET=utf8mb4;

-- --------------------------------------------------------

--
-- Table structure for table `banner`
--

CREATE TABLE `banner` (
  `banner_id` int(11) NOT NULL,
  `title` varchar(255) DEFAULT NULL,
  `sort_order` varchar(255) DEFAULT NULL,
  `url` tinytext,
  `banner_group_id` int(11) DEFAULT NULL,
  `container_name` varchar(255) DEFAULT NULL,
  `view_page_count` int(11) DEFAULT '0',
  `banner_group_banner_group_id` int(11) NOT NULL,
  `link` varchar(255) DEFAULT NULL,
  `image` varchar(255) DEFAULT NULL,
  `image_path` varchar(255) DEFAULT NULL,
  `content` text,
  `position` int(11) DEFAULT NULL,
  `is_active` int(11) DEFAULT NULL,
  `created_date` datetime DEFAULT NULL,
  `modified_date` datetime DEFAULT NULL,
  `created_by` int(11) DEFAULT NULL,
  `modified_by` int(11) DEFAULT NULL
) ENGINE=InnoDB DEFAULT CHARSET=utf8mb4;

--
-- Dumping data for table `banner`
--

INSERT INTO `banner` (`banner_id`, `title`, `sort_order`, `url`, `banner_group_id`, `container_name`, `view_page_count`, `banner_group_banner_group_id`, `link`, `image`, `image_path`, `content`, `position`, `is_active`, `created_date`, `modified_date`, `created_by`, `modified_by`) VALUES
(75, ' womens flat 50% off', NULL, NULL, NULL, NULL, 0, 0, 'www.piccocart.com', 'Img_1551871702778.jpeg', 'banner/', '', 1, 1, '2019-05-28 02:53:59', '2019-08-13 09:20:06', NULL, NULL),
(82, 'Upto 40% Off on Top Brands?', NULL, NULL, NULL, NULL, 0, 0, 'www.piccocart.com', 'Img_1551871715853.jpeg', 'banner/', '', 2, 1, '2019-06-17 07:39:12', '2019-08-19 06:26:30', NULL, NULL),
(83, 'shopping', NULL, NULL, NULL, NULL, 0, 0, '', 'Img_1551871727883.jpeg', 'banner/', '', 1, 1, '2019-08-01 12:59:54', '2019-08-13 09:20:18', NULL, NULL),
(84, 'fashion', NULL, NULL, NULL, NULL, 0, 0, 'www.piccosoft', 'Img_1551871740879.jpeg', 'banner/', '', 1, 1, '2019-08-01 13:02:28', '2019-08-13 09:20:36', NULL, NULL);

-- --------------------------------------------------------

--
-- Table structure for table `banner_group`
--

CREATE TABLE `banner_group` (
  `banner_group_id` int(11) NOT NULL,
  `title` varchar(255) DEFAULT NULL,
  `is_active` int(11) DEFAULT NULL,
  `created_by` int(11) DEFAULT NULL,
  `modified_by` int(11) DEFAULT NULL,
  `created_date` datetime DEFAULT NULL,
  `modified_date` datetime DEFAULT NULL
) ENGINE=InnoDB DEFAULT CHARSET=utf8mb4;

-- --------------------------------------------------------

--
-- Table structure for table `banner_image`
--

CREATE TABLE `banner_image` (
  `banner_image_id` int(11) NOT NULL,
  `banner_id` varchar(32) NOT NULL,
  `link` varchar(255) NOT NULL,
  `image` varchar(45) NOT NULL,
  `is_active` int(11) DEFAULT NULL,
  `created_date` datetime DEFAULT NULL,
  `modified_date` datetime DEFAULT NULL,
  `created_by` int(11) DEFAULT NULL,
  `modified_by` int(11) DEFAULT NULL
) ENGINE=InnoDB DEFAULT CHARSET=utf8mb4;

-- --------------------------------------------------------

--
-- Table structure for table `banner_image_description`
--

CREATE TABLE `banner_image_description` (
  `banner_image_description_id` int(11) NOT NULL,
  `banner_image_id` int(11) DEFAULT NULL,
  `banner_id` int(11) DEFAULT NULL,
  `title` varchar(4) DEFAULT NULL,
  `is_active` int(11) DEFAULT NULL,
  `created_by` int(11) DEFAULT NULL,
  `modified_by` int(11) DEFAULT NULL,
  `created_date` datetime DEFAULT NULL,
  `modified_date` datetime DEFAULT NULL
) ENGINE=InnoDB DEFAULT CHARSET=utf8mb4;

-- --------------------------------------------------------

--
-- Table structure for table `category`
--

CREATE TABLE `category` (
  `category_id` int(11) NOT NULL,
  `name` varchar(255) DEFAULT NULL,
  `parent_int` int(11) DEFAULT NULL,
  `sort_order` int(11) DEFAULT NULL,
  `meta_tag_title` varchar(255) DEFAULT NULL,
  `meta_tag_description` text,
  `meta_tag_keyword` varchar(255) DEFAULT NULL,
  `is_active` varchar(11) DEFAULT NULL,
  `created_by` int(11) DEFAULT NULL,
  `modified_by` int(11) DEFAULT NULL,
  `created_date` datetime DEFAULT NULL,
  `modified_date` datetime DEFAULT NULL
) ENGINE=InnoDB DEFAULT CHARSET=utf8mb4;

--
-- Dumping data for table `category`
--

INSERT INTO `category` (`category_id`, `name`, `parent_int`, `sort_order`, `meta_tag_title`, `meta_tag_description`, `meta_tag_keyword`, `is_active`, `created_by`, `modified_by`, `created_date`, `modified_date`) VALUES
(1, 'MENS FASHION', 0, 2, '', '', '', '1', NULL, NULL, '2019-05-10 02:00:49', '2019-06-06 03:54:56'),
(3, 'BABY & KIDS', 0, 3, 'BABY & KIDS', 'BABY & KIDS', 'BABY & KIDS', '1', NULL, NULL, '2019-05-10 02:02:04', '2019-05-14 04:14:18'),
(4, 'ELECTRONICS', 0, 1, 'ELECTRONICS', 'ELECTRONICS', 'ELECTRONICS', '1', NULL, NULL, '2019-05-10 02:02:53', '2019-08-05 13:10:32'),
(5, 'HOME & FURNITURE', 0, 4, 'HOME & FURNITURE', 'HOME & FURNITURE', 'HOME & FURNITURE', '1', NULL, NULL, '2019-05-10 02:03:37', '2019-05-14 04:14:53'),
(6, 'SPORTS, BOOK AND MORE', 0, 5, 'SPORTS, BOOK AND MORE', 'SPORTS, BOOK AND MORE', 'SPORTS, BOOK AND MORE', '1', NULL, NULL, '2019-05-10 02:04:13', '2019-05-14 04:15:08'),
(140, 'BABIES & KIDS', 0, 1, '', '', '', '1', NULL, NULL, '2019-06-18 01:49:07', '2019-09-03 17:52:45'),
(148, 'SPORTS', 0, 1, '', '', '', '1', NULL, NULL, '2019-06-18 05:28:52', '2019-09-03 17:45:48'),
(154, 'WOMENS FASHION', 0, 1, 'Beauty & Grooming', 'Beauty & Grooming', 'Beauty & Grooming', '1', NULL, NULL, '2019-06-19 00:37:39', '2019-09-03 17:45:20');

-- --------------------------------------------------------

--
-- Table structure for table `category_description`
--

CREATE TABLE `category_description` (
  `category_id` int(11) NOT NULL,
  `name` varchar(255) DEFAULT NULL,
  `description` text,
  `meta_description` varchar(65) DEFAULT NULL,
  `meta_keyword` varchar(255) DEFAULT NULL,
  `category_description_id` int(11) NOT NULL,
  `is_active` int(11) DEFAULT NULL,
  `created_date` datetime DEFAULT NULL,
  `modified_date` datetime DEFAULT NULL,
  `created_by` int(11) DEFAULT NULL,
  `modified_by` int(11) DEFAULT NULL
) ENGINE=InnoDB DEFAULT CHARSET=utf8mb4;

-- --------------------------------------------------------

--
-- Table structure for table `category_path`
--

CREATE TABLE `category_path` (
  `category_path_id` int(11) NOT NULL,
  `category_id` int(11) DEFAULT NULL,
  `path_id` int(11) DEFAULT NULL,
  `level` int(11) NOT NULL,
  `created_by` int(11) DEFAULT NULL,
  `modified_by` int(11) DEFAULT NULL,
  `created_date` datetime DEFAULT NULL,
  `modified_date` datetime DEFAULT NULL
) ENGINE=InnoDB DEFAULT CHARSET=utf8mb4;

--
-- Dumping data for table `category_path`
--

INSERT INTO `category_path` (`category_path_id`, `category_id`, `path_id`, `level`, `created_by`, `modified_by`, `created_date`, `modified_date`) VALUES
(277, 3, 3, 0, NULL, NULL, NULL, NULL),
(279, 5, 5, 0, NULL, NULL, NULL, NULL),
(280, 6, 6, 0, NULL, NULL, NULL, NULL),
(343, 1, 1, 0, NULL, NULL, NULL, NULL),
(574, 4, 4, 0, NULL, NULL, NULL, NULL),
(587, 154, 154, 0, NULL, NULL, NULL, NULL),
(588, 148, 148, 0, NULL, NULL, NULL, NULL),
(590, 140, 140, 0, NULL, NULL, NULL, NULL);

-- --------------------------------------------------------

--
-- Table structure for table `contact`
--

CREATE TABLE `contact` (
  `id` int(11) NOT NULL,
  `name` varchar(255) DEFAULT NULL,
  `email` varchar(255) DEFAULT NULL,
  `phone_number` varchar(15) DEFAULT NULL,
  `message` text,
  `is_active` int(11) DEFAULT NULL,
  `created_date` datetime DEFAULT NULL,
  `modified_date` datetime DEFAULT NULL,
  `created_by` int(11) DEFAULT NULL,
  `modified_by` int(11) DEFAULT NULL
) ENGINE=InnoDB DEFAULT CHARSET=utf8mb4;

-- --------------------------------------------------------

--
-- Table structure for table `country`
--

CREATE TABLE `country` (
  `country_id` int(11) NOT NULL,
  `name` varchar(128) NOT NULL,
  `iso_code_2` varchar(2) NOT NULL,
  `iso_code_3` varchar(3) NOT NULL,
  `address_format` text,
  `postcode_required` tinyint(1) NOT NULL,
  `is_active` tinyint(1) NOT NULL DEFAULT '1'
) ENGINE=MyISAM DEFAULT CHARSET=utf8;

--
-- Dumping data for table `country`
--

INSERT INTO `country` (`country_id`, `name`, `iso_code_2`, `iso_code_3`, `address_format`, `postcode_required`, `is_active`) VALUES
(1, 'Afghanistan', 'AF', 'AFG', '', 0, 0),
(2, 'Albania', 'AL', 'ALB', '', 1, 1),
(3, 'Algeria', 'DZ', 'DZA', '', 1, 1),
(4, 'American Samoa', 'AS', 'ASM', '', 1, 1),
(5, 'Andorra', 'AD', 'AND', '', 0, 1),
(6, 'Angola', 'AO', 'AGO', '', 0, 1),
(7, 'Anguilla', 'AI', 'AIA', '', 0, 1),
(8, 'Antarctica', 'AQ', 'ATA', '', 0, 1),
(9, 'Antigua and Barbuda', 'AG', 'ATG', '', 0, 1),
(10, 'Argentina', 'AR', 'ARG', '', 0, 1),
(11, 'Armenia', 'AM', 'ARM', '', 0, 1),
(12, 'Aruba', 'AW', 'ABW', '', 0, 1),
(13, 'Australia', 'AU', 'AUS', '', 1, 0),
(16, 'Bahamas', 'BS', 'BHS', '', 0, 1),
(17, 'Bahrain', 'BH', 'BHR', '', 0, 1),
(18, 'Bangladesh', 'BD', 'BGD', '', 0, 1),
(19, 'Barbados', 'BB', 'BRB', '', 0, 1),
(20, 'Belarus', 'BY', 'BLR', '', 1, 0),
(22, 'Belize', 'BZ', 'BLZ', '', 0, 1),
(23, 'Benin', 'BJ', 'BEN', '', 1, 0),
(24, 'Bermuda', 'BM', 'BMU', '', 0, 1),
(25, 'Bhutan', 'BT', 'BTN', '', 0, 1),
(26, 'Bolivia', 'BO', 'BOL', '', 0, 1),
(27, 'Bosnia and Herzegovina', 'BA', 'BIH', '', 0, 1),
(28, 'Botswana', 'BW', 'BWA', '', 0, 1),
(29, 'Bouvet Island', 'BV', 'BVT', '', 0, 1),
(30, 'Brazil', 'BR', 'BRA', '', 0, 1),
(31, 'British Indian Ocean Territory', 'IO', 'IOT', '', 0, 1),
(32, 'Brunei Darussalam', 'BN', 'BRN', '', 0, 1),
(33, 'Bulgaria', 'BG', 'BGR', '', 0, 1),
(34, 'Burkina Faso', 'BF', 'BFA', '', 0, 1),
(35, 'Burundi', 'BI', 'BDI', '', 0, 1),
(36, 'Cambodia', 'KH', 'KHM', '', 0, 1),
(37, 'Cameroon', 'CM', 'CMR', '', 0, 1),
(38, 'Canada', 'CA', 'CAN', '', 0, 1),
(39, 'Cape Verde', 'CV', 'CPV', '', 0, 1),
(40, 'Cayman Islands', 'KY', 'CYM', '', 0, 1),
(41, 'Central African Republic', 'CF', 'CAF', '', 0, 1),
(42, 'Chad', 'TD', 'TCD', '', 0, 1),
(43, 'Chile', 'CL', 'CHL', '', 0, 1),
(44, 'China', 'CN', 'CHN', '', 0, 1),
(45, 'Christmas Island', 'CX', 'CXR', '', 0, 1),
(46, 'Cocos (Keeling) Islands', 'CC', 'CCK', '', 0, 1),
(47, 'Colombia', 'CO', 'COL', '', 0, 1),
(48, 'Comoros', 'KM', 'COM', '', 0, 1),
(49, 'Congo', 'CG', 'COG', '', 0, 1),
(50, 'Cook Islands', 'CK', 'COK', '', 0, 1),
(51, 'Costa Rica', 'CR', 'CRI', '', 0, 1),
(53, 'Croatia', 'HR', 'HRV', '', 0, 1),
(54, 'Cuba', 'CU', 'CUB', '', 0, 1),
(55, 'Cyprus', 'CY', 'CYP', '', 0, 1),
(56, 'Czech Republic', 'CZ', 'CZE', '', 0, 1),
(57, 'Denmark', 'DK', 'DNK', '', 0, 1),
(58, 'Djibouti', 'DJ', 'DJI', '', 0, 1),
(59, 'Dominica', 'DM', 'DMA', '', 0, 1),
(60, 'Dominican Republic', 'DO', 'DOM', '', 0, 1),
(61, 'East Timor', 'TL', 'TLS', '', 0, 1),
(62, 'Ecuador', 'EC', 'ECU', '', 0, 1),
(63, 'Egypt', 'EG', 'EGY', '', 0, 1),
(64, 'El Salvador', 'SV', 'SLV', '', 0, 1),
(65, 'Equatorial Guinea', 'GQ', 'GNQ', '', 0, 1),
(66, 'Eritrea', 'ER', 'ERI', '', 0, 1),
(67, 'Estonia', 'EE', 'EST', '', 0, 1),
(68, 'Ethiopia', 'ET', 'ETH', '', 0, 1),
(69, 'Falkland Islands (Malvinas)', 'FK', 'FLK', '', 0, 1),
(70, 'Faroe Islands', 'FO', 'FRO', '', 0, 1),
(71, 'Fiji', 'FJ', 'FJI', '', 0, 1),
(72, 'Finland', 'FI', 'FIN', '', 0, 1),
(74, 'France, Metropolitan', 'FR', 'FRA', '{firstname} {lastname}\r\n{company}\r\n{address_1}\r\n{address_2}\r\n{postcode} {city}\r\n{country}', 1, 1),
(75, 'French Guiana', 'GF', 'GUF', '', 0, 1),
(76, 'French Polynesia', 'PF', 'PYF', '', 0, 1),
(77, 'French Southern Territories', 'TF', 'ATF', '', 0, 1),
(78, 'Gabon', 'GA', 'GAB', '', 0, 1),
(79, 'Gambia', 'GM', 'GMB', '', 0, 1),
(80, 'Georgia', 'GE', 'GEO', '', 0, 1),
(81, 'Germany', 'DE', 'DEU', '{company}\r\n{firstname} {lastname}\r\n{address_1}\r\n{address_2}\r\n{postcode} {city}\r\n{country}', 1, 1),
(82, 'Ghana', 'GH', 'GHA', '', 0, 1),
(83, 'Gibraltar', 'GI', 'GIB', '', 0, 1),
(84, 'Greece', 'GR', 'GRC', '', 0, 1),
(85, 'Greenland', 'GL', 'GRL', '', 0, 1),
(86, 'Grenada', 'GD', 'GRD', '', 0, 1),
(87, 'Guadeloupe', 'GP', 'GLP', '', 0, 1),
(88, 'Guam', 'GU', 'GUM', '', 0, 1),
(89, 'Guatemala', 'GT', 'GTM', '', 0, 1),
(90, 'Guinea', 'GN', 'GIN', '', 0, 1),
(91, 'Guinea-Bissau', 'GW', 'GNB', '', 0, 1),
(92, 'Guyana', 'GY', 'GUY', '', 0, 1),
(93, 'Haiti', 'HT', 'HTI', '', 0, 1),
(94, 'Heard and Mc Donald Islands', 'HM', 'HMD', '', 0, 1),
(95, 'Honduras', 'HN', 'HND', '', 0, 1),
(96, 'Hong Kong', 'HK', 'HKG', '', 0, 1),
(97, 'Hungary', 'HU', 'HUN', '', 0, 1),
(98, 'Iceland', 'IS', 'ISL', '', 0, 1),
(99, 'India', 'IN', 'IND', '', 0, 1),
(100, 'Indonesia', 'ID', 'IDN', '', 0, 1),
(101, 'Iran (Islamic Republic of)', 'IR', 'IRN', '', 1, 1),
(102, 'Iraq', 'IQ', 'IRQ', '', 0, 1),
(103, 'Ireland', 'IE', 'IRL', '', 0, 1),
(104, 'Israel', 'IL', 'ISR', '', 0, 1),
(105, 'Italy', 'IT', 'ITA', '', 0, 1),
(106, 'Jamaica', 'JM', 'JAM', '', 0, 1),
(107, 'Japan', 'JP', 'JPN', '', 0, 1),
(108, 'Jordan', 'JO', 'JOR', '', 0, 1),
(109, 'Kazakhstan', 'KZ', 'KAZ', '', 0, 1),
(110, 'Kenya', 'KE', 'KEN', '', 0, 1),
(111, 'Kiribati', 'KI', 'KIR', '', 0, 1),
(112, 'North Korea', 'KP', 'PRK', '', 0, 1),
(113, 'South Korea', 'KR', 'KOR', '', 0, 1),
(114, 'Kuwait', 'KW', 'KWT', '', 0, 1),
(115, 'Kyrgyzstan', 'KG', 'KGZ', '', 0, 1),
(116, 'Lao People\'s Democratic Republic', 'LA', 'LAO', '', 0, 1),
(117, 'Latvia', 'LV', 'LVA', '', 0, 1),
(118, 'Lebanon', 'LB', 'LBN', '', 0, 1),
(119, 'Lesotho', 'LS', 'LSO', '', 0, 1),
(120, 'Liberia', 'LR', 'LBR', '', 0, 1),
(121, 'Libyan Arab Jamahiriya', 'LY', 'LBY', '', 0, 1),
(122, 'Liechtenstein', 'LI', 'LIE', '', 0, 1),
(123, 'Lithuania', 'LT', 'LTU', '', 0, 1),
(124, 'Luxembourg', 'LU', 'LUX', '', 0, 1),
(125, 'Macau', 'MO', 'MAC', '', 0, 1),
(126, 'FYROM', 'MK', 'MKD', '', 0, 1),
(127, 'Madagascar', 'MG', 'MDG', '', 0, 1),
(128, 'Malawi', 'MW', 'MWI', '', 0, 1),
(129, 'Malaysia', 'MY', 'MYS', '', 0, 1),
(130, 'Maldives', 'MV', 'MDV', '', 0, 1),
(131, 'Mali', 'ML', 'MLI', '', 0, 1),
(132, 'Malta', 'MT', 'MLT', '', 0, 1),
(133, 'Marshall Islands', 'MH', 'MHL', '', 0, 1),
(134, 'Martinique', 'MQ', 'MTQ', '', 0, 1),
(135, 'Mauritania', 'MR', 'MRT', '', 0, 1),
(136, 'Mauritius', 'MU', 'MUS', '', 0, 1),
(137, 'Mayotte', 'YT', 'MYT', '', 0, 1),
(138, 'Mexico', 'MX', 'MEX', '', 0, 1),
(139, 'Micronesia, Federated States of', 'FM', 'FSM', '', 0, 1),
(140, 'Moldova, Republic of', 'MD', 'MDA', '', 0, 1),
(141, 'Monaco', 'MC', 'MCO', '', 0, 1),
(142, 'Mongolia', 'MN', 'MNG', '', 0, 1),
(143, 'Montserrat', 'MS', 'MSR', '', 0, 1),
(144, 'Morocco', 'MA', 'MAR', '', 0, 1),
(145, 'Mozambique', 'MZ', 'MOZ', '', 0, 1),
(146, 'Myanmar', 'MM', 'MMR', '', 0, 1),
(147, 'Namibia', 'NA', 'NAM', '', 0, 1),
(148, 'Nauru', 'NR', 'NRU', '', 0, 1),
(149, 'Nepal', 'NP', 'NPL', '', 0, 1),
(150, 'Netherlands', 'NL', 'NLD', '', 0, 1),
(151, 'Netherlands Antilles', 'AN', 'ANT', '', 0, 1),
(152, 'New Caledonia', 'NC', 'NCL', '', 0, 1),
(153, 'New Zealand', 'NZ', 'NZL', '', 0, 1),
(154, 'Nicaragua', 'NI', 'NIC', '', 0, 1),
(155, 'Niger', 'NE', 'NER', '', 0, 1),
(156, 'Nigeria', 'NG', 'NGA', '', 0, 1),
(157, 'Niue', 'NU', 'NIU', '', 0, 1),
(158, 'Norfolk Island', 'NF', 'NFK', '', 0, 1),
(159, 'Northern Mariana Islands', 'MP', 'MNP', '', 0, 1),
(160, 'Norway', 'NO', 'NOR', '', 0, 1),
(161, 'Oman', 'OM', 'OMN', '', 0, 1),
(162, 'Pakistan', 'PK', 'PAK', '', 0, 1),
(163, 'Palau', 'PW', 'PLW', '', 0, 1),
(164, 'Panama', 'PA', 'PAN', '', 0, 1),
(165, 'Papua New Guinea', 'PG', 'PNG', '', 0, 1),
(166, 'Paraguay', 'PY', 'PRY', '', 0, 1),
(167, 'Peru', 'PE', 'PER', '', 0, 1),
(168, 'Philippines', 'PH', 'PHL', '', 0, 1),
(169, 'Pitcairn', 'PN', 'PCN', '', 0, 1),
(170, 'Poland', 'PL', 'POL', '', 0, 1),
(171, 'Portugal', 'PT', 'PRT', '', 0, 1),
(172, 'Puerto Rico', 'PR', 'PRI', '', 0, 1),
(173, 'Qatar', 'QA', 'QAT', '', 0, 1),
(174, 'Reunion', 'RE', 'REU', '', 0, 1),
(175, 'Romania', 'RO', 'ROM', '', 0, 1),
(176, 'Russian Federation', 'RU', 'RUS', '', 0, 1),
(177, 'Rwanda', 'RW', 'RWA', '', 0, 1),
(178, 'Saint Kitts and Nevis', 'KN', 'KNA', '', 0, 1),
(179, 'Saint Lucia', 'LC', 'LCA', '', 0, 1),
(180, 'Saint Vincent and the Grenadines', 'VC', 'VCT', '', 0, 1),
(181, 'Samoa', 'WS', 'WSM', '', 0, 1),
(182, 'San Marino', 'SM', 'SMR', '', 0, 1),
(183, 'Sao Tome and Principe', 'ST', 'STP', '', 0, 1),
(184, 'Saudi Arabia', 'SA', 'SAU', '', 0, 1),
(185, 'Senegal', 'SN', 'SEN', '', 0, 1),
(186, 'Seychelles', 'SC', 'SYC', '', 0, 1),
(187, 'Sierra Leone', 'SL', 'SLE', '', 0, 1),
(188, 'Singapore', 'SG', 'SGP', '', 0, 1),
(189, 'Slovak Republic', 'SK', 'SVK', '{firstname} {lastname}\r\n{company}\r\n{address_1}\r\n{address_2}\r\n{city} {postcode}\r\n{zone}\r\n{country}', 0, 1),
(190, 'Slovenia', 'SI', 'SVN', '', 0, 1),
(191, 'Solomon Islands', 'SB', 'SLB', '', 0, 1),
(192, 'Somalia', 'SO', 'SOM', '', 0, 1),
(193, 'South Africa', 'ZA', 'ZAF', '', 0, 1),
(194, 'South Georgia &amp; South Sandwich Islands', 'GS', 'SGS', '', 0, 1),
(195, 'Spain', 'ES', 'ESP', '', 0, 1),
(196, 'Sri Lanka', 'LK', 'LKA', '', 0, 1),
(197, 'St. Helena', 'SH', 'SHN', '', 0, 1),
(198, 'St. Pierre and Miquelon', 'PM', 'SPM', '', 0, 1),
(199, 'Sudan', 'SD', 'SDN', '', 0, 1),
(200, 'Suriname', 'SR', 'SUR', '', 0, 1),
(201, 'Svalbard and Jan Mayen Islands', 'SJ', 'SJM', '', 0, 1),
(202, 'Swaziland', 'SZ', 'SWZ', '', 0, 1),
(203, 'Sweden', 'SE', 'SWE', '{company}\r\n{firstname} {lastname}\r\n{address_1}\r\n{address_2}\r\n{postcode} {city}\r\n{country}', 1, 1),
(204, 'Switzerland', 'CH', 'CHE', '', 0, 1),
(205, 'Syrian Arab Republic', 'SY', 'SYR', '', 0, 1),
(206, 'Taiwan', 'TW', 'TWN', '', 0, 1),
(207, 'Tajikistan', 'TJ', 'TJK', '', 0, 1),
(208, 'Tanzania, United Republic of', 'TZ', 'TZA', '', 0, 1),
(209, 'Thailand', 'TH', 'THA', '', 0, 1),
(210, 'Togo', 'TG', 'TGO', '', 0, 1),
(211, 'Tokelau', 'TK', 'TKL', '', 0, 1),
(212, 'Tonga', 'TO', 'TON', '', 0, 1),
(213, 'Trinidad and Tobago', 'TT', 'TTO', '', 0, 1),
(214, 'Tunisia', 'TN', 'TUN', '', 0, 1),
(215, 'Turkey', 'TR', 'TUR', '', 0, 1),
(216, 'Turkmenistan', 'TM', 'TKM', '', 0, 1),
(217, 'Turks and Caicos Islands', 'TC', 'TCA', '', 0, 1),
(218, 'Tuvalu', 'TV', 'TUV', '', 0, 1),
(219, 'Uganda', 'UG', 'UGA', '', 0, 1),
(220, 'Ukraine', 'UA', 'UKR', '', 0, 1),
(221, 'United Arab Emirates', 'AE', 'ARE', '', 0, 1),
(222, 'United Kingdom', 'GB', 'GBR', '', 1, 1),
(223, 'United States', 'US', 'USA', '{firstname} {lastname}\r\n{company}\r\n{address_1}\r\n{address_2}\r\n{city}, {zone} {postcode}\r\n{country}', 0, 1),
(224, 'United States Minor Outlying Islands', 'UM', 'UMI', '', 0, 1),
(225, 'Uruguay', 'UY', 'URY', '', 0, 1),
(226, 'Uzbekistan', 'UZ', 'UZB', '', 0, 1),
(227, 'Vanuatu', 'VU', 'VUT', '', 0, 1),
(228, 'Vatican City State (Holy See)', 'VA', 'VAT', '', 0, 1),
(229, 'Venezuela', 'VE', 'VEN', '', 0, 1),
(230, 'Viet Nam', 'VN', 'VNM', '', 0, 1),
(231, 'Virgin Islands (British)', 'VG', 'VGB', '', 0, 1),
(232, 'Virgin Islands (U.S.)', 'VI', 'VIR', '', 0, 1),
(233, 'Wallis and Futuna Islands', 'WF', 'WLF', '', 0, 1),
(234, 'Western Sahara', 'EH', 'ESH', '', 0, 1),
(235, 'Yemen', 'YE', 'YEM', '', 0, 1),
(237, 'Democratic Republic of Congo', 'CD', 'COD', '', 0, 1),
(238, 'Zambia', 'ZM', 'ZMB', '', 0, 1),
(239, 'Zimbabwe', 'ZW', 'ZWE', '', 0, 1),
(242, 'Montenegro', 'ME', 'MNE', '', 0, 1),
(243, 'Serbia', 'RS', 'SRB', '', 0, 1),
(244, 'Aaland Islands', 'AX', 'ALA', '', 0, 1),
(245, 'Bonaire, Sint Eustatius and Saba', 'BQ', 'BES', '', 0, 1),
(246, 'Curacao', 'CW', 'CUW', '', 0, 1),
(247, 'Palestinian Territory, Occupied', 'PS', 'PSE', '', 0, 1),
(248, 'South Sudan', 'SS', 'SSD', '', 0, 1),
(249, 'St. Barthelemy', 'BL', 'BLM', '', 0, 1),
(250, 'St. Martin (French part)', 'MF', 'MAF', '', 0, 1),
(251, 'Canary Islands', 'IC', 'ICA', '', 0, 1),
(252, 'Ascension Island (British)', 'AC', 'ASC', '', 0, 1),
(253, 'Kosovo, Republic of', 'XK', 'UNK', '', 0, 1),
(254, 'Isle of Man', 'IM', 'IMN', '', 0, 1),
(255, 'Tristan da Cunha', 'TA', 'SHN', '', 0, 1),
(256, 'Guernsey', 'GG', 'GGY', '', 0, 1),
(257, 'Jersey', 'JE', 'JEY', '', 0, 1),
(258, 'klkl', '45', '55', NULL, 1, 0);

-- --------------------------------------------------------

--
-- Table structure for table `customer`
--

CREATE TABLE `customer` (
  `id` int(11) NOT NULL,
  `first_name` varchar(512) DEFAULT NULL,
  `last_name` varchar(512) DEFAULT NULL,
  `username` varchar(512) NOT NULL,
  `email` varchar(512) DEFAULT NULL,
  `password` varchar(512) NOT NULL,
  `mobile` varchar(10) DEFAULT NULL,
  `address` varchar(128) DEFAULT NULL,
  `country_id` int(11) DEFAULT NULL,
  `city` varchar(128) DEFAULT NULL,
  `pincode` varchar(6) DEFAULT NULL,
  `avatar` varchar(255) DEFAULT NULL,
  `avatar_path` tinytext,
  `mail_status` int(11) DEFAULT NULL,
  `delete_flag` int(11) DEFAULT '0',
  `customer_group_id` int(11) DEFAULT NULL,
  `last_login` datetime DEFAULT NULL,
  `newsletter` int(11) DEFAULT NULL,
  `safe` int(11) DEFAULT NULL,
  `ip` varchar(255) DEFAULT NULL,
  `zone_id` varchar(255) DEFAULT NULL,
  `local` varchar(255) DEFAULT NULL,
  `oauth_data` varchar(255) DEFAULT NULL,
  `is_active` int(11) DEFAULT NULL,
  `created_by` int(11) DEFAULT NULL,
  `modified_by` int(11) DEFAULT NULL,
  `created_date` datetime DEFAULT NULL,
  `modified_date` datetime DEFAULT NULL
) ENGINE=InnoDB DEFAULT CHARSET=utf8mb4;

--
-- Dumping data for table `customer`
--

INSERT INTO `customer` (`id`, `first_name`, `last_name`, `username`, `email`, `password`, `mobile`, `address`, `country_id`, `city`, `pincode`, `avatar`, `avatar_path`, `mail_status`, `delete_flag`, `customer_group_id`, `last_login`, `newsletter`, `safe`, `ip`, `zone_id`, `local`, `oauth_data`, `is_active`, `created_by`, `modified_by`, `created_date`, `modified_date`) VALUES
(352, 'demo', 'user', 'demo@gmail.com', 'demo@gmail.com', '$2b$10$t.P18pZExed.NhjkypsWUeMNlWvEbSQ9PVFFYTP9rHXgfe.smqK4O', '8428524613', 'Marthandam', 99, NULL, '600028', 'Img_1565347618352.jpeg', 'customer/', NULL, 0, NULL, '2019-09-03 20:03:45', NULL, NULL, '49.207.139.179', '76', NULL, NULL, 1, NULL, NULL, '2019-07-24 09:32:12', '2019-09-03 20:03:45');

-- --------------------------------------------------------

--
-- Table structure for table `customer_group`
--

CREATE TABLE `customer_group` (
  `id` int(11) NOT NULL,
  `name` varchar(512) NOT NULL,
  `description` varchar(512) DEFAULT NULL,
  `is_active` int(11) DEFAULT NULL,
  `created_by` int(11) DEFAULT NULL,
  `modified_by` int(11) DEFAULT NULL,
  `created_date` datetime DEFAULT NULL,
  `modified_date` datetime DEFAULT NULL
) ENGINE=InnoDB DEFAULT CHARSET=utf8mb4;

-- --------------------------------------------------------

--
-- Table structure for table `customer_ip`
--

CREATE TABLE `customer_ip` (
  `customer_ip_id` int(11) NOT NULL,
  `customer_id` int(11) DEFAULT NULL,
  `ip` varchar(15) DEFAULT NULL,
  `date_added` datetime DEFAULT NULL,
  `is_active` int(11) DEFAULT NULL,
  `created_by` int(11) DEFAULT NULL,
  `modified_by` int(11) DEFAULT NULL,
  `created_date` datetime DEFAULT NULL,
  `modified_date` datetime DEFAULT NULL
) ENGINE=InnoDB DEFAULT CHARSET=utf8mb4;

-- --------------------------------------------------------

--
-- Table structure for table `customer_transaction`
--

CREATE TABLE `customer_transaction` (
  `customer_transaction_id` int(11) NOT NULL,
  `customer_id` int(11) DEFAULT NULL,
  `order_id` int(11) NOT NULL,
  `description` text,
  `amount` decimal(15,4) DEFAULT NULL,
  `is_active` int(11) DEFAULT NULL,
  `created_by` int(11) DEFAULT NULL,
  `modified_by` int(11) DEFAULT NULL,
  `created_date` datetime DEFAULT NULL,
  `modified_date` datetime DEFAULT NULL
) ENGINE=InnoDB DEFAULT CHARSET=utf8mb4;

-- --------------------------------------------------------

--
-- Table structure for table `email_template`
--

CREATE TABLE `email_template` (
  `id` int(11) NOT NULL,
  `shortname` varchar(255) DEFAULT NULL,
  `subject` varchar(255) DEFAULT NULL,
  `message` text,
  `is_active` int(11) DEFAULT NULL,
  `created_date` datetime DEFAULT CURRENT_TIMESTAMP,
  `modified_date` datetime DEFAULT CURRENT_TIMESTAMP,
  `created_by` int(11) DEFAULT NULL,
  `modified_by` int(11) DEFAULT NULL
) ENGINE=InnoDB DEFAULT CHARSET=utf8mb4;

--
-- Dumping data for table `email_template`
--

INSERT INTO `email_template` (`id`, `shortname`, `subject`, `message`, `is_active`, `created_date`, `modified_date`, `created_by`, `modified_by`) VALUES
(1, 'Register Content', 'Registration Successfully', 'Dear {name},<br/><br/> <p style=\'margin-bottom:.5em; margin: 0 0 10px 0;text-indent: 50px\'> Thank you for expressing your interest and registering with Spurtcommerce, the faster roadway for a smarter eCommerce drive.   </p>', 1, '2019-08-03 12:46:18', '2019-08-03 12:46:18', NULL, NULL),
(2, 'Forgot Password Content', 'Forgot Password', 'Dear {name},<br/><br/>        <p style=\'margin-bottom:.5em; margin: 0 0 10px 0;text-indent: 50px\'> Your new Password is :  {xxxxxx}  </p>', 1, '2019-08-03 12:46:18', '2019-08-03 12:46:18', NULL, NULL),
(3, 'Contact Content', 'ContactUs', 'Dear Admin,<br/><br/>        <p style=\'margin-bottom:.5em; margin: 0 0 10px 0;text-indent: 50px\'> You just received an enquiry from {name} and the details are here: <br> Details: <br> Email: {email}, <br> Phone Number : {phoneNumber}, <br> Message : {message}.  </p>', 1, '2019-08-03 12:46:18', '2019-08-03 12:46:18', NULL, NULL),
(4, 'Create Customer Content', 'User Login', 'Dear {name},<br/><br/>    We are glad to inform you that Spurtcommerce  has added you as Customer.Here are your User Credentials for logging into the Application <br>     <p style=\'margin-bottom:.5em; margin: 0 0 10px 0;\'>  User ID : {username}</p>        <p style=\'margin-bottom:.5em; margin: 0 0 10px 0;\'>  Password : {password}</p> <br/>        <p style=\'margin-bottom:.5em; margin: 0 0 10px 0;text-indent: 50px\'> You may login using the above Email Id and Password. </p>', 1, '2019-08-03 12:46:18', '2019-08-03 12:46:18', NULL, NULL),
(5, 'Customer Order Content', 'Details of your recent Order', 'Dear {name},        </td>    </tr>    <tr>        <td dir=\'ltr\' style=\'padding:0 0px;color:#078e05;font-weight:400;text-align:left;font-size:16px;line-height:1.5rem;padding-top:10px;font-family: \'Roboto\', sans-serif;\' valign=\'top\'> Order successfully placed.        </td>    </tr>    <tr>        <td dir=\'ltr\' style=\'padding:0 0px;color:#000;font-weight:300;text-align:left;font-size:12px;line-height:1.2rem;padding-top:10px;font-family: \'Roboto\', sans-serif;\' valign=\'top\'> You have successfully placed an order for customization services. Kindly find the following details on the placed order.    </tr></tbody></table></td></tr> ', 1, '2019-08-03 12:46:18', '2019-08-03 12:46:18', NULL, NULL),
(6, 'Admin Mail Content', 'Congratulations on your recent order', 'Dear Mr.Admin,        </td>    </tr>    <tr>        <td dir=\'ltr\' style=\'padding:0 0px;color:#078e05;font-weight:400;text-align:left;font-size:16px;line-height:1.5rem;padding-top:10px;font-family: \'Roboto\', sans-serif;\' valign=\'top\'> A new order has been placed.         </td>    </tr>    <tr>        <td dir=\'ltr\' style=\'padding:0 0px;color:#000;font-weight:300;text-align:left;font-size:12px;line-height:1.2rem;padding-top:10px;font-family: \'Roboto\', sans-serif;\' valign=\'top\'> The new order {orderId} from the Customer {name} has been successfully placed. Kindly find the following details on the placed order.    </tr> </tbody></table></td> </tr> ', 1, '2019-08-03 12:46:18', '2019-08-03 12:46:18', NULL, NULL),
(7, 'Create admin user Content', 'Login credential', ' <p>Dear {name}, <br />&nbsp;</p><p>We are glad to inform you that Spurtcommerce has added you as admin User.Here are your User Credentials for logging into the Application</p><p>User ID : {username}</p><p>Password : {password}</p><p>&nbsp;</p><p>You may login using the above Email Id and Password.</p><p>&nbsp;</p>', 1, '2019-08-03 12:46:18', '2019-08-03 12:46:18', NULL, NULL),
(8, 'service Enquiry', 'User enquiry for service', '<p>Dear Admin,<br />&nbsp;</p><p>Some one gave service enquiry for <u>{title}</u>,</p><p><i>Comments</i> : {comments}</p><b><i>User Details:</i></b><br>Name: {name},<br> Email: {email},<br>mobile: {mobile}<br><p>&nbsp;</p><p>&nbsp;</p>', 1, '2019-08-03 12:57:30', '2019-08-03 12:57:30', NULL, NULL),
(9, 'Oauth register mail', 'Oauth register mail', 'Dear {name},<br/><br/>        <p style=\'margin-bottom:.5em; margin: 0 0 10px 0;text-indent: 50px\'> Thankyou for showing your interest in SpurtCommerce, your temporary password for next time login is :  {xxxxxx} or you can login through Oauth </p>', 1, '2019-08-08 00:00:00', '2019-08-08 18:45:15', NULL, NULL),
(10, 'Oauth register mail', 'Oauth register mail', 'Dear {name},<br/><br/>        <p style=\'margin-bottom:.5em; margin: 0 0 10px 0;text-indent: 50px\'> Thankyou for showing your interest in SpurtCommerce, your temporary password for next time login is :  {xxxxxx} or you can login through Oauth. </p>', 1, '2019-08-08 00:00:00', '2019-08-08 18:45:17', NULL, NULL);

-- --------------------------------------------------------

--
-- Table structure for table `geo_zone`
--

CREATE TABLE `geo_zone` (
  `geo_zone_id` int(11) NOT NULL,
  `name` varchar(32) DEFAULT NULL,
  `description` varchar(255) DEFAULT NULL,
  `is_active` int(11) DEFAULT NULL,
  `created_date` datetime DEFAULT NULL,
  `modified_date` datetime DEFAULT NULL,
  `created_by` int(11) DEFAULT NULL,
  `modified_by` int(11) DEFAULT NULL
) ENGINE=InnoDB DEFAULT CHARSET=utf8mb4;

-- --------------------------------------------------------

--
-- Table structure for table `login_log`
--

CREATE TABLE `login_log` (
  `id` int(11) NOT NULL,
  `customer_id` int(11) NOT NULL,
  `email_id` varchar(255) NOT NULL,
  `first_name` varchar(255) DEFAULT NULL,
  `ip_address` varchar(255) NOT NULL,
  `created_date` datetime DEFAULT NULL,
  `modified_date` datetime DEFAULT NULL,
  `created_by` int(11) DEFAULT NULL,
  `modified_by` int(11) DEFAULT NULL
) ENGINE=MyISAM DEFAULT CHARSET=utf8;

--
-- Dumping data for table `login_log`
--

INSERT INTO `login_log` (`id`, `customer_id`, `email_id`, `first_name`, `ip_address`, `created_date`, `modified_date`, `created_by`, `modified_by`) VALUES
(1, 352, 'demo@gmail.com', 'demo', '::1', '2019-09-03 17:32:23', NULL, NULL, NULL),
(2, 352, 'demo@gmail.com', 'demo', '::1', '2019-09-03 20:03:45', NULL, NULL, NULL);

-- --------------------------------------------------------

--
-- Table structure for table `manufacturer`
--

CREATE TABLE `manufacturer` (
  `manufacturer_id` int(11) NOT NULL,
  `name` varchar(64) DEFAULT NULL,
  `image` varchar(255) DEFAULT NULL,
  `image_path` varchar(255) DEFAULT NULL,
  `sort_order` int(3) DEFAULT NULL,
  `is_active` int(11) DEFAULT NULL,
  `created_by` int(11) DEFAULT NULL,
  `modified_by` int(11) DEFAULT NULL,
  `created_date` datetime DEFAULT NULL,
  `modified_date` datetime DEFAULT NULL
) ENGINE=InnoDB DEFAULT CHARSET=utf8mb4;

--
-- Dumping data for table `manufacturer`
--

INSERT INTO `manufacturer` (`manufacturer_id`, `name`, `image`, `image_path`, `sort_order`, `is_active`, `created_by`, `modified_by`, `created_date`, `modified_date`) VALUES
(23, 'lenovo', 'Img_1551441402650.jpeg', 'manufacturer/', 2, 0, NULL, NULL, '2019-03-01 05:56:42', '2019-06-10 00:26:37'),
(41, 'DELL', 'Img_1552986470668.png', 'manufacturer/', 2, 0, NULL, NULL, '2019-03-19 04:07:50', '2019-07-25 04:58:38'),
(63, 'SAMSUNG', 'Img_1557142453946.png', 'manufacturer/', 2, 1, NULL, NULL, '2019-05-06 06:34:13', '2019-05-06 06:35:38'),
(65, 'SONY', 'Img_1557142513992.png', 'manufacturer/', 2, 1, NULL, NULL, '2019-05-06 06:35:13', '2019-05-06 06:47:51'),
(67, 'TRESEMME', 'Img_1557142625878.png', 'manufacturer/', 2, 1, NULL, NULL, '2019-05-06 06:37:05', NULL),
(68, 'AXE', 'Img_1557142652359.png', 'manufacturer/', 2, 1, NULL, NULL, '2019-05-06 06:37:32', NULL),
(69, 'GUESS', 'Img_1557142692156.png', 'manufacturer/', 2, 1, NULL, NULL, '2019-05-06 06:38:12', '2019-05-13 04:58:09'),
(70, 'DOLBY', 'Img_1557820520619.png', 'manufacturer/', 2, 1, NULL, NULL, '2019-05-06 06:38:28', '2019-05-14 02:55:20'),
(71, 'CLASSMATE', 'Img_1557820597638.png', 'manufacturer/', 2, 1, NULL, NULL, '2019-05-06 06:38:49', '2019-05-14 02:57:12'),
(72, 'BOSS', 'Img_1557142753865.png', 'manufacturer/', 2, 1, NULL, NULL, '2019-05-06 06:39:13', '2019-06-06 00:23:07'),
(73, 'PHILIPS', 'Img_1557142776597.png', 'manufacturer/', 2, 1, NULL, NULL, '2019-05-06 06:39:36', NULL),
(74, 'PARAGON', 'Img_1557142795787.png', 'manufacturer/', 2, 1, NULL, NULL, '2019-05-06 06:39:55', NULL),
(75, 'BATA', 'Img_1557142813929.jpeg', 'manufacturer/', 2, 1, NULL, NULL, '2019-05-06 06:40:13', NULL),
(76, 'ADDIDAS', 'Img_1557142832027.png', 'manufacturer/', 2, 1, NULL, NULL, '2019-05-06 06:40:32', NULL),
(77, 'GODREJ', 'Img_1557142854831.png', 'manufacturer/', 2, 1, NULL, NULL, '2019-05-06 06:40:54', NULL),
(78, 'APPLE', 'Img_1557142875329.png', 'manufacturer/', 2, 1, NULL, NULL, '2019-05-06 06:41:15', NULL),
(79, 'RED MI', 'Img_1557142894352.png', 'manufacturer/', 2, 1, NULL, NULL, '2019-05-06 06:41:34', NULL),
(80, 'OPPO', 'Img_1557142914475.png', 'manufacturer/', 2, 1, NULL, NULL, '2019-05-06 06:41:54', NULL),
(81, 'MAYTAG', 'Img_1557568577085.png', 'manufacturer/', 2, 1, NULL, NULL, '2019-05-06 06:42:12', '2019-05-11 04:56:17'),
(82, 'RAMRAJ', 'Img_1557142957997.png', 'manufacturer/', 2, 1, NULL, NULL, '2019-05-06 06:42:37', NULL),
(83, 'LEVIS', 'Img_1557142984015.png', 'manufacturer/', 2, 1, NULL, NULL, '2019-05-06 06:43:04', NULL),
(84, 'PATHANJALI', 'Img_1557143005785.jpeg', 'manufacturer/', 4, 1, NULL, NULL, '2019-05-06 06:43:25', NULL),
(87, 'UDHAIYAM', 'Img_1557143066637.jpeg', 'manufacturer/', 4, 1, NULL, NULL, '2019-05-06 06:44:26', NULL),
(88, 'ACHI', 'Img_1557143084492.png', 'manufacturer/', 4, 1, NULL, NULL, '2019-05-06 06:44:44', NULL),
(89, 'BRITANIA', 'Img_1557143109064.png', 'manufacturer/', 4, 1, NULL, NULL, '2019-05-06 06:45:09', NULL),
(90, 'HAMAM', 'Img_1557143204374.png', 'manufacturer/', 4, 0, NULL, NULL, '2019-05-06 06:46:44', '2019-05-11 00:13:27'),
(91, 'HATSUN', 'Img_1557143220906.jpeg', 'manufacturer/', 4, 1, NULL, NULL, '2019-05-06 06:47:00', NULL),
(92, 'AAVIN', 'Img_1557143239110.png', 'manufacturer/', 4, 0, NULL, NULL, '2019-05-06 06:47:19', '2019-05-11 04:56:37'),
(93, 'HP', 'Img_1557143358764.png', 'manufacturer/', 2, 1, NULL, NULL, '2019-05-06 06:49:18', '2019-08-27 12:52:46'),
(94, 'OTTO', 'Img_1557143401131.png', 'manufacturer/', 2, 0, NULL, NULL, '2019-05-06 06:50:01', '2019-08-27 13:07:54'),
(95, 'MOTO', 'Img_1566910028285.', 'manufacturer/', 2, 0, NULL, NULL, '2019-05-06 07:05:11', '2019-08-27 12:47:09'),
(96, 'TITAN', 'Img_1557401673782.png', 'manufacturer/', 10, 1, NULL, NULL, '2019-05-09 06:34:33', '2019-08-28 14:27:34');

-- --------------------------------------------------------

--
-- Table structure for table `migrations`
--

CREATE TABLE `migrations` (
  `id` int(11) NOT NULL,
  `timestamp` bigint(20) NOT NULL,
  `name` varchar(255) NOT NULL
) ENGINE=InnoDB DEFAULT CHARSET=utf8mb4;

--
-- Dumping data for table `migrations`
--

INSERT INTO `migrations` (`id`, `timestamp`, `name`) VALUES
(1, 1546513939916, 'CreateUserTable1546513939916'),
(2, 1546516990326, 'CreateUserGroupTable1546516990326'),
(3, 1546521833384, 'CreateUserRelationToUserGroupTable1546521833384'),
(4, 1546522725201, 'CreateCategoryTable1546522725201'),
(5, 1546523068121, 'CreateZoneToGeoZoneTable1546523068121'),
(6, 1546523201059, 'CreateCustomerGroupTable1546523201059'),
(7, 1546523577052, 'CreateCustomerIpTable1546523577052'),
(8, 1546523725119, 'CreateGeoZoneTable1546523725119'),
(9, 1546523802480, 'CreateBannerGroupTable1546523802480'),
(10, 1546524333028, 'CreateCurrencyTable1546524333028'),
(11, 1546524561001, 'CreateCustomerTable1546524561001'),
(12, 1546525248338, 'CreateAddessTable1546525248338'),
(13, 1546525786783, 'CreateBannerImageTable1546525786783'),
(14, 1546525833396, 'CreateStockStatusTable1546525833396'),
(15, 1546526076621, 'CreateBannerTable1546526076621'),
(16, 1546526936010, 'CreateBannerImageDescriptionTable1546526936010'),
(17, 1546527306595, 'CreateCustomerTransactionTable1546527306595'),
(18, 1546528787878, 'CreateProductTable1546528787878'),
(19, 1546529746397, 'CreateProductRelatedTable1546529746397'),
(20, 1546529906290, 'CreateManufacturerTable1546529906290'),
(21, 1546530096773, 'CreateProductTagTable1546530096773'),
(22, 1546578299514, 'CreateLanguageTable1546578299514'),
(23, 1546578412979, 'AddProductRelatedRelationToProductTable1546578412979'),
(24, 1546578790576, 'CreateCategoryDescriptionTable1546578790576'),
(25, 1546579410193, 'CreateProductImageTable1546579410193'),
(26, 1546579597970, 'CreateEmailTemplateTable1546579597970'),
(27, 1546579614441, 'CreateProductDescriptionTable1546579614441'),
(28, 1546579884423, 'CreateProductToCategoryTable1546579884423'),
(29, 1546580085881, 'CreateCountryTable1546580085881'),
(30, 1546580179314, 'CreateProductDiscountTable1546580179314'),
(31, 1546580427531, 'CreateProductRatingTable1546580427531'),
(32, 1546580612161, 'CreateZoneTable1546580612161'),
(33, 1546580872313, 'CreateOrderProductTable1546580872313'),
(34, 1546580970382, 'CreateSettingsTable1546580970382'),
(35, 1546581203387, 'CreateOrderOptionTable1546581203387'),
(36, 1546581429998, 'CreateOrderTotalTable1546581429998'),
(37, 1546581683040, 'CreatePageGroupTable1546581683040'),
(38, 1546581933917, 'CreateOrderHistoryTable1546581933917'),
(39, 1546582132870, 'CreateOrderStatusTable1546582132870'),
(40, 1546582513520, 'CreatePageTable1546582513520'),
(41, 1546585163896, 'AddProductImageRelationToProductTable1546585163896'),
(42, 1546585326281, 'AddProductDiscountRelationToProductTable1546585326281'),
(43, 1546585460413, 'AddProductRatingRelationToProductTable1546585460413'),
(44, 1546585572765, 'AddPageRelationToPageGroupTable1546585572765'),
(45, 1546586351105, 'CreateZoneCountryRelationToZoneGeoTable1546586351105'),
(46, 1546587376381, 'CreateOrderTable1546587376381'),
(47, 1546590433005, 'AddPoductToCategoryRelationToProductTable1546590433005'),
(48, 1546590872444, 'AddPoductToCategoryRelationToCategoryTable1546590872444'),
(49, 1546592870823, 'AddCustomerTransactionRelationToOrderTable1546592870823'),
(50, 1546593012207, 'AddCustomerTransactionRelationToCustomerTable1546593012207'),
(51, 1546593289549, 'AddOrderProductRelationToProductTable1546593289549'),
(52, 1546593359310, 'AddOrderProductRelationToOrderTable1546593359310'),
(53, 1546593427323, 'CreateCategoryRelationToCategoryDescriptionTable1546593427323'),
(54, 1546593494331, 'AddOrderOptionRelationToOrderTable1546593494331'),
(55, 1546593946185, 'AddOrderOptionRelationToOrderProductTable1546593946185'),
(56, 1546594100673, 'CreatebannerRelationToBannerImageDescriptionTable1546594100673'),
(57, 1546594184432, 'AddOrderHistoryRelationToOrderTable1546594184432'),
(58, 1546594262644, 'AddOrderHistoryRelationToOrderStatusTable1546594262644'),
(59, 1546594411489, 'CreateBannerImageRelationToBannerImageDescriptionTable1546594411489'),
(60, 1546594752832, 'AddOrderRelationToCustomerTable1546594752832'),
(61, 1546594852304, 'AddOrderRelationToCurrencyTable1546594852304'),
(62, 1546602183498, 'CreateBannerGroupRelationToBannerTable1546602183498'),
(63, 1549968165253, 'CreateOrderLogTable1549968165253'),
(64, 1549975268085, 'CreateLoginLogTable1549975268085'),
(65, 1549977253184, 'CreateCustomerWishlistTable1549977253184'),
(66, 1549978070935, 'CreateAccessTokenTable1549978070935'),
(67, 1549978269406, 'CreateContactTable1549978269406'),
(68, 1552371397992, 'AddCustomerWishlistRelationToCustomerTable1552371397992'),
(69, 1552371852472, 'AddCustomerWishlistRelationToProductTable1552371852472'),
(70, 1552376547486, 'CreateProductViewLogTable1552376547486'),
(71, 1552886376079, 'CreateCategoryPathTable1552886376079'),
(72, 1554286230393, 'CreateProductOptionTable1554286230393'),
(73, 1554286329886, 'CreateProductOptionValueTable1554286329886'),
(74, 1554286410285, 'CreateOptionTable1554286410285'),
(75, 1554286459613, 'CreateOptionDescriptionTable1554286459613'),
(76, 1554286512917, 'CreateOptionValueTable1554286512917'),
(77, 1554286569949, 'CreateOptionValueDescriptionTable1554286569949'),
(78, 1554980920462, 'CreateProductSpecialTable1554980920462'),
(79, 1555504622184, 'AddColumnInCustomer1555504622184'),
(80, 1555507207067, 'AddColumnInOrder1555507207067'),
(81, 1557134963328, 'AddColumnInProductRating1557134963328'),
(82, 1558003725620, 'AddColumnInOrderLog1558003725620'),
(83, 1558005767816, 'AddColumnInOrderProduct1558005767816'),
(84, 1560768471191, 'CreateServiceTable1560768471191'),
(85, 1560768589500, 'CreateServiceEnquiryTable1560768589500'),
(86, 1560768640645, 'CreateServiceImageTable1560768640645'),
(87, 1560768709027, 'CreateServiceCategoryTable1560768709027'),
(88, 1560768753723, 'CreateServiceCategoryPathTable1560768753723'),
(89, 1560768793478, 'CreateServiceToCategoryTable1560768793478'),
(90, 1560773355102, 'AddRelationToServiceTable1560773355102'),
(91, 1560937885319, 'AddRelationEnquiryToServiceTable1560937885319'),
(92, 1561108919611, 'CreatePaypalOrderTable1561108919611'),
(93, 1561109413675, 'CreatePaypalOrderTransactionTable1561109413675'),
(94, 1561786420039, 'AddRelationWishlistToProductTable1561786420039'),
(95, 1561967809283, 'AlterColumnTable1561967809283'),
(96, 1562234808237, 'AddRelationProductionOptionToProductTable1562234808237'),
(97, 1562831060364, 'AlterCurrencyTable1562831060364'),
(98, 1563174105812, 'CreateBlogTable1563174105812'),
(99, 1563347331461, 'CreateJobsTable1563347331461'),
(100, 1565087039728, 'DropFKforOrderCustomer1565087039728'),
(101, 1565606134069, 'AddColumnInOrderTable1565606134069'),
(102, 1565682493625, 'AddColumnInUser1565682493625'),
(103, 1565781113424, 'AltercolumnInUser1565781113424'),
(104, 1565852482174, 'AlterLoginLogTable1565852482174'),
(105, 1565856125812, 'AlterProductColumn1565856125812'),
(106, 1566206489111, 'CreateIndexProductRelatedTable1566206489111'),
(107, 1566470391895, 'AlterColumnInRating1566470391895'),
(108, 1566539130608, 'AltercolumnInproductoption1566539130608');

-- --------------------------------------------------------

--
-- Table structure for table `order`
--

CREATE TABLE `order` (
  `order_id` int(11) NOT NULL,
  `customer_id` int(11) DEFAULT NULL,
  `currency_id` int(11) DEFAULT NULL,
  `shipping_zone_id` int(11) DEFAULT NULL,
  `payment_zone_id` int(11) DEFAULT NULL,
  `shipping_country_id` int(11) DEFAULT NULL,
  `payment_country_id` int(11) DEFAULT NULL,
  `invoice_no` varchar(45) DEFAULT NULL,
  `invoice_prefix` varchar(26) DEFAULT NULL,
  `order_prefix_id` varchar(255) DEFAULT NULL,
  `firstname` varchar(32) DEFAULT NULL,
  `lastname` varchar(32) DEFAULT NULL,
  `email` varchar(96) DEFAULT NULL,
  `telephone` varchar(32) DEFAULT NULL,
  `fax` varchar(32) DEFAULT NULL,
  `shipping_firstname` varchar(32) DEFAULT NULL,
  `shipping_lastname` varchar(32) DEFAULT NULL,
  `shipping_company` varchar(32) DEFAULT NULL,
  `shipping_address_1` varchar(128) DEFAULT NULL,
  `shipping_address_2` varchar(128) DEFAULT NULL,
  `shipping_city` varchar(128) DEFAULT NULL,
  `shipping_postcode` varchar(10) DEFAULT NULL,
  `shipping_country` varchar(128) DEFAULT NULL,
  `shipping_zone` varchar(128) DEFAULT NULL,
  `shipping_address_format` text,
  `shipping_method` varchar(128) DEFAULT NULL,
  `payment_firstname` varchar(32) DEFAULT NULL,
  `payment_lastname` varchar(32) DEFAULT NULL,
  `payment_company` varchar(32) DEFAULT NULL,
  `payment_address_1` varchar(128) DEFAULT NULL,
  `payment_address_2` varchar(128) DEFAULT NULL,
  `payment_city` varchar(128) DEFAULT NULL,
  `payment_postcode` varchar(10) DEFAULT NULL,
  `payment_country` varchar(128) DEFAULT NULL,
  `payment_zone` varchar(128) DEFAULT NULL,
  `payment_address_format` text,
  `comment` text,
  `total` decimal(10,2) DEFAULT NULL,
  `reward` int(8) DEFAULT NULL,
  `order_status_id` int(11) DEFAULT NULL,
  `affiliate_id` int(11) DEFAULT NULL,
  `commision` decimal(10,0) DEFAULT NULL,
  `currency_code` varchar(3) DEFAULT NULL,
  `currency_value` decimal(11,0) DEFAULT NULL,
  `ip` varchar(15) DEFAULT NULL,
  `order_name` varchar(32) DEFAULT NULL,
  `is_active` int(11) DEFAULT NULL,
  `created_by` int(11) DEFAULT NULL,
  `modified_by` int(11) DEFAULT NULL,
  `created_date` datetime DEFAULT NULL,
  `modified_date` datetime DEFAULT NULL
) ENGINE=InnoDB DEFAULT CHARSET=utf8mb4;

--
-- Dumping data for table `order`
--

INSERT INTO `order` (`order_id`, `customer_id`, `currency_id`, `shipping_zone_id`, `payment_zone_id`, `shipping_country_id`, `payment_country_id`, `invoice_no`, `invoice_prefix`, `order_prefix_id`, `firstname`, `lastname`, `email`, `telephone`, `fax`, `shipping_firstname`, `shipping_lastname`, `shipping_company`, `shipping_address_1`, `shipping_address_2`, `shipping_city`, `shipping_postcode`, `shipping_country`, `shipping_zone`, `shipping_address_format`, `shipping_method`, `payment_firstname`, `payment_lastname`, `payment_company`, `payment_address_1`, `payment_address_2`, `payment_city`, `payment_postcode`, `payment_country`, `payment_zone`, `payment_address_format`, `comment`, `total`, `reward`, `order_status_id`, `affiliate_id`, `commision`, `currency_code`, `currency_value`, `ip`, `order_name`, `is_active`, `created_by`, `modified_by`, `created_date`, `modified_date`) VALUES
(1, 352, NULL, NULL, NULL, NULL, NULL, 'INV001', 'SPU', 'SPU-201909031', NULL, NULL, 'demo@gmail.com', '8428524613', NULL, 'demo', 'user', '', 'nehru nagar', 'chrompet', 'chennai', '7667889', 'India', 'TN', '', NULL, 'demo', 'user', '', 'nehru nagar', 'chrompet', 'chennai', '7667889', '99', 'TN', '', NULL, '360.00', NULL, 1, NULL, NULL, NULL, NULL, NULL, NULL, 1, NULL, NULL, '2019-09-03 17:33:24', '2019-09-03 17:33:24'),
(2, 352, NULL, NULL, NULL, NULL, NULL, 'INV002', 'SPU', 'SPU-201909032', NULL, NULL, 'demo@gmail.com', '8428524613', NULL, 'demo', 'user', '', 'nehru nagar', 'chrompet', 'chennai', '600042', 'India', 'Tamil Nadu', '', NULL, 'demo', 'user', '', 'nehru nagar', 'chrompet', 'chennai', '600042', '99', 'Tamil Nadu', '', NULL, '780.00', NULL, 1, NULL, NULL, NULL, NULL, NULL, NULL, 1, NULL, NULL, '2019-09-03 20:05:19', '2019-09-03 20:05:19');

-- --------------------------------------------------------

--
-- Table structure for table `order_history`
--

CREATE TABLE `order_history` (
  `order_history_id` int(11) NOT NULL,
  `order_id` int(11) DEFAULT NULL,
  `order_status_id` int(11) DEFAULT NULL,
  `notify` tinytext,
  `comment` text,
  `date_added` datetime DEFAULT NULL,
  `is_active` int(11) DEFAULT NULL,
  `created_by` int(11) DEFAULT NULL,
  `modified_by` int(11) DEFAULT NULL,
  `created_date` datetime DEFAULT NULL,
  `modified_date` datetime DEFAULT NULL
) ENGINE=InnoDB DEFAULT CHARSET=utf8mb4;

-- --------------------------------------------------------

--
-- Table structure for table `order_log`
--

CREATE TABLE `order_log` (
  `order_log_id` int(11) NOT NULL,
  `customer_id` int(11) DEFAULT NULL,
  `currency_id` int(11) DEFAULT NULL,
  `shipping_zone_id` int(11) DEFAULT NULL,
  `payment_zone_id` int(11) DEFAULT NULL,
  `shipping_country_id` int(11) DEFAULT NULL,
  `payment_country_id` int(11) DEFAULT NULL,
  `invoice_no` varchar(45) DEFAULT NULL,
  `invoice_prefix` varchar(26) DEFAULT NULL,
  `order_prefix_id` varchar(255) DEFAULT NULL,
  `firstname` varchar(32) DEFAULT NULL,
  `lastname` varchar(32) DEFAULT NULL,
  `email` varchar(96) DEFAULT NULL,
  `telephone` varchar(32) DEFAULT NULL,
  `fax` varchar(32) DEFAULT NULL,
  `shipping_firstname` varchar(32) DEFAULT NULL,
  `shipping_lastname` varchar(32) DEFAULT NULL,
  `shipping_company` varchar(32) DEFAULT NULL,
  `shipping_address_1` varchar(128) DEFAULT NULL,
  `shipping_address_2` varchar(128) DEFAULT NULL,
  `shipping_city` varchar(128) DEFAULT NULL,
  `shipping_postcode` varchar(10) DEFAULT NULL,
  `shipping_country` varchar(128) DEFAULT NULL,
  `shipping_zone` varchar(128) DEFAULT NULL,
  `shipping_address_format` text,
  `shipping_method` varchar(128) DEFAULT NULL,
  `payment_firstname` varchar(32) DEFAULT NULL,
  `payment_lastname` varchar(32) DEFAULT NULL,
  `payment_company` varchar(32) DEFAULT NULL,
  `payment_address_1` varchar(128) DEFAULT NULL,
  `payment_address_2` varchar(128) DEFAULT NULL,
  `payment_city` varchar(128) DEFAULT NULL,
  `payment_postcode` varchar(10) DEFAULT NULL,
  `payment_country` varchar(128) DEFAULT NULL,
  `payment_zone` varchar(128) DEFAULT NULL,
  `payment_address_format` text,
  `payment_method` varchar(128) DEFAULT NULL,
  `comment` text,
  `total` decimal(15,4) DEFAULT NULL,
  `reward` int(8) DEFAULT NULL,
  `order_status_id` int(11) DEFAULT NULL,
  `affiliate_id` int(11) DEFAULT NULL,
  `commision` decimal(10,0) DEFAULT NULL,
  `currency_code` varchar(3) DEFAULT NULL,
  `currency_value` decimal(11,0) DEFAULT NULL,
  `ip` varchar(15) DEFAULT NULL,
  `payment_flag` int(3) DEFAULT NULL,
  `order_name` varchar(32) DEFAULT NULL,
  `is_active` varchar(11) DEFAULT NULL,
  `created_by` int(11) DEFAULT NULL,
  `modified_by` int(11) DEFAULT NULL,
  `created_date` datetime DEFAULT NULL,
  `modified_date` datetime DEFAULT NULL
) ENGINE=InnoDB DEFAULT CHARSET=utf8mb4;

-- --------------------------------------------------------

--
-- Table structure for table `order_product`
--

CREATE TABLE `order_product` (
  `order_product_id` int(11) NOT NULL,
  `product_id` int(11) NOT NULL,
  `order_id` int(11) DEFAULT NULL,
  `name` varchar(255) NOT NULL,
  `product_price` decimal(15,2) DEFAULT NULL,
  `model` varchar(255) DEFAULT NULL,
  `quantity` int(4) DEFAULT NULL,
  `trace` decimal(15,4) DEFAULT NULL,
  `total` decimal(15,2) DEFAULT NULL,
  `tax` decimal(15,4) DEFAULT NULL,
  `is_active` int(11) DEFAULT NULL,
  `created_by` int(11) DEFAULT NULL,
  `modified_by` int(11) DEFAULT NULL,
  `created_date` datetime DEFAULT NULL,
  `modified_date` datetime DEFAULT NULL
) ENGINE=InnoDB DEFAULT CHARSET=utf8mb4;

--
-- Dumping data for table `order_product`
--

INSERT INTO `order_product` (`order_product_id`, `product_id`, `order_id`, `name`, `product_price`, `model`, `quantity`, `trace`, `total`, `tax`, `is_active`, `created_by`, `modified_by`, `created_date`, `modified_date`) VALUES
(1, 542, 1, 'DZert Soft Plush Fabric Multicolour Micky Printed School Bag for Baby Boys and Girls', '360.00', 'DZert Soft Plush Fabric Multicolour Micky Printed School Bag for Baby Boys and Girls', 1, NULL, '360.00', NULL, NULL, NULL, NULL, '2019-09-03 17:33:24', NULL),
(2, 555, 2, 'BEEVEE Men\'s 100% Cotton Solid Khaki Fixed Waist Turn Ups and Detachable Cargo with Belt', '780.00', '', 1, NULL, '780.00', NULL, NULL, NULL, NULL, '2019-09-03 20:05:19', NULL);

-- --------------------------------------------------------

--
-- Table structure for table `order_status`
--

CREATE TABLE `order_status` (
  `order_status_id` int(11) NOT NULL,
  `name` varchar(32) DEFAULT NULL,
  `color_code` varchar(255) DEFAULT NULL,
  `is_active` int(11) DEFAULT NULL,
  `created_by` int(11) DEFAULT NULL,
  `modified_by` int(11) DEFAULT NULL,
  `created_date` datetime DEFAULT NULL,
  `modified_date` datetime DEFAULT NULL
) ENGINE=InnoDB DEFAULT CHARSET=utf8mb4;

--
-- Dumping data for table `order_status`
--

INSERT INTO `order_status` (`order_status_id`, `name`, `color_code`, `is_active`, `created_by`, `modified_by`, `created_date`, `modified_date`) VALUES
(1, 'Pending', '#6798e3', 1, NULL, NULL, '2019-02-19 04:04:03', '2019-05-13 04:19:35'),
(2, 'Completed', '#25a006', 1, NULL, NULL, '2019-02-19 04:04:21', '2019-04-05 02:34:14'),
(3, 'Hold', '#f71d1d', 1, NULL, NULL, '2019-02-19 04:04:58', '2019-03-19 08:00:50'),
(4, 'In Progress', '#4c7499', 1, NULL, NULL, '2019-07-30 13:25:44', '2019-07-30 13:26:48');

-- --------------------------------------------------------

--
-- Table structure for table `order_total`
--

CREATE TABLE `order_total` (
  `order_total_id` int(11) NOT NULL,
  `order_id` int(11) DEFAULT NULL,
  `code` varchar(32) DEFAULT NULL,
  `title` varchar(255) DEFAULT NULL,
  `text` varchar(255) DEFAULT NULL,
  `value` decimal(15,2) DEFAULT NULL,
  `sort_order` int(3) DEFAULT NULL,
  `is_active` int(11) DEFAULT NULL,
  `created_by` int(11) DEFAULT NULL,
  `modified_by` int(11) DEFAULT NULL,
  `created_date` datetime DEFAULT NULL,
  `modified_date` datetime DEFAULT NULL
) ENGINE=InnoDB DEFAULT CHARSET=utf8mb4;

--
-- Dumping data for table `order_total`
--

INSERT INTO `order_total` (`order_total_id`, `order_id`, `code`, `title`, `text`, `value`, `sort_order`, `is_active`, `created_by`, `modified_by`, `created_date`, `modified_date`) VALUES
(1, 1, NULL, NULL, NULL, '360.00', NULL, NULL, NULL, NULL, '2019-09-03 17:33:24', NULL),
(2, 2, NULL, NULL, NULL, '780.00', NULL, NULL, NULL, NULL, '2019-09-03 20:05:19', NULL);

-- --------------------------------------------------------

--
-- Table structure for table `page`
--

CREATE TABLE `page` (
  `page_id` int(11) NOT NULL,
  `title` varchar(255) DEFAULT NULL,
  `intro` text,
  `full_text` text,
  `page_group_id` int(11) DEFAULT NULL,
  `sort_order` int(3) DEFAULT NULL,
  `meta_tag_title` varchar(255) DEFAULT NULL,
  `meta_tag_description` varchar(255) DEFAULT NULL,
  `meta_tag_keywords` varchar(255) DEFAULT NULL,
  `view_page_count` int(11) DEFAULT NULL,
  `is_active` int(11) DEFAULT NULL,
  `created_by` int(11) DEFAULT NULL,
  `modified_by` int(11) DEFAULT NULL,
  `created_date` datetime DEFAULT NULL,
  `modified_date` datetime DEFAULT NULL
) ENGINE=InnoDB DEFAULT CHARSET=utf8mb4;

--
-- Dumping data for table `page`
--

INSERT INTO `page` (`page_id`, `title`, `intro`, `full_text`, `page_group_id`, `sort_order`, `meta_tag_title`, `meta_tag_description`, `meta_tag_keywords`, `view_page_count`, `is_active`, `created_by`, `modified_by`, `created_date`, `modified_date`) VALUES
(130, 'COMPANY', NULL, '<ul>\n	<li>\n	<p>This In Design Brochure is Clean &amp; Professional. Create your company&#39;s documentation quick and easy. The template comes with paragraph and character styles, swatches, styles for your spreadsheet / financial info, block quotes, key figures layout, and much more</p>\n	</li>\n</ul>\n', NULL, NULL, 'Company Profile', 'If you continue to have trouble, check out this help file for more tips.', 'company profile', NULL, 1, NULL, NULL, '2019-03-14 06:08:56', '2019-06-07 07:17:58'),
(132, 'RESOURCES', NULL, '<h2><img alt="" src="https://www.google.com/url?sa=i&amp;source=images&amp;cd=&amp;cad=rja&amp;uact=8&amp;ved=2ahUKEwjNqoesyoHhAhUI7HMBHQuNAu8QjRx6BAgBEAU&amp;url=https%3A%2F%2Fwww.pexels.com%2Fsearch%2Fbeautiful%2F&amp;psig=AOvVaw3BVX6YphWlhIlgpF7S6C_i&amp;ust=1552651106648620" /></h2>\n\n<p>&nbsp;</p>\n\n<h2>A Stock or Supply of Money, Materials, Staff, and Other assets that can be drawn on by a Person or Organization in order to Function Effectively.</h2>\n', NULL, NULL, 'Resources information', 'New Resources Page full of information @2019', ' Resources Page full of information', NULL, 1, NULL, NULL, '2019-03-14 06:16:25', '2019-05-15 05:54:45'),
(133, 'ABOUT US', NULL, '<p><strong>piccocart.com&nbsp;is an Indian e-commerce company based in Chennai, India. Founded by Mr&nbsp;</strong><strong>Suresh Sekar, the company initially focused on software Development, before expanding into other product categories such as consumer electronics, fashion, and lifestyle products.</strong></p>\n', NULL, NULL, 'about us', 'about us', 'The total cost of ownership for software created in this manner is reduced', NULL, 1, NULL, NULL, '2019-03-14 06:30:33', '2019-08-13 06:07:36'),
(138, 'PAGE INFO', NULL, '<p>Description of the page.</p>\n', NULL, NULL, '', '', '', NULL, 1, NULL, NULL, '2019-03-21 00:31:43', '2019-05-15 06:08:18');

-- --------------------------------------------------------

--
-- Table structure for table `page_group`
--

CREATE TABLE `page_group` (
  `page_group_id` int(11) NOT NULL,
  `title` varchar(255) DEFAULT NULL,
  `is_active` int(11) DEFAULT NULL,
  `created_by` int(11) DEFAULT NULL,
  `modified_by` int(11) DEFAULT NULL,
  `created_date` datetime DEFAULT NULL,
  `modified_date` datetime DEFAULT NULL
) ENGINE=InnoDB DEFAULT CHARSET=utf8mb4;

-- --------------------------------------------------------

--
-- Table structure for table `product`
--

CREATE TABLE `product` (
  `product_id` int(11) NOT NULL,
  `sku` varchar(64) DEFAULT NULL,
  `upc` varchar(12) DEFAULT NULL,
  `quantity` int(4) DEFAULT NULL,
  `stock_status_id` int(11) NOT NULL,
  `image` varchar(255) DEFAULT NULL,
  `image_path` text,
  `manufacturer_id` int(11) DEFAULT NULL,
  `shipping` tinyint(4) DEFAULT NULL,
  `price` decimal(10,2) DEFAULT NULL,
  `date_available` date DEFAULT NULL,
  `sort_order` int(11) DEFAULT NULL,
  `name` varchar(255) DEFAULT NULL,
  `description` text,
  `amount` float DEFAULT NULL,
  `meta_tag_title` varchar(255) DEFAULT NULL,
  `meta_tag_description` varchar(255) DEFAULT NULL,
  `meta_tag_keyword` varchar(255) DEFAULT NULL,
  `discount` int(11) DEFAULT NULL,
  `subtract_stock` int(11) DEFAULT NULL COMMENT '0->no 1->yes',
  `minimum_quantity` int(11) DEFAULT NULL,
  `location` varchar(255) DEFAULT NULL,
  `delete_flag` int(11) NOT NULL DEFAULT '0',
  `condition` int(11) DEFAULT NULL COMMENT '1->new 2->used',
  `today_deals` int(11) DEFAULT NULL,
  `is_active` int(11) DEFAULT NULL,
  `created_by` int(11) DEFAULT NULL,
  `modified_by` int(11) DEFAULT NULL,
  `created_date` datetime DEFAULT NULL,
  `modified_date` datetime DEFAULT NULL
) ENGINE=InnoDB DEFAULT CHARSET=utf8mb4;

--
-- Dumping data for table `product`
--

INSERT INTO `product` (`product_id`, `sku`, `upc`, `quantity`, `stock_status_id`, `image`, `image_path`, `manufacturer_id`, `shipping`, `price`, `date_available`, `sort_order`, `name`, `description`, `amount`, `meta_tag_title`, `meta_tag_description`, `meta_tag_keyword`, `discount`, `subtract_stock`, `minimum_quantity`, `location`, `delete_flag`, `condition`, `today_deals`, `is_active`, `created_by`, `modified_by`, `created_date`, `modified_date`) VALUES
(538, 'DRM9900U6', '110092238393', 150, 79, NULL, NULL, 81, 1, '5889.00', '2019-06-19', 1, 'Musical Mart MMBG-L-03Two PieceBongo Drum(Brown)', '<h1>Musical Mart MMBG-L-03Two PieceBongo Drum(Brown)</h1>\n\n<ul>\n	<li>A percussion instrument</li>\n	<li>Body Material: Basswood</li>\n	<li>Size: 11inch</li>\n</ul>\n', NULL, 'Musical Mart MMBG-L-03Two PieceBongo Drum(Brown)', NULL, NULL, NULL, 1, 10, 'India', 0, 1, 0, 1, NULL, NULL, '2019-06-19 05:49:51', '2019-06-19 05:49:57'),
(540, 'ASS88901Gy', '121099090649', 100, 79, NULL, NULL, 81, 1, '899000.00', '2019-06-19', 1, 'Grand Piano', '<p>Grand Piano is amazing Piano with realistic effects. You will love to Play this Piano again and again.<br />\n<br />\nFeatures<br />\n-Very Easy to Learn and Play like a Real Piano.<br />\n-You can record and save your recordings.<br />\n-You have access to C3 &amp; C4 Octaves in the Free Version.<br />\n-You can navigate to different parts of the Piano by dragging the keys.<br />\n-You Can Upgrade to Full Version to Unlock all the Octaves.<br />\n-Fully Tested on All Android Phones,Fire Phone &amp; Kindle Fire Tablets (All).</p>\n', NULL, 'Grand Piano', NULL, NULL, NULL, 1, 10, 'India', 0, 1, 0, 1, NULL, NULL, '2019-06-19 06:01:40', '2019-06-19 06:01:51'),
(541, 'AWE00UI6', '121987983748', 100, 79, NULL, NULL, 81, 1, '24000.00', '2019-06-19', 1, 'AMBITION Professional Black Drum Kit - 9 Pcs', '<h1>AMBITION Professional Black Drum Kit - 9 Pcs</h1>\n\n<ul>\n	<li>Good quality body with fantastic finishing &amp; hard gear-chain based pedal, solid long lasting global quality stands with white/milky skins fully professional</li>\n	<li>Very good looking, attractive, glossy or metallic</li>\n	<li>adjustable for beginners</li>\n	<li>Double/more coating good quality Plywooden body.</li>\n	<li>various attarctive colous &amp; Handy by cover bags</li>\n	<li>\n	<table border="0" cellpadding="0" cellspacing="0">\n		<tbody>\n			<tr>\n				<td>Brand</td>\n				<td>AMBITION</td>\n			</tr>\n			<tr>\n				<td>Model</td>\n				<td>AD-Professional-9pcs Drumset-Black</td>\n			</tr>\n			<tr>\n				<td>Item model number</td>\n				<td>AD-Professional-9pcs Drumset-Black</td>\n			</tr>\n			<tr>\n				<td>Batteries Included</td>\n				<td>No</td>\n			</tr>\n			<tr>\n				<td>Batteries Required</td>\n				<td>No</td>\n			</tr>\n		</tbody>\n	</table>\n	</li>\n</ul>\n', NULL, 'AMBITION Professional Black Drum Kit - 9 Pcs', NULL, NULL, NULL, 1, 10, 'India', 0, 1, 0, 1, NULL, NULL, '2019-06-19 06:15:12', '2019-06-19 06:16:24'),
(542, 'BB002013', '10822710021', 100, 79, NULL, NULL, 70, 1, '360.00', '2019-06-19', 1, 'DZert Soft Plush Fabric Multicolour Micky Printed School Bag for Baby Boys and Girls', '<ul>\n	<li>Non-toxic and soft fabric good quality and washable</li>\n	<li>Soft and cuddly filling printed work</li>\n	<li>Soft toy school bag for kids, travelling bag, carry bag, picnic bag, teddy bag</li>\n	<li>Very attractive to make you have a good feeling all the time, gift this soft, smooth and cuddly teddy as a great gift to your loved one</li>\n	<li>Colour: Multicolour</li>\n</ul>\n', NULL, 'DZert Soft Plush Fabric Multicolour Micky Printed School Bag for Baby Boys and Girls', NULL, NULL, 230, 1, 10, 'India', 0, 1, 0, 1, NULL, NULL, '2019-06-19 06:16:09', '2019-07-30 05:31:32'),
(547, 'WL002017', '12009387111', 100, 79, NULL, NULL, 81, 1, '850.00', '2019-06-19', 1, 'Gojeeva Uplight Wall Lamp#JustHere', '<ul>\n	<li>Proffered by Gojeeva, this white and golden colored sconce wall lamp can easily be used to lighten up your favorite room. Crafted from high quality aluminum, glass and brass material, this wall lamp is long lasting and energy efficient. This wall lamp produces the same amount of light as normal ones and features a look that is similar to traditional incandescent lights, but it also has a lightweight design and is more energy efficient. Use your choice of wall lamps to design a well lit residential or commercial space. Furthermore, it is available at a very low price. Additionally, this wall lamp comes with one cable connector and two screws.</li>\n</ul>\n', NULL, 'Gojeeva Uplight Wall Lamp#JustHere', NULL, NULL, NULL, 1, 10, 'India', 0, 1, 0, 1, NULL, NULL, '2019-06-19 08:13:25', '2019-06-19 08:13:34'),
(550, 'EH002021', '19899922244', 100, 79, NULL, NULL, 70, 1, '2100.00', '2019-06-20', 1, 'KRISONS 2.1 Nexon 2.1 Home Cinema  (BLUETOOTH)', '<ul>\n	<li>Home Cinema System</li>\n	<li>2 Speakers</li>\n	<li>1 Subwoofers</li>\n	<li>MP3</li>\n</ul>\n', NULL, 'KRISONS 2.1 Nexon 2.1 Home Cinema  (BLUETOOTH)', NULL, NULL, 1870, 1, 10, '', 0, 1, 0, 1, NULL, NULL, '2019-06-20 01:43:55', '2019-07-30 05:31:32'),
(552, 'ET002023', '12009334222', 100, 79, NULL, NULL, 70, 1, '14000.00', '2019-06-20', 1, 'Mi LED TV 4C PRO 80 cm (32) HD Ready Android TV (Black)', '<ul>\n	<li>Resolution : HD Ready (1366x768p) | Refresh Rate: 60 hertz</li>\n	<li>Connectivity: 3 HDMI ports to connect set top box, Blu Ray players, gaming console, 2 USB ports to connect hard drives and other USB devices</li>\n	<li>Sound: 20 W output | DTS-HD sound</li>\n	<li>Smart TV features : | PatchWall with Android TV and Set-Top Box Integration | Chromecast built-in | 700,000+ hrs of Content | Mi Remote with Google voice search | Content across 15 languages | Play Store, YouTube, Play Movies, Play Music | Hotstar, Voot, Sony LIV, Hungama, Zee5, Eros Now, Alt Balaji, Sun NXT, Hooq, TVF, Epic ON, Flickstree| Prime Video coming soon | Mi Remote controls TV, set-top box and smart home devices eg. Mi Air Purifier</li>\n	<li>Warranty Information: 1 year warranty on product and 1 year extra on Panel</li>\n	<li>For any Warranty related issues/clarifications, please directly call Xiaomi support on 18001036286 and provide product&#39;s model name as well as seller&#39;s details mentioned on the invoice</li>\n	<li>Easy returns: This product is eligible for replacement/refund within 10 days of delivery in case of any product defects, damage or features not matching the description provided</li>\n	<li>Additional Information : 14+ Content Partners ( Amazon Prime Video Coming soon)</li>\n</ul>\n', NULL, 'Mi LED TV 4C PRO 80 cm (32) HD Ready Android TV (Black)', NULL, NULL, 12200, 1, 10, 'India', 0, 1, 1, 1, NULL, NULL, '2019-06-20 02:01:17', '2019-09-03 20:28:16'),
(554, 'MC002031', '176665558921', 100, 79, NULL, NULL, 94, 1, '760.00', '2019-06-20', 1, 'Men Cargos', '<ul>\n	<li>Care Instructions: Hand wash cold water, dry naturally, do not iron imprint directly, do not bleach.</li>\n	<li>Fit Type: Regular Fit</li>\n	<li>Material: 100% cotton</li>\n	<li>Fit type: regular fit</li>\n	<li>Care instructions: hand wash cold water, dry naturally, do not iron imprint directly, do not bleach</li>\n	<li>Closure type: belt</li>\n	<li>Solid cargo pant</li>\n</ul>\n', NULL, 'Men Cargos', NULL, NULL, 679, 1, 10, 'U.K', 0, 1, 0, 1, NULL, NULL, '2019-06-20 02:28:45', '2019-09-03 19:46:18'),
(555, 'MC002034', '109882765222', 100, 79, NULL, NULL, 72, 1, '780.00', '2019-06-20', 1, 'BEEVEE Men\'s 100% Cotton Solid Khaki Fixed Waist Turn Ups and Detachable Cargo with Belt', '<ul>\n	<li>Care Instructions: Normal Wash</li>\n	<li>Slim FIT. These premium Men&#39;s Casual Cotton Cargo Pants sit at the natural waist with a relaxed seat and thigh. These Stylish, Fashionable and Hi-quality cargo pants will keep you comfortable all day</li>\n	<li>MAXIMUM STORAGE. Equipped with (6) pockets for maximum storage capacity. (2) cargo flap pockets, (2) slash pockets, and (2) back pockets with flaps - great for storing cell phones, wallets, tools, and other items</li>\n	<li>PREMIUM CARGO STYLE. Made with premium materials for comfort, this classic cargo pant takes you from work and the outdoors, to everyday casual wear and are a perfect combination of trendy and comfort.</li>\n	<li>DURABLE MATERIALS. These Mens Cargo Pants are Constructed from 100% cotton Twill, these pants are built to last while maintaining breath-ability and comfort. Comes with Brass Zippers for Classy Look.</li>\n	<li>This is an Unique Design form the Amazon Bestselling Brand VERSATYL which is known for its Unique and Innovative products.</li>\n</ul>\n', NULL, '', NULL, NULL, 560, 1, 10, 'India', 0, 1, 0, 1, NULL, NULL, '2019-06-20 02:37:42', '2019-09-03 20:01:17');

-- --------------------------------------------------------

--
-- Table structure for table `product_description`
--

CREATE TABLE `product_description` (
  `product_description_id` int(11) NOT NULL,
  `product_id` int(11) DEFAULT NULL,
  `name` varchar(255) NOT NULL,
  `description` text,
  `meta_description` text,
  `meta_keyword` varchar(255) DEFAULT NULL,
  `is_active` int(11) DEFAULT NULL,
  `created_by` int(11) DEFAULT NULL,
  `modified_by` int(11) DEFAULT NULL,
  `created_date` datetime DEFAULT NULL,
  `modified_date` datetime DEFAULT NULL
) ENGINE=InnoDB DEFAULT CHARSET=utf8mb4;

-- --------------------------------------------------------

--
-- Table structure for table `product_image`
--

CREATE TABLE `product_image` (
  `product_image_id` int(11) NOT NULL,
  `product_id` int(11) NOT NULL,
  `image` varchar(255) DEFAULT NULL,
  `container_name` varchar(255) DEFAULT NULL,
  `default_image` int(11) DEFAULT NULL,
  `sort_order` int(3) DEFAULT NULL,
  `is_active` int(11) DEFAULT NULL,
  `created_by` int(11) DEFAULT NULL,
  `modified_by` int(11) DEFAULT NULL,
  `created_date` datetime DEFAULT NULL,
  `modified_date` datetime DEFAULT NULL
) ENGINE=InnoDB DEFAULT CHARSET=utf8mb4;

--
-- Dumping data for table `product_image`
--

INSERT INTO `product_image` (`product_image_id`, `product_id`, `image`, `container_name`, `default_image`, `sort_order`, `is_active`, `created_by`, `modified_by`, `created_date`, `modified_date`) VALUES
(3483, 538, 'Img_1560941359959.jpeg', 'Product/SportsBooksAndMore/MusicalInstruments/', 1, NULL, NULL, NULL, NULL, '2019-06-19 05:49:51', NULL),
(3487, 540, 'Img_1560942077645.png', 'Product/SportsBooksAndMore/MusicalInstruments/', 1, NULL, NULL, NULL, NULL, '2019-06-19 06:01:40', NULL),
(3488, 540, 'Img_1560942068218.png', 'Product/SportsBooksAndMore/MusicalInstruments/', 0, NULL, NULL, NULL, NULL, '2019-06-19 06:01:40', NULL),
(3491, 542, 'Img_1560942778648.jpeg', 'Product/BabyandKids/SchoolSupplies/', 1, NULL, NULL, NULL, NULL, '2019-06-19 06:16:09', NULL),
(3492, 542, 'Img_1560942923395.jpeg', 'Product/BabyandKids/SchoolSupplies/', 0, NULL, NULL, NULL, NULL, '2019-06-19 06:16:09', NULL),
(3493, 542, 'Img_1560942958770.jpeg', 'Product/BabyandKids/SchoolSupplies/', 0, NULL, NULL, NULL, NULL, '2019-06-19 06:16:09', NULL),
(3494, 541, 'Img_1560942881447.jpeg', 'Product/SportsBooksAndMore/MusicalInstruments/', 1, NULL, NULL, NULL, NULL, '2019-06-19 06:16:12', NULL),
(3495, 541, 'Img_1560942872336.jpeg', 'Product/SportsBooksAndMore/MusicalInstruments/', 0, NULL, NULL, NULL, NULL, '2019-06-19 06:16:12', NULL),
(3509, 547, 'Img_1560949940862.jpeg', 'Product/HomesAndFurniture/HomeLighting/', 1, NULL, NULL, NULL, NULL, '2019-06-19 08:13:25', NULL),
(3510, 547, 'Img_1560949967618.jpeg', 'Product/HomesAndFurniture/HomeLighting/', 0, NULL, NULL, NULL, NULL, '2019-06-19 08:13:25', NULL),
(3511, 547, 'Img_1560949998311.jpeg', 'Product/HomesAndFurniture/HomeLighting/', 0, NULL, NULL, NULL, NULL, '2019-06-19 08:13:25', NULL),
(3519, 550, 'Img_1561012885687.jpeg', 'Product/Electronics/TVsAndSpeaker/', 0, NULL, NULL, NULL, NULL, '2019-06-20 01:43:55', NULL),
(3520, 550, 'Img_1561012928975.jpeg', 'Product/Electronics/TVsAndSpeaker/', 0, NULL, NULL, NULL, NULL, '2019-06-20 01:43:55', NULL),
(3521, 550, 'Img_1561013011775.jpeg', 'Product/Electronics/TVsAndSpeaker/', 1, NULL, NULL, NULL, NULL, '2019-06-20 01:43:55', NULL),
(3525, 552, 'Img_1561013979887.jpeg', 'Product/Electronics/TVsAndSpeaker/', 1, NULL, NULL, NULL, NULL, '2019-06-20 02:01:17', NULL),
(3526, 552, 'Img_1561014035550.jpeg', 'Product/Electronics/TVsAndSpeaker/', 0, NULL, NULL, NULL, NULL, '2019-06-20 02:01:17', NULL),
(3527, 552, 'Img_1561014069848.jpeg', 'Product/Electronics/TVsAndSpeaker/', 0, NULL, NULL, NULL, NULL, '2019-06-20 02:01:17', NULL),
(3687, 554, 'Img_1561015626179.jpeg', 'Product/MensFashion/BottomWear/', 1, NULL, NULL, NULL, NULL, '2019-09-03 19:46:18', NULL),
(3688, 554, 'Img_1561015719324.jpeg', 'Product/MensFashion/BottomWear/', 0, NULL, NULL, NULL, NULL, '2019-09-03 19:46:18', NULL),
(3689, 554, 'Img_1561015663360.jpeg', 'Product/MensFashion/BottomWear/', 0, NULL, NULL, NULL, NULL, '2019-09-03 19:46:18', NULL),
(3691, 555, 'Img_1561016083454.jpeg', 'Product/MensFashion/BottomWear/', 1, NULL, NULL, NULL, NULL, '2019-09-03 20:01:17', NULL),
(3692, 555, 'Img_1561016253369.jpeg', 'Product/MensFashion/BottomWear/', 0, NULL, NULL, NULL, NULL, '2019-09-03 20:01:17', NULL),
(3693, 555, 'Img_1561016190944.jpeg', 'Product/MensFashion/BottomWear/', 0, NULL, NULL, NULL, NULL, '2019-09-03 20:01:17', NULL);

-- --------------------------------------------------------

--
-- Table structure for table `product_tag`
--

CREATE TABLE `product_tag` (
  `product_tag_id` int(11) NOT NULL,
  `product_id` int(11) DEFAULT NULL,
  `product_tagname` text,
  `is_active` int(11) DEFAULT NULL,
  `created_by` int(11) DEFAULT NULL,
  `modified_by` int(11) DEFAULT NULL,
  `created_date` datetime DEFAULT NULL,
  `modified_date` datetime DEFAULT NULL
) ENGINE=InnoDB DEFAULT CHARSET=utf8mb4;

-- --------------------------------------------------------

--
-- Table structure for table `product_to_category`
--

CREATE TABLE `product_to_category` (
  `product_to_category_id` int(11) NOT NULL,
  `product_id` int(11) NOT NULL,
  `category_id` int(11) NOT NULL,
  `is_active` int(11) DEFAULT NULL,
  `created_by` int(11) DEFAULT NULL,
  `modified_by` int(11) DEFAULT NULL,
  `created_date` datetime DEFAULT NULL,
  `modified_date` datetime DEFAULT NULL
) ENGINE=InnoDB DEFAULT CHARSET=utf8mb4;

--
-- Dumping data for table `product_to_category`
--

INSERT INTO `product_to_category` (`product_to_category_id`, `product_id`, `category_id`, `is_active`, `created_by`, `modified_by`, `created_date`, `modified_date`) VALUES
(4070, 538, 6, 1, NULL, NULL, '2019-06-19 05:49:51', NULL),
(4074, 540, 148, 1, NULL, NULL, '2019-06-19 06:01:40', NULL),
(4076, 540, 6, 1, NULL, NULL, '2019-06-19 06:01:40', NULL),
(4077, 542, 3, 1, NULL, NULL, '2019-06-19 06:16:09', NULL),
(4081, 541, 6, 1, NULL, NULL, '2019-06-19 06:16:12', NULL),
(4103, 547, 5, 1, NULL, NULL, '2019-06-19 08:13:25', NULL),
(4116, 550, 4, 1, NULL, NULL, '2019-06-20 01:43:55', NULL),
(4122, 552, 4, 1, NULL, NULL, '2019-06-20 02:01:17', NULL);

-- --------------------------------------------------------

--
-- Table structure for table `product_view_log`
--

CREATE TABLE `product_view_log` (
  `id` int(11) NOT NULL,
  `product_id` int(11) NOT NULL,
  `customer_id` int(11) DEFAULT NULL,
  `first_name` varchar(255) DEFAULT NULL,
  `last_name` varchar(255) DEFAULT NULL,
  `email` varchar(255) DEFAULT NULL,
  `username` varchar(255) DEFAULT NULL,
  `mobile` bigint(11) DEFAULT NULL,
  `address` varchar(255) DEFAULT NULL,
  `is_active` int(11) DEFAULT NULL,
  `created_by` int(11) DEFAULT NULL,
  `modified_by` int(11) DEFAULT NULL,
  `created_date` datetime DEFAULT NULL,
  `modified_date` datetime DEFAULT NULL
) ENGINE=InnoDB DEFAULT CHARSET=utf8mb4;

--
-- Dumping data for table `product_view_log`
--

INSERT INTO `product_view_log` (`id`, `product_id`, `customer_id`, `first_name`, `last_name`, `email`, `username`, `mobile`, `address`, `is_active`, `created_by`, `modified_by`, `created_date`, `modified_date`) VALUES
(1, 542, 352, 'demo', 'user', 'demo@gmail.com', 'demo@gmail.com', 8428524613, 'Marthandam', NULL, NULL, NULL, '2019-09-03 17:32:34', NULL),
(2, 555, 352, 'demo', 'user', 'demo@gmail.com', 'demo@gmail.com', 8428524613, 'Marthandam', NULL, NULL, NULL, '2019-09-03 20:04:02', NULL);

-- --------------------------------------------------------

--
-- Table structure for table `settings`
--

CREATE TABLE `settings` (
  `settings_id` int(11) NOT NULL,
  `url` varchar(250) DEFAULT NULL,
  `meta_tag_title` varchar(250) DEFAULT NULL,
  `meta_tag_description` text,
  `meta_tag_keywords` varchar(250) DEFAULT NULL,
  `store_name` varchar(250) DEFAULT NULL,
  `store_owner` varchar(250) DEFAULT NULL,
  `store_address` text,
  `country_id` int(11) DEFAULT NULL,
  `zone_id` varchar(255) DEFAULT NULL,
  `store_email` varchar(250) DEFAULT NULL,
  `store_telephone` varchar(50) DEFAULT NULL,
  `store_fax` varchar(30) DEFAULT NULL,
  `store_logo` varchar(250) DEFAULT NULL,
  `store_logo_path` varchar(255) DEFAULT NULL,
  `maintenance_mode` int(3) DEFAULT NULL,
  `store_image` varchar(255) DEFAULT NULL,
  `store_image_path` text,
  `google` varchar(255) DEFAULT NULL,
  `facebook` varchar(255) DEFAULT NULL,
  `twitter` varchar(255) DEFAULT NULL,
  `instagram` varchar(255) DEFAULT NULL,
  `order_status` int(11) NOT NULL DEFAULT '1',
  `invoice_prefix` varchar(255) DEFAULT NULL,
  `items_per_page` int(11) DEFAULT NULL,
  `category_product_count` int(11) DEFAULT NULL,
  `is_active` int(11) DEFAULT NULL,
  `created_date` datetime DEFAULT NULL,
  `modified_date` datetime DEFAULT NULL,
  `created_by` int(11) DEFAULT NULL,
  `modified_by` int(11) DEFAULT NULL
) ENGINE=InnoDB DEFAULT CHARSET=utf8mb4;

--
-- Dumping data for table `settings`
--

INSERT INTO `settings` (`settings_id`, `url`, `meta_tag_title`, `meta_tag_description`, `meta_tag_keywords`, `store_name`, `store_owner`, `store_address`, `country_id`, `zone_id`, `store_email`, `store_telephone`, `store_fax`, `store_logo`, `store_logo_path`, `maintenance_mode`, `store_image`, `store_image_path`, `google`, `facebook`, `twitter`, `instagram`, `order_status`, `invoice_prefix`, `items_per_page`, `category_product_count`, `is_active`, `created_date`, `modified_date`, `created_by`, `modified_by`) VALUES
(2, 'www.spurt.com', 'Spurtcommerce', 'description', 'keyword', 'online shopping sites in india ', 'Admin', 'Chennai, India', 9, '59', 'admin@spurtcommerce.com', '8989897822', '1221', 'Img_1566206091119.png', 'storeLogo/', 0, 'storeImage', NULL, 'https://plus.google.com/106505712715559114904', 'https://www.facebook.com/spurtcommerce/', 'https://twitter.com/Spurtcommerce', 'https://www.instagram.com/spurt_commerce/', 1, 'SPU', 20, 1, 1, '2019-02-13 06:00:00', '2019-08-28 07:20:59', NULL, NULL);

-- --------------------------------------------------------

--
-- Table structure for table `stock_status`
--

CREATE TABLE `stock_status` (
  `stock_status_id` int(11) NOT NULL,
  `name` varchar(32) DEFAULT NULL,
  `is_active` int(11) DEFAULT NULL,
  `created_by` int(11) DEFAULT NULL,
  `modified_by` int(11) DEFAULT NULL,
  `created_date` datetime DEFAULT NULL,
  `modified_date` datetime DEFAULT NULL
) ENGINE=InnoDB DEFAULT CHARSET=utf8mb4;

--
-- Dumping data for table `stock_status`
--

INSERT INTO `stock_status` (`stock_status_id`, `name`, `is_active`, `created_by`, `modified_by`, `created_date`, `modified_date`) VALUES
(78, 'Pre Order', 1, NULL, NULL, '2019-03-25 00:49:53', '2019-06-05 05:48:46'),
(79, 'In Stock', 1, NULL, NULL, '2019-03-25 00:50:34', '2019-06-05 05:58:07');

-- --------------------------------------------------------

--
-- Table structure for table `users`
--

CREATE TABLE `users` (
  `user_id` int(11) NOT NULL,
  `user_group_id` int(11) NOT NULL,
  `username` varchar(255) NOT NULL,
  `password` varchar(255) NOT NULL,
  `first_name` varchar(255) DEFAULT NULL,
  `last_name` varchar(255) DEFAULT NULL,
  `email` varchar(255) DEFAULT NULL,
  `avatar` varchar(255) DEFAULT NULL,
  `avatar_path` varchar(255) DEFAULT NULL,
  `code` varchar(32) DEFAULT NULL,
  `ip` varchar(15) DEFAULT NULL,
  `address` varchar(255) DEFAULT NULL,
  `phone_number` bigint(20) DEFAULT NULL,
  `is_active` int(11) DEFAULT NULL,
  `created_date` datetime DEFAULT NULL,
  `modified_date` datetime DEFAULT NULL,
  `created_by` int(11) DEFAULT NULL,
  `modified_by` int(11) DEFAULT NULL,
  `delete_flag` int(11) DEFAULT '0'
) ENGINE=InnoDB DEFAULT CHARSET=utf8mb4;

--
-- Dumping data for table `users`
--

INSERT INTO `users` (`user_id`, `user_group_id`, `username`, `password`, `first_name`, `last_name`, `email`, `avatar`, `avatar_path`, `code`, `ip`, `address`, `phone_number`, `is_active`, `created_date`, `modified_date`, `created_by`, `modified_by`, `delete_flag`) VALUES
(65, 1, 'admin@spurtcart.com', '$2b$10$caXJ3hkFuDyBhI/t21wvv.GBDbSYd66HMt4xALjv9JDolXLPUuz.K', 'admin', 'user', 'admin@spurtcart.com', 'Img_1567002487693.jpeg', 'user/', NULL, NULL, 'aaa', 9751218216, 1, '2019-08-27 05:39:53', '2019-09-03 20:05:58', NULL, NULL, 0);

-- --------------------------------------------------------

--
-- Table structure for table `user_group`
--

CREATE TABLE `user_group` (
  `group_id` int(11) NOT NULL,
  `name` varchar(64) DEFAULT NULL,
  `slug` varchar(64) DEFAULT NULL,
  `is_active` int(11) DEFAULT NULL,
  `created_date` datetime DEFAULT NULL,
  `modified_date` datetime DEFAULT NULL,
  `created_by` int(11) DEFAULT NULL,
  `modified_by` int(11) DEFAULT NULL
) ENGINE=InnoDB DEFAULT CHARSET=utf8mb4;

--
-- Dumping data for table `user_group`
--

INSERT INTO `user_group` (`group_id`, `name`, `slug`, `is_active`, `created_date`, `modified_date`, `created_by`, `modified_by`) VALUES
(1, 'Admin', 'optional', 1, '2019-01-21 10:38:14', '2019-05-14 01:24:32', NULL, NULL);

-- --------------------------------------------------------

--
-- Table structure for table `zone`
--

CREATE TABLE `zone` (
  `zone_id` int(11) NOT NULL,
  `country_id` int(11) NOT NULL,
  `code` varchar(32) DEFAULT NULL,
  `name` varchar(128) DEFAULT NULL,
  `is_active` int(11) DEFAULT NULL,
  `created_date` datetime DEFAULT NULL,
  `modified_date` datetime DEFAULT NULL,
  `created_by` int(11) DEFAULT NULL,
  `modified_by` int(11) DEFAULT NULL
) ENGINE=InnoDB DEFAULT CHARSET=utf8mb4;

--
-- Dumping data for table `zone`
--

INSERT INTO `zone` (`zone_id`, `country_id`, `code`, `name`, `is_active`, `created_date`, `modified_date`, `created_by`, `modified_by`) VALUES
(58, 45, 'JAF', 'Jaffna', 0, '2019-02-17 22:17:27', '2019-05-13 04:02:06', NULL, NULL),
(59, 22, 'MUM', 'Mumbai', 1, '2019-02-17 22:17:49', '2019-06-14 01:35:42', NULL, NULL),
(63, 22, 'KL', 'kerala', 1, '2019-02-18 23:46:22', '2019-05-10 04:05:34', NULL, NULL),
(66, 22, 'GOA', 'Goa', 1, '2019-02-19 07:19:48', '2019-03-12 09:11:16', NULL, NULL),
(67, 22, 'PY', 'Pondy', 1, '2019-02-19 07:24:14', '2019-05-13 03:54:16', NULL, NULL),
(68, 24, 'ss', 'ss', 1, '2019-02-19 07:25:57', '2019-04-06 03:33:07', NULL, NULL),
(73, 24, 'Zone', 'Zone', 1, '2019-02-19 07:46:47', '2019-04-06 03:33:01', NULL, NULL),
(74, 30, 'ZX', 'YUY', 1, '2019-02-20 06:38:52', '2019-04-06 03:32:56', NULL, NULL),
(75, 24, 'Y', 'UIU', 1, '2019-02-20 06:39:04', '2019-04-06 03:32:53', NULL, NULL),
(76, 99, 'TN', 'Tamil Nadu', 1, '2019-06-14 01:35:20', NULL, NULL, NULL);

-- --------------------------------------------------------

--
-- Table structure for table `zone_to_geo_zone`
--

CREATE TABLE `zone_to_geo_zone` (
  `zone_to_geo_zone_id` int(11) NOT NULL,
  `country_id` int(11) DEFAULT NULL,
  `zone_id` int(11) DEFAULT NULL,
  `geo_zone_id` int(11) DEFAULT NULL,
  `is_active` int(11) DEFAULT NULL,
  `created_date` datetime DEFAULT NULL,
  `modified_date` datetime DEFAULT NULL,
  `created_by` int(11) DEFAULT NULL,
  `modified_by` int(11) DEFAULT NULL
) ENGINE=InnoDB DEFAULT CHARSET=utf8mb4;

--
-- Indexes for dumped tables
--

--
-- Indexes for table `access_token`
--
ALTER TABLE `access_token`
  ADD PRIMARY KEY (`id`),
  ADD KEY `id` (`id`);

--
-- Indexes for table `banner`
--
ALTER TABLE `banner`
  ADD PRIMARY KEY (`banner_id`),
  ADD KEY `fk_BannerGroup_Banner` (`banner_group_id`),
  ADD KEY `banner_id` (`banner_id`);

--
-- Indexes for table `banner_group`
--
ALTER TABLE `banner_group`
  ADD PRIMARY KEY (`banner_group_id`),
  ADD KEY `banner_group_id` (`banner_group_id`);

--
-- Indexes for table `banner_image`
--
ALTER TABLE `banner_image`
  ADD PRIMARY KEY (`banner_image_id`),
  ADD KEY `banner_image_id` (`banner_image_id`);

--
-- Indexes for table `banner_image_description`
--
ALTER TABLE `banner_image_description`
  ADD PRIMARY KEY (`banner_image_description_id`),
  ADD KEY `fk_Banner_BannerImageDescription` (`banner_id`),
  ADD KEY `fk_BannerImage_BannerImageDescription` (`banner_image_id`),
  ADD KEY `banner_image_description_id` (`banner_image_description_id`);

--
-- Indexes for table `category`
--
ALTER TABLE `category`
  ADD PRIMARY KEY (`category_id`),
  ADD KEY `category_id` (`category_id`);

--
-- Indexes for table `category_description`
--
ALTER TABLE `category_description`
  ADD PRIMARY KEY (`category_description_id`),
  ADD KEY `fk_Category_CategoryDescription` (`category_id`),
  ADD KEY `category_description_id` (`category_description_id`);

--
-- Indexes for table `category_path`
--
ALTER TABLE `category_path`
  ADD PRIMARY KEY (`category_path_id`),
  ADD KEY `category_path_id` (`category_path_id`);

--
-- Indexes for table `contact`
--
ALTER TABLE `contact`
  ADD PRIMARY KEY (`id`),
  ADD KEY `id` (`id`);

--
-- Indexes for table `country`
--
ALTER TABLE `country`
  ADD PRIMARY KEY (`country_id`),
  ADD KEY `country_id` (`country_id`);

--
-- Indexes for table `customer`
--
ALTER TABLE `customer`
  ADD PRIMARY KEY (`id`),
  ADD KEY `id` (`id`);

--
-- Indexes for table `customer_group`
--
ALTER TABLE `customer_group`
  ADD PRIMARY KEY (`id`),
  ADD KEY `id` (`id`);

--
-- Indexes for table `customer_ip`
--
ALTER TABLE `customer_ip`
  ADD PRIMARY KEY (`customer_ip_id`),
  ADD KEY `customer_ip_id` (`customer_ip_id`);

--
-- Indexes for table `customer_transaction`
--
ALTER TABLE `customer_transaction`
  ADD PRIMARY KEY (`customer_transaction_id`),
  ADD KEY `fk_customer_transaction_order1` (`order_id`),
  ADD KEY `fk_customer_transaction_customer1` (`customer_id`),
  ADD KEY `customer_transaction_id` (`customer_transaction_id`);

--
-- Indexes for table `email_template`
--
ALTER TABLE `email_template`
  ADD PRIMARY KEY (`id`),
  ADD KEY `id` (`id`);

--
-- Indexes for table `geo_zone`
--
ALTER TABLE `geo_zone`
  ADD PRIMARY KEY (`geo_zone_id`),
  ADD KEY `geo_zone_id` (`geo_zone_id`);

--
-- Indexes for table `login_log`
--
ALTER TABLE `login_log`
  ADD PRIMARY KEY (`id`),
  ADD KEY `id` (`id`);

--
-- Indexes for table `manufacturer`
--
ALTER TABLE `manufacturer`
  ADD PRIMARY KEY (`manufacturer_id`),
  ADD KEY `manufacturer_id` (`manufacturer_id`);

--
-- Indexes for table `migrations`
--
ALTER TABLE `migrations`
  ADD PRIMARY KEY (`id`);

--
-- Indexes for table `order`
--
ALTER TABLE `order`
  ADD PRIMARY KEY (`order_id`),
  ADD KEY `fk_order_customer1` (`customer_id`),
  ADD KEY `order_id` (`order_id`);

--
-- Indexes for table `order_history`
--
ALTER TABLE `order_history`
  ADD PRIMARY KEY (`order_history_id`),
  ADD KEY `fk_order_history_order1` (`order_id`),
  ADD KEY `fk_order_history_order_status1` (`order_status_id`),
  ADD KEY `order_history_id` (`order_history_id`);

--
-- Indexes for table `order_log`
--
ALTER TABLE `order_log`
  ADD PRIMARY KEY (`order_log_id`),
  ADD KEY `fk_order_customer1` (`customer_id`),
  ADD KEY `order_log_id` (`order_log_id`);

--
-- Indexes for table `order_product`
--
ALTER TABLE `order_product`
  ADD PRIMARY KEY (`order_product_id`),
  ADD KEY `fk_order_product_product1` (`product_id`),
  ADD KEY `fk_order_product_order1` (`order_id`),
  ADD KEY `order_product_id` (`order_product_id`);

--
-- Indexes for table `order_status`
--
ALTER TABLE `order_status`
  ADD PRIMARY KEY (`order_status_id`);

--
-- Indexes for table `order_total`
--
ALTER TABLE `order_total`
  ADD PRIMARY KEY (`order_total_id`);

--
-- Indexes for table `page`
--
ALTER TABLE `page`
  ADD PRIMARY KEY (`page_id`),
  ADD KEY `fk_page_page_group1` (`page_group_id`),
  ADD KEY `page_id` (`page_id`);

--
-- Indexes for table `page_group`
--
ALTER TABLE `page_group`
  ADD PRIMARY KEY (`page_group_id`),
  ADD KEY `page_group_id` (`page_group_id`);

--
-- Indexes for table `product`
--
ALTER TABLE `product`
  ADD PRIMARY KEY (`product_id`),
  ADD KEY `product_id` (`product_id`),
  ADD KEY `manufacturer_id` (`manufacturer_id`),
  ADD KEY `condition` (`condition`),
  ADD KEY `today_deals` (`today_deals`),
  ADD KEY `is_active` (`is_active`);

--
-- Indexes for table `product_description`
--
ALTER TABLE `product_description`
  ADD PRIMARY KEY (`product_description_id`),
  ADD KEY `product_description_id` (`product_description_id`);

--
-- Indexes for table `product_image`
--
ALTER TABLE `product_image`
  ADD PRIMARY KEY (`product_image_id`),
  ADD KEY `fk_product_image_product1` (`product_id`),
  ADD KEY `product_image_id` (`product_image_id`),
  ADD KEY `default_image` (`default_image`);

--
-- Indexes for table `product_tag`
--
ALTER TABLE `product_tag`
  ADD PRIMARY KEY (`product_tag_id`),
  ADD KEY `product_tag_id` (`product_tag_id`);

--
-- Indexes for table `product_to_category`
--
ALTER TABLE `product_to_category`
  ADD PRIMARY KEY (`product_to_category_id`),
  ADD KEY `fk_product_to_category_product1` (`product_id`),
  ADD KEY `fk_product_to_category_category1` (`category_id`),
  ADD KEY `product_to_category_id` (`product_to_category_id`);

--
-- Indexes for table `product_view_log`
--
ALTER TABLE `product_view_log`
  ADD PRIMARY KEY (`id`),
  ADD KEY `product_view_log_Cons_product` (`product_id`),
  ADD KEY `id` (`id`);

--
-- Indexes for table `settings`
--
ALTER TABLE `settings`
  ADD PRIMARY KEY (`settings_id`),
  ADD KEY `fk_Country_Settings` (`country_id`),
  ADD KEY `settings_id` (`settings_id`);

--
-- Indexes for table `stock_status`
--
ALTER TABLE `stock_status`
  ADD PRIMARY KEY (`stock_status_id`);

--
-- Indexes for table `users`
--
ALTER TABLE `users`
  ADD PRIMARY KEY (`user_id`),
  ADD KEY `fk_users_usergroup` (`user_group_id`),
  ADD KEY `user_id` (`user_id`);

--
-- Indexes for table `user_group`
--
ALTER TABLE `user_group`
  ADD PRIMARY KEY (`group_id`),
  ADD KEY `group_id` (`group_id`);

--
-- Indexes for table `zone`
--
ALTER TABLE `zone`
  ADD PRIMARY KEY (`zone_id`),
  ADD KEY `fk_Zone_Country` (`country_id`),
  ADD KEY `user_id` (`zone_id`);

--
-- Indexes for table `zone_to_geo_zone`
--
ALTER TABLE `zone_to_geo_zone`
  ADD PRIMARY KEY (`zone_to_geo_zone_id`),
  ADD KEY `fk_Zone_ZoneGeo` (`zone_id`),
  ADD KEY `fk_Country_ZoneGeo` (`country_id`),
  ADD KEY `zone_to_geo_zone_id` (`zone_to_geo_zone_id`);

--
-- AUTO_INCREMENT for dumped tables
--

--
-- AUTO_INCREMENT for table `access_token`
--
ALTER TABLE `access_token`
  MODIFY `id` int(11) NOT NULL AUTO_INCREMENT, AUTO_INCREMENT=4;
--
-- AUTO_INCREMENT for table `banner`
--
ALTER TABLE `banner`
  MODIFY `banner_id` int(11) NOT NULL AUTO_INCREMENT, AUTO_INCREMENT=85;
--
-- AUTO_INCREMENT for table `banner_group`
--
ALTER TABLE `banner_group`
  MODIFY `banner_group_id` int(11) NOT NULL AUTO_INCREMENT;
--
-- AUTO_INCREMENT for table `banner_image`
--
ALTER TABLE `banner_image`
  MODIFY `banner_image_id` int(11) NOT NULL AUTO_INCREMENT;
--
-- AUTO_INCREMENT for table `banner_image_description`
--
ALTER TABLE `banner_image_description`
  MODIFY `banner_image_description_id` int(11) NOT NULL AUTO_INCREMENT;
--
-- AUTO_INCREMENT for table `category`
--
ALTER TABLE `category`
  MODIFY `category_id` int(11) NOT NULL AUTO_INCREMENT, AUTO_INCREMENT=159;
--
-- AUTO_INCREMENT for table `category_description`
--
ALTER TABLE `category_description`
  MODIFY `category_description_id` int(11) NOT NULL AUTO_INCREMENT;
--
-- AUTO_INCREMENT for table `category_path`
--
ALTER TABLE `category_path`
  MODIFY `category_path_id` int(11) NOT NULL AUTO_INCREMENT, AUTO_INCREMENT=592;
--
-- AUTO_INCREMENT for table `contact`
--
ALTER TABLE `contact`
  MODIFY `id` int(11) NOT NULL AUTO_INCREMENT;
--
-- AUTO_INCREMENT for table `country`
--
ALTER TABLE `country`
  MODIFY `country_id` int(11) NOT NULL AUTO_INCREMENT, AUTO_INCREMENT=260;
--
-- AUTO_INCREMENT for table `customer`
--
ALTER TABLE `customer`
  MODIFY `id` int(11) NOT NULL AUTO_INCREMENT, AUTO_INCREMENT=353;
--
-- AUTO_INCREMENT for table `customer_group`
--
ALTER TABLE `customer_group`
  MODIFY `id` int(11) NOT NULL AUTO_INCREMENT;
--
-- AUTO_INCREMENT for table `customer_ip`
--
ALTER TABLE `customer_ip`
  MODIFY `customer_ip_id` int(11) NOT NULL AUTO_INCREMENT;
--
-- AUTO_INCREMENT for table `customer_transaction`
--
ALTER TABLE `customer_transaction`
  MODIFY `customer_transaction_id` int(11) NOT NULL AUTO_INCREMENT;
--
-- AUTO_INCREMENT for table `email_template`
--
ALTER TABLE `email_template`
  MODIFY `id` int(11) NOT NULL AUTO_INCREMENT, AUTO_INCREMENT=11;
--
-- AUTO_INCREMENT for table `geo_zone`
--
ALTER TABLE `geo_zone`
  MODIFY `geo_zone_id` int(11) NOT NULL AUTO_INCREMENT;
--
-- AUTO_INCREMENT for table `login_log`
--
ALTER TABLE `login_log`
  MODIFY `id` int(11) NOT NULL AUTO_INCREMENT, AUTO_INCREMENT=3;
--
-- AUTO_INCREMENT for table `manufacturer`
--
ALTER TABLE `manufacturer`
  MODIFY `manufacturer_id` int(11) NOT NULL AUTO_INCREMENT, AUTO_INCREMENT=97;
--
-- AUTO_INCREMENT for table `migrations`
--
ALTER TABLE `migrations`
  MODIFY `id` int(11) NOT NULL AUTO_INCREMENT, AUTO_INCREMENT=109;
--
-- AUTO_INCREMENT for table `order`
--
ALTER TABLE `order`
  MODIFY `order_id` int(11) NOT NULL AUTO_INCREMENT, AUTO_INCREMENT=3;
--
-- AUTO_INCREMENT for table `order_history`
--
ALTER TABLE `order_history`
  MODIFY `order_history_id` int(11) NOT NULL AUTO_INCREMENT;
--
-- AUTO_INCREMENT for table `order_log`
--
ALTER TABLE `order_log`
  MODIFY `order_log_id` int(11) NOT NULL AUTO_INCREMENT;
--
-- AUTO_INCREMENT for table `order_product`
--
ALTER TABLE `order_product`
  MODIFY `order_product_id` int(11) NOT NULL AUTO_INCREMENT, AUTO_INCREMENT=3;
--
-- AUTO_INCREMENT for table `order_status`
--
ALTER TABLE `order_status`
  MODIFY `order_status_id` int(11) NOT NULL AUTO_INCREMENT, AUTO_INCREMENT=5;
--
-- AUTO_INCREMENT for table `order_total`
--
ALTER TABLE `order_total`
  MODIFY `order_total_id` int(11) NOT NULL AUTO_INCREMENT, AUTO_INCREMENT=3;
--
-- AUTO_INCREMENT for table `page`
--
ALTER TABLE `page`
  MODIFY `page_id` int(11) NOT NULL AUTO_INCREMENT, AUTO_INCREMENT=139;
--
-- AUTO_INCREMENT for table `page_group`
--
ALTER TABLE `page_group`
  MODIFY `page_group_id` int(11) NOT NULL AUTO_INCREMENT;
--
-- AUTO_INCREMENT for table `product`
--
ALTER TABLE `product`
  MODIFY `product_id` int(11) NOT NULL AUTO_INCREMENT, AUTO_INCREMENT=558;
--
-- AUTO_INCREMENT for table `product_description`
--
ALTER TABLE `product_description`
  MODIFY `product_description_id` int(11) NOT NULL AUTO_INCREMENT;
--
-- AUTO_INCREMENT for table `product_image`
--
ALTER TABLE `product_image`
  MODIFY `product_image_id` int(11) NOT NULL AUTO_INCREMENT, AUTO_INCREMENT=3697;
--
-- AUTO_INCREMENT for table `product_tag`
--
ALTER TABLE `product_tag`
  MODIFY `product_tag_id` int(11) NOT NULL AUTO_INCREMENT;
--
-- AUTO_INCREMENT for table `product_to_category`
--
ALTER TABLE `product_to_category`
  MODIFY `product_to_category_id` int(11) NOT NULL AUTO_INCREMENT, AUTO_INCREMENT=4312;
--
-- AUTO_INCREMENT for table `product_view_log`
--
ALTER TABLE `product_view_log`
  MODIFY `id` int(11) NOT NULL AUTO_INCREMENT, AUTO_INCREMENT=3;
--
-- AUTO_INCREMENT for table `settings`
--
ALTER TABLE `settings`
  MODIFY `settings_id` int(11) NOT NULL AUTO_INCREMENT, AUTO_INCREMENT=3;
--
-- AUTO_INCREMENT for table `stock_status`
--
ALTER TABLE `stock_status`
  MODIFY `stock_status_id` int(11) NOT NULL AUTO_INCREMENT, AUTO_INCREMENT=80;
--
-- AUTO_INCREMENT for table `users`
--
ALTER TABLE `users`
  MODIFY `user_id` int(11) NOT NULL AUTO_INCREMENT, AUTO_INCREMENT=66;
--
-- AUTO_INCREMENT for table `user_group`
--
ALTER TABLE `user_group`
  MODIFY `group_id` int(11) NOT NULL AUTO_INCREMENT, AUTO_INCREMENT=2;
--
-- AUTO_INCREMENT for table `zone`
--
ALTER TABLE `zone`
  MODIFY `zone_id` int(11) NOT NULL AUTO_INCREMENT, AUTO_INCREMENT=77;
--
-- AUTO_INCREMENT for table `zone_to_geo_zone`
--
ALTER TABLE `zone_to_geo_zone`
  MODIFY `zone_to_geo_zone_id` int(11) NOT NULL AUTO_INCREMENT;
--
-- Constraints for dumped tables
--

--
-- Constraints for table `banner`
--
ALTER TABLE `banner`
  ADD CONSTRAINT `fk_BannerGroup_Banner` FOREIGN KEY (`banner_group_id`) REFERENCES `banner_group` (`banner_group_id`) ON DELETE CASCADE;

--
-- Constraints for table `banner_image_description`
--
ALTER TABLE `banner_image_description`
  ADD CONSTRAINT `fk_BannerImage_BannerImageDescription` FOREIGN KEY (`banner_image_id`) REFERENCES `banner_image` (`banner_image_id`) ON DELETE CASCADE,
  ADD CONSTRAINT `fk_Banner_BannerImageDescription` FOREIGN KEY (`banner_id`) REFERENCES `banner` (`banner_id`) ON DELETE CASCADE;

--
-- Constraints for table `category_description`
--
ALTER TABLE `category_description`
  ADD CONSTRAINT `fk_Category_CategoryDescription` FOREIGN KEY (`category_id`) REFERENCES `category` (`category_id`) ON DELETE CASCADE;

--
-- Constraints for table `customer_transaction`
--
ALTER TABLE `customer_transaction`
  ADD CONSTRAINT `fk_customer_transaction_customer1` FOREIGN KEY (`customer_id`) REFERENCES `customer` (`id`) ON DELETE CASCADE,
  ADD CONSTRAINT `fk_customer_transaction_order1` FOREIGN KEY (`order_id`) REFERENCES `order` (`order_id`) ON DELETE CASCADE;

--
-- Constraints for table `order_history`
--
ALTER TABLE `order_history`
  ADD CONSTRAINT `fk_order_history_order1` FOREIGN KEY (`order_id`) REFERENCES `order` (`order_id`) ON DELETE CASCADE,
  ADD CONSTRAINT `fk_order_history_order_status1` FOREIGN KEY (`order_status_id`) REFERENCES `order_status` (`order_status_id`) ON DELETE CASCADE;

--
-- Constraints for table `order_product`
--
ALTER TABLE `order_product`
  ADD CONSTRAINT `fk_order_product_order1` FOREIGN KEY (`order_id`) REFERENCES `order` (`order_id`) ON DELETE CASCADE,
  ADD CONSTRAINT `fk_order_product_product1` FOREIGN KEY (`product_id`) REFERENCES `product` (`product_id`) ON DELETE CASCADE;

--
-- Constraints for table `page`
--
ALTER TABLE `page`
  ADD CONSTRAINT `fk_page_page_group1` FOREIGN KEY (`page_group_id`) REFERENCES `page_group` (`page_group_id`) ON DELETE CASCADE;

--
-- Constraints for table `product_image`
--
ALTER TABLE `product_image`
  ADD CONSTRAINT `fk_product_image_product1` FOREIGN KEY (`product_id`) REFERENCES `product` (`product_id`) ON DELETE CASCADE;

--
-- Constraints for table `product_to_category`
--
ALTER TABLE `product_to_category`
  ADD CONSTRAINT `fk_product_to_category_category1` FOREIGN KEY (`category_id`) REFERENCES `category` (`category_id`) ON DELETE CASCADE,
  ADD CONSTRAINT `fk_product_to_category_product1` FOREIGN KEY (`product_id`) REFERENCES `product` (`product_id`) ON DELETE CASCADE;

--
-- Constraints for table `users`
--
ALTER TABLE `users`
  ADD CONSTRAINT `fk_users_usergroup` FOREIGN KEY (`user_group_id`) REFERENCES `user_group` (`group_id`) ON DELETE CASCADE;

--
-- Constraints for table `zone_to_geo_zone`
--
ALTER TABLE `zone_to_geo_zone`
  ADD CONSTRAINT `fk_Zone_ZoneGeo` FOREIGN KEY (`zone_id`) REFERENCES `zone` (`zone_id`) ON DELETE CASCADE;

/*!40101 SET CHARACTER_SET_CLIENT=@OLD_CHARACTER_SET_CLIENT */;
/*!40101 SET CHARACTER_SET_RESULTS=@OLD_CHARACTER_SET_RESULTS */;
/*!40101 SET COLLATION_CONNECTION=@OLD_COLLATION_CONNECTION */;
