INSERT IGNORE INTO `user` VALUES ("0dfd5e9e-4bf1-4c15-a3a7-6e5e9c308983",_binary "\1","https://inkythuatso.com/uploads/thumbnails/800/2023/03/6-anh-dai-dien-trang-inkythuatso-03-15-26-36.jpg","2002-05-05 07:00:00.000000","phand613@gmail.com",_binary "\1","Huỳnh Tiến Dĩ","MALE","$2a$10$Y0iFybdlbl9RjnPo9yLEReD3LnJmvHbl4cUfzwTy9tERdfotu3q1.","0372639623","SELLER",NULL),("60397987-81d8-40ca-914a-c719b8a35306",_binary "\1","https://inkythuatso.com/uploads/thumbnails/800/2023/03/6-anh-dai-dien-trang-inkythuatso-03-15-26-36.jpg",NULL,"20110246@student.hcmute.edu.vn",_binary "\1","Huynh Tien Di",NULL,NULL,NULL,"BUYER",NULL),("d0cffef4-39d7-4d0d-a97e-91ed536f2b43",_binary "\1","https://inkythuatso.com/uploads/thumbnails/800/2023/03/6-anh-dai-dien-trang-inkythuatso-03-15-26-36.jpg","1978-02-12 07:00:00.000000","dihuynhdev.contact@gmail.com",_binary "\1","Nguyễn Văn Nghĩa","MALE","$2a$10$KLsD/Yya5wke9b4.BIGnFuCQK5AV8cT.Hsj1oStug7EktoWVji6Ti","0372638622","SELLER",NULL),("ab868b85-f65b-46e8-8d8d-c0eeb2af21f7",_binary "\1","https://inkythuatso.com/uploads/thumbnails/800/2023/03/6-anh-dai-dien-trang-inkythuatso-03-15-26-36.jpg","2024-05-07 21:10:02.620000","admin@gmail.com",_binary "\1","Admin","MALE","$2a$10$R/eJON66ZG8TvzfKjrQM8eUIlp/ZjerKCHRPyG0liWI0gHbBPxWGe","1231233","ADMIN",NULL);
INSERT IGNORE INTO `wallet` VALUES ("5d205499-7fee-45d2-912e-89c21a7ae37d",4074000,"d0cffef4-39d7-4d0d-a97e-91ed536f2b43"),("9e47aea5-559f-4a94-85ab-0bb959d25ff3",0,"0dfd5e9e-4bf1-4c15-a3a7-6e5e9c308983"),("e984d527-61ec-41e8-984f-2ed9668f70b4",0,"60397987-81d8-40ca-914a-c719b8a35306");
INSERT IGNORE INTO `delivery_address` VALUES ("767edd57-67cc-435b-ab82-c7d6f82ab65b","Số 32 đường 449, Phường Quốc Tử Giám, Quận Đống Đa, Thành phố Hà Nội","0372638622","Yến Huỳnh",65,"60397987-81d8-40ca-914a-c719b8a35306");
INSERT IGNORE INTO `store` VALUES ("0dfd5e9e-4bf1-4c15-a3a7-6e5e9c308983","Số 99/123 đường Nguyễn Gia Trí, Phường 25, Quận Bình Thạnh, Thành phố Hồ Chí Minh",_binary "\0","","Với kinh nghiệm hơn 24 năm trong hoàn thiện nội thất, Nhà Xinh mang đến giải pháp toàn diện trong bao gồm thiết kế, trang trí và cung cấp nội thất trọn gói. Sở hữu đội ngũ chuyên nghiệp và hệ thống 10 cửa hàng, Nhà Xinh là lựa chọn cho không gian tinh tế và hiện đại.","053302004521;Huỳnh Tiến Dĩ;e4713c20-9583-4315-829b-ccc1feba46dc.jpg;f4ef7a08-6098-4340-8a02-75f4fa5430c4.jpg","4f35d599-c186-4b35-8073-8f91271ddce6.png","f4823192-af70-481d-81c1-d2a36d33aca0.png",NULL,_binary "\1","Nhà xinh","Doanh nghiệp;0431123511","314ed549-da2c-4a37-8c70-b8093f5c449c.png","0dfd5e9e-4bf1-4c15-a3a7-6e5e9c308983"),("d0cffef4-39d7-4d0d-a97e-91ed536f2b43","Số 23 đường Nguyễn Thái Học, Phường Đồng Xuân, Quận Hoàn Kiếm, Thành phố Hà Nội",_binary "\0","","Nội thất Vượng Phát là một đơn vị cung cấp nội thất văn phòng số 1 tại Hà Nội hiện nay","052202007612;Nguyễn Văn Nghĩa;04843e18-d35c-4943-a70e-183b919d9a3d.jpg;aeb307a6-39f9-4e26-983d-9c4b0e3f8ad3.jpg","0caac5b5-d065-4c9a-bb04-5f285b288640.png","4887e222-caf9-48ad-936f-80992a6857cb.png",NULL,_binary "\1","Nội Thất Vượng Phát","Doanh nghiệp;1231245345","276ef2e1-6a65-4c7d-bf81-842950724336.jpg","d0cffef4-39d7-4d0d-a97e-91ed536f2b43");
INSERT IGNORE INTO `system_category` VALUES ("05bd3c8d-4dfa-4999-a8f2-69a0ea9e473c","c471df44-ce59-44d2-932a-0cdac9eccdbb.jpg","Khác"),("0c8828e6-afa7-4b8b-a2aa-afb053e817ee","a4d7cefc-8b55-4255-9876-9ef2e411b7f8.jpg","Đồ gia dụng"),("0d2b0c63-f517-4bf1-b670-bbddc956ee2a","603d6ec5-3fb9-4a69-9f0f-2445b86d09a1.jpg","Phòng ngủ"),("1145ff62-487b-42ab-b2e3-db39692cd9f3","24b5b01f-ce2e-4479-a50e-55f7a0a008c3.jpg","Phòng tắm"),("48e8af0c-4252-44a6-8a48-3ca9c43db523","5bf76104-6568-4f1f-a71a-c7c14fdc0320.jpg","Thú cưng"),("5ac03336-714f-4801-ae4f-9d339e434c64","38232a93-f793-4a00-9207-2e62dcd09e2c.png","Đồ trang trí"),("96919a58-bf02-4035-907e-6664ced2fb31","80f3f212-a903-48c8-a9c1-1b5c6620fc7e.jpg","Văn phòng"),("a644151d-86f7-40e5-b1bd-9df3c4f4674f","de6a73bb-caa3-4e03-86ce-8d3df121de0c.jpg","Phòng bếp"),("af993f45-9bf3-46fc-a239-4d6ce5615f89","be76d80b-3015-4cbe-af5f-eacaceaf248b.jpg","Phòng làm việc"),("b2ae4acb-3126-4f21-bf1d-7139a43355e9","2834a9a1-322e-435d-a136-b68ec1820976.jpeg","Phòng khách"),("e3d25558-f530-4253-a40d-daae28040f27","e5433bdc-47bd-4019-8903-3d72ba463de9.jpg","Ngoài trời");
INSERT IGNORE INTO `store_category` VALUES ("048f9bbc-e280-498b-9706-335dc9b4970d","Bàn họp","d0cffef4-39d7-4d0d-a97e-91ed536f2b43"),("1b9efa1b-d43d-4c52-843b-976775e6fc2d","Bàn ăn","d0cffef4-39d7-4d0d-a97e-91ed536f2b43"),("26773776-65e0-4e8b-92d4-31a099494c61","Ghế thư giãn","0dfd5e9e-4bf1-4c15-a3a7-6e5e9c308983"),("2bc9ce2a-fd78-4768-b219-0e45761ac0f1","Kệ TV","d0cffef4-39d7-4d0d-a97e-91ed536f2b43"),("3b1ca4fb-f462-43bc-ad0d-c20730c6cdac","Giường ngủ","0dfd5e9e-4bf1-4c15-a3a7-6e5e9c308983"),("44dfeedc-5a49-4adf-9387-dbc967350572","Tủ bếp","0dfd5e9e-4bf1-4c15-a3a7-6e5e9c308983"),("60d757ef-3f55-4f8d-a936-370c45f07d11","Hàng trang trí","0dfd5e9e-4bf1-4c15-a3a7-6e5e9c308983"),("9a0defcb-ac53-40f0-862c-3a13c84a0100","Ghế xoay","0dfd5e9e-4bf1-4c15-a3a7-6e5e9c308983"),("aa12fa9f-203e-48b1-afe9-d263fd327041","Bàn làm việc","0dfd5e9e-4bf1-4c15-a3a7-6e5e9c308983"),("ac8e6c90-05d5-4bf3-8238-dfc4ebb24a0e","Ghế xoay","d0cffef4-39d7-4d0d-a97e-91ed536f2b43"),("b14b3f38-3f03-43af-a0f3-7a8fe0f5f60b","Kệ trang trí","d0cffef4-39d7-4d0d-a97e-91ed536f2b43"),("cddbfd6d-68ec-40b2-a249-5ab32cb2d72e","Bàn trà","0dfd5e9e-4bf1-4c15-a3a7-6e5e9c308983"),("d046291a-7fa7-4538-81af-7fd11ed2eb38","Bàn trang điểm","0dfd5e9e-4bf1-4c15-a3a7-6e5e9c308983"),("ecda0abd-529c-4e96-9941-04c9fae0cf23","Tủ ly","0dfd5e9e-4bf1-4c15-a3a7-6e5e9c308983"),("f0f635a8-777e-4ce7-b4bf-dfb2215fcf56","Sofa","0dfd5e9e-4bf1-4c15-a3a7-6e5e9c308983"),("f17f17df-e907-4f25-824e-4cd2b7adda19","Tủ áo","0dfd5e9e-4bf1-4c15-a3a7-6e5e9c308983"),("f3fb74cf-793e-41c0-b427-d3bf7a921eac","Tủ giày","d0cffef4-39d7-4d0d-a97e-91ed536f2b43");


INSERT IGNORE INTO `product`
VALUES
('199e649b-18cd-4bcc-b9ab-75f1659ad78c',0,'2024-05-27 01:16:37.655000','Tùy theo không gian nhà bếp thực tế',65,_binary '\0','9905941b-dcd1-49bd-b46e-57572d1daf2a.jpg',10,_binary '\0',220,'Thùng MFC – Cánh Acrylic và sơn bóng','Tủ bếp Daily',_binary '\1',_binary '\1',5400000,0,7800000,0,'Tủ bếp','f49cd819-cb01-4d6a-8041-222699f4a19f.jpg',0,_binary '\0',10000,65,'a644151d-86f7-40e5-b1bd-9df3c4f4674f',NULL,'0dfd5e9e-4bf1-4c15-a3a7-6e5e9c308983'),
('1be0b40f-e5e1-4a74-be91-47c8632877c0',0,'2024-05-27 01:16:37.655000','Sofa góc trái Monaco + Đôn vải 559/03 +141/23 với phần nệm ngồi êm ái, chân sofa sử dụng khung gỗ tạo sự gần gũi và ấm cúng, là 1 lựa chọn tối ưu cho không gian phòng khách hiện đại, tiện nghi cho cả gia đình.',70,_binary '\0','6d803782-b3be-44a6-8c4a-48fb40b89f17.jpg;523e5452-f114-40da-9b82-509934f1982d.jpg;af678248-cfcd-4b6a-9b70-f652df29a168.jpg',20,_binary '\1',275,'Khung gỗ bọc vải 2 màu, bao gồm 3 gối','Sofa góc trái Monaco + Đôn vải 559/03 +141/23',_binary '\1',_binary '\1',36000000,0,42000000,0,'Sofa','91b96ae9-b9e9-412e-bdef-2ed7f7cda770.jpg',0,_binary '\0',15000,1201,'b2ae4acb-3126-4f21-bf1d-7139a43355e9',NULL,'0dfd5e9e-4bf1-4c15-a3a7-6e5e9c308983'),
('213eb771-f4cb-4e5a-b1a9-198de2fd3139',0,'2024-05-27 12:18:58.387000','Màu sắc: nâu Thiết kế theo phong cách vừa hiện đại vừa truyền thống Chân cao 13cm, dễ dàng vệ sinh phía dưới kệ Có lỗ đi dây điện Các ngăn để chứa đồ tiện lợi Tuổi thọ lên đến 10 năm Phụ kiện: ray trượt mượt mà Kèm theo: phiếu bảo hành, hướng dẫn lắp đặt',60,_binary '\0','c4617040-750a-4747-b5a6-3f73f64bed13.jpg',120,_binary '\0',120,'Gỗ công nghiệp','Kệ Tivi Gỗ MDF – KTVP08',_binary '\1',_binary '\1',1200000,0,2999000,0,'Kệ TV','2d0a91c6-ff6a-445a-bf09-d101a3994b08.jpg',0,_binary '\0',9000,60,'b2ae4acb-3126-4f21-bf1d-7139a43355e9',NULL,'d0cffef4-39d7-4d0d-a97e-91ed536f2b43'),
('217cf9ad-b6ca-4333-80f6-d552ecfa0033',0,'2024-05-27 01:22:49.444000','Bình trang trí, Hàng trang trí',50,_binary '\0','d06959d0-ef23-4ecb-b265-48b62b8ade5c.jpg;794f65c1-b444-4fd0-90f5-a571390c2284.jpg',320,_binary '\0',15,'Gốm sứ','Bình Atelier Jaune H26 156603C',_binary '\1',_binary '\1',750000,0,890000,0,'Hàng trang trí','c5cfd9c2-1650-49e8-a751-0085c7031073.jpg',0,_binary '\0',1200,20,'5ac03336-714f-4801-ae4f-9d339e434c64',NULL,'0dfd5e9e-4bf1-4c15-a3a7-6e5e9c308983'),('2cb944c7-a913-40fa-b98d-5086457b3225',0,'2024-05-27 00:17:32.215000','Sofa góc trái - phải Rumba với thiết kế nhỏ gọn, linh động với góc chữ L rời. Phù hợp cho những căn hộ có không gian vừa và nhỏ, bạn có thể thỏa thích sắp xếp góc theo ý phải hay trái tùy vào kết cấu góc phòng. Hơn nữa bạn cũng có thể biến tấu bộ sofa góc đơn giản thành bộ sofa 3.1 rời để không gian phòng khách nhà bạn trở nên mới mẻ hơn.',75,_binary '\0','40e75ff1-1c0e-42bb-a7a3-cd27e73a8533.jpg;42c91364-43ce-42d8-891b-12a216f9256e.jpg',50,_binary '\0',200,'Khung gỗ bọc vải cao cấp - Chân gỗ sồi','Sofa Rumba vải VACT11303',_binary '\1',_binary '\1',16000000,0,20000000,0,'Sofa','02d922c0-59c2-4e97-a061-9feaf9b3bbb7.jpg',0,_binary '\1',8000,140,'b2ae4acb-3126-4f21-bf1d-7139a43355e9',NULL,'0dfd5e9e-4bf1-4c15-a3a7-6e5e9c308983'),
('3842484d-d5c5-4fba-bc3c-36986e8cf59d',0,'2024-05-27 11:39:07.813000','Màu sắc: Trắng/Ghi/Hồng',40,_binary '\0','fa99b41c-8ee1-4988-acea-86d7c21a8e8e.png;1da30c97-152b-4061-9899-6f9e9eef59b4.png',28,_binary '\0',40,'Gỗ lim','Bàn trang điểm loa sạc – TDLSVP23',_binary '\1',_binary '\1',2600000,0,38000000,0,'Bàn trang điểm','85cd3d98-4a36-4e08-b27e-4944111644c0.png',0,_binary '\0',12000,40,'05bd3c8d-4dfa-4999-a8f2-69a0ea9e473c',NULL,'0dfd5e9e-4bf1-4c15-a3a7-6e5e9c308983'),
('3a0df44a-5f65-4ac0-879d-514c40bdfd7e',0,'2024-05-27 00:42:02.694000','Sofa Combo góc phải da Bali thời thượng là sự lựa chọn hoàn hảo cho không gian phòng khách hiện đại. Phần chân kim loại là sự kết hợp tinh tế của hai tông màu đen và gold tạo điểm nhấn sắc sảo cho sản phẩm. Bạn sẽ cảm nhận được sự mềm mượt và êm ái khi trực tiếp trải nghiệm sản phẩm, vì phần đệm ngồi được bọc lớp da tự nhiên đảm bảo luôn mang đến sự thoải mái cho người dùng. Với tông màu độc đáo, sofa Combo sẽ giúp phòng khách toát lên nét sang trọng và tao nhã.',73,_binary '\0','42d912ec-c63d-4bdf-bc05-3eea0cef94c8.jpg;655aa01a-f1b0-4e1c-9551-d05756792b46.jpg',120,_binary '\1',280,'Chân kim loại 2 màu đen/gold - nệm bọc da tự nhiên màu Cognac','Sofa Combo góc phải da Bali 518',_binary '\1',_binary '\1',28000000,0,32000000,0,'Sofa','a0c505e0-10b6-42bc-9d8e-3cbdd8d6a2b5.jpg',0,_binary '\0',12000,89,'af993f45-9bf3-46fc-a239-4d6ce5615f89',NULL,'0dfd5e9e-4bf1-4c15-a3a7-6e5e9c308983'),('3b970918-2de9-4866-a01f-cda39601212c',0,'2024-05-27 11:01:49.981000','Gỗ tần bì (ash) , MDF veneer tần bì',75,_binary '\0','189e1e6a-c7b4-4be3-a3db-0ae920a5c7e6.jpg;2f7dba6b-b12b-4595-a741-b47da891c064.jpg',125,_binary '\0',160,'Gỗ tần bì (ash) , MDF veneer tần bì','Tủ ly Poppy PMA632011',_binary '\1',_binary '\1',12000000,0,14500000,0,'Tủ ly','d9c619b7-8253-4618-8468-874008ac79dc.jpg',0,_binary '\0',7000,45,'0c8828e6-afa7-4b8b-a2aa-afb053e817ee',NULL,'0dfd5e9e-4bf1-4c15-a3a7-6e5e9c308983'),('3c6620cc-a917-4d00-a2a1-0a8e497decaf',0,'2024-05-27 01:11:40.268000','Các sản phẩm nội thất tại Nhà Xinh đa số đều được sản xuất tại nhà máy của công ty cổ phần xây dựng kiến trúc AA với đội ngũ nhân viên và công nhân ưu tú cùng cơ sở vật chất hiện đại (http://www.aacorporation.com/). Nhà Xinh đã kiểm tra kỹ lưỡng từ nguồn nguyên liệu cho đến sản phẩm hoàn thiện cuối cùng.',121,_binary '\0','ccaab7ec-dde6-4d6f-ab26-259f6b1559b6.jpg;87d8931d-d905-4f39-9c18-45222552f868.jpg',203,_binary '\0',76,'Chân kim loại có bánh xe xoay, lưng mdf veneer - bọc da công nghiệp','Ghế làm việc check out 83959K',_binary '\1',_binary '\1',900000,0,1300000,0,'Ghế xoay','a1dbaee7-4e68-46b2-98ac-841d3f88e98c.jpg',0,_binary '\0',7000,75,'af993f45-9bf3-46fc-a239-4d6ce5615f89',NULL,'0dfd5e9e-4bf1-4c15-a3a7-6e5e9c308983'),('45bdb40d-2363-4316-adec-1eac2f7aee24',0,'2024-05-27 00:31:37.494000','Sofa Poppy gây ấn tượng bằng những đường cong bồng bềnh, theo xu hướng Modern Organic – gần gũi với thiên nhiên mà vẫn hiện đại, thoải mái. Điểm đặc biệt của BST lần này nằm ở sự tỉ mỉ của những người thợ thủ công lành nghề, họ đã hoàn thành những đường may uốn lượn không tì vết, mang đến một thiết kế chỉn chu, \"cân\" mọi góc nhìn. Cảm giác êm ái và thư thái sẽ là những tính từ đầu tiên được nhắc đến khi trải nghiệm sofa Coastal.',120,_binary '\0','938f3e0c-f670-4719-afeb-a21e7088fa49.jpg;27536580-1f15-4ecb-b7ca-45e7f57fc158.jpg',190,_binary '\0',290,'Chân gỗ - Vải cao cấp','Sofa Poppy góc trái vải màu xanh VACT9660',_binary '\1',_binary '\1',13000000,0,17500000,0,'Sofa','d0a835b6-79f0-43c6-b9cf-ed020d83577d.jpg',0,_binary '\0',7800,160,'b2ae4acb-3126-4f21-bf1d-7139a43355e9',NULL,'0dfd5e9e-4bf1-4c15-a3a7-6e5e9c308983'),('49636b01-2050-4caf-afeb-0681e13786f3',0,'2024-05-27 11:03:48.844000','Thiết kế nhỏ gọn là điểm nổi bật của sản phẩm này, phù hợp với những chung cư, khu vực có diện tích nhỏ. Với màu sắc tự nhiên và chân inox đơn giản, thiết kế của tủ phù hợp với phong cách trẻ trung, hiện đại.',122,_binary '\0','95a1926a-3913-40d9-8bfa-ab3c54537b46.jpg;1b8ea46c-ea72-471e-aee6-52465f83d844.jpg',223,_binary '\0',77,'Chân kim loại inox - Gỗ Mango ghép','Tủ ly Joli',_binary '\1',_binary '\1',650000,0,890000,0,'Tủ ly','5c5a2fa2-326f-4180-a803-11568ba45e30.jpg',0,_binary '\0',8000,42,'0c8828e6-afa7-4b8b-a2aa-afb053e817ee',NULL,'0dfd5e9e-4bf1-4c15-a3a7-6e5e9c308983'),('67a76c41-d7c1-4abf-981f-0d81e6bba50e',0,'2024-05-27 12:16:16.179000','2 ngăn kéo ray bi 3 tầng giảm chấn 1 hộc tủ sử dụng bản lề hơi giảm chấn và các ngăn để đồ khoa học Các vị trí liên kết được dán decal đồng màu đảm bảo tính thẩm mỹ Có thể bố trí trong phòng khách, phòng ngủ Tuổi thọ lên đến 10 năm Phụ kiện: Ốc cam và chốt gỗ, vít thép tiêu chuẩn Kèm theo: phiếu bảo hành, hướng dẫn lắp đặt.',50,_binary '\0','834e2bad-8918-4252-a444-2be1b22a6863.jpg',120,_binary '\1',120,'Gỗ MDF chống ẩm, chống trầy xước','Kệ Tivi Gỗ Công Nghiệp MDF 1m6 – KTVP09',_binary '\1',_binary '\1',2500000,0,4200000,0,'Kệ TV','728054ee-3933-4b1e-9ed7-979a3cc8e223.jpg',0,_binary '\0',8000,76,'b2ae4acb-3126-4f21-bf1d-7139a43355e9',NULL,'d0cffef4-39d7-4d0d-a97e-91ed536f2b43'),('6d9a571f-9b84-4236-9ad2-a0b886e83f98',0,'2024-05-27 11:32:04.510000','BTVP34 thiết kế nhỏ gọn phù hợp hoàn hảo trong không gian nhỏ hoặc căn hộ, mang lại chức năng sử dụng mà không chiếm quá nhiều diện tích. Kiểu dáng đẹp, hiện đại của chiếc bàn phụ này làm tăng thêm sự tinh tế cho bất kỳ căn phòng nào, bổ sung cho bất kỳ phong cách trang trí nhà nào.',43,_binary '\0','b33271cc-7987-4189-a78b-7922cf571e7d.jpg',14,_binary '\0',100,'Inox mạ vàng, Kính cường lực','Bàn trà inox mạ vàng kính cường lực đen – BTVP34',_binary '\1',_binary '\1',26000000,0,28900000,1,'Bàn trà','5daed2fb-90d8-4c14-b153-8c957e3c5b08.jpg',0,_binary '\1',12000,60,'e3d25558-f530-4253-a40d-daae28040f27',NULL,'0dfd5e9e-4bf1-4c15-a3a7-6e5e9c308983'),('7b579591-3335-4c86-a05e-e2412f7673a1',0,'2024-05-27 12:22:54.556000','Gỗ công nghiệp MFC phủ melamine',110,_binary '\0','e7c47d06-4ef8-46ca-b774-4ba691f5cf8e.jpg',123,_binary '\0',100,'Gỗ công nghiệp MFC phủ melamine','Tủ Giày gỗ công nghiệp TGCNVP14',_binary '\1',_binary '\1',1500000,0,2600000,0,'Tủ giày','2dc6c51f-51c5-403f-a7bb-85fe5e369f71.jpg',0,_binary '\0',4000,33,'0c8828e6-afa7-4b8b-a2aa-afb053e817ee',NULL,'d0cffef4-39d7-4d0d-a97e-91ed536f2b43'),('7c32dd4e-fb41-4dde-8fb4-42e35574009a',0,'2024-05-27 11:11:40.235000','Thiết kế 7 buồng 7 cánh 3 cánh lùa, 4 cánh mở 3 ngăn kéo Liền kệ để đồ. Màu sắc: Trắng + Ghi Xám',200,_binary '\0','0cec1b85-0f7b-41fd-8919-fedb02d86428.jpg;d5808b8d-dafb-4b8a-ad26-1b71ee1032f5.jpg',20,_binary '\0',200,'Gỗ công nghiệp MDF','Tủ Quần Áo 3 Cánh Lùa Màu Ghi Trắng - TQAVP24',_binary '\1',_binary '\1',11300000,0,13000000,0,'Tủ áo','0f404687-209f-4073-99b7-8d8fe97ae522.jpg',0,_binary '\0',34000,70,'0d2b0c63-f517-4bf1-b670-bbddc956ee2a',NULL,'0dfd5e9e-4bf1-4c15-a3a7-6e5e9c308983'),('8957b5e4-d3d4-4edc-ba1a-fb413bc614f2',0,'2024-05-27 12:11:11.970000','Sản phẩm bàn phòng họp gỗ công nghiệp – BHVP37 được thiết kế với phần mặt bàn được làm từ gỗ công nghiệp MFC cao cấp phủ melamime mang lại khả năng chống mối mọt, chống nước, chống bụi bẩn tốt thuận tiện cho quá trình vệ sinh sau một thời gian sử dụng',75,_binary '\0','6beac3f0-10d9-48de-8f04-ff03c7cfdaa6.jpg;c7c2ab30-7b00-471a-9b7f-6eb4cd6cd064.jpg',100,_binary '\1',240,'Gỗ MFC phủ melamime đã qua xử lý chống mối mọt, chống thấm nước.','Bàn Phòng Họp Gỗ Công Nghiệp MFC – BHVP37',_binary '\1',_binary '\1',4000000,0,5200000,0,'Bàn họp','ddf508b4-86f8-40cb-81ff-5ef4cc52d9d2.jpg',0,_binary '\0',20000,120,'96919a58-bf02-4035-907e-6664ced2fb31',NULL,'d0cffef4-39d7-4d0d-a97e-91ed536f2b43'),('8b9a8a9b-e79d-4e53-bea1-3e0e6d0c732a',0,'2024-05-27 11:08:52.232000','Thiết kế 3 buồng 4 cánh 2 cánh lùa, 2 cánh mở 3 ngăn kéo',200,_binary '\0','86fab62e-22a5-4007-88ed-ba01cc7d34d1.jpg;b4d1d256-49db-4b4d-9d39-c50bc29f3c4f.jpg',150,_binary '\0',200,'Gỗ công nghiệp MDF chống ẩm','Tủ Quần Áo 3 Buồng 4 Cánh – TQAVP29',_binary '\1',_binary '\1',7200000,0,9000000,0,'Tủ áo','dbc325ef-305b-4161-b102-c8d22e1463dc.jpg',0,_binary '\0',43000,60,'0d2b0c63-f517-4bf1-b670-bbddc956ee2a',NULL,'0dfd5e9e-4bf1-4c15-a3a7-6e5e9c308983'),('8bacdecb-48ba-444a-b8e4-ca751f7373fe',0,'2024-05-27 00:24:17.503000','Sofa giường đơn Bolero VACT 7215 của bộ sưu tập mới Elegance, bộ sưu tập được lấy cảm hứng từ nội thất tinh xảo, nhẹ nhàng, nền nã nhưng đơn giản Elegance là sự kết hợp tuyệt hảo giữa sự bền chắc và trọng lượng tối giản. Sofa 3 chỗ là sự kết hợp giữa phần khung bằng gỗ tần bì đặc, tự nhiên được nhập khẩu từ Mỹ, chân ghế màu đen với phần đệm được bọc da bò Patrol R5 màu nâu nhập khẩu Italy.',100,_binary '\0','e1a5cfee-6179-44f7-8bc6-6c13b53e19a1.jpg;a4314831-1d0d-4877-9ed7-b278db29ffe4.jpg',40,_binary '\0',190,'Khung gỗ bọc vải cao cấp - sofa bed đơn bao gồm 01 gối vuông trang trí & 1 gối','Sofa giường đơn Bolero VACT 7215',_binary '\1',_binary '\1',10000000,0,13500000,0,'Sofa','fd7d1435-1cf4-41cc-a190-e1b346a1de37.jpg',0,_binary '\0',9000,100,'b2ae4acb-3126-4f21-bf1d-7139a43355e9',NULL,'0dfd5e9e-4bf1-4c15-a3a7-6e5e9c308983'),('8df34872-5a03-443c-8d2e-bc2b286935f9',0,'2024-05-27 01:19:33.718000','Tủ bếp cao cấp lovely',80,_binary '\0','6743f6bb-1cf4-49e5-9677-320ddb1dd273.jpg',12,_binary '\0',220,'Gỗ - MDF sơn bóng','Tủ bếp Lovely',_binary '\1',_binary '\1',14000000,0,16500000,0,'Tủ bếp','5b490948-688c-4c9e-97c5-df174192b1d6.jpg',0,_binary '\0',24000,70,'a644151d-86f7-40e5-b1bd-9df3c4f4674f',NULL,'0dfd5e9e-4bf1-4c15-a3a7-6e5e9c308983'),('962f817c-d1c9-464e-b6e3-a836c6ecda0c',0,'2024-05-27 01:06:48.157000','Với kinh nghiệm hơn 24 năm trong hoàn thiện nội thất, Nhà Xinh mang đến giải pháp toàn diện trong bao gồm thiết kế, trang trí và cung cấp nội thất trọn gói. Sở hữu đội ngũ chuyên nghiệp và hệ thống 10 cửa hàng, Nhà Xinh là lựa chọn cho không gian tinh tế và hiện đại.',77,_binary '\0','21ffcc12-898d-41df-9161-be8658195ad1.jpg;a9b38e4a-c95e-49dc-8069-3ea89df307d4.jpg',50,_binary '\0',140,'Gỗ keo','Bàn làm việc Hopper 38929P',_binary '\1',_binary '\1',7500000,0,9800000,0,'Bàn làm việc','cd95b21b-b9db-4822-9240-f2bddbddf75a.jpg',0,_binary '\0',6000,50,'af993f45-9bf3-46fc-a239-4d6ce5615f89',NULL,'0dfd5e9e-4bf1-4c15-a3a7-6e5e9c308983'),('9e2861fa-65aa-4aaf-89d9-ee873060cab1',0,'2024-05-27 01:13:58.125000','Sản phẩm được sử dụng không đúng quy cách của sổ bảo hành (được trao gửi khi quý khách mua sản phẩm) gây nên trầy xước, móp, dơ bẩn hay mất màu.',100,_binary '\0','98cbc0be-991f-4996-999f-5eeda440e6bc.jpg;ee3f8dec-49c8-4370-b41e-3e53a4ddb2a1.jpg',300,_binary '\0',65,'100% Polyester, 100% Polyvinyl clorua (PVC cứng)','Ghế xoay Patron Walnut 79696K',_binary '\1',_binary '\1',1900000,0,3400000,0,'Ghế xoay','c85d4611-46f8-4c65-9cfe-24a5b25ab66d.jpg',0,_binary '\0',7600,56,'af993f45-9bf3-46fc-a239-4d6ce5615f89',NULL,'0dfd5e9e-4bf1-4c15-a3a7-6e5e9c308983'),('9e872b59-96fb-44e8-8a84-1ca252efc0a4',0,'2024-05-27 00:57:58.874000','Giường ngủ bọc da Mây là sự kết hợp giữa thân giường chính bằng gỗ tràm, bọc da và nhấn bằng chất liệu mây cho phần đầu giường. Màu sắc trầm giúp không gian phòng ngủ ấm cúng và gần gũi hơn. Giường Mây có 2 kích thước 1m6 và 1m8.',100,_binary '\0','79519d75-9d48-4635-8606-8d959b559b74.jpg;0e1bbd69-cccc-4e87-9de1-70d9eb6cfeab.jpg',120,_binary '\0',190,'Gỗ Acacia (Tràm)- Mây tự nhiên- Da tự nhiên cao cấp- Chân bọc inox mạ gold','Giường ngủ bọc da Mây 1m6 Fango',_binary '\1',_binary '\1',24900000,0,29000000,0,'Giường ngủ','42d92089-d1be-46f7-842d-8ee2445b93e4.jpg',0,_binary '\0',70000,120,'0d2b0c63-f517-4bf1-b670-bbddc956ee2a',NULL,'0dfd5e9e-4bf1-4c15-a3a7-6e5e9c308983'),('a5f4a478-3c42-4141-aa3c-83f7c188003d',0,'2024-05-27 12:13:15.531000','Sản phẩm bàn họp lắp ghép đa năng – BHVP21 được thiết kế từ 2 phần ghép lại, không sử dụng đợt giúp thuận tiện và linh hoạt trong quá trình di chuyển tới các không gian như hội trường, phòng họp khác khi cần thiết.',75,_binary '\0','1143cdb8-2b50-4ecc-8c63-0f3e6329dd95.jpeg;6cbca11e-2bc7-4ddc-afb4-debca67af530.png',140,_binary '\0',200,'Gỗ MFC phủ melamime đã qua xử lý chống thấm nước, mối mọt','Bàn Họp Lắp Ghép Đa Năng – BHVP21',_binary '\1',_binary '\1',2500000,0,3200000,0,'Bàn họp','daee512d-5482-4bcf-8c67-2be0f9a885b7.png',0,_binary '\1',12000,150,'96919a58-bf02-4035-907e-6664ced2fb31',NULL,'d0cffef4-39d7-4d0d-a97e-91ed536f2b43'),('ae485ce2-7dcb-48d0-b994-d1c151bbe3e1',0,'2024-05-27 00:52:57.619000','Giường ngủ Coastal mang đến cảm giác như đang nằm trên bãi biển dài bình yên, với đường cong êm ái ở đầu giường, các cạnh cùng phần vạt hở duyên dáng hình chữ V, gợi nhớ đến hình ảnh chim hải âu bay trên biển. BST Coastal ban đầu được thiết kế cho căn hộ nghỉ dưỡng ở vùng duyên hải. Nhưng với sự sáng tạo và phá cách, Coastal trở nên năng động và phù hợp với nhiều không gian sống, mang thiên nhiên vào mọi không gian.',108,_binary '\0','f5caa970-4c2d-467a-93e2-942645d767da.jpg;e290c119-8d0e-46a0-b591-bc54af28bae6.jpg',30,_binary '\0',200,'Khung gỗ Ash - nệm bọc vải','Giường Coastal KD1058-18 1m6',_binary '\1',_binary '\1',25000000,0,28300000,0,'Giường ngủ','716aa230-e03b-4655-b04b-951389617ff1.jpg',0,_binary '\1',50000,160,'0d2b0c63-f517-4bf1-b670-bbddc956ee2a',NULL,'0dfd5e9e-4bf1-4c15-a3a7-6e5e9c308983'),('b082e904-c9cd-4ba2-9bd6-0556a9a4cb72',0,'2024-05-27 01:08:51.060000','Bàn làm việc',75,_binary '\0','cc742e17-aa32-45cb-9987-30a167c0ed44.jpg;91e6c8ad-1293-4a08-857f-6d8cbfc47c34.jpg',150,_binary '\0',130,'Chân kim loại sơn đen - mặt gỗ - MDF Sồi bo cong cạnh','Bàn làm việc Wing màu đen',_binary '\1',_binary '\1',3200000,0,5000000,0,'Bàn làm việc','8373d8e1-edbf-4eef-bb6c-f95cd41d10b9.jpg',0,_binary '\1',6500,65,'af993f45-9bf3-46fc-a239-4d6ce5615f89',NULL,'0dfd5e9e-4bf1-4c15-a3a7-6e5e9c308983'),('b26ba41d-fefe-48ef-8169-ae3a5ee3cdd6',0,'2024-05-27 11:22:14.941000','Ghế thư giãn Lazboy điện Pinnacle Deepsage. Khung gỗ cao su - Bọc da bò cao cấp',102,_binary '\0','4c9252d1-32d0-4578-8c30-28062e385bfc.jpg',12,_binary '\0',84,'Khung gỗ cao su - Bọc da bò cao cấp','Ghế thư giãn Lazboy điện Pinnacle Deepsage',_binary '\1',_binary '\1',13000000,0,15000000,0,'Ghế thư giãn','6bbd2551-1230-4c07-979e-12b43df9d551.jpg',0,_binary '\0',54000,99,'05bd3c8d-4dfa-4999-a8f2-69a0ea9e473c',NULL,'0dfd5e9e-4bf1-4c15-a3a7-6e5e9c308983'),('b77d28f8-a116-4da1-9ca3-205ac9fa9470',0,'2024-05-27 00:55:41.674000','Giường ngủ Coastal mang đến cảm giác như đang nằm trên bãi biển dài bình yên, với đường cong êm ái ở đầu giường, các cạnh cùng phần vạt hở duyên dáng hình chữ V, gợi nhớ đến hình ảnh chim hải âu bay trên biển. BST Coastal ban đầu được thiết kế cho căn hộ nghỉ dưỡng ở vùng duyên hải. Nhưng với sự sáng tạo và phá cách, Coastal trở nên năng động và phù hợp với nhiều không gian sống, mang thiên nhiên vào mọi không gian.',107,_binary '\0','cdf5bda7-ec7a-4e7c-994c-6e235c1b8f7c.jpg',132,_binary '\0',200,'Khung gỗ - Bọc vải cao cấp','Giường Leman 1m8 vải VACT10370',_binary '\1',_binary '\1',29000000,0,32000000,0,'Giường ngủ','e5796db1-7efe-4ac5-a936-8c560105c0b8.jpg',0,_binary '\0',90000,180,'0d2b0c63-f517-4bf1-b670-bbddc956ee2a',NULL,'0dfd5e9e-4bf1-4c15-a3a7-6e5e9c308983'),('c115edd4-1742-4c52-ab1f-e6de32e9731b',0,'2024-05-27 00:14:29.290000','Sofa 3 chỗ của bộ sưu tập mới Elegance, bộ sưu tập được lấy cảm hứng từ nội thất tinh xảo, nhẹ nhàng, nền nã nhưng đơn giản Elegance là sự kết hợp tuyệt hảo giữa sự bền chắc và trọng lượng tối giản. Sofa 3 chỗ là sự kết hợp giữa phần khung bằng gỗ tần bì đặc, tự nhiên được nhập khẩu từ Mỹ, chân ghế màu đen với phần đệm được bọc da bò Patrol R5 màu nâu nhập khẩu Italy.',79,_binary '\0','0a17795b-5cc9-48c1-9438-4389f30f298f.jpg;972aa988-8bb1-40f2-ad89-96c492123858.jpg;59564c88-26ec-426b-8d31-c34f2f251cfd.jpg',100,_binary '\0',225,'Gỗ Ash (tần bì) đặc tự nhiên nhập khẩu từ Mỹ','Sofa 3 chỗ Elegance màu đen, da Brown R5',_binary '\1',_binary '\1',12500000,0,14000000,0,'Sofa','512d6184-677e-4eaf-9323-324eeb42aa75.jpg',0,_binary '\0',12000,95,'b2ae4acb-3126-4f21-bf1d-7139a43355e9',NULL,'0dfd5e9e-4bf1-4c15-a3a7-6e5e9c308983'),('c354acce-e925-4a9d-b2af-e5cab2eddcc2',0,'2024-05-27 12:25:23.109000',' Cao cả ghế x cao phần ngồi x độ sâu',120,_binary '\0','7695c919-8f65-43c7-bfe3-8fe397a24c67.png',320,_binary '\0',50,'Lưng ghế vải lưới, nan nhựa Đệm mút xốp bọc vải lưới Chân sao, bệ đỡ, piston làm bằng kim loại Bánh xe nhựa','Ghế xoay – GXVPMB19',_binary '\1',_binary '\1',650000,0,840000,0,'Ghế xoay','e9347069-19ad-4e5a-be90-3411d29d5560.png',0,_binary '\0',8000,50,'af993f45-9bf3-46fc-a239-4d6ce5615f89',NULL,'d0cffef4-39d7-4d0d-a97e-91ed536f2b43'),('c39cc281-c1ed-4c8b-acad-2cf6c5916090',0,'2024-05-27 01:00:21.379000','Giường ngủ bọc vải Pio 1m8 màu 10/WV094 được thiết kế bọc vải hoàn toàn với khung gỗ beech chắc chắn. Những chi tiết nhấn nhá tại đầu giường, gối đầu giường giúp nó trở nên lạ mắt và ấn tượng. Sử dụng chân thon gọn giúp phòng ngủ của bạn trở nên thông thoáng và thanh lịch hơn. Giường Pio là một lựa chọn sáng giá cho không gian phòng ngủ Bắc Âu- Hiện đại, với 2 kích thước lựa chọn: 1m6, 1m8, có các màu vải khác nhau để lựa chọn.',98,_binary '\0','17d45345-51ca-49c3-a892-c57edb9f956e.jpg;0d6bfc22-65a9-4973-b840-83916eec38cc.jpg',70,_binary '\1',210,'Gỗ Beech- Bọc vải','Giường ngủ bọc vải Pio 1m8 hiện đại màu 10/WV094',_binary '\1',_binary '\1',21400000,0,25900000,0,'Tủ bếp','754625db-fc7e-4ba4-a5e2-7b034c256055.jpg',0,_binary '\0',78000,140,'0d2b0c63-f517-4bf1-b670-bbddc956ee2a',NULL,'0dfd5e9e-4bf1-4c15-a3a7-6e5e9c308983'),('cadd1d89-a406-45af-8e35-a3d4d48fe687',0,'2024-05-27 00:08:11.425000','Sofa Jadora là sản phẩm được thiết kế và sản xuất bởi Nhà Xinh. Với kiểu dáng rộng rãi cùng phần đệm ngồi êm ái, Jadora hứa hẹn sẽ mang đến cho người dùng trải nghiệm thư thái nhất. Trong phiên bản mới, Jadora khoác lên mình màu sắc trang nhã, hiện đại với sự kết hợp của các tông màu mới mẻ sẽ là điểm nhấn tuyệt vời cho tổ ấm của bạn. Thiết kế tựa như một chiếc giường ngủ, sofa Jadora rất phù hợp để bạn ngồi đọc sách hoặc ngả lưng thư giãn. Sản phẩm dễ dàng phối hợp được với nhiều thiết kế khác như bàn nước hoặc bàn bên để tạo nên không gian sống độc đáo.',85,_binary '\0','402efcfc-2ffc-4fbb-b331-108990731e3d.jpg;21bf786b-e006-4dcb-b70e-e4e8ed1dc118.jpg;d0d2ddfb-a9b2-4654-a9ef-5fd6be138d96.jpg',200,_binary '\1',220,'Khung gỗ - Nệm bọc vải 2 màu - 5 gối','Sofa Jadora 2.5 chỗ vải VACT8594/VACT3120',_binary '\1',_binary '\1',30000000,0,34000000,0,'Sofa','75347ab8-1127-466d-a1f1-c9c21dbdadce.jpg',0,_binary '\0',15000,120,'b2ae4acb-3126-4f21-bf1d-7139a43355e9',NULL,'0dfd5e9e-4bf1-4c15-a3a7-6e5e9c308983'),('da7e3c71-99fa-41d2-967b-2399a782906e',0,'2024-05-27 00:38:40.654000','Sofa góc Combo mang lại lựa chọn tinh tế với thiết kế thanh lịch và chất liệu vải bọc cao cấp.',73,_binary '\0','1dcec86c-995a-4235-90db-f2e387c73c65.jpg;2f919abf-94ce-4a65-99a4-ca88601ed4b1.jpg;c7b9d0b5-2428-4751-86d7-d9ffd14d5e1d.jpg',320,_binary '\0',160,'Chân kim loại 2 màu - nệm bọc vải cao cấp','Sofa Combo góc phải vải MB 2041-1',_binary '\1',_binary '\1',4500000,0,6500000,0,'Sofa','90351266-d564-43a7-9d92-bb074ee53866.jpg',0,_binary '\0',4500,89,'af993f45-9bf3-46fc-a239-4d6ce5615f89',NULL,'0dfd5e9e-4bf1-4c15-a3a7-6e5e9c308983'),('f1c88008-be79-45ee-af7e-4b00443e66a2',0,'2024-05-27 00:21:30.811000','Một chiếc sofa nhỏ gọn cho căn hộ của bạn nhưng vẫn mang vẻ hiện đại. Phần tựa lưng của sofa moon với đường nét bo tròn, nghiêng hỗ trợ tối đa cho việc nghỉ ngơi thư giãn. Chất liệu vải bông mềm tạo sự thoải mái khi ngồi kết hợp với màu sắc pastel nhẹ nhàng sẽ là giải pháp lựa chọn tối ưu dành cho không gian nội thất căn hộ có diện tích khiêm tốn.',75,_binary '\0','3e2af262-78e7-44ad-864f-1e0d12c2a3d6.jpg;35743e59-82ca-4bc1-a360-4d128f8da3e7.jpg;a44a2d6c-c33c-4881-b9e4-77c201739bed.jpg',221,_binary '\1',150,'Khung gỗ bọc vải màu hồng -chất liệu vải sợi bông mềm êm','Sofa Moon 2 chỗ vải MB hồng L1-14',_binary '\1',_binary '\1',1200000,0,3000000,0,'Sofa','1a9c7ec7-5054-489c-972a-3abda75c267d.jpg',0,_binary '\0',5000,70,'b2ae4acb-3126-4f21-bf1d-7139a43355e9',NULL,'0dfd5e9e-4bf1-4c15-a3a7-6e5e9c308983'),('f294358c-abb9-4f2f-8f39-f7e9745a4f48',0,'2024-05-27 01:25:14.789000','Bình gốm màu be lớn 22667',80,_binary '\0','d75fb5c2-d712-489b-b071-a6a11838a9a1.jpg;2e00b675-5506-42b3-968b-dfe265de2fde.jpg',120,_binary '\0',12,'Gốm sứ','Bình gốm màu be lớn 22667',_binary '\1',_binary '\1',1420000,0,1650000,0,'Hàng trang trí','5707d793-33fa-41d3-844e-db6f0c1574be.jpg',0,_binary '\0',3000,14,'5ac03336-714f-4801-ae4f-9d339e434c64',NULL,'0dfd5e9e-4bf1-4c15-a3a7-6e5e9c308983'),('f490d746-e22a-47fe-a99d-dda6e442844c',0,'2024-05-27 17:59:37.031000','Lồng hàng không cho chó mèo, chất liệu , bền, đẹp, chắc chắn. Có nắp cà tiện dụng, thiết kế hiện đại thoáng mát, giúp thú cưng nhà bạn cực kỳ thoải mái trong các chuyến đi xa.',102,_binary '\0','d1152f50-6eb1-46cf-aac3-ef44668e9b41.jpg',9,_binary '\1',200,'Khung gỗ cao su - Bọc da cao cấp','Giày 2 hand',_binary '\1',_binary '\1',13000000,0,15000000,1,'Tủ bếp','aa95e8d8-c6fa-40ce-b6c8-087a8032854f.jpg',0,_binary '\1',1400,200,'b2ae4acb-3126-4f21-bf1d-7139a43355e9',NULL,'0dfd5e9e-4bf1-4c15-a3a7-6e5e9c308983'),('f90a9de8-c2f1-44a7-8e14-b98e9b8121c9',0,'2024-05-27 01:03:15.420000','Giường Cabo với thiết kế trang nhã, tinh tế, sang trọng trong đó khung giường được làm bằng chất liệu gỗ phủ lớp MDF veener ash cao cấp, chân giường được làm từ kim loại được sơn đen chắc chắn, có khả năng chịu lực tốt. Giường Cabo mang đến cảm giác thư giãn, thoải mái nhất để nghỉ ngơi sau thời gian làm việc dài, mà còn là món đồ quan trọng trong thiết kế nội thất phòng ngủ.',98,_binary '\0','2f7fef99-fe75-43b8-9dfb-cb7c2303db44.jpg;40ba32a3-acfe-46c2-b9f0-09f378c3054b.jpg',23,_binary '\0',190,'Gỗ - MDF veneer walnut - chân kim loại','Giường Cabo 1m6 PMA940026',_binary '\1',_binary '\1',17000000,0,19500000,0,'Giường ngủ','b270d83f-11ad-4494-aa7f-836425e06479.jpg',0,_binary '\0',79000,130,'0d2b0c63-f517-4bf1-b670-bbddc956ee2a',NULL,'0dfd5e9e-4bf1-4c15-a3a7-6e5e9c308983');

INSERT IGNORE INTO `tbl_order`
VALUES
('25c157ea-a952-46b5-bb5c-4db51eb42c1e','2024-05-31 19:15:45.081000',_binary '\1',476000,'TO_SHIP',6500000,'19:15 31-05-2024;19:15 31-05-2024; ; ; ; ; ',0,'767edd57-67cc-435b-ab82-c7d6f82ab65b','0dfd5e9e-4bf1-4c15-a3a7-6e5e9c308983','60397987-81d8-40ca-914a-c719b8a35306'),
('65055a80-4e40-4822-9d41-e034cc1c96a9','2024-05-31 19:10:45.081000',_binary '\1',423125,'TO_SHIP',2999000,'19:10 31-05-2024;19:10 31-05-2024; ; ; ; ; ',0,'767edd57-67cc-435b-ab82-c7d6f82ab65b','d0cffef4-39d7-4d0d-a97e-91ed536f2b43','60397987-81d8-40ca-914a-c719b8a35306'),
('65f5d510-ede1-4ba6-a67e-cac55ee9b4cf','2024-05-29 19:10:45.081000',_binary '\1',453239,'TO_SHIP',2600000,'19:10 29-05-2024;19:10 29-05-2024; ; ; ; ; ',0,'767edd57-67cc-435b-ab82-c7d6f82ab65b','d0cffef4-39d7-4d0d-a97e-91ed536f2b43','60397987-81d8-40ca-914a-c719b8a35306'),
('6fee6094-37ac-472d-ae96-19c2489e7827','2024-05-30 19:10:45.081000',_binary '\1',510000,'TO_SHIP',18800000,'19:10 30-05-2024;19:10 30-05-2024; ; ; ; ; ',0,'767edd57-67cc-435b-ab82-c7d6f82ab65b','0dfd5e9e-4bf1-4c15-a3a7-6e5e9c308983','60397987-81d8-40ca-914a-c719b8a35306'),
('7d0bfa9f-5c2c-4f85-b5fa-1c5277fac3eb','2024-05-29 19:10:45.081000',_binary '\1',510000,'TO_SHIP',22500000,'19:10 29-05-2024;19:10 29-05-2024; ; ; ; ; ',0,'767edd57-67cc-435b-ab82-c7d6f82ab65b','0dfd5e9e-4bf1-4c15-a3a7-6e5e9c308983','60397987-81d8-40ca-914a-c719b8a35306'),
('cdf420e8-92b1-4b85-9a8c-3363cba255e6','2024-05-28 19:04:45.081000',_binary '\1',500000,'COMPLETED',15800000,'19:04 28-05-2024;19:04 28-05-2024;19:06 28-05-2024;19:06 28-05-2024; ; ; ',0,'767edd57-67cc-435b-ab82-c7d6f82ab65b','0dfd5e9e-4bf1-4c15-a3a7-6e5e9c308983','60397987-81d8-40ca-914a-c719b8a35306'),
('d6044d0e-a8ac-4e29-bccf-4bb9b132dfe4','2024-05-28 19:10:45.081000',_binary '\1',453239,'TO_SHIP',3200000,'19:10 28-05-2024;19:10 28-05-2024; ; ; ; ; ',0,'767edd57-67cc-435b-ab82-c7d6f82ab65b','d0cffef4-39d7-4d0d-a97e-91ed536f2b43','60397987-81d8-40ca-914a-c719b8a35306'),
('e677450c-6807-4fb4-a6c3-277b1bb12964','2024-05-30 19:15:45.081000',_binary '\1',510000,'TO_SHIP',20890000,'19:15 30-05-2024;19:15 30-05-2024; ; ; ; ; ',0,'767edd57-67cc-435b-ab82-c7d6f82ab65b','0dfd5e9e-4bf1-4c15-a3a7-6e5e9c308983','60397987-81d8-40ca-914a-c719b8a35306');

INSERT IGNORE INTO `order_item` VALUES ('0adcf418-7cbb-45ab-81d7-aa1053cba9c4','Gốm sứ','Bình Atelier Jaune H26 156603C',890000,'c5cfd9c2-1650-49e8-a751-0085c7031073.jpg',1,890000,'e677450c-6807-4fb4-a6c3-277b1bb12964','217cf9ad-b6ca-4333-80f6-d552ecfa0033'),('2468b692-6f35-4be2-858d-72b70bde2753','Khung gỗ bọc vải cao cấp - Chân gỗ sồi','Sofa Rumba vải VACT11303',20000000,'02d922c0-59c2-4e97-a061-9feaf9b3bbb7.jpg',1,20000000,'e677450c-6807-4fb4-a6c3-277b1bb12964','2cb944c7-a913-40fa-b98d-5086457b3225'),('349c449c-7d6f-4873-9bda-85f9ccd82992','Khung gỗ bọc vải cao cấp - sofa bed đơn bao gồm 01 gối vuông trang trí & 1 gối','Sofa giường đơn Bolero VACT 7215',13500000,'fd7d1435-1cf4-41cc-a190-e1b346a1de37.jpg',1,13500000,'7d0bfa9f-5c2c-4f85-b5fa-1c5277fac3eb','8bacdecb-48ba-444a-b8e4-ca751f7373fe'),('3a7ebcbd-7334-4636-92eb-2aac4f60d02e','Chân kim loại có bánh xe xoay, lưng mdf veneer - bọc da công nghiệp','Ghế làm việc check out 83959K',1300000,'a1dbaee7-4e68-46b2-98ac-841d3f88e98c.jpg',1,1300000,'cdf420e8-92b1-4b85-9a8c-3363cba255e6','3c6620cc-a917-4d00-a2a1-0a8e497decaf'),('5dbb2733-6a65-44cb-8ff4-7effe36cda7c','Gỗ tần bì (ash) , MDF veneer tần bì','Tủ ly Poppy PMA632011',14500000,'d9c619b7-8253-4618-8468-874008ac79dc.jpg',1,14500000,'cdf420e8-92b1-4b85-9a8c-3363cba255e6','3b970918-2de9-4866-a01f-cda39601212c'),('6d849745-80b8-4393-947d-ec4ea2148f20','Gỗ công nghiệp','Kệ Tivi Gỗ MDF – KTVP08',2999000,'2d0a91c6-ff6a-445a-bf09-d101a3994b08.jpg',1,2999000,'65055a80-4e40-4822-9d41-e034cc1c96a9','213eb771-f4cb-4e5a-b1a9-198de2fd3139'),('82cf51b2-8cc4-4077-96aa-e0ea581c50a4','Gỗ công nghiệp MDF chống ẩm','Tủ Quần Áo 3 Buồng 4 Cánh – TQAVP29',9000000,'dbc325ef-305b-4161-b102-c8d22e1463dc.jpg',1,9000000,'7d0bfa9f-5c2c-4f85-b5fa-1c5277fac3eb','8b9a8a9b-e79d-4e53-bea1-3e0e6d0c732a'),('8a41ed78-c68a-40df-817c-b9c5d9d71248','Chân kim loại 2 màu - nệm bọc vải cao cấp','Sofa Combo góc phải vải MB 2041-1',6500000,'90351266-d564-43a7-9d92-bb074ee53866.jpg',1,6500000,'25c157ea-a952-46b5-bb5c-4db51eb42c1e','da7e3c71-99fa-41d2-967b-2399a782906e'),('a812fbd5-335f-4426-9279-fcae30db92a7','Gỗ MFC phủ melamime đã qua xử lý chống thấm nước, mối mọt','Bàn Họp Lắp Ghép Đa Năng – BHVP21',3200000,'daee512d-5482-4bcf-8c67-2be0f9a885b7.png',1,3200000,'d6044d0e-a8ac-4e29-bccf-4bb9b132dfe4','a5f4a478-3c42-4141-aa3c-83f7c188003d'),('b07dd6e4-471a-47d5-9b7a-4e311e7aa00e','Chân gỗ - Vải cao cấp','Sofa Poppy góc trái vải màu xanh VACT9660',17500000,'d0a835b6-79f0-43c6-b9cf-ed020d83577d.jpg',1,17500000,'6fee6094-37ac-472d-ae96-19c2489e7827','45bdb40d-2363-4316-adec-1eac2f7aee24'),('b8374b39-ad07-4ace-8d11-ec9d17021fc4','Chân kim loại có bánh xe xoay, lưng mdf veneer - bọc da công nghiệp','Ghế làm việc check out 83959K',1300000,'a1dbaee7-4e68-46b2-98ac-841d3f88e98c.jpg',1,1300000,'6fee6094-37ac-472d-ae96-19c2489e7827','3c6620cc-a917-4d00-a2a1-0a8e497decaf'),('e479f04d-4b54-4faf-8f98-437395b86068','Gỗ công nghiệp MFC phủ melamine','Tủ Giày gỗ công nghiệp TGCNVP14',2600000,'2dc6c51f-51c5-403f-a7bb-85fe5e369f71.jpg',1,2600000,'65f5d510-ede1-4ba6-a67e-cac55ee9b4cf','7b579591-3335-4c86-a05e-e2412f7673a1');