CREATE DATABASE  IF NOT EXISTS `bdcampus` /*!40100 DEFAULT CHARACTER SET latin1 */;
USE `bdcampus`;
-- MySQL dump 10.13  Distrib 5.7.12, for Win64 (x86_64)
--
-- Host: localhost    Database: bdcampus
-- ------------------------------------------------------
-- Server version	5.5.5-10.1.9-MariaDB

/*!40101 SET @OLD_CHARACTER_SET_CLIENT=@@CHARACTER_SET_CLIENT */;
/*!40101 SET @OLD_CHARACTER_SET_RESULTS=@@CHARACTER_SET_RESULTS */;
/*!40101 SET @OLD_COLLATION_CONNECTION=@@COLLATION_CONNECTION */;
/*!40101 SET NAMES utf8 */;
/*!40103 SET @OLD_TIME_ZONE=@@TIME_ZONE */;
/*!40103 SET TIME_ZONE='+00:00' */;
/*!40014 SET @OLD_UNIQUE_CHECKS=@@UNIQUE_CHECKS, UNIQUE_CHECKS=0 */;
/*!40014 SET @OLD_FOREIGN_KEY_CHECKS=@@FOREIGN_KEY_CHECKS, FOREIGN_KEY_CHECKS=0 */;
/*!40101 SET @OLD_SQL_MODE=@@SQL_MODE, SQL_MODE='NO_AUTO_VALUE_ON_ZERO' */;
/*!40111 SET @OLD_SQL_NOTES=@@SQL_NOTES, SQL_NOTES=0 */;

--
-- Table structure for table `tbl_acta`
--

DROP TABLE IF EXISTS `tbl_acta`;
/*!40101 SET @saved_cs_client     = @@character_set_client */;
/*!40101 SET character_set_client = utf8 */;
CREATE TABLE `tbl_acta` (
  `cod_mencion` char(3) DEFAULT NULL,
  `cod_curso` char(6) DEFAULT NULL,
  `cod_profesor` int(11) DEFAULT NULL,
  `cod_acta` int(11) NOT NULL,
  `cod_programacion` int(11) DEFAULT NULL,
  `seccion` varchar(6) NOT NULL,
  `nro_acta` varchar(5) NOT NULL,
  `fecha_registro` datetime NOT NULL,
  `nro_rubros` tinyint(4) NOT NULL,
  `estado` tinyint(1) unsigned NOT NULL DEFAULT '1',
  `cod_tipo_programa` char(2) DEFAULT NULL,
  PRIMARY KEY (`cod_acta`) USING BTREE,
  KEY `FK_tbl_acta_mencion` (`cod_mencion`),
  KEY `FK_tbl_acta_curso` (`cod_curso`),
  KEY `FK_tbl_acta_profesor` (`cod_profesor`),
  KEY `FK_tbl_acta_programacion` (`cod_programacion`),
  KEY `FK_tbl_acta_curso_1` (`cod_curso`,`cod_tipo_programa`),
  CONSTRAINT `FK_tbl_acta_4` FOREIGN KEY (`cod_profesor`) REFERENCES `tbl_profesor` (`cod_profesor`),
  CONSTRAINT `FK_tbl_acta_42` FOREIGN KEY (`cod_programacion`) REFERENCES `tbl_programacion` (`cod_programacion`),
  CONSTRAINT `FK_tbl_acta_curso_1` FOREIGN KEY (`cod_curso`, `cod_tipo_programa`) REFERENCES `tbl_cursos` (`cod_curso`, `cod_tipo_postg`),
  CONSTRAINT `FK_tbl_acta_mencion` FOREIGN KEY (`cod_mencion`) REFERENCES `tbl_mencion` (`cod_mencion`)
) ENGINE=InnoDB DEFAULT CHARSET=latin1;
/*!40101 SET character_set_client = @saved_cs_client */;

--
-- Dumping data for table `tbl_acta`
--

LOCK TABLES `tbl_acta` WRITE;
/*!40000 ALTER TABLE `tbl_acta` DISABLE KEYS */;
INSERT INTO `tbl_acta` VALUES ('034','DE1401',3,1,18,'1','1','2020-09-17 18:01:20',1,1,NULL),('024','GG1402',4,2,19,'1','1','2020-09-17 18:02:18',1,1,NULL),('039','ME1308',9,3,20,'1','1','2020-09-17 18:03:23',1,1,NULL),('008','CF2411',15,4,21,'1','1','2020-09-24 21:17:44',1,1,NULL);
/*!40000 ALTER TABLE `tbl_acta` ENABLE KEYS */;
UNLOCK TABLES;

--
-- Table structure for table `tbl_alumnos`
--

DROP TABLE IF EXISTS `tbl_alumnos`;
/*!40101 SET @saved_cs_client     = @@character_set_client */;
/*!40101 SET character_set_client = utf8 */;
CREATE TABLE `tbl_alumnos` (
  `cod_alumno` char(10) NOT NULL,
  `cod_tipo_documento` tinyint(4) NOT NULL,
  `cod_profesion` int(11) NOT NULL,
  `cod_univ_procedencia` int(11) NOT NULL DEFAULT '0',
  `cod_plan_estudios` char(6) NOT NULL DEFAULT '00000',
  `cod_mencion` char(3) NOT NULL,
  `cod_sede` tinyint(4) NOT NULL DEFAULT '1',
  `nombres` varchar(40) NOT NULL,
  `ape_paterno` varchar(30) NOT NULL,
  `ape_materno` varchar(30) NOT NULL,
  `sexo` binary(1) NOT NULL,
  `direccion` varchar(100) NOT NULL,
  `movil` varchar(30) DEFAULT '0',
  `fecha_registro` datetime NOT NULL,
  `estado` binary(1) NOT NULL DEFAULT '1',
  `num_documento` varchar(20) NOT NULL,
  `correo_electronico` varchar(40) NOT NULL,
  `fecha_nacimiento` date NOT NULL,
  `lugar_residencia_actual` varchar(100) NOT NULL DEFAULT '',
  `num_cuenta_banco` varchar(40) DEFAULT '',
  `redes_sociales` varchar(50) DEFAULT '',
  `promocion` char(6) DEFAULT NULL,
  `lugar_trabajo` varchar(100) NOT NULL,
  `creditos_convalidados` tinyint(4) DEFAULT '0',
  `creditos_acumulados` tinyint(4) DEFAULT '0',
  PRIMARY KEY (`cod_alumno`) USING BTREE,
  KEY `FK_tbl_alumnos_tipo_documento` (`cod_tipo_documento`),
  KEY `FK_tbl_alumnos_tipo_profesion` (`cod_profesion`),
  KEY `FK_tbl_alumnos_tipo_uni_procedencia` (`cod_univ_procedencia`),
  KEY `FK_tbl_alumnos_tipo_plan_estudios` (`cod_plan_estudios`),
  KEY `FK_tbl_alumnos_tipo_mencion` (`cod_mencion`),
  KEY `FK_tbl_alumnos_tipo_sede` (`cod_sede`),
  CONSTRAINT `FK_tbl_alumnos_tipo_documento` FOREIGN KEY (`cod_tipo_documento`) REFERENCES `tbl_tipo_documento` (`cod_tipo_documento`),
  CONSTRAINT `FK_tbl_alumnos_tipo_mencion` FOREIGN KEY (`cod_mencion`) REFERENCES `tbl_mencion` (`cod_mencion`),
  CONSTRAINT `FK_tbl_alumnos_tipo_plan_estudios` FOREIGN KEY (`cod_plan_estudios`) REFERENCES `tbl_plan_estudios` (`cod_plan_estudios`),
  CONSTRAINT `FK_tbl_alumnos_tipo_profesion` FOREIGN KEY (`cod_profesion`) REFERENCES `tbl_profesion` (`cod_profesion`),
  CONSTRAINT `FK_tbl_alumnos_tipo_sede` FOREIGN KEY (`cod_sede`) REFERENCES `tbl_sede` (`cod_sede`),
  CONSTRAINT `FK_tbl_alumnos_tipo_uni_procedencia` FOREIGN KEY (`cod_univ_procedencia`) REFERENCES `tbl_univ_procedencia` (`cod_univ_procedencia`)
) ENGINE=InnoDB DEFAULT CHARSET=latin1;
/*!40101 SET character_set_client = @saved_cs_client */;

--
-- Dumping data for table `tbl_alumnos`
--

LOCK TABLES `tbl_alumnos` WRITE;
/*!40000 ALTER TABLE `tbl_alumnos` DISABLE KEYS */;
INSERT INTO `tbl_alumnos` VALUES ('0000000001',1,6,82,'272A1','025',1,'ELENA','JARAMILLO','CHAVEZ','0','CALE 123','000000009','2020-09-23 16:14:15','1','00000002','correo@correo.com','1990-02-02','PIURA',NULL,NULL,'20201','PIURA',0,0),('1010101010',1,6,25,'230B3','008',1,'DAVID','AGURTO','CAVO','1','CALLE PUNO 123','123456789','2020-09-17 21:05:09','1','12345678','correo@correo.com','1990-02-02','PIURA',NULL,NULL,'20201','CASTILLA',0,0),('1212121212',1,4,3,'231B3','009',1,'JEAN','TABOADA','CAYETANO','1','PIURA','973808391','2020-11-24 10:39:42','1','12121212','jtab@gmail.com','1996-06-26','CASTILLA',NULL,NULL,'20201','CON DNI',0,0),('1234567890',1,6,12,'301B1','034',1,'PRUEBA','PRUEBA1','PRUEBA 2','1','CALLE LIMA 321','123456789','2020-09-17 20:13:05','1','45590689','correo@correo.com','2020-02-02','PIURA',NULL,NULL,NULL,'PIURA',0,0),('1234567898',2,5,25,'230B4','008',1,'ANA','CORDOVA','SOSA','0','CALLE SULLANA 123','123456789','2020-09-17 20:28:15','1','98765432','correo@gmail.com','1990-02-02','SULLANA',NULL,NULL,NULL,'SULLANA',0,0),('1234567899',1,7,82,'301B1','034',1,'DANY','MENDOZA','CHERREZ','1','CALLE PIURA 123','123456789','2020-09-17 20:25:47','1','45597896','correo@gmail.com','1990-02-02','CASTILLA',NULL,NULL,NULL,'CASTILLA',0,0),('1245789623',1,4,3,'301B1','034',1,'ALUMNO ','DE PRUEBA','SISTEMA','1','CALLE 123','98653269','2020-09-24 15:50:12','1','45621457','CORRO@H.COM','1990-01-10','PIURA',NULL,NULL,'20211','CALLE 123',0,0),('2020202020',1,6,81,'301B1','034',1,'JAIME','PACHERREZ','ALDANA','1','CALLE 123','123456789','2020-09-18 13:53:33','1','30303030','correo@correito.com','1990-10-10','PIURA',NULL,NULL,'20211','PIURA',0,0),('2545454888',1,4,3,'290B3','029',1,'JUAN','PEREZ','LOPEZ','1','PIURA','3232323223','2020-11-24 19:17:46','1','21545454','jtab@gmail.cp','1998-12-26','CASTILLA',NULL,NULL,'20201','CARNET EX',0,0),('3333333332',1,4,3,'221A3','005',1,'JEAN','TABOADA','CAYETANO','1','PIURA','989898989','2020-11-24 10:52:43','1','12454877','jtab@gmail.cp','1998-06-26','CASTILLA',NULL,NULL,'20202','CARNET EX',0,0),('3333333333',2,4,3,'221A3','005',1,'JEAN','TABOADA','CAYETANO','1','PIURA','989898989','2020-11-24 10:52:16','1','222222222222','jtab@gmail.cp','1998-06-26','CASTILLA',NULL,NULL,'20202','CARNET EX',0,0);
/*!40000 ALTER TABLE `tbl_alumnos` ENABLE KEYS */;
UNLOCK TABLES;

--
-- Table structure for table `tbl_auditoria`
--

DROP TABLE IF EXISTS `tbl_auditoria`;
/*!40101 SET @saved_cs_client     = @@character_set_client */;
/*!40101 SET character_set_client = utf8 */;
CREATE TABLE `tbl_auditoria` (
  `cod_auditoria` int(11) NOT NULL AUTO_INCREMENT,
  `tabla` varchar(50) NOT NULL,
  `campo` varchar(50) NOT NULL,
  `accion` varchar(30) NOT NULL,
  `fecha_cambio` datetime NOT NULL,
  `nombre_pc` varchar(30) NOT NULL,
  `usuario_login` varchar(30) NOT NULL,
  `usuario_bd` varchar(30) NOT NULL,
  `usuario_pc` varchar(30) NOT NULL,
  `valor_anterior` varchar(200) NOT NULL,
  `valor_nuevo` varchar(200) NOT NULL,
  `observaciones` varchar(200) NOT NULL,
  `estado` binary(1) NOT NULL DEFAULT '1',
  PRIMARY KEY (`cod_auditoria`)
) ENGINE=InnoDB DEFAULT CHARSET=latin1;
/*!40101 SET character_set_client = @saved_cs_client */;

--
-- Dumping data for table `tbl_auditoria`
--

LOCK TABLES `tbl_auditoria` WRITE;
/*!40000 ALTER TABLE `tbl_auditoria` DISABLE KEYS */;
/*!40000 ALTER TABLE `tbl_auditoria` ENABLE KEYS */;
UNLOCK TABLES;

--
-- Table structure for table `tbl_beca`
--

DROP TABLE IF EXISTS `tbl_beca`;
/*!40101 SET @saved_cs_client     = @@character_set_client */;
/*!40101 SET character_set_client = utf8 */;
CREATE TABLE `tbl_beca` (
  `cod_beca` tinyint(4) NOT NULL AUTO_INCREMENT,
  `cod_alumno` char(10) NOT NULL,
  `semestre` char(5) NOT NULL,
  `nro_resolucion_rectorial` varchar(100) NOT NULL,
  `nombre_pc` varchar(30) NOT NULL,
  `comentario` varchar(100) NOT NULL,
  `estado` binary(1) NOT NULL DEFAULT '1',
  `tipobeca` varchar(45) DEFAULT NULL,
  PRIMARY KEY (`cod_beca`) USING BTREE,
  UNIQUE KEY `u_Index_3` (`cod_alumno`,`semestre`),
  KEY `FK_tbl_beca_alumnos` (`cod_alumno`),
  CONSTRAINT `FK_tbl_beca_alumnos` FOREIGN KEY (`cod_alumno`) REFERENCES `tbl_alumnos` (`cod_alumno`)
) ENGINE=InnoDB AUTO_INCREMENT=3 DEFAULT CHARSET=latin1;
/*!40101 SET character_set_client = @saved_cs_client */;

--
-- Dumping data for table `tbl_beca`
--

LOCK TABLES `tbl_beca` WRITE;
/*!40000 ALTER TABLE `tbl_beca` DISABLE KEYS */;
/*!40000 ALTER TABLE `tbl_beca` ENABLE KEYS */;
UNLOCK TABLES;

--
-- Table structure for table `tbl_convalidaciones`
--

DROP TABLE IF EXISTS `tbl_convalidaciones`;
/*!40101 SET @saved_cs_client     = @@character_set_client */;
/*!40101 SET character_set_client = utf8 */;
CREATE TABLE `tbl_convalidaciones` (
  `cod_curso` char(6) NOT NULL,
  `cod_alumno` char(10) NOT NULL,
  `nro_resolucion` varchar(100) NOT NULL,
  `creditos` tinyint(4) NOT NULL,
  `nota` varchar(2) NOT NULL,
  `observaciones` varchar(100) NOT NULL,
  `fecha_registro` datetime NOT NULL,
  `usuario_registro` varchar(30) NOT NULL,
  `nombre_pc` varchar(30) NOT NULL,
  `estado` binary(1) NOT NULL DEFAULT '1',
  `cod_tipo_programa` char(2) DEFAULT NULL,
  PRIMARY KEY (`cod_curso`,`cod_alumno`) USING BTREE,
  KEY `FK_tbl_convalidaciones_cursos` (`cod_curso`),
  KEY `FK_tbl_convalidaciones_alumnos` (`cod_alumno`),
  KEY `FK_tbl_convalidaciones_cursos_1` (`cod_curso`,`cod_tipo_programa`),
  CONSTRAINT `FK_tbl_convalidaciones_alumnos` FOREIGN KEY (`cod_alumno`) REFERENCES `tbl_alumnos` (`cod_alumno`),
  CONSTRAINT `FK_tbl_convalidaciones_cursos_1` FOREIGN KEY (`cod_curso`, `cod_tipo_programa`) REFERENCES `tbl_cursos` (`cod_curso`, `cod_tipo_postg`)
) ENGINE=InnoDB DEFAULT CHARSET=latin1;
/*!40101 SET character_set_client = @saved_cs_client */;

--
-- Dumping data for table `tbl_convalidaciones`
--

LOCK TABLES `tbl_convalidaciones` WRITE;
/*!40000 ALTER TABLE `tbl_convalidaciones` DISABLE KEYS */;
/*!40000 ALTER TABLE `tbl_convalidaciones` ENABLE KEYS */;
UNLOCK TABLES;

--
-- Table structure for table `tbl_cursos`
--

DROP TABLE IF EXISTS `tbl_cursos`;
/*!40101 SET @saved_cs_client     = @@character_set_client */;
/*!40101 SET character_set_client = utf8 */;
CREATE TABLE `tbl_cursos` (
  `cod_curso` char(6) NOT NULL,
  `nomb_curso` varchar(60) NOT NULL,
  `creditos` tinyint(4) NOT NULL,
  `estado` binary(1) NOT NULL DEFAULT '1',
  `observacion` varchar(220) NOT NULL DEFAULT '',
  `cod_tipo_postg` char(2) NOT NULL,
  PRIMARY KEY (`cod_curso`,`cod_tipo_postg`)
) ENGINE=InnoDB DEFAULT CHARSET=latin1;
/*!40101 SET character_set_client = @saved_cs_client */;

--
-- Dumping data for table `tbl_cursos`
--

LOCK TABLES `tbl_cursos` WRITE;
/*!40000 ALTER TABLE `tbl_cursos` DISABLE KEYS */;
INSERT INTO `tbl_cursos` VALUES ('001122','PRUEBA001',12,'1','prueba001','02'),('121212','JEAN',12,'1','prueba001','02'),('AB1234','PRUEBA DE CURSO',12,'1','Prueba','02'),('AB4321','PRUEBA DE CURSO 2',15,'1','ninguna','04'),('AG1101','SEMINARIO EN AGROEXPORTACION I',1,'1','','02'),('AG1102','SEMINARIO DE AGROEXPORTACION II',1,'1','','02'),('AG1203','PROTECCION DE CULTIVO',2,'1','','02'),('AG1204','AGRONEGOCIOS Y COMERCIO EXTERIOR',2,'1','','02'),('AG1205','SEMINARIO EN AGROEXPORTACION I',2,'1','','02'),('AG1206','SEMINARIO EN AGROEXPORTACION II',2,'1','','02'),('AG1301','FRUTALES Y HORTALIZAS DE EXPORTACION',3,'1','','02'),('AG1302','TECNICAS DE EXPORTACION  AGRICOLA Y TLC',3,'1','','02'),('AG1303','TRATAMIENTO POST-COSECHA',3,'1','','02'),('AG1304','RESIDUOS DE AGROQUIMICOS EN PRODUCTOS AGRICOLAS',3,'1','','02'),('AG1305','PROYECTO DE INVERSION AGRICOLA',3,'1','','02'),('AG1401','ECOFISIOLOFIA DE CULTIVO',4,'1','','02'),('AG1402','AGRICULTURA ORGANICA',4,'1','','02'),('AG2201','MANEJO Y VALOR DEL RECURSO AGUA Y SUELO',2,'1','','02'),('AG2202','BUENAS PRACTICA AGRICOLAS PARA EXPORTAR (BPAE)',2,'1','','02'),('AG2203','PROYECTO DE INVERSION AGRICOLA',2,'1','','02'),('AG2204','PROCESO SUELO-AGUA-PLANTA',2,'1','','02'),('AG2205','CULTIVOS MEJORADOS',2,'1','','02'),('AG2206','AGRICULTURA Y CAMBIO CLIMATICO',2,'1','','02'),('AG2301','INVESTIGACION  AGRICOLA  I',3,'1','','02'),('AG2401','AGROECOSISTEMAS SOSTENIBLES',4,'1','','02'),('AG2402','INVESTIGACION AGRICOLA  II',4,'1','','02'),('AG2403','CULTIVOS INDUSTRIALES',4,'1','','02'),('AG6200','METODOLOGIA DE LA ENSEÑANZA Y APRENDIZAJE SUPERIOR',2,'1','','02'),('AG6300','FRUTOS Y HORT.PROMIS.TROP.Y AMAZONICOS.',3,'1','','02'),('AG6301','AGRICULTURA  GENERAL',3,'1','','02'),('AG6305','ECOLOGIA Y MEDIO AMBIENTE',3,'1','','02'),('AG6307','ECOLOGIA Y DESARROLLO RURAL',3,'1','','02'),('AG6310','METOD. INVESTIGACION CIENTIFICA',3,'1','','02'),('AG6311','SISTEMAS DE PRODUCCION',3,'1','','02'),('AG6315','SEMINARIO DE TESIS I',3,'1','','02'),('AG6316','INVESTIGACION I',3,'1','','02'),('AG6320','PRODUCTOS BIOLÓGICOS',3,'1','','02'),('AG6325','SEMINARIO DE TESIS II',3,'1','','02'),('AG6330','SEMINARIO DE TESIS III',3,'1','','02'),('AG6335','MANEJO, RECOLECCION Y CONSERVACION DE FRUTOS',3,'1','','02'),('AG6338','SISTEMA DE PRODUCCION',3,'1','','02'),('AG6400','ESTABLEC. MICROEMP ELABORADORAS DE ZUMOS',4,'1','','02'),('AG6405','CONTR DE PROCES. EN LA FAB. DE ZUMOS',4,'1','','02'),('AG6410','ENERG. RENOV APLICAD. PREPDE ZUMOS TROPICALES',4,'1','','02'),('AG6415','CONT.DE PROCES.EN LA FAB.DE ZUMOS II',4,'1','','02'),('AG6420','MEZCLAS DE SABORES EN ZUMOS TROPICALES',4,'1','','02'),('AG6425','ESTABLECIM. DE UN SIST. DE CONTR DE CALID. EN LA IND.DE ZUMO',4,'1','','02'),('AG6430','BIOTECNOLOGIA EN EL PROCESAMIENTO DE FRUTAS',4,'1','','02'),('AG6435','APROVECHAMIENTO DE RESIDUOS EN LA INDUSTRIA DE ZUMOS',4,'1','','02'),('AG6500','ANALISIS DE ZUMOS DE FRUTAS',5,'1','','02'),('AG7000','TESIS',0,'1','','02'),('AG7400','EXTENSION Y TRANSFERENCIA DE TECNICAS',4,'1','','02'),('AG7402','EXTENCION Y TRANSFERENCIA DE TECNICAS',4,'1','','02'),('AP2401','LIDERAZGO, FORMACION. SENSIBILIZACION Y MOTIVACION DEL PERSO',4,'1','','02'),('AP2402','CERTIFICACION EXTERNA Y REGISTRO DEL SISTEMA DE LA ORGANIZAC',4,'1','','02'),('AP3301','DIDACTICA PARA EL APRENDIZAJE CREATIVO',3,'1','','02'),('AP3302','SEMINARIO DE INVESTIGACION II',3,'1','','02'),('AP3401','INVESTIGACION Y TRATAMIENTO PSICOPEDAGOGICO DEL TALENTO.',4,'1','','02'),('AP3501','ESTRATEGIAS PARA EL DESARROLLO DEL TALENTO',5,'1','','02'),('AP4401','TEORIAS DEL APRENDIZAJE',4,'1','','02'),('AP4501','SEMINARIO DE INVESTIGACION III',5,'1','','02'),('AP4601','INTELIGENCIA Y  CREATIVIDAD',6,'1','','02'),('AR1301','SISTEMAS DE INFORMACION GEOGRAFICA  (P)',3,'1','','02'),('AR1402','TEORIA Y PRACTICA DE LA PLANIFICACION I',4,'1','','02'),('AR1403','VIVIENDA Y TECNOLOGIAS CONSTRUCTIVAS',4,'1','','02'),('AR1404','HISTORIA CRITICA DEL PATRIMONIO PRECOLOMBINO - COLONIAL',4,'1','','02'),('AR1405','CONTAMINACION AMBIENTAL',4,'1','','02'),('AR1406','ARQUITECTURA Y DESARROLLO SOSTENIBLE',4,'1','','02'),('AR1407','HISTORIA CRITICA DEL PATRIMONIO REPUBLICANO - CONTEMPORANEO',4,'1','','02'),('AR1408','TEORIA Y CRITICA DEL DISEÑO ARQUITECTONICO',4,'1','','02'),('AR1409','PLANIFICACION Y GESTION URBANO AMBIENTAL I',4,'1','','02'),('AR1410','SISTEMAS DE INFORMACION GEOGRAFICA',4,'1','','02'),('AR1411','METODOLOGIA DE LA INVESTIGACION',4,'1','','02'),('AR1412','CIUDAD CONTEMPORANEA: DISEÑO Y CONFIGURACION',4,'1','','02'),('AR1413','ECONOMIA URBANA Y MEDIO AMBIENTE',4,'1','','02'),('AR1414','DETERMINACION DE PELIGROS Y ESTIMACION DE RIESGOS',4,'1','','02'),('AR1415','TEORIA PRACTICA DE LA PLABIFICACION',4,'1','','02'),('AR1416','TEORIA Y PRACTICA DE LA PLANIFICACION I  (P)',4,'1','','02'),('AR1417','CONTAMINACION AMBIENTAL  (P)',4,'1','','02'),('AR1418','VIVIENDA Y TECNOLOGIAS CONSTRUCTIVAS  (P)',4,'1','','02'),('AR2401','TEORIA Y PRACTICA DE LA PLANIFICACION II',4,'1','','02'),('AR2402','TEORIA Y CONSERVACION DE CENTROS HISTORICOS',4,'1','','02'),('AR2403','PROCESO DEL DISEÑO ARQUITECTONICO',4,'1','','02'),('AR2404','DETERMINACION DE PELIGROS Y ESTIMACION DE RIESGOS',4,'1','','02'),('AR2405','SEMINARIO DE TESIS I',4,'1','','02'),('AR2406','GESTION DE CENTROS HISTORICOS',4,'1','','02'),('AR2407','ESTILO E INNOVACION EN EL DISEÑO ARQUITECTONICO',4,'1','','02'),('AR2408','PLANIFICACION Y GESTION URBANO AMBIENTAL II',4,'1','','02'),('AR2409','FORMULACION Y EVALUACION DE PROYECTOS',4,'1','','02'),('AR2410','SEMINARIO DE TESIS II',4,'1','','02'),('AR2411','PROYECTOS DE DESARROLLO URBANO - REGIONAL',4,'1','','02'),('AR2412','DISEÑO URBANO SOSTENIBLE',4,'1','','02'),('AR2413','GESTION DE CENTROS HISTORICOS-ESPACIOS URBANOS',4,'1','','02'),('AR2414','TEORIA Y PRACTICA DE LA PLANIFICACION II  (P)',4,'1','','02'),('AR2415','ECONOMIA URBANA Y MEDIO AMBIENTE  (P)',4,'1','','02'),('AR2416','DETERMINACION DE PELIGROS Y ESTIMACION DE RIESGOS  (P)',4,'1','','02'),('AR2501','SEMINARIO DE TESIS I',5,'1','','02'),('AR3401','SISTEMA VIAL Y FORMA URBANA',4,'1','','02'),('AR3402','TALLER DE DISEÑO URBANO',4,'1','','02'),('AR3403','FORMULACION Y EVALUACION DE PROYECTOS',4,'1','','02'),('AR3406','FORMULACION Y EVALUACION DE PROYECTOS  (P)',4,'1','','02'),('AR3501','SEMINARIO DE TESIS II',5,'1','','02'),('BE1201','FILOSOFIA DE LA CIENCIA',2,'1','','04'),('BE1301','METODOS CUANTITATIVOS APLICADOS',3,'1','','04'),('BE1302','TECNICAS DE INVESTIGACION ECONOMICA Y FINANCIERA',3,'1','','04'),('BE1303','VISION ACTUAL Y TENDENCIAS DE LA CIENCIA ECONOMICA',3,'1','','04'),('BE1304','VISION ACTUAL Y TENDENCIAS DE LAS FINANZAS',3,'1','','04'),('BE1305','MICROECONOMIA AVANZADA',3,'1','','04'),('BE1306','MERCADOS DE CAPITALES E INSTRUMENTOS FINANCIEROS',3,'1','','04'),('BE1307','SEMINARIO DE TESIS I',3,'1','','04'),('BE2301','MACROECONOMIA AVANZADA',3,'1','','04'),('BE2302','OPCIONES Y FUTUROS FINANCIEROS',3,'1','','04'),('BE2303','FINANZAS INTERNACIONALES',3,'1','','04'),('BE2304','SEMINARIO DE POLITICA ECONOMICA',3,'1','','04'),('BE2305','SEMINARIO DE EVOLUCION Y TENDENCIAS DEL CRECIMIENTO Y DESARR',3,'1','','04'),('BE2306','SEMINARIO DE ECONOMIA AMBIENTAL Y DESARROLLO SOSTENIBLE',3,'1','','04'),('BE2501','SEMINARIO DE TESIS II',5,'1','','04'),('BE2502','SEMINARIO DE TESIS III',5,'1','','04'),('BE3301','SEMINARIO DE INVESTIGACIONES ECONOMICAS Y FINANCIERAS',3,'1','','04'),('BE3501','SEMINARIO DE TESIS IV',5,'1','','04'),('BE3502','SEMINARIO DE TESIS V',5,'1','','04'),('CA1302','COMPORTAMIENTO ORGANIZACIONAL',3,'1','','02'),('CA1303','ADMINISTRACION EMPRESARIAL',3,'1','','02'),('CA1304','MARKETING EMPRESARIAL',3,'1','','02'),('CA1408','ADMINISTRACION DE NEGOCIOS INTERNACIONALES',4,'1','','02'),('CA1409','COMERCIO EXTERIOR Y TRIBUTACION ADUANERA',4,'1','','02'),('CA1410','MERCADO Y MARKETING INTERNACIONAL',4,'1','','02'),('CA1411','TESIS I. PROYECTO',4,'1','','02'),('CA1412','LEGISLACION PARA NEGOCIOS INTERNACIONALES',4,'1','','02'),('CA1413','REGIMENES ADUANEROS',4,'1','','02'),('CA1414','GOEPOLITICA MUNDIAL',4,'1','','02'),('CA1415','TESIS II. EJECUCION',4,'1','','02'),('CA1416','ORGANIZACION INTELIGENTE',4,'1','','02'),('CA2301','FINANZAS INTERNACIONALES',3,'1','','02'),('CA2401','CULTURA ORGANIZACIONAL',4,'1','','02'),('CA2405','FINANZAS INTERNACIONALES',4,'1','','02'),('CA2406','PLAN DE NEGOCIOS INTERNACIONALES',4,'1','','02'),('CA2407','PLAN DE NEGOCIOS INTERNACIONALES',4,'1','','02'),('CA2408','TESIS III. INVESTIGACION DE CAMPO',4,'1','','02'),('CA2409','GERENCIA DE LA CADENA DE SUMINISTRO',4,'1','','02'),('CA2410','ECONOMIA INTERNACIONAL',4,'1','','02'),('CA2411','SIMULACION DE OPERACIONES DE EXPORTACION E IMPORTACION',4,'1','','02'),('CA2412','TESIS IV. REDACCION Y SUSTENTACION DE TESIS',4,'1','','02'),('CA2413','EVALUACION INICIAL DE LA SITUACION DE LA ORGANIZACION',4,'1','','02'),('CA2416','TRIBUTACION INTERNACIONAL',4,'1','','02'),('CA2417','FINANZAS INTERNACIONALES',4,'1','','02'),('CA3447','FINANZAS INTERNACIONALES',4,'1','','02'),('CA6200','ADMINISTRACION RURAL',2,'1','','02'),('CA6500','ADMINISTRACION EMPRESARIAL',5,'1','','02'),('CA6505','MARKETING  EMPRESARIAL',5,'1','','02'),('CB1303','ECOLOGIA Y EVALUACION DE RECURSOS NATURALES',3,'1','','02'),('CB1304','TECNOLOGIAS DE ECOLOGIA INDUSTRIAL',3,'1','','04'),('CB6200','RECURSOS ACUATICOS Y TERRESTRES. BIODIVERSIDAD',2,'1','','02'),('CB6300','ECOLOGIA AMBIENTAL',3,'1','','02'),('CB6301','LIMNOLOGIA                                        ',3,'1','','02'),('CB6302','OCEANOGRAFIA                                      ',3,'1','','02'),('CB7300','MICROBIOLOGIA AMBIENTAL',3,'1','','02'),('CF1300','ANALISIS EONOMICOS DE LOS IMPUESTOS',3,'1','','02'),('CF1302','GESTION Y EVALUACION EL MEDIO AMBIENTE',3,'1','','02'),('CF1305','DERECHO TRIBUTARIO Y FINANCIERO',3,'1','','02'),('CF1307','AUDITORIA INTEGRAL',3,'1','','02'),('CF1310','HERRAMIENTAS DE INFORMATICA APLICADA A LA CONTABILIDAD',3,'1','','02'),('CF1312','EVALUACION DE PROYECTOS  DE INVERSION PRIVADA',3,'1','','02'),('CF1313','AUDITORIA GUBERNAMENTAL',3,'1','','02'),('CF1314','HERRAMIENTAS DE INFORMATICA APLICADA A LAS FINANZAS',3,'1','','02'),('CF1315','ETICA EN LOS NEGOCIOS',3,'1','','04'),('CF1316','ANALISIS ECONOMICO A LOS IMPUESTOS',3,'1','','02'),('CF1317','COMERCIO EXTERIOR Y TRIBUTACION ADUANERA',3,'1','','02'),('CF1318','SISTEMAS DE INFORMACION',3,'1','','02'),('CF1319','GESTION DE PROYECTOS DE INVERSION PUBLICA',3,'1','','02'),('CF1400','ANALISIS E INTERPRETACION FINANCIERA',4,'1','','02'),('CF1401','IMPUESTO A LA RENTA',4,'1','','02'),('CF1403','CONTABILIDAD AMBIENTAL',4,'1','','02'),('CF1404','GESTION Y EVALUACION DEL MEDIO AMBIENTE',4,'1','','02'),('CF1405','TEORIA ECONOMICA',4,'1','','02'),('CF1406','IMPOSICION AL CONSUMO',4,'1','','02'),('CF1408','DERECHO TRIBUTARIO Y FINANCIERO',4,'1','','02'),('CF1410','TEORIA FINANCIERA',4,'1','','02'),('CF1412','FINANZAS CORPORATIVAS',4,'1','','02'),('CF1415','METODOLOGIA DE LA  INVESTIGACION CIENTIFICA',4,'1','','02'),('CF1417','MERCADOS E INSTRUMENTOS DE INOVACION FINANCIERA',4,'1','','02'),('CF1420','PLANIFIC. Y ADMINISTRACION FINANCIERA',4,'1','','02'),('CF1428','GERENCIA ESTRATEGICA',4,'1','','02'),('CF1429','DOCTRINA Y FILOSOFIA DE LA CONTABILIDAD',4,'1','','04'),('CF1430','VISION Y TENDENCIAS DE LA CONTABILIDAD Y FINANZAS',4,'1','','04'),('CF1431','NORMAS INTERNACIONALES DE INFORMACION FINANCIERA',4,'1','','04'),('CF1432','PRINCIPIOS CONSTITUCIONALES Y GENERALES DE LA TRIBUTACION',4,'1','','02'),('CF1432','ETICA EN LOS NEGOCIOS',4,'1','','04'),('CF1433','IMPUESTO A LA RENTA I',4,'1','','02'),('CF1434','IMPUESTOS AL CONSUMO',4,'1','','02'),('CF1435','INCIDENCIA DE LAS NORMAS INTERNACIONALES DE INFORMACION FINA',4,'1','','02'),('CF1436','IMPUESTO A LA RENTA II',4,'1','','02'),('CF1437','PROCEDIMIENTOS TRIBUTARIOS',4,'1','','02'),('CF1438','DOCTRINA Y FILOSOFIA EN CONTABILIDAD',4,'1','','02'),('CF1439','GESTION PUBLICA Y DE LOS SISTEMAS ADMINISTRATIVOS',4,'1','','02'),('CF1440','FINANZAS PUBLICAS I',4,'1','','02'),('CF1441','FINANZAS PUBLICAS II',4,'1','','02'),('CF1442','CONTABILIDAD GUBERNAMENTAL I',4,'1','','02'),('CF1443','SEMINARIO DE INVESTIGACION I',4,'1','','02'),('CF1444','HERRAMIENTAS DE INFORMATICA APLICADA A LAS FINANZAS',4,'1','','02'),('CF1445','ANALISIS ECONOMICO DE LOS IMPUESTOS',4,'1','','02'),('CF1446','ÉTICA EN LOS NEGOCIOS',4,'1','','02'),('CF1601','EPISTEMOLOGIA Y METODOLOGIA DE LA INVESTIGACION',6,'1','','04'),('CF1602','TESIS I',6,'1','','04'),('CF2300','PLANEAMIENTO ESTRATEGICO Y TRIBUTARIO',3,'1','','02'),('CF2310','FINANZAS CORPORATIVAS',3,'1','','02'),('CF2311','AUDITORIA DE GESTION DE LA CALIDAD',3,'1','','02'),('CF2312','AUDITORIA DE GESTION AMBIENTAL',3,'1','','02'),('CF2315','MERCADOS E INSTRUMENTOS DE INNOVACION FINANCIERA',3,'1','','02'),('CF2316','AUDITORIA GUBERNAMENTAL',3,'1','','02'),('CF2317','AUDITORIA INTEGRAL',3,'1','','02'),('CF2318','EVALUACION DE PROYECTOS DE INVERSION PRIVADA',3,'1','','02'),('CF2319','ANALISIS ECONOMICO DE LOS IMPUESTOS',3,'1','','02'),('CF2320','TRIBUTACION INTERNACIONAL',3,'1','','02'),('CF2321','PLANEAMIENTO ESTRAT. TRIBUTARIO Y LEY GENERAL DE SOCIEDADES ',3,'1','','02'),('CF2322','SISTEMAS DE RESPONSABILIDAD DE LOS SERVIDORES PUBLICOS',3,'1','','02'),('CF2323','GERENCIA ESTRATEGICA DE COSTOS',3,'1','','02'),('CF2400','AUDITORIA INTEGRAL',4,'1','','02'),('CF2401','AUDITORIA FINANCIERA',4,'1','','02'),('CF2405','COSTOS Y CONTROL PRESUPUESTAL',4,'1','','02'),('CF2406','AUDITORIA DE CONTROL INTERNO',4,'1','','02'),('CF2407','AUDITORIA GUBERNAMENTAL',4,'1','','02'),('CF2410','INVESTIGACCION EN FINANZAS EMPRESARIALES',4,'1','','02'),('CF2411','FINANZAS INTERNACIONALES',4,'1','','02'),('CF2412','TRIBUTACION  MUNICIPAL Y ADUANERA',4,'1','','02'),('CF2415','EVALUACION DE PROYECTOS DE INVERSION PRIVADA',4,'1','','02'),('CF2420','GERENCIA ESTRATEGICA',4,'1','','02'),('CF2425','AUDITORIA TRIBUTARIA',4,'1','','02'),('CF2426','AUDITORIA DE GESTION DE LA CALIDAD',4,'1','','02'),('CF2427','METODOLOGIA DE LA INVESTIGACION APLICADA',4,'1','','02'),('CF2428','METODOLOGIA DE LA INVESTIGACION CIENTIFICA',4,'1','','02'),('CF2429','MERCADOS E INSTRUMENTOS DE INNOVACION FINANCIERA',4,'1','','02'),('CF2430','AUDITORIA DE SISTEMAS Y CONTROL',4,'1','','02'),('CF2431','METODOLOGIA DE LA INVESTIGACION APLICADA',4,'1','','02'),('CF2432','IMPUESTO AL CONSUMO',4,'1','','02'),('CF2433','IMPUESTO A LA RENTA',4,'1','','02'),('CF2434','FINANZAS CORPORATIVAS Y MICROFINANZAS',4,'1','','04'),('CF2435','DIRECCION ESTRATEGICA',4,'1','','04'),('CF2436','DESAFIO EN EL LIDERAZGO Y ESTRATEGIAS PARA VENTAJAS',4,'1','','04'),('CF2437','TEORIA DE COSTOS ESTRATEGICOS',4,'1','','04'),('CF2438','GESTION DE PROCESOS E INNOVACION',4,'1','','04'),('CF2439','TRIBUTACION MUNICIPAL Y REGIONAL',4,'1','','02'),('CF2440','INFRACCIONES SANCIONES Y DELITOS TRIBUTARIOS',4,'1','','02'),('CF2441','SEMINARIO DE TESIS I',4,'1','','02'),('CF2442','TRIBUTACION SECTORIAL Y PROMOCION DE INVERSIONES',4,'1','','02'),('CF2443','TRIBUTACION FINANCIERA',4,'1','','02'),('CF2444','SEMINARIO DE TESIS II',4,'1','','02'),('CF2445','CONTABILIDAD GUBERNAMENTAL II',4,'1','','02'),('CF2446','GESTION DEL ABASTECIMIENTO',4,'1','','02'),('CF2447','SEMINARIO DE INVESTIGACION II',4,'1','','02'),('CF2448','CONTROL INTERNO',4,'1','','02'),('CF2449','ELABORACION DE TESIS POSTGRADUAL',4,'1','','02'),('CF2450','USO DE LA INFORMACION Y SOFTWARE EN LA GESTION PUBLICA',4,'1','','02'),('CF2451','COMERCIO EXTERIOR Y TRIBUTACION ADUANERA',4,'1','','02'),('CF2601','TESIS II',6,'1','','04'),('CF2602','TESIS III',6,'1','','04'),('CF3001','SEMINARIO DE TESIS DOCTORAL',0,'1','','04'),('CF3301','MARKETING ESTRATIGICO INTERNACIONAL',3,'1','','04'),('CF3401','SEMINARIO DE ECONOMIA AMBIENTAL Y DESARROLLO SOSTENIBLE',4,'1','','04'),('CF3402','NORMAS Y POLITICAS DE NEGOCIACION INTERNACIONAL',4,'1','','04'),('CF3403','FINANZAS INTERNACIONALES',4,'1','','04'),('CF3404','TRIBUTACION INTERNACIONAL',4,'1','','02'),('CF3404','MARKETING ESTRATEGICO INTERNACIONAL',4,'1','','04'),('CF3405','MARKETING ESTRATÉGICO INTERNACIONAL',4,'1','','02'),('CF3601','TESIS IV',6,'1','','04'),('CF4401','AUDITORIA DE GESTION AMBIENTAL',4,'1','','02'),('CF4402','PLANEAMIENTO ESTRATEGICO TRIBUTARIO Y LEY GENERAL DE SOCIEDA',4,'1','','02'),('CM1346','GEOLOGIA MARINA',3,'1','','02'),('CM1347','OCEANOGRAFIA AVANZADA',3,'1','','02'),('CM1348','PLANCTONOLOGIA',3,'1','','02'),('CM1349','TESIS I',3,'1','','02'),('CM2346','BENTOS Y NECTON MARINO',3,'1','','02'),('CM2347','MICROBIOLOGIA MARINA',3,'1','','02'),('CM2348','METEOROLOGIA MARINA',3,'1','','02'),('CM2349','TESIS II',3,'1','','02'),('CM6300','SEMINARIO TESIS I',3,'1','','02'),('CM6310','BENTOS MARINO',3,'1','','02'),('CM6313','BIOESTADISTICA',3,'1','','02'),('CM6315','BIOGEOQUIMICA MARINA',3,'1','','02'),('CM6320','GEOLOGIA MARINA',3,'1','','02'),('CM6325','METEOROLOGIA MARINA',3,'1','','02'),('CM6330','MICROBIOLOGIA MARINA',3,'1','','02'),('CM6335','NECTON MARINO',3,'1','','02'),('CM6340','OCEANOGRAFIA AVANZADA',3,'1','','02'),('CM6345','PLANCTONOLOGIA',3,'1','','02'),('CM6350','POLITICA AMBIENTAL MARINA',3,'1','','02'),('CM7300','SEMINARIO TESIS II',3,'1','','02'),('CM7301','DINAMICA DE POBLACION',3,'1','','02'),('CM7305','TEORIA DE ECOSISTEMAS',3,'1','','02'),('CM7310','BIODIVERSIDAD MARINA',3,'1','','02'),('CM7315','ACUICULTURA MARINA',3,'1','','02'),('CM7320','SISTEMA DE INFORMACION GEOGRAFICA',3,'1','','02'),('CM7325','ECOTOXICOLOGIA MARINA',3,'1','','02'),('CM7330','EVALUACION DE IMPACTO AMBIENTAL',3,'1','','02'),('CM7335','ECONOMIA DE LOS RECURSOS MARINOS',3,'1','','02'),('CM7340','ORDENACION Y GESTION DEL LITORAL',3,'1','','02'),('CM7345','ADMINISTRACION DE LOS RECURSOS PESQUEROS',3,'1','','02'),('CO1301','CONTABILIDAD EMPRESARIAL',3,'1','','02'),('CO6200','CONTABILIDAD  RURAL',2,'1','','02'),('CO6500','CONTABILIDAD EMPRESARIAL',5,'1','','02'),('CS1399','FILOSOFIA DEL AMBIENTE Y EDUCACION AMBIENTAL',3,'1','','02'),('CS1403','ANTROPOLOGIA EDUCATIVA',4,'1','','02'),('DA1401','FILOSOFIA DE LA CIENCIA',4,'1','','04'),('DA1402','ESTADISTICA PARA LA INVESTIGACION',4,'1','','04'),('DA1403','MARKETING ESTRATEGICO',4,'1','','04'),('DA1404','POLITICAS  ECONOMICA',4,'1','','04'),('DA1405','GERENCIA ESTRATEGICA Y TOMA DE DECISIONES',4,'1','','04'),('DA1406','OPERACIONES Y ADMINISTRACION DE LA CADENA DE SUMINISTROS',4,'1','','04'),('DA1501','TESIS I : PROYECTO',5,'1','','04'),('DA1502','TESIS II: EJECUCION',5,'1','','04'),('DA2401','FACTOR HUMANO EN LAS ORGANIZACIONES',4,'1','','04'),('DA2402','SISTEMAS FINANCIEROS',4,'1','','04'),('DA2403','TENDENCIAS  MODERNAS DE GERENCIAS',4,'1','','04'),('DA2404','GESTION DE LA CALIDAD',4,'1','','04'),('DA2405','MERCADOS INTERNACIONALES',4,'1','','04'),('DA2406','INVESTIGACION DE LA BIBLIOGRAFIA',4,'1','','04'),('DA2501','TESIS III: EJECUCION',5,'1','','04'),('DA2502','TESIS IV: EJECUCION',5,'1','','04'),('DA3001','TESIS  VI: INFORME FINAL',11,'1','','04'),('DA3501','INVESTIGACION  DE CAMPO',5,'1','','04'),('DA3601','TESIS V: ANALISIS DE DATOS Y DISCUSION',6,'1','','04'),('DC1101','SEMINARIO EN AGROEXPORTACION',1,'1','','04'),('DC1102','SEMINARIO EN LEGISLACION PARA EXPORTAR',1,'1','','04'),('DC1103','INNOVACION Y CAMBIO AGRARIO',1,'1','','04'),('DC1201','SEMINARIO DE INVESTIGACION',2,'1','','04'),('DC1202','CONTAMINACION Y RESTAURACION AMBIENTAL DEL SUELO',2,'1','','04'),('DC1300','ANALISIS ECONOMICO DEL DERECHO',3,'1','','02'),('DC1305','SEMINARIO DE SOCIOLOGIA JURIDICA',3,'1','','02'),('DC1306','FILOSOFIA DE LA CIENCIA',3,'1','','04'),('DC1307','MATEMATICA COMPUTARIZADA - MATLAB',3,'1','','04'),('DC1308','ECOLOGIA AVANZADA Y BIODIVERSIDAD REGIONAL',3,'1','','04'),('DC1309','EVALUACION Y CONTROL GESTION DE RECURSOS NATURALES',3,'1','','04'),('DC1310','SEMINARIO DE ENSEÑANZA  SUPERIOR',3,'1','','04'),('DC1311','CIENCIA  TECNOLOGICA Y DESARROLLO REGIONAL',3,'1','','04'),('DC1312','PLANIFICACION DESARROLLO Y EVALUACION  DE IMPACTOS AMBIENTAL',3,'1','','04'),('DC1313','EVALUACION, CONTROL Y GESTION DE RECURSOS NATURALES',3,'1','','04'),('DC1314','TESIS I',3,'1','','04'),('DC1315','MANEJO DE RESOLUCIONES DE CONFLICTOS AMBIENTALES Y ARBITRAJE',3,'1','','04'),('DC1316','SISTEMAS DE GESTION AMBIENTAL INTEGRADA',3,'1','','04'),('DC1317','GESTION Y SOSTENIMIENTO DE LOS RECURSOS NATURALES',3,'1','','04'),('DC1318','AGROECOSISTEMAS DEL PERU',3,'1','','04'),('DC1319','DESARROLO ECONOMICO SOSTENIBLE',3,'1','','04'),('DC1320','COMPUESTOS BIOACTIVOS EN PLANTAS',3,'1','','04'),('DC1321','MANEJO ECOLOGICO DE PLAGAS',3,'1','','04'),('DC1322','SEMINARIO EN LEGISLACION, EMPAQUES Y EMBALAJES PARA AGROEXPO',3,'1','','04'),('DC1400','DERECHO CIVIL',4,'1','','02'),('DC1405','DERECHO CIVIL I : CONTRATOS',4,'1','','02'),('DC1410','DERECHO COMERCIAL I',4,'1','','02'),('DC1415','SEMINARIO DE PEDAGOGIA UNIVERSITARIA',4,'1','','02'),('DC1416','SEMINARIO DE SOCIOLOGIA JURIDICA',4,'1','','02'),('DC1417','TESIS I PROYECTO',4,'1','','04'),('DC1418','TESIS I -PROYECTO',4,'1','','04'),('DC1419','SEMINARIO DE SOCIOLOGIA  JURIDICA',4,'1','','02'),('DC1420','TECNICAS DE INVESTIGACION ECONOMICA Y FINANCIERA',4,'1','','04'),('DC1421','VISION  ACTUAL Y TENDENCIAS DE LA CIENCIA ECONOMICA',4,'1','','04'),('DC1422','VISION ACTUAL Y TENDENCIAS DE LAS FINANZAS',4,'1','','04'),('DC1423','CIENCIA Y PROBLEMAS DEL DESARROLLO NACIONAL',4,'1','','04'),('DC1424','EPISTEMOLOGIA DE LA CIENCIA Y LA TECNICA',4,'1','','04'),('DC1425','METODO AVANZADO DE INGENIERIA I',4,'1','','04'),('DC1426','ADMINISTRACION DE LA CADENA DE ABASTECIMIENTO',4,'1','','04'),('DC1427','E-SOCIEDAD: DE LA SOCIEDAD EN RED A LA SOCIEDAD DEL CONOCIMI',4,'1','','04'),('DC1428','INTERNET. INTRANET. EXTRANET. CENTROS PROVEEDORES DE INFORMA',4,'1','','04'),('DC1429','AGROECOLOGIA  AVANZADA',4,'1','','04'),('DC1430','DISEÑOS DE SISTEMAS AGROPECUARIOS SOSTENIBLES',4,'1','','04'),('DC1431','AGRODIVERSIDAD Y RECURSOS FITOGENETICOS',4,'1','','04'),('DC1432','MANEJO AGROECOLOGICO DE SUELOS Y CUENCAS',4,'1','','04'),('DC1500','TEORIA GENERAL DEL DERECHO CIVIL',5,'1','','02'),('DC1505','METODOLOGIA DE LA INVESTIGACION JURIDICO  SOCIAL',5,'1','','02'),('DC1510','SEMINARIO DE TESIS I : PROYECTO',5,'1','','02'),('DC1511','METODOS CUANTITATIVOS APLICADOS',5,'1','','04'),('DC1512','MICROECONOMIA AVANZADA',5,'1','','04'),('DC1513','MERCADO DE CAPITALES E INSTRUMENTOS',5,'1','','04'),('DC1601','TESIS  II EJECUCION',6,'1','','04'),('DC1602','TESIS I: PROYECTO DE INVESTIGACION',6,'1','','04'),('DC1603','TESIS II: EJECUCION',6,'1','','04'),('DC1604','TESIS II: EJECUCION Y DESARROLLO DEL PROYECTO DE INVESTIGACI',6,'1','','04'),('DC2101','SEMINARIO EN EMPAQUETES Y EMBALAJES PARA EXPORTACION',1,'1','','04'),('DC2201','ATENCION PRIMARIA AMBIENTAL',2,'1','','04'),('DC2202','METODOLOGIA DE LA INVESTIGACION',2,'1','','04'),('DC2203','MANEJO ECOLOGICO DE PLAGAS',2,'1','','04'),('DC2204','IMPACTO ECOLOGICO Y SOCIO ECONOMICO DEL MONOCLIMA',2,'1','','04'),('DC2205','MODELOS MATEMATICOS PARA SISTEMAS AGRARIOS',2,'1','','04'),('DC2301','INSTRUMENTACION INDUSTRIAL',3,'1','','04'),('DC2302','BIORREMEDIACION AMBIENTAL Y PROCESOS',3,'1','','04'),('DC2303','DISEÑO DE LA PLANTA PARA TRATAMIENTO DE AGUAS Y AGUAS RESIDU',3,'1','','04'),('DC2304','SIMULACION Y MODELACION AMBIENTAL',3,'1','','04'),('DC2305','NORMATIVIDAD AMBIENTAL Y PROCEDIEMIENTOS ADMINISTRATIVOS SOB',3,'1','','04'),('DC2306','TESIS II',3,'1','','04'),('DC2307','SEMINARIO DE ECONOMIA AMBIENTAL Y DESARROLLO SOSTENIBLE',3,'1','','04'),('DC2308','ORDENACION AMBIENTAL DEL TERRITORIO',3,'1','','04'),('DC2309','INSTRUMENTACION AGROPECUARIA',3,'1','','04'),('DC2310','DESARROLLO HUMENO Y AGROECOLOGICO',3,'1','','04'),('DC2311','ESTRATEGIAS ACTUALES EN LA PROTECCION DE CULTIVO',3,'1','','04'),('DC2400','DERECHO PROCESAL CIVIL',4,'1','','02'),('DC2405','DERECHO CIVIL  II : RESPONSABILIDAD  CIVIL',4,'1','','02'),('DC2410','DERECHO COMERCIAL II',4,'1','','02'),('DC2415','DERECHO DEL COMERCIO INTERNACIONAL',4,'1','','02'),('DC2420','MEDIOS ALTERNATIVOS DE SOLUCION DE CONFLICTOS',4,'1','','02'),('DC2423','TOPICOS AVANZADOS EN INGENIERIA INDUSTRIAL',4,'1','','04'),('DC2425','DERECHO COMPARADO',4,'1','','02'),('DC2426','ANALISIS Y DESARROLLO DE POLITICAS AMBIENTALES',4,'1','','04'),('DC2427','FINANZAS INTERNACIONALES',4,'1','','04'),('DC2428','SEMINARIO DE POLITICAS ECONOMICAS',4,'1','','04'),('DC2429','SEMINARIO DE EVOLUCION Y TENDENCIAS DEL CRECIMIENTO Y DESARR',4,'1','','04'),('DC2430','METODOS AVANZADOS EN INGENIERIA II',4,'1','','04'),('DC2431','DESARROLLO  SOSTENIBLE',4,'1','','04'),('DC2432','SISTEMAS INTEGRADOS DE MANUFACTURAS',4,'1','','04'),('DC2433','TOPICOS AVANZADOS DE INGENIERIA INDUSTRIAL',4,'1','','04'),('DC2434','REDES Y COMUNICACION DE DATOS.',4,'1','','04'),('DC2435','GESTION DEL CONOCIMIENTO EN LAS ORGANIZACIONES.',4,'1','','04'),('DC2436','E-BUSINESS',4,'1','','04'),('DC2437','NUEVOS ENFOQUES Y PARADIGMAS: TECNOLOGIAS DE LA INFORMACION ',4,'1','','04'),('DC2438','AGRONEGOCIOS Y EXPORTACION',4,'1','','04'),('DC2439','BIOTECNOLOGIA Y AGRICULTURA',4,'1','','04'),('DC2440','ELABORACION DE PROYECTOS AGROPECUARIOS',4,'1','','04'),('DC2441','MERCADOTECNIA Y AGROEXPORTACION',4,'1','','04'),('DC2442','AGROECOLOGIA AVANZADA',4,'1','','04'),('DC2443','METODOS AVANZADOS DE ANALISIS DE DATOS',4,'1','','04'),('DC2500','SEMINARIO DE TESIS II : EJECUCIÓN',5,'1','','02'),('DC2505','SEMINARIO DE TESIS  III : INFORME FINAL',5,'1','','02'),('DC2506','MACROECONOMIA AVANZADA',5,'1','','04'),('DC2507','OPCIONES Y FUTUROS FINANCIEROS',5,'1','','04'),('DC2508','TESIS III',5,'1','','04'),('DC2601','TESIS III: EJECUCION',6,'1','','04'),('DC2602','TESIS IV: EJECUCION',6,'1','','04'),('DC2631','TESIS III: EJECUCION',6,'1','','04'),('DC2632','TESIS III: EJECUCION: DESARROLLO DEL PROYECTO DE INVESTIGACI',6,'1','','04'),('DC2633','TESIS IV: EJECUCION: DESARROLLO DEL PROYECTO DE INVESTIGACIO',6,'1','','04'),('DC2701','TESIS  III- EJECUCION',7,'1','','04'),('DC2801','TESIS  IV   EJECUCION',8,'1','','04'),('DC3001','TESIS  IV',0,'1','','04'),('DC3002','SEMINARIO DE TESIS V',0,'1','','04'),('DC3003','TESIS V: ANALISIS Y DISCUSION',0,'1','','04'),('DC3004','TESIS VI : INFORME FINAL',12,'1','','04'),('DC3005','TESIS V ANALISIS Y DISCUSION',10,'1','','04'),('DC3006','TESIS VI  INFORME FINAL',12,'1','','04'),('DC3007','TESIS V: ANALISIS Y DISCUSION',0,'1','','04'),('DC3008','TESIS VI: INFORME FINAL',0,'1','','04'),('DC3009','TESIS V: ANALISIS Y DISCUSION.',10,'1','','04'),('DC3010','TESIS VI: ELABORACION DEL INFORME FINAL DEL TRABAJO DE INVES',12,'1','','04'),('DC3101','VALORACION DE RECURSOS NATURALES',1,'1','','04'),('DC3102','EMPLEO DE MARCADORES MOLECULARES',1,'1','','04'),('DC3201','DESARROLLO DE PRODUCTOS AGRONDUSTRIALES',2,'1','','04'),('DC3202','POLITICAS AGRARIAS Y DESARROLLO RURAL',2,'1','','04'),('DC3203','PLANIFICACION Y EVALUACION DE SISTEMAS SOSTENIBLES I',2,'1','','04'),('DC3301','TECNOLOGIAS Y MECANISMOS  DE DESARROLLO LIMPIOS',3,'1','','04'),('DC3302','EXPORTACIONES NO TRADICIONALES',3,'1','','04'),('DC3303','MODELOS MATEMATICOS PARA SISTEMAS AGRARIOS',3,'1','','04'),('DC3401','SEMINARIO DE INVESTIGACIONES ECONOMICAS Y FINANCIERAS',4,'1','','04'),('DC3402','ELABORACIÒN DE PROYECTOS AGROPECUARIO',4,'1','','04'),('DC3501','TESIS I',5,'1','','04'),('DC3502','TESIS II',5,'1','','04'),('DC4201','DESARROLLO DE PRODUCTOS AGROINDUSTRIALES',2,'1','','04'),('DC4301','MANEJO SUSTENTABLE DE SUELOS',3,'1','','04'),('DC4401','ESTRATEGIAS ACTUALES EN LA PROTECCION DE CULTIVOS',4,'1','','04'),('DC5301','MANEJO DE PLAGAS Y ENFERMEDADES',3,'1','','04'),('DC6301','EXPORTACIONES NO TRADICIONALES',3,'1','','04'),('DE1301','LEGISLACION Y POLITICA AMBIENTAL',3,'1','','02'),('DE1401','METODOLOGIA DE LA INVESTIGACION',4,'1','','02'),('DE1402','DERECHO PENAL I: TEORIA DEL DELITO',4,'1','','02'),('DE1403','DERECHO PROCESAL PENAL I : TEORIA DE PROCESAMIENTO INDUCTORI',4,'1','','02'),('DE1404','CRIMINOLOGIA',4,'1','','02'),('DE1405','TESIS  I',4,'1','','02'),('DE1406','MEDICINA LEGAL',4,'1','','02'),('DE1407','DERECHO  PENAL II: TEORIA DE LA PENA',4,'1','','02'),('DE1408','DERECHO PROCESAL PENAL II : TEORIA DE PRUEBA',4,'1','','02'),('DE1409','FILOSOFIA DE LAS CIENCIAS JURIDICAS',4,'1','','04'),('DE1410','SEMINARIO DE DERECHO CONSTITUCIONAL',4,'1','','04'),('DE1411','TEORIA DEL ESTADO',4,'1','','04'),('DE1412','TESIS  I : PROYECTOS',4,'1','','04'),('DE1413','SEMINARIO DE DERECHO PROCESAL CONSTITUCIONAL',4,'1','','04'),('DE1414','SEMINARIO DE DERECHO COMERCIAL',4,'1','','04'),('DE1415','PRESPECTIVAS  DE ACTUALIZACION DEL DERECHO PENAL',4,'1','','04'),('DE1416','TESIS II : EJECUCION',4,'1','','04'),('DE1417','LEGISLACION Y  POLITACA  AMBIENTAL',4,'1','','02'),('DE1418','TECNICAS DE IDENTIFICACION HUMANA',4,'1','','02'),('DE1419','ESCENAS DEL CRIMEN',4,'1','','02'),('DE1420','DOCUMENTOLOGIA',4,'1','','02'),('DE1421','DERECHO  TRIBUTARIO I',4,'1','','02'),('DE1422','DERECHO  CONSTITUCIONAL APLICADO AL SISTEMA TRIBUTARIO',4,'1','','02'),('DE1423','TEORIA GENERAL DEL DERECHO DEL TRABAJO',4,'1','','02'),('DE1425','DERECHO DEL TRABAJO COLECTIVO',4,'1','','02'),('DE1426','DERECHO  TRIBUTARIO II',4,'1','','02'),('DE1427','DERECHO DEL COMERCIO INTERNACIONAL',4,'1','','02'),('DE1428','DERECHO DEL TRABAJO INDIVIDUAL',4,'1','','02'),('DE1429','METODOLOGIA DE LA INVESTIGACION JURIDICA',4,'1','','02'),('DE1430','TEORIA DEL ESTADO Y DE LA CONSTITUCION',4,'1','','02'),('DE1431','TEORIA DE LOS DERECHOS FUNDAMENTALES I',4,'1','','02'),('DE1432','ARGUMENTACION JURIDICA CONSTITUCIONAL',4,'1','','02'),('DE1433','TEORIA DE LOS DERECHOS FUNDAMENTALES II',4,'1','','02'),('DE1434','DERECHO  CONSTITUCIONAL PERUANO',4,'1','','02'),('DE1435','DERECHO  PROCESAL CONSTITUCIONAL I',4,'1','','02'),('DE1436','TEORIA DE INTERPRETACION CONSTITUCIONAL',4,'1','','02'),('DE1437','RESPONSABILIDAD SOCIAL Y SOLUCION DE CONFLICTOS',4,'1','','02'),('DE1438','IDENTIFICACION DE PELIGROS Y EVALUACION DE RIESGOS',4,'1','','02'),('DE1439','LEGISL. AMBIENTAL Y SEG. INDUST. PARA EL DESARROLLO SOSTENIB',4,'1','','02'),('DE2401','TESIS  II',4,'1','','02'),('DE2402','DERECHOS HUMANOS',4,'1','','02'),('DE2403','DERECHO PENALA ESPECIAL',4,'1','','02'),('DE2404','CRIMINALISTICA',4,'1','','02'),('DE2405','TESIS  III',4,'1','','02'),('DE2406','DERECHO PENAL ECONOMICO',4,'1','','02'),('DE2407','SEMINARIO DE DELITOS CONTRA LA ADMINISTRACION PUBLICA',4,'1','','02'),('DE2408','DERECHO  PENAL PRIVATIVO',4,'1','','02'),('DE2409','SEMINARIO DE DERECHOS HUMANOS',4,'1','','04'),('DE2410','SEMINARIO  DE DERECHO PENAL ECONOMICO',4,'1','','04'),('DE2411','TESIS EJECUCION III',4,'1','','04'),('DE2412','FUNDAMENTOS  SOCIALES Y POLITICOS DEL DERECHO',4,'1','','04'),('DE2413','NUEVAS TENDENCIAS DEL DERECHO COMERCIAL INTERNACIONAL',4,'1','','04'),('DE2414','RESPONSABILIDAD SOCIAL Y MANEJO DE CONFLICTOS',4,'1','','02'),('DE2415','PSICOLOGIA CRIMINAL',4,'1','','02'),('DE2416','TECNICAS DEL INTEROGATORIO',4,'1','','02'),('DE2417','BALISTICA FORENCE',4,'1','','02'),('DE2418','DERECHO  HUMANOS',4,'1','','02'),('DE2419','INVESTIGACION CIENTIFICA',4,'1','','02'),('DE2420','MEDICINA LEGAL II',4,'1','','02'),('DE2421','PSIQUIATRIA FORENCE',4,'1','','02'),('DE2422','SEMINARIO DE TESIS',4,'1','','02'),('DE2423','TRIBUTACION ADUANERA INTERNACIONAL',4,'1','','02'),('DE2424','DERECHO SOCIETARIO',4,'1','','02'),('DE2425','DERECHO  PROCESAL LABORAL',4,'1','','02'),('DE2426','TUTORIA I',4,'1','','02'),('DE2427','IMPUESTOS DIRECTOS E INDIRECTOS',4,'1','','02'),('DE2428','DERECHO LABORAL Y TRIBUTARIO',4,'1','','02'),('DE2429','TUTORIA II',4,'1','','02'),('DE2430','DERECHO PENAL TRIBUTARIO',4,'1','','02'),('DE2431','TESIS III',4,'1','','04'),('DE2432','TESIS EJECUCION III',4,'1','','04'),('DE2433','DERECHO PROCESAL CONSTITUCIONAL II',4,'1','','02'),('DE2434','HISTORIA CONSTITUCIONAL DEL PERU',4,'1','','02'),('DE2435','TEORIA Y DOGMATICA DE LOS DERECHOS HUMANOS',4,'1','','02'),('DE2436','SEMINARIO DE TESIS I',4,'1','','02'),('DE2437','NUEVAS TENDENCIAS DEL DERECHO CONSTITUCIONAL',4,'1','','02'),('DE2438','PROTECCION INTERNACIONAL DE LOS DERECHOS HUMANOS',4,'1','','02'),('DE2439','TEORIA DE LOS PROCEDENTES CONSTITUCIONALES',4,'1','','02'),('DE2440','SEMINARIO DE TESIS II',4,'1','','02'),('DE2441','ORGANIZACION Y LEGISLACION LABORAL',4,'1','','02'),('DE2442','SOLUCION DE CONFLICTOS',4,'1','','02'),('DE2601','TESIS  III: EJECUCION',6,'1','','04'),('DE2631','TESIS III: EJECUCION',6,'1','','04'),('DE2801','TESIS IV: EJECUCION',8,'1','','04'),('DE2814','TESIS IV: EJECUCION',8,'1','','04'),('DE3001','TESIS V: ANALISI Y DISCUSION',10,'1','','04'),('DE3002','TESIS  VI : INFORME  FINAL',12,'1','','04'),('DE3401','SEMINARIO DE POLITICA Y NORMATIVIDAD AMBIENTAL',4,'1','','04'),('DE6300','LEGISLAC. Y POLITICA  AMBIENTAL',3,'1','','02'),('DG1301','ANTROPOLOGIA FILOSOFICA',3,'1','','02'),('DG1302','LA UNIVERSIDAD EN EL CONTEXTO SOCIECONOMICO Y PRODUCTIVO',3,'1','','02'),('DG1303','ANTROPOLOGIA FILOSOFICA',3,'1','','02'),('DG1304','LA UNIVERSIDAD EN EL CONTEXTO SOCIOECONOMICO Y PRODUCTIVO',3,'1','','02'),('DG1305','ANTROPOLOGIA FILOSOFICA',3,'1','','02'),('DG1306','NEUROPSICOLOGIA',3,'1','','02'),('DG1307','ANTROPOLOGIA FILOSOFICA',3,'1','','02'),('DG1308','DERECHO A LA INFORMACION',3,'1','','02'),('DG1309','FILOSOFIA DE LA EDUCACION Y ETICA PROFESIONAL',3,'1','','02'),('DG1310','HERRAMIENTAS TECNOLOGICAS',3,'1','','02'),('DG1311','REDACCION CIENTIFICA',3,'1','','02'),('DG1312','GESTION E EVALUACION DEL CURRICULO',3,'1','','02'),('DG1313','DIDACTICA EN EDUCACION SUPERIOR',3,'1','','02'),('DG1314','SEMINARIO DE EVALUACION DE LOS APRENDIZAJES',3,'1','','02'),('DG1315','GESTION DE RECURSOS HUMANOS Y LIDERAZGO',3,'1','','02'),('DG1316','GESTION Y PLANIFICACION EDUCATIVA',3,'1','','02'),('DG1317','GESTION DE LA CALIDAD EDUCATIVA',3,'1','','02'),('DG1318','FILOSOFIA DE LA DIVERSIDAD E INCLUSION',3,'1','','02'),('DG1319','PSICOPEDAGOGIA Y NEUROPSICOLOGIA',3,'1','','02'),('DG1320','PROBLEMAS DE APRENDIZAJE',3,'1','','02'),('DG1321','INTERVENCION PSICOPEDAGOGICA Y TERAPIA DE CONDUCTA',3,'1','','02'),('DG1322','ETICA PROFESIONAL',3,'1','','02'),('DG1323','SEMINARIO DE LA REALIDAD NACIONAL EN EL CONTEXTO DE LA GLOBA',3,'1','','02'),('DG1324','TEORIA DE LA COMUNICACION EN LA ERA DIGITAL',3,'1','','02'),('DG1325','GESTION DE LA COMUNICACION',3,'1','','02'),('DG1326','PLANES DE COMUNICACION Y TECNICAS PARTICIPATIVAS',3,'1','','02'),('DG1401','FILOSOFIA DE LA EDUCACION Y ETICA PROFESIONAL',4,'1','','02'),('DG1402','HERRAMIENTAS TECNOLOGICAS',4,'1','','02'),('DG1403','REDACCION CIENTIFICA',4,'1','','02'),('DG1404','INVESTIGACION CIENTIFICA',4,'1','','02'),('DG1405','FILOSOFIA DE LA EDUCACION Y ETICA PROFESIONAL',4,'1','','02'),('DG1406','HERRAMIENTAS TECNOLOGICAS',4,'1','','02'),('DG1407','REDACCION CIENTIFICA',4,'1','','02'),('DG1408','INVESTIGACION CIENTIFICA',4,'1','','02'),('DG1409','FILOSOFIA DE LA DIVERSIDAD E INCLUSION',4,'1','','02'),('DG1410','HERRAMIENTAS TECNOLOGICAS',4,'1','','02'),('DG1411','REDACCION CIENTIFICA',4,'1','','02'),('DG1412','INVESTIGACION CIENTIFICA',4,'1','','02'),('DG1413','ÈTICA PROFESIONAL',4,'1','','02'),('DG1414','SEMINARIO DE LA REALIDAD NACIONAL EN EL CONTEXTO DE LA GLOBA',4,'1','','02'),('DG1415','REDACCION CIENTIFICA',4,'1','','02'),('DG1416','INVESTIGACION CIENTIFICA',4,'1','','02'),('DG1417','TALLER DE TESIS I: ELABORACION DEL ANTEPROYECTO DE INVESTIGA',4,'1','','02'),('DG1601','GESTION ESTRATEGICA EDUCATIVA',6,'1','','02'),('DG1602','TICs APLICADA A LA EDUCACION',6,'1','','02'),('DG1603','SEMINARIO DE TESIS DE INVESTIGACIÒN I',6,'1','','02'),('DG1604','GESTION ESTRATEGICA EDUCATIVA',6,'1','','02'),('DG1605','TICs APLICADA A LA EDUCACIÒN',6,'1','','02'),('DG1606','SEMINARIO DE TESIS DE INVESTIGACION I',6,'1','','02'),('DG1607','PSICOLOGIA DEL APRENDIZAJE Y TEORIAS PEDAGOGICAS',6,'1','','02'),('DG1608','PROBLEMAS DE APRENDIZAJE',6,'1','','02'),('DG1609','SEMINARIO DE TESIS DE INVESTIGACIÒN I',6,'1','','02'),('DG1610','PROYECTOS DE COMUNICACION SOCIAL',6,'1','','02'),('DG1611','EMPRENDIMIENTO',6,'1','','02'),('DG1612','SEMINARIO DE TESIS DE INVESTIGACION I',6,'1','','02'),('DG2301','EVALUACION CURRICULAR Y DEL APRENDIZAJE',3,'1','','02'),('DG2302','ESTADISTICA',3,'1','','02'),('DG2303','SEMINARIOM DE DESARROLLO E INNOVACIÒN CURRICULAR',3,'1','','02'),('DG2304','ESTADISTICA',3,'1','','02'),('DG2305','EVALUACION PSICOPEDAGOGICA Y PSICOMETRIA',3,'1','','02'),('DG2306','ESTADISTICA',3,'1','','02'),('DG2307','TECNICAS DE PARTICIPACION SOCIAL',3,'1','','02'),('DG2308','ESTADISTICA',3,'1','','02'),('DG2309','GESTION DE LA CALIDAD EDUCATIVA',3,'1','','02'),('DG2310','ESTADISTICA APLICADA A LA INVESTIGACION EDUCATIVA',3,'1','','02'),('DG2311','INNOVACION Y MEJORA CONTINUA',3,'1','','02'),('DG2312','ESTADISTICA APLICADA A LA INVESTIGACION EDUCATIVA',3,'1','','02'),('DG2313','NECESIDADES EDUCATIVAS ESPECIALES E INTERVENCION',3,'1','','02'),('DG2314','ESTRATEGIAS Y TECNICAS DE TUTORIA Y CONVIVENCIA',3,'1','','02'),('DG2315','DISCURSOS Y AUDIENCIAS DE LOS MEDIOS',3,'1','','02'),('DG2316','ESTADISTICA APLICADA A LA INVESTIGACION EN COMUNICACION',3,'1','','02'),('DG2401','GESTION Y EVALUACION DE CURRICULO',4,'1','','02'),('DG2402','DIDACTICA EN EDUCACION SUPERIOR',4,'1','','02'),('DG2403','SEMINARIO DE EVALUACION DE LOS APRENDIZAJES',4,'1','','02'),('DG2404','TALLER DE TESIS I: ELABORACION DEL ANTEPROYECTO DE INVESTIGA',4,'1','','02'),('DG2405','GESTION DE RECURSOS HUMANOS Y LIDERAZGO',4,'1','','02'),('DG2406','GESTION Y PLANIFICACION EDUCATIVA',4,'1','','02'),('DG2407','GESTION DE LA CALIDAD EDUCATIVA',4,'1','','02'),('DG2408','TALLER DE TESIS I: ELABORACION DEL ANTEPROYECTO DE INVESTIGA',4,'1','','02'),('DG2409','PSICOPEDAGOGIA Y NEUROPSICOLOGIA',4,'1','','02'),('DG2410','PROBLEMAS DE APRENDIZAJE',4,'1','','02'),('DG2411','INTERVENCION PSICOPEDAGOGICA Y TERAPIA DE CONDUCTA',4,'1','','02'),('DG2412','TALLER DE TESIS I: ELABORACION DEL ANTEPROYECTO DE INVESTIGA',4,'1','','02'),('DG2413','TEORIAS DE LA COMUNICACION EN LA ERA DIGITAL',4,'1','','02'),('DG2414','GESTION DE LA COMUNICACION',4,'1','','02'),('DG2415','PLANES DE COMUNICACIÒN Y TECNICAS PARTICIPATIVAS',4,'1','','02'),('DG2416','TALLER DE TESIS I: ELABORACION DEL ANTEPROYECTO DE INVESTIGA',4,'1','','02'),('DG2601','SEMINARIO DE DESARROLLO E INNOVACION CURRICULAR',6,'1','','02'),('DG2602','DIDACTICA UNIVERSITARIA',6,'1','','02'),('DG2603','SEMINARIO DE INVESTIGACION II',6,'1','','02'),('DG2604','DIRECCIÒN EDUCACIONAL Y LIDERAZGO',6,'1','','02'),('DG2605','ACREDITACIÒN Y CALIDAD EDUCATIVA',6,'1','','02'),('DG2606','SEMINARIO DE TESIS DE INVESTIGACION II',6,'1','','02'),('DG2607','SEMINARIO DE DISEÑO CURRICULAR',6,'1','','02'),('DG2608','INTERVENCION PSICOPEDAGOGICA DE CONDUCTA',6,'1','','02'),('DG2609','SEMINARIO DE TESIS DE INVESTIGACIÒN II',6,'1','','02'),('DG2610','NEGOCIACION DE CONFLICTOS',6,'1','','02'),('DG2611','REDES SOCIALES Y PERIODISMO DIGITAL',6,'1','','02'),('DG2612','SEMINARIO DE TESIS DE INVESTIGACIÒN II',6,'1','','02'),('DG2613','TALLER DE CULMINACIÒN DE LA TESIS UNIVERSITARIA POSGRADUAL',6,'1','','02'),('DG2614','TALLER DE TESIS II: ELABORACION Y VALIDAC. DE INSTRUMENT.DE ',6,'1','','02'),('DG2615','TESIS III: ANALISIS DE DATOS',6,'1','','02'),('DG2616','TESIS IV:ELABORACION DE INFORME FINAL, SUSTENTACION Y PUBLIC',6,'1','','02'),('DG3301','FORMACION  BASICA DEL DIRECTIVO EDUCACIONAL',3,'1','','02'),('DG3302','SEMINARIO DE INVESTIGACION  II',3,'1','','02'),('DG3401','MERCADO TECNIA  EDUCACIONAL',4,'1','','02'),('DG3402','GESTION DE LA CALIDAD EDUCATIVA',4,'1','','02'),('DG3403','ESTADISTICA APLICADA A LA INVESTIGACION EDUCATIVA',4,'1','','02'),('DG3404','INNOVACION Y MEJORA CONTINUA',4,'1','','02'),('DG3405','ESTADISTICA APLICADA A LA INVESTIGACION EDUCATIVA',4,'1','','02'),('DG3406','NECESIDADES EDUCATIVAS ESPECIALES E INTERVENCION',6,'1','','02'),('DG3407','ESTRATEGIAS Y TECNICAS DE TUTORIA Y CONVIVENCIA',6,'1','','02'),('DG3408','DISCURSOS Y AUDIENCIAS DE LOS MEDIOS',4,'1','','02'),('DG3409','ESTADISTICA APLICADA A LA INVESTIGACION',4,'1','','02'),('DG3501','DIRECCION  CIENTIFICA EDUCACIONAL',5,'1','','02'),('DG3601','TESIS II: ELABORACION Y VALIDACION DE INSTRUMENTOS DE RECOLE',6,'1','','02'),('DG3602','TESIS II: ELABORACION Y VALIDACION DE INSTRUMENTOS DE RECOLE',6,'1','','02'),('DG3603','TESIS II: ELABORACION Y VALIDACION DE INSTRUMENTOS DE RECOLE',6,'1','','02'),('DG3604','TESIS II: ELABORACION Y VALIDACION DE INSTRUMENTOS DE RECOLE',6,'1','','02'),('DG4501','DIRECCION  EDUCACIONAL',5,'1','','02'),('DG4503','SEMINARIO DE INVESTIGACION III',5,'1','','02'),('DG4504','EVALUACION, GESTION Y CALIDAD EDUCACIONAL',5,'1','','02'),('DG4601','TESIS III: ANALISIS DE DATOS',6,'1','','02'),('DG4602','TESIS IV: ELABORACION DE INFORME FINAL, SUSTENTACION Y PUBLI',6,'1','','02'),('DG4603','TESIS III: ANALISIS DE DATOS',6,'1','','02'),('DG4604','TESIS IV: ELABORACION DE INFORME FINAL, SUSTENTACION Y PUBLI',6,'1','','02'),('DG4605','TESIS III: ANALISIS DE DATOS',6,'1','','02'),('DG4606','TESIS IV: ELABORACION DE INFORME FINAL, SUSTENTACION Y PUBLI',6,'1','','02'),('DG4607','TESIS III: ANALISIS DE DATOS',6,'1','','02'),('DG4608','TESIS IV: ELABORACION DE INFORME FINAL, SUSTENTACION Y PUBLI',6,'1','','02'),('DM1401','EPISTEMOLOGIA DE LA CIENCIA',4,'1','','04'),('DM1402','ECUACIONES DIFERENCIALES PARCIALES APLICADAS 1',4,'1','','04'),('DM1403','PROGRAMACION LINEAL Y NO LINEAL',4,'1','','04'),('DM1404','CIENCIA Y PROBLEMAS DEL DESARROLLO NACIONAL',4,'1','','04'),('DM1405','ECUACIONES DIFERENCIALES PARCIALES APLICADAS 2',4,'1','','04'),('DM1406','PROGRAMACION ENTERA',4,'1','','04'),('DM2001','TESIS I',10,'1','','04'),('DM2401','INTELIGENCIA ARTIFICIAL',4,'1','','04'),('DM2402','LOGICA DIFUSA Y REDES NEURONALES',4,'1','','04'),('DM2403','METAHEURISTICAS',4,'1','','04'),('DM2404','TOPICOS DE OPTIMIZACION AVANZADA',4,'1','','04'),('DM2405','TOPICOS DE GEOMETRIA (ELECTIVO I)',4,'1','','04'),('DM2406','TOPICOS DE ALGEBRA (ELECTIVO I)',4,'1','','04'),('DM3001','TESIS II',14,'1','','04'),('DM3002','TESIS III',18,'1','','04'),('DM3401','TOPICOS DE SISTEMAS DINAMICOS (ELECTIVO 2)',4,'1','','04'),('DM3402','TOPICOS ESPECIALES (ELECTIVO 2)',4,'1','','04'),('DN3301','CONCEPTOS Y HABILIDADES DEL EXPERIMENTO DOCENTE',3,'1','','02'),('DN3302','DIDACTICA DE LA ACTIVIDAD EXPERIMENTAL',3,'1','','02'),('DN3303','SEMINARIO DE INVESTIGACION II',3,'1','','02'),('DN3401','LA CLASE DE CIENCIAS NATURALES I',4,'1','','02'),('DN4401','LA CLASE  DE CIENCIAS NATURALES II',4,'1','','02'),('DN4501','SEMINARIO DE APRENDIZAJE  III',5,'1','','02'),('DN4601','ENSEÑANZA APRENDIZAJE EN  CIENCIAS NATURALES',6,'1','','02'),('DP1415','METODOLOGIA DE LA INVESTIGACION CIENTIFICA',4,'1','','02'),('DP1416','TESIS I',4,'1','','02'),('DR1301','SEMINARIO DE CONSOLIDACION DEL PROYECTO DE INVESTIGACION',3,'1','','04'),('DR1401','ESTADISTICA  INFERENCIAL',4,'1','','04'),('DR1402','FILOSOFIA DE LA EDUCACION',4,'1','','04'),('DR1403','CIENCIAS Y PROBLEMAS DEL DESARROLLO NACIONAL',4,'1','','04'),('DR1404','EPISTEMOLOGIA DEL DESARROLLO NACIONAL',4,'1','','04'),('DR1405','TEORIA Y DINAMICA DE SISTEMA',4,'1','','04'),('DR1406','ARQUITECTURA DE SISTEMAS EMPRESARIALES',4,'1','','04'),('DR1407','EPISTEMOLOGIA DE LA CIENCIA Y LA TECNICA',4,'1','','04'),('DR1408','SEMINARIO DE PROBLEMATICA EDUCATIVA NACIONAL E INTERNACIONAL',4,'1','','04'),('DR1409','REDACCION CIENTIFICA',4,'1','','04'),('DR1410','GESTION EDUCATIVA ESTRATEGICA',4,'1','','04'),('DR1411','GESTION Y EVALUACION DEL CURRICULO',4,'1','','04'),('DR1412','GESTION DEL APRENDIZAJE',4,'1','','04'),('DR1502','SEMINARIO DE PROBLEMAT. EDUCATIVA NACIONAL  E INTERNAC.',5,'1','','04'),('DR1503','FILOSOFIA DE LA EDUCACION',5,'1','','04'),('DR1504','GESTION EDUCATIVA ESTRATEGICA',5,'1','','04'),('DR1505','INVESTIGACION EDUCATIVA: PARADIGMAS Y METODOLOGIA, PROBLEMAS',5,'1','','04'),('DR1506','COMPETENCIAS PROFESIONALES Y LABORALES: CERTIFICACION',5,'1','','04'),('DR1507','GESTION Y EVALUACION DEL CURRICULO',5,'1','','04'),('DR1508','GESTION DEL APRENDIZAJE',5,'1','','04'),('DR1509','REDACCION CIENTIFICA',5,'1','','04'),('DR1601','TESIS I : ELABORACION DEL PROYECTO DE INVESTIGACION I',6,'1','','04'),('DR1801','TESIS I: ANTEPROYECTO DE TESIS',8,'1','','04'),('DR1802','MODELIZACION Y SIMULACION DE SISTEMAS',8,'1','','04'),('DR1803','PROYECTOS DE INGENIERIA DE SISTEMAS',8,'1','','04'),('DR2001','TESIS II: EJECUCION: DESARROLLO DEL PROYECTO DE INVESTIGACIO',10,'1','','04'),('DR2002','TESIS III: EJECUCION: DESARROLLO DEL PROYECTO DE INVESTIGACI',10,'1','','04'),('DR2301','ELABORACION DE INSTRUMENTOS DE ACOPIO DE DATOS',3,'1','','04'),('DR2302','SEMINARIO DE GESTION INSTITUCIONAL',3,'1','','04'),('DR2303','TECNOLOGIA EDUCATIVA COMPUTARIZADA PARA LA ENSEÑANZA Y EL AP',3,'1','','04'),('DR2304','SEMINARIO DE SUPERVICION Y AUDITORIA EDUCATIVA',3,'1','','04'),('DR2401','DESARROLLO DEL PROYECTO DE INVESTIGACION I',4,'1','','04'),('DR2402','FORMULACION Y EVALUACION  DE PROYECTOS EDUCATIVOS',4,'1','','04'),('DR2403','DESARROLLO DE PROYECTO DE INVESTIGACION II',4,'1','','04'),('DR2404','SISTEMAS DE INFORMACION DISTRIBUIDOS',4,'1','','04'),('DR2405','SISTEMA DE TIEMPO REAL',4,'1','','04'),('DR2406','ENTORNOS VIRTUALES:HERRAMIENTAS PARA LA ENSEÑANZA Y EL APREN',4,'1','','04'),('DR2407','SEMINARIO DE EVALUACION DE LOS APRENDIZAJES',4,'1','','04'),('DR2408','GESTION DE LA CALIDAD EN EDUCACION AUTOEVALUACION Y ACREDITA',4,'1','','04'),('DR2409','ESTADISTICA APLICADA A LA INVESTIGACION EDUCATIVA',4,'1','','04'),('DR2501','DISEÑO DEL CURRICULO',5,'1','','04'),('DR2502','TECNOLOGIA EDUCATIVA COMPUTARIZAD PARA LA ENSEÑANZA Y EL APR',5,'1','','04'),('DR2503','SEMINARIO DE EVALUACION DEL CURRICULO',5,'1','','04'),('DR2504','SEMINARIO DE PROBLEMATICA DE LA EVALUACION EN EDUCACION',5,'1','','04'),('DR2505','DESARROLLO DEL PROYECTO DE INVESTIGACION III',5,'1','','04'),('DR2506','ENTORNOS VIRTUALES: HERRAMIENTAS PARA LA ENSEÑANZA Y EL APRE',5,'1','','04'),('DR2507','GESTION DE LA CALIDAD EN EDUCACION: AUTOEVALUACION Y ACREDIT',5,'1','','04'),('DR2508','ESTADISTICA APLICADA A LA INVESTIGACION EDUCATIVA',5,'1','','04'),('DR2601','SEMINARIO DE EVALUACION DE LOS APRENDIZAJES',6,'1','','04'),('DR2602','TESIS II: ELABORACION DEL PROYECTO DE INVERSION II',6,'1','','04'),('DR2603','TESIS III: ELABORACION Y VALIDACION DE INSTRUMENTOS DE RECOL',6,'1','','04'),('DR2604','METODOS Y PROCESOS DE SOFTWARE',6,'1','','04'),('DR2605','NUEVOS ENFOQUES Y PARADIGMAS EN INGENIERIA DE SISTEMAS',6,'1','','04'),('DR3001','REDACCION DE TESIS- SUSTENTACION',12,'1','','04'),('DR3002','TESIS V:ELABORACON DEL INFORME FINAL DEL TRABAJO DE INVESTIG',20,'1','','04'),('DR3101','TESIS IV: ANALISIS Y DISCUSION',12,'1','','04'),('DR3201','TEORIA  Y DINAMICA DE SISTEMA',2,'1','','04'),('DR3401','GESTION DE PROYECTOS DE MEJORA DE LA CALIDAD EDUCATIVA',4,'1','','04'),('DR3501','TECNOL.EDUCATIVA COMPUT. PARA LA ENSEÑANZA Y EL APREND. II',5,'1','','04'),('DR3502','INVESTIGACION DE CAMPO',5,'1','','04'),('DR3503','GESTION DE PROYECTOS DE MEJORA DE LA CALIDAD EDUCATIVA',5,'1','','04'),('DR3601','ANALISIS DE DATOS',6,'1','','04'),('DR3602','TESIS IV: INVESTIGACION DE CAMPO I',6,'1','','04'),('DR3603','TESIS V: INVESTIGACION DE CAMPO I',6,'1','','04'),('DR3604','TESIS VI: REDACCION DE INFORME FINAL I.',6,'1','','04'),('DR3605','TESIS VII: REDACCION DE INFORME FINAL II.',6,'1','','04'),('DR3801','TESIS IV: INVESTIGACION DE CAMPO I',8,'1','','04'),('DR3802','TESIS V: INVESTIGACION DEL CAMPO II',8,'1','','04'),('DR3803','TESIS V: REDACCION DEL INFORME FINAL',8,'1','','04'),('DR3804','TESIS VI: REDACCION DEL INFORME FINAL II',8,'1','','04'),('DR3805','PUBLICACION Y REDACCION CIENTIFICA',8,'1','','04'),('DR4301','TECNOLOG. EDUC. COMPUTARIZ. PARA LA ENSEÑANZA Y EL APREND.',3,'1','','04'),('DR4302','SEMINARIO DE SUPERVISION Y AUDITORIA EDUCATIVA',3,'1','','04'),('DS1101','HISTORIA DE LA SALUD PUBLICA',1,'1','','04'),('DS1201','METODOLOGIA DE INVESTIGACION CIENTIFICA',2,'1','','04'),('DS1202','GESTION DE LA INFORMACION Y EL CONOCIMIENTO CIENTIFICO CON L',2,'1','','04'),('DS1203','BIOETICA, ETICA Y SALUD PUBLICA',2,'1','','04'),('DS1301','DISEÑO DE INVESTIGACION EN SALUD I',3,'1','','04'),('DS1302','DISEÑO DE INVESTIGACION EN SALUD II',3,'1','','04'),('DS1303','CIENCIA Y TECNOLOGIA EN LAS CIENCIAS SOCIALES Y LA SALUD PUB',3,'1','','04'),('DS1501','TALLER DE TESIS  I PRESENTACION PERFIL DE TESIS',5,'1','','04'),('DS1502','METODOLOGIA DE LA INVESTIGACIÒN CIENTIFICA',5,'1','','04'),('DS1801','TALLER DE TESIS II PRESENTACION DEL PROYECTO DE TESIS',8,'1','','04'),('DS2201','TALLER DE TESIS IV PRESENTACION DEL DESARROLLO DE LA TESIS D',2,'1','','04'),('DS2202','HISTORIA DE LA SALUD PUBLICA',2,'1','','04'),('DS2301','SOCIEDAD Y SALUD',3,'1','','04'),('DS2302','AMBIENTE Y SALUD',3,'1','','04'),('DS2303','POBLACION Y SALUD',3,'1','','04'),('DS2501','TALLER DE TESIS III PRESENTACION DE INFORME PARCIAL DEL DESA',5,'1','','04'),('DS2601','SALUD Y SALUD PUBLICA. POLITICAS SANITARIAS LA APS Y EL HOSP',6,'1','','04'),('DS2602','SISTEMA Y SERVICIO DE SALUD PLANES Y PROGRAMAS DE SALUD',6,'1','','04'),('DS3201','TALLER TESIS V PRESENTACION DEL DESARROLLO DE LA TESIS DOCTO',2,'1','','04'),('DS3301','SITUACION DE SALUD I',3,'1','','04'),('DS3302','SITUACION DE SALAUD II',3,'1','','04'),('DS3303','FORMACION DE RECURSOS HUMANOS EN SALUD I',3,'1','','04'),('DS3304','FROMACION DE RECURSOS HUMANOS  II',3,'1','','04'),('DS3305','GERENCIA EN SALUD I . TECNOLOGIAS GERENCIALAES Y MODERNAS',3,'1','','04'),('DS3306','GERENCIA EN SALUD II . TECNOLOGIAS  GERENCIALES MODERNAS',3,'1','','04'),('DS3801','TALLER TESIS VI  PRE- DEFENSA  DE TESIS DOCTORAL',8,'1','','04'),('EA1301','ECONOMIA AMBIENTAL',3,'1','','02'),('EA1302','ECONOMETRIA EMPRESARIAL',3,'1','','02'),('EA1401','ECONOMIA DEL PETROLEO Y GAS NATURAL',4,'1','','02'),('EA2401','ECONOMIA AMBIENTAL',4,'1','','02'),('EA6300','ECONOMIA Y MEDIO AMBIENTE ',3,'1','','02'),('EC1301','METODOS CUANTITATIVOS',3,'1','','02'),('EC6400','MÉTODOS CUANTITATIVOS',4,'1','','02'),('ED1420','PEDAGOGIA EDUCATIVA AMBIENTAL',4,'1','','02'),('ED1424','GESTION ESTRATEGICA DE RELACIONES COMUNITARIAS',4,'1','','02'),('ED2357','TESIS',3,'1','','02'),('ED2451','SEMINARIO DE TESIS I',4,'1','','02'),('ED2452','DIDACTICA DE LA EDUCACION AMBIENTAL',4,'1','','02'),('ED2453','DESARROLLO LOCAL Y EDUCACION AMBIENTAL',4,'1','','02'),('ED2456','TALLER DE TESIS',4,'1','','02'),('EF3301','DESARROLLO DE LAS CAPACIDADES FISICAS',3,'1','','02'),('EF3302','SEMINARIO DE INVESTIGACION II',3,'1','','02'),('EF3401','DIDACTICA DE LA EDUCACION  FISICA',4,'1','','02'),('EF3501','PEDAGOGIA DEL ENTRENAMIENTO DEPORTIVO I',5,'1','','02'),('EF4503','SEMINARIO DE INVESTIGACION III',5,'1','','02'),('EF4504','DESARROLLO  DE LAS HABILIDADES MOTRICES',5,'1','','02'),('EF4505','PEDAGOGIA DEL ENTRENAMIENTO  DEPORTIVO II',5,'1','','02'),('EM6400','ECONOMETRIA PARA EMPRESAS',4,'1','','02'),('ES2331','ESTADISTICA MABIENTAL',3,'1','','02'),('ES6400','METODOS ESTADISTICOS',4,'1','','02'),('GE1408','GESTION DEL RIESGO DESASTRES',4,'1','','02'),('GE1501','MANEJJO DE CUENCAS Y ORDENAMIENTO TERRITORIAL',5,'1','','02'),('GE2401','MODELACION Y MANEJO DE CUENCAS',4,'1','','02'),('GE2402','ORDENAMIENTO TERRITORIAL Y MANEJO DE CUENCAS',4,'1','','02'),('GG1301','METODOS DE INVESTIGACION',3,'1','','02'),('GG1302','DERECHO ADMINISTRATIVO Y CONSTITUCIONAL',3,'1','','02'),('GG1303','GERENCIA DE OPERACIONES DE SERVICIOS PUBLICOS',3,'1','','02'),('GG1401','ECONOMIA Y POLITICA ECONOMICA',4,'1','','02'),('GG1402','GERENCIA PUBLICA',4,'1','','02'),('GG1403','GERENCIA DE RECURSOS HUMANOS',4,'1','','02'),('GG1404','GERENCIA FINANCIERA  Y PRESUPUESTARIA',4,'1','','02'),('GG1405','GERENCIA DE MARKETING DE SERVICIOS PUBLICOS',4,'1','','02'),('GG2301','SEMINARIO DE INVESTIGACION I',3,'1','','02'),('GG2401','POLITICAS PUBLICAS',4,'1','','02'),('GG2402','SISTEMA DE INFORMACION  GERENCIAL PARA LA GERENCIA  PUBLICA',4,'1','','02'),('GG2403','GERENCIA DE LOGISTICA PUBLICA',4,'1','','02'),('GG2404','SEMINARIO DE INVESTIGACION II',4,'1','','02'),('GG2405','ELABORACION, EVALUACION Y GERENCIA DE PROYECTOS',4,'1','','02'),('GG2406','DESCENTRALIZACION Y RELACIONES GUBERNAMENTALES',4,'1','','02'),('GG2407','AUDITORIA GUBERNAMENTAL',4,'1','','02'),('GS1401','PROBLEMAS SOCIALES COMTEMPORANEOS',4,'1','','02'),('GS1402','SOCIOLOGIA APLICADA A LA REALIDAD PERUANA Y LATINOAMERICANA',4,'1','','02'),('GS1403','POLITICAS SOCIALES Y DESARROLLO',4,'1','','02'),('GS1404','METODOLOGIA DE INVESTIGACION SOCIAL: PARADIGMAS',4,'1','','02'),('GS2401','FUNDAMENTOS DE LA GERENCIA SOCIAL',4,'1','','02'),('IC1300','MODELACION Y SIMULACION EN SIG',3,'1','','02'),('IC1305','DESARROLLO SOSTENIBLE Y GESTION DEL RIESGO',3,'1','','02'),('IC1400','TEORIA DE PLANIFICACION REGIONAL',4,'1','','02'),('IC1405','TEORIA DE LA ORGANIZACIÓN',4,'1','','02'),('IC1410','TEORIA DE LA GESTION DEL RIESGO',4,'1','','02'),('IC1412','METODOLOGIA PARA LA PLANIFICACION REGIONAL',4,'1','','02'),('IC1414','DISEÑO Y PRIORIZACION DE PROYECTOS',4,'1','','02'),('IC1416','DESARROLLO REGIONAL -URBANO Y RURAL',4,'1','','02'),('IC1417','MECANICA DE SUELOS AVANZADA',4,'1','','02'),('IC1418','GESTION FINANCIERA DE PROYECTOS',4,'1','','02'),('IC1419','HIDROLOGIA AVANZADA',4,'1','','02'),('IC1420','DISEÑO ESTRUCTURAL AVANZADO',4,'1','','02'),('IC1421','GEOTECNIA AVANZADA',4,'1','','02'),('IC1422','PROYECTO DE INVERSION PUBLICA',4,'1','','02'),('IC1423','HIDRAULICA AVANZADA',4,'1','','02'),('IC1424','EVALUACION DE IMPACTOS AMBIENTALES EN OBRAS CIVILES',4,'1','','02'),('IC1427','TEORIA DE DESARROLLO SOSTENIBLE',4,'1','','02'),('IC1428','TEORIA DE LA GESTION INTEGRAL DEL TERRITORIO',4,'1','','02'),('IC1429','TEORIA DE LA GESTION DEL RIESGO Y CAMBIO CLIMATICO',4,'1','','02'),('IC1430','FORMULACION DE PROYECTOS DE INVERSION PUBLICA I',4,'1','','02'),('IC1431','METODOLOGIAS Y HERRAMIENTAS DE PLANIFICACION DEL DESARROLLO',4,'1','','02'),('IC1432','ZONIFICACION ECONOMICA Y ECOLOGICA Y ORDENAMIENTO TERRITORIA',4,'1','','02'),('IC1433','ANALISIS DEL RIESGO EN PROCESOS DE DESARROLLO',4,'1','','02'),('IC1434','FORMULACION DE PROYECTOS DE INVERSION PUBLICA II',4,'1','','02'),('IC1435','SISTEMAS DE INFORMACION GEOGRAFICA',4,'1','','02'),('IC1436','ANALISIS DE GESTION DE RIESGO EN OBRAS CIVILES',4,'1','','02'),('IC2300','SEMINARIO DE INVESTIGACION I',3,'1','','02'),('IC2305','SEMINARIO DE INVESTIGACION II',3,'1','','02'),('IC2306','SEMINARIO DE INVESTIGACION  II',3,'1','','02'),('IC2307','SEMINARIO DE TESIS I',3,'1','','02'),('IC2308','SEMINARIO DE INVESTIGACION I',3,'1','','02'),('IC2309','SEMINARIO DE INVESTIGACION II',3,'1','','02'),('IC2400','MONITOREO Y EVALUACION DE PROYECTOS',4,'1','','02'),('IC2405','POLITICA REGIONAL Y DESCENTRALIZADA',4,'1','','02'),('IC2410','GESTION DE CONFLICTOS',4,'1','','02'),('IC2411','PROCESOS SOCIALES Y TERRITORIO',4,'1','','02'),('IC2413','INVERS. PUBLICA Y PRIORIZACION DE PROYECTOS',4,'1','','02'),('IC2416','PLANIFICACION ESTRATEGICA',4,'1','','02'),('IC2417','DISEÑO DE CAMINOS',4,'1','','02'),('IC2418','ANALISIS DE GESTION DE RIESGOS EN OBRAS CIVILES',4,'1','','02'),('IC2419','INGENIERIA SISMICA AVANZADA',4,'1','','02'),('IC2420','SEMINARIO DE INVESTIGACION I',4,'1','','02'),('IC2421','PAVIMENTOS  AVANZADOS',4,'1','','02'),('IC2422','GERENCIA DE PROYECTOS',4,'1','','02'),('IC2423','DISEÑO Y CONSTRUCCION DE PUENTES',4,'1','','02'),('IC2424','SEGUIMIENTO Y MONITOREO POR RESULTADOS',4,'1','','02'),('IC2425','APLICACION DE SIG EN PROCESOS DE PLANIFICACION EN DESARROLLO',4,'1','','02'),('IC2426','GESTION DE CONFLICTOS EN PROCESOS DE DESAROLLO',4,'1','','02'),('IC2427','POLITICA REGIONAL Y DESCENTRALIZACION',4,'1','','02'),('IC2428','NORMATIVIDAD EN LOS PROCESOS DE ORDENAMIENTO TERRITORIAL',4,'1','','02'),('IC2429','PLANIFICACION ESTRATEGICA PARA GOBIERNOS REGIONALES Y LOCALE',4,'1','','02'),('IC2430','INGENIERIA DE VIAS AVANZADA',4,'1','','02'),('IC2431','EVALUACION DE IMPACTOS AMBIENTALES EN OBRAS CIVILES',4,'1','','02'),('IC2432','INGENIERIA DE PAVIMENTOS AVANZADOS',4,'1','','02'),('IC2433','INGENIERIA DE PUENTES',4,'1','','02'),('IC2434','EVALUACION ECONOMICA Y FINANCIERA DE PROYECTOS',4,'1','','02'),('II1301','ORGANIZACION EMPRESARIAL',3,'1','','02'),('II1302','MODELOS DE OPTIMIZACIÓN',3,'1','','02'),('II1303','ESTADÍSTICA EXPERIMENTAL PARA LA TOMA DE DECISIONES',3,'1','','02'),('II1304','FINANZAS',3,'1','','02'),('II1305','SISTEMAS DE PRODUCCION',3,'1','','02'),('II1306','SISTEMAS DE GESTION AMBIENTAL, SEGURIDAD Y SALUD EN EL TRABA',3,'1','','02'),('II1307','GESTION DEL MANTENIMIENTO',3,'1','','02'),('II1308','METODOLOGÍA DE LA INVESTIGACIÓN',3,'1','','02'),('II1420','SEGURIDAD INDUSTRIAL  . CONTROL DE PERDIDAS',4,'1','','02'),('II1454','INGENIERIA DE PRODUCCION APLICADA',4,'1','','02'),('II1455','PLANEAMIENTO ESTRATEGICO DE TI',4,'1','','02'),('II1456','METODOS CUANTITATIVOS PARA LA TOMA DE DECISIONES.',4,'1','','02'),('II1457','COMPORTAMIENTO ORGANIZACIONAL',4,'1','','02'),('II1458','SISTEMAS DE INFORMACION PARA LA GESTION',4,'1','','02'),('II1459','DESARROLLO DE RECURSOS HUMANOS',4,'1','','02'),('II1460','INGENIERIA DE PRODUCCION',4,'1','','02'),('II1461','FINANZAS',4,'1','','02'),('II1462','RIESGOS DEL TRABAJO',4,'1','','02'),('II1463','ANALISIS DE INVESTIGACION DE ACCIDENTES',4,'1','','02'),('II1464','SEGURIDAD E HIGIENE EN EL TRABAJO',4,'1','','02'),('II1481','METODOLOGIA DE LA INVESTIGACION DE ACCIDENTES DE TRABAJO',4,'1','','02'),('II2301','GESTIÓN DE CALIDAD',3,'1','','02'),('II2302','GESTION DE OPERACIONES DE EMPRESAS DE SERVICIOS',3,'1','','02'),('II2303','LOGISTICA INTEGRAL',3,'1','','02'),('II2304','TESIS I',3,'1','','02'),('II2305','GESTION DE INNOVACION TECNOLOGICA',3,'1','','02'),('II2306','SISTEMAS INTEGRADOS DE MANUFACTURA',3,'1','','02'),('II2307','GESTION DE PROYECTOS',3,'1','','02'),('II2308','TESIS II',3,'1','','02'),('II2403','GESTION DE CALIDAD',4,'1','','02'),('II2404','SISTEMA DE GESTION AMBIENTAL',4,'1','','02'),('II2405','INGENIERIA DE SERVICIOS',4,'1','','02'),('II2406','GESTION DE INNOVACION TECNOLOGICA',4,'1','','02'),('II2407','SISTEMAS INTEGRADOS DE MANUFACTURA',4,'1','','02'),('II2408','GESTION DE PROYECTOS',4,'1','','02'),('II2409','TESIS II',4,'1','','02'),('II2410','TESIS I',4,'1','','02'),('II2411','GESTION INTEGRAL DE PROCESOS',4,'1','','02'),('II2412','LOGISTICA INTEGRADA',4,'1','','02'),('II2413','GESTION DEL MANTENIMIENTO',4,'1','','02'),('IN3301','REDES INFORMATICAS',3,'1','','02'),('IN3302','SEMINARIO DE INVESTIGACION  II',3,'1','','02'),('IN3401','INFORMATICA EN EL PROCESO EDUCATIVO',4,'1','','02'),('IN3501','MULTIMEDIA I',5,'1','','02'),('IN4401','LOS SOFTWARE O SISTEMAS DE APLICACIÓN',4,'1','','02'),('IN4501','SEMINARIO DE INVESTIGACION III',5,'1','','02'),('IN4601','MULTIMEDIA II',6,'1','','02'),('IP1401','PETROLEO Y MEDIO AMBIENTE',4,'1','','02'),('LE1301','MICROECONOMIA APLICADA',3,'1','','02'),('LE1302','POLITICA MACROECONOMICA',3,'1','','02'),('LE1303','METODOS CUANTITATIVOS',3,'1','','02'),('LE1304','ECONOMIA AMBIENTAL Y DESARROLLO SOSTENIBLE',3,'1','','02'),('LE1305','FORMULACION Y EVALUACION DE PROYECTOS DE INVERSION',3,'1','','02'),('LE1306','FORMULACION Y EVALUACION DE PROYECTOS PUBLICOS',3,'1','','02'),('LE1307','PRESUPUESTO Y FINANZAS PUBLICAS',3,'1','','02'),('LE1308','ECONOMETRIA GENERAL',3,'1','','02'),('LE2301','PLANIFICACION ESTRATEGICA',3,'1','','02'),('LE2302','SEMINARIO DE POLITICA ECONOMICA',3,'1','','02'),('LE2303','PROYECTOS DE DESARROLLO REGIONAL Y LOCAL',3,'1','','02'),('LE2304','SEMINARIO DE TESIS I',3,'1','','02'),('LE2305','PLANIFICACION URBANA Y DESARROLLO TERRITORIAL',3,'1','','02'),('LE2306','SEMINARIO DE FORMULACION Y ELABORACION DE PLANES DE NEGOCIOS',3,'1','','02'),('LE2307','ADMINISTRACION Y EVALUACION EX POST DE PROYECTOS',3,'1','','02'),('LE2308','SEMINARIO DE TESIS II',3,'1','','02'),('LM1301','PLANEAMIENTO EDUCACIONAL Y ANALISIS DEL SISTEMA EDUCATIVO',3,'1','','02'),('LM1302','METODOLOGIA DE LA INVESTIGACION',3,'1','','02'),('LM1401','BASES Y FUNDAMENTOS CURRICULARES',4,'1','','02'),('LM1501','PROCESO DOCENTE EDUCATIVO Y SU DIDACTICA',5,'1','','02'),('LM2301','DOCENTE Y COMUNIDAD',3,'1','','02'),('LM2401','ENSEÑANZA Y APRENDIZAJE',4,'1','','02'),('LM2501','SEMINARIO DE INVESTIGACION  I',5,'1','','02'),('LM3302','SEMINARIO DE INVESTIGACION II',3,'1','','02'),('LM3303','DIDACTICA:LENGUA MATERNA Y LITERATURA I',3,'1','','02'),('LM3401','SITUACION SEMANTICA',4,'1','','02'),('LM3501','ANALISIS DE TEXTOS',5,'1','','02'),('LM4601','DIDACTICA : LENGUA MATERNA Y LITERATURA II',6,'1','','02'),('MA1415','LENGUAJE DE PROGRAMACION C++',4,'1','','02'),('MA1416','SOFTWARE CIENTIFICO',4,'1','','02'),('MA1417','FUNDAMENTOS DE INTELIGENCIA ARTIFICIAL',4,'1','','02'),('MA1418','METODOS NUMERICOS AVANZADOS',4,'1','','02'),('MA1419','INTELIGENCIA ARTIFICIAL',4,'1','','02'),('MA1420','DISEÑO GEOMETRICO ASISTIDO POR COMPUTADOR',4,'1','','02'),('MA1421','SISTEMAS DINAMICOS',4,'1','','02'),('MA1422','TEMAS AVANZADOS DE MATEMATICA APLICADA I',4,'1','','02'),('MA1423','DIDACTICA DE LA ARITMETICA',4,'1','','02'),('MA1424','DIDACTICA DE LA GEOMETRIA Y TRIGONOMETRIA',4,'1','','02'),('MA1425','TEORIAS DE ENSEÑANZA DE LAS MATEMATICAS',4,'1','','02'),('MA1426','SOFTWARE PARA LA ENSEÑANZA DE LA MATEMATICAS',4,'1','','02'),('MA1427','DIDACTICA DEL CALCULO DIFERENCIAL',4,'1','','02'),('MA1428','TEORIA DEL APRENDIZAJE DE LAS MATEMATICAS',4,'1','','02'),('MA1429','RECURSOS TECNOLOGICOS EN PLANIFICACION CURRICULAR',4,'1','','02'),('MA1430','HERRAMIENTAS DE PLANIFICACION CURRICULAR',4,'1','','02'),('MA2415','TEMAS AVANZADOS DE MATEMATICA APLICADA II',4,'1','','02'),('MA2416','DIDACTICA DE LA ESTADISTICA',4,'1','','02'),('MA2432','SIMULACION MATEMATICA DE RESERVORIOS',4,'1','','02'),('MA2433','SIMULACION MATEMATICA DE LOS PROCESOS APLICADA A HIDROCARBUR',4,'1','','02'),('MA2525','TESIS I',5,'1','','02'),('MA2526','TESIS II',5,'1','','02'),('MA2527','TESIS III',5,'1','','02'),('MA6300','METODOLOGIA DE LA INVESTIGACION CIENTIFICA',3,'1','','02'),('MA6305','PROGRAMACION VISUAL',3,'1','','02'),('MA6400','PROGRAMACION EN LENGUAJE C++',4,'1','','02'),('MA6405','MODELOS ESTADISTICOS',4,'1','','02'),('MA6410','SOFTWARE CIENTIFICO',4,'1','','02'),('MA6420','METODOS NUMERICOS',4,'1','','02'),('MA6425','SISTEMAS DE CONTROL',4,'1','','02'),('MA6430','ESTADISTICA MULTIVARIANTE',4,'1','','02'),('MA7300','SEMINARIO DE TESIS I',3,'1','','02'),('MA7305','SEMINARIO DE TESIS II',3,'1','','02'),('MA7400','DISEÑO GEOMETRICO ASISTIDO X COMPUTADOR(CAGD)',4,'1','','02'),('MA7405','INTRODUCCION A  LOS SISTEMAS DINAMICOS Y OBJETOS FRACTALES',4,'1','','02'),('MA7410','PROCESAMIENTO DIGITAL DE SEÑALES',4,'1','','02'),('MA7415','INTRODUCCION A LA INTELIGENCIA ARTIFICIAL',4,'1','','02'),('MA7420','DISEÑO ASISTIDO POR COMPUTADOR AUTOCAD',4,'1','','02'),('MA7425','METODOS DEL ELEMENTO FINITO Y APLICACIONES',4,'1','','02'),('ME1200','HISTORIA DE LA MEDICINA',2,'1','','02'),('ME1205','INFORMACION CIENTIFICA EN SALUD',2,'1','','02'),('ME1206','TOPICOS SELECTOS TECNICAS DE LABORATORIO',2,'1','','02'),('ME1207','ESTADISTICA  Y DEMOGRAFIA',2,'1','','02'),('ME1300','TECNOLOGIA DE LA ENSEÑANZA',3,'1','','02'),('ME1302','REALIDAD PERUANA Y REGIONAL EN SALUD',3,'1','','02'),('ME1306','INFORMATICA APLICADA',3,'1','','02'),('ME1307','METODOS ESTADISTICOS EN LA INVESTIGACION MEDICA',3,'1','','02'),('ME1308','ADMINISTRACION EN SALUD',3,'1','','02'),('ME1310','APLICACION DE INNOVACION PEDAGOGICA I',3,'1','','02'),('ME1311','APLICACION DE INNOVACION PEDAGOGICA II',3,'1','','02'),('ME1312','SALUD MATERNO INFANTIL',3,'1','','02'),('ME1320','DISEÑO DE INVESTIGACION APLICADA I',3,'1','','02'),('ME1321','DISEÑO DE LA INVESTIGACION APLICADA II',3,'1','','02'),('ME1322','ANATOMIA APLICADA A LA FISIOLOGIA',3,'1','','02'),('ME1323','TOPICOS SELECTOS DE BIOLOGIA I',3,'1','','02'),('ME1324','TOPICOS SELECTOS FISIO-FARMACOLOGIA I',3,'1','','02'),('ME1325','TOPICOS SELECTOS DE PROGRAMACION',3,'1','','02'),('ME1326','TOPICOS SELECTOS DE BIOLOGIA II',3,'1','','02'),('ME1327','TOPICOS SELECTOS  FISIO - FARMACOLOGIA II',3,'1','','02'),('ME1328','EPIDEMIOLOGIA',3,'1','','02'),('ME1329','ENTREVISTA Y DIAGNOSTICO CLINICO',3,'1','','02'),('ME1330','PRACTICA CLINICA FAMILIAR (TALLER VIVENCIAL)',3,'1','','02'),('ME1339','BIOESTADISTICA Y DEMOGRAFIA EN SALUD',3,'1','','02'),('ME1405','METODOLOGIA DE LA INVETIGACION EN CIENCIAS DE LA SALUD',4,'1','','02'),('ME1406','METODOLOGIA DE LA INVESTIGACION I',4,'1','','02'),('ME1407','ESTADISTICA Y DEMOGRAFIA',4,'1','','02'),('ME1408','SEMINARIO DE TESIS I INVESTIGACION EN SALUD',4,'1','','02'),('ME1409','ATENCION PRIMARIA DE SALUD Y MEDICINA FAMILIAR',4,'1','','02'),('ME1410','COMUNIDAD Y FAMILIA',4,'1','','02'),('ME1411','FISIOLOGIA HUMANA AVANZADA I',4,'1','','02'),('ME1412','FISIOLOGIA  HUMANA AVANZADA  II',4,'1','','02'),('ME1413','INVESTIGACION EN FISIOLOGIA RESPIRATORIA I',4,'1','','02'),('ME1414','GESTION DE SEGURIDAD . PREVENCION DE RIESGO Y SALUD OCUPACIO',4,'1','','02'),('ME1415','HIGIENE Y SALUD AMBIENTAL',4,'1','','02'),('ME1416','ANTROPOLOGIA FILOSOFICA',4,'1','','02'),('ME1417','SEMINARIO TALLER DE INVESTIGACION I',4,'1','','02'),('ME1418','SEMINARIO TALLER DE INVESTIGACION II',4,'1','','02'),('ME1419','DIDACTICA DE LA ESCUELA MODERNISTA',4,'1','','02'),('ME1420','DIDACTICA DEL MOVIMIENTO VARGUARDISTA',4,'1','','02'),('ME1421','DIDACTICA DE LA EXPERIENCIA INDIGENISTA',4,'1','','02'),('ME1422','SEMINARIO: TALLER Y PRACTICA DEL PROCESO LECTOR',4,'1','','02'),('ME1423','DIDACTICA DE LA NARRATIVA URBANA',4,'1','','02'),('ME1424','DIDACTICA DE LA NARRATIVA FANTASTICA',4,'1','','02'),('ME1425','DIDACTICA DE LA LITERATURA PIURANA I (ANTES DE 1960)',4,'1','','02'),('ME1426','SEMINARIO: ESTRATEGIAS DIDACTICAS PARA LA LECTURA',4,'1','','02'),('ME1427','TEORIA DEL DESARROLLO HUMANO',4,'1','','02'),('ME1428','PLANIFICACION DEL DESARROLLO',4,'1','','02'),('ME1429','METODOLOGIA DE LA INVESTIGACION',4,'1','','02'),('ME1430','EMPRENDIMIENTO',4,'1','','02'),('ME1431','PROYECTOS DE COMUNICACION',4,'1','','02'),('ME1432','TECNICAS PARTICIPATIVAS',4,'1','','02'),('ME1433','PROYECTOS DE DESARROLLO LOCAL',4,'1','','02'),('ME1434','INVESTIGACION SOCIAL',4,'1','','02'),('ME1435','ERGONOMIA Y FISIOLOGIA DEL TRABAJO',4,'1','','02'),('ME1436','EVOLUCION DE LA FAMILIA',4,'1','','02'),('ME1437','ENFOQUES DE MODELOS DE INTERVENCION EN CRISIS',4,'1','','02'),('ME1438','BASES TEORICAS DE LA TERAPIA FAMILIA',4,'1','','02'),('ME1439','SEMINARIO DE INVESTIGACION DE TESIS I',4,'1','','02'),('ME1440','AVANCES Y PERSPECTIVAS DE LA TERAPIA FAMILIAR',4,'1','','02'),('ME1441','MODELOS DE TERAPIA FAMILIAR I',4,'1','','02'),('ME1454','LA PREVENCION DE RIESGOS EN EL AMBIENTE LABORAL',4,'1','','02'),('ME1455','SEGURIDAD E HIGIENE INDUSTRIAL',4,'1','','02'),('ME1456','TESIS I',4,'1','','02'),('ME1457','ERGONOMIA Y FISIOLOGIA DEL TRABAJO',4,'1','','02'),('ME1458','SISTEMAS TERAPEUTICOS CONTEMPORANEOS I',4,'1','','02'),('ME1459','BASES NEUROANATOMICAS DEL COMPORTAMIENTO HUMANO',4,'1','','02'),('ME1460','INSTRODUCCION A LA NEUROPSICOLOGIA I',4,'1','','02'),('ME1500','LAS CIENCIAS EXPERIMENTALES Y SU FUND. TEO-PRAC',5,'1','','02'),('ME1501','LAS CIENCIAS EXPERIMENTALES Y SU FUND. TEO-PRAC',5,'1','','02'),('ME1505','TECNICAS DE MULTIMEDIAY TECNOLOGIA EDUCATIVA',5,'1','','02'),('ME1510','EL APRENDIZAJE ATRAVES  DEL CUERPO',5,'1','','02'),('ME1515','PSICOLOGIA EN LA EDAD PRIMARIA',5,'1','','02'),('ME1520','DIDACTICA DE LA MATEMAT. EN LA EDUC. PRIMARIA',5,'1','','02'),('ME1525','DIDACTICA DEL LENGUAJE Y SU FUNDAMENTO TEORICO PRACTICO',5,'1','','02'),('ME1535','DISEÑO DE INVESTIGACION EN EL MARCO DE S',5,'1','','02'),('ME1540','METODOLOGIA DEL APRENDIZAJE MODELOS Y SISTEMAS',5,'1','','02'),('ME1545','LA INVESTIGACION EDUCATIVA APLICADA A LA ACCION DOCENTE.',5,'1','','02'),('ME1550','DIDACTICA DE LA EXPRESION VISUAL Y PLASTICA',5,'1','','02'),('ME1551','PSICOLOGIA EN LA EDAD INFANTIL',5,'1','','02'),('ME1552','EL PENSAMIENTO MATEMATICO Y SU FUNCION TEORICA PRECTICA',5,'1','','02'),('ME1553','DIDACTICA DE LA MATEMAT.EN LA EDU',5,'1','','02'),('ME1555','METODOLOGIA DE LA INVESTIGACION',5,'1','','02'),('ME1556','DISEÑO DE LA INVESTIGACION',5,'1','','02'),('ME1557','PSICOPEDAGOGIA DE APRENDIZAJE Y TEORIAS PEDAGOGICAS',5,'1','','02'),('ME1558','EDUCACION INCLUSIVA',5,'1','','02'),('ME1559','PROBLEMAS DE APRENDIZAJE I',5,'1','','02'),('ME1560','INTERVENCION TEMPRANA',5,'1','','02'),('ME1561','EVALUACION PSICOPEDAGOGICA Y PSICOMETRIA',5,'1','','02'),('ME1562','PSICOLOGIA DE APRENDIZAJE Y TEORIAS PEDAGOGICAS',5,'1','','02'),('ME1566','SALUD LABORAL',5,'1','','02'),('ME1567','PSICOLOGIA CLINICA I TRANSTORNOS DE ANSIEDAD',5,'1','','02'),('ME1568','SALUD PUBLICA',5,'1','','02'),('ME1603','EPIDEMIOLOGIA',6,'1','','02'),('ME1801','SALUD  PUBLICA',8,'1','','02'),('ME1802','TALLER DE TESIS I  EN INVESTIGACION  EN SALUD',8,'1','','02'),('ME2000','SEMINARIO DE TESIS I',10,'1','','02'),('ME2001','ATENCION INTEGRAL A LA SALUD FAMILIAR Y COMUNITARIA',0,'1','','02'),('ME2002','INVESTIGACION EN FISIOLOGIA RESPIRATORIA III',0,'1','','02'),('ME2005','SEMINARIO DE INVESTIGACION DIVULGACION Y TESIS III',10,'1','','02'),('ME2006','MODELO DE TERAPIA FAMILIAR III PRACTICA CLINICA FAMILIAR',10,'1','','02'),('ME2008','CONVAL. DE ESTUD. DE ESPECIAL. POR LA MODAL. ESCOLARIZ ADA',10,'1','','02'),('ME2201','BIOETICA',2,'1','','02'),('ME2202','BIOESTADISTICA',2,'1','','02'),('ME2203','MATEMATICA APLICADA',2,'1','','02'),('ME2204','BIOFISICA',2,'1','','02'),('ME2205','PRACTICAS DE LABORATORIO',2,'1','','02'),('ME2206','ELECTRONICA PARA CIENTIFICOS',2,'1','','02'),('ME2207','ECONOMIA Y FINANCIAMIENTO',2,'1','','02'),('ME2301','APS Y MEDICINA  FAMILIAR',3,'1','','02'),('ME2302','FORMULACION BASICA DEL DIRECTIVO EDUCACIONAL',3,'1','','02'),('ME2303','SEMINARIO DE INVESTIGACION II',3,'1','','02'),('ME2304','FAMILIA Y COMUNIDAD',3,'1','','02'),('ME2305','MEDICION EN EPIDEMIOLOGIA',3,'1','','02'),('ME2306','SISTEMA DE GESTION DE LA SALUD Y LA SEGURIDAD EN EL TRABAJO ',3,'1','','02'),('ME2307','TECNICAS DE INVESTIGACION EN CRISIS DE PAREJA',3,'1','','02'),('ME2308','DISEÑO DE INVESTIGACION APLICADA III',3,'1','','02'),('ME2310','APLICACION DE INMNOVACION PEDAGOGICA III',3,'1','','02'),('ME2311','APLICACION DE INNOVACION PEDAGOGICA IV',3,'1','','02'),('ME2313','APLICACION DE INNOVACION PEDAGOGICA III',3,'1','','02'),('ME2315','EPIDEMIOLOGIA OCUPACIONAL Y AMBIENTE',3,'1','','02'),('ME2316','SEMINARIO DE ELABORACION DE PLANES DE NEGOCIOS',3,'1','','02'),('ME2320','DISEÑO DE INVESTIGACION APLICADA III',3,'1','','02'),('ME2321','DISEÑO DE LA INVESTIGACION APLICADA IV',3,'1','','02'),('ME2400','EPIDEMIOLOGIA CLINICA',4,'1','','02'),('ME2401','GESTION Y ELABORACION DE PROYECTOS DE INVERSION',4,'1','','02'),('ME2405','PLANIFICACION ESTRATEGICA',4,'1','','02'),('ME2406','CALIDAD Y DESEMPEÑO  EN SERVICIOS DE SALUD FAMILIAR Y COMUNI',4,'1','','02'),('ME2407','MERCADOTECNIA EDUCACIONAL',4,'1','','02'),('ME2408','PROMOCION Y PREVENCION EN SALUD',4,'1','','02'),('ME2409','ATENCION MEDICA INTEGRAL',4,'1','','02'),('ME2410','CALIDAD Y DESEMPEÑO',4,'1','','02'),('ME2411','VIGILANCIA EN SALUD Y CONTROL DE EPIDEMIAS',4,'1','','02'),('ME2412','INVESTIGACION EPIDEMIOLOGICA',4,'1','','02'),('ME2413','SEMINARIO TALLER DE INVESTIGACION III',4,'1','','02'),('ME2414','DISEÑO DE INVESTIGACION LITERARIA',4,'1','','02'),('ME2415','DIDACTICA DE LA NUEVA NARRATIVA HISPANOAMERICANA',4,'1','','02'),('ME2416','DIDACTICA DE LA LITERATURA PIURANA II (DESPUES DE 1960)',4,'1','','02'),('ME2417','SEMINARIO: PROCESO DE CULTURA PIURANA',4,'1','','02'),('ME2418','TALLER DE INVESTIGACION LITERARIA',4,'1','','02'),('ME2419','DIDACTICA DE LA GRAN FICCION BORGESIANA',4,'1','','02'),('ME2420','DIDACTICA DE LA LITERATURA HISPANOAMERICANA FINISECULAR (SIG',4,'1','','02'),('ME2421','TECNOLOGIA DE LA INFORMACION Y LA COMUNICACION EN LA DIDACTI',4,'1','','02'),('ME2422','SEMINARIO DE TESIS I',4,'1','','02'),('ME2423','DERECHO DE LA INFORMACION',4,'1','','02'),('ME2424','TALENTO HUMANO',4,'1','','02'),('ME2425','ESTADISTICA',4,'1','','02'),('ME2426','PERIODISMO DIGITAL',4,'1','','02'),('ME2427','NEGOCIACION DE CONFLICTOS',4,'1','','02'),('ME2428','REDES SOCIALES',4,'1','','02'),('ME2429','SEMINARIO DE TESIS II',4,'1','','02'),('ME2430','MEDICINA DEL TRABAJO',4,'1','','02'),('ME2431','FISIOLOGIA Y EPIDEMIOLOGIA DEL TRABAJO',4,'1','','02'),('ME2432','SEMINARIO DE INVESTIGACION DE TESIS II',4,'1','','02'),('ME2433','MODELOS DE TERAPIA FAMILIAR II',4,'1','','02'),('ME2434','PRACTICAS CLINICAS Y FAMILIAR II',4,'1','','02'),('ME2448','HIGIENE OCUPACIONAL',4,'1','','02'),('ME2449','PLAN DE RESPUESTA A EMERGENCIAS',4,'1','','02'),('ME2450','TOXICOLOGIA OCUPACIONAL',4,'1','','02'),('ME2451','PSICOSOCIOLOGIA LABORAL',4,'1','','02'),('ME2452','TESIS II',4,'1','','02'),('ME2453','SISTEMAS TERAPEUTICOS CONTEMPORANEOS II',4,'1','','02'),('ME2454','METODOLOGIA DE LA INVESTIGACION Y TESIS I',4,'1','','02'),('ME2455','DIAGNOSTICO NEUROPSICOLOGICO',4,'1','','02'),('ME2500','EL APRENDIZAJE ATRAVEZ DEL CUERPO',5,'1','','02'),('ME2505','LAS CIENC. EXP. Y SU FUND. TEOR- PRAC.',5,'1','','02'),('ME2508','LA INV. EDUCATIVA APLIC. A LA ACCION DOCENTE',5,'1','','02'),('ME2510','TECN. DE MULT. Y TECN. EDUCATIVA',5,'1','','02'),('ME2513','EL PENSAMIENTO MAT.Y SU FUND. TEOR. PRAC. EN LA ED. INF.',5,'1','','02'),('ME2515','DIDACTICA DE LA EDUCACION MUSICAL',5,'1','','02'),('ME2516','UNIVERSO EN SERVICIO DE SALUD',5,'1','','02'),('ME2517','UNIVERSO HOSPITALARIO',5,'1','','02'),('ME2518','DIDACTICA DE LA MAT. EN LA EDUCACION PRIMARIA',5,'1','','02'),('ME2519','TALLER DE TESIS II',5,'1','','02'),('ME2520','TALLER DE TESIS',5,'1','','02'),('ME2521','GEERNCIA EN SALUD',5,'1','','02'),('ME2522','TALLER DE TESIS III',5,'1','','02'),('ME2523','PSICOLOGIA EN LA EDAD INFANTIL',5,'1','','02'),('ME2524','ATENCION INTEGRAL AL NIÑO Y A LA MUJER',5,'1','','02'),('ME2525','DIRECCION CIENTIFICA EDUCACIONAL',5,'1','','02'),('ME2526','DIRECCION EDUCACIONAL',5,'1','','02'),('ME2527','EVALUACION, GESTION Y CALIDAD EDUCACIONAL',5,'1','','02'),('ME2528','PSICOLOGIA EN LA EDAD PRIMARIA',5,'1','','02'),('ME2529','SISTEMAS POLITICAS PLANES Y PROGRAMAS DE SALUD',5,'1','','02'),('ME2530','METODOLOGIA  DEL  APRENDIZAJE MODELOS Y SISTEMAS',5,'1','','02'),('ME2531','SALUD SEXUAL Y REPRODUCTIVA',5,'1','','02'),('ME2532','CALIDAD Y DESEMPEÑO EN SALUD PUBLICA',5,'1','','02'),('ME2533','APS Y MEDICINA FAMILIAR',5,'1','','02'),('ME2534','TALLER DE INVESTIGACION II',5,'1','','02'),('ME2535','GERENCIA DE SERVICIOS DE ATENCION MEDICA INTEGRAL',5,'1','','02'),('ME2536','TALLER DE INVESTIGACION III',5,'1','','02'),('ME2537','ANALISIS DE LA SITUACION DE SALUD (ASIS)',5,'1','','02'),('ME2538','EPTD HOSPITALARIA',5,'1','','02'),('ME2539','PROBLEMAS DE APRENDIZAJE II',5,'1','','02'),('ME2540','NEUROPSICOLOGIA',5,'1','','02'),('ME2541','INTERVENCION PSICOPEDAGOGICA Y TERAPIA DE CONDUCTA I',5,'1','','02'),('ME2542','TUTORIA Y ORIENTACION ESCOLAR',5,'1','','02'),('ME2543','INTERVENCION PSICOPEDAGOGICA Y TERAPIA DE CONDUCTA II',5,'1','','02'),('ME2544','SEMINARIO DE DISEÑO CURRICULAR',5,'1','','02'),('ME2545','SEMINARIO TALLER DE INVESTIGACION IV',5,'1','','02'),('ME2547','SEMINARIO DE INVESTIGACION III',5,'1','','02'),('ME2548','MEDICINA DEL TRABAJO',5,'1','','02'),('ME2549','PSICOLOGIA CLINICA II TRANSTORNOS PSICOFISIOLOGICOS',5,'1','','02'),('ME2550','METODOLOGIA DE LA INVESTIGACION',5,'1','','02'),('ME2551','DISEÑO DE LA INVESTIGACION EN SALUD',5,'1','','02'),('ME2601','SEMINARIO DE TESIS II : ELABORACION Y SUSTENTACION',6,'1','','02'),('ME2604','TALLER DE INVESTIGACION EN SALUD I',6,'1','','02'),('ME2801','PROMOCION Y PREVENCION EN SALUD',8,'1','','02'),('ME2802','GERENCIA EN SERVICIOS DE SALUD FAMILIAR Y COMUNITARIA',8,'1','','02'),('ME2803','INVESTIGACION EN FISIOLOGIA RESPIRATORIA  II',8,'1','','02'),('ME3401','GERENCIA EN SALUD OCUPACIONAL Y AMBIENTAL',4,'1','','02'),('ME3402','EVALUACION Y DIAGNOSTICO EN PSICOLOGIA DE LA SALUD',4,'1','','02'),('ME3403','SINDROMES NEUROPSICOLOGICOS',4,'1','','02'),('ME3404','INTRODUCCION A LA NEUROPSICOLOGIA II',4,'1','','02'),('ME3405','RELACION DE PAREJA: SALUD SEXUAL',4,'1','','02'),('ME3406','ANALISIS DE LA SITUACION DE SALUD',4,'1','','02'),('ME3415','BASES CONCEPTUALES DE LA GERENCIA MODERNA',4,'1','','02'),('ME3416','GESTION DEL TALENTO HUMANO',4,'1','','02'),('ME3417','GESTION DE RECURSOS Y HABILIDADES GERENCIALES',4,'1','','02'),('ME3418','BASES TEORICAS DE LA SEXUALIDAD. TEORIAS DE GENERO',4,'1','','02'),('ME3419','RELACION DE PAREJA: SALUD SEXUAL',4,'1','','02'),('ME3420','LA INVESTIGACION DE EPIDEMIAS',4,'1','','02'),('ME3421','FAMILIA Y COMUNIDAD',4,'1','','02'),('ME3422','PROMOCION Y PREVENCION EN SALUD',4,'1','','02'),('ME3427','ENFERMERIA: PROFESION Y DISCIPLINA',4,'1','','02'),('ME3428','PROCESO DEL CUIDADO ENFERMERO Y SU INSERCION EN EL MODELO DE',4,'1','','02'),('ME3501','TOXICOLOGIA OCUPACIONAL Y AMBIENTAL',5,'1','','02'),('ME3502','SALUD AMBIENTAL',5,'1','','02'),('ME3503','LEGISLACION EN SALUD OCUPACIONAL Y AMBIENTAL',5,'1','','02'),('ME3504','PSICONEUROINMUNOENDOCRINOLOGIA',5,'1','','02'),('ME3505','APS Y MEDICINA FAMILIAR',5,'1','','02'),('ME3602','TALLER DE INVESTIGACION EN SALUD II',6,'1','','02'),('ME4301','CAPACITACION Y DOCENCIA LABORAL',3,'1','','02'),('ME4401','EVALUACION DEL IMPACTO AMBIENTAL',4,'1','','02'),('ME4402','TESIS III',4,'1','','02'),('ME4403','PSICOPATOLOGIA INFANTIL',4,'1','','02'),('ME4404','METODOLOGIA DE LA INVESTIGACION Y TESIS II',4,'1','','02'),('ME4405','DIDACTICA DE LA PSICOLOGIA',4,'1','','02'),('ME4418','GESTION ESTRATEGICA EN SALUD',4,'1','','02'),('ME4419','ECONOMIA Y FINANCIAMIENTO DE LA SALUD',4,'1','','02'),('ME4420','SEGURIDAD HOSPITALARIA',4,'1','','02'),('ME4421','ECONOMIA Y GESTION CLINICA HOSPITALARIA',4,'1','','02'),('ME4422','SITUACION DE SALUD DE NIÑOS Y ADOLESCENTES',4,'1','','02'),('ME4423','SITUACION DE SALUD DE LA MUJER',4,'1','','02'),('ME4424','VIGILANCIA EN SALUD',4,'1','','02'),('ME4425','CAMPOS DE APLICACION DE LA EPIDEMIOLOGIA',4,'1','','02'),('ME4426','ATENCION MEDICA INTERAL DE LA SALUD Y LA FAMILIA: HER. EN ME',4,'1','','02'),('ME4427','CARACTERIST.DE LA POBLAC.Y SUS DETERMINANTES ECONOM., CULT.Y',4,'1','','02'),('ME4501','HERRAMIENTAS DEL SISTEMA INTEGRADO DE GESTION',5,'1','','02'),('ME4502','NEUROPSICOLOGIA CLINICA',5,'1','','02'),('ME4601','GESTION DE CALIDAD Y ACREDITACION EN SALUD',6,'1','','02'),('ME4602','TALLER DE INVESTIGACION EN SALUD III',6,'1','','02'),('ME4603','GESTION DE LA CALIDAD DE LA ATENCION HOSPITALARIA',6,'1','','02'),('ME4604','ATENCION INTEGRAL DEL NIÑO Y ADOLESCENTE',6,'1','','02'),('ME4605','EPIDEMIOLOGIA CLINICA',6,'1','','02'),('ME4606','GERENCIA DE SERVICIOS DE ATENCION MEDICA INTEGRAL. CALID Y D',6,'1','','02'),('ME6301','ESTADISTICA  APLICADA A LA EDUCACION I',3,'1','','02'),('ME6302','ESTADISTICA  APLICADA A LA INVESTIGACION',3,'1','','02'),('ME6400','TECNICAS DE MULTIMEDIA Y TECNOLOGIA EDUCATIVA',4,'1','','02'),('ME6401','PLANIFICACION DE LA EDUCACION',4,'1','','02'),('ME6402','DIDACTICA UNIVERSITARIA COMUNICACION',4,'1','','02'),('ME6403','METODOLOGIA DE LA INVESTIGACION',4,'1','','02'),('ME6500','LA UNIVERSIDAD EN EL CONTEXTO SOCIO ECONOMICO Y PRODUCTIVO',5,'1','','02'),('ME6501','ADMINISTRACION DE RECURSOS HUMANOS',5,'1','','02'),('ME6502','SEMINARIO DE EVALUACION CURRICULAR',5,'1','','02'),('ME6503','SEMINARIO DE INVESTIGACION  III',5,'1','','02'),('ME6504','FORMULACION Y EVALUACION DE PROGRAMAS Y PRO',5,'1','','02'),('ME6505','COMPORTAMIENTO ORGANIZACIONAL',5,'1','','02'),('ME6506','SEMINARIO DE DISEÑO CURRICULAR',5,'1','','02'),('ME6507','SEMINARIO  DE INVESTIGACION II',5,'1','','02'),('ME6508','EVALUACION  CURRICULAR',5,'1','','02'),('ME6509','SEMINARIO DE INVESTIGACION I',5,'1','','02'),('ME6600','SEMINARIO DE INVESTIGACION I',6,'1','','02'),('ME6601','SEMINARIO DE INVESTIGACION II',6,'1','','02'),('ME6602','SEMINARIO DE INVESTIGACION III  (TESIS)',6,'1','','02'),('MG1310','CONTABILIDAD GER. EMPRESARIAL',3,'1','','02'),('MG1315','COMPORTAMIENTO HUMANO EN LAS ORGANIZACIONES',3,'1','','02'),('MG1320','DERECHO EMPRESARIAL',3,'1','','02'),('MG1325','ECONOMIA EMPRESARIAL',3,'1','','02'),('MG1327','SEMINARIO INVESTIGACION I',3,'1','','02'),('MG1330','ESTADISTICA EMPRESARIAL',3,'1','','02'),('MG1340','GERENCIA DE FINANZAS',3,'1','','02'),('MG1342','GERENCIA DE OPERACIONES',3,'1','','02'),('MG1344','GERENCIA DE RECURSOS HUMANOS',3,'1','','02'),('MG1345','ADMINISTRACION SUPERIOR',3,'1','','02'),('MG1346','GERENCIA DE MARKETING',3,'1','','02'),('MG1347','E-SOCIEDAD DE LA SOCIEDAD EN RED A LA SOCIED. DEL CONOCIMIEN',3,'1','','02'),('MG1348','SEMINARIO DE INVESTIGACION I: PROYECTO DE INVESTIGACIÓN',3,'1','','02'),('MG1349','GERENCIA DE RECURSOS HUMANOS',3,'1','','02'),('MG1350','GESTION DEL CONOCIMIENTO Y APRENDIZAJE ORGANIZACINAL',3,'1','','02'),('MG1400','ADMINISTRACION SUPERIOR',4,'1','','02'),('MG1410','ADMINISTRACION SUPERIOR',4,'1','','02'),('MG1430','GERENCIA DE MARKETING',4,'1','','02'),('MG1431','GERENCIA ESTRATEGICA',4,'1','','02'),('MG1432','GERENCIA E INNOVACION TECNOLOGICA',4,'1','','02'),('MG1433','GESTION DE NEGOCIOS ELECTRONICOS',4,'1','','02'),('MG1636','SISTEMAS DE GESTION EMPRESARIAL I:CRM,BSC',6,'1','','02'),('MG2301','SEMINARIO  DE INVESTIGACION II',3,'1','','02'),('MG2302','GERENCIA ESTRATEGICA',3,'1','','02'),('MG2303','SEMINARIO DE INVESTIGACION III',3,'1','','02'),('MG2304','ENTORNOS VIRTUALES DE TRABAJO COLABORATIVO',3,'1','','02'),('MG2305','DESARROLLO DE SOFTWARE',3,'1','','02'),('MG2306','GESTION DE LAS TICS EN LA EMPRESA',3,'1','','02'),('MG2307','SEMINARIO DE INVESTIGACION II',3,'1','','02'),('MG2310','EMPRESARIADO',3,'1','','02'),('MG2315','GERENCIA DE MARKETING INTERNACIONAL',3,'1','','02'),('MG2317','GERENCIA DE LA TECNOLOGIA',3,'1','','02'),('MG2320','GLOBALIZACION EMPRESARIAL',3,'1','','02'),('MG2325','SEM. DE ADM DE EMPRESAS DE SERVICIOS',3,'1','','02'),('MG2330','SISTEMA DE INFORMACION GERENCIAL',3,'1','','02'),('MG2401','REDES Y COMUNICACIONES EMPRESARIALES',4,'1','','02'),('MG2402','DIRECCION Y GESTION EN SEGURIDAD Y COMUNICACIONES',4,'1','','02'),('MG2403','DIRECCION DE PROYECTOS DE TICS',4,'1','','02'),('MG2410','GERENCIA ESTRATEGICA',4,'1','','02'),('MG2601','SISTEMAS DE GESTION EMPRESARIAL II: BI, ERP',6,'1','','02'),('MG2635','SEMINARIO DE TESIS',6,'1','','02'),('MI1416','CONTAMINACION ATMOSFERICA Y CONTROL DE EMISIONES',4,'1','','02'),('MI1417','CONTAMINACION DE AGUAS Y TRATAMIENTO DE EFLUENTES',4,'1','','02'),('MI1418','TRATAMIENTO DE RESIDUOS SOLIDOS E INDUSTRIALES',4,'1','','02'),('MI1419','CONTAMINACION Y TRATAMIENTO DE SUELOS Y AGUAS SUBTERRANEAS',4,'1','','02'),('MI1420','MINERIA Y MEDIO AMBIENTE',4,'1','','02'),('MI1421','AUDITORIAS DE SISTEMAS INTEGRADOS DE GESTION',4,'1','','02'),('MI1422','INTRODUCCION A LA GESTION NORMALIZADA',4,'1','','02'),('MI1423','GESTION DE CALIDAD',4,'1','','02'),('MI1424','GESTION MEDIOAMBIENTAL',4,'1','','02'),('MI1425','GESTION DE SEGURIDAD',4,'1','','02'),('MI1426','ANALISIS COMPARATIVO DE LAS NORMAS DE REFERENCIA',4,'1','','02'),('MI1427','MODELO EUROPEO DE EXCELENCIA (E.EQ.M.) Y EUREPGAP',4,'1','','02'),('MI1428','CONTAMINACION AMBIENTAL I (CONTAMINACION ATMOSFERICA Y CONTA',4,'1','','02'),('MI1429','SISTEMAS DE GESTION AMBIENTAL EDUCATIVA',4,'1','','02'),('MI1436','CONTAMINACION EN EL AMBIENTE DEL TRABAJO',4,'1','','02'),('MI1438','IDENTIFICACION DE PELIGROS Y EVALUACION DE RIESGOS (IPER)',4,'1','','02'),('MI1446','INGENIERIA AMBIENTAL',4,'1','','02'),('MI1447','OPERACIONES Y PROCESOS UNITARIOS',4,'1','','02'),('MI1448','TESINA',4,'1','','02'),('MI1449','MECANICA DE ROCAS Y DE SUELOS PARA INGENIEROS',4,'1','','02'),('MI1501','EVALUACION Y MANIPULEO DE IMPACTOS AMBIENTALES',5,'1','','02'),('MI2301','CONTAMINACION ATMOSFERICA II (CONTAMINACION DE SUELOS Y AGUA',3,'1','','02'),('MI2400','SEMINARIO  DE TESIS',4,'1','','02'),('MI2401','CONTAMINACION ACUSTICA Y VIBRACIONES',4,'1','','02'),('MI2402','INGENIERIA AMBIENTAL',4,'1','','02'),('MI2403','SISTEMAS DE GESTION AMBINTAL Y SISTEMAS INTEGRADOS DE GESTIO',4,'1','','02'),('MI2404','SEMINARIO DE TESIS',4,'1','','02'),('MI2405','AUDITORIA AMBIENTAL',4,'1','','02'),('MI2406','EVALUACION DE IMPACTOS AMBIENTALES',4,'1','','02'),('MI2407','DISEÑO DEL SISTEMA INTEGRADO DE GASTION',4,'1','','02'),('MI2408','IMPLANTACION DEL SISTEMA INTEGRADO DE GESTION',4,'1','','02'),('MI2409','AUDITORIA DEL SISTEMA INTEGRADO DE GESTION',4,'1','','02'),('MI2410','GESTION DE RIESGO',4,'1','','02'),('MI2411','TRATAMIENTO DE EFLUENTES Y DESECHOS INDUSTRIALES',4,'1','','02'),('MI2412','MINERIA Y AMBIENTE',4,'1','','02'),('MI2501','RECIDUOS SOLIDOS URBANOS E INDUSTRIALES Y SU RECICLAJE',5,'1','','02'),('MI3401','SISTEMAS DE GESTION Y SISTEMAS INTEGRADOS DE GESTION',4,'1','','02'),('MI6300','CONTAMINAC. ATMOSFERICA Y TRATAMIENTO EFLUENTES',3,'1','','02'),('MI6301','CONTAMINACION DE RESIDUOS SOLIDOS  RECICLAJE',3,'1','','02'),('MI6302','CONTAMINACION DE SUELOS Y AGUAS SUBTERRANEAS',3,'1','','02'),('MI6315','MINERIA Y ECOLOGIA',3,'1','','02'),('MI7305','CONTAMINACION ACUSTICA Y VIBRACIONES',3,'1','','02'),('MI7310','MODELOS PARA MANEJO DE AGUAS Y ECOLOGIA',3,'1','','02'),('MI7330','RESIDUOS TOXICOS Y PELIGROSOS',3,'1','','02'),('MI7340','SEMINARIO DE INGENIERIA AMBIENTAL',3,'1','','02'),('MI7345','SISTEMAS DE GESTION AMBIENTAL',3,'1','','02'),('MI7400','AUDITORIAS AMBIENTALES',4,'1','','02'),('MI7405','EVALUACION DE IMPACTOS AMBIENTALES',4,'1','','02'),('MI7410','INGENIERIA AMBIENTAL',4,'1','','02'),('PE1411','CONTAMINACION AMBIENTAL PRODUCIDAS POR HIDROCARBUROS',4,'1','','02'),('PE1412','MANEJO DE PROBLEMAS QUIMICOS ASOCIADOS CON LA PRODUCCION DE ',4,'1','','02'),('PE1413','GESTION DE SEGURIDAD EN LA INDUSTRIA DEL PETROLEO Y GAS NATU',4,'1','','02'),('PE1414','TECNOLOGIA MODERNA DE LA INDUSTRIA DEL PETROLEO Y GAS NATURA',4,'1','','02'),('PE1415','INGENIERIA DE RESERVORIOS APLICADA I',4,'1','','02'),('PE2405','PROYECTOS DE HIDROCARBUROS',4,'1','','02'),('PE2406','TRATAMIENTO Y PROCESOSDE SEPARACION Y CONVERSION',4,'1','','02'),('PE2408','PLANEAMIENTO ESTRATEGICO EN HIDROCARBUROS',4,'1','','02'),('PE2409','SISTEMAS DE TRANSPORTE DE ALMACENAMIENTO DE PETROLEO Y GAS N',4,'1','','02'),('PE2410','INGENIERIA DE RESERVORIOS APLICADA II',4,'1','','02'),('PI1400','TECNICAS ESTADÍSTICAS DE ESTIMACIÓN DE ANÁLISIS DE DATOS.',4,'1','','02'),('PI1401','ANÁLISIS MICROECONÓMICO Y ECONOMÍA DEL BIENESTAR.',4,'1','','02'),('PI1402','TEORÍA FINANCIERA Y MERCADO DE CAPITALES',4,'1','','02'),('PI1403','ECONOMÍA AMBIENTAL Y RECURSOS NATURALES.',4,'1','','02'),('PI2301','ADMINISTRACION Y GERENCIA DE PROYECTOS',3,'1','','02'),('PI2400','INVESTIGACIÓN DE MERCADO',4,'1','','02'),('PI2401','DESARROLLO SUSTENTABLE.',4,'1','','02'),('PI2402','ADMINISTRACION Y GERENCIA DE PROYECTOS',4,'1','','02'),('PI2500','FORMULACIÓN Y EVALUACIÓN DE PROYECTOS PRIVADOS.',5,'1','','02'),('PI2501','EVALUACIÓN FINANCIERA DE PROYECTOS DE INVERSIÓN.',5,'1','','02'),('PI3500','FORMULACIÓN Y EVALUACIÓN DE PROYECTOS DE DESARROLLO.',5,'1','','02'),('PI3501','EVALUACIÓN SOCIAL DE PROYECTOS',5,'1','','02'),('PI3502','EVALUACIÓN DE INPACTO AMBIENTAL.',5,'1','','02'),('PI3503','SEMINARIO DE TESIS I.',5,'1','','02'),('PI4500','ADMINISTRACIÓN Y GERENCIA DE PROYECTOS.',5,'1','','02'),('PI4501','SEMINARIO DE TESIS II',5,'1','','02'),('PM5401','ZOOTECNIA GENERAL',4,'1','','02'),('PM6300','PRODUCCION ANIMAL ESPECIAL',3,'1','','02'),('PP1301','INVESTIGACION DE MERCADOS',3,'1','','02'),('PP1302','FORMULACION DE PROYECTOS DE INVERSION',3,'1','','02'),('PP1303','EVALUACION DE PROYECTOS DE INVERSION',3,'1','','02'),('PP1401','FORMULACION DE PROYECTOS DE INVERSION',4,'1','','02'),('PP1402','PLANIFICACION ESTRATEGICA',4,'1','','02'),('PP1403','EVALUCION DE PROYECTOS DE INVERSION',4,'1','','02'),('PP2301','PLANIFICACION ESTRATEGICA',3,'1','','02'),('PP2302','FORMULACION Y EVALUACION DE PROYECTOS PUBLICOS III',3,'1','','02'),('PP2303','FORMULACION Y EVALUACION DE PROYECTOS PUBLICOS I',3,'1','','02'),('PP2304','FORMULACION Y EVALUACION DE PROYECTOS PUBLICOS II',3,'1','','02'),('PP2401','INVESTIGACION DE MERCADO',4,'1','','02'),('PP2402','FORMULACION Y EVALUACION DE PROYECTOS PUBLICOS',4,'1','','02'),('PP2403','EVALUACION SOCIAL DE PROYECTOS',4,'1','','02'),('PP2425','GESTION DE PROYECTOS',4,'1','','02'),('PP2426','FORMULACION Y EVALUACION DE PROYECTOS PUBLICOS I',4,'1','','02'),('PP2427','FORMULACION Y EVALUACION DE PROYECTOS PUBLICOS II',4,'1','','02'),('PP2428','FORMULACION Y EVALUACION DE PROYECTOS PUBLICOS I',4,'1','','02'),('PP2429','FORMULACION Y EVALUACION DE PROYECTOS PUBLICOS II',4,'1','','02'),('PP2501','ADMINISTRACION DE RECURSOS HUMANOS',5,'1','','02'),('PP2502','DESARROLLO SUSTENTABLE',5,'1','','02'),('PP2503','FORMULACION Y EVALUACION DE PROYECTOS DE INVERSION',5,'1','','02'),('PP6500','PROYECTOS DE DESARROLLO REGIONAL Y LOCAL',5,'1','','02'),('PP6505','EVALUACION SOCIAL DE PROYECTOS',5,'1','','02'),('PP6510','EVALUACION  IMPACTO AMBIENTAL',5,'1','','02'),('PP7300','FORMULACION Y EVALUACION DE PROYECTOS',3,'1','','02'),('PP7305','PLANIFICACION RURAL',3,'1','','02'),('QU1304','TRATAMIENTO DE RESIDUOS SOLIDOS',3,'1','','02'),('QU1305','TRATAMIENTO DE RESIDUOS INDUSTRIALES',3,'1','','02'),('QU1414','GESTION DEL AGUA',4,'1','','02'),('QU2301','GESTION DE RESIDUOS SOLIDOS',3,'1','','02'),('QU2302','GESTION DE RESIDUOS INDUSTRIALES',3,'1','','02'),('QU6300','CONTAMINAC. Y TRATAMIENTO DE AGUAS',3,'1','','02'),('QU6400','TECNICAS DE MUESTREO Y ANALISIS',4,'1','','02'),('RN1301','CRECIMIENTO ECONOMICO Y DESARROLLO SOSTENIBLE',3,'1','','02'),('RN1302','ECONOMIA DEL BIENESTAR',3,'1','','02'),('RN1303','ECONOMIA AMBIENTAL Y DESARROLLO SUSTENTABLE',3,'1','','02'),('RN1304','METODOS CUATITATIVOS',3,'1','','02'),('RN1305','ECONOMIA APLICADA',3,'1','','02'),('RN1306','ECONOMIA DE LOS RECURSOS NATURALES',3,'1','','02'),('RN1307','ECONOMIA ECOLOGICA',3,'1','','02'),('RN1308','VALORACION ECONOMICA DE LOS RECURSOS NATURALES Y ECOSISTEMAS',3,'1','','02'),('RN2301','VALORACION ECONOMICA DE LOS RECURSOS NATURALES Y ECOSISTEMAS',3,'1','','02'),('RN2302','LEGISLACION Y POLITICA AMBIENTAL',3,'1','','02'),('RN2303','FORMULACION Y EVALUAC.DE PROYECTOS AMBIENT.Y DE DESARR.SUSTE',3,'1','','02'),('RN2304','SEMINARIO DE TESIS I',3,'1','','02'),('RN2305','EVALUACION ESTRATEGICA Y DE IMPACTO AMBIENTAL',3,'1','','02'),('RN2306','GESTION Y MANEJO AMBIENTAL',3,'1','','02'),('RN2307','SEMINARIO DE TESIS II',3,'1','','02'),('RN2308','GESTION AMBIENTAL URBANA',3,'1','','02'),('RN2309','ECONOMIA DEL AGUA Y GESTION INTEGRAL DE RECURSOS HIDRICOS',3,'1','','02'),('RN2310','GESTION DE ECOSISTEMAS',3,'1','','02'),('RN2311','ECONOMIA DEL CAMBIO CLIMATICO DEL RIESGO Y DESASTRES NATURAL',3,'1','','02'),('SI1300','COMPORTAMIENTO ORGANIZACIONAL',3,'1','','02'),('SI1305','FINANZAS',3,'1','','02'),('SI1306','TESIS I',3,'1','','02'),('SI1307','METODOLOGIA DE LA INVESTIGACION',3,'1','','02'),('SI1400','ANALISIS Y DISEÑO DE SISTEMAS DE INFORMACION',4,'1','','02'),('SI1405','TOPICOS AVANZADOS DE BASE DE DATOS',4,'1','','02'),('SI1416','PLANEAMIENTO ESTRATEGICO',4,'1','','02'),('SI1417','INGENIERIA DE SOFTWARE',4,'1','','02'),('SI1418','ANALISIS DE LOS SISTEMAS DE INFORMACION',4,'1','','02'),('SI1419','REDES  INFORMATICAS',4,'1','','02'),('SI1420','TOPICOS  AVANZADOS POR COMPUTADORA',4,'1','','02'),('SI1421','PROGRAMACION VISUAL',4,'1','','02'),('SI1455','TOPICOS AVANZADOS DE REDES INFORMATICAS',4,'1','','02'),('SI1462','GESTION DE PROYECTOS INFORMATICOS',4,'1','','02'),('SI1463','PLATAFORMAS TECNOLOGICAS',4,'1','','02'),('SI1464','HACKING ETICO',4,'1','','02'),('SI1465','TECNOLOGIA MOVIL',4,'1','','02'),('SI1466','DESARROLLO DE APLICACIONES WEB I',4,'1','','02'),('SI1467','INGENIERIA Y GESTION DEL CONOCIMIENTO',4,'1','','02'),('SI1501','PLANEAMIENTO ESTRATEGICO DE TI',5,'1','','02'),('SI1502','INGENIERIA DE SOFTWARE',5,'1','','02'),('SI1503','TOPICOS AVANZADOS DE BASE DE DATOS',5,'1','','02'),('SI1504','DESARROLLO DE APLICACION C/S',5,'1','','02'),('SI1505','PROCESO DE CONSTRUCCION DE SOFTWARE',5,'1','','02'),('SI2300','GESTION DE PROCESOS DE NEGOCIOS',3,'1','','02'),('SI2305','NEGOCIOS ELECTRONICOS',3,'1','','02'),('SI2310','COMERCIO ELECTRONICO',3,'1','','02'),('SI2400','SEMINARIO DE TESIS I',4,'1','','02'),('SI2405','AUDITORIA DE TECNOLOGIA  DE INFORMACION',4,'1','','02'),('SI2410','DESARROLLO DE APLICACIONES PARA WEB',4,'1','','02'),('SI2415','SEMINARIO DE TESIS  II',4,'1','','02'),('SI2420','DESARROLLO DE APLICACIONES CON JAVA',4,'1','','02'),('SI2421','COMUNICACION POR COMPUTADORAS',4,'1','','02'),('SI2422','DESARROLLO DE APLICACIONES CLIENTE/  SERVIDOR',4,'1','','02'),('SI2423','INTELIGENCIA DE MEGOCIOS I',4,'1','','02'),('SI2424','DESARROLLO DE APLICACIONES WEB II',4,'1','','02'),('SI2425','GESTION DE LA SEGURIDAD INFORMATICA',4,'1','','02'),('SI2426','SEMINARIO DE TESIS I',4,'1','','02'),('SI2427','CALIDAD DE PRODUCTOS DE SOFTWARE',4,'1','','02'),('SI2428','TOPICOS AVANZADOS DE DESARROLLO DE APLICACIONES INFORMATICAS',4,'1','','02'),('SI2429','INTELIGENCIA DE NEGOCIOS II',4,'1','','02'),('SI2430','SEMINARIO DE TESIS II',4,'1','','02'),('SI2501','AUDITORIA DE TECNOLOGIAS DE LA INFORMACION',5,'1','','02'),('SI2502','DATA WAREHOUSE Y DATA MINING',5,'1','','02'),('SI2503','DESARROLLO DE APLICACIONES WEB I',5,'1','','02'),('SI2504','DESARROLLO DE APLICACIONES WEB II',5,'1','','02'),('SI2505','NEGOCIOS ELECTRONICOS',5,'1','','02'),('SI2506','TESIS II',5,'1','','02'),('SI6000','INTELIGENCIA ARTIFICIAL',10,'1','','02'),('SI6300','ANALISIS DE SISTEMAS DE INFORMACION',3,'1','','02'),('SI6305','BASE DE DATOS',3,'1','','02'),('SI6310','ESTRUCTURAS DE DATOS',3,'1','','02'),('SI6315','FUNDAMENTOS DE PROGRAMACION',3,'1','','02'),('SI6320','HERRAMIENTAS DE SISTEMAS',3,'1','','02'),('SI6325','INGENIERIA DE SOFTWARE',3,'1','','02'),('SI6330','PLANEAMIENTO ESTRATEGICO',3,'1','','02'),('SI6335','REDES INFORMATICAS',3,'1','','02'),('SI6340','SISTEMAS ELECTRICOS DIGITALES I',3,'1','','02'),('SI6341','MICROPROCESADORES',3,'1','','02'),('SI7000','SISTEMAS OPERATIVOS',10,'1','','02'),('SI7005','ADMINISTRACION DE PROYECTOS DE SOFTWARE',10,'1','','02'),('SI7300','AUDITORIA DE SISTEMAS Y CONTROL',3,'1','','02'),('SI7305','DESARROLLO DE APLICACIONES CLIENTES/SERVIDOR',3,'1','','02'),('SI7308','DESARROLLO DE APLICACIONES MULTIMEDIA',3,'1','','02'),('SI7311','DISEÑOS DE SISTEMAS DE INFORMACION',3,'1','','02'),('SI7320','COMUNICACION PARA COMPUTADORAS',3,'1','','02'),('SI7330','PROGRAMACION VISUAL',3,'1','','02'),('SI7335','PROGRAMACION Y BASES DE DATOS ORIENTADAS A OBJETOS',3,'1','','02'),('SI7340','SISTEMAS ELECTRICOS DIGITALES II',3,'1','','02'),('SI7341','ARQUITECTURA DE COMPUTADORAS',3,'1','','02'),('SI7345','SEMINARIO DE TESIS  I',3,'1','','02'),('TO3301','COMUNICACION  EDUCATIVA CON EL GRUPO ESCOLAR',3,'1','','02'),('TO3302','SEMINARIO DE INVESTIGACION II',3,'1','','02'),('TO3401','PERSONALIDAD, EDUCACION Y APRENDIZAJE',4,'1','','02'),('TO3501','MOTIVACION  Y ORIENTACION DE LA PERSONALIDAD',5,'1','','02'),('TO4401','APRENDER AUTOREALIZARSE',4,'1','','02'),('TO4501','SEMINARIO DE INVESTIGACION III',5,'1','','02'),('TO4601','DIFERENCIAS INDIVIDUALES Y NECESIDADES EDUCATIVAS ESPECIALES',6,'1','','02'),('TP1201','CONTABILIDAD  GENERAL Y FINANCIERA',2,'1','','02'),('TP1202','FINANCIAMIENTO Y COOPERACION INTERNACIONAL PARA PYMES',2,'1','','02'),('TP1203','BANCA  Y SEGUROS',2,'1','','02'),('TP1204','LEGISLACION  EMPRESARIAL',2,'1','','02'),('TP1205','MARKETING ESTRATEGICO',2,'1','','02'),('TP1206','INVESTIGACION DE MERCADOS',2,'1','','02'),('TP1207','AUDITORIA Y CONTROL',2,'1','','02'),('TP1208','DESARROLLO DE HABILIDADES Y COMUNICACION INTERPERSONAL',2,'1','','02'),('TP1301','LEGISLACION  EMPRESARIAL',3,'1','','02'),('TP1302','INTERMEDIACION FINANCIERA  Y MERCADO DE CAPITAL PARA PYMES',3,'1','','02'),('TP1303','MARKETING ESTRATEGICO',3,'1','','02'),('TP1304','CONTABILIDAD GENERAL Y FINANCIERA',3,'1','','02'),('TP1305','MICROECONOMIA  APLICADA',3,'1','','02'),('TP1306','POLITICA MACROECONOMICA',3,'1','','02'),('TP1307','METODOS CUANTITATIVOS',3,'1','','02'),('TP1308','TEORIA FINANCIERA',3,'1','','02'),('TP1309','MICROECONOMIA APLICADA',3,'1','','02'),('TP1310','POLITICA MACROECONOMICA',3,'1','','02'),('TP1401','TEORIA FINANCIERA',4,'1','','02'),('TP1402','EVALUACION DE IMPACTO AMBIENTAL',4,'1','','02'),('TP2201','LEGISLACION Y NEGOCIOS INTERNACIONALES',2,'1','','02'),('TP2202','GERENCIA DE PROYECTOS',2,'1','','02'),('TP2203','GESTION Y CONTROL DE CALIDAD Y PREVENCION AMBIENTAL',2,'1','','02'),('TP2204','EVALUACION DE IMPACTO AMBIENTAL',2,'1','','02'),('TP2205','FORMULACION Y EVALUACION DE PROYECTOS DE INVERSION',2,'1','','02'),('TP2206','SEMINARIO DE TESIS I',2,'1','','02'),('TP2207','ORGANIZACION Y ADMINISTRACION DE EMPRESAS',2,'1','','02'),('TP2208','PLANEAMIENTO ESTRATEGICO Y ELABORACION DE PLANES DE NEGOCIOS',2,'1','','02'),('TP2209','ADMINISTRACION FINANCIERA',2,'1','','02'),('TP2210','SEMINARIO DE TESIS II',2,'1','','02'),('TP2211','PROYECTOS DE EXPORTACION Y COMERCIO ELECTRONICO',2,'1','','02'),('TP2212','ORGANIZACION DE UN EVENTO MICROEMPRESARIAL REGIONAL',2,'1','','02'),('TP2301','FINANZAS PARA PYMES',3,'1','','02'),('TP2302','ORGANIZACION YADMINISTRACION DE EMPRESAS',3,'1','','02'),('TP2303','PLANEAMIENTO ESTRATEGICO Y ELABORACION DE PLANES DE NEGOCIO',3,'1','','02'),('TP2304','GESTION Y CONTROL DECALIDAD Y PREVENCION AMBIENTAL',3,'1','','02'),('TP2305','ADMINISTRACION FINANCIERA',3,'1','','02'),('TP2306','INVESTIGACION DE MERCADOS',3,'1','','02'),('TP2307','FORMULACION Y EVALUACION-PROYECTOS  DE INVERSION',3,'1','','02'),('TP2308','SEMINARIO DE TESIS I',3,'1','','02'),('TP2309','SEMINARIO DE TESIS II',3,'1','','02'),('TP2310','AUDITORIA Y CONTROL',3,'1','','02'),('TP2311','DESARROLLO DE HABILIDADES Y COMERCIO ELECTRONICO',3,'1','','02'),('TP2312','PROYECTOS DE EXPORTACION  Y COMERCIO ELECTRONICO',3,'1','','02'),('TP2313','ORGANIZACION DE UN EVENTO MICROEMPRESARIAL REGIONAL',3,'1','','02'),('TP2314','EVALUACION Y GESTION DEL RIESGO EN PROYECTO DE INVERSION',3,'1','','02'),('TP2315','SEMINARIO DE TESIS I',3,'1','','02'),('TP2316','SEMINARIO DE TESIS II',3,'1','','02'),('TP2317','SEMINARIO DE FORMULACION Y EVALUACION DE PROYECTOS SOCIALES',3,'1','','02'),('TP2318','SEMINARIO DE FORMULACION Y EVALUACION DE PROYECTOS DE COOP. ',3,'1','','02'),('TP2319','SEMINARIO DE ELABORACION DE PLANES DE NEGOCIOS',3,'1','','02'),('TP2320','EVALUACION Y GESTION DEL RIESGO EN PROYECTOS DE INVERSION',3,'1','','02'),('TP2321','EVALUACION PRIVADA DE PROYECTOS DE INVERSION',3,'1','','02'),('TP2322','BANCA DE INVERSIONES',3,'1','','02'),('TP2323','MERCADO DE CAPITALES',3,'1','','02'),('TP2324','FORMULACION Y EVALUACION DE PLANES DE NEGOCIOS',3,'1','','02'),('TP3201','EVALUACION DE IMPACTO AMBIENTAL',2,'1','','02'),('TP4301','SEMINARIO DE FORMULACION Y EVALUACION DE PROYECTOS SOCIALES',3,'1','','02'),('TP4302','SEMINARIO DE FORMULACION Y EVALUACION DE PROYECTOS DE COOP.T',3,'1','','02'),('TP4303','EVALUACION Y GESTION DEL RIESGO EN PROYECTOS DE INVERSION',3,'1','','02'),('TP6300','ECONOMIA RURAL',3,'1','','02'),('TP6302','SISTEMA DE PRODUCCION',3,'1','','02'),('TP6305','TECNICAS EN INVESTIGACION SOCIOECONOMICAS',3,'1','','02'),('TP6400','TEORIA DE LOS PRECIOS',4,'1','','02'),('TP6405','POLITICA  MACROECONOMICA',4,'1','','02'),('TP6410','SEMINARIO DE TESIS I',4,'1','','02'),('TP6415','MICROECONOMÍA APLICADA',4,'1','','02'),('TP6420','POLÍTICA MACROECONÓMICA',4,'1','','02'),('TP6500','TEORIA FINANCIERA',4,'1','','02'),('TP6505','EVALUACION PRIVADA DE PROYECTOS DE INVERSION',5,'1','','02'),('TP7300','INVESTIGACION II',3,'1','','02'),('TP7400','ANALISIS SOCIOECONOMICO',4,'1','','02'),('TP7405','TOPICOS DE DESARROLLO RURAL',4,'1','','02'),('TP7410','SEMINARIO DE TESIS II',4,'1','','02'),('TP7420','SEMIRARIO DE TESIS III',4,'1','','02'),('TP7500','MERCADO DE CAPITALES',5,'1','','02'),('TP7505','FINANZAS INTERNACIONALES',5,'1','','02'),('TP7510','BANCA DE INVERSIONES',5,'1','','02');
/*!40000 ALTER TABLE `tbl_cursos` ENABLE KEYS */;
UNLOCK TABLES;

--
-- Table structure for table `tbl_detalle_acta`
--

DROP TABLE IF EXISTS `tbl_detalle_acta`;
/*!40101 SET @saved_cs_client     = @@character_set_client */;
/*!40101 SET character_set_client = utf8 */;
CREATE TABLE `tbl_detalle_acta` (
  `id_acta` int(11) NOT NULL,
  `cod_alumno` char(10) NOT NULL,
  `cod_rub_act1` int(11) DEFAULT NULL,
  `nota01` double DEFAULT NULL,
  `cod_rub_act2` int(11) DEFAULT NULL,
  `nota02` double DEFAULT NULL,
  `cod_rub_act3` tinyint(4) DEFAULT NULL,
  `nota03` double DEFAULT NULL,
  `cod_rub_act4` tinyint(4) DEFAULT NULL,
  `nota04` double DEFAULT NULL,
  `cod_rub_act5` tinyint(4) DEFAULT NULL,
  `nota05` double DEFAULT NULL,
  `cod_rub_act6` tinyint(4) DEFAULT NULL,
  `nota06` double DEFAULT NULL,
  `cod_rub_act7` tinyint(4) DEFAULT NULL,
  `nota07` double DEFAULT NULL,
  `cod_rub_act8` tinyint(4) DEFAULT NULL,
  `nota08` double DEFAULT NULL,
  `cod_rub_act9` tinyint(4) DEFAULT NULL,
  `nota09` double DEFAULT NULL,
  `cod_rub_act10` tinyint(4) DEFAULT NULL,
  `nota_final` int(11) DEFAULT NULL,
  `nombre_pc` varchar(30) NOT NULL,
  `fecha_registro` datetime NOT NULL,
  `estado` binary(1) NOT NULL DEFAULT '1',
  `nota10` double DEFAULT NULL,
  `usuario_registro` varchar(30) DEFAULT NULL,
  PRIMARY KEY (`id_acta`,`cod_alumno`) USING BTREE,
  KEY `FK_tbl_detalle_acta_alumno` (`cod_alumno`),
  CONSTRAINT `FK_tbl_detalle_acta_2` FOREIGN KEY (`id_acta`) REFERENCES `tbl_acta` (`cod_acta`),
  CONSTRAINT `FK_tbl_detalle_acta_alumno` FOREIGN KEY (`cod_alumno`) REFERENCES `tbl_alumnos` (`cod_alumno`)
) ENGINE=InnoDB DEFAULT CHARSET=latin1;
/*!40101 SET character_set_client = @saved_cs_client */;

--
-- Dumping data for table `tbl_detalle_acta`
--

LOCK TABLES `tbl_detalle_acta` WRITE;
/*!40000 ALTER TABLE `tbl_detalle_acta` DISABLE KEYS */;
/*!40000 ALTER TABLE `tbl_detalle_acta` ENABLE KEYS */;
UNLOCK TABLES;

--
-- Table structure for table `tbl_detalle_plan_estudios`
--

DROP TABLE IF EXISTS `tbl_detalle_plan_estudios`;
/*!40101 SET @saved_cs_client     = @@character_set_client */;
/*!40101 SET character_set_client = utf8 */;
CREATE TABLE `tbl_detalle_plan_estudios` (
  `cod_plan` int(11) NOT NULL AUTO_INCREMENT,
  `cod_curso` char(6) NOT NULL,
  `tipo_curso` char(1) NOT NULL,
  `horas_dictadas` int(10) unsigned NOT NULL,
  `creditos` tinyint(4) NOT NULL,
  `ciclo` tinyint(4) NOT NULL,
  `estado` binary(1) NOT NULL DEFAULT '1',
  `cod_plan_estudios` char(6) DEFAULT '0',
  `horas_teoria` tinyint(4) DEFAULT '0',
  `horas_practica` tinyint(4) DEFAULT '0',
  `fecha_registro` datetime NOT NULL DEFAULT CURRENT_TIMESTAMP,
  `cod_tipo_programa` char(2) DEFAULT NULL,
  PRIMARY KEY (`cod_plan`) USING BTREE,
  KEY `FK_tbl_detalle_plan_estudios_cursos` (`cod_curso`),
  KEY `FK_tbl_detalle_plan_estudios_2` (`cod_plan_estudios`),
  KEY `FK_tbl_detalle_plan_estudios_cursos_1` (`cod_curso`,`cod_tipo_programa`),
  CONSTRAINT `FK_tbl_detalle_plan_estudios_2` FOREIGN KEY (`cod_plan_estudios`) REFERENCES `tbl_plan_estudios` (`cod_plan_estudios`),
  CONSTRAINT `FK_tbl_detalle_plan_estudios_cursos_1` FOREIGN KEY (`cod_curso`, `cod_tipo_programa`) REFERENCES `tbl_cursos` (`cod_curso`, `cod_tipo_postg`)
) ENGINE=InnoDB AUTO_INCREMENT=1619 DEFAULT CHARSET=latin1;
/*!40101 SET character_set_client = @saved_cs_client */;

--
-- Dumping data for table `tbl_detalle_plan_estudios`
--

LOCK TABLES `tbl_detalle_plan_estudios` WRITE;
/*!40000 ALTER TABLE `tbl_detalle_plan_estudios` DISABLE KEYS */;
INSERT INTO `tbl_detalle_plan_estudios` VALUES (232,'ME1329','O',0,0,1,'1','190A5',1,2,'0000-00-00 00:00:00','02'),(233,'ME1330','O',0,0,2,'1','190A5',1,2,'0000-00-00 00:00:00','02'),(234,'ME1436','O',0,0,1,'1','190A5',2,2,'0000-00-00 00:00:00','02'),(235,'ME1437','O',0,0,1,'1','190A5',1,2,'0000-00-00 00:00:00','02'),(236,'ME1438','O',0,0,1,'1','190A5',1,2,'0000-00-00 00:00:00','02'),(237,'ME1439','O',0,0,2,'1','190A5',1,2,'0000-00-00 00:00:00','02'),(238,'ME1440','O',0,0,2,'1','190A5',1,2,'0000-00-00 00:00:00','02'),(239,'ME1441','O',0,0,2,'1','190A5',1,2,'0000-00-00 00:00:00','02'),(240,'ME2005','O',0,0,4,'1','190A5',6,4,'0000-00-00 00:00:00','02'),(241,'ME2006','O',0,0,4,'1','190A5',1,2,'0000-00-00 00:00:00','02'),(242,'ME2307','O',0,0,3,'1','190A5',1,2,'0000-00-00 00:00:00','02'),(243,'ME2432','O',0,0,3,'1','190A5',1,2,'0000-00-00 00:00:00','02'),(244,'ME2433','O',0,0,3,'1','190A5',1,2,'0000-00-00 00:00:00','02'),(245,'ME2434','O',0,0,3,'1','190A5',1,2,'0000-00-00 00:00:00','02'),(246,'CF1400','O',0,0,2,'1','230B6',2,2,'0000-00-00 00:00:00','02'),(247,'CF1404','O',0,0,2,'1','230B6',2,2,'0000-00-00 00:00:00','02'),(248,'CF1405','O',0,0,1,'1','230B6',2,2,'0000-00-00 00:00:00','02'),(249,'CF1408','O',0,0,2,'1','230B6',2,2,'0000-00-00 00:00:00','02'),(250,'CF1410','O',0,0,1,'1','230B6',2,2,'0000-00-00 00:00:00','02'),(251,'CF1412','O',0,0,3,'1','230B6',2,2,'0000-00-00 00:00:00','02'),(252,'CF1420','O',0,0,2,'1','230B6',2,2,'0000-00-00 00:00:00','02'),(253,'CF1428','O',0,0,1,'1','230B6',2,2,'0000-00-00 00:00:00','02'),(254,'CF1444','O',0,0,1,'1','230B6',2,2,'0000-00-00 00:00:00','02'),(255,'CF2400','O',0,0,3,'1','230B6',2,2,'0000-00-00 00:00:00','02'),(256,'CF2405','O',0,0,3,'1','230B6',2,2,'0000-00-00 00:00:00','02'),(257,'CF2411','O',0,0,4,'1','230B6',2,2,'0000-00-00 00:00:00','02'),(258,'CF2415','O',0,0,4,'1','230B6',2,2,'0000-00-00 00:00:00','02'),(259,'CF2428','O',0,0,3,'1','230B6',2,2,'0000-00-00 00:00:00','02'),(260,'CF2429','O',0,0,4,'1','230B6',2,2,'0000-00-00 00:00:00','02'),(261,'CF2431','O',0,0,4,'1','230B6',2,2,'0000-00-00 00:00:00','02'),(262,'CF1302','O',0,0,2,'1','231B1',2,2,'0000-00-00 00:00:00','02'),(263,'CF1314','O',0,0,1,'1','231B1',2,2,'0000-00-00 00:00:00','02'),(264,'CF1400','O',0,0,2,'1','231B1',2,2,'0000-00-00 00:00:00','02'),(265,'CF1405','O',0,0,1,'1','231B1',2,2,'0000-00-00 00:00:00','02'),(266,'CF1408','O',0,0,2,'1','231B1',2,2,'0000-00-00 00:00:00','02'),(267,'CF1410','O',0,0,1,'1','231B1',2,2,'0000-00-00 00:00:00','02'),(268,'CF1420','O',0,0,2,'1','231B1',2,2,'0000-00-00 00:00:00','02'),(269,'CF2312','O',0,0,4,'1','231B1',3,2,'0000-00-00 00:00:00','02'),(270,'CF2316','O',0,0,3,'1','231B1',2,2,'0000-00-00 00:00:00','02'),(271,'CF2401','O',0,0,3,'1','231B1',2,2,'0000-00-00 00:00:00','02'),(272,'CF2420','O',0,0,1,'1','231B1',2,2,'0000-00-00 00:00:00','02'),(273,'CF2425','O',0,0,4,'1','231B1',2,2,'0000-00-00 00:00:00','02'),(274,'CF2426','O',0,0,3,'1','231B1',2,2,'0000-00-00 00:00:00','02'),(275,'CF2428','O',0,0,3,'1','231B1',2,2,'0000-00-00 00:00:00','02'),(276,'CF2430','O',0,0,4,'1','231B1',2,2,'0000-00-00 00:00:00','02'),(277,'CF2431','O',0,0,4,'1','231B1',2,2,'0000-00-00 00:00:00','02'),(278,'CF1400','O',0,0,2,'1','231B3',2,2,'0000-00-00 00:00:00','02'),(279,'CF1404','O',0,0,2,'1','231B3',2,2,'0000-00-00 00:00:00','02'),(280,'CF1405','O',0,0,1,'1','231B3',2,2,'0000-00-00 00:00:00','02'),(281,'CF1408','O',0,0,2,'1','231B3',2,2,'0000-00-00 00:00:00','02'),(282,'CF1410','O',0,0,1,'1','231B3',2,2,'0000-00-00 00:00:00','02'),(283,'CF1420','O',0,0,2,'1','231B3',2,2,'0000-00-00 00:00:00','02'),(284,'CF1428','O',0,0,1,'1','231B3',2,2,'0000-00-00 00:00:00','02'),(285,'CF1444','O',0,0,1,'1','231B3',2,2,'0000-00-00 00:00:00','02'),(286,'CF2401','O',0,0,3,'1','231B3',2,2,'0000-00-00 00:00:00','02'),(287,'CF2407','O',0,0,3,'1','231B3',2,2,'0000-00-00 00:00:00','02'),(288,'CF2425','O',0,0,4,'1','231B3',2,2,'0000-00-00 00:00:00','02'),(289,'CF2426','O',0,0,3,'1','231B3',2,2,'0000-00-00 00:00:00','02'),(290,'CF2428','O',0,0,3,'1','231B3',2,2,'0000-00-00 00:00:00','02'),(291,'CF2430','O',0,0,4,'1','231B3',2,2,'0000-00-00 00:00:00','02'),(292,'CF2431','O',0,0,4,'1','231B3',2,2,'0000-00-00 00:00:00','02'),(293,'CF4401','O',0,0,4,'1','231B3',2,2,'0000-00-00 00:00:00','02'),(294,'CF1432','O',0,0,1,'1','232B2',2,2,'0000-00-00 00:00:00','02'),(295,'CF1433','O',0,0,1,'1','232B2',2,2,'0000-00-00 00:00:00','02'),(296,'CF1434','O',0,0,1,'1','232B2',2,2,'0000-00-00 00:00:00','02'),(297,'CF1435','O',0,0,2,'1','232B2',2,2,'0000-00-00 00:00:00','02'),(298,'CF1436','O',0,0,2,'1','232B2',2,2,'0000-00-00 00:00:00','02'),(299,'CF1437','O',0,0,2,'1','232B2',2,2,'0000-00-00 00:00:00','02'),(300,'CF1445','O',0,0,1,'1','232B2',2,2,'0000-00-00 00:00:00','02'),(301,'CF2439','O',0,0,3,'1','232B2',2,2,'0000-00-00 00:00:00','02'),(302,'CF2440','O',0,0,3,'1','232B2',2,2,'0000-00-00 00:00:00','02'),(303,'CF2441','O',0,0,3,'1','232B2',2,2,'0000-00-00 00:00:00','02'),(304,'CF2442','O',0,0,4,'1','232B2',2,2,'0000-00-00 00:00:00','02'),(305,'CF2443','O',0,0,4,'1','232B2',2,2,'0000-00-00 00:00:00','02'),(306,'CF2444','O',0,0,4,'1','232B2',2,2,'0000-00-00 00:00:00','02'),(307,'CF2451','O',0,0,2,'1','232B2',2,2,'0000-00-00 00:00:00','02'),(308,'CF3404','O',0,0,3,'1','232B2',2,2,'0000-00-00 00:00:00','02'),(309,'CF4402','O',0,0,4,'1','232B2',2,2,'0000-00-00 00:00:00','02'),(310,'CF1438','O',0,0,1,'1','233A1',2,2,'0000-00-00 00:00:00','02'),(311,'CF1439','O',0,0,1,'1','233A1',2,2,'0000-00-00 00:00:00','02'),(312,'CF1440','O',0,0,1,'1','233A1',2,2,'0000-00-00 00:00:00','02'),(313,'CF1441','O',0,0,2,'1','233A1',2,2,'0000-00-00 00:00:00','02'),(314,'CF1442','O',0,0,2,'1','233A1',2,2,'0000-00-00 00:00:00','02'),(315,'CF1443','O',0,0,2,'1','233A1',2,2,'0000-00-00 00:00:00','02'),(316,'CF2445','O',0,0,3,'1','233A1',2,2,'0000-00-00 00:00:00','02'),(317,'CF2446','O',0,0,3,'1','233A1',2,2,'0000-00-00 00:00:00','02'),(318,'CF2447','O',0,0,3,'1','233A1',2,2,'0000-00-00 00:00:00','02'),(319,'CF2448','O',0,0,4,'1','233A1',2,2,'0000-00-00 00:00:00','02'),(320,'CF2449','O',0,0,4,'1','233A1',2,2,'0000-00-00 00:00:00','02'),(321,'CF2450','O',0,0,4,'1','233A1',2,2,'0000-00-00 00:00:00','02'),(322,'PI1400','O',0,0,1,'1','241B1',2,2,'0000-00-00 00:00:00','02'),(323,'PI1401','O',0,0,1,'1','241B1',2,2,'0000-00-00 00:00:00','02'),(324,'PI1402','O',0,0,1,'1','241B1',2,2,'0000-00-00 00:00:00','02'),(325,'PI1403','O',0,0,1,'1','241B1',2,2,'0000-00-00 00:00:00','02'),(326,'PI2400','O',0,0,2,'1','241B1',2,2,'0000-00-00 00:00:00','02'),(327,'PI2401','O',0,0,2,'1','241B1',2,2,'0000-00-00 00:00:00','02'),(328,'PI2500','O',0,0,2,'1','241B1',2,2,'0000-00-00 00:00:00','02'),(329,'PI2501','O',0,0,2,'1','241B1',2,2,'0000-00-00 00:00:00','02'),(330,'PP6500','O',0,0,3,'1','241B1',2,2,'0000-00-00 00:00:00','02'),(331,'PP6505','O',0,0,3,'1','241B1',2,2,'0000-00-00 00:00:00','02'),(332,'PP6510','O',0,0,3,'1','241B1',2,2,'0000-00-00 00:00:00','02'),(333,'TP6410','O',0,0,3,'1','241B1',2,2,'0000-00-00 00:00:00','02'),(334,'TP7410','O',0,0,4,'1','241B1',2,2,'0000-00-00 00:00:00','02'),(335,'CF1410','O',0,0,1,'1','241B2',2,2,'0000-00-00 00:00:00','02'),(336,'EC6400','O',0,0,1,'1','241B2',2,2,'0000-00-00 00:00:00','02'),(337,'PI2400','O',0,0,2,'1','241B2',2,2,'0000-00-00 00:00:00','02'),(338,'PI2401','O',0,0,2,'1','241B2',2,2,'0000-00-00 00:00:00','02'),(339,'PI2402','O',0,0,4,'1','241B2',2,2,'0000-00-00 00:00:00','02'),(340,'PI2500','O',0,0,2,'1','241B2',2,2,'0000-00-00 00:00:00','02'),(341,'PP6500','O',0,0,3,'1','241B2',2,2,'0000-00-00 00:00:00','02'),(342,'PP6505','O',0,0,3,'1','241B2',2,2,'0000-00-00 00:00:00','02'),(343,'PP6510','O',0,0,3,'1','241B2',3,3,'0000-00-00 00:00:00','02'),(344,'TP6410','O',0,0,3,'1','241B2',3,3,'0000-00-00 00:00:00','02'),(345,'TP6415','O',0,0,1,'1','241B2',2,2,'0000-00-00 00:00:00','02'),(346,'TP6420','O',0,0,1,'1','241B2',2,2,'0000-00-00 00:00:00','02'),(347,'TP7410','O',0,0,4,'1','241B2',3,3,'0000-00-00 00:00:00','02'),(348,'EA2401','O',0,0,2,'1','241B3',2,2,'0000-00-00 00:00:00','02'),(349,'EC6400','O',0,0,1,'1','241B3',2,2,'0000-00-00 00:00:00','02'),(350,'PI2402','O',0,0,4,'1','241B3',2,2,'0000-00-00 00:00:00','02'),(351,'PP1401','O',0,0,2,'1','241B3',2,2,'0000-00-00 00:00:00','02'),(352,'PP1403','O',0,0,2,'1','241B3',2,2,'0000-00-00 00:00:00','02'),(353,'PP2301','O',0,0,2,'1','241B3',2,2,'0000-00-00 00:00:00','02'),(354,'PP2302','O',0,0,3,'1','241B3',2,1,'0000-00-00 00:00:00','02'),(355,'PP2401','O',0,0,2,'1','241B3',2,2,'0000-00-00 00:00:00','02'),(356,'PP2402','O',0,0,3,'1','241B3',2,2,'0000-00-00 00:00:00','02'),(357,'PP2426','O',0,0,3,'1','241B3',1,2,'0000-00-00 00:00:00','02'),(358,'PP2427','O',0,0,3,'1','241B3',1,2,'0000-00-00 00:00:00','02'),(359,'TP1308','O',0,0,1,'1','241B3',2,2,'0000-00-00 00:00:00','02'),(360,'TP1402','O',0,0,3,'1','241B3',1,2,'0000-00-00 00:00:00','02'),(361,'TP2309','O',0,0,4,'1','241B3',2,2,'0000-00-00 00:00:00','02'),(362,'TP6410','O',0,0,4,'1','241B3',2,2,'0000-00-00 00:00:00','02'),(363,'TP6415','O',0,0,1,'1','241B3',2,2,'0000-00-00 00:00:00','02'),(364,'TP6420','O',0,0,1,'1','241B3',2,2,'0000-00-00 00:00:00','02'),(365,'EA1301','O',0,0,2,'1','241B4',2,1,'0000-00-00 00:00:00','02'),(366,'EC1301','O',0,0,1,'1','241B4',2,1,'0000-00-00 00:00:00','02'),(367,'PI2301','O',0,0,4,'1','241B4',2,1,'0000-00-00 00:00:00','02'),(368,'PP1301','O',0,0,2,'1','241B4',2,1,'0000-00-00 00:00:00','02'),(369,'PP1302','O',0,0,2,'1','241B4',2,1,'0000-00-00 00:00:00','02'),(370,'PP1303','O',0,0,2,'1','241B4',2,1,'0000-00-00 00:00:00','02'),(371,'PP2301','O',0,0,2,'1','241B4',2,1,'0000-00-00 00:00:00','02'),(372,'PP2302','O',0,0,3,'1','241B4',2,1,'0000-00-00 00:00:00','02'),(373,'PP2303','O',0,0,3,'1','241B4',2,1,'0000-00-00 00:00:00','02'),(374,'PP2304','O',0,0,3,'1','241B4',2,1,'0000-00-00 00:00:00','02'),(375,'TP1308','O',0,0,1,'1','241B4',2,1,'0000-00-00 00:00:00','02'),(376,'TP1309','O',0,0,1,'1','241B4',2,1,'0000-00-00 00:00:00','02'),(377,'TP1310','O',0,0,1,'1','241B4',2,1,'0000-00-00 00:00:00','02'),(378,'TP2204','O',0,0,3,'1','241B4',2,0,'0000-00-00 00:00:00','02'),(379,'TP2315','O',0,0,4,'1','241B4',2,1,'0000-00-00 00:00:00','02'),(380,'TP2316','O',0,0,4,'1','241B4',2,1,'0000-00-00 00:00:00','02'),(381,'TP2317','E',0,0,4,'1','241B4',2,1,'0000-00-00 00:00:00','02'),(382,'TP2318','E',0,0,4,'1','241B4',2,1,'0000-00-00 00:00:00','02'),(383,'TP2319','E',0,0,4,'1','241B4',2,1,'0000-00-00 00:00:00','02'),(384,'TP2320','E',0,0,4,'1','241B4',2,1,'0000-00-00 00:00:00','02'),(385,'EA2401','O',0,0,2,'1','241B5',2,2,'0000-00-00 00:00:00','02'),(386,'EC6400','O',0,0,1,'1','241B5',2,2,'0000-00-00 00:00:00','02'),(387,'ME2316','E',0,0,4,'1','241B5',2,1,'0000-00-00 00:00:00','02'),(388,'PI2402','O',0,0,4,'1','241B5',2,2,'0000-00-00 00:00:00','02'),(389,'PP1401','O',0,0,2,'1','241B5',2,2,'0000-00-00 00:00:00','02'),(390,'PP1403','O',0,0,2,'1','241B5',2,2,'0000-00-00 00:00:00','02'),(391,'PP2301','O',0,0,2,'1','241B5',2,1,'0000-00-00 00:00:00','02'),(392,'PP2302','O',0,0,3,'1','241B5',2,1,'0000-00-00 00:00:00','02'),(393,'PP2401','O',0,0,2,'1','241B5',2,2,'0000-00-00 00:00:00','02'),(394,'PP2426','O',0,0,3,'1','241B5',2,2,'0000-00-00 00:00:00','02'),(395,'PP2427','O',0,0,3,'1','241B5',2,2,'0000-00-00 00:00:00','02'),(396,'TP1308','O',0,0,1,'1','241B5',2,1,'0000-00-00 00:00:00','02'),(397,'TP1402','O',0,0,3,'1','241B5',2,2,'0000-00-00 00:00:00','02'),(398,'TP4301','E',0,0,4,'1','241B5',2,1,'0000-00-00 00:00:00','02'),(399,'TP4302','E',0,0,4,'1','241B5',2,1,'0000-00-00 00:00:00','02'),(400,'TP4303','E',0,0,4,'1','241B5',2,1,'0000-00-00 00:00:00','02'),(401,'TP6410','O',0,0,4,'1','241B5',2,2,'0000-00-00 00:00:00','02'),(402,'TP6415','O',0,0,1,'1','241B5',2,2,'0000-00-00 00:00:00','02'),(403,'TP6420','O',0,0,1,'1','241B5',2,2,'0000-00-00 00:00:00','02'),(404,'TP7410','O',0,0,4,'1','241B5',2,2,'0000-00-00 00:00:00','02'),(405,'CA1303','O',0,0,1,'1','242B2',2,1,'0000-00-00 00:00:00','02'),(406,'CA1304','O',0,0,2,'1','242B2',2,1,'0000-00-00 00:00:00','02'),(407,'CA2301','O',0,0,3,'1','242B2',2,1,'0000-00-00 00:00:00','02'),(408,'CO1301','O',0,0,1,'1','242B2',2,1,'0000-00-00 00:00:00','02'),(409,'EA1302','O',0,0,2,'1','242B2',2,1,'0000-00-00 00:00:00','02'),(410,'EC1301','O',0,0,1,'1','242B2',2,1,'0000-00-00 00:00:00','02'),(411,'PP1301','O',0,0,3,'1','242B2',2,1,'0000-00-00 00:00:00','02'),(412,'TP1308','O',0,0,2,'1','242B2',2,1,'0000-00-00 00:00:00','02'),(413,'TP1309','O',0,0,1,'1','242B2',2,1,'0000-00-00 00:00:00','02'),(414,'TP1310','O',0,0,2,'1','242B2',2,1,'0000-00-00 00:00:00','02'),(415,'TP2315','O',0,0,3,'1','242B2',2,1,'0000-00-00 00:00:00','02'),(416,'TP2316','O',0,0,4,'1','242B2',2,1,'0000-00-00 00:00:00','02'),(417,'TP2321','O',0,0,3,'1','242B2',2,1,'0000-00-00 00:00:00','02'),(418,'TP2322','O',0,0,4,'1','242B2',2,1,'0000-00-00 00:00:00','02'),(419,'TP2323','O',0,0,4,'1','242B2',2,1,'0000-00-00 00:00:00','02'),(420,'TP2324','O',0,0,4,'1','242B2',2,1,'0000-00-00 00:00:00','02'),(421,'TP1201','O',0,0,1,'1','243A2',2,0,'0000-00-00 00:00:00','02'),(422,'TP1202','O',0,0,2,'1','243A2',2,0,'0000-00-00 00:00:00','02'),(423,'TP1203','O',0,0,2,'1','243A2',2,0,'0000-00-00 00:00:00','02'),(424,'TP1205','O',0,0,2,'1','243A2',2,0,'0000-00-00 00:00:00','02'),(425,'TP1206','O',0,0,2,'1','243A2',2,0,'0000-00-00 00:00:00','02'),(426,'TP1301','O',0,0,1,'1','243A2',2,1,'0000-00-00 00:00:00','02'),(427,'TP1302','O',0,0,2,'1','243A2',2,1,'0000-00-00 00:00:00','02'),(428,'TP1305','O',0,0,1,'1','243A2',2,1,'0000-00-00 00:00:00','02'),(429,'TP1306','O',0,0,1,'1','243A2',2,1,'0000-00-00 00:00:00','02'),(430,'TP1307','O',0,0,1,'1','243A2',2,1,'0000-00-00 00:00:00','02'),(431,'TP2201','O',0,0,3,'1','243A2',2,0,'0000-00-00 00:00:00','02'),(432,'TP2202','O',0,0,4,'1','243A2',2,0,'0000-00-00 00:00:00','02'),(433,'TP2203','O',0,0,4,'1','243A2',2,0,'0000-00-00 00:00:00','02'),(434,'TP2205','O',0,0,3,'1','243A2',2,0,'0000-00-00 00:00:00','02'),(435,'TP2206','O',0,0,3,'1','243A2',2,0,'0000-00-00 00:00:00','02'),(436,'TP2207','O',0,0,3,'1','243A2',2,0,'0000-00-00 00:00:00','02'),(437,'TP2208','O',0,0,4,'1','243A2',2,0,'0000-00-00 00:00:00','02'),(438,'TP2209','O',0,0,4,'1','243A2',2,0,'0000-00-00 00:00:00','02'),(439,'TP2210','O',0,0,4,'1','243A2',2,0,'0000-00-00 00:00:00','02'),(440,'TP2301','O',0,0,3,'1','243A2',2,1,'0000-00-00 00:00:00','02'),(441,'RN1301','O',0,0,1,'1','244A1',2,1,'0000-00-00 00:00:00','02'),(442,'RN1302','O',0,0,1,'1','244A1',2,1,'0000-00-00 00:00:00','02'),(443,'RN1303','O',0,0,1,'1','244A1',2,1,'0000-00-00 00:00:00','02'),(444,'RN1304','O',0,0,1,'1','244A1',2,1,'0000-00-00 00:00:00','02'),(445,'RN1305','O',0,0,2,'1','244A1',2,1,'0000-00-00 00:00:00','02'),(446,'RN1306','O',0,0,2,'1','244A1',2,1,'0000-00-00 00:00:00','02'),(447,'RN1307','O',0,0,2,'1','244A1',2,1,'0000-00-00 00:00:00','02'),(448,'RN1308','O',0,0,2,'1','244A1',2,1,'0000-00-00 00:00:00','02'),(449,'RN2301','O',0,0,3,'1','244A1',2,1,'0000-00-00 00:00:00','02'),(450,'RN2302','O',0,0,3,'1','244A1',2,1,'0000-00-00 00:00:00','02'),(451,'RN2303','O',0,0,3,'1','244A1',2,1,'0000-00-00 00:00:00','02'),(452,'RN2304','O',0,0,3,'1','244A1',2,1,'0000-00-00 00:00:00','02'),(453,'RN2305','O',0,0,4,'1','244A1',2,1,'0000-00-00 00:00:00','02'),(454,'RN2306','O',0,0,4,'1','244A1',2,1,'0000-00-00 00:00:00','02'),(455,'RN2307','O',0,0,4,'1','244A1',2,1,'0000-00-00 00:00:00','02'),(456,'LE1301','O',0,0,1,'1','245A1',2,1,'0000-00-00 00:00:00','02'),(457,'LE1302','O',0,0,1,'1','245A1',2,1,'0000-00-00 00:00:00','02'),(458,'LE1303','O',0,0,1,'1','245A1',2,1,'0000-00-00 00:00:00','02'),(459,'LE1304','O',0,0,1,'1','245A1',2,1,'0000-00-00 00:00:00','02'),(460,'LE1305','O',0,0,2,'1','245A1',2,1,'0000-00-00 00:00:00','02'),(461,'LE1306','O',0,0,2,'1','245A1',2,1,'0000-00-00 00:00:00','02'),(462,'LE1307','O',0,0,2,'1','245A1',2,1,'0000-00-00 00:00:00','02'),(463,'LE1308','O',0,0,2,'1','245A1',2,1,'0000-00-00 00:00:00','02'),(464,'LE2301','O',0,0,3,'1','245A1',2,1,'0000-00-00 00:00:00','02'),(465,'LE2302','O',0,0,3,'1','245A1',2,1,'0000-00-00 00:00:00','02'),(466,'LE2303','O',0,0,3,'1','245A1',2,1,'0000-00-00 00:00:00','02'),(467,'LE2304','O',0,0,3,'1','245A1',2,1,'0000-00-00 00:00:00','02'),(468,'LE2305','O',0,0,4,'1','245A1',2,1,'0000-00-00 00:00:00','02'),(469,'LE2306','O',0,0,4,'1','245A1',2,1,'0000-00-00 00:00:00','02'),(470,'LE2307','O',0,0,4,'1','245A1',2,1,'0000-00-00 00:00:00','02'),(471,'LE2308','O',0,0,4,'1','245A1',2,1,'0000-00-00 00:00:00','02'),(472,'SI1300','O',0,0,1,'1','250B3',3,4,'0000-00-00 00:00:00','02'),(473,'SI1305','O',0,0,2,'1','250B3',3,4,'0000-00-00 00:00:00','02'),(474,'SI1400','O',0,0,1,'1','250B3',3,4,'0000-00-00 00:00:00','02'),(475,'SI1405','O',0,0,2,'1','250B3',3,3,'0000-00-00 00:00:00','02'),(476,'SI1416','O',0,0,1,'1','250B3',4,2,'0000-00-00 00:00:00','02'),(477,'SI1417','O',0,0,1,'1','250B3',4,4,'0000-00-00 00:00:00','02'),(478,'SI1419','O',0,0,2,'1','250B3',4,1,'0000-00-00 00:00:00','02'),(479,'SI1421','O',0,0,2,'1','250B3',2,2,'0000-00-00 00:00:00','02'),(480,'SI2300','E',0,0,3,'1','250B3',3,4,'0000-00-00 00:00:00','02'),(481,'SI2305','E',0,0,4,'1','250B3',3,4,'0000-00-00 00:00:00','02'),(482,'SI2400','O',0,0,3,'1','250B3',3,4,'0000-00-00 00:00:00','02'),(483,'SI2405','O',0,0,4,'1','250B3',3,4,'0000-00-00 00:00:00','02'),(484,'SI2410','E',0,0,4,'1','250B3',3,4,'0000-00-00 00:00:00','02'),(485,'SI2415','O',0,0,4,'1','250B3',3,4,'0000-00-00 00:00:00','02'),(486,'SI2421','O',0,0,3,'1','250B3',2,2,'0000-00-00 00:00:00','02'),(487,'SI2422','O',0,0,3,'1','250B3',2,2,'0000-00-00 00:00:00','02'),(488,'SI1307','O',0,0,1,'1','250B4',2,2,'0000-00-00 00:00:00','02'),(489,'SI1462','O',0,0,1,'1','250B4',2,2,'0000-00-00 00:00:00','02'),(490,'SI1463','O',0,0,1,'1','250B4',2,2,'0000-00-00 00:00:00','02'),(491,'SI1464','O',0,0,2,'1','250B4',2,2,'0000-00-00 00:00:00','02'),(492,'SI1465','O',0,0,2,'1','250B4',2,2,'0000-00-00 00:00:00','02'),(493,'SI1466','O',0,0,2,'1','250B4',2,2,'0000-00-00 00:00:00','02'),(494,'SI1467','O',0,0,2,'1','250B4',2,2,'0000-00-00 00:00:00','02'),(495,'SI1505','O',0,0,1,'1','250B4',2,2,'0000-00-00 00:00:00','02'),(496,'SI2423','O',0,0,3,'1','250B4',2,2,'0000-00-00 00:00:00','02'),(497,'SI2424','O',0,0,3,'1','250B4',2,2,'0000-00-00 00:00:00','02'),(498,'SI2425','O',0,0,3,'1','250B4',2,2,'0000-00-00 00:00:00','02'),(499,'SI2426','O',0,0,3,'1','250B4',2,2,'0000-00-00 00:00:00','02'),(500,'SI2427','O',0,0,4,'1','250B4',2,2,'0000-00-00 00:00:00','02'),(501,'SI2428','O',0,0,4,'1','250B4',2,2,'0000-00-00 00:00:00','02'),(502,'SI2429','O',0,0,4,'1','250B4',2,2,'0000-00-00 00:00:00','02'),(503,'SI2430','O',0,0,4,'1','250B4',2,2,'0000-00-00 00:00:00','02'),(504,'CF1302','O',0,0,2,'1','230B4',2,2,'0000-00-00 00:00:00','02'),(505,'CF1310','O',0,0,1,'1','230B4',2,2,'0000-00-00 00:00:00','02'),(506,'CF1400','O',0,0,2,'1','230B4',2,2,'0000-00-00 00:00:00','02'),(507,'CF1405','O',0,0,1,'1','230B4',2,2,'0000-00-00 00:00:00','02'),(508,'CF1408','O',0,0,2,'1','230B4',2,2,'0000-00-00 00:00:00','02'),(509,'CF1410','O',0,0,1,'1','230B4',2,2,'0000-00-00 00:00:00','02'),(510,'CF1412','O',0,0,3,'1','230B4',2,2,'0000-00-00 00:00:00','02'),(511,'CF1420','O',0,0,2,'1','230B4',2,2,'0000-00-00 00:00:00','02'),(512,'CF2317','O',0,0,3,'1','230B4',2,2,'0000-00-00 00:00:00','02'),(513,'CF2318','O',0,0,4,'1','230B4',2,2,'0000-00-00 00:00:00','02'),(514,'CF2405','O',0,0,3,'1','230B4',2,2,'0000-00-00 00:00:00','02'),(515,'CF2411','O',0,0,4,'1','230B4',2,2,'0000-00-00 00:00:00','02'),(516,'CF2420','O',0,0,1,'1','230B4',2,2,'0000-00-00 00:00:00','02'),(517,'CF2427','O',0,0,4,'1','230B4',2,2,'0000-00-00 00:00:00','02'),(518,'CF2428','O',0,0,3,'1','230B4',2,2,'0000-00-00 00:00:00','02'),(519,'CF2429','O',0,0,4,'1','230B4',2,2,'0000-00-00 00:00:00','02'),(520,'DE1417','O',0,0,1,'1','221A5',2,2,'0000-00-00 00:00:00','02'),(521,'DE2414','O',0,0,4,'1','221A5',2,2,'0000-00-00 00:00:00','02'),(522,'GE2402','O',0,0,3,'1','221A5',2,2,'0000-00-00 00:00:00','02'),(523,'II1420','O',0,0,1,'1','221A5',2,2,'0000-00-00 00:00:00','02'),(524,'ME1414','O',0,0,2,'1','221A5',2,2,'0000-00-00 00:00:00','02'),(525,'MI1416','O',0,0,1,'1','221A5',2,2,'0000-00-00 00:00:00','02'),(526,'MI1417','O',0,0,1,'1','221A5',2,2,'0000-00-00 00:00:00','02'),(527,'MI1419','O',0,0,2,'1','221A5',2,2,'0000-00-00 00:00:00','02'),(528,'MI1420','O',0,0,2,'1','221A5',2,2,'0000-00-00 00:00:00','02'),(529,'MI1421','O',0,0,4,'1','221A5',2,2,'0000-00-00 00:00:00','02'),(530,'MI2401','O',0,0,3,'1','221A5',2,2,'0000-00-00 00:00:00','02'),(531,'MI2402','O',0,0,3,'1','221A5',2,2,'0000-00-00 00:00:00','02'),(532,'MI2403','O',0,0,3,'1','221A5',2,2,'0000-00-00 00:00:00','02'),(533,'MI2404','O',0,0,4,'1','221A5',2,2,'0000-00-00 00:00:00','02'),(534,'MI2406','O',0,0,4,'1','221A5',2,2,'0000-00-00 00:00:00','02'),(535,'QU1304','O',0,0,2,'1','221A5',2,1,'0000-00-00 00:00:00','02'),(536,'QU1305','O',0,0,2,'1','221A5',2,1,'0000-00-00 00:00:00','02'),(537,'DE1439','O',0,0,1,'1','221A2',2,2,'0000-00-00 00:00:00','02'),(538,'DE2414','O',0,0,4,'1','221A2',2,2,'0000-00-00 00:00:00','02'),(539,'GE2402','O',0,0,3,'1','221A2',2,2,'0000-00-00 00:00:00','02'),(540,'II1420','O',0,0,1,'1','221A2',2,2,'0000-00-00 00:00:00','02'),(541,'ME1414','O',0,0,2,'1','221A2',2,2,'0000-00-00 00:00:00','02'),(542,'MI1416','O',0,0,1,'1','221A2',2,2,'0000-00-00 00:00:00','02'),(543,'MI1417','O',0,0,1,'1','221A2',2,2,'0000-00-00 00:00:00','02'),(544,'MI1419','O',0,0,2,'1','221A2',2,2,'0000-00-00 00:00:00','02'),(545,'MI1421','O',0,0,4,'1','221A2',2,2,'0000-00-00 00:00:00','02'),(546,'MI2401','O',0,0,3,'1','221A2',2,2,'0000-00-00 00:00:00','02'),(547,'MI2402','O',0,0,3,'1','221A2',2,2,'0000-00-00 00:00:00','02'),(548,'MI2404','O',0,0,4,'1','221A2',2,2,'0000-00-00 00:00:00','02'),(549,'MI2406','O',0,0,4,'1','221A2',2,2,'0000-00-00 00:00:00','02'),(550,'MI2412','O',0,0,2,'1','221A2',2,2,'0000-00-00 00:00:00','02'),(551,'MI3401','O',0,0,3,'1','221A2',2,2,'0000-00-00 00:00:00','02'),(552,'QU2301','O',0,0,2,'1','221A2',2,1,'0000-00-00 00:00:00','02'),(553,'QU2302','O',0,0,2,'1','221A2',12,1,'0000-00-00 00:00:00','02'),(554,'DE1417','O',0,0,1,'1','221A1',2,1,'0000-00-00 00:00:00','02'),(555,'DE2414','O',0,0,4,'1','221A1',2,1,'0000-00-00 00:00:00','02'),(556,'GE2402','O',0,0,3,'1','221A1',2,1,'0000-00-00 00:00:00','02'),(557,'II1420','O',0,0,1,'1','221A1',2,1,'0000-00-00 00:00:00','02'),(558,'ME1414','O',0,0,2,'1','221A1',2,1,'0000-00-00 00:00:00','02'),(559,'MI1416','O',0,0,1,'1','221A1',2,1,'0000-00-00 00:00:00','02'),(560,'MI1417','O',0,0,1,'1','221A1',2,1,'0000-00-00 00:00:00','02'),(561,'MI1419','O',0,0,2,'1','221A1',2,1,'0000-00-00 00:00:00','02'),(562,'MI1420','O',0,0,2,'1','221A1',2,1,'0000-00-00 00:00:00','02'),(563,'MI1421','O',0,0,4,'1','221A1',2,1,'0000-00-00 00:00:00','02'),(564,'MI2401','O',0,0,3,'1','221A1',2,1,'0000-00-00 00:00:00','02'),(565,'MI2402','O',0,0,3,'1','221A1',2,1,'0000-00-00 00:00:00','02'),(566,'MI2403','O',0,0,3,'1','221A1',2,1,'0000-00-00 00:00:00','02'),(567,'MI2404','O',0,0,4,'1','221A1',2,1,'0000-00-00 00:00:00','02'),(568,'MI2406','O',0,0,4,'1','221A1',2,1,'0000-00-00 00:00:00','02'),(569,'QU1304','O',0,0,2,'1','221A1',2,1,'0000-00-00 00:00:00','02'),(570,'QU1305','O',0,0,2,'1','221A1',2,1,'0000-00-00 00:00:00','02'),(571,'GS1401','O',0,0,1,'1','870A1',2,2,'0000-00-00 00:00:00','02'),(572,'GS1402','O',0,0,1,'1','870A1',2,2,'0000-00-00 00:00:00','02'),(573,'GS1403','O',0,0,1,'1','870A1',1,1,'0000-00-00 00:00:00','02'),(574,'GS1404','O',0,0,1,'1','870A1',1,1,'0000-00-00 00:00:00','02'),(575,'DG1311','O',0,0,1,'1','860A1',2,1,'0000-00-00 00:00:00','02'),(576,'DG1322','O',0,0,1,'1','860A1',2,1,'0000-00-00 00:00:00','02'),(577,'DG1323','O',0,0,1,'1','860A1',2,1,'0000-00-00 00:00:00','02'),(578,'DG1324','O',0,0,2,'1','860A1',2,1,'0000-00-00 00:00:00','02'),(579,'DG1325','O',0,0,2,'1','860A1',2,1,'0000-00-00 00:00:00','02'),(580,'DG1326','O',0,0,2,'1','860A1',2,1,'0000-00-00 00:00:00','02'),(581,'DG1404','O',0,0,1,'1','860A1',2,2,'0000-00-00 00:00:00','02'),(582,'DG1417','O',0,0,2,'1','860A1',2,2,'0000-00-00 00:00:00','02'),(583,'DG2315','O',0,0,3,'1','860A1',2,1,'0000-00-00 00:00:00','02'),(584,'DG2316','O',0,0,3,'1','860A1',2,1,'0000-00-00 00:00:00','02'),(585,'DG2614','O',0,0,3,'1','860A1',3,3,'0000-00-00 00:00:00','02'),(586,'DG2615','O',0,0,4,'1','860A1',3,3,'0000-00-00 00:00:00','02'),(587,'DG2616','O',0,0,4,'1','860A1',3,3,'0000-00-00 00:00:00','02'),(588,'DG1310','O',0,0,1,'1','852A2',2,1,'0000-00-00 00:00:00','02'),(589,'DG1311','O',0,0,1,'1','852A2',2,1,'0000-00-00 00:00:00','02'),(590,'DG1318','O',0,0,1,'1','852A2',2,1,'0000-00-00 00:00:00','02'),(591,'DG1319','O',0,0,2,'1','852A2',2,1,'0000-00-00 00:00:00','02'),(592,'DG1320','O',0,0,2,'1','852A2',2,1,'0000-00-00 00:00:00','02'),(593,'DG1321','O',0,0,2,'1','852A2',2,1,'0000-00-00 00:00:00','02'),(594,'DG1404','O',0,0,1,'1','852A2',2,2,'0000-00-00 00:00:00','02'),(595,'DG1417','O',0,0,2,'1','852A2',2,2,'0000-00-00 00:00:00','02'),(596,'DG2313','O',0,0,3,'1','852A2',2,1,'0000-00-00 00:00:00','02'),(597,'DG2314','O',0,0,3,'1','852A2',2,1,'0000-00-00 00:00:00','02'),(598,'DG2614','O',0,0,3,'1','852A2',3,3,'0000-00-00 00:00:00','02'),(599,'DG2615','O',0,0,4,'1','852A2',3,3,'0000-00-00 00:00:00','02'),(600,'DG2616','O',0,0,4,'1','852A2',3,3,'0000-00-00 00:00:00','02'),(601,'DG1409','O',0,0,1,'1','852A1',2,4,'0000-00-00 00:00:00','02'),(602,'DG1410','O',0,0,1,'1','852A1',2,4,'0000-00-00 00:00:00','02'),(603,'DG1411','O',0,0,1,'1','852A1',2,4,'0000-00-00 00:00:00','02'),(604,'DG1412','O',0,0,1,'1','852A1',2,4,'0000-00-00 00:00:00','02'),(605,'DG2409','O',0,0,2,'1','852A1',2,4,'0000-00-00 00:00:00','02'),(606,'DG2410','O',0,0,2,'1','852A1',2,4,'0000-00-00 00:00:00','02'),(607,'DG2411','O',0,0,2,'1','852A1',2,4,'0000-00-00 00:00:00','02'),(608,'DG2412','O',0,0,2,'1','852A1',2,4,'0000-00-00 00:00:00','02'),(609,'DG3406','O',0,0,3,'1','852A1',2,4,'0000-00-00 00:00:00','02'),(610,'DG3407','O',0,0,3,'1','852A1',2,4,'0000-00-00 00:00:00','02'),(611,'DG3603','O',0,0,3,'1','852A1',2,4,'0000-00-00 00:00:00','02'),(612,'DG4605','O',0,0,4,'1','852A1',3,6,'0000-00-00 00:00:00','02'),(613,'DG4606','O',0,0,4,'1','852A1',3,6,'0000-00-00 00:00:00','02'),(614,'DG1309','O',0,0,1,'1','851A2',2,1,'0000-00-00 00:00:00','02'),(615,'DG1310','O',0,0,1,'1','851A2',2,1,'0000-00-00 00:00:00','02'),(616,'DG1311','O',0,0,1,'1','851A2',2,1,'0000-00-00 00:00:00','02'),(617,'DG1315','O',0,0,2,'1','851A2',2,1,'0000-00-00 00:00:00','02'),(618,'DG1316','O',0,0,2,'1','851A2',2,1,'0000-00-00 00:00:00','02'),(619,'DG1317','O',0,0,2,'1','851A2',2,1,'0000-00-00 00:00:00','02'),(620,'DG1404','O',0,0,1,'1','851A2',2,2,'0000-00-00 00:00:00','02'),(621,'DG1417','O',0,0,2,'1','851A2',2,2,'0000-00-00 00:00:00','02'),(622,'DG2311','O',0,0,3,'1','851A2',2,1,'0000-00-00 00:00:00','02'),(623,'DG2312','O',0,0,3,'1','851A2',2,1,'0000-00-00 00:00:00','02'),(624,'DG2614','O',0,0,3,'1','851A2',3,3,'0000-00-00 00:00:00','02'),(625,'DG2615','O',0,0,4,'1','851A2',3,3,'0000-00-00 00:00:00','02'),(626,'DG2616','O',0,0,4,'1','851A2',3,3,'0000-00-00 00:00:00','02'),(627,'DG1405','O',0,0,1,'1','851A1',2,4,'0000-00-00 00:00:00','02'),(628,'DG1406','O',0,0,1,'1','851A1',2,4,'0000-00-00 00:00:00','02'),(629,'DG1407','O',0,0,1,'1','851A1',2,4,'0000-00-00 00:00:00','02'),(630,'DG1408','O',0,0,1,'1','851A1',2,4,'0000-00-00 00:00:00','02'),(631,'DG2405','O',0,0,2,'1','851A1',2,4,'0000-00-00 00:00:00','02'),(632,'DG2406','O',0,0,2,'1','851A1',2,4,'0000-00-00 00:00:00','02'),(633,'DG2407','O',0,0,2,'1','851A1',2,4,'0000-00-00 00:00:00','02'),(634,'DG2408','O',0,0,2,'1','851A1',2,4,'0000-00-00 00:00:00','02'),(635,'DG3404','O',0,0,3,'1','851A1',2,4,'0000-00-00 00:00:00','02'),(636,'DG3405','O',0,0,3,'1','851A1',2,4,'0000-00-00 00:00:00','02'),(637,'DG3602','O',0,0,3,'1','851A1',3,6,'0000-00-00 00:00:00','02'),(638,'DG4603','O',0,0,4,'1','851A1',3,6,'0000-00-00 00:00:00','02'),(639,'DG4604','O',0,0,4,'1','851A1',3,6,'0000-00-00 00:00:00','02'),(640,'DG1309','O',0,0,1,'1','850A2',2,1,'0000-00-00 00:00:00','02'),(641,'DG1310','O',0,0,1,'1','850A2',2,1,'0000-00-00 00:00:00','02'),(642,'DG1311','O',0,0,1,'1','850A2',2,1,'0000-00-00 00:00:00','02'),(643,'DG1312','O',0,0,2,'1','850A2',2,1,'0000-00-00 00:00:00','02'),(644,'DG1313','O',0,0,2,'1','850A2',2,1,'0000-00-00 00:00:00','02'),(645,'DG1314','O',0,0,2,'1','850A2',2,1,'0000-00-00 00:00:00','02'),(646,'DG1404','O',0,0,1,'1','850A2',2,2,'0000-00-00 00:00:00','02'),(647,'DG1417','O',0,0,2,'1','850A2',2,2,'0000-00-00 00:00:00','02'),(648,'DG2309','O',0,0,3,'1','850A2',2,1,'0000-00-00 00:00:00','02'),(649,'DG2310','O',0,0,3,'1','850A2',2,1,'0000-00-00 00:00:00','02'),(650,'DG2614','O',0,0,3,'1','850A2',3,3,'0000-00-00 00:00:00','02'),(651,'DG2615','O',0,0,4,'1','850A2',3,3,'0000-00-00 00:00:00','02'),(652,'DG2616','O',0,0,4,'1','850A2',3,3,'0000-00-00 00:00:00','02'),(653,'DG1401','O',0,0,1,'1','850A1',2,4,'0000-00-00 00:00:00','02'),(654,'DG1402','O',0,0,1,'1','850A1',2,4,'0000-00-00 00:00:00','02'),(655,'DG1403','O',0,0,1,'1','850A1',2,4,'0000-00-00 00:00:00','02'),(656,'DG1404','O',0,0,1,'1','850A1',2,4,'0000-00-00 00:00:00','02'),(657,'DG2401','O',0,0,2,'1','850A1',2,4,'0000-00-00 00:00:00','02'),(658,'DG2402','O',0,0,2,'1','850A1',2,4,'0000-00-00 00:00:00','02'),(659,'DG2403','O',0,0,2,'1','850A1',2,4,'0000-00-00 00:00:00','02'),(660,'DG2404','O',0,0,2,'1','850A1',2,4,'0000-00-00 00:00:00','02'),(661,'DG3402','O',0,0,3,'1','850A1',2,4,'0000-00-00 00:00:00','02'),(662,'DG3403','O',0,0,3,'1','850A1',2,4,'0000-00-00 00:00:00','02'),(663,'DG3601','O',0,0,3,'1','850A1',3,6,'0000-00-00 00:00:00','02'),(664,'DG4601','O',0,0,4,'1','850A1',3,6,'0000-00-00 00:00:00','02'),(665,'DG4602','O',0,0,4,'1','850A1',3,6,'0000-00-00 00:00:00','02'),(666,'ME1455','O',0,0,1,'1','830A1',1,2,'0000-00-00 00:00:00','02'),(667,'ME1456','O',0,0,1,'1','830A1',1,2,'0000-00-00 00:00:00','02'),(668,'ME1457','O',0,0,1,'1','830A1',1,2,'0000-00-00 00:00:00','02'),(669,'ME1566','O',0,0,1,'1','830A1',2,3,'0000-00-00 00:00:00','02'),(670,'ME2315','O',0,0,2,'1','830A1',1,2,'0000-00-00 00:00:00','02'),(671,'ME2451','O',0,0,2,'1','830A1',1,2,'0000-00-00 00:00:00','02'),(672,'ME2452','O',0,0,2,'1','830A1',1,2,'0000-00-00 00:00:00','02'),(673,'ME2548','O',0,0,2,'1','830A1',1,2,'0000-00-00 00:00:00','02'),(674,'ME3401','O',0,0,3,'1','830A1',1,1,'0000-00-00 00:00:00','02'),(675,'ME3501','O',0,0,3,'1','830A1',1,2,'0000-00-00 00:00:00','02'),(676,'ME3502','O',0,0,3,'1','830A1',1,2,'0000-00-00 00:00:00','02'),(677,'ME3503','O',0,0,3,'1','830A1',1,2,'0000-00-00 00:00:00','02'),(678,'ME4301','O',0,0,4,'1','830A1',1,2,'0000-00-00 00:00:00','02'),(679,'ME4401','O',0,0,4,'1','830A1',1,2,'0000-00-00 00:00:00','02'),(680,'ME4402','O',0,0,4,'1','830A1',1,2,'0000-00-00 00:00:00','02'),(681,'ME4501','O',0,0,4,'1','830A1',1,2,'0000-00-00 00:00:00','02'),(682,'DE2441','O',0,0,1,'1','810A1',2,2,'0000-00-00 00:00:00','02'),(683,'DE2442','O',0,0,4,'1','810A1',2,2,'0000-00-00 00:00:00','02'),(684,'ED1424','O',0,0,2,'1','810A1',2,2,'0000-00-00 00:00:00','02'),(685,'ED2357','O',0,0,3,'1','810A1',2,1,'0000-00-00 00:00:00','02'),(686,'II1464','O',0,0,1,'1','810A1',2,2,'0000-00-00 00:00:00','02'),(687,'II1481','O',0,0,2,'1','810A1',2,2,'0000-00-00 00:00:00','02'),(688,'ME1435','O',0,0,2,'1','810A1',2,2,'0000-00-00 00:00:00','02'),(689,'ME1454','O',0,0,1,'1','810A1',2,2,'0000-00-00 00:00:00','02'),(690,'ME2306','O',0,0,4,'1','810A1',2,1,'0000-00-00 00:00:00','02'),(691,'ME2430','O',0,0,3,'1','810A1',2,2,'0000-00-00 00:00:00','02'),(692,'ME2431','O',0,0,4,'1','810A1',2,2,'0000-00-00 00:00:00','02'),(693,'ME2448','O',0,0,3,'1','810A1',2,2,'0000-00-00 00:00:00','02'),(694,'ME2449','O',0,0,3,'1','810A1',2,2,'0000-00-00 00:00:00','02'),(695,'ME2450','O',0,0,4,'1','810A1',2,2,'0000-00-00 00:00:00','02'),(696,'MI1436','O',0,0,3,'1','810A1',2,2,'0000-00-00 00:00:00','02'),(697,'MI1438','O',0,0,1,'1','810A1',2,2,'0000-00-00 00:00:00','02'),(698,'MI2411','O',0,0,2,'1','810A1',2,2,'0000-00-00 00:00:00','02'),(699,'DE1437','O',0,0,2,'1','800A1',2,2,'0000-00-00 00:00:00','02'),(700,'EA1401','O',0,0,2,'1','800A1',2,2,'0000-00-00 00:00:00','02'),(701,'ED2456','O',0,0,4,'1','800A1',2,2,'0000-00-00 00:00:00','02'),(702,'II1454','O',0,0,3,'1','800A1',2,2,'0000-00-00 00:00:00','02'),(703,'MA2432','O',0,0,4,'1','800A1',2,2,'0000-00-00 00:00:00','02'),(704,'MA2433','O',0,0,4,'1','800A1',2,2,'0000-00-00 00:00:00','02'),(705,'PE1411','O',0,0,1,'1','800A1',2,2,'0000-00-00 00:00:00','02'),(706,'PE1412','O',0,0,1,'1','800A1',2,2,'0000-00-00 00:00:00','02'),(707,'PE1413','O',0,0,1,'1','800A1',2,2,'0000-00-00 00:00:00','02'),(708,'PE1414','O',0,0,2,'1','800A1',2,2,'0000-00-00 00:00:00','02'),(709,'PE1415','O',0,0,2,'1','800A1',2,2,'0000-00-00 00:00:00','02'),(710,'PE2405','O',0,0,1,'1','800A1',2,2,'0000-00-00 00:00:00','02'),(711,'PE2406','O',0,0,3,'1','800A1',2,2,'0000-00-00 00:00:00','02'),(712,'PE2408','O',0,0,4,'1','800A1',2,2,'0000-00-00 00:00:00','02'),(713,'PE2409','O',0,0,3,'1','800A1',2,2,'0000-00-00 00:00:00','02'),(714,'PE2410','O',0,0,3,'1','800A1',2,2,'0000-00-00 00:00:00','02'),(715,'ME1458','O',0,0,1,'1','790A1',2,2,'0000-00-00 00:00:00','02'),(716,'ME1459','O',0,0,1,'1','790A1',2,2,'0000-00-00 00:00:00','02'),(717,'ME1460','O',0,0,1,'1','790A1',2,2,'0000-00-00 00:00:00','02'),(718,'ME1567','O',0,0,1,'1','790A1',2,2,'0000-00-00 00:00:00','02'),(719,'ME2453','O',0,0,2,'1','790A1',2,2,'0000-00-00 00:00:00','02'),(720,'ME2454','O',0,0,2,'1','790A1',2,2,'0000-00-00 00:00:00','02'),(721,'ME2455','O',0,0,2,'1','790A1',2,2,'0000-00-00 00:00:00','02'),(722,'ME2549','O',0,0,2,'1','790A1',2,2,'0000-00-00 00:00:00','02'),(723,'ME3402','O',0,0,3,'1','790A1',2,2,'0000-00-00 00:00:00','02'),(724,'ME3403','O',0,0,3,'1','790A1',2,2,'0000-00-00 00:00:00','02'),(725,'ME3404','O',0,0,3,'1','790A1',2,2,'0000-00-00 00:00:00','02'),(726,'ME3504','O',0,0,3,'1','790A1',2,2,'0000-00-00 00:00:00','02'),(727,'ME4403','O',0,0,4,'1','790A1',2,2,'0000-00-00 00:00:00','02'),(728,'ME4404','O',0,0,4,'1','790A1',2,2,'0000-00-00 00:00:00','02'),(729,'ME4405','O',0,0,4,'1','790A1',2,2,'0000-00-00 00:00:00','02'),(730,'ME4502','O',0,0,4,'1','790A1',2,2,'0000-00-00 00:00:00','02'),(731,'DA1401','O',0,0,1,'1','520A0',2,4,'0000-00-00 00:00:00','04'),(732,'DA1402','O',0,0,1,'1','520A0',2,4,'0000-00-00 00:00:00','04'),(733,'DA1403','O',0,0,1,'1','520A0',2,4,'0000-00-00 00:00:00','04'),(734,'DA1404','O',0,0,2,'1','520A0',2,4,'0000-00-00 00:00:00','04'),(735,'DA1405','O',0,0,2,'1','520A0',2,4,'0000-00-00 00:00:00','04'),(736,'DA1406','O',0,0,2,'1','520A0',4,1,'0000-00-00 00:00:00','04'),(737,'DA1501','O',0,0,1,'1','520A0',2,4,'0000-00-00 00:00:00','04'),(738,'DA1502','O',0,0,2,'1','520A0',2,4,'0000-00-00 00:00:00','04'),(739,'DA2401','O',0,0,3,'1','520A0',2,2,'0000-00-00 00:00:00','04'),(740,'DA2402','O',0,0,3,'1','520A0',2,2,'0000-00-00 00:00:00','04'),(741,'DA2403','O',0,0,3,'1','520A0',2,2,'0000-00-00 00:00:00','04'),(742,'DA2404','O',0,0,4,'1','520A0',2,2,'0000-00-00 00:00:00','04'),(743,'DA2405','O',0,0,4,'1','520A0',2,2,'0000-00-00 00:00:00','04'),(744,'DA2406','O',0,0,4,'1','520A0',2,2,'0000-00-00 00:00:00','04'),(745,'DA2501','O',0,0,3,'1','520A0',2,2,'0000-00-00 00:00:00','04'),(746,'DA2502','O',0,0,4,'1','520A0',2,2,'0000-00-00 00:00:00','04'),(747,'DA3001','O',0,0,6,'1','520A0',2,2,'0000-00-00 00:00:00','04'),(748,'DA3501','O',0,0,5,'1','520A0',2,2,'0000-00-00 00:00:00','04'),(749,'DA3601','O',0,0,5,'1','520A0',2,2,'0000-00-00 00:00:00','04'),(750,'DC1202','O',0,0,5,'1','510B3',1,1,'0000-00-00 00:00:00','04'),(751,'DC1306','O',0,0,1,'1','510B3',2,1,'0000-00-00 00:00:00','04'),(752,'DC1307','O',0,0,1,'1','510B3',2,1,'0000-00-00 00:00:00','04'),(753,'DC1308','O',0,0,1,'1','510B3',2,1,'0000-00-00 00:00:00','04'),(754,'DC1310','O',0,0,1,'1','510B3',2,1,'0000-00-00 00:00:00','04'),(755,'DC1311','O',0,0,2,'1','510B3',2,1,'0000-00-00 00:00:00','04'),(756,'DC1312','O',0,0,2,'1','510B3',2,1,'0000-00-00 00:00:00','04'),(757,'DC1418','O',0,0,1,'1','510B3',2,2,'0000-00-00 00:00:00','04'),(758,'DC1601','O',0,0,2,'1','510B3',3,3,'0000-00-00 00:00:00','04'),(759,'DC2201','O',0,0,2,'1','510B3',1,1,'0000-00-00 00:00:00','04'),(760,'DC2301','O',0,0,3,'1','510B3',2,1,'0000-00-00 00:00:00','04'),(761,'DC2302','O',0,0,3,'1','510B3',2,1,'0000-00-00 00:00:00','04'),(762,'DC2304','O',0,0,4,'1','510B3',2,1,'0000-00-00 00:00:00','04'),(763,'DC2305','O',0,0,5,'1','510B3',2,1,'0000-00-00 00:00:00','04'),(764,'DC2308','O',0,0,3,'1','510B3',2,1,'0000-00-00 00:00:00','04'),(765,'DC2426','O',0,0,4,'1','510B3',2,2,'0000-00-00 00:00:00','04'),(766,'DC2701','O',0,0,3,'1','510B3',2,1,'0000-00-00 00:00:00','04'),(767,'DC2801','O',0,0,4,'1','510B3',4,4,'0000-00-00 00:00:00','04'),(768,'DC3003','O',0,0,5,'1','510B3',5,5,'0000-00-00 00:00:00','04'),(769,'DC3006','O',0,0,6,'1','510B3',6,6,'0000-00-00 00:00:00','04'),(770,'DC3301','O',0,0,6,'1','510B3',2,1,'0000-00-00 00:00:00','04'),(771,'DC1306','O',0,0,1,'1','510B1',2,1,'0000-00-00 00:00:00','04'),(772,'DC1307','O',0,0,1,'1','510B1',2,1,'0000-00-00 00:00:00','04'),(773,'DC1308','O',0,0,1,'1','510B1',2,1,'0000-00-00 00:00:00','04'),(774,'DC1310','O',0,0,1,'1','510B1',2,1,'0000-00-00 00:00:00','04'),(775,'DC1311','O',0,0,2,'1','510B1',2,1,'0000-00-00 00:00:00','04'),(776,'DC1312','O',0,0,2,'1','510B1',2,1,'0000-00-00 00:00:00','04'),(777,'DC1418','O',0,0,1,'1','510B1',2,2,'0000-00-00 00:00:00','04'),(778,'DC1601','O',0,0,2,'1','510B1',3,3,'0000-00-00 00:00:00','04'),(779,'DC2201','E',0,0,2,'1','510B1',1,1,'0000-00-00 00:00:00','04'),(780,'DC2301','O',0,0,3,'1','510B1',2,1,'0000-00-00 00:00:00','04'),(781,'DC2304','O',0,0,4,'1','510B1',2,1,'0000-00-00 00:00:00','04'),(782,'DC2305','O',0,0,5,'1','510B1',2,1,'0000-00-00 00:00:00','04'),(783,'DC2308','O',0,0,3,'1','510B1',2,1,'0000-00-00 00:00:00','04'),(784,'DC2426','O',0,0,4,'1','510B1',2,2,'0000-00-00 00:00:00','04'),(785,'DC2701','O',0,0,3,'1','510B1',5,2,'0000-00-00 00:00:00','04'),(786,'DC2801','O',0,0,4,'1','510B1',4,4,'0000-00-00 00:00:00','04'),(787,'DC3003','O',0,0,5,'1','510B1',5,5,'0000-00-00 00:00:00','04'),(788,'DC3004','O',0,0,6,'1','510B1',6,6,'0000-00-00 00:00:00','04'),(789,'DC3301','O',0,0,6,'1','510B1',2,1,'0000-00-00 00:00:00','04'),(790,'DR1402','O',0,0,1,'1','500B4',2,2,'0000-00-00 00:00:00','04'),(791,'DR1408','O',0,0,1,'1','500B4',2,2,'0000-00-00 00:00:00','04'),(792,'DR1409','O',0,0,1,'1','500B4',2,2,'0000-00-00 00:00:00','04'),(793,'DR1410','O',0,0,2,'1','500B4',2,2,'0000-00-00 00:00:00','04'),(794,'DR1411','O',0,0,2,'1','500B4',2,2,'0000-00-00 00:00:00','04'),(795,'DR1412','O',0,0,2,'1','500B4',2,2,'0000-00-00 00:00:00','04'),(796,'DR1505','O',0,0,1,'1','500B4',3,2,'0000-00-00 00:00:00','04'),(797,'DR1601','O',0,0,2,'1','500B4',3,3,'0000-00-00 00:00:00','04'),(798,'DR2406','O',0,0,3,'1','500B4',2,2,'0000-00-00 00:00:00','04'),(799,'DR2407','O',0,0,3,'1','500B4',2,2,'0000-00-00 00:00:00','04'),(800,'DR2408','O',0,0,4,'1','500B4',2,2,'0000-00-00 00:00:00','04'),(801,'DR2409','O',0,0,4,'1','500B4',2,2,'0000-00-00 00:00:00','04'),(802,'DR2602','O',0,0,3,'1','500B4',3,3,'0000-00-00 00:00:00','04'),(803,'DR2603','O',0,0,4,'1','500B4',3,3,'0000-00-00 00:00:00','04'),(804,'DR3401','O',0,0,5,'1','500B4',2,2,'0000-00-00 00:00:00','04'),(805,'DR3602','O',0,0,5,'1','500B4',3,3,'0000-00-00 00:00:00','04'),(806,'DR3603','O',0,0,5,'1','500B4',3,3,'0000-00-00 00:00:00','04'),(807,'DR3604','O',0,0,6,'1','500B4',3,3,'0000-00-00 00:00:00','04'),(808,'DR3605','O',0,0,6,'1','500B4',3,3,'0000-00-00 00:00:00','04'),(809,'DR1402','O',0,0,1,'1','500B3',2,2,'0000-00-00 00:00:00','04'),(810,'DR1502','O',0,0,1,'1','500B3',2,2,'0000-00-00 00:00:00','04'),(811,'DR1504','O',0,0,2,'1','500B3',2,2,'0000-00-00 00:00:00','04'),(812,'DR1505','O',0,0,1,'1','500B3',2,2,'0000-00-00 00:00:00','04'),(813,'DR1507','O',0,0,2,'1','500B3',2,2,'0000-00-00 00:00:00','04'),(814,'DR1508','O',0,0,2,'1','500B3',2,2,'0000-00-00 00:00:00','04'),(815,'DR1509','O',0,0,1,'1','500B3',2,2,'0000-00-00 00:00:00','04'),(816,'DR1601','O',0,0,2,'1','500B3',2,2,'0000-00-00 00:00:00','04'),(817,'DR2506','O',0,0,3,'1','500B3',2,2,'0000-00-00 00:00:00','04'),(818,'DR2507','O',0,0,4,'1','500B3',2,2,'0000-00-00 00:00:00','04'),(819,'DR2508','O',0,0,4,'1','500B3',2,2,'0000-00-00 00:00:00','04'),(820,'DR2601','O',0,0,3,'1','500B3',2,2,'0000-00-00 00:00:00','04'),(821,'DR2602','O',0,0,3,'1','500B3',2,2,'0000-00-00 00:00:00','04'),(822,'DR2603','O',0,0,4,'1','500B3',2,2,'0000-00-00 00:00:00','04'),(823,'DR3503','O',0,0,5,'1','500B3',2,2,'0000-00-00 00:00:00','04'),(824,'DR3801','O',0,0,5,'1','500B3',2,2,'0000-00-00 00:00:00','04'),(825,'DR3802','O',0,0,5,'1','500B3',2,2,'0000-00-00 00:00:00','04'),(826,'DR3803','O',0,0,6,'1','500B3',2,2,'0000-00-00 00:00:00','04'),(827,'DR3804','O',0,0,6,'1','500B3',2,2,'0000-00-00 00:00:00','04'),(828,'DR1402','O',0,0,1,'1','500B1',3,2,'0000-00-00 00:00:00','04'),(829,'DR1502','O',0,0,1,'1','500B1',3,2,'0000-00-00 00:00:00','04'),(830,'DR1504','O',0,0,2,'1','500B1',2,2,'0000-00-00 00:00:00','04'),(831,'DR1505','O',0,0,1,'1','500B1',2,2,'0000-00-00 00:00:00','04'),(832,'DR1509','O',0,0,1,'1','500B1',2,2,'0000-00-00 00:00:00','04'),(833,'DR1601','O',0,0,2,'1','500B1',2,2,'0000-00-00 00:00:00','04'),(834,'DR2302','O',0,0,3,'1','500B1',2,4,'0000-00-00 00:00:00','04'),(835,'DR2303','O',0,0,4,'1','500B1',2,4,'0000-00-00 00:00:00','04'),(836,'DR2304','O',0,0,4,'1','500B1',2,4,'0000-00-00 00:00:00','04'),(837,'DR2403','O',0,0,3,'1','500B1',2,4,'0000-00-00 00:00:00','04'),(838,'DR2502','O',0,0,3,'1','500B1',2,4,'0000-00-00 00:00:00','04'),(839,'DR2503','O',0,0,3,'1','500B1',2,4,'0000-00-00 00:00:00','04'),(840,'DR2504','O',0,0,4,'1','500B1',2,4,'0000-00-00 00:00:00','04'),(841,'DR2505','O',0,0,4,'1','500B1',2,4,'0000-00-00 00:00:00','04'),(842,'DR3001','O',0,0,6,'1','500B1',2,2,'0000-00-00 00:00:00','04'),(843,'DR3502','O',0,0,5,'1','500B1',2,2,'0000-00-00 00:00:00','04'),(844,'DR3601','O',0,0,5,'1','500B1',2,2,'0000-00-00 00:00:00','04'),(845,'AR1412','O',0,0,1,'1','403A1',2,2,'0000-00-00 00:00:00','02'),(846,'AR1413','O',0,0,1,'1','403A1',2,2,'0000-00-00 00:00:00','02'),(847,'AR1414','O',0,0,1,'1','403A1',2,2,'0000-00-00 00:00:00','02'),(848,'AR1415','O',0,0,1,'1','403A1',2,2,'0000-00-00 00:00:00','02'),(849,'AR2411','O',0,0,2,'1','403A1',2,2,'0000-00-00 00:00:00','02'),(850,'AR2412','O',0,0,2,'1','403A1',2,2,'0000-00-00 00:00:00','02'),(851,'AR2413','O',0,0,2,'1','403A1',2,2,'0000-00-00 00:00:00','02'),(852,'AR2501','O',0,0,2,'1','403A1',2,2,'0000-00-00 00:00:00','02'),(853,'AR3401','O',0,0,3,'1','403A1',2,2,'0000-00-00 00:00:00','02'),(854,'AR3402','O',0,0,3,'1','403A1',2,2,'0000-00-00 00:00:00','02'),(855,'AR3403','O',0,0,3,'1','403A1',2,2,'0000-00-00 00:00:00','02'),(856,'AR3501','O',0,0,3,'1','403A1',2,2,'0000-00-00 00:00:00','02'),(857,'IC1427','O',0,0,1,'1','390A3',2,2,'0000-00-00 00:00:00','02'),(858,'IC1428','O',0,0,1,'1','390A3',2,2,'0000-00-00 00:00:00','02'),(859,'IC1429','O',0,0,1,'1','390A3',2,2,'0000-00-00 00:00:00','02'),(860,'IC1430','O',0,0,1,'1','390A3',2,2,'0000-00-00 00:00:00','02'),(861,'IC1431','O',0,0,2,'1','390A3',2,2,'0000-00-00 00:00:00','02'),(862,'IC1432','O',0,0,2,'1','390A3',2,2,'0000-00-00 00:00:00','02'),(863,'IC1433','O',0,0,2,'1','390A3',2,2,'0000-00-00 00:00:00','02'),(864,'IC1434','O',0,0,2,'1','390A3',2,2,'0000-00-00 00:00:00','02'),(865,'IC2308','O',0,0,3,'1','390A3',2,2,'0000-00-00 00:00:00','02'),(866,'IC2309','O',0,0,4,'1','390A3',2,2,'0000-00-00 00:00:00','02'),(867,'IC2424','O',0,0,3,'1','390A3',2,2,'0000-00-00 00:00:00','02'),(868,'IC2425','O',0,0,3,'1','390A3',2,2,'0000-00-00 00:00:00','02'),(869,'IC2426','O',0,0,3,'1','390A3',2,2,'0000-00-00 00:00:00','02'),(870,'IC2427','O',0,0,4,'1','390A3',2,2,'0000-00-00 00:00:00','02'),(871,'IC2428','O',0,0,4,'1','390A3',2,2,'0000-00-00 00:00:00','02'),(872,'IC2429','O',0,0,4,'1','390A3',2,2,'0000-00-00 00:00:00','02'),(873,'II1301','O',0,0,1,'1','380A1',3,0,'0000-00-00 00:00:00','02'),(874,'II1302','O',0,0,1,'1','380A1',3,0,'0000-00-00 00:00:00','02'),(875,'II1303','O',0,0,1,'1','380A1',3,0,'0000-00-00 00:00:00','02'),(876,'II1304','O',0,0,1,'1','380A1',3,0,'0000-00-00 00:00:00','02'),(877,'II1305','O',0,0,2,'1','380A1',3,0,'0000-00-00 00:00:00','02'),(878,'II1306','O',0,0,2,'1','380A1',3,0,'0000-00-00 00:00:00','02'),(879,'II1307','O',0,0,2,'1','380A1',3,0,'0000-00-00 00:00:00','02'),(880,'II1308','O',0,0,2,'1','380A1',3,0,'0000-00-00 00:00:00','02'),(881,'II2301','O',0,0,3,'1','380A1',3,0,'0000-00-00 00:00:00','02'),(882,'II2302','O',0,0,3,'1','380A1',3,0,'0000-00-00 00:00:00','02'),(883,'II2303','O',0,0,3,'1','380A1',3,0,'0000-00-00 00:00:00','02'),(884,'II2304','O',0,0,3,'1','380A1',3,0,'0000-00-00 00:00:00','02'),(885,'II2305','O',0,0,4,'1','380A1',3,0,'0000-00-00 00:00:00','02'),(886,'II2306','O',0,0,4,'1','380A1',3,0,'0000-00-00 00:00:00','02'),(887,'II2307','O',0,0,4,'1','380A1',3,0,'0000-00-00 00:00:00','02'),(888,'II2308','O',0,0,4,'1','380A1',3,0,'0000-00-00 00:00:00','02'),(889,'ME1328','O',0,0,1,'1','377A1',2,1,'0000-00-00 00:00:00','02'),(890,'ME1339','O',0,0,1,'1','377A1',2,1,'0000-00-00 00:00:00','02'),(891,'ME1568','O',0,0,1,'1','377A1',3,2,'0000-00-00 00:00:00','02'),(892,'ME2550','O',0,0,2,'1','377A1',3,2,'0000-00-00 00:00:00','02'),(893,'ME2551','O',0,0,2,'1','377A1',3,2,'0000-00-00 00:00:00','02'),(894,'ME2604','O',0,0,2,'1','377A1',2,4,'0000-00-00 00:00:00','02'),(895,'ME3427','O',0,0,3,'1','377A1',2,2,'0000-00-00 00:00:00','02'),(896,'ME3428','O',0,0,3,'1','377A1',2,2,'0000-00-00 00:00:00','02'),(897,'ME3505','O',0,0,3,'1','377A1',3,2,'0000-00-00 00:00:00','02'),(898,'ME3602','O',0,0,3,'1','377A1',2,4,'0000-00-00 00:00:00','02'),(899,'ME4602','O',0,0,4,'1','377A1',2,4,'0000-00-00 00:00:00','02'),(900,'ME1328','O',0,0,1,'1','374A1',1,2,'0000-00-00 00:00:00','02'),(901,'ME1339','O',0,0,1,'1','374A1',1,2,'0000-00-00 00:00:00','02'),(902,'ME1568','O',0,0,1,'1','374A1',3,2,'0000-00-00 00:00:00','02'),(903,'ME2550','O',0,0,2,'1','374A1',1,2,'0000-00-00 00:00:00','02'),(904,'ME2551','O',0,0,2,'1','374A1',1,2,'0000-00-00 00:00:00','02'),(905,'ME2604','O',0,0,2,'1','374A1',1,2,'0000-00-00 00:00:00','02'),(906,'ME3421','O',0,0,3,'1','374A1',1,2,'0000-00-00 00:00:00','02'),(907,'ME3422','O',0,0,3,'1','374A1',1,2,'0000-00-00 00:00:00','02'),(908,'ME3505','O',0,0,3,'1','374A1',1,2,'0000-00-00 00:00:00','02'),(909,'ME3602','O',0,0,3,'1','374A1',1,2,'0000-00-00 00:00:00','02'),(910,'ME4426','O',0,0,4,'1','374A1',1,2,'0000-00-00 00:00:00','02'),(911,'ME4427','O',0,0,4,'1','374A1',1,2,'0000-00-00 00:00:00','02'),(912,'ME4602','O',0,0,4,'1','374A1',1,2,'0000-00-00 00:00:00','02'),(913,'ME4606','O',0,0,4,'1','374A1',1,2,'0000-00-00 00:00:00','02'),(914,'ME1328','O',0,0,1,'1','373A1',1,2,'0000-00-00 00:00:00','02'),(915,'ME1339','O',0,0,1,'1','373A1',1,2,'0000-00-00 00:00:00','02'),(916,'ME1568','O',0,0,1,'1','373A1',3,2,'0000-00-00 00:00:00','02'),(917,'ME2550','O',0,0,2,'1','373A1',1,2,'0000-00-00 00:00:00','02'),(918,'ME2551','O',0,0,2,'1','373A1',1,2,'0000-00-00 00:00:00','02'),(919,'ME2604','O',0,0,2,'1','373A1',1,2,'0000-00-00 00:00:00','02'),(920,'ME3406','O',0,0,3,'1','373A1',1,2,'0000-00-00 00:00:00','02'),(921,'ME3420','O',0,0,3,'1','373A1',1,2,'0000-00-00 00:00:00','02'),(922,'ME3505','O',0,0,3,'1','373A1',1,2,'0000-00-00 00:00:00','02'),(923,'ME3602','O',0,0,3,'1','373A1',1,2,'0000-00-00 00:00:00','02'),(924,'ME4424','O',0,0,4,'1','373A1',1,2,'0000-00-00 00:00:00','02'),(925,'ME4425','O',0,0,4,'1','373A1',1,2,'0000-00-00 00:00:00','02'),(926,'ME4602','O',0,0,4,'1','373A1',1,2,'0000-00-00 00:00:00','02'),(927,'ME4605','O',0,0,4,'1','373A1',1,2,'0000-00-00 00:00:00','02'),(928,'ME1328','O',0,0,1,'1','372A1',1,2,'0000-00-00 00:00:00','02'),(929,'ME1339','O',0,0,1,'1','372A1',1,2,'0000-00-00 00:00:00','02'),(930,'ME1568','O',0,0,1,'1','372A1',3,2,'0000-00-00 00:00:00','02'),(931,'ME2550','O',0,0,2,'1','372A1',1,2,'0000-00-00 00:00:00','02'),(932,'ME2551','O',0,0,2,'1','372A1',1,2,'0000-00-00 00:00:00','02'),(933,'ME2604','O',0,0,2,'1','372A1',1,2,'0000-00-00 00:00:00','02'),(934,'ME3418','O',0,0,3,'1','372A1',1,2,'0000-00-00 00:00:00','02'),(935,'ME3419','O',0,0,3,'1','372A1',1,1,'0000-00-00 00:00:00','02'),(936,'ME3505','O',0,0,3,'1','372A1',1,2,'0000-00-00 00:00:00','02'),(937,'ME3602','O',0,0,3,'1','372A1',1,2,'0000-00-00 00:00:00','02'),(938,'ME4422','O',0,0,4,'1','372A1',1,2,'0000-00-00 00:00:00','02'),(939,'ME4423','O',0,0,4,'1','372A1',1,2,'0000-00-00 00:00:00','02'),(940,'ME4602','O',0,0,4,'1','372A1',1,2,'0000-00-00 00:00:00','02'),(941,'ME4604','O',0,0,4,'1','372A1',1,2,'0000-00-00 00:00:00','02'),(942,'ME1328','O',0,0,1,'1','371A1',1,2,'0000-00-00 00:00:00','02'),(943,'ME1339','O',0,0,1,'1','371A1',1,2,'0000-00-00 00:00:00','02'),(944,'ME1568','O',0,0,1,'1','371A1',3,2,'0000-00-00 00:00:00','02'),(945,'ME2550','O',0,0,2,'1','371A1',1,2,'0000-00-00 00:00:00','02'),(946,'ME2551','O',0,0,2,'1','371A1',1,2,'0000-00-00 00:00:00','02'),(947,'ME2604','O',0,0,2,'1','371A1',1,2,'0000-00-00 00:00:00','02'),(948,'ME3415','O',0,0,3,'1','371A1',1,2,'0000-00-00 00:00:00','02'),(949,'ME3417','O',0,0,3,'1','371A1',1,2,'0000-00-00 00:00:00','02'),(950,'ME3505','O',0,0,3,'1','371A1',1,2,'0000-00-00 00:00:00','02'),(951,'ME3602','O',0,0,3,'1','371A1',1,2,'0000-00-00 00:00:00','02'),(952,'ME4420','O',0,0,4,'1','371A1',1,2,'0000-00-00 00:00:00','02'),(953,'ME4421','O',0,0,4,'1','371A1',1,2,'0000-00-00 00:00:00','02'),(954,'ME4602','O',0,0,4,'1','371A1',1,2,'0000-00-00 00:00:00','02'),(955,'ME4603','O',0,0,4,'1','371A1',1,2,'0000-00-00 00:00:00','02'),(956,'ME1328','O',0,0,1,'1','370A1',1,2,'0000-00-00 00:00:00','02'),(957,'ME1339','O',0,0,1,'1','370A1',1,2,'0000-00-00 00:00:00','02'),(958,'ME1568','O',0,0,1,'1','370A1',3,2,'0000-00-00 00:00:00','02'),(959,'ME2550','O',0,0,2,'1','370A1',1,2,'0000-00-00 00:00:00','02'),(960,'ME2551','O',0,0,2,'1','370A1',1,2,'0000-00-00 00:00:00','02'),(961,'ME2604','O',0,0,2,'1','370A1',1,2,'0000-00-00 00:00:00','02'),(962,'ME3415','O',0,0,3,'1','370A1',1,2,'0000-00-00 00:00:00','02'),(963,'ME3416','O',0,0,3,'1','370A1',1,2,'0000-00-00 00:00:00','02'),(964,'ME3505','O',0,0,3,'1','370A1',1,2,'0000-00-00 00:00:00','02'),(965,'ME3602','O',0,0,3,'1','370A1',1,2,'0000-00-00 00:00:00','02'),(966,'ME4418','O',0,0,4,'1','370A1',1,2,'0000-00-00 00:00:00','02'),(967,'ME4419','O',0,0,4,'1','370A1',1,2,'0000-00-00 00:00:00','02'),(968,'ME4601','O',0,0,4,'1','370A1',1,2,'0000-00-00 00:00:00','02'),(969,'ME4602','O',0,0,4,'1','370A1',1,2,'0000-00-00 00:00:00','02'),(970,'AG1204','O',0,0,2,'1','340B3',1,1,'0000-00-00 00:00:00','02'),(971,'AG1205','O',0,0,1,'1','340B3',1,1,'0000-00-00 00:00:00','02'),(972,'AG1206','O',0,0,2,'1','340B3',1,1,'0000-00-00 00:00:00','02'),(973,'AG1301','O',0,0,1,'1','340B3',2,1,'0000-00-00 00:00:00','02'),(974,'AG1302','O',0,0,2,'1','340B3',2,1,'0000-00-00 00:00:00','02'),(975,'AG1303','O',0,0,2,'1','340B3',2,1,'0000-00-00 00:00:00','02'),(976,'AG1304','O',0,0,2,'1','340B3',2,1,'0000-00-00 00:00:00','02'),(977,'AG1305','O',0,0,3,'1','340B3',2,1,'0000-00-00 00:00:00','02'),(978,'AG1401','O',0,0,1,'1','340B3',2,2,'0000-00-00 00:00:00','02'),(979,'AG1402','O',0,0,1,'1','340B3',2,2,'0000-00-00 00:00:00','02'),(980,'AG2201','O',0,0,3,'1','340B3',1,1,'0000-00-00 00:00:00','02'),(981,'AG2202','O',0,0,4,'1','340B3',1,1,'0000-00-00 00:00:00','02'),(982,'AG2206','O',0,0,4,'1','340B3',1,1,'0000-00-00 00:00:00','02'),(983,'AG2301','O',0,0,3,'1','340B3',2,1,'0000-00-00 00:00:00','02'),(984,'AG2401','O',0,0,3,'1','340B3',2,2,'0000-00-00 00:00:00','02'),(985,'AG2402','O',0,0,4,'1','340B3',2,2,'0000-00-00 00:00:00','02'),(986,'AG2403','O',0,0,4,'1','340B3',2,2,'0000-00-00 00:00:00','02'),(987,'AG1101','O',0,0,1,'1','340B1',2,2,'0000-00-00 00:00:00','02'),(988,'AG1102','O',0,0,2,'1','340B1',2,4,'0000-00-00 00:00:00','02'),(989,'AG1203','E',0,0,1,'1','340B1',2,2,'0000-00-00 00:00:00','02'),(990,'AG1204','O',0,0,2,'1','340B1',2,2,'0000-00-00 00:00:00','02'),(991,'AG1301','O',0,0,1,'1','340B1',2,4,'0000-00-00 00:00:00','02'),(992,'AG1302','O',0,0,2,'1','340B1',2,4,'0000-00-00 00:00:00','02'),(993,'AG1303','O',0,0,2,'1','340B1',2,4,'0000-00-00 00:00:00','02'),(994,'AG1304','O',0,0,2,'1','340B1',2,4,'0000-00-00 00:00:00','02'),(995,'AG1401','O',0,0,1,'1','340B1',2,4,'0000-00-00 00:00:00','02'),(996,'AG1402','O',0,0,1,'1','340B1',2,4,'0000-00-00 00:00:00','02'),(997,'AG2201','O',0,0,3,'1','340B1',2,3,'0000-00-00 00:00:00','02'),(998,'AG2202','O',0,0,4,'1','340B1',2,3,'0000-00-00 00:00:00','02'),(999,'AG2203','E',0,0,1,'1','340B1',2,3,'0000-00-00 00:00:00','02'),(1000,'AG2204','E',0,0,4,'1','340B1',2,3,'0000-00-00 00:00:00','02'),(1001,'AG2205','E',0,0,4,'1','340B1',2,3,'0000-00-00 00:00:00','02'),(1002,'AG2206','O',0,0,4,'1','340B1',2,2,'0000-00-00 00:00:00','02'),(1003,'AG2301','O',0,0,3,'1','340B1',2,4,'0000-00-00 00:00:00','02'),(1004,'AG2401','O',0,0,3,'1','340B1',2,4,'0000-00-00 00:00:00','02'),(1005,'AG2402','O',0,0,4,'1','340B1',2,4,'0000-00-00 00:00:00','02'),(1006,'AG2403','O',0,0,4,'1','340B1',2,4,'0000-00-00 00:00:00','02'),(1007,'IC1300','O',0,0,1,'1','330B1',0,0,'0000-00-00 00:00:00','02'),(1008,'IC1305','O',0,0,2,'1','330B1',0,0,'0000-00-00 00:00:00','02'),(1009,'IC1400','O',0,0,1,'1','330B1',0,0,'0000-00-00 00:00:00','02'),(1010,'IC1405','O',0,0,1,'1','330B1',0,0,'0000-00-00 00:00:00','02'),(1011,'IC1410','O',0,0,1,'1','330B1',0,0,'0000-00-00 00:00:00','02'),(1012,'IC1412','O',0,0,2,'1','330B1',0,0,'0000-00-00 00:00:00','02'),(1013,'IC1414','O',0,0,2,'1','330B1',0,0,'0000-00-00 00:00:00','02'),(1014,'IC1416','O',0,0,2,'1','330B1',0,0,'0000-00-00 00:00:00','02'),(1015,'IC2300','O',0,0,3,'1','330B1',0,0,'0000-00-00 00:00:00','02'),(1016,'IC2305','O',0,0,4,'1','330B1',0,0,'0000-00-00 00:00:00','02'),(1017,'IC2400','O',0,0,3,'1','330B1',0,0,'0000-00-00 00:00:00','02'),(1018,'IC2405','O',0,0,3,'1','330B1',0,0,'0000-00-00 00:00:00','02'),(1019,'IC2410','O',0,0,3,'1','330B1',0,0,'0000-00-00 00:00:00','02'),(1020,'IC2411','O',0,0,4,'1','330B1',0,0,'0000-00-00 00:00:00','02'),(1021,'IC2413','O',0,0,4,'1','330B1',0,0,'0000-00-00 00:00:00','02'),(1022,'IC2416','O',0,0,4,'1','330B1',0,0,'0000-00-00 00:00:00','02'),(1023,'ME1406','O',0,0,1,'1','321B1',2,4,'0000-00-00 00:00:00','02'),(1024,'ME1407','O',0,0,2,'1','321B1',2,4,'0000-00-00 00:00:00','02'),(1025,'ME1408','O',0,0,2,'1','321B1',2,4,'0000-00-00 00:00:00','02'),(1026,'ME1409','O',0,0,2,'1','321B1',2,4,'0000-00-00 00:00:00','02'),(1027,'ME1410','O',0,0,2,'1','321B1',2,4,'0000-00-00 00:00:00','02'),(1028,'ME1603','O',0,0,1,'1','321B1',2,4,'0000-00-00 00:00:00','02'),(1029,'ME1801','O',0,0,1,'1','321B1',4,4,'0000-00-00 00:00:00','02'),(1030,'ME2001','O',0,0,3,'1','321B1',4,6,'0000-00-00 00:00:00','02'),(1031,'ME2406','O',0,0,4,'1','321B1',2,4,'0000-00-00 00:00:00','02'),(1032,'ME2601','O',0,0,4,'1','321B1',2,4,'0000-00-00 00:00:00','02'),(1033,'ME2801','O',0,0,3,'1','321B1',2,6,'0000-00-00 00:00:00','02'),(1034,'ME2802','O',0,0,4,'1','321B1',4,4,'0000-00-00 00:00:00','02'),(1035,'ME1200','O',0,0,1,'1','320B1',0,0,'0000-00-00 00:00:00','02'),(1036,'ME1300','O',0,0,1,'1','320B1',0,0,'0000-00-00 00:00:00','02'),(1037,'ME1302','O',0,0,1,'1','320B1',0,0,'0000-00-00 00:00:00','02'),(1038,'ME1306','O',0,0,2,'1','320B1',0,0,'0000-00-00 00:00:00','02'),(1039,'ME1307','O',0,0,2,'1','320B1',0,0,'0000-00-00 00:00:00','02'),(1040,'ME1308','O',0,0,2,'1','320B1',0,0,'0000-00-00 00:00:00','02'),(1041,'ME1312','O',0,0,2,'1','320B1',0,0,'0000-00-00 00:00:00','02'),(1042,'ME1405','O',0,0,1,'1','320B1',0,0,'0000-00-00 00:00:00','02'),(1043,'ME2000','O',0,0,3,'1','320B1',0,0,'0000-00-00 00:00:00','02'),(1044,'ME2005','O',0,0,4,'1','320B1',0,0,'0000-00-00 00:00:00','02'),(1045,'ME2201','O',0,0,4,'1','320B1',0,0,'0000-00-00 00:00:00','02'),(1046,'ME2400','O',0,0,3,'1','320B1',0,0,'0000-00-00 00:00:00','02'),(1047,'ME2401','O',0,0,3,'1','320B1',0,0,'0000-00-00 00:00:00','02'),(1048,'ME2405','O',0,0,4,'1','320B1',0,0,'0000-00-00 00:00:00','02'),(1049,'AG6200','O',0,0,4,'1','310B1',2,4,'0000-00-00 00:00:00','02'),(1050,'AG6300','O',0,0,1,'1','310B1',0,0,'0000-00-00 00:00:00','02'),(1051,'AG6305','O',0,0,1,'1','310B1',0,0,'0000-00-00 00:00:00','02'),(1052,'AG6310','O',0,0,1,'1','310B1',0,0,'0000-00-00 00:00:00','02'),(1053,'AG6315','O',0,0,2,'1','310B1',0,0,'0000-00-00 00:00:00','02'),(1054,'AG6320','O',0,0,2,'1','310B1',0,0,'0000-00-00 00:00:00','02'),(1055,'AG6325','O',0,0,3,'1','310B1',0,0,'0000-00-00 00:00:00','02'),(1056,'AG6330','O',0,0,4,'1','310B1',0,0,'0000-00-00 00:00:00','02'),(1057,'AG6335','O',0,0,4,'1','310B1',0,0,'0000-00-00 00:00:00','02'),(1058,'AG6400','O',0,0,1,'1','310B1',0,0,'0000-00-00 00:00:00','02'),(1059,'AG6405','O',0,0,2,'1','310B1',0,0,'0000-00-00 00:00:00','02'),(1060,'AG6410','O',0,0,2,'1','310B1',0,0,'0000-00-00 00:00:00','02'),(1061,'AG6415','O',0,0,3,'1','310B1',0,0,'0000-00-00 00:00:00','02'),(1062,'AG6420','O',0,0,2,'1','310B1',0,0,'0000-00-00 00:00:00','02'),(1063,'AG6425','O',0,0,3,'1','310B1',0,0,'0000-00-00 00:00:00','02'),(1064,'AG6430','O',0,0,4,'1','310B1',0,0,'0000-00-00 00:00:00','02'),(1065,'AG6435','O',0,0,4,'1','310B1',0,0,'0000-00-00 00:00:00','02'),(1066,'AG6500','O',0,0,3,'1','310B1',0,0,'0000-00-00 00:00:00','02'),(1067,'DE1429','O',0,0,1,'1','304A1',2,2,'0000-00-00 00:00:00','02'),(1068,'DE1430','O',0,0,1,'1','304A1',3,3,'0000-00-00 00:00:00','02'),(1069,'DE1431','O',0,0,1,'1','304A1',3,3,'0000-00-00 00:00:00','02'),(1070,'DE1432','O',0,0,1,'1','304A1',2,2,'0000-00-00 00:00:00','02'),(1071,'DE1433','O',0,0,2,'1','304A1',2,2,'0000-00-00 00:00:00','02'),(1072,'DE1434','O',0,0,2,'1','304A1',2,2,'0000-00-00 00:00:00','02'),(1073,'DE1435','O',0,0,2,'1','304A1',2,2,'0000-00-00 00:00:00','02'),(1074,'DE1436','O',0,0,2,'1','304A1',2,2,'0000-00-00 00:00:00','02'),(1075,'DE2426','O',0,0,3,'1','304A1',2,2,'0000-00-00 00:00:00','02'),(1076,'DE2433','O',0,0,3,'1','304A1',2,2,'0000-00-00 00:00:00','02'),(1077,'DE2434','O',0,0,3,'1','304A1',2,2,'0000-00-00 00:00:00','02'),(1078,'DE2435','O',0,0,3,'1','304A1',2,2,'0000-00-00 00:00:00','02'),(1079,'DE2437','O',0,0,4,'1','304A1',2,2,'0000-00-00 00:00:00','02'),(1080,'DE2438','O',0,0,4,'1','304A1',2,2,'0000-00-00 00:00:00','02'),(1081,'DE2439','O',0,0,4,'1','304A1',2,2,'0000-00-00 00:00:00','02'),(1082,'DE2440','O',0,0,4,'1','304A1',2,2,'0000-00-00 00:00:00','02'),(1083,'DE1401','O',0,0,1,'1','303A2',2,2,'0000-00-00 00:00:00','02'),(1084,'DE1403','O',0,0,1,'1','303A2',2,2,'0000-00-00 00:00:00','02'),(1085,'DE1405','O',0,0,2,'1','303A2',2,2,'0000-00-00 00:00:00','02'),(1086,'DE1406','O',0,0,2,'1','303A2',2,2,'0000-00-00 00:00:00','02'),(1087,'DE1408','O',0,0,2,'1','303A2',2,2,'0000-00-00 00:00:00','02'),(1088,'DE1418','O',0,0,1,'1','303A2',2,2,'0000-00-00 00:00:00','02'),(1089,'DE1419','O',0,0,1,'1','303A2',2,2,'0000-00-00 00:00:00','02'),(1090,'DE1420','O',0,0,2,'1','303A2',2,2,'0000-00-00 00:00:00','02'),(1091,'DE2401','O',0,0,4,'1','303A2',2,2,'0000-00-00 00:00:00','02'),(1092,'DE2402','O',0,0,3,'1','303A2',2,2,'0000-00-00 00:00:00','02'),(1093,'DE2415','O',0,0,3,'1','303A2',2,2,'0000-00-00 00:00:00','02'),(1094,'DE2416','O',0,0,3,'1','303A2',2,2,'0000-00-00 00:00:00','02'),(1095,'DE2417','O',0,0,3,'1','303A2',2,2,'0000-00-00 00:00:00','02'),(1096,'DE2419','O',0,0,4,'1','303A2',2,2,'0000-00-00 00:00:00','02'),(1097,'DE2420','O',0,0,4,'1','303A2',2,2,'0000-00-00 00:00:00','02'),(1098,'DE2421','O',0,0,4,'1','303A2',2,2,'0000-00-00 00:00:00','02'),(1099,'DE1403','O',0,0,1,'1','303A1',2,2,'0000-00-00 00:00:00','02'),(1100,'DE1406','O',0,0,2,'1','303A1',2,2,'0000-00-00 00:00:00','02'),(1101,'DE1408','O',0,0,2,'1','303A1',2,2,'0000-00-00 00:00:00','02'),(1102,'DE1418','O',0,0,1,'1','303A1',2,2,'0000-00-00 00:00:00','02'),(1103,'DE1419','O',0,0,1,'1','303A1',2,2,'0000-00-00 00:00:00','02'),(1104,'DE1420','O',0,0,2,'1','303A1',2,2,'0000-00-00 00:00:00','02'),(1105,'DE2415','O',0,0,3,'1','303A1',2,2,'0000-00-00 00:00:00','02'),(1106,'DE2416','O',0,0,3,'1','303A1',2,2,'0000-00-00 00:00:00','02'),(1107,'DE2417','O',0,0,3,'1','303A1',2,2,'0000-00-00 00:00:00','02'),(1108,'DE2418','O',0,0,3,'1','303A1',2,2,'0000-00-00 00:00:00','02'),(1109,'DE2419','O',0,0,4,'1','303A1',2,2,'0000-00-00 00:00:00','02'),(1110,'DE2420','O',0,0,4,'1','303A1',2,2,'0000-00-00 00:00:00','02'),(1111,'DE2421','O',0,0,4,'1','303A1',2,2,'0000-00-00 00:00:00','02'),(1112,'DE2422','O',0,0,4,'1','303A1',2,2,'0000-00-00 00:00:00','02'),(1113,'DE1401','O',0,0,1,'1','302A1',2,2,'0000-00-00 00:00:00','02'),(1114,'DE1421','O',0,0,1,'1','302A1',2,2,'0000-00-00 00:00:00','02'),(1115,'DE1422','O',0,0,1,'1','302A1',2,2,'0000-00-00 00:00:00','02'),(1116,'DE1423','O',0,0,1,'1','302A1',2,2,'0000-00-00 00:00:00','02'),(1117,'DE1425','O',0,0,2,'1','302A1',2,2,'0000-00-00 00:00:00','02'),(1118,'DE1426','O',0,0,2,'1','302A1',2,2,'0000-00-00 00:00:00','02'),(1119,'DE1427','O',0,0,2,'1','302A1',2,2,'0000-00-00 00:00:00','02'),(1120,'DE1428','O',0,0,2,'1','302A1',2,2,'0000-00-00 00:00:00','02'),(1121,'DE2423','O',0,0,3,'1','302A1',2,2,'0000-00-00 00:00:00','02'),(1122,'DE2424','O',0,0,3,'1','302A1',2,2,'0000-00-00 00:00:00','02'),(1123,'DE2425','O',0,0,3,'1','302A1',2,2,'0000-00-00 00:00:00','02'),(1124,'DE2426','O',0,0,3,'1','302A1',2,2,'0000-00-00 00:00:00','02'),(1125,'DE2427','O',0,0,4,'1','302A1',2,2,'0000-00-00 00:00:00','02'),(1126,'DE2428','O',0,0,4,'1','302A1',2,2,'0000-00-00 00:00:00','02'),(1127,'DE2429','O',0,0,4,'1','302A1',2,2,'0000-00-00 00:00:00','02'),(1128,'DE2430','O',0,0,4,'1','302A1',2,2,'0000-00-00 00:00:00','02'),(1129,'DE1401','O',0,0,1,'1','301B1',2,4,'0000-00-00 00:00:00','02'),(1130,'DE1402','O',0,0,1,'1','301B1',2,4,'0000-00-00 00:00:00','02'),(1131,'DE1403','O',0,0,1,'1','301B1',2,4,'0000-00-00 00:00:00','02'),(1132,'DE1404','O',0,0,1,'1','301B1',2,4,'0000-00-00 00:00:00','02'),(1133,'DE1405','O',0,0,2,'1','301B1',2,4,'0000-00-00 00:00:00','02'),(1134,'DE1406','O',0,0,2,'1','301B1',2,4,'0000-00-00 00:00:00','02'),(1135,'DE1407','O',0,0,2,'1','301B1',2,4,'0000-00-00 00:00:00','02'),(1136,'DE1408','O',0,0,2,'1','301B1',2,4,'0000-00-00 00:00:00','02'),(1137,'DE2401','O',0,0,3,'1','301B1',2,4,'0000-00-00 00:00:00','02'),(1138,'DE2402','O',0,0,3,'1','301B1',2,4,'0000-00-00 00:00:00','02'),(1139,'DE2403','O',0,0,3,'1','301B1',2,4,'0000-00-00 00:00:00','02'),(1140,'DE2404','O',0,0,3,'1','301B1',2,4,'0000-00-00 00:00:00','02'),(1141,'DE2405','O',0,0,4,'1','301B1',2,4,'0000-00-00 00:00:00','02'),(1142,'DE2406','O',0,0,4,'1','301B1',2,4,'0000-00-00 00:00:00','02'),(1143,'DE2407','O',0,0,4,'1','301B1',2,4,'0000-00-00 00:00:00','02'),(1144,'DE2408','O',0,0,4,'1','301B1',2,4,'0000-00-00 00:00:00','02'),(1145,'DC1300','O',0,0,1,'1','300B2',1,2,'0000-00-00 00:00:00','02'),(1146,'DC1405','O',0,0,2,'1','300B2',0,0,'0000-00-00 00:00:00','02'),(1147,'DC1410','O',0,0,2,'1','300B2',0,0,'0000-00-00 00:00:00','02'),(1148,'DC1415','O',0,0,2,'1','300B2',0,0,'0000-00-00 00:00:00','02'),(1149,'DC1416','O',0,0,1,'1','300B2',2,3,'0000-00-00 00:00:00','02'),(1150,'DC1500','O',0,0,1,'1','300B2',0,0,'0000-00-00 00:00:00','02'),(1151,'DC1505','O',0,0,1,'1','300B2',2,2,'0000-00-00 00:00:00','02'),(1152,'DC1510','O',0,0,2,'1','300B2',0,0,'0000-00-00 00:00:00','02'),(1153,'DC2400','O',0,0,3,'1','300B2',0,0,'0000-00-00 00:00:00','02'),(1154,'DC2405','O',0,0,3,'1','300B2',0,0,'0000-00-00 00:00:00','02'),(1155,'DC2410','O',0,0,3,'1','300B2',0,0,'0000-00-00 00:00:00','02'),(1156,'DC2415','O',0,0,4,'1','300B2',0,0,'0000-00-00 00:00:00','02'),(1157,'DC2420','O',0,0,4,'1','300B2',0,0,'0000-00-00 00:00:00','02'),(1158,'DC2425','O',0,0,4,'1','300B2',0,0,'0000-00-00 00:00:00','02'),(1159,'DC2500','O',0,0,3,'1','300B2',0,0,'0000-00-00 00:00:00','02'),(1160,'DC2505','O',0,0,4,'1','300B2',0,0,'0000-00-00 00:00:00','02'),(1161,'DC1300','O',0,0,1,'1','300B1',1,2,'0000-00-00 00:00:00','02'),(1162,'DC1400','O',0,0,1,'1','300B1',2,4,'0000-00-00 00:00:00','02'),(1163,'DC1405','O',0,0,2,'1','300B1',0,0,'0000-00-00 00:00:00','02'),(1164,'DC1410','O',0,0,2,'1','300B1',0,0,'0000-00-00 00:00:00','02'),(1165,'DC1415','O',0,0,2,'1','300B1',0,0,'0000-00-00 00:00:00','02'),(1166,'DC1419','O',0,0,2,'1','300B1',2,4,'0000-00-00 00:00:00','02'),(1167,'DC1500','O',0,0,1,'1','300B1',0,0,'0000-00-00 00:00:00','02'),(1168,'DC1505','O',0,0,1,'1','300B1',2,2,'0000-00-00 00:00:00','02'),(1169,'DC1510','O',0,0,2,'1','300B1',0,0,'0000-00-00 00:00:00','02'),(1170,'DC2400','O',0,0,3,'1','300B1',0,0,'0000-00-00 00:00:00','02'),(1171,'DC2405','O',0,0,3,'1','300B1',0,0,'0000-00-00 00:00:00','02'),(1172,'DC2410','O',0,0,3,'1','300B1',0,0,'0000-00-00 00:00:00','02'),(1173,'DC2415','O',0,0,4,'1','300B1',0,0,'0000-00-00 00:00:00','02'),(1174,'DC2420','O',0,0,4,'1','300B1',0,0,'0000-00-00 00:00:00','02'),(1175,'DC2425','O',0,0,4,'1','300B1',0,0,'0000-00-00 00:00:00','02'),(1176,'DC2500','O',0,0,3,'1','300B1',0,0,'0000-00-00 00:00:00','02'),(1177,'DC2505','O',0,0,4,'1','300B1',0,0,'0000-00-00 00:00:00','02'),(1178,'ME6302','O',0,0,1,'1','290B3',2,4,'0000-00-00 00:00:00','02'),(1179,'ME6400','O',0,0,1,'1','290B2',0,0,'0000-00-00 00:00:00','02'),(1180,'ME6401','O',0,0,1,'1','290B2',2,4,'0000-00-00 00:00:00','02'),(1181,'ME6402','O',0,0,3,'1','290B2',0,0,'0000-00-00 00:00:00','02'),(1182,'ME6403','O',0,0,1,'1','290B2',0,0,'0000-00-00 00:00:00','02'),(1183,'ME6500','O',0,0,2,'1','290B2',2,4,'0000-00-00 00:00:00','02'),(1184,'ME6501','O',0,0,2,'1','290B2',2,4,'0000-00-00 00:00:00','02'),(1185,'ME6502','O',0,0,3,'1','290B2',2,4,'0000-00-00 00:00:00','02'),(1186,'ME6504','O',0,0,4,'1','290B2',2,4,'0000-00-00 00:00:00','02'),(1187,'ME6505','O',0,0,4,'1','290B2',2,4,'0000-00-00 00:00:00','02'),(1188,'ME6506','O',0,0,1,'1','290B2',2,4,'0000-00-00 00:00:00','02'),(1189,'ME6600','O',0,0,2,'1','290B2',0,0,'0000-00-00 00:00:00','02'),(1190,'ME6601','O',0,0,3,'1','290B2',0,0,'0000-00-00 00:00:00','02'),(1191,'ME6602','O',0,0,4,'1','290B2',0,0,'0000-00-00 00:00:00','02'),(1192,'ME6400','O',0,0,1,'1','290B1',0,0,'0000-00-00 00:00:00','02'),(1193,'ME6401','O',0,0,1,'1','290B1',2,4,'0000-00-00 00:00:00','02'),(1194,'ME6402','O',0,0,3,'1','290B1',0,0,'0000-00-00 00:00:00','02'),(1195,'ME6403','O',0,0,1,'1','290B1',0,0,'0000-00-00 00:00:00','02'),(1196,'ME6500','O',0,0,2,'1','290B1',2,4,'0000-00-00 00:00:00','02'),(1197,'ME6501','O',0,0,2,'1','290B1',2,4,'0000-00-00 00:00:00','02'),(1198,'ME6502','O',0,0,3,'1','290B1',2,4,'0000-00-00 00:00:00','02'),(1199,'ME6504','O',0,0,4,'1','290B1',2,4,'0000-00-00 00:00:00','02'),(1200,'ME6505','O',0,0,4,'1','290B1',2,4,'0000-00-00 00:00:00','02'),(1201,'ME6506','O',0,0,1,'1','290B1',2,4,'0000-00-00 00:00:00','02'),(1202,'ME6600','O',0,0,2,'1','290B1',0,0,'0000-00-00 00:00:00','02'),(1203,'ME6601','O',0,0,3,'1','290B1',0,0,'0000-00-00 00:00:00','02'),(1204,'ME6602','O',0,0,4,'1','290B1',0,0,'0000-00-00 00:00:00','02'),(1205,'MA1423','O',0,0,1,'1','282A1',2,2,'0000-00-00 00:00:00','02'),(1206,'MA1424','O',0,0,1,'1','282A1',2,2,'0000-00-00 00:00:00','02'),(1207,'MA1425','O',0,0,1,'1','282A1',2,2,'0000-00-00 00:00:00','02'),(1208,'MA1426','O',0,0,1,'1','282A1',2,2,'0000-00-00 00:00:00','02'),(1209,'MA1427','O',0,0,2,'1','282A1',2,2,'0000-00-00 00:00:00','02'),(1210,'MA1428','O',0,0,2,'1','282A1',2,2,'0000-00-00 00:00:00','02'),(1211,'MA1429','O',0,0,2,'1','282A1',2,2,'0000-00-00 00:00:00','02'),(1212,'MA1430','O',0,0,2,'1','282A1',2,2,'0000-00-00 00:00:00','02'),(1213,'MA2416','O',0,0,3,'1','282A1',2,2,'0000-00-00 00:00:00','02'),(1214,'MA2525','O',0,0,3,'1','282A1',3,2,'0000-00-00 00:00:00','02'),(1215,'MA2526','O',0,0,3,'1','282A1',3,2,'0000-00-00 00:00:00','02'),(1216,'MA2527','O',0,0,3,'1','282A1',3,2,'0000-00-00 00:00:00','02'),(1217,'MA1415','O',0,0,1,'1','281B2',2,2,'0000-00-00 00:00:00','02'),(1218,'MA1416','O',0,0,1,'1','281B2',2,2,'0000-00-00 00:00:00','02'),(1219,'MA1417','O',0,0,1,'1','281B2',2,2,'0000-00-00 00:00:00','02'),(1220,'MA1418','O',0,0,1,'1','281B2',2,2,'0000-00-00 00:00:00','02'),(1221,'MA1419','O',0,0,2,'1','281B2',2,2,'0000-00-00 00:00:00','02'),(1222,'MA1420','O',0,0,2,'1','281B2',2,2,'0000-00-00 00:00:00','02'),(1223,'MA1421','O',0,0,2,'1','281B2',2,2,'0000-00-00 00:00:00','02'),(1224,'MA1422','O',0,0,2,'1','281B2',2,2,'0000-00-00 00:00:00','02'),(1225,'MA2415','O',0,0,3,'1','281B2',2,2,'0000-00-00 00:00:00','02'),(1226,'MA2525','O',0,0,3,'1','281B2',3,2,'0000-00-00 00:00:00','02'),(1227,'MA2526','O',0,0,3,'1','281B2',3,2,'0000-00-00 00:00:00','02'),(1228,'MA2527','O',0,0,3,'1','281B2',3,2,'0000-00-00 00:00:00','02'),(1229,'MA6300','O',0,0,1,'1','281B1',2,2,'0000-00-00 00:00:00','02'),(1230,'MA6305','O',0,0,2,'1','281B1',2,4,'0000-00-00 00:00:00','02'),(1231,'MA6400','O',0,0,1,'1','281B1',0,0,'0000-00-00 00:00:00','02'),(1232,'MA6405','O',0,0,1,'1','281B1',0,0,'0000-00-00 00:00:00','02'),(1233,'MA6410','O',0,0,1,'1','281B1',0,0,'0000-00-00 00:00:00','02'),(1234,'MA6420','O',0,0,2,'1','281B1',0,0,'0000-00-00 00:00:00','02'),(1235,'MA6425','O',0,0,2,'1','281B1',0,0,'0000-00-00 00:00:00','02'),(1236,'MA6430','O',0,0,2,'1','281B1',0,0,'0000-00-00 00:00:00','02'),(1237,'MA7300','O',0,0,3,'1','281B1',2,2,'0000-00-00 00:00:00','02'),(1238,'MA7305','O',0,0,4,'1','281B1',2,2,'0000-00-00 00:00:00','02'),(1239,'MA7400','O',0,0,3,'1','281B1',0,0,'0000-00-00 00:00:00','02'),(1240,'MA7405','O',0,0,3,'1','281B1',2,4,'0000-00-00 00:00:00','02'),(1241,'MA7410','O',0,0,3,'1','281B1',0,0,'0000-00-00 00:00:00','02'),(1242,'MA7415','O',0,0,4,'1','281B1',0,0,'0000-00-00 00:00:00','02'),(1243,'MA7420','O',0,0,4,'1','281B1',0,0,'0000-00-00 00:00:00','02'),(1244,'MA7425','O',0,0,4,'1','281B1',0,0,'0000-00-00 00:00:00','02'),(1245,'CM6300','O',0,0,2,'1','280B2',0,0,'0000-00-00 00:00:00','02'),(1246,'CM6310','O',0,0,2,'1','280B2',0,0,'0000-00-00 00:00:00','02'),(1247,'CM6313','O',0,0,1,'1','280B2',0,0,'0000-00-00 00:00:00','02'),(1248,'CM6320','O',0,0,1,'1','280B2',0,0,'0000-00-00 00:00:00','02'),(1249,'CM6325','O',0,0,2,'1','280B2',0,0,'0000-00-00 00:00:00','02'),(1250,'CM6330','O',0,0,1,'1','280B2',0,0,'0000-00-00 00:00:00','02'),(1251,'CM6335','O',0,0,2,'1','280B2',0,0,'0000-00-00 00:00:00','02'),(1252,'CM6340','O',0,0,1,'1','280B2',0,0,'0000-00-00 00:00:00','02'),(1253,'CM6345','O',0,0,1,'1','280B2',0,0,'0000-00-00 00:00:00','02'),(1254,'CM6350','O',0,0,2,'1','280B2',0,0,'0000-00-00 00:00:00','02'),(1255,'CM7300','O',0,0,4,'1','280B2',0,0,'0000-00-00 00:00:00','02'),(1256,'CM7301','O',0,0,3,'1','280B2',0,0,'0000-00-00 00:00:00','02'),(1257,'CM7305','O',0,0,3,'1','280B2',0,0,'0000-00-00 00:00:00','02'),(1258,'CM7310','O',0,0,3,'1','280B2',0,0,'0000-00-00 00:00:00','02'),(1259,'CM7315','O',0,0,3,'1','280B2',0,0,'0000-00-00 00:00:00','02'),(1260,'CM7320','O',0,0,3,'1','280B2',0,0,'0000-00-00 00:00:00','02'),(1261,'CM7325','O',0,0,4,'1','280B2',0,0,'0000-00-00 00:00:00','02'),(1262,'CM7330','O',0,0,4,'1','280B2',0,0,'0000-00-00 00:00:00','02'),(1263,'CM7335','O',0,0,4,'1','280B2',0,0,'0000-00-00 00:00:00','02'),(1264,'CM7345','O',0,0,4,'1','280B2',0,0,'0000-00-00 00:00:00','02'),(1265,'CM6310','O',0,0,2,'1','280B1',0,0,'0000-00-00 00:00:00','02'),(1266,'CM6313','O',0,0,1,'1','280B1',0,0,'0000-00-00 00:00:00','02'),(1267,'CM6315','O',0,0,2,'1','280B1',0,0,'0000-00-00 00:00:00','02'),(1268,'CM6320','O',0,0,1,'1','280B1',0,0,'0000-00-00 00:00:00','02'),(1269,'CM6325','O',0,0,2,'1','280B1',0,0,'0000-00-00 00:00:00','02'),(1270,'CM6330','O',0,0,1,'1','280B1',0,0,'0000-00-00 00:00:00','02'),(1271,'CM6335','O',0,0,2,'1','280B1',0,0,'0000-00-00 00:00:00','02'),(1272,'CM6340','O',0,0,1,'1','280B1',0,0,'0000-00-00 00:00:00','02'),(1273,'CM6345','O',0,0,1,'1','280B1',0,0,'0000-00-00 00:00:00','02'),(1274,'CM6350','O',0,0,2,'1','280B1',0,0,'0000-00-00 00:00:00','02'),(1275,'CM7301','O',0,0,3,'1','280B1',0,0,'0000-00-00 00:00:00','02'),(1276,'CM7305','O',0,0,3,'1','280B1',0,0,'0000-00-00 00:00:00','02'),(1277,'CM7310','O',0,0,3,'1','280B1',0,0,'0000-00-00 00:00:00','02'),(1278,'CM7315','O',0,0,3,'1','280B1',0,0,'0000-00-00 00:00:00','02'),(1279,'CM7320','O',0,0,3,'1','280B1',0,0,'0000-00-00 00:00:00','02'),(1280,'CM7325','O',0,0,4,'1','280B1',0,0,'0000-00-00 00:00:00','02'),(1281,'CM7330','O',0,0,4,'1','280B1',0,0,'0000-00-00 00:00:00','02'),(1282,'CM7335','O',0,0,4,'1','280B1',0,0,'0000-00-00 00:00:00','02'),(1283,'CM7340','O',0,0,4,'1','280B1',0,0,'0000-00-00 00:00:00','02'),(1284,'CM7345','O',0,0,4,'1','280B1',0,0,'0000-00-00 00:00:00','02'),(1285,'CA1408','O',0,0,1,'1','272A1',2,2,'0000-00-00 00:00:00','02'),(1286,'CA1409','O',0,0,1,'1','272A1',2,2,'0000-00-00 00:00:00','02'),(1287,'CA1410','O',0,0,1,'1','272A1',2,2,'0000-00-00 00:00:00','02'),(1288,'CA1411','O',0,0,1,'1','272A1',2,2,'0000-00-00 00:00:00','02'),(1289,'CA1412','O',0,0,2,'1','272A1',2,2,'0000-00-00 00:00:00','02'),(1290,'CA1413','O',0,0,2,'1','272A1',2,2,'0000-00-00 00:00:00','02'),(1291,'CA1414','O',0,0,2,'1','272A1',2,2,'0000-00-00 00:00:00','02'),(1292,'CA1415','O',0,0,2,'1','272A1',2,2,'0000-00-00 00:00:00','02'),(1293,'CA2407','O',0,0,3,'1','272A1',2,2,'0000-00-00 00:00:00','02'),(1294,'CA2408','O',0,0,3,'1','272A1',2,2,'0000-00-00 00:00:00','02'),(1295,'CA2409','O',0,0,4,'1','272A1',2,2,'0000-00-00 00:00:00','02'),(1296,'CA2410','O',0,0,4,'1','272A1',2,2,'0000-00-00 00:00:00','02'),(1297,'CA2411','O',0,0,4,'1','272A1',2,2,'0000-00-00 00:00:00','02'),(1298,'CA2412','O',0,0,4,'1','272A1',2,2,'0000-00-00 00:00:00','02'),(1299,'CA2416','O',0,0,3,'1','272A1',2,2,'0000-00-00 00:00:00','02'),(1300,'CA2417','O',0,0,3,'1','272A1',2,2,'0000-00-00 00:00:00','02'),(1301,'GG1301','O',0,0,1,'1','271B1',2,2,'0000-00-00 00:00:00','02'),(1302,'GG1302','O',0,0,1,'1','271B1',2,2,'0000-00-00 00:00:00','02'),(1303,'GG1303','O',0,0,2,'1','271B1',2,2,'0000-00-00 00:00:00','02'),(1304,'GG1401','O',0,0,1,'1','271B1',2,3,'0000-00-00 00:00:00','02'),(1305,'GG1402','O',0,0,1,'1','271B1',2,3,'0000-00-00 00:00:00','02'),(1306,'GG1403','O',0,0,2,'1','271B1',2,3,'0000-00-00 00:00:00','02'),(1307,'GG1404','O',0,0,2,'1','271B1',2,3,'0000-00-00 00:00:00','02'),(1308,'GG1405','O',0,0,2,'1','271B1',2,2,'0000-00-00 00:00:00','02'),(1309,'GG2301','O',0,0,3,'1','271B1',2,2,'0000-00-00 00:00:00','02'),(1310,'GG2401','O',0,0,3,'1','271B1',2,3,'0000-00-00 00:00:00','02'),(1311,'GG2402','O',0,0,3,'1','271B1',2,3,'0000-00-00 00:00:00','02'),(1312,'GG2403','O',0,0,3,'1','271B1',2,3,'0000-00-00 00:00:00','02'),(1313,'GG2404','O',0,0,4,'1','271B1',2,3,'0000-00-00 00:00:00','02'),(1314,'GG2405','O',0,0,4,'1','271B1',2,3,'0000-00-00 00:00:00','02'),(1315,'GG2406','O',0,0,4,'1','271B1',2,3,'0000-00-00 00:00:00','02'),(1316,'GG2407','O',0,0,4,'1','271B1',2,3,'0000-00-00 00:00:00','02'),(1317,'MG1310','O',0,0,1,'1','270B3',3,0,'0000-00-00 00:00:00','02'),(1318,'MG1315','O',0,0,2,'1','270B3',3,0,'0000-00-00 00:00:00','02'),(1319,'MG1320','O',0,0,4,'1','270B3',3,0,'0000-00-00 00:00:00','02'),(1320,'MG1325','O',0,0,1,'1','270B3',3,0,'0000-00-00 00:00:00','02'),(1321,'MG1327','O',0,0,1,'1','270B3',3,0,'0000-00-00 00:00:00','02'),(1322,'MG1330','O',0,0,1,'1','270B3',3,0,'0000-00-00 00:00:00','02'),(1323,'MG1340','O',0,0,2,'1','270B3',3,0,'0000-00-00 00:00:00','02'),(1324,'MG1342','O',0,0,2,'1','270B3',3,0,'0000-00-00 00:00:00','02'),(1325,'MG1344','O',0,0,2,'1','270B3',3,0,'0000-00-00 00:00:00','02'),(1326,'MG1345','O',0,0,1,'1','270B3',3,0,'0000-00-00 00:00:00','02'),(1327,'MG1346','O',0,0,2,'1','270B3',3,0,'0000-00-00 00:00:00','02'),(1328,'MG2301','O',0,0,3,'1','270B3',3,0,'0000-00-00 00:00:00','02'),(1329,'MG2302','O',0,0,3,'1','270B3',3,2,'0000-00-00 00:00:00','02'),(1330,'MG2303','O',0,0,4,'1','270B3',3,0,'0000-00-00 00:00:00','02'),(1331,'MG2310','O',0,0,3,'1','270B3',3,0,'0000-00-00 00:00:00','02'),(1332,'MG2315','O',0,0,4,'1','270B3',3,0,'0000-00-00 00:00:00','02'),(1333,'MG2317','O',0,0,4,'1','270B3',3,0,'0000-00-00 00:00:00','02'),(1334,'MG2320','O',0,0,4,'1','270B3',3,0,'0000-00-00 00:00:00','02'),(1335,'MG2325','O',0,0,3,'1','270B3',3,0,'0000-00-00 00:00:00','02'),(1336,'MG2330','O',0,0,3,'1','270B3',3,0,'0000-00-00 00:00:00','02'),(1337,'MG1310','O',0,0,1,'1','270B1',0,0,'0000-00-00 00:00:00','02'),(1338,'MG1315','O',0,0,2,'1','270B1',0,0,'0000-00-00 00:00:00','02'),(1339,'MG1320','O',0,0,1,'1','270B1',0,0,'0000-00-00 00:00:00','02'),(1340,'MG1325','O',0,0,1,'1','270B1',0,0,'0000-00-00 00:00:00','02'),(1341,'MG1330','O',0,0,1,'1','270B1',0,0,'0000-00-00 00:00:00','02'),(1342,'MG1340','O',0,0,2,'1','270B1',0,0,'0000-00-00 00:00:00','02'),(1343,'MG1342','O',0,0,2,'1','270B1',0,0,'0000-00-00 00:00:00','02'),(1344,'MG1344','O',0,0,2,'1','270B1',0,0,'0000-00-00 00:00:00','02'),(1345,'MG1400','O',0,0,1,'1','270B1',0,0,'0000-00-00 00:00:00','02'),(1346,'MG1430','O',0,0,2,'1','270B1',0,0,'0000-00-00 00:00:00','02'),(1347,'MG2310','O',0,0,3,'1','270B1',0,0,'0000-00-00 00:00:00','02'),(1348,'MG2315','O',0,0,3,'1','270B1',0,0,'0000-00-00 00:00:00','02'),(1349,'MG2317','O',0,0,4,'1','270B1',0,0,'0000-00-00 00:00:00','02'),(1350,'MG2320','O',0,0,4,'1','270B1',0,0,'0000-00-00 00:00:00','02'),(1351,'MG2325','O',0,0,3,'1','270B1',0,0,'0000-00-00 00:00:00','02'),(1352,'MG2330','O',0,0,3,'1','270B1',0,0,'0000-00-00 00:00:00','02'),(1353,'MG2410','O',0,0,3,'1','270B1',0,0,'0000-00-00 00:00:00','02'),(1354,'MG2635','O',0,0,4,'1','270B1',0,0,'0000-00-00 00:00:00','02'),(1355,'MG1310','O',0,0,1,'1','270B0',0,0,'0000-00-00 00:00:00','02'),(1356,'MG1315','O',0,0,2,'1','270B0',0,0,'0000-00-00 00:00:00','02'),(1357,'MG1320','O',0,0,4,'1','270B0',0,0,'0000-00-00 00:00:00','02'),(1358,'MG1325','O',0,0,1,'1','270B0',0,0,'0000-00-00 00:00:00','02'),(1359,'MG1327','O',0,0,1,'1','270B0',0,0,'0000-00-00 00:00:00','02'),(1360,'MG1330','O',0,0,1,'1','270B0',0,0,'0000-00-00 00:00:00','02'),(1361,'MG1340','O',0,0,2,'1','270B0',0,0,'0000-00-00 00:00:00','02'),(1362,'MG1342','O',0,0,2,'1','270B0',0,0,'0000-00-00 00:00:00','02'),(1363,'MG1344','O',0,0,2,'1','270B0',0,0,'0000-00-00 00:00:00','02'),(1364,'MG1400','O',0,0,1,'1','270B0',0,0,'0000-00-00 00:00:00','02'),(1365,'MG1430','O',0,0,2,'1','270B0',0,0,'0000-00-00 00:00:00','02'),(1366,'MG2301','O',0,0,3,'1','270B0',2,2,'0000-00-00 00:00:00','02'),(1367,'MG2310','O',0,0,3,'1','270B0',0,0,'0000-00-00 00:00:00','02'),(1368,'MG2315','O',0,0,4,'1','270B0',0,0,'0000-00-00 00:00:00','02'),(1369,'MG2317','O',0,0,4,'1','270B0',0,0,'0000-00-00 00:00:00','02'),(1370,'MG2320','O',0,0,4,'1','270B0',0,0,'0000-00-00 00:00:00','02'),(1371,'MG2325','O',0,0,3,'1','270B0',0,0,'0000-00-00 00:00:00','02'),(1372,'MG2330','O',0,0,3,'1','270B0',0,0,'0000-00-00 00:00:00','02'),(1373,'MG2410','O',0,0,3,'1','270B0',0,0,'0000-00-00 00:00:00','02'),(1374,'ME1310','O',0,0,1,'1','260A1',3,3,'0000-00-00 00:00:00','02'),(1375,'ME1311','O',0,0,2,'1','260A1',2,2,'0000-00-00 00:00:00','02'),(1376,'ME1320','O',0,0,1,'1','260A1',2,2,'0000-00-00 00:00:00','02'),(1377,'ME1321','O',0,0,2,'1','260A1',2,2,'0000-00-00 00:00:00','02'),(1378,'ME1515','O',0,0,1,'1','260A1',2,2,'0000-00-00 00:00:00','02'),(1379,'ME1520','O',0,0,1,'1','260A1',2,2,'0000-00-00 00:00:00','02'),(1380,'ME1525','O',0,0,2,'1','260A1',2,2,'0000-00-00 00:00:00','02'),(1381,'ME1535','O',0,0,2,'1','260A1',2,2,'0000-00-00 00:00:00','02'),(1382,'ME1545','O',0,0,1,'1','260A1',2,2,'0000-00-00 00:00:00','02'),(1383,'ME2310','O',0,0,3,'1','260A1',2,2,'0000-00-00 00:00:00','02'),(1384,'ME2311','O',0,0,4,'1','260A1',2,2,'0000-00-00 00:00:00','02'),(1385,'ME2320','O',0,0,3,'1','260A1',2,2,'0000-00-00 00:00:00','02'),(1386,'ME2321','O',0,0,4,'1','260A1',2,2,'0000-00-00 00:00:00','02'),(1387,'ME2500','O',0,0,3,'1','260A1',2,2,'0000-00-00 00:00:00','02'),(1388,'ME2505','O',0,0,3,'1','260A1',2,2,'0000-00-00 00:00:00','02'),(1389,'ME2510','O',0,0,3,'1','260A1',2,2,'0000-00-00 00:00:00','02'),(1390,'ME2515','O',0,0,2,'1','260A1',2,2,'0000-00-00 00:00:00','02'),(1391,'ME2520','O',0,0,4,'1','260A1',2,2,'0000-00-00 00:00:00','02'),(1392,'ME2525','O',0,0,4,'1','260A1',2,2,'0000-00-00 00:00:00','02'),(1393,'ME2530','O',0,0,4,'1','260A1',2,2,'0000-00-00 00:00:00','02'),(1394,'DM1401','O',0,0,1,'1','591A1',2,2,'0000-00-00 00:00:00','04'),(1395,'DM1402','O',0,0,1,'1','591A1',2,2,'0000-00-00 00:00:00','04'),(1396,'DM1403','O',0,0,1,'1','591A1',4,4,'0000-00-00 00:00:00','04'),(1397,'DM1404','O',0,0,2,'1','591A1',2,2,'0000-00-00 00:00:00','04'),(1398,'DM1405','O',0,0,2,'1','591A1',2,2,'0000-00-00 00:00:00','04'),(1399,'DM1406','O',0,0,2,'1','591A1',2,2,'0000-00-00 00:00:00','04'),(1400,'DM2001','O',0,0,4,'1','591A1',5,5,'0000-00-00 00:00:00','04'),(1401,'DM2401','O',0,0,3,'1','591A1',2,2,'0000-00-00 00:00:00','04'),(1402,'DM2402','O',0,0,3,'1','591A1',2,2,'0000-00-00 00:00:00','04'),(1403,'DM2403','O',0,0,3,'1','591A1',2,2,'0000-00-00 00:00:00','04'),(1404,'DM2404','O',0,0,4,'1','591A1',2,2,'0000-00-00 00:00:00','04'),(1405,'DM2405','O',0,0,4,'1','591A1',2,2,'0000-00-00 00:00:00','04'),(1406,'DM2406','O',0,0,4,'1','591A1',2,2,'0000-00-00 00:00:00','04'),(1407,'DM3001','O',0,0,5,'1','591A1',7,7,'0000-00-00 00:00:00','04'),(1408,'DM3002','O',0,0,6,'1','591A1',9,9,'0000-00-00 00:00:00','04'),(1409,'DM3401','O',0,0,5,'1','591A1',2,2,'0000-00-00 00:00:00','04'),(1410,'DM3402','O',0,0,5,'1','591A1',2,2,'0000-00-00 00:00:00','04'),(1411,'CF1429','O',0,0,1,'1','580A1',2,2,'0000-00-00 00:00:00','04'),(1412,'CF1430','O',0,0,1,'1','580A1',2,2,'0000-00-00 00:00:00','04'),(1413,'CF1431','O',0,0,2,'1','580A1',2,2,'0000-00-00 00:00:00','04'),(1414,'CF1432','O',0,0,2,'1','580A1',2,2,'0000-00-00 00:00:00','04'),(1415,'CF1601','O',0,0,1,'1','580A1',3,3,'0000-00-00 00:00:00','04'),(1416,'CF1602','O',0,0,2,'1','580A1',3,3,'0000-00-00 00:00:00','04'),(1417,'CF2434','O',0,0,3,'1','580A1',2,2,'0000-00-00 00:00:00','04'),(1418,'CF2435','O',0,0,3,'1','580A1',2,2,'0000-00-00 00:00:00','04'),(1419,'CF2436','O',0,0,4,'1','580A1',2,2,'0000-00-00 00:00:00','04'),(1420,'CF2437','O',0,0,4,'1','580A1',2,2,'0000-00-00 00:00:00','04'),(1421,'CF2438','O',0,0,4,'1','580A1',2,2,'0000-00-00 00:00:00','04'),(1422,'CF2601','O',0,0,3,'1','580A1',3,3,'0000-00-00 00:00:00','04'),(1423,'CF2602','O',0,0,4,'1','580A1',3,3,'0000-00-00 00:00:00','04'),(1424,'CF3001','O',0,0,6,'1','580A1',5,5,'0000-00-00 00:00:00','04'),(1425,'CF3401','O',0,0,5,'1','580A1',2,2,'0000-00-00 00:00:00','04'),(1426,'CF3402','O',0,0,5,'1','580A1',2,2,'0000-00-00 00:00:00','04'),(1427,'CF3403','O',0,0,6,'1','580A1',2,2,'0000-00-00 00:00:00','04'),(1428,'CF3404','O',0,0,5,'1','580A1',2,2,'0000-00-00 00:00:00','04'),(1429,'CF3601','O',0,0,5,'1','580A1',3,3,'0000-00-00 00:00:00','04'),(1430,'DR1403','O',0,0,1,'1','572A1',2,2,'0000-00-00 00:00:00','04'),(1431,'DR1405','O',0,0,1,'1','572A1',2,2,'0000-00-00 00:00:00','04'),(1432,'DR1406','O',0,0,2,'1','572A1',2,2,'0000-00-00 00:00:00','04'),(1433,'DR1407','O',0,0,1,'1','572A1',2,2,'0000-00-00 00:00:00','04'),(1434,'DR1801','O',0,0,1,'1','572A1',4,4,'0000-00-00 00:00:00','04'),(1435,'DR1802','O',0,0,2,'1','572A1',4,4,'0000-00-00 00:00:00','04'),(1436,'DR1803','O',0,0,2,'1','572A1',4,4,'0000-00-00 00:00:00','04'),(1437,'DR2001','O',0,0,3,'1','572A1',5,5,'0000-00-00 00:00:00','04'),(1438,'DR2002','O',0,0,4,'1','572A1',5,5,'0000-00-00 00:00:00','04'),(1439,'DR2404','O',0,0,3,'1','572A1',2,2,'0000-00-00 00:00:00','04'),(1440,'DR2405','O',0,0,4,'1','572A1',2,2,'0000-00-00 00:00:00','04'),(1441,'DR2604','O',0,0,3,'1','572A1',3,3,'0000-00-00 00:00:00','04'),(1442,'DR2605','O',0,0,4,'1','572A1',3,3,'0000-00-00 00:00:00','04'),(1443,'DR3002','O',0,0,6,'1','572A1',10,10,'0000-00-00 00:00:00','04'),(1444,'DR3101','O',0,0,5,'1','572A1',6,6,'0000-00-00 00:00:00','04'),(1445,'DR3805','O',0,0,5,'1','572A1',4,4,'0000-00-00 00:00:00','04'),(1446,'DC1423','O',0,0,1,'1','570A1',4,3,'0000-00-00 00:00:00','04'),(1447,'DC1424','O',0,0,1,'1','570A1',2,2,'0000-00-00 00:00:00','04'),(1448,'DC1425','O',0,0,2,'1','570A1',2,2,'0000-00-00 00:00:00','04'),(1449,'DC1426','O',0,0,2,'1','570A1',2,2,'0000-00-00 00:00:00','04'),(1450,'DC1601','O',0,0,2,'1','570A1',2,2,'0000-00-00 00:00:00','04'),(1451,'DC1602','O',0,0,1,'1','570A1',2,2,'0000-00-00 00:00:00','04'),(1452,'DC2423','O',0,0,4,'1','570A1',2,2,'0000-00-00 00:00:00','04'),(1453,'DC2430','O',0,0,3,'1','570A1',2,2,'0000-00-00 00:00:00','04'),(1454,'DC2431','O',0,0,3,'1','570A1',2,2,'0000-00-00 00:00:00','04'),(1455,'DC2432','O',0,0,4,'1','570A1',2,2,'0000-00-00 00:00:00','04'),(1456,'DC2601','O',0,0,3,'1','570A1',2,2,'0000-00-00 00:00:00','04'),(1457,'DC2602','O',0,0,4,'1','570A1',2,2,'0000-00-00 00:00:00','04'),(1458,'DC3007','O',0,0,5,'1','570A1',2,2,'0000-00-00 00:00:00','04'),(1459,'DC3008','O',0,0,6,'1','570A1',2,2,'0000-00-00 00:00:00','04'),(1460,'DC1317','O',0,0,1,'1','560A1',2,1,'0000-00-00 00:00:00','04'),(1461,'DC1318','O',0,0,1,'1','560A1',2,1,'0000-00-00 00:00:00','04'),(1462,'DC1319','O',0,0,1,'1','560A1',2,1,'0000-00-00 00:00:00','04'),(1463,'DC1320','O',0,0,2,'1','560A1',2,1,'0000-00-00 00:00:00','04'),(1464,'DC1321','O',0,0,1,'1','560A1',2,1,'0000-00-00 00:00:00','04'),(1465,'DC1322','O',0,0,1,'1','560A1',2,1,'0000-00-00 00:00:00','04'),(1466,'DC1432','O',0,0,2,'1','560A1',2,2,'0000-00-00 00:00:00','04'),(1467,'DC2202','O',0,0,4,'1','560A1',2,0,'0000-00-00 00:00:00','04'),(1468,'DC2438','O',0,0,3,'1','560A1',2,2,'0000-00-00 00:00:00','04'),(1469,'DC2439','O',0,0,3,'1','560A1',2,2,'0000-00-00 00:00:00','04'),(1470,'DC2441','O',0,0,4,'1','560A1',2,2,'0000-00-00 00:00:00','04'),(1471,'DC2442','O',0,0,2,'1','560A1',2,2,'0000-00-00 00:00:00','04'),(1472,'DC2443','O',0,0,2,'1','560A1',2,2,'0000-00-00 00:00:00','04'),(1473,'DC3202','O',0,0,5,'1','560A1',2,0,'0000-00-00 00:00:00','04'),(1474,'DC3203','O',0,0,6,'1','560A1',2,0,'0000-00-00 00:00:00','04'),(1475,'DC3303','O',0,0,3,'1','560A1',2,1,'0000-00-00 00:00:00','04'),(1476,'DC3402','O',0,0,3,'1','560A1',2,2,'0000-00-00 00:00:00','04'),(1477,'DC3501','O',0,0,5,'1','560A1',3,2,'0000-00-00 00:00:00','04'),(1478,'DC3502','O',0,0,6,'1','560A1',3,2,'0000-00-00 00:00:00','04'),(1479,'DC4201','O',0,0,4,'1','560A1',2,0,'0000-00-00 00:00:00','04'),(1480,'DC4301','O',0,0,4,'1','560A1',2,1,'0000-00-00 00:00:00','04'),(1481,'DC4401','O',0,0,4,'1','560A1',2,2,'0000-00-00 00:00:00','04'),(1482,'DC5301','O',0,0,5,'1','560A1',2,1,'0000-00-00 00:00:00','04'),(1483,'DC6301','O',0,0,6,'1','560A1',2,1,'0000-00-00 00:00:00','04'),(1484,'BE1201','O',0,0,1,'1','550A2',1,1,'0000-00-00 00:00:00','04'),(1485,'BE1301','O',0,0,1,'1','550A2',2,1,'0000-00-00 00:00:00','04'),(1486,'BE1302','O',0,0,1,'1','550A2',2,1,'0000-00-00 00:00:00','04'),(1487,'BE1303','O',0,0,1,'1','550A2',2,1,'0000-00-00 00:00:00','04'),(1488,'BE1304','O',0,0,2,'1','550A2',2,1,'0000-00-00 00:00:00','04'),(1489,'BE1305','O',0,0,2,'1','550A2',2,1,'0000-00-00 00:00:00','04'),(1490,'BE1306','O',0,0,2,'1','550A2',2,1,'0000-00-00 00:00:00','04'),(1491,'BE1307','O',0,0,2,'1','550A2',2,1,'0000-00-00 00:00:00','04'),(1492,'BE2301','O',0,0,3,'1','550A2',2,1,'0000-00-00 00:00:00','04'),(1493,'BE2302','O',0,0,3,'1','550A2',2,1,'0000-00-00 00:00:00','04'),(1494,'BE2303','O',0,0,3,'1','550A2',2,1,'0000-00-00 00:00:00','04'),(1495,'BE2304','O',0,0,4,'1','550A2',2,1,'0000-00-00 00:00:00','04'),(1496,'BE2305','O',0,0,4,'1','550A2',2,1,'0000-00-00 00:00:00','04'),(1497,'BE2306','O',0,0,4,'1','550A2',2,1,'0000-00-00 00:00:00','04'),(1498,'BE2501','O',0,0,3,'1','550A2',3,2,'0000-00-00 00:00:00','04'),(1499,'BE2502','O',0,0,4,'1','550A2',3,2,'0000-00-00 00:00:00','04'),(1500,'BE3301','O',0,0,5,'1','550A2',2,1,'0000-00-00 00:00:00','04'),(1501,'BE3501','O',0,0,5,'1','550A2',3,2,'0000-00-00 00:00:00','04'),(1502,'BE3502','O',0,0,6,'1','550A2',3,2,'0000-00-00 00:00:00','04'),(1503,'DC1306','O',0,0,1,'1','550A1',2,4,'0000-00-00 00:00:00','04'),(1504,'DC1420','O',0,0,1,'1','550A1',2,3,'0000-00-00 00:00:00','04'),(1505,'DC1421','O',0,0,1,'1','550A1',2,3,'0000-00-00 00:00:00','04'),(1506,'DC1511','O',0,0,1,'1','550A1',2,3,'0000-00-00 00:00:00','04'),(1507,'DE1409','O',0,0,1,'1','540A1',2,2,'0000-00-00 00:00:00','04'),(1508,'DE1410','O',0,0,1,'1','540A1',2,2,'0000-00-00 00:00:00','04'),(1509,'DE1411','O',0,0,1,'1','540A1',2,2,'0000-00-00 00:00:00','04'),(1510,'DE1412','O',0,0,1,'1','540A1',2,2,'0000-00-00 00:00:00','04'),(1511,'DE1413','O',0,0,2,'1','540A1',2,2,'0000-00-00 00:00:00','04'),(1512,'DE1414','O',0,0,2,'1','540A1',1,2,'0000-00-00 00:00:00','04'),(1513,'DE1415','O',0,0,2,'1','540A1',2,2,'0000-00-00 00:00:00','04'),(1514,'DE1416','O',0,0,2,'1','540A1',1,2,'0000-00-00 00:00:00','04'),(1515,'DE2409','O',0,0,3,'1','540A1',2,2,'0000-00-00 00:00:00','04'),(1516,'DE2410','O',0,0,3,'1','540A1',2,2,'0000-00-00 00:00:00','04'),(1517,'DE2412','O',0,0,4,'1','540A1',2,2,'0000-00-00 00:00:00','04'),(1518,'DE2413','O',0,0,4,'1','540A1',2,2,'0000-00-00 00:00:00','04'),(1519,'DE2631','O',0,0,3,'1','540A1',4,5,'0000-00-00 00:00:00','04'),(1520,'DE2814','O',0,0,4,'1','540A1',2,2,'0000-00-00 00:00:00','04'),(1521,'DE3001','O',0,0,5,'1','540A1',2,2,'0000-00-00 00:00:00','04'),(1522,'DE3002','O',0,0,6,'1','540A1',2,2,'0000-00-00 00:00:00','04'),(1523,'DE3401','O',0,0,5,'1','540A1',2,2,'0000-00-00 00:00:00','04'),(1524,'DS1202','O',0,0,1,'1','530B4',1,1,'0000-00-00 00:00:00','04'),(1525,'DS1203','O',0,0,2,'1','530B4',1,1,'0000-00-00 00:00:00','04'),(1526,'DS1303','O',0,0,2,'1','530B4',2,1,'0000-00-00 00:00:00','04'),(1527,'DS1501','O',0,0,1,'1','530B4',3,2,'0000-00-00 00:00:00','04'),(1528,'DS1502','O',0,0,1,'1','530B4',3,2,'0000-00-00 00:00:00','04'),(1529,'DS1801','O',0,0,2,'1','530B4',4,4,'0000-00-00 00:00:00','04'),(1530,'DS2201','O',0,0,4,'1','530B4',1,1,'0000-00-00 00:00:00','04'),(1531,'DS2202','O',0,0,2,'1','530B4',1,1,'0000-00-00 00:00:00','04'),(1532,'DS2301','O',0,0,3,'1','530B4',2,1,'0000-00-00 00:00:00','04'),(1533,'DS2302','O',0,0,3,'1','530B4',2,1,'0000-00-00 00:00:00','04'),(1534,'DS2303','O',0,0,3,'1','530B4',2,1,'0000-00-00 00:00:00','04'),(1535,'DS2501','O',0,0,3,'1','530B4',3,2,'0000-00-00 00:00:00','04'),(1536,'DS2602','O',0,0,4,'1','530B4',3,3,'0000-00-00 00:00:00','04'),(1537,'DS3201','O',0,0,5,'1','530B4',1,1,'0000-00-00 00:00:00','04'),(1538,'DS3301','O',0,0,5,'1','530B4',2,1,'0000-00-00 00:00:00','04'),(1539,'DS3303','O',0,0,5,'1','530B4',2,1,'0000-00-00 00:00:00','04'),(1540,'DS3305','O',0,0,6,'1','530B4',2,1,'0000-00-00 00:00:00','04'),(1541,'DS3801','O',0,0,6,'1','530B4',4,4,'0000-00-00 00:00:00','04'),(1542,'DS1101','O',0,0,2,'1','530B1',2,2,'0000-00-00 00:00:00','04'),(1543,'DS1201','O',0,0,1,'1','530B1',2,2,'0000-00-00 00:00:00','04'),(1544,'DS1202','O',0,0,1,'1','530B1',2,2,'0000-00-00 00:00:00','04'),(1545,'DS1203','O',0,0,2,'1','530B1',2,2,'0000-00-00 00:00:00','04'),(1546,'DS1301','O',0,0,1,'1','530B1',2,2,'0000-00-00 00:00:00','04'),(1547,'DS1302','O',0,0,1,'1','530B1',2,2,'0000-00-00 00:00:00','04'),(1548,'DS1303','O',0,0,2,'1','530B1',2,2,'0000-00-00 00:00:00','04'),(1549,'DS1501','O',0,0,1,'1','530B1',5,5,'0000-00-00 00:00:00','04'),(1550,'DS1801','O',0,0,2,'1','530B1',4,4,'0000-00-00 00:00:00','04'),(1551,'DS2201','O',0,0,4,'1','530B1',4,6,'0000-00-00 00:00:00','04'),(1552,'DS2301','O',0,0,3,'1','530B1',4,4,'0000-00-00 00:00:00','04'),(1553,'DS2302','O',0,0,3,'1','530B1',4,4,'0000-00-00 00:00:00','04'),(1554,'DS2303','O',0,0,3,'1','530B1',2,3,'0000-00-00 00:00:00','04'),(1555,'DS2501','O',0,0,3,'1','530B1',2,4,'0000-00-00 00:00:00','04'),(1556,'DS2601','O',0,0,4,'1','530B1',4,4,'0000-00-00 00:00:00','04'),(1557,'DS2602','O',0,0,4,'1','530B1',4,4,'0000-00-00 00:00:00','04'),(1558,'DS3201','O',0,0,5,'1','530B1',2,4,'0000-00-00 00:00:00','04'),(1559,'DS3301','O',0,0,5,'1','530B1',2,4,'0000-00-00 00:00:00','04'),(1560,'DS3302','O',0,0,5,'1','530B1',2,4,'0000-00-00 00:00:00','04'),(1561,'DS3303','O',0,0,5,'1','530B1',2,4,'0000-00-00 00:00:00','04'),(1562,'DS3304','O',0,0,5,'1','530B1',2,4,'0000-00-00 00:00:00','04'),(1563,'DS3305','O',0,0,6,'1','530B1',4,4,'0000-00-00 00:00:00','04'),(1564,'DS3306','O',0,0,6,'1','530B1',6,6,'0000-00-00 00:00:00','04'),(1565,'DS3801','O',0,0,6,'1','530B1',6,6,'0000-00-00 00:00:00','04'),(1566,'II1456','O',0,0,1,'1','380A2',2,2,'0000-00-00 00:00:00','02'),(1567,'II1457','O',0,0,1,'1','380A2',2,2,'0000-00-00 00:00:00','02'),(1568,'II1458','O',0,0,1,'1','380A2',2,2,'0000-00-00 00:00:00','02'),(1569,'II1459','O',0,0,1,'1','380A2',2,2,'0000-00-00 00:00:00','02'),(1570,'II1460','O',0,0,2,'1','380A2',2,2,'0000-00-00 00:00:00','02'),(1571,'II1461','O',0,0,2,'1','380A2',2,2,'0000-00-00 00:00:00','02'),(1572,'II2403','O',0,0,3,'1','380A2',2,2,'0000-00-00 00:00:00','02'),(1573,'II2404','O',0,0,2,'1','380A2',2,2,'0000-00-00 00:00:00','02'),(1574,'II2405','O',0,0,3,'1','380A2',2,2,'0000-00-00 00:00:00','02'),(1575,'II2406','O',0,0,4,'1','380A2',2,2,'0000-00-00 00:00:00','02'),(1576,'II2407','O',0,0,4,'1','380A2',2,2,'0000-00-00 00:00:00','02'),(1577,'II2408','O',0,0,4,'1','380A2',2,2,'0000-00-00 00:00:00','02'),(1578,'II2409','O',0,0,4,'1','380A2',2,2,'0000-00-00 00:00:00','02'),(1579,'II2410','O',0,0,3,'1','380A2',2,2,'0000-00-00 00:00:00','02'),(1580,'II2412','O',0,0,3,'1','380A2',2,2,'0000-00-00 00:00:00','02'),(1581,'II2413','O',0,0,2,'1','380A2',2,2,'0000-00-00 00:00:00','02'),(1582,'ME1206','O',0,0,2,'1','360A1',2,2,'0000-00-00 00:00:00','02'),(1583,'ME1322','O',0,0,1,'1','360A1',2,2,'0000-00-00 00:00:00','02'),(1584,'ME1323','O',0,0,1,'1','360A1',2,2,'0000-00-00 00:00:00','02'),(1585,'ME1324','O',0,0,1,'1','360A1',2,2,'0000-00-00 00:00:00','02'),(1586,'ME1325','O',0,0,1,'1','360A1',2,2,'0000-00-00 00:00:00','02'),(1587,'ME1326','O',0,0,2,'1','360A1',2,2,'0000-00-00 00:00:00','02'),(1588,'ME1327','O',0,0,2,'1','360A1',2,2,'0000-00-00 00:00:00','02'),(1589,'ME1411','O',0,0,1,'1','360A1',2,3,'0000-00-00 00:00:00','02'),(1590,'ME1412','O',0,0,2,'1','360A1',2,3,'0000-00-00 00:00:00','02'),(1591,'ME1413','O',0,0,2,'1','360A1',2,3,'0000-00-00 00:00:00','02'),(1592,'ME2002','O',0,0,4,'1','360A1',5,5,'0000-00-00 00:00:00','02'),(1593,'ME2202','O',0,0,3,'1','360A1',2,2,'0000-00-00 00:00:00','02'),(1594,'ME2203','O',0,0,3,'1','360A1',2,2,'0000-00-00 00:00:00','02'),(1595,'ME2204','O',0,0,3,'1','360A1',2,2,'0000-00-00 00:00:00','02'),(1596,'ME2205','O',0,0,3,'1','360A1',2,2,'0000-00-00 00:00:00','02'),(1597,'ME2206','O',0,0,4,'1','360A1',2,2,'0000-00-00 00:00:00','02'),(1598,'ME2803','O',0,0,3,'1','360A1',4,4,'0000-00-00 00:00:00','02'),(1599,'IC1419','O',0,0,1,'1','350A2',2,2,'0000-00-00 00:00:00','02'),(1600,'IC1420','O',0,0,1,'1','350A2',2,2,'0000-00-00 00:00:00','02'),(1601,'IC1421','O',0,0,2,'1','350A2',2,2,'0000-00-00 00:00:00','02'),(1602,'IC1423','O',0,0,2,'1','350A2',2,2,'0000-00-00 00:00:00','02'),(1603,'IC1430','O',0,0,1,'1','350A2',1,1,'0000-00-00 00:00:00','02'),(1604,'IC1434','O',0,0,2,'1','350A2',2,2,'0000-00-00 00:00:00','02'),(1605,'IC1435','O',0,0,1,'1','350A2',1,1,'0000-00-00 00:00:00','02'),(1606,'IC1436','O',0,0,2,'1','350A2',2,2,'0000-00-00 00:00:00','02'),(1607,'IC2300','O',0,0,3,'1','350A2',1,2,'0000-00-00 00:00:00','02'),(1608,'IC2306','O',0,0,4,'1','350A2',1,2,'0000-00-00 00:00:00','02'),(1609,'IC2419','O',0,0,3,'1','350A2',2,2,'0000-00-00 00:00:00','02'),(1610,'IC2430','O',0,0,3,'1','350A2',2,2,'0000-00-00 00:00:00','02'),(1611,'IC2431','O',0,0,3,'1','350A2',2,2,'0000-00-00 00:00:00','02'),(1612,'IC2432','O',0,0,4,'1','350A2',2,2,'0000-00-00 00:00:00','02'),(1613,'IC2433','O',0,0,4,'1','350A2',2,2,'0000-00-00 00:00:00','02'),(1614,'IC2434','O',0,0,4,'1','350A2',2,2,'0000-00-00 00:00:00','02'),(1615,'IC1417','O',0,0,1,'1','350A1',2,4,'0000-00-00 00:00:00','02'),(1616,'IC1418','O',0,0,2,'1','350A1',2,4,'0000-00-00 00:00:00','02'),(1617,'IC1419','O',0,0,4,'1','350A1',2,4,'0000-00-00 00:00:00','02'),(1618,'IC1420','O',0,0,3,'1','350A1',2,4,'0000-00-00 00:00:00','02');
/*!40000 ALTER TABLE `tbl_detalle_plan_estudios` ENABLE KEYS */;
UNLOCK TABLES;

--
-- Table structure for table `tbl_historial`
--

DROP TABLE IF EXISTS `tbl_historial`;
/*!40101 SET @saved_cs_client     = @@character_set_client */;
/*!40101 SET character_set_client = utf8 */;
CREATE TABLE `tbl_historial` (
  `cod_curso` char(6) NOT NULL,
  `cod_alumno` char(10) NOT NULL,
  `cod_acta` int(11) DEFAULT NULL,
  `semestre` char(5) NOT NULL,
  `creditos` tinyint(4) NOT NULL,
  `nota` varchar(2) NOT NULL,
  `fecha_registro` datetime NOT NULL,
  `nombre_pc` varchar(30) NOT NULL,
  `usuario_registro` varchar(30) NOT NULL,
  `observacion` varchar(130) NOT NULL,
  `estado` binary(1) NOT NULL DEFAULT '1',
  `cod_tipo_programa` varchar(2) DEFAULT NULL,
  PRIMARY KEY (`cod_curso`,`cod_alumno`,`semestre`) USING BTREE,
  KEY `FK_tbl_nota_alumnos` (`cod_alumno`),
  CONSTRAINT `FK_tbl_nota_alumnos` FOREIGN KEY (`cod_alumno`) REFERENCES `tbl_alumnos` (`cod_alumno`)
) ENGINE=InnoDB DEFAULT CHARSET=latin1;
/*!40101 SET character_set_client = @saved_cs_client */;

--
-- Dumping data for table `tbl_historial`
--

LOCK TABLES `tbl_historial` WRITE;
/*!40000 ALTER TABLE `tbl_historial` DISABLE KEYS */;
/*!40000 ALTER TABLE `tbl_historial` ENABLE KEYS */;
UNLOCK TABLES;

--
-- Table structure for table `tbl_inscripcion_curso`
--

DROP TABLE IF EXISTS `tbl_inscripcion_curso`;
/*!40101 SET @saved_cs_client     = @@character_set_client */;
/*!40101 SET character_set_client = utf8 */;
CREATE TABLE `tbl_inscripcion_curso` (
  `cod_programacion` int(11) NOT NULL,
  `fecha_inscripcion` datetime NOT NULL,
  `fecha_registro` datetime NOT NULL,
  `estado` binary(1) NOT NULL DEFAULT '1',
  `usuario_registro` varchar(40) NOT NULL,
  `cod_matricula` int(11) NOT NULL,
  `nombre_pc` varchar(45) NOT NULL,
  PRIMARY KEY (`cod_programacion`) USING BTREE,
  KEY `FK_tbl_inscripcion_curso_programacion` (`cod_programacion`),
  KEY `FK_tbl_inscripcion_curso_22` (`cod_matricula`),
  CONSTRAINT `FK_tbl_inscripcion_curso_2` FOREIGN KEY (`cod_programacion`) REFERENCES `tbl_programacion` (`cod_programacion`),
  CONSTRAINT `FK_tbl_inscripcion_curso_22` FOREIGN KEY (`cod_matricula`) REFERENCES `tbl_matricula` (`cod_matricula`)
) ENGINE=InnoDB DEFAULT CHARSET=latin1;
/*!40101 SET character_set_client = @saved_cs_client */;

--
-- Dumping data for table `tbl_inscripcion_curso`
--

LOCK TABLES `tbl_inscripcion_curso` WRITE;
/*!40000 ALTER TABLE `tbl_inscripcion_curso` DISABLE KEYS */;
INSERT INTO `tbl_inscripcion_curso` VALUES (18,'2020-09-23 14:37:35','2020-09-23 14:37:35','1','',17,'DEYVI-PC');
/*!40000 ALTER TABLE `tbl_inscripcion_curso` ENABLE KEYS */;
UNLOCK TABLES;

--
-- Table structure for table `tbl_matricula`
--

DROP TABLE IF EXISTS `tbl_matricula`;
/*!40101 SET @saved_cs_client     = @@character_set_client */;
/*!40101 SET character_set_client = utf8 */;
CREATE TABLE `tbl_matricula` (
  `cod_alumno` char(10) NOT NULL,
  `semestre` char(5) NOT NULL,
  `nro_voucher` varchar(20) DEFAULT NULL,
  `fecha_voucher` datetime DEFAULT NULL,
  `fecha_registro` datetime NOT NULL,
  `usuario_registro` varchar(30) NOT NULL,
  `estado` binary(1) NOT NULL DEFAULT '1',
  `monto_voucher` decimal(10,2) DEFAULT NULL,
  `cod_matricula` int(10) NOT NULL AUTO_INCREMENT,
  `banco` varchar(50) DEFAULT NULL,
  PRIMARY KEY (`cod_matricula`) USING BTREE,
  KEY `FK_tbl_matricula_1` (`cod_alumno`),
  CONSTRAINT `FK_tbl_matricula_1` FOREIGN KEY (`cod_alumno`) REFERENCES `tbl_alumnos` (`cod_alumno`)
) ENGINE=InnoDB AUTO_INCREMENT=21 DEFAULT CHARSET=latin1;
/*!40101 SET character_set_client = @saved_cs_client */;

--
-- Dumping data for table `tbl_matricula`
--

LOCK TABLES `tbl_matricula` WRITE;
/*!40000 ALTER TABLE `tbl_matricula` DISABLE KEYS */;
INSERT INTO `tbl_matricula` VALUES ('1010101010','20201','123456789','2020-09-17 00:00:00','2020-09-17 21:06:23','DEYVI-PC','1',500.00,15,'BANCO DE LA NACION'),('1234567898','20211','123456789','2020-09-19 00:00:00','2020-09-18 14:18:09','DEYVI-PC','1',1000.00,16,'BANCO DE LA NACION'),('2020202020','20201','124312','2020-02-02 00:00:00','2020-09-23 14:35:23','DEYVI-PC','1',500.00,17,'BANCO DE NACION 1'),('0000000001','20201','552252','2020-10-10 00:00:00','2020-09-23 16:14:56','DEYVI-PC','1',500.00,18,'BANCO DE LA NACION'),('1245789623','20201','5464664','2010-10-10 00:00:00','2020-09-24 15:51:25','DEYVI-PC','1',360.00,19,'NACION'),('2545454888','20202','2548888887','2020-12-26 00:00:00','2020-11-24 19:18:38','DESKTOP-FRMLHB1','1',2500.00,20,'BBVA');
/*!40000 ALTER TABLE `tbl_matricula` ENABLE KEYS */;
UNLOCK TABLES;

--
-- Table structure for table `tbl_mencion`
--

DROP TABLE IF EXISTS `tbl_mencion`;
/*!40101 SET @saved_cs_client     = @@character_set_client */;
/*!40101 SET character_set_client = utf8 */;
CREATE TABLE `tbl_mencion` (
  `cod_mencion` char(3) NOT NULL,
  `cod_programa` char(2) NOT NULL,
  `grado_academico` varchar(100) NOT NULL,
  `estado` char(1) NOT NULL DEFAULT '1',
  `nombre` varchar(100) NOT NULL,
  `estmencion` tinyint(4) NOT NULL DEFAULT '1',
  `cod_ocra` char(4) NOT NULL,
  PRIMARY KEY (`cod_mencion`) USING BTREE,
  KEY `FK_tbl_mencion_programas` (`cod_programa`),
  CONSTRAINT `FK_tbl_mencion_programas` FOREIGN KEY (`cod_programa`) REFERENCES `tbl_programas` (`cod_programa`)
) ENGINE=InnoDB DEFAULT CHARSET=latin1;
/*!40101 SET character_set_client = @saved_cs_client */;

--
-- Dumping data for table `tbl_mencion`
--

LOCK TABLES `tbl_mencion` WRITE;
/*!40000 ALTER TABLE `tbl_mencion` DISABLE KEYS */;
INSERT INTO `tbl_mencion` VALUES ('001','01','MENCION EN  TERAPIA FAMILIAR','1','MENCION EN  TERAPIA FAMILIAR',1,'190'),('002','02','MENCION EN  COMUNICACION SOCIAL','1','MENCION EN  COMUNICACION SOCIAL',1,'200'),('003','03','MENCION EN DESARROLLO RURAL','1','MENCION EN DESARROLLO RURAL',1,'210'),('004','04','MENCION EN ING. AMBIENTAL','1','MENCION EN ING. AMBIENTAL',1,'220'),('005','04','MENCION EN  INGENIERIA  AMBIENTAL Y SEGURIDAD INDUSTRIAL','1','MENCION EN  INGENIERIA  AMBIENTAL Y SEGURIDAD INDUSTRIAL',1,'221'),('006','04','MENCION EN  INGENIERIA DE PETROLEO Y GAS NATURAL','1','MENCION EN  INGENIERIA DE PETROLEO Y GAS NATURAL',1,'222'),('007','04','MENCION EN SEGURIDAD INDUSTRIAL, SALUD OCUPACIONAL Y RELACIONES COMUNITARIA','1','MENCION EN SEGURIDAD INDUSTRIAL, SALUD OCUPACIONAL Y RELACIONES COMUNITARIA',1,'223'),('008','05','MENCION EN FINANZAS EMPRESARIALES','1','MENCION EN FINANZAS EMPRESARIALES',1,'230'),('009','05','MENCION EN AUDITORIA Y CONTROL','1','MENCION EN AUDITORIA Y CONTROL',1,'231'),('010','05','MENCION EN TRIBUTACION','1','MENCION EN TRIBUTACION',1,'232'),('011','05','MENCIÓN EN CONTABILIDAD Y GESTIÒN GUBERNAMENTAL','1','MENCIÓN EN CONTABILIDAD Y GESTIÒN GUBERNAMENTAL',1,'233'),('012','06','MENCION EN ECONOMÍA  DE EMPRESAS','1','MENCION EN ECONOMÍA  DE EMPRESAS',1,'240'),('013','06','MENCION EN PROYECTOS DE INVERSIÓN','1','MENCION EN PROYECTOS DE INVERSIÓN',1,'241'),('014','06','MENCION EN ECONOMIA DE EMPRESAS','1','MENCION EN ECONOMIA DE EMPRESAS',1,'242'),('015','06','MENCION EN MICROFINANZAS Y ECONOMIA PARA PYMES','1','MENCION EN MICROFINANZAS Y ECONOMIA PARA PYMES',1,'243'),('016','06','ECONOMIA DE LOS RECURSOS NATURALES Y GESTION AMBIENTAL','1','ECONOMIA DE LOS RECURSOS NATURALES Y GESTION AMBIENTAL',1,'244'),('017','06','ECONOMIA DEL DESARROLLO','1','ECONOMIA DEL DESARROLLO',1,'245'),('018','07','MENCION EN INFORMATICA','1','MENCION EN INFORMATICA',1,'250'),('019','08','MENCION EN DIDACTICA EN CIENCIAS DE LA EDUCACION','1','MENCION EN DIDACTICA EN CIENCIAS DE LA EDUCACION',1,'260'),('020','08','MENCION EN EN DOCENCIA UNIVERSITARIA','1','MENCION EN EN DOCENCIA UNIVERSITARIA',1,'261'),('021','08','MENCION EN INICIAL','1','MENCION EN INICIAL',1,'262'),('022','08','MENCION EN PRIMARIA','1','MENCION EN PRIMARIA',1,'264'),('023','09','MENCION EN GERENCIA EMPRESARIAL','1','MENCION EN GERENCIA EMPRESARIAL',1,'270'),('024','09','MENCION EN GERENCIA  GUBERNAMENTAL','1','MENCION EN GERENCIA  GUBERNAMENTAL',1,'271'),('025','09','MENCION EN NEGOCIOS INTERNACIONALES Y LOGISTICA DE EXPORTACION','1','MENCION EN NEGOCIOS INTERNACIONALES Y LOGISTICA DE EXPORTACION',1,'272'),('026','10','MENCION EN CIENCIAS DEL MAR','1','MENCION EN CIENCIAS DEL MAR',1,'280'),('027','10','MENCION EN MATEMATICA APLICADA','1','MENCION EN MATEMATICA APLICADA',1,'281'),('028','10','MENCION EN ENSEÑANZA DE LA MATEMATICA','1','MENCION EN ENSEÑANZA DE LA MATEMATICA',1,'282'),('029','11','MENCION EN DOCENCIA UNIVERSITARIA','1','MENCION EN DOCENCIA UNIVERSITARIA',1,'290'),('030','11','MENCION EN  GESTION EDUCATIVA','1','MENCION EN  GESTION EDUCATIVA',1,'291'),('031','11','MENCION EN  PSICOPEDAGOGIA E INCLUSION','1','MENCION EN  PSICOPEDAGOGIA E INCLUSION',1,'292'),('032','11','MENCION EN  COMUNICACION SOCIAL','1','MENCION EN  COMUNICACION SOCIAL',1,'293'),('033','12','MENCION EN DERECHO CIVIL Y COMERCIAL','1','MENCION EN DERECHO CIVIL Y COMERCIAL',1,'300'),('034','12','MENCION EN DERECHO  PENAL','1','MENCION EN DERECHO  PENAL',1,'301'),('035','12','MENCION EN DERECHO TRIBUTARIO Y LABORAL','1','MENCION EN DERECHO TRIBUTARIO Y LABORAL',1,'302'),('036','12','MENCION EN CRIMINALISTICA Y CIENCIAS FORENCES','1','MENCION EN CRIMINALISTICA Y CIENCIAS FORENCES',1,'303'),('037','12','MENCION EN DERECHO CONSTITUCIONAL','1','MENCION EN DERECHO CONSTITUCIONAL',1,'304'),('038','13','MENCION EN ZUMOS TROPICALES','1','MENCION EN ZUMOS TROPICALES',1,'310'),('039','14','MENCION EN MEDICINA','1','MENCION EN MEDICINA',1,'320'),('040','14','MENCION EN  MEDICINA FAMILIAR, COMUNITARIA Y ATENCION PRIMARIA','1','MENCION EN  MEDICINA FAMILIAR, COMUNITARIA Y ATENCION PRIMARIA',1,'321'),('041','14','MENCION EN SALUD PUBLICA Y SALUD FAMILIAR Y COMUNITARIA','1','MENCION EN SALUD PUBLICA Y SALUD FAMILIAR Y COMUNITARIA',1,'322'),('042','14','MENCION EN  SALUD  PUBLICA Y GERENCIA EN SALUD','1','MENCION EN  SALUD  PUBLICA Y GERENCIA EN SALUD',1,'323'),('043','14','MENCION EN SALUD  PUBLICA Y EPIDEMIOLOGIA','1','MENCION EN SALUD  PUBLICA Y EPIDEMIOLOGIA',1,'325'),('044','14','MENCION EN  SALUD PUBLICA Y FARMACO EPIDEMIOLOGIA','1','MENCION EN  SALUD PUBLICA Y FARMACO EPIDEMIOLOGIA',1,'326'),('045','14','MENCION EN SALUD PUBLICA Y SALUD MATERNO INFANTIL','1','MENCION EN SALUD PUBLICA Y SALUD MATERNO INFANTIL',1,'327'),('046','14','MENCION EN  SALUD PUBLICA Y GERENCIA HOSPITALARIA','1','MENCION EN  SALUD PUBLICA Y GERENCIA HOSPITALARIA',1,'328'),('047','14','MENCION EN SALUD PUBLICA Y GERIATRIA Y GERONTOLOGIA','1','MENCION EN SALUD PUBLICA Y GERIATRIA Y GERONTOLOGIA',1,'329'),('048','15','MENCION EN  GESTION DEL RIESGO','1','MENCION EN  GESTION DEL RIESGO',1,'330'),('049','16','MENCION EN AGRICULTURA SOSTENIBLE PARA EXPORTACION','1','MENCION EN AGRICULTURA SOSTENIBLE PARA EXPORTACION',1,'340'),('050','17','MENCION EN INGENIERIA  CIVIL','1','MENCION EN INGENIERIA  CIVIL',1,'350'),('051','17','MENCION EN GESTION DEL RIESGO','1','MENCION EN GESTION DEL RIESGO',1,'351'),('052','18','MENCION EN FISIOLOGIA  RESPIRATORIA','1','MENCION EN FISIOLOGIA  RESPIRATORIA',1,'360'),('053','19','MENCION EN GERENCIA EN SALUD','1','MENCION EN GERENCIA EN SALUD',1,'370'),('054','19','MENCION EN  GERENCIA HOSPITALARIA','1','MENCION EN  GERENCIA HOSPITALARIA',1,'371'),('055','19','MENCION EN SALUD MATERNO INFANTIL','1','MENCION EN SALUD MATERNO INFANTIL',1,'372'),('056','19','MENCION EN EPIDEMIOLOGIA','1','MENCION EN EPIDEMIOLOGIA',1,'373'),('057','19','MENCION EN SALUD FAMILIAR Y COMUNITARIA','1','MENCION EN SALUD FAMILIAR Y COMUNITARIA',1,'374'),('058','19','MENCION  EDUCACION MEDICA','1','MENCION  EDUCACION MEDICA',1,'375'),('059','19','MENCION EN FARMACO EPIDEMIOLOGIA','1','MENCION EN FARMACO EPIDEMIOLOGIA',1,'376'),('060','19','MENCION EN ENFERMERIA INTEGRAL','1','MENCION EN ENFERMERIA INTEGRAL',1,'377'),('061','19','MENCION  ECONOMIA DE LA SALUD','1','MENCION  ECONOMIA DE LA SALUD',1,'378'),('062','19','MENCION  GERIATRIA Y GERONTOLOGIA','1','MENCION  GERIATRIA Y GERONTOLOGIA',1,'379'),('063','20','MENCION EN INGENIERIA INDUSTRIAL','1','MENCION EN INGENIERIA INDUSTRIAL',1,'380'),('064','21','MENCION EN GESTION DEL RIESGO','1','MENCION EN GESTION DEL RIESGO',1,'390'),('065','22','MENCION EN PLANIFICACION URBANA','1','MENCION EN PLANIFICACION URBANA',1,'400'),('066','22','MENCION EN PLANIFICACION URBANA Y DISEÑO ARQUITECTONICO','1','MENCION EN PLANIFICACION URBANA Y DISEÑO ARQUITECTONICO',1,'401'),('067','22','PLANIFICACION URBANA, DISEÑO ARQUITECTONICO-PATRIMONIO ARQUITECTONICO CUENCA','1','PLANIFICACION URBANA, DISEÑO ARQUITECTONICO-PATRIMONIO ARQUITECTONICO CUENCA',1,'402'),('068','22','ARQUITECTURA Y URBANISMO','1','ARQUITECTURA Y URBANISMO',1,'403'),('069','22','MENCION 4 DISEÑO ARQUITECTONICO','1','MENCION 4 DISEÑO ARQUITECTONICO',1,'404'),('070','22','MENCION 5 PATRIMONIO ARQUITECTONICO','1','MENCION 5 PATRIMONIO ARQUITECTONICO',1,'405'),('071','23','MENCION EN PSICOPEDAGOGIA E INCLUSION','1','MENCION EN PSICOPEDAGOGIA E INCLUSION',1,'490'),('072','24','MENCION EN CIENCIAS DE LA EDUCACION','1','MENCION EN CIENCIAS DE LA EDUCACION',1,'500'),('073','25','CIENCIAS  AMBIENTALES','1','CIENCIAS  AMBIENTALES',1,'510'),('074','26','DIRECCION DE EMPRESAS','1','DIRECCION DE EMPRESAS',1,'520'),('075','27','CIENCIAS DE LA SALUD','1','CIENCIAS DE LA SALUD',1,'530'),('076','28','DERECHO Y CIENCIAS POLITICAS','1','DERECHO Y CIENCIAS POLITICAS',1,'540'),('077','29','EN CIENCIAS ECONOMICAS Y FINANCIERAS','1','EN CIENCIAS ECONOMICAS Y FINANCIERAS',1,'550'),('078','30','DOCTORADO EN CIENCIAS AGRARIAS','1','DOCTORADO EN CIENCIAS AGRARIAS',1,'560'),('079','31','INGENIERIA INDUSTRIAL','1','INGENIERIA INDUSTRIAL',1,'570'),('080','31','DOCTORADO EN TECNOLOGIAS DE INFORMACION Y COMUNICACIONES','1','DOCTORADO EN TECNOLOGIAS DE INFORMACION Y COMUNICACIONES',1,'571'),('081','31','DOCTORADO EN INGENIERIA DE SISTEMAS','1','DOCTORADO EN INGENIERIA DE SISTEMAS',1,'572'),('082','32','CONTABILIDAD Y FINANZAS','1','CONTABILIDAD Y FINANZAS',1,'580'),('083','33','MATEMATICA','1','MATEMATICA',1,'590'),('084','33','CIENCIAS MATEMATICAS','1','CIENCIAS MATEMATICAS',1,'591'),('085','34','MENCIÓN EN NEUROPSICOLOGÍA','1','MENCIÓN EN NEUROPSICOLOGÍA',1,'790'),('086','35','MAESTRIA EN INGENIERIA DE PETROLEO Y GAS NATURAL','1','MAESTRIA EN INGENIERIA DE PETROLEO Y GAS NATURAL',1,'800'),('087','36','MAESTRIA EN SEGURIDAD INDUSTRIAL, SALUD OCUPACIONAL Y RELACIONES CUMUNITARIAS','1','MAESTRIA EN SEGURIDAD INDUSTRIAL, SALUD OCUPACIONAL Y RELACIONES CUMUNITARIAS',1,'810'),('088','37','MAESTRIA EN MEDICINA FAMILIAR','1','MAESTRIA EN MEDICINA FAMILIAR',1,'820'),('089','38','MENCION EN SALUD OCUPACIONAL','1','MENCION EN SALUD OCUPACIONAL',1,'830'),('090','39','MENCION EN DIRECCION Y GESTION DE LAS TECNOLOG DE LA INFORMAC Y COMUNICAC','1','MENCION EN DIRECCION Y GESTION DE LAS TECNOLOG DE LA INFORMAC Y COMUNICAC',1,'840'),('091','40','MENCION EN DOCENCIA E INVESTIGACION','1','MENCION EN DOCENCIA E INVESTIGACION',1,'850'),('092','40','MENCION EN GESTION EDUCATIVA','1','MENCION EN GESTION EDUCATIVA',1,'851'),('093','40','MENCION EN PSICOPEDAGOGÍA E INCLUSIÓN','1','MENCION EN PSICOPEDAGOGÍA E INCLUSIÓN',1,'852'),('094','41','MENCION  COMUNICACION SOCIAL','1','MENCION  COMUNICACION SOCIAL',1,'860'),('095','42','MENCION EN GERENCIA SOCIAL','1','MENCION EN GERENCIA SOCIAL',1,'870'),('096','43','MENCION EN GEOMECANICA MINERA','1','MENCION EN GEOMECANICA MINERA',1,'905'),('097','44','MENCION  EPIDEMIOLOGIA HOSPITALARIA','1','MENCION  EPIDEMIOLOGIA HOSPITALARIA',1,'934'),('098','44','MENCION  EPIDEMIOLOGIA CLINICA','1','MENCION  EPIDEMIOLOGIA CLINICA',1,'935'),('099','44','MENCION  EPIDEMIOLOGIA AMBIENTAL Y LABORAL','1','MENCION  EPIDEMIOLOGIA AMBIENTAL Y LABORAL',1,'936'),('100','44','MENCION  FARMACO EPIDEMIOLOGIA','1','MENCION  FARMACO EPIDEMIOLOGIA',1,'937');
/*!40000 ALTER TABLE `tbl_mencion` ENABLE KEYS */;
UNLOCK TABLES;

--
-- Table structure for table `tbl_nueva_matricula`
--

DROP TABLE IF EXISTS `tbl_nueva_matricula`;
/*!40101 SET @saved_cs_client     = @@character_set_client */;
/*!40101 SET character_set_client = utf8 */;
CREATE TABLE `tbl_nueva_matricula` (
  `cod_alumno` char(10) NOT NULL,
  `semestre` char(5) NOT NULL,
  `nro_voucher` varchar(20) NOT NULL,
  `fecha_voucher` datetime NOT NULL,
  `voucher_banco` varchar(30) NOT NULL,
  `usuario_registro` varchar(30) NOT NULL,
  `monto_voucher` varchar(20) NOT NULL,
  `estado` binary(1) NOT NULL DEFAULT '1'
) ENGINE=InnoDB DEFAULT CHARSET=utf8mb4;
/*!40101 SET character_set_client = @saved_cs_client */;

--
-- Dumping data for table `tbl_nueva_matricula`
--

LOCK TABLES `tbl_nueva_matricula` WRITE;
/*!40000 ALTER TABLE `tbl_nueva_matricula` DISABLE KEYS */;
/*!40000 ALTER TABLE `tbl_nueva_matricula` ENABLE KEYS */;
UNLOCK TABLES;

--
-- Table structure for table `tbl_panel_login`
--

DROP TABLE IF EXISTS `tbl_panel_login`;
/*!40101 SET @saved_cs_client     = @@character_set_client */;
/*!40101 SET character_set_client = utf8 */;
CREATE TABLE `tbl_panel_login` (
  `texto_panel1I` varchar(300) DEFAULT NULL,
  `texto_panel2D` varchar(300) DEFAULT NULL,
  `fecha_registro` datetime DEFAULT NULL,
  `observaciones` varchar(100) DEFAULT NULL,
  `estado` tinyint(4) NOT NULL DEFAULT '1',
  `cod` int(11) NOT NULL AUTO_INCREMENT,
  PRIMARY KEY (`cod`)
) ENGINE=InnoDB AUTO_INCREMENT=6 DEFAULT CHARSET=latin1;
/*!40101 SET character_set_client = @saved_cs_client */;

--
-- Dumping data for table `tbl_panel_login`
--

LOCK TABLES `tbl_panel_login` WRITE;
/*!40000 ALTER TABLE `tbl_panel_login` DISABLE KEYS */;
INSERT INTO `tbl_panel_login` VALUES ('Hola mi izquierda','Hola derecha','2020-10-23 16:39:53',NULL,1,3),('Izquierda 2','Derecha 2','2020-10-23 16:40:36',NULL,1,4),('hola','holitas','2020-11-07 20:22:21',NULL,1,5);
/*!40000 ALTER TABLE `tbl_panel_login` ENABLE KEYS */;
UNLOCK TABLES;

--
-- Table structure for table `tbl_parametria`
--

DROP TABLE IF EXISTS `tbl_parametria`;
/*!40101 SET @saved_cs_client     = @@character_set_client */;
/*!40101 SET character_set_client = utf8 */;
CREATE TABLE `tbl_parametria` (
  `codigo` int(10) NOT NULL,
  `descripcion` varchar(50) NOT NULL,
  `comentario` varchar(100) NOT NULL,
  `valor` varchar(20) NOT NULL,
  `estado` tinyint(1) NOT NULL,
  `cod_tipo_programa` varchar(2) NOT NULL,
  PRIMARY KEY (`codigo`)
) ENGINE=InnoDB DEFAULT CHARSET=utf8mb4;
/*!40101 SET character_set_client = @saved_cs_client */;

--
-- Dumping data for table `tbl_parametria`
--

LOCK TABLES `tbl_parametria` WRITE;
/*!40000 ALTER TABLE `tbl_parametria` DISABLE KEYS */;
INSERT INTO `tbl_parametria` VALUES (1,'Nota Aprobatoria para Maestria','Nota Aprobatoria para Maestria','14',1,'02'),(2,'Nota Aprobatoria para Doctorado','Nota Aprobatoria para Doctorado','14',1,'04');
/*!40000 ALTER TABLE `tbl_parametria` ENABLE KEYS */;
UNLOCK TABLES;

--
-- Table structure for table `tbl_plan_estudios`
--

DROP TABLE IF EXISTS `tbl_plan_estudios`;
/*!40101 SET @saved_cs_client     = @@character_set_client */;
/*!40101 SET character_set_client = utf8 */;
CREATE TABLE `tbl_plan_estudios` (
  `cod_plan_estudios` char(6) NOT NULL,
  `cod_mencion` char(3) NOT NULL,
  `descripcion` varchar(200) NOT NULL,
  `fecha` datetime NOT NULL,
  `semestre_inicio_vigencia` varchar(5) NOT NULL,
  `semestre_fin_vigencia` varchar(5) DEFAULT NULL,
  `fecha_registro` datetime DEFAULT CURRENT_TIMESTAMP,
  `usuario_registro` varchar(50) NOT NULL,
  PRIMARY KEY (`cod_plan_estudios`) USING BTREE,
  UNIQUE KEY `un_nombre` (`descripcion`),
  KEY `FK_tbl_planestudios_mencion` (`cod_mencion`),
  CONSTRAINT `FK_tbl_planestudios_mencion` FOREIGN KEY (`cod_mencion`) REFERENCES `tbl_mencion` (`cod_mencion`)
) ENGINE=InnoDB DEFAULT CHARSET=latin1;
/*!40101 SET character_set_client = @saved_cs_client */;

--
-- Dumping data for table `tbl_plan_estudios`
--

LOCK TABLES `tbl_plan_estudios` WRITE;
/*!40000 ALTER TABLE `tbl_plan_estudios` DISABLE KEYS */;
INSERT INTO `tbl_plan_estudios` VALUES ('190A5','001',' Plan de estudio: 190A5','2005-09-14 00:00:00','20121',NULL,'2018-04-03 08:48:07',''),('210B1','003',' Plan de estudio: 210B1','2007-06-16 13:03:40','19911',NULL,'2007-06-16 13:03:40',''),('220B1','004',' Plan de estudio: 220B1','2007-06-16 13:03:40','19971',NULL,'2007-06-16 13:03:40',''),('220B2','004',' Plan de estudio: 220B2','2007-06-16 13:03:40','20001',NULL,'2007-06-16 13:03:40',''),('221A1','005',' Plan de estudio: 221A1','2005-09-14 00:00:00','20071',NULL,'2018-05-28 12:25:53',''),('221A2','005',' Plan de estudio: 221A2','2018-08-01 00:00:00','20181',NULL,'2019-01-23 09:42:00',''),('221A3','005',' Plan de estudio: 221A3','2007-01-01 00:00:00','20071',NULL,'2019-09-27 08:56:04',''),('221A4','005',' Plan de estudio: 221A4','2011-01-01 00:00:00','20111',NULL,'2019-09-27 08:58:36',''),('221A5','005',' Plan de estudio: 221A5','2011-10-10 00:00:00','20112',NULL,'2020-01-14 16:52:54',''),('230B1','008',' Plan de estudio: 230B1','2007-06-16 13:03:40','20001',NULL,'2007-06-16 13:03:40',''),('230B2','008',' Plan de estudio: 230B2','2007-06-16 13:03:40','20012',NULL,'2007-06-16 13:03:40',''),('230B3','008',' Plan de estudio: 230B3','2007-06-16 13:03:40','19982',NULL,'2007-06-16 13:03:40',''),('230B4','008',' Plan de estudio: 230B4','2007-06-16 13:03:40','20032',NULL,'2007-06-16 13:03:40',''),('230B6','008',' Plan de estudio: 230B6','2019-01-01 13:03:40','20191',NULL,'2019-12-27 09:06:03',''),('231B1','009',' Plan de estudio: 231B1','2007-06-16 13:03:40','20012',NULL,'2007-06-16 13:03:40',''),('231B2','009',' Plan de estudio: 231B2','2007-06-16 13:03:40','20001',NULL,'2007-06-16 13:03:40',''),('231B3','009',' Plan de estudio: 231B3','2019-01-01 13:03:40','20191',NULL,'2019-12-27 11:17:32',''),('232B1','010',' Plan de estudio: 232B1','2007-06-16 13:03:40','20012',NULL,'2007-06-16 13:03:40',''),('232B2','010',' Plan de estudio: 232B2','2007-06-16 13:03:40','20141',NULL,'2019-06-26 10:53:53',''),('233A1','011',' Plan de estudio: 233A1','2007-06-16 13:03:40','20141',NULL,'2019-03-04 11:56:57',''),('233A2','011',' Plan de estudio: 233A2','2014-01-01 13:03:40','20141',NULL,'2020-01-07 16:09:11',''),('240B1','012',' Plan de estudio: 240B1','2007-06-16 13:03:40','19992',NULL,'2007-06-16 13:03:40',''),('240B2','012',' Plan de estudio: 240B2','2007-06-16 13:03:40','19971',NULL,'2007-06-16 13:03:40',''),('241B1','013',' Plan de estudio: 241B1','2007-06-16 13:03:40','20011',NULL,'2007-06-16 13:03:40',''),('241B2','013',' Plan de estudio: 241B2','2007-06-16 13:03:40','20021',NULL,'2007-06-16 13:03:40',''),('241B3','013',' Plan de estudio: 241B3','2007-06-16 13:03:40','20081',NULL,'2007-06-16 13:03:40',''),('241B4','013',' Plan de estudio: 241B4','2019-03-12 13:03:40','20191',NULL,'2019-05-03 11:47:40',''),('241B5','013',' Plan de estudio: 241B5','2007-06-16 13:03:40','20111',NULL,'2019-10-23 16:58:53',''),('242B1','014',' Plan de estudio: 242B1','2007-06-27 08:50:18','20011',NULL,'2007-06-27 08:50:18',''),('242B2','014',' Plan de estudio: 242B2','2019-03-12 08:50:18','20191',NULL,'2019-05-08 10:24:47',''),('243A1','015',' Plan de estudio: 243A1','2007-06-27 08:50:18','20052',NULL,'2007-06-27 08:50:18',''),('243A2','015',' Plan de estudio: 243A2','2019-03-12 08:50:18','20191',NULL,'2019-05-08 10:36:19',''),('244A1','016',' Plan de estudio: 244A1','2019-03-12 00:00:00','20191',NULL,'2019-06-06 15:53:29',''),('245A1','017',' Plan de estudio: 245A1','2019-03-12 00:00:00','20191',NULL,'2019-06-06 10:57:34',''),('250B1','018',' Plan de estudio: 250B1','2007-06-16 13:03:40','19971',NULL,'2007-06-16 13:03:40',''),('250B2','018',' Plan de estudio: 250B2','2007-06-16 13:03:40','20001',NULL,'2007-06-16 13:03:40',''),('250B3','018',' Plan de estudio: 250B3','2007-06-16 13:03:40','20021',NULL,'2007-06-16 13:03:40',''),('250B4','018',' Plan de estudio: 250B4','2007-06-16 13:03:40','20141',NULL,'2018-06-04 09:49:05',''),('260A1','019',' Plan de estudio: 260A1','2005-09-14 00:00:00','19981',NULL,'2018-06-08 09:03:32',''),('262B1','021',' Plan de estudio: 262B1','2007-06-16 13:03:40','19981',NULL,'2007-06-16 13:03:40',''),('262B2','021',' Plan de estudio: 262B2','2007-06-16 13:03:40','19991',NULL,'2007-06-16 13:03:40',''),('264B1','022',' Plan de estudio: 264B1','2007-06-16 13:03:40','19981',NULL,'2007-06-16 13:03:40',''),('264B2','022',' Plan de estudio: 264B2','2007-06-16 13:03:40','19991',NULL,'2007-06-16 13:03:40',''),('270B0','023',' Plan de estudio: 270B0','2009-03-12 10:56:48','20011',NULL,'2009-03-12 10:56:48',''),('270B1','023',' Plan de estudio: 270B1','2007-06-16 13:03:40','19982',NULL,'2007-06-16 13:03:40',''),('270B3','023',' Plan de estudio: 270B3','2007-06-16 13:03:40','20091',NULL,'2013-12-09 09:46:26',''),('271B1','024',' Plan de estudio: 271B1','2007-06-16 13:03:40','20032',NULL,'2007-06-16 13:03:40',''),('272A1','025',' Plan de estudio: 272A1','2007-06-16 13:03:40','20071',NULL,'2009-03-11 17:55:18',''),('280B1','026',' Plan de estudio: 280B1','2007-06-16 13:03:40','19991',NULL,'2007-06-16 13:03:40',''),('280B2','026',' Plan de estudio: 280B2','2007-06-16 13:03:40','20011',NULL,'2007-06-16 13:03:40',''),('281B1','027',' Plan de estudio: 281B1','2007-06-16 13:03:40','20011',NULL,'2007-06-16 13:03:40',''),('281B2','027',' Plan de estudio: 281B2','2007-06-16 13:03:40','20171',NULL,'2017-12-19 08:59:26',''),('282A1','028',' Plan de estudio: 282A1','2007-06-16 13:03:40','20171',NULL,'2017-12-19 09:10:59',''),('290B1','029',' Plan de estudio: 290B1','2007-06-16 13:03:40','20001',NULL,'2007-06-16 13:03:40',''),('290B2','029',' Plan de estudio: 290B2','2007-06-16 13:03:40','20051',NULL,'2007-06-16 13:03:40',''),('290B3','029',' Plan de estudio: 290B3','2007-06-16 13:03:40','20061',NULL,'2007-06-16 13:03:40',''),('300B1','033',' Plan de estudio: 300B1','2007-06-16 13:03:40','20012',NULL,'2007-06-16 13:03:40',''),('300B2','033',' Plan de estudio: 300B2','2007-06-16 13:03:40','20041',NULL,'2007-06-16 13:03:40',''),('301B1','034',' Plan de estudio: 301B1','2007-06-16 13:03:40','20052',NULL,'2007-06-16 13:03:40',''),('302A1','035',' Plan de estudio: 302A1','2007-06-16 13:03:40','20071',NULL,'2012-01-18 12:54:36',''),('303A1','036',' Plan de estudio: 303A1','2007-06-16 13:03:40','20071',NULL,'2012-01-18 12:39:28',''),('303A2','036',' Plan de estudio: 303A2','2007-06-16 13:03:40','20081',NULL,'2012-01-19 08:00:40',''),('304A1','037',' Plan de estudio: 304A1','2007-06-16 13:03:40','20111',NULL,'2012-01-18 15:12:30',''),('310B1','038',' Plan de estudio: 310B1','2007-06-16 13:03:40','20002',NULL,'2007-06-16 13:03:40',''),('320B1','039',' Plan de estudio: 320B1','2007-06-16 13:03:40','20031',NULL,'2007-06-16 13:03:40',''),('321B1','040',' Plan de estudio: 321B1','2007-06-16 13:03:40','20041',NULL,'2007-06-16 13:03:40',''),('330B1','048',' Plan de estudio: 330B1','2007-06-16 13:03:40','20032',NULL,'2007-06-16 13:03:40',''),('340B1','049',' Plan de estudio: 340B1','2007-06-16 13:03:40','20052',NULL,'2007-06-16 13:03:40',''),('340B3','049',' Plan de estudio: 340B3','2018-10-26 13:03:40','20182',NULL,'2019-10-25 10:07:26',''),('350A1','050',' Plan de estudio: 350A1','2007-06-16 13:03:40','20051',NULL,'2007-06-21 19:34:56',''),('350A2','050',' Plan de estudio: 350A2','2007-06-27 08:50:18','20061',NULL,'2007-06-27 08:50:18',''),('360A1','052',' Plan de estudio: 360A1','2007-07-26 09:35:20','20051',NULL,'2007-07-26 09:35:20',''),('370A1','053',' Plan de estudio: 370A1','2005-09-14 00:00:00','20161',NULL,'2018-03-28 11:07:24',''),('371A1','054',' Plan de estudio: 371A1','2005-09-14 00:00:00','20161',NULL,'2018-04-03 08:45:26',''),('372A1','055',' Plan de estudio: 372A1','2005-09-14 00:00:00','20161',NULL,'2018-04-03 08:46:15',''),('373A1','056',' Plan de estudio: 373A1','2005-09-14 00:00:00','20161',NULL,'2018-04-03 08:46:53',''),('374A1','057',' Plan de estudio: 374A1','2005-09-14 00:00:00','20161',NULL,'2018-04-03 08:43:17',''),('377A1','060',' Plan de estudio: 377A1','2005-09-14 00:00:00','20181',NULL,'2019-02-11 10:00:00',''),('380A1','063',' Plan de estudio: 380A1','2007-06-16 13:03:40','20171',NULL,'2017-12-11 12:47:08',''),('380A2','063',' Plan de estudio: 380A2','2007-06-01 13:03:40','20141',NULL,'2019-07-04 08:00:49',''),('390A3','064',' Plan de estudio: 390A3','2016-10-03 00:00:00','20091',NULL,'2018-12-21 14:08:54',''),('400A3','065',' Plan de estudio: 400A3','2005-09-14 00:00:00','20161',NULL,'2018-06-27 08:53:12',''),('403A1','068',' Plan de estudio: 403A1','2005-09-14 00:00:00','20161',NULL,'2018-06-27 09:04:53',''),('500B1','072',' Plan de estudio: 500B1','2007-06-16 13:03:40','20041',NULL,'2007-06-16 13:03:40',''),('500B3','072',' Plan de estudio: 500B3','2007-06-16 13:03:40','20141',NULL,'2018-06-13 09:28:25',''),('500B4','072',' Plan de estudio: 500B4','2019-03-12 13:03:40','20191',NULL,'2019-05-06 14:34:26',''),('510B1','073',' Plan de estudio: 510B1','2007-06-16 13:03:40','20041',NULL,'2007-06-16 13:03:40',''),('510B3','073',' Plan de estudio: 510B3','2018-06-16 13:03:40','20181',NULL,'2020-02-14 15:05:14',''),('520A0','074',' Plan de estudio: 520A0','2009-03-12 11:45:54','20061',NULL,'2009-03-12 11:45:54',''),('530B1','075',' Plan de estudio: 530B1','2007-06-16 13:03:40','20061',NULL,'2007-06-16 13:03:40',''),('530B4','075',' Plan de estudio: 530B4','2019-03-12 13:03:40','20111',NULL,'2019-11-05 11:01:24',''),('540A1','076',' Plan de estudio: 540A1','2009-03-12 11:45:54','20061',NULL,'2012-01-18 11:30:28',''),('550A1','077',' Plan de estudio: 550A1','2007-07-26 09:35:20','20062',NULL,'2007-07-26 09:35:20',''),('550A2','077',' Plan de estudio: 550A2','2019-03-12 09:35:20','20191',NULL,'2019-06-06 12:21:44',''),('560A1','078',' Plan de estudio: 560A1','2016-01-01 11:45:54','20161',NULL,'2019-06-12 11:47:24',''),('570A1','079',' Plan de estudio: 570A1','2009-03-12 11:45:54','20091',NULL,'2018-05-04 12:19:13',''),('572A1','081',' Plan de estudio: 572A1','2019-03-12 11:45:54','20191',NULL,'2019-06-26 15:01:02',''),('580A1','082',' Plan de estudio: 580A1','2009-03-12 11:45:54','20141',NULL,'2019-04-22 16:50:31',''),('591A1','084',' Plan de estudio: 591A1','2009-03-12 11:45:54','20191',NULL,'2019-06-14 11:23:55',''),('6','001','PLAN DE ESTUDIOS MEDICINA - PRUEBA','2020-07-13 00:03:45','19981','20201','2020-08-03 23:12:22',''),('790A1','085',' Plan de estudio: 790A1','2016-01-01 00:00:00','20161',NULL,'2018-12-18 08:52:28',''),('800A1','086',' Plan de estudio: 800A1','2011-01-14 00:00:00','20111',NULL,'2019-03-01 13:40:41',''),('810A1','087',' Plan de estudio: 810A1','2013-01-01 00:00:00','20131',NULL,'2019-05-21 16:07:17',''),('830A1','089',' Plan de estudio: 830A1','2005-09-14 00:00:00','20161',NULL,'2018-04-03 08:41:01',''),('830A2','089',' Plan de estudio: 830A2','2005-09-14 00:00:00','20161',NULL,'2018-04-03 08:49:12',''),('850A1','091',' Plan de estudio: 850A1','1974-07-18 00:00:00','20171',NULL,'2018-02-14 08:59:48',''),('850A2','091',' Plan de estudio: 850A2','2019-03-12 00:00:00','20191',NULL,'2019-05-09 09:09:21',''),('851A1','092',' Plan de estudio: 851A1','1974-07-18 00:00:00','20171',NULL,'2018-02-14 09:22:00',''),('851A2','092',' Plan de estudio: 851A2','2019-03-12 00:00:00','20191',NULL,'2019-05-09 10:30:01',''),('852A1','093',' Plan de estudio: 852A1','1974-07-18 00:00:00','20171',NULL,'2018-02-14 09:41:12',''),('852A2','093',' Plan de estudio: 852A2','2019-03-12 00:00:00','20191',NULL,'2019-05-09 11:20:48',''),('860A1','094',' Plan de estudio: 860A1','2019-03-12 00:00:00','20191',NULL,'2019-05-09 13:45:51',''),('870A1','095',' Plan de estudio: 870A1','2005-09-14 00:00:00','20161',NULL,'2018-05-04 11:15:53',''),('905A1','096',' Plan de estudio: 905A1','2005-09-14 00:00:00','20162',NULL,'2018-01-17 09:41:31','');
/*!40000 ALTER TABLE `tbl_plan_estudios` ENABLE KEYS */;
UNLOCK TABLES;

--
-- Table structure for table `tbl_profesion`
--

DROP TABLE IF EXISTS `tbl_profesion`;
/*!40101 SET @saved_cs_client     = @@character_set_client */;
/*!40101 SET character_set_client = utf8 */;
CREATE TABLE `tbl_profesion` (
  `cod_profesion` int(11) NOT NULL AUTO_INCREMENT,
  `descripcion` varchar(60) NOT NULL,
  `estado` binary(1) NOT NULL DEFAULT '1',
  `cod_tipo_profesion` int(11) NOT NULL,
  PRIMARY KEY (`cod_profesion`) USING BTREE,
  KEY `FK_tbl_profesion_1` (`cod_tipo_profesion`),
  CONSTRAINT `FK_tbl_profesion_1` FOREIGN KEY (`cod_tipo_profesion`) REFERENCES `tbl_tipo_profesion` (`cod_tipo_profesion`)
) ENGINE=InnoDB AUTO_INCREMENT=898 DEFAULT CHARSET=latin1;
/*!40101 SET character_set_client = @saved_cs_client */;

--
-- Dumping data for table `tbl_profesion`
--

LOCK TABLES `tbl_profesion` WRITE;
/*!40000 ALTER TABLE `tbl_profesion` DISABLE KEYS */;
INSERT INTO `tbl_profesion` VALUES (4,'Acuicultura','1',1),(5,'Administración','1',1),(6,'Administración de Banca y Finanzas','1',1),(7,'Administración de Empresas','1',1),(8,'Administración de Empresas Turísticas','1',1),(9,'Administración de Negocios','1',1),(10,'Administración de Negocios Globales','1',1),(11,'Administración de Negocios Internacionales ','1',1),(12,'Administración de Negocios Turísticos','1',1),(13,'Administración de Negocios Turísticos','1',1),(14,'Administración de Negocios Turísticos y Hoteleros','1',1),(15,'Administración de Servicios','1',1),(16,'Administración de Servicios Turísticos ','1',1),(17,'Administración de Turismo Sostenible y Hotelería','1',1),(18,'Administración en Salud','1',1),(19,'Administración en Turismo','1',1),(20,'Administración en Turismo y Hotelería ','1',1),(21,'Administración en Turismo y Negocios','1',1),(22,'Administración en Turismo, Hotelería y Gastronomía','1',1),(23,'Administración Hotelera','1',1),(24,'Administración Hotelera y de Servicios','1',1),(25,'Administración Hotelera y Ecoturismo','1',1),(26,'Administración Pública','1',1),(27,'Administración Pública y Gestión Social','1',1),(28,'Administración Turística','1',1),(29,'Administración Turística Hotelera ','1',1),(30,'Administración Turística, Hotelera y Gastronómica ','1',1),(31,'Administración y Agronegocios','1',1),(32,'Administración y Ciencias Policiales (oficiales)','1',1),(33,'Administración y Emprendimiento','1',1),(34,'Administración y Finanzas','1',1),(35,'Administración y Gerencia','1',1),(36,'Administración y Gestión Deportiva','1',1),(37,'Administración y Gestión Empresarial','1',1),(38,'Administración y Marketing','1',1),(39,'Administración y Marketing Estratégico','1',1),(40,'Administración y Negocios del Deporte','1',1),(41,'Administración y Recursos Humanos','1',1),(42,'Administración y Sistemas','1',1),(43,'Agroindustrias','1',1),(44,'Agronomía','1',1),(45,'Agronomía Tropical','1',1),(46,'Antropología','1',1),(47,'Antropología Social','1',1),(48,'Archivo y Gestión Documental ','1',1),(49,'Arqueoarquitectura y Gestión Turística','1',1),(50,'Arqueología','1',1),(51,'Arqueología e Historia','1',1),(52,'Arquitectura','1',1),(53,'Arquitectura de Interiores','1',1),(54,'Arquitectura del Paisaje','1',1),(55,'Arquitectura y Diseño de Interiores','1',1),(56,'Arquitectura y Gestión de Proyectos','1',1),(57,'Arquitectura y Gestión de Territorios','1',1),(58,'Arquitectura y Territorio','1',1),(59,'Arquitectura y Urbanismo','1',1),(60,'Arquitectura y Urbanismo Ambiental','1',1),(61,'Arquitectura, Urbanismo y Artes','1',1),(62,'Arquitectura, Urbanismo y Territorio','1',1),(63,'Arte Culinario','1',1),(64,'Arte y Diseño Empresarial','1',1),(65,'Arte y Diseño Gráfico Empresarial ','1',1),(66,'Arte y Humanidades','1',1),(67,'Artes ','1',1),(68,'Artes Escénicas','1',1),(69,'Artes Escénicas y Literatura','1',1),(70,'Artes Industriales','1',1),(71,'Artista Músico','1',1),(72,'Audición, Lenguaje y Aprendizaje','1',1),(73,'Auditoria Empresarial y del Sector Público','1',1),(74,'Automatización Industrial','1',1),(75,'Banca y Seguros','1',1),(76,'Bibliotecología y Ciencias de la Información','1',1),(77,'Biología','1',1),(78,'Biología en Acuicultura','1',1),(79,'Biología Marina y Econegocios','1',1),(80,'Biología y Microbiología','1',1),(81,'Biotecnología','1',1),(82,'Botánica','1',1),(83,'Bromatología y Nutrición','1',1),(84,'Ciencia Política','1',1),(85,'Ciencia Política y Gobierno','1',1),(86,'Ciencia Tecnología y Ambiente','1',1),(87,'Ciencia y Tecnología de la Comunicación ','1',1),(88,'Ciencias Administrativas ','1',1),(89,'Ciencias Administrativas Marítimas (Marina)','1',1),(90,'Ciencias Aeronáuticas','1',1),(91,'Ciencias Agrarias','1',1),(92,'Ciencias Biológicas','1',1),(93,'Ciencias Contables','1',1),(94,'Ciencias Contables y Financieras','1',1),(95,'Ciencias de la Administración Aeroespacial (Aviación)','1',1),(96,'Ciencias de la Computación','1',1),(97,'Ciencias de la Comunicación','1',1),(98,'Ciencias de la Comunicación Social ','1',1),(99,'Ciencias de la Comunicación y Publicidad','1',1),(100,'Ciencias de la Educación','1',1),(101,'Ciencias de la Información','1',1),(102,'Ciencias de la Nutrición','1',1),(103,'Ciencias de los Alimentos ','1',1),(104,'Ciencias del Deporte','1',1),(105,'Ciencias Económicas','1',1),(106,'Ciencias Empresariales','1',1),(107,'Ciencias Farmacéuticas y Bioquímica','1',1),(108,'Ciencias Físico Matemática ','1',1),(109,'Ciencias Forestales','1',1),(110,'Ciencias Forestales y del Ambiente','1',1),(111,'Ciencias Militares (Ejército)','1',1),(112,'Ciencias Navales','1',1),(113,'Ciencias Pecuarias','1',1),(114,'Comercio Exterior','1',1),(115,'Comercio Exterior y Marketing Internacional','1',1),(116,'Comercio y Negocios Internacionales','1',1),(117,'Computación Científica','1',1),(118,'Computación e Informática','1',1),(119,'Comunicación Audiovisual','1',1),(120,'Comunicación Audiovisual y Medios Interactivos','1',1),(121,'Comunicación e Idioma Inglés','1',1),(122,'Comunicación e Imagen Empresarial','1',1),(123,'Comunicación Lingüística y Literatura','1',1),(124,'Comunicación Para el Desarrollo','1',1),(125,'Comunicación y Marketing','1',1),(126,'Comunicación y Periodismo','1',1),(127,'Comunicación y Publicidad','1',1),(128,'Comunicaciones ','1',1),(129,'Conservación de Suelos y Agua','1',1),(130,'Conservación y Restauración','1',1),(131,'Construcción Civil','1',1),(132,'Construcciones Metálicas - Soldadura Industrial','1',1),(133,'Contabilidad','1',1),(134,'Contabilidad Administrativa y Auditoria','1',1),(135,'Contabilidad Auditoría y Finanzas ','1',1),(136,'Contabilidad y Administración','1',1),(137,'Contabilidad y Auditoria','1',1),(138,'Contabilidad y Finanzas','1',1),(139,'Contabilidad y Tributación','1',1),(140,'Cooperativismo','1',1),(141,'Danza','1',1),(142,'Derecho','1',1),(143,'Derecho Corporativo','1',1),(144,'Derecho del Mar y Servicios Aduaneros','1',1),(145,'Derecho Empresarial','1',1),(146,'Derecho y Ciencias Políticas ','1',1),(147,'Desarrollo Ambiental','1',1),(148,'Dirección de Artes Gráficas y Publicitarias','1',1),(149,'Discapacidad Intelectual y Multidiscapacidad','1',1),(150,'Diseño Digital Publicitario','1',1),(151,'Diseño Gráfico','1',1),(152,'Diseño Gráfico Publicitario','1',1),(153,'Diseño Industrial','1',1),(154,'Diseño Industrial y Arquitectónico','1',1),(155,'Diseño Industrial y Arquitectónico','1',1),(156,'Diseño Profesional de Interiores','1',1),(157,'Diseño Profesional Gráfico','1',1),(158,'Diseño y Gestión en Moda','1',1),(159,'Ebanistería y Decoración','1',1),(160,'Ecología','1',1),(161,'Economía','1',1),(162,'Economía Agraria','1',1),(163,'Economía Gerencial','1',1),(164,'Economía Internacional','1',1),(165,'Economía Pública','1',1),(166,'Economía y Finanzas','1',1),(167,'Economía y Gestión Ambiental','1',1),(168,'Economía y Microfinanzas','1',1),(169,'Economía y Negocios Internacionales','1',1),(170,'Ecoturismo','1',1),(171,'Educación ','1',1),(172,'Educación Artística','1',1),(173,'Educación Artística - Arte Dramático','1',1),(174,'Educación Artística - Artes Plásticas','1',1),(175,'Educación Artística - Danza Folklórica','1',1),(176,'Educación Artística - Música','1',1),(177,'Educación Básica, Inicial y Primaria','1',1),(178,'Educación Física','1',1),(179,'Educación Física en Edades Tempranas','1',1),(180,'Educación Física en Poblaciones Especiales','1',1),(181,'Educación Física y Danzas','1',1),(182,'Educación Física y Deportes','1',1),(183,'Educación Inicial','1',1),(184,'Educación Inicial - Niñez Temprana','1',1),(185,'Educación Inicial - Retardo Mental','1',1),(186,'Educación Inicial Bilingüe','1',1),(187,'Educación Inicial y Arte','1',1),(188,'Educación Intercultural Bilingüe: Nivel Inicial y Nivel Prim','1',1),(189,'Educación Primaria','1',1),(190,'Educación Primaria - Educación Básica Alternativa','1',1),(191,'Educación Primaria - Inglés','1',1),(192,'Educación Primaria Intercultural','1',1),(193,'Educación Primaria y Bilingüe','1',1),(194,'Educación Primaria y Bilingüe Intercultural','1',1),(195,'Educación Primaria y Problemas de Aprendizaje','1',1),(196,'Educación Secundaria','1',1),(197,'Educación Secundaria - Antropología Social','1',1),(198,'Educación Secundaria - Arte','1',1),(199,'Educación Secundaria - Biología y Química','1',1),(200,'Educación Secundaria - Biología, Química y Tecnología de los','1',1),(201,'Educación Secundaria - Ciencia Tecnología de la Comunicación','1',1),(202,'Educación Secundaria - Ciencia Tecnología y Ambiente','1',1),(203,'Educación Secundaria - Ciencias Biológicas y Química','1',1),(204,'Educación Secundaria - Ciencias Histórico Sociales','1',1),(205,'Educación Secundaria - Ciencias Matemáticas, Físicas e Infor','1',1),(206,'Educación Secundaria - Ciencias Naturales','1',1),(207,'Educación Secundaria - Ciencias Naturales Tecnología y Ambie','1',1),(208,'Educación Secundaria - Ciencias Naturales y Ecología','1',1),(209,'Educación Secundaria - Ciencias Sociales','1',1),(210,'Educación Secundaria - Ciencias Sociales - Filosofía','1',1),(211,'Educación Secundaria - Ciencias Sociales - Geografía','1',1),(212,'Educación Secundaria - Ciencias Sociales - Historia','1',1),(213,'Educación Secundaria - Ciencias Sociales - Psicología','1',1),(214,'Educación Secundaria - Ciencias Sociales y Bioética','1',1),(215,'Educación Secundaria - Ciencias Sociales y Desarrollo Rural','1',1),(216,'Educación Secundaria - Ciencias Sociales y Promoción Socio C','1',1),(217,'Educación Secundaria - Ciencias Sociales y Turismo','1',1),(218,'Educación Secundaria - Computación e Informática','1',1),(219,'Educación Secundaria - Comunicación','1',1),(220,'Educación Secundaria - Filosofía y Ciencias Sociales','1',1),(221,'Educación Secundaria - Filosofía y Psicopedagogía','1',1),(222,'Educación Secundaria - Filosofía y Religión','1',1),(223,'Educación Secundaria - Filosofía, Psicología y Ciencias Soci','1',1),(224,'Educación Secundaria - Historia y Ciencias Sociales','1',1),(225,'Educación Secundaria - Historia y Geografía','1',1),(226,'Educación Secundaria - Historia, Geografía y Ciencias Social','1',1),(227,'Educación Secundaria - Historia, Geografía y Ecología','1',1),(228,'Educación Secundaria - Idioma Extranjero Traducción e Interp','1',1),(229,'Educación Secundaria - Idioma Extranjero/Originario','1',1),(230,'Educación Secundaria - Inglés','1',1),(231,'Educación Secundaria - Inglés e Italiano','1',1),(232,'Educación Secundaria - Inglés y Alemán','1',1),(233,'Educación Secundaria - Inglés y Francés','1',1),(234,'Educación Secundaria - Lengua Literatura y Gestión Educativa','1',1),(235,'Educación Secundaria - Lengua y Literatura','1',1),(236,'Educación Secundaria - Lengua, Comunicación e Idioma Inglés','1',1),(237,'Educación Secundaria - Lenguaje, Literatura e Idiomas','1',1),(238,'Educación Secundaria - Lingüística y Literatura','1',1),(239,'Educación Secundaria - Matemática','1',1),(240,'Educación Secundaria - Matemática e Informática','1',1),(241,'Educación Secundaria - Matemática y Física','1',1),(242,'Educación Secundaria - Matemática, Computación e Informática','1',1),(243,'Educación Secundaria - Matemática, Computación y Física','1',1),(244,'Educación Secundaria - Matemática, Física e Informática','1',1),(245,'Educación Secundaria - Para el trabajo','1',1),(246,'Educación Secundaria - Persona, Familia y Relaciones Humanas','1',1),(247,'Educación Secundaria - Química, Física y Biología','1',1),(248,'Educación Secundaria - Religión','1',1),(249,'Educación Secundaria - Religiosa y Ciencias Sociales','1',1),(250,'Educación Secundaria Bilingüe','1',1),(251,'Electricidad','1',1),(252,'Electrónica','1',1),(253,'Electrónica e Informática','1',1),(254,'Enfermería','1',1),(255,'Escultura','1',1),(256,'Estadística','1',1),(257,'Estadística e Informática','1',1),(258,'Estomatología','1',1),(259,'Estudios de Lenguaje y Cultura','1',1),(260,'Estudios Latinoamericanos','1',1),(261,'Estudios Peruanos','1',1),(262,'Estudios Teóricos y Críticos','1',1),(263,'Farmacia y Bioquímica','1',1),(264,'Filosofía','1',1),(265,'Finanzas','1',1),(266,'Física','1',1),(267,'Física Aplicada','1',1),(268,'Fuerza Motriz','1',1),(269,'Gastronomía','1',1),(270,'Gastronomía y Arte Culinario','1',1),(271,'Gastronomía y Gestión de Restaurantes','1',1),(272,'Gastronomía, Arte Culinario y Gestión de Restaurantes','1',1),(273,'Genética y Biotecnología','1',1),(274,'Geografía','1',1),(275,'Geografía y Medio Ambiente','1',1),(276,'Geología','1',1),(277,'Geología Geotecnia','1',1),(278,'Gerencia en Hotelería, Turismo y Gastronomía ','1',1),(279,'Gerencia en Servicios Turísticos y Hoteleros','1',1),(280,'Gerontología Social','1',1),(281,'Gestión','1',1),(282,'Gestión Ambiental Empresarial','1',1),(283,'Gestión de Negocios','1',1),(284,'Gestión de Negocios','1',1),(285,'Gestión de Puertos y Aduanas','1',1),(286,'Gestión de Recursos Humanos','1',1),(287,'Gestión en Hotelería y Turismo','1',1),(288,'Gestión Pública y Desarrollo Social','1',1),(289,'Gestión Tributaria','1',1),(290,'Gestión y Alta Dirección','1',1),(291,'Grabado','1',1),(292,'Historia','1',1),(293,'Historia y Gestión Cultural','1',1),(294,'Hotelería y Administración','1',1),(295,'Idiomas','1',1),(296,'Industrias Alimentarias','1',1),(297,'Informática','1',1),(298,'Ingeniería Administrativa','1',1),(299,'Ingeniería Aeronáutica','1',1),(300,'Ingeniería Agraria','1',1),(301,'Ingeniería Agrícola','1',1),(302,'Ingeniería Agrícola y Forestal','1',1),(303,'Ingeniería Agroecológica y Desarrollo Rural ','1',1),(304,'Ingeniería Agroforestal','1',1),(305,'Ingeniería Agroforestal Acuícola','1',1),(306,'Ingeniería Agroindustrial','1',1),(307,'Ingeniería Agroindustrial y Agronegocios','1',1),(308,'Ingeniería Agroindustrial y Comercio Exterior','1',1),(309,'Ingeniería Agroindustrial y de Biocomercio','1',1),(310,'Ingeniería Agrónoma','1',1),(311,'Ingeniería Agronómica','1',1),(312,'Ingeniería Agronómica Tropical','1',1),(313,'Ingeniería Agropecuaria','1',1),(314,'Ingeniería Alimentaria ','1',1),(315,'Ingeniería Ambiental','1',1),(316,'Ingeniería Ambiental','1',1),(317,'Ingeniería Ambiental y de Prevención de Riesgos','1',1),(318,'Ingeniería Ambiental y Recursos Naturales','1',1),(319,'Ingeniería Automotriz','1',1),(320,'Ingeniería Biomédica','1',1),(321,'Ingeniería Biotecnológica','1',1),(322,'Ingeniería Civil','1',1),(323,'Ingeniería Civil y Ambiental','1',1),(324,'Ingeniería Civil y Desarrollo Inmobiliario','1',1),(325,'Ingeniería Civil y Diseño Arquitectónico','1',1),(326,'Ingeniería Comercial','1',1),(327,'Ingeniería Comercial y Financiera','1',1),(328,'Ingeniería Comercial y Negocios Internacionales','1',1),(329,'Ingeniería de Diseño Gráfico','1',1),(330,'Ingeniería de Geología - Geotecnia','1',1),(331,'Ingeniería de Higiene y Seguridad Industrial','1',1),(332,'Ingeniería de Industrias Alimentarias','1',1),(333,'Ingeniería de la Energía','1',1),(334,'Ingeniería de la Producción e Industrialización de Recursos ','1',1),(335,'Ingeniería de la Producción y Administración','1',1),(336,'Ingeniería de Materiales','1',1),(337,'Ingeniería de Medio Ambiente ','1',1),(338,'Ingeniería de Minas','1',1),(339,'Ingeniería de Minas y Maquinaria Pesada','1',1),(340,'Ingeniería de Navegación y Marina Mercante','1',1),(341,'Ingeniería de Negocios','1',1),(342,'Ingeniería de Negocios Agroforestales ','1',1),(343,'Ingeniería de Negocios Agronómicos y Forestales','1',1),(344,'Ingeniería de Petróleo','1',1),(345,'Ingeniería de Petróleo y Gas Natural','1',1),(346,'Ingeniería de Procesos Químicos y Metalúrgicos','1',1),(347,'Ingeniería de Recursos Naturales y Energías Renovables','1',1),(348,'Ingeniería de Redes y Comunicaciones','1',1),(349,'Ingeniería de Seguridad y Auditoría Informática','1',1),(350,'Ingeniería de Sistemas','1',1),(351,'Ingeniería de Sistemas de Energía ','1',1),(352,'Ingeniería de Sistemas de Información','1',1),(353,'Ingeniería de Sistemas de Información y Gestión','1',1),(354,'Ingeniería de Sistemas e Informática ','1',1),(355,'Ingeniería de Sistemas Empresariales','1',1),(356,'Ingeniería de Sistemas y Computación ','1',1),(357,'Ingeniería de Sistemas y Gestión de Tecnologías de la Inform','1',1),(358,'Ingeniería de Sistemas y Seguridad Informática','1',1),(359,'Ingeniería de Sistemas y Tecnológicas','1',1),(360,'Ingeniería de Sistemas y Telemática','1',1),(361,'Ingeniería de Software','1',1),(362,'Ingeniería de Tecnologías de Información y Comunicación','1',1),(363,'Ingeniería de Tecnologías de Información y Sistemas','1',1),(364,'Ingeniería de Tecnologías de la Información y Sistemas','1',1),(365,'Ingeniería de Telecomunicaciones ','1',1),(366,'Ingeniería de Transportes','1',1),(367,'Ingeniería del Transporte Marítimo y Gestión Logística Portu','1',1),(368,'Ingeniería Económica','1',1),(369,'Ingeniería Económica y de Negocios','1',1),(370,'Ingeniería Ecoturismo','1',1),(371,'Ingeniería Eléctrica','1',1),(372,'Ingeniería Eléctrica y de Potencia','1',1),(373,'Ingeniería Eléctrica y Electrónica','1',1),(374,'Ingeniería Electromecánica','1',1),(375,'Ingeniería Electrónica','1',1),(376,'Ingeniería Electrónica - Biomédica','1',1),(377,'Ingeniería Electrónica - Mecatrónica','1',1),(378,'Ingeniería Electrónica - Telecomunicaciones','1',1),(379,'Ingeniería Electrónica y Automatización ','1',1),(380,'Ingeniería Electrónica y Telecomunicaciones','1',1),(381,'Ingeniería Empresarial','1',1),(382,'Ingeniería Empresarial y de Sistemas','1',1),(383,'Ingeniería en Acuicultura','1',1),(384,'Ingeniería en Agronegocios','1',1),(385,'Ingeniería en Ciencias Agrarias','1',1),(386,'Ingeniería en Ecología de Bosques Tropicales','1',1),(387,'Ingeniería en Ecoturismo','1',1),(388,'Ingeniería en Energía','1',1),(389,'Ingeniería en Energía Renovable y Gestión Ambiental','1',1),(390,'Ingeniería en Gestión Ambiental ','1',1),(391,'Ingeniería en Gestión Empresarial ','1',1),(392,'Ingeniería en Tecnologías y Sistemas de Información','1',1),(393,'Ingeniería en Telecomunicaciones y Redes ','1',1),(394,'Ingeniería en Telecomunicaciones y Telemática ','1',1),(395,'Ingeniería en Teleinformática','1',1),(396,'Ingeniería Energética','1',1),(397,'Ingeniería Estadística','1',1),(398,'Ingeniería Estadística e Informática','1',1),(399,'Ingeniería Física','1',1),(400,'Ingeniería Forestal','1',1),(401,'Ingeniería Forestal y del Medio Ambiente','1',1),(402,'Ingeniería Geofísica','1',1),(403,'Ingeniería Geográfica','1',1),(404,'Ingeniería Geográfica y Ecológica','1',1),(405,'Ingeniería Geológica','1',1),(406,'Ingeniería Hidráulica','1',1),(407,'Ingeniería Industrial','1',1),(408,'Ingeniería Industrial y Comercial','1',1),(409,'Ingeniería Industrial y de Gestión Empresarial','1',1),(410,'Ingeniería Industrial y Sistemas','1',1),(411,'Ingeniería Informática','1',1),(412,'Ingeniería Informática y Estadística ','1',1),(413,'Ingeniería Marítima','1',1),(414,'Ingeniería Mecánica','1',1),(415,'Ingeniería Mecánica de Fluidos','1',1),(416,'Ingeniería Mecánica Eléctrica ','1',1),(417,'Ingeniería Mecánica Eléctrica y Mecatrónica','1',1),(418,'Ingeniería Mecatrónica','1',1),(419,'Ingeniería Metalúrgica ','1',1),(420,'Ingeniería Metalúrgica y de Materiales ','1',1),(421,'Ingeniería Naval','1',1),(422,'Ingeniería Pesquera','1',1),(423,'Ingeniería Petroquímica','1',1),(424,'Ingeniería Química','1',1),(425,'Ingeniería Sanitaria','1',1),(426,'Ingeniería Sanitaria y Ambiental','1',1),(427,'Ingeniería Textil','1',1),(428,'Ingeniería Textil y Confecciones','1',1),(429,'Ingeniería Topográfica y Agrimensura','1',1),(430,'Ingeniería Zootecnia ','1',1),(431,'Interpretación Musical','1',1),(432,'Investigación Operativa','1',1),(433,'Laboratorio Clínico','1',1),(434,'Laboratorio y Anatomía Patológica','1',1),(435,'Lengua, Traducción e Interpretación','1',1),(436,'Lingüística','1',1),(437,'Literatura','1',1),(438,'Literatura y Lingüística ','1',1),(439,'Logística Internacional','1',1),(440,'Marketing','1',1),(441,'Marketing Empresarial','1',1),(442,'Marketing y Administración','1',1),(443,'Marketing y Dirección de Empresas','1',1),(444,'Marketing y Gestión Comercial','1',1),(445,'Marketing y Negocios Globales','1',1),(446,'Marketing y Negocios Internacionales','1',1),(447,'Marketing y Publicidad','1',1),(448,'Matemática ','1',1),(449,'Matemática Aplicada','1',1),(450,'Matemática e Informática','1',1),(451,'Mecánica Automotriz','1',1),(452,'Mecánica de Producción','1',1),(453,'Medicina','1',1),(454,'Medicina Humana','1',1),(455,'Medicina Veterinaria','1',1),(456,'Medicina Veterinaria y Zootecnia','1',1),(457,'Metalurgia y Joyería','1',1),(458,'Meteorología','1',1),(459,'Microbiología','1',1),(460,'Microbiología y Parasitología','1',1),(461,'Multimedia y Fotografía Publicitaria','1',1),(462,'Música','1',1),(463,'Música con Mención en Canto','1',1),(464,'Música con Mención en Composición Musical','1',1),(465,'Música con Mención en Composición y Etnomusicólogo','1',1),(466,'Música con Mención en Intérprete, Productor y Director','1',1),(467,'Música con Mención en Musicología','1',1),(468,'Música y Tecnología de Sonido','1',1),(469,'Negocios Globales','1',1),(470,'Negocios Internacionales ','1',1),(471,'Negocios Internacionales y Turismo','1',1),(472,'Nutrición','1',1),(473,'Nutrición Humana','1',1),(474,'Nutrición y Dietética','1',1),(475,'Nutrición, Salud y Técnicas Alimentarias','1',1),(476,'Obstetricia','1',1),(477,'Obstetricia y Puericultura','1',1),(478,'Odontología','1',1),(479,'Optometría','1',1),(480,'Otras Carreras de Administración','1',1),(481,'Otras Carreras de Arte','1',1),(482,'Otras Carreras de Diseño','1',1),(483,'Otras Carreras de Educación','1',1),(484,'Otras Carreras de Educación Artísticas','1',1),(485,'Otras Carreras de Educación Secundaria','1',1),(486,'Otras Carreras de Educación Tecnológica','1',1),(487,'Otros','1',1),(488,'Periodismo','1',1),(489,'Periodismo Escrito','1',1),(490,'Periodismo Radial','1',1),(491,'Periodismo Televisivo','1',1),(492,'Pesquería','1',1),(493,'Pintura','1',1),(494,'Producción de Radio, Cine y Televisión','1',1),(495,'Producción Musical','1',1),(496,'Psicología','1',1),(497,'Psicología del Consumidor','1',1),(498,'Psicología Humana','1',1),(499,'Psicología Organizacional','1',1),(500,'Publicidad','1',1),(501,'Publicidad y Multimedia','1',1),(502,'Química','1',1),(503,'Radiología','1',1),(504,'Relaciones Industriales','1',1),(505,'Relaciones Internacionales','1',1),(506,'Relaciones Internacionales y Negociaciones','1',1),(507,'Servicio Social','1',1),(508,'Sociología','1',1),(509,'Teatro con Mención en Actuación','1',1),(510,'Teatro con Mención en Diseño Escenográfico','1',1),(511,'Tecnología del Vestido','1',1),(512,'Tecnología Médica','1',1),(513,'Tecnología Textil','1',1),(514,'Telecomunicaciones e Informática','1',1),(515,'Teología','1',1),(516,'Terapia de Lenguaje','1',1),(517,'Terapia Física','1',1),(518,'Terapia Física y Rehabilitación','1',1),(519,'Terapia Ocupacional','1',1),(520,'Toxicología','1',1),(521,'Trabajo Social','1',1),(522,'Traducción e Interpretación','1',1),(523,'Turismo','1',1),(524,'Turismo - Conducción de Grupos','1',1),(525,'Turismo - Gestión Turística y Medio Ambiente','1',1),(526,'Turismo Sostenible','1',1),(527,'Turismo Sostenible y Hotelería','1',1),(528,'Turismo y Administración','1',1),(529,'Turismo y Hotelería','1',1),(530,'Turismo y Negocios','1',1),(531,'Turismo, Hotelería y Gastronomía','1',1),(532,'Turismo, Hotelería y Gestión Cultural','1',1),(533,'Urbanismo','1',1),(534,'Veterinaria y Zootecnia','1',1),(535,'Zootecnia','1',1),(536,'Abastecimiento','1',2),(537,'Actuación','1',2),(538,'Acuicultura','1',2),(539,'Administración','1',2),(540,'Administración Bancaria','1',2),(541,'Administración Bancaria por Competencias','1',2),(542,'Administración Bancaria y Financiera','1',2),(543,'Administración de Aeropuertos','1',2),(544,'Administración de Agencia de Viajes','1',2),(545,'Administración de Banca y Finanzas','1',2),(546,'Administración de Centro de Cómputo','1',2),(547,'Administración de Empresas','1',2),(548,'Administración de Empresas de Transportes','1',2),(549,'Administración de Empresas Turísticas','1',2),(550,'Administración de Empresas Turísticas y Hoteleras','1',2),(551,'Administración de Hostelería','1',2),(552,'Administración de Hoteles y Restaurantes','1',2),(553,'Administración de Hoteles, Restaurantes y Afines','1',2),(554,'Administración de Negocios','1',2),(555,'Administración de Negocios Agropecuarios','1',2),(556,'Administración de Negocios Internacionales','1',2),(557,'Administración de Negocios Internacionales de Turismo','1',2),(558,'Administración de Negocios y Ventas','1',2),(559,'Administración de Recursos Forestales','1',2),(560,'Administración de Recursos Humanos','1',2),(561,'Administración de Seguros','1',2),(562,'Administración de Servicios de Hostelería','1',2),(563,'Administración de Servicios de Postales','1',2),(564,'Administración Ejecutiva','1',2),(565,'Administración Hotelera','1',2),(566,'Administración Industrial','1',2),(567,'Administración Informática de Empresas','1',2),(568,'Administración Logística','1',2),(569,'Administración Municipal','1',2),(570,'Administración Rural','1',2),(571,'Administración y Ciencias Policiales','1',2),(572,'Administración y Finanzas','1',2),(573,'Administración y Gerencia en Hotelería Internacional','1',2),(574,'Administración y Gestión Comercial','1',2),(575,'Administración y Gestión Empresarial','1',2),(576,'Administración y Sistemas','1',2),(577,'Administrativo','1',2),(578,'Aerofotografía','1',2),(579,'Aeronáutica','1',2),(580,'Agencia de Desarrollo Integral','1',2),(581,'Agroindustrias','1',2),(582,'Agropecuaria','1',2),(583,'Análisis de Sistemas','1',2),(584,'Análisis de Sistemas y Modelación de Base de Datos','1',2),(585,'Análisis Económico','1',2),(586,'Análisis Político','1',2),(587,'Análisis Químico','1',2),(588,'Analista','1',2),(589,'Analista Programador','1',2),(590,'Anestesiología','1',2),(591,'Animación Digital','1',2),(592,'Archivos','1',2),(593,'Armas Submarinas','1',2),(594,'Arquitectura de Interiores','1',2),(595,'Arte Dramático','1',2),(596,'Artes Gráficas','1',2),(597,'Artes Gráficas y Publicitarias','1',2),(598,'Artes Plásticas y Visuales','1',2),(599,'Artes y Ciencias Publicitarias','1',2),(600,'Artillería','1',2),(601,'Asistente Ejecutivo','1',2),(602,'Audiovisual Multimedia','1',2),(603,'Autotrónica','1',2),(604,'Auxiliar de Enfermería','1',2),(605,'Aviónica','1',2),(606,'Banca y Finanzas','1',2),(607,'Cámara y Edición Creativa','1',2),(608,'Capitanía y Guardacostas','1',2),(609,'Ciencias de la Comunicación','1',2),(610,'Ciencias Publicitarias','1',2),(611,'Cocina','1',2),(612,'Comercio','1',2),(613,'Comercio Exterior','1',2),(614,'Comercio Exterior Área Artesanía del Vestir','1',2),(615,'Comercio Exterior Área Finanzas','1',2),(616,'Comercio Exterior Área Marketing','1',2),(617,'Composición','1',2),(618,'Computación','1',2),(619,'Computación e Informática','1',2),(620,'Computación y Administración de Sistemas','1',2),(621,'Computación y Sistemas','1',2),(622,'Comunicación Audiovisual','1',2),(623,'Comunicación Audiovisual Multimedia','1',2),(624,'Comunicación Escénica','1',2),(625,'Comunicación Integral','1',2),(626,'Comunicación Social','1',2),(627,'Concentración de Minerales','1',2),(628,'Conducción de Embarcaciones de Pesca','1',2),(629,'Conducción en Turismo','1',2),(630,'Conservación de Bienes Arqueológicos','1',2),(631,'Conservación y Restauración','1',2),(632,'Construcción Civil','1',2),(633,'Construcción de Arte en Madera','1',2),(634,'Contabilidad','1',2),(635,'Contabilidad Computarizada','1',2),(636,'Contabilidad y Finanzas','1',2),(637,'Control de Tránsito Aéreo','1',2),(638,'Cosmética Dermatológica','1',2),(639,'Crédito Sectorial','1',2),(640,'Créditos','1',2),(641,'Cuidados Auxiliares de Enfermería','1',2),(642,'Danza','1',2),(643,'Defensa Aérea','1',2),(644,'Dibujo en Construcción Civil','1',2),(645,'Dirección de Artes Gráficos y Publicitarias','1',2),(646,'Dirección de Empresas','1',2),(647,'Dirección de Empresas y Finanzas','1',2),(648,'Dirección Musical','1',2),(649,'Dirección y Diseño Gráfico','1',2),(650,'Dirección y Diseño Publicitario','1',2),(651,'Dirección y Guionización','1',2),(652,'Dirección y Producción en Radio','1',2),(653,'Dirección, Realización de Cine y TV','1',2),(654,'Diseño de Interiores','1',2),(655,'Diseño de Modas','1',2),(656,'Diseño de Modas y Modistería Industrial','1',2),(657,'Diseño de Producto','1',2),(658,'Diseño Escenográfico','1',2),(659,'Diseño Gráfico','1',2),(660,'Diseño Gráfico y Publicidad Digital','1',2),(661,'Diseño Gráfico y Publicitario','1',2),(662,'Diseño Industrial','1',2),(663,'Diseño Publicitario','1',2),(664,'Diseño Técnico','1',2),(665,'Diseño Textil','1',2),(666,'Diseño Web y Multimedia','1',2),(667,'Diseño y Producción de Textiles','1',2),(668,'Ecología Turística','1',2),(669,'Economía Empresarial','1',2),(670,'Ecoturismo y Gestión Ambiental','1',2),(671,'Edificaciones','1',2),(672,'Educación Artística','1',2),(673,'Educación Básica Alternativa','1',2),(674,'Educación Danza','1',2),(675,'Educación en Computación e Informática','1',2),(676,'Educación en Danza Clásica','1',2),(677,'Educación en Idiomas - Inglés','1',2),(678,'Educación Especial Audición','1',2),(679,'Educación Especial Retardo','1',2),(680,'Educación Física','1',2),(681,'Educación Inicial','1',2),(682,'Educación Inicial (Intercultural y Bilingüe)','1',2),(683,'Educación Musical','1',2),(684,'Educación para el Trabajo','1',2),(685,'Educación Primaria','1',2),(686,'Educación Primaria (Intercultural y Bilingüe)','1',2),(687,'Educación Religiosa','1',2),(688,'Educación Secundaria - Ciencia, Tecnología y Ambiente','1',2),(689,'Educación Secundaria - Ciencias Sociales','1',2),(690,'Educación Secundaria - Comunicación','1',2),(691,'Educación Secundaria - Matemática','1',2),(692,'Educación Secundaria Técnica','1',2),(693,'Elaboración y Evaluación de Proyecto','1',2),(694,'Electricidad','1',2),(695,'Electricidad Industrial','1',2),(696,'Electrónica','1',2),(697,'Electrónica Aeronáutica','1',2),(698,'Electrónica de Microcomputadoras','1',2),(699,'Electrónica de Sistemas Computarizados','1',2),(700,'Electrónica de Sistemas Industriales','1',2),(701,'Electrónica Digital','1',2),(702,'Electrónica Industrial','1',2),(703,'Electrónica y Automatización Industrial','1',2),(704,'Electrotécnia Industrial','1',2),(705,'Enfermería Técnica','1',2),(706,'Explotación Minera','1',2),(707,'Farmacia','1',2),(708,'Finanzas','1',2),(709,'Fisioterapia y Rehabilitación','1',2),(710,'Forestal','1',2),(711,'Forestal (para zona de selva)','1',2),(712,'Fotografía','1',2),(713,'Fruticultura','1',2),(714,'Fruticultura y Olivicultura','1',2),(715,'Fuerzas Especiales','1',2),(716,'Gastronomía Industrial','1',2),(717,'Gastronomía y Arte Culinario','1',2),(718,'Geología de Minas','1',2),(719,'Geomática','1',2),(720,'Gerencia','1',2),(721,'Gestión Comercial','1',2),(722,'Gestión de la Producción en la Industria de la Construcción','1',2),(723,'Gestión de la Producción en la Industria de las Confecciones','1',2),(724,'Gestión de Modas y Confecciones','1',2),(725,'Gestión de Recursos Hídricos','1',2),(726,'Gestión del Emprendimiento','1',2),(727,'Gestión Textil','1',2),(728,'Gestión y Administración de Negocios','1',2),(729,'Guía Oficial de Caminata','1',2),(730,'Guía Oficial de Montaña','1',2),(731,'Guía Oficial de Turismo','1',2),(732,'Hidrografía y Navegación','1',2),(733,'Horticultura','1',2),(734,'Hostelería','1',2),(735,'Hoteles y Restaurantes','1',2),(736,'Industria del Cuero','1',2),(737,'Industria del Vestido','1',2),(738,'Industrias Alimentarias','1',2),(739,'Industrias Alimentarias lácteas','1',2),(740,'Infantería de Marina','1',2),(741,'Información Turística','1',2),(742,'Informática','1',2),(743,'Inteligencia','1',2),(744,'Interpretación de Idiomas','1',2),(745,'Interpretación Musical','1',2),(746,'Interprete en Danza Clásica','1',2),(747,'Inyectables y Primeros Auxilios','1',2),(748,'Jardinería y Paisajismo','1',2),(749,'Laboratorio Clínico','1',2),(750,'Laboratorio de Suelos, Concreto y Asfalto','1',2),(751,'Laboratorio Químico y Metalúrgico','1',2),(752,'Locución, Comunicación Radial y Televisiva','1',2),(753,'Logística del Comercio Internacional','1',2),(754,'Manejo de Cuencas y Gestión Ambiental','1',2),(755,'Maniobras','1',2),(756,'Mantenimiento de Aeronaves','1',2),(757,'Mantenimiento de Establecimientos de Salud','1',2),(758,'Mantenimiento de Estructuras','1',2),(759,'Mantenimiento de Maquinaria','1',2),(760,'Mantenimiento de Maquinaria de Planta','1',2),(761,'Mantenimiento de Maquinaria Pesada','1',2),(762,'Mantenimiento de Motores, Hélices y Unidad de Potencia Auxil','1',2),(763,'Mantenimiento de Vehículos Motorizados y Equipos Contra Ince','1',2),(764,'Mantenimiento y Operación de Armamento y Equipos Auxiliares','1',2),(765,'Maquinas Navales','1',2),(766,'Marketing','1',2),(767,'Marketing Empresarial','1',2),(768,'Marketing Integral','1',2),(769,'Marketing Visual','1',2),(770,'Marketing y Publicidad','1',2),(771,'Marketing y Ventas','1',2),(772,'Mecánica Aeronáutica','1',2),(773,'Mecánica Aeronaval','1',2),(774,'Mecánica Agrícola','1',2),(775,'Mecánica Automotriz','1',2),(776,'Mecánica de Mantenimiento','1',2),(777,'Mecánica de Producción','1',2),(778,'Mecánica Hidráulica','1',2),(779,'Medio Ambiente','1',2),(780,'Medio Ambiente y Recursos Naturales','1',2),(781,'Mercadotecnia','1',2),(782,'Metalurgia','1',2),(783,'Meteorología','1',2),(784,'Microcomputación e Informática','1',2),(785,'Modelería y Fundición','1',2),(786,'Moneda Extranjera','1',2),(787,'Motores','1',2),(788,'Música','1',2),(789,'Música y Tecnología de Sonido','1',2),(790,'Musicología','1',2),(791,'Nutrición y Dietética','1',2),(792,'Nutrición y Tecnología de los Alimentos','1',2),(793,'Obstetricia','1',2),(794,'Olivicultura y Elaiotecnia','1',2),(795,'Operación de Máquinas, Herramientas y Control Numérico','1',2),(796,'Operaciones Bancarias y Financieras','1',2),(797,'Operaciones de Comunicaciones','1',2),(798,'Operaciones de Viajes','1',2),(799,'Operaciones Especiales','1',2),(800,'Operaciones Hoteleras','1',2),(801,'Óptica','1',2),(802,'Optometría','1',2),(803,'Organización y Administración de Empresas','1',2),(804,'Ortopedia','1',2),(805,'Otras Carreras de Educación','1',2),(806,'Paramédico','1',2),(807,'Pastelería','1',2),(808,'Pedagogía de la Interpretación Musical','1',2),(809,'Periodismo','1',2),(810,'Periodismo Audiovisual','1',2),(811,'Periodismo Deportivo','1',2),(812,'Periodismo Radial y Televisivo','1',2),(813,'Planificación Empresarial','1',2),(814,'Planificación y Gestión de Desarrollo','1',2),(815,'Policía Naval','1',2),(816,'Procesamiento de Datos','1',2),(817,'Procesos Industriales y de Sistemas','1',2),(818,'Procesos Químicos y Metalúrgicos','1',2),(819,'Producción Agraria','1',2),(820,'Producción Agrícola','1',2),(821,'Producción Agropecuaria','1',2),(822,'Producción de Espectáculos','1',2),(823,'Producción de Impresos','1',2),(824,'Producción de Programas de Televisión','1',2),(825,'Producción de Radio y Televisión','1',2),(826,'Producción en Pesquería','1',2),(827,'Producción Musical','1',2),(828,'Producción Pecuaria','1',2),(829,'Producción Textil','1',2),(830,'Producción y Gestión Pecuaria','1',2),(831,'Programación','1',2),(832,'Promoción Comunal','1',2),(833,'Promoción de Turismo ','1',2),(834,'Prótesis Dental','1',2),(835,'Publicidad','1',2),(836,'Química Industrial','1',2),(837,'Radiología','1',2),(838,'Redes y Comunicación de Datos','1',2),(839,'Redes y Comunicaciones','1',2),(840,'Redes y Seguridad Informática','1',2),(841,'Relaciones Institucionales','1',2),(842,'Relaciones Públicas','1',2),(843,'Religión y Educación para el Trabajo','1',2),(844,'Reparación de Computadoras','1',2),(845,'Reparación de Computadoras y Redes','1',2),(846,'Reporterismo','1',2),(847,'Restauración de Monumentos Históricos y Bienes inmuebles','1',2),(848,'Restauración y Conservación de Obras de Arte','1',2),(849,'Riego Drenaje','1',2),(850,'Salud y Seguridad Ocupacional','1',2),(851,'Secretariado Ejecutivo','1',2),(852,'Secretariado Ejecutivo Bilingüe','1',2),(853,'Secretariado Ejecutivo Computarizado','1',2),(854,'Secretariado Ejecutivo y Gerencial','1',2),(855,'Secretariado Internacional Ejecutivo','1',2),(856,'Seguridad e Instrucción Militar','1',2),(857,'Seguridad Informática','1',2),(858,'Sensores','1',2),(859,'Servicios Hoteleros y Cocina','1',2),(860,'Sistemas Automáticos Programables','1',2),(861,'Sistemas de Información','1',2),(862,'Sistemas de Telecomunicaciones','1',2),(863,'Sistemas Informáticos para la Productividad','1',2),(864,'Software y Sistemas','1',2),(865,'Soporte de Sistemas y Redes','1',2),(866,'Suelos, Concreto y Asfalto','1',2),(867,'Supervisión de Operaciones','1',2),(868,'Teatro y Televisión','1',2),(869,'Técnica en Ingeniería de Sonidos','1',2),(870,'Técnica en Ingeniería de Telecomunicaciones','1',2),(871,'Técnica en Ingeniería de Telemática','1',2),(872,'Técnica en Ingeniería Mecánica de Mantenimiento','1',2),(873,'Técnica en Ingeniería Mecánica de Producción','1',2),(874,'Técnicas de Ingeniería Eléctrica','1',2),(875,'Técnicas de Ingeniería Electrónica','1',2),(876,'Tecnología Agrícola','1',2),(877,'Tecnología de Análisis Químico','1',2),(878,'Tecnología de la Producción','1',2),(879,'Tecnología Mecánica Eléctrica','1',2),(880,'Tecnología Penitenciaria','1',2),(881,'Tecnología Pesquera','1',2),(882,'Telecomunicaciones','1',2),(883,'Telemática','1',2),(884,'Teología - Católica','1',2),(885,'Teología - Evangélica','1',2),(886,'Teología - Formación Religiosa','1',2),(887,'Terapia Psicoanalítica','1',2),(888,'Topografía','1',2),(889,'Topografía Superficial y Minera','1',2),(890,'Traducción de Idiomas','1',2),(891,'Traducción e Interpretación','1',2),(892,'Turismo','1',2),(893,'Turismo y Hotelería','1',2),(894,'Ventas','1',2),(895,'Viajes y Turismo','1',2),(896,'Viticultura y Enología','1',2),(897,'Zootecnia','1',2);
/*!40000 ALTER TABLE `tbl_profesion` ENABLE KEYS */;
UNLOCK TABLES;

--
-- Table structure for table `tbl_profesor`
--

DROP TABLE IF EXISTS `tbl_profesor`;
/*!40101 SET @saved_cs_client     = @@character_set_client */;
/*!40101 SET character_set_client = utf8 */;
CREATE TABLE `tbl_profesor` (
  `cod_profesor` int(11) NOT NULL AUTO_INCREMENT,
  `cod_tipo_documento` tinyint(4) NOT NULL,
  `cod_profesion` int(11) NOT NULL,
  `direccion` varchar(100) NOT NULL,
  `fecha_nacimiento` datetime NOT NULL,
  `fecha_registro` datetime NOT NULL,
  `movil` varchar(30) NOT NULL,
  `ape_paterno` varchar(30) NOT NULL,
  `ape_materno` varchar(30) NOT NULL,
  `nombres` varchar(100) NOT NULL,
  `nro_documento` varchar(20) NOT NULL,
  `sexo` binary(1) NOT NULL,
  `estado` binary(1) NOT NULL DEFAULT '1',
  `correo_electr` varchar(40) DEFAULT NULL,
  PRIMARY KEY (`cod_profesor`) USING BTREE,
  KEY `FK_tbl_profesor_tipo_documento` (`cod_tipo_documento`),
  KEY `FK_tbl_profesor_tipo_profesion` (`cod_profesion`),
  CONSTRAINT `FK_tbl_profesor_tipo_documento` FOREIGN KEY (`cod_tipo_documento`) REFERENCES `tbl_tipo_documento` (`cod_tipo_documento`),
  CONSTRAINT `FK_tbl_profesor_tipo_profesion` FOREIGN KEY (`cod_profesion`) REFERENCES `tbl_profesion` (`cod_profesion`)
) ENGINE=InnoDB AUTO_INCREMENT=40 DEFAULT CHARSET=latin1;
/*!40101 SET character_set_client = @saved_cs_client */;

--
-- Dumping data for table `tbl_profesor`
--

LOCK TABLES `tbl_profesor` WRITE;
/*!40000 ALTER TABLE `tbl_profesor` DISABLE KEYS */;
INSERT INTO `tbl_profesor` VALUES (3,1,6,'CALLE GRAU 1111','0000-00-00 00:00:00','2020-08-17 21:26:44','956321456','GOMEZ','DIAS','MARIO','34567345','1','1',NULL),(4,1,94,'CALLE AREQUIPA 321','0000-00-00 00:00:00','2020-08-18 23:22:38','911111120','QUIROGA','ORTIZ','LUIS','45590202','1','1',NULL),(9,1,5,'CALLE AREQUIPA CON CUZCO 123','0000-00-00 00:00:00','2020-08-19 12:11:59','969696963','AIQUIPA','ORTIZ','JAVIER','45590689','1','1',NULL),(10,1,121,'CALLE AREQUIPA CON CUZCO 123','1970-12-10 00:00:00','2020-08-19 16:06:00','987421547','RIVAS','GOMEZ','JAVIER','45214528','1','1',NULL),(11,1,4,'CALLE AREQUIPA CON CUZCO 123','1970-10-10 00:00:00','2020-08-19 16:49:50','97812822','AIQUIPA','LOPEZ','LUIS','98745258','1','1',NULL),(12,1,4,'CALLE AREQUIPA CON CUZCO 123','1970-10-10 00:00:00','2020-08-19 17:00:03','98712458','GOMEZ*','LOPEZ','LUIS','98521632','1','1',NULL),(13,1,9,'CALLE MIRAFLORES 321','1990-10-10 00:00:00','2020-09-01 23:13:06','969696969','MELENDREZ','ALFARO','JAVIER','45599696','1','1',NULL),(14,1,6,'CALLE MIRAFLORES 321','1990-10-10 00:00:00','2020-09-07 21:07:13','123456789','PRUEBA1','PRUEBA2','PRUEBA','12345678','1','1','correo@correo.com'),(15,1,6,'CALLE 123','1990-10-10 00:00:00','2020-09-18 13:55:43','123456789','SOSA','AQUINO','MANUEL','40404040','1','1','correo@correito.com'),(39,1,4,'PIURA','1898-07-15 00:00:00','2020-11-24 11:49:38','1212121222','TABOADA','CAYETANO','JEAN','12121211','1','1','jtab@gmail.cp');
/*!40000 ALTER TABLE `tbl_profesor` ENABLE KEYS */;
UNLOCK TABLES;

--
-- Table structure for table `tbl_programacion`
--

DROP TABLE IF EXISTS `tbl_programacion`;
/*!40101 SET @saved_cs_client     = @@character_set_client */;
/*!40101 SET character_set_client = utf8 */;
CREATE TABLE `tbl_programacion` (
  `cod_programacion` int(11) NOT NULL AUTO_INCREMENT,
  `cod_curso` char(10) NOT NULL,
  `cod_profesor` int(11) NOT NULL,
  `cod_mencion` char(3) NOT NULL,
  `seccion` char(5) NOT NULL,
  `fecha_registro` datetime NOT NULL,
  `aula_referencia` varchar(100) NOT NULL,
  `semestre` char(5) NOT NULL,
  `ciclo` tinyint(4) NOT NULL,
  `fecha_inicio` datetime NOT NULL,
  `sede` tinyint(4) NOT NULL,
  `capacidad` tinyint(4) NOT NULL,
  `total_horas_dictadas` tinyint(4) NOT NULL,
  `costo_curso` double NOT NULL,
  `estado` binary(1) NOT NULL DEFAULT '1',
  `usuario_registro` varchar(50) NOT NULL,
  `cod_tipo_postg` char(2) DEFAULT NULL,
  PRIMARY KEY (`cod_programacion`) USING BTREE,
  KEY `FK_tbl_programacion_curso` (`cod_curso`),
  KEY `FK_tbl_programacion_mencion` (`cod_mencion`),
  KEY `FK_tbl_programacion_profesion` (`cod_profesor`) USING BTREE,
  KEY `FK_tbl_programacion_seccion` (`seccion`) USING BTREE,
  KEY `FK_tbl_programacion_curso_1` (`cod_curso`,`cod_tipo_postg`),
  CONSTRAINT `FK_tbl_programacion_45` FOREIGN KEY (`cod_profesor`) REFERENCES `tbl_profesor` (`cod_profesor`),
  CONSTRAINT `FK_tbl_programacion_curso_1` FOREIGN KEY (`cod_curso`, `cod_tipo_postg`) REFERENCES `tbl_cursos` (`cod_curso`, `cod_tipo_postg`),
  CONSTRAINT `FK_tbl_programacion_mencion` FOREIGN KEY (`cod_mencion`) REFERENCES `tbl_mencion` (`cod_mencion`)
) ENGINE=InnoDB AUTO_INCREMENT=22 DEFAULT CHARSET=latin1;
/*!40101 SET character_set_client = @saved_cs_client */;

--
-- Dumping data for table `tbl_programacion`
--

LOCK TABLES `tbl_programacion` WRITE;
/*!40000 ALTER TABLE `tbl_programacion` DISABLE KEYS */;
INSERT INTO `tbl_programacion` VALUES (18,'DE1401',3,'034','1','2020-09-17 18:01:20','205','20201',5,'2020-02-02 00:00:00',1,80,127,1000,'1','DEYVI-PC','02'),(19,'GG1402',4,'024','1','2020-09-17 18:02:18','205','20201',5,'2020-02-02 00:00:00',1,80,127,1000,'1','DEYVI-PC','02'),(20,'ME1308',9,'039','1','2020-09-17 18:03:23','205','20201',5,'2020-02-02 00:00:00',1,80,127,1000,'1','DEYVI-PC','02'),(21,'CF2411',15,'008','1','2020-09-24 21:17:44','5','20201',5,'2020-10-10 00:00:00',1,80,127,500,'1','DEYVI-PC','02');
/*!40000 ALTER TABLE `tbl_programacion` ENABLE KEYS */;
UNLOCK TABLES;

--
-- Table structure for table `tbl_programas`
--

DROP TABLE IF EXISTS `tbl_programas`;
/*!40101 SET @saved_cs_client     = @@character_set_client */;
/*!40101 SET character_set_client = utf8 */;
CREATE TABLE `tbl_programas` (
  `cod_programa` char(2) NOT NULL,
  `cod_seccion` tinyint(4) NOT NULL,
  `cod_ocra` char(3) NOT NULL,
  `nombre` varchar(100) NOT NULL,
  `comentario` varchar(30) NOT NULL,
  `fecha_registro` datetime DEFAULT CURRENT_TIMESTAMP,
  `abreviatura` varchar(50) DEFAULT NULL,
  `cod_sede` varchar(2) NOT NULL DEFAULT '1',
  `cod_tipo_programa` char(2) DEFAULT '2',
  PRIMARY KEY (`cod_programa`) USING BTREE,
  KEY `FK_tbl_seccion_programa` (`cod_seccion`),
  CONSTRAINT `FK_tbl_seccion_programa` FOREIGN KEY (`cod_seccion`) REFERENCES `tbl_seccion_programa` (`cod_seccion`)
) ENGINE=InnoDB DEFAULT CHARSET=latin1;
/*!40101 SET character_set_client = @saved_cs_client */;

--
-- Dumping data for table `tbl_programas`
--

LOCK TABLES `tbl_programas` WRITE;
/*!40000 ALTER TABLE `tbl_programas` DISABLE KEYS */;
INSERT INTO `tbl_programas` VALUES ('01',10,'19','MAESTRIA EN PSICOLOGIA','','2020-07-03 22:53:28','PROMAP','1','02'),('02',11,'20','MAESTRIA EN COMUNICACION','','2020-07-03 22:53:28','PROMAEDU','1','02'),('03',5,'21','MAESTRIA EN DESARROLLO RURAL','','2020-07-03 22:53:28','PROMADER','1','02'),('04',9,'22','MAESTRIA EN INGENIERÍA AMBIENTAL','','2020-07-03 22:53:28','PROMAINA','1','02'),('05',6,'23','MAESTRIA EN CIENCIAS CONTABLES Y FINANCIERAS','','2020-07-03 22:53:28','PROMACCOF','1','02'),('06',7,'24','MAESTRIA EN CIENCIAS ECONOMICAS','','2020-07-03 22:53:28','PROMACE','1','02'),('07',8,'25','MAESTRIA EN INFORMÁTICA','','2020-07-03 22:53:29','PROMAINFO','1','02'),('08',11,'26','MAESTRIA EN DIDACTICA EN CIENCIAS DE LA EDUCACIÓN','','2020-07-03 22:53:29','PROMAEDU','1','02'),('09',4,'27','MAESTRIA EN ADMINISTRACIÓN','','2020-07-03 22:53:29','PROMAD','1','02'),('10',13,'28','MAESTRIA EN CIENCIAS','','2020-07-03 22:53:29','PROMAC','1','02'),('11',11,'29','MAESTRIA EN DOCENCIA UNIVERSITARIA','','2020-07-03 22:53:29','PROMADUNI','1','02'),('12',12,'30','MAESTRIA EN DERECHO','','2020-07-03 22:53:29','PROMADE','1','02'),('13',5,'31','MAESTRIA EN ZUMOS TROPICALES','','2020-07-03 22:53:29','PROMAZUT','1','02'),('14',10,'32','MAESTRIA EN MEDICINA','','2020-07-03 22:53:29','PROMMED','1','02'),('15',14,'33','MAESTRIA EN PLANIFICACION REGIONAL','','2020-07-03 22:53:29','PROMAPRE','1','02'),('16',5,'34','MAESTRIA EN AGRICULTURA','','2020-07-03 22:53:29','PROMAGRO-SA','1','02'),('17',14,'35','MAESTRIA EN INGENIERIA  CIVIL','','2020-07-03 22:53:29','PROMAINCI','1','02'),('18',10,'36','MAESTRIA EN CIENCIAS MEDICAS','','2020-07-03 22:53:29','CIENCIAS MEDICAS','1','02'),('19',10,'37','MAESTRIA EN  SALUD PUBLICA','','2020-07-03 22:53:29','MASAPU','1','02'),('20',8,'38','MAESTRIA EN INGENIERIA INDUSTRIAL','','2020-07-03 22:53:29','PROMAINDU','1','02'),('21',14,'39','MAESTRIA EN PLANIFICACION Y ORDENAMIENTO TERRITORIAL PARA EL DESARROLLO SOSTENIBLE','','2020-07-03 22:53:30','PROMAPLADES','1','02'),('22',15,'40','MAESTRIA EN ARQUITECTURA','','2020-07-03 22:53:30','PROMAA','1','02'),('23',11,'49','MAESTRIA EN CIENCIAS DE LA EDUCACION','','2020-07-03 22:53:30','PROMAEDU','1','02'),('24',11,'50','DOCTORADO EN CIENCIAS DE LA EDUCACION','','2020-07-03 22:53:30','CIENCIAS DE LA EDUCACION','1','04'),('25',9,'51','DOCTORADO EN  CIENCIAS  AMBIENTALES','','2020-07-03 22:53:30','CIENCIAS AMBIENTALES','1','04'),('26',4,'52','DOCTORADO DE CIENCIAS  ADMINISTRATIVAS','','2020-07-03 22:53:30','PRODOCIAD','1','04'),('27',10,'53','DOCTORADO EN CIENCIAS DE LA SALUD','','2020-07-03 22:53:30','PRODOCISA','1','04'),('28',12,'54','DOCTORADO EN DERECHO Y CIENCIAS POLITICAS','','2020-07-03 22:53:30','PRODODECIP','1','04'),('29',7,'55','DOCTORADO EN CIENCIAS ECONOMICAS Y FINANCIERAS','','2020-07-03 22:53:30','PRODOCEF','1','04'),('30',5,'56','DOCTORADO EN CIENCIAS AGRARIAS','','2020-07-03 22:53:30','PRODOCIAG','1','04'),('31',8,'57','DOCTORADO EN INGENIERIA INDUSTRIAL','','2020-07-03 22:53:30','PRODOCII','1','04'),('32',6,'58','DOCTORADO EN CONTABILIDAD Y FINANZAS','','2020-07-03 22:53:30','PRODOCOFF','1','04'),('33',13,'59','DOCTORADO EN CIENCIAS MATEMÁTICAS','','2020-07-03 22:53:30','PRODOMAT','1','04'),('34',10,'79','MAESTRIA EN PSICOLOGIA CLINICA','','2020-07-03 22:53:31','MAESTRIA EN PSICOLOGIA CLINICA','1','02'),('35',9,'80','MAESTRIA EN INGENIERIA DE PETROLEO Y GAS NATURAL','','2020-07-03 22:53:31','PROMAIPGA','1','02'),('36',9,'81','MAESTRIA EN SEGURIDAD INDUSTRIAL, SALUD OCUPACIONAL Y RELACIONES COMUNITARIAS','','2020-07-03 22:53:31','PROMASISORC','1','02'),('37',10,'82','MAESTRIA EN MEDICINA FAMILIAR','','2020-07-03 22:53:31','PROMAMEFA','1','02'),('38',10,'83','MAESTRIA EN SALUD OCUPACIONAL','','2020-07-03 22:53:31','PROMAMED','1','02'),('39',8,'84','MAESTRIA EN DIRECCION  Y GESTION  DE LAS TECNOLOGIAS DE LA INFORMACION Y COMUNICACION','','2020-07-03 22:53:31','PROMADGTICS','1','02'),('40',11,'85','MAESTRIA EN CIENCIAS DE LA EDUCACION','','2020-07-03 22:53:31','NULL','1','02'),('41',11,'86','MAESTRIA EN CIENCIAS DE LA COMUNICACION','','2020-07-03 22:53:31','NULL','1','02'),('42',11,'87','MAESTRIA EN CIENCIAS SOCIALES','','2020-07-03 22:53:31','NULL','1','02'),('43',9,'90','MAESTRIA EN GEOMECANICA MINERA','','2020-07-03 22:53:31','PROMAMIN','1','02'),('44',10,'93','MAESTRIA EN EPIDEMIOLOGIA','','2020-07-03 22:53:31','NULL','1','02');
/*!40000 ALTER TABLE `tbl_programas` ENABLE KEYS */;
UNLOCK TABLES;

--
-- Table structure for table `tbl_requisito`
--

DROP TABLE IF EXISTS `tbl_requisito`;
/*!40101 SET @saved_cs_client     = @@character_set_client */;
/*!40101 SET character_set_client = utf8 */;
CREATE TABLE `tbl_requisito` (
  `cod_req` int(10) unsigned NOT NULL AUTO_INCREMENT,
  `cod_plan` int(11) NOT NULL,
  `cod_curso` char(6) NOT NULL,
  PRIMARY KEY (`cod_req`),
  UNIQUE KEY `unique` (`cod_plan`,`cod_curso`),
  CONSTRAINT `FK_tbl_requisito_1` FOREIGN KEY (`cod_plan`) REFERENCES `tbl_detalle_plan_estudios` (`cod_plan`)
) ENGINE=InnoDB DEFAULT CHARSET=utf8mb4;
/*!40101 SET character_set_client = @saved_cs_client */;

--
-- Dumping data for table `tbl_requisito`
--

LOCK TABLES `tbl_requisito` WRITE;
/*!40000 ALTER TABLE `tbl_requisito` DISABLE KEYS */;
/*!40000 ALTER TABLE `tbl_requisito` ENABLE KEYS */;
UNLOCK TABLES;

--
-- Table structure for table `tbl_rubro_acta`
--

DROP TABLE IF EXISTS `tbl_rubro_acta`;
/*!40101 SET @saved_cs_client     = @@character_set_client */;
/*!40101 SET character_set_client = utf8 */;
CREATE TABLE `tbl_rubro_acta` (
  `cod_rubro` int(11) NOT NULL,
  `cod_acta` int(11) NOT NULL,
  `peso` double NOT NULL,
  `estado` binary(1) NOT NULL DEFAULT '1',
  `cod_rub_act` int(10) unsigned NOT NULL AUTO_INCREMENT,
  PRIMARY KEY (`cod_rub_act`),
  KEY `FK_tbl_rubro_acta_1` (`cod_acta`),
  KEY `FK_tbl_rubro_acta_22` (`cod_rubro`),
  CONSTRAINT `FK_tbl_rubro_acta_1` FOREIGN KEY (`cod_acta`) REFERENCES `tbl_acta` (`cod_acta`),
  CONSTRAINT `FK_tbl_rubro_acta_22` FOREIGN KEY (`cod_rubro`) REFERENCES `tbl_rubros` (`cod_rubro`)
) ENGINE=InnoDB AUTO_INCREMENT=3 DEFAULT CHARSET=latin1;
/*!40101 SET character_set_client = @saved_cs_client */;

--
-- Dumping data for table `tbl_rubro_acta`
--

LOCK TABLES `tbl_rubro_acta` WRITE;
/*!40000 ALTER TABLE `tbl_rubro_acta` DISABLE KEYS */;
/*!40000 ALTER TABLE `tbl_rubro_acta` ENABLE KEYS */;
UNLOCK TABLES;

--
-- Table structure for table `tbl_rubros`
--

DROP TABLE IF EXISTS `tbl_rubros`;
/*!40101 SET @saved_cs_client     = @@character_set_client */;
/*!40101 SET character_set_client = utf8 */;
CREATE TABLE `tbl_rubros` (
  `cod_rubro` int(11) NOT NULL AUTO_INCREMENT,
  `nombre` varchar(60) NOT NULL,
  `estado` binary(1) NOT NULL DEFAULT '1',
  PRIMARY KEY (`cod_rubro`) USING BTREE
) ENGINE=InnoDB AUTO_INCREMENT=7 DEFAULT CHARSET=latin1;
/*!40101 SET character_set_client = @saved_cs_client */;

--
-- Dumping data for table `tbl_rubros`
--

LOCK TABLES `tbl_rubros` WRITE;
/*!40000 ALTER TABLE `tbl_rubros` DISABLE KEYS */;
INSERT INTO `tbl_rubros` VALUES (1,'PRACTICA I','1'),(2,'PRACTICA II','1'),(3,'EXAMEN FINAL','1'),(4,'EXAMEN PARCIAL','1'),(5,'LABORATORIO','1'),(6,'TRABAJO DE CAMPOS','1');
/*!40000 ALTER TABLE `tbl_rubros` ENABLE KEYS */;
UNLOCK TABLES;

--
-- Table structure for table `tbl_seccion_programa`
--

DROP TABLE IF EXISTS `tbl_seccion_programa`;
/*!40101 SET @saved_cs_client     = @@character_set_client */;
/*!40101 SET character_set_client = utf8 */;
CREATE TABLE `tbl_seccion_programa` (
  `cod_seccion` tinyint(4) NOT NULL AUTO_INCREMENT,
  `descripcion` varchar(100) NOT NULL,
  `fecha` datetime DEFAULT CURRENT_TIMESTAMP,
  PRIMARY KEY (`cod_seccion`) USING BTREE
) ENGINE=InnoDB AUTO_INCREMENT=16 DEFAULT CHARSET=latin1;
/*!40101 SET character_set_client = @saved_cs_client */;

--
-- Dumping data for table `tbl_seccion_programa`
--

LOCK TABLES `tbl_seccion_programa` WRITE;
/*!40000 ALTER TABLE `tbl_seccion_programa` DISABLE KEYS */;
INSERT INTO `tbl_seccion_programa` VALUES (4,'Unidad de Posgrado De La Facultad De Ciencias Administrativas','2020-06-26 00:00:23'),(5,'Unidad de Posgrado De La Facultad De Agronomía','2020-06-26 00:00:23'),(6,'Unidad de Posgrado De La Facultad De Ciencias Contables Y Financieras','2020-06-26 00:00:23'),(7,'Unidad de Posgrado De La Facultad De Economía','2020-06-26 00:00:23'),(8,'Unidad de Posgrado De La Facultad De Ingeniería Industrial','2020-06-26 00:00:24'),(9,'Unidad de Posgrado De La Facultad De Ingeniería De Minas','2020-06-26 00:00:24'),(10,'Unidad de Posgrado De La Facultad De Ciencias De La Salud','2020-06-26 00:00:24'),(11,'Unidad de Posgrado De La Facultad De Ciencias Sociales Y Educación','2020-06-26 00:00:24'),(12,'Unidad de Posgrado De La Facultad De Derecho Y Ciencias Políticas','2020-06-26 00:00:24'),(13,'Unidad de Posgrado De La Facultad De Ciencias','2020-06-26 00:00:24'),(14,'Unidad de Posgrado De La Facultad De Ingeniería Civil','2020-06-26 00:00:24'),(15,'Unidad de Posgrado De La Facultad De Arquitectura Y Urbanismo','2020-06-26 00:00:24');
/*!40000 ALTER TABLE `tbl_seccion_programa` ENABLE KEYS */;
UNLOCK TABLES;

--
-- Table structure for table `tbl_sede`
--

DROP TABLE IF EXISTS `tbl_sede`;
/*!40101 SET @saved_cs_client     = @@character_set_client */;
/*!40101 SET character_set_client = utf8 */;
CREATE TABLE `tbl_sede` (
  `cod_sede` tinyint(4) NOT NULL AUTO_INCREMENT,
  `nom_sede` varchar(100) NOT NULL,
  `estado` binary(1) NOT NULL DEFAULT '1',
  `abreviatura` varchar(50) DEFAULT NULL,
  PRIMARY KEY (`cod_sede`) USING BTREE
) ENGINE=InnoDB AUTO_INCREMENT=2 DEFAULT CHARSET=latin1;
/*!40101 SET character_set_client = @saved_cs_client */;

--
-- Dumping data for table `tbl_sede`
--

LOCK TABLES `tbl_sede` WRITE;
/*!40000 ALTER TABLE `tbl_sede` DISABLE KEYS */;
INSERT INTO `tbl_sede` VALUES (1,'PIURA','\0',NULL);
/*!40000 ALTER TABLE `tbl_sede` ENABLE KEYS */;
UNLOCK TABLES;

--
-- Table structure for table `tbl_silabus`
--

DROP TABLE IF EXISTS `tbl_silabus`;
/*!40101 SET @saved_cs_client     = @@character_set_client */;
/*!40101 SET character_set_client = utf8 */;
CREATE TABLE `tbl_silabus` (
  `cod_silabus` int(11) NOT NULL AUTO_INCREMENT,
  `nro` varchar(10) NOT NULL,
  `descripcion` varchar(60) NOT NULL,
  `cod_programacion` int(11) NOT NULL,
  `fechasubida` datetime NOT NULL,
  `nombrearchivo` varchar(100) NOT NULL,
  PRIMARY KEY (`cod_silabus`) USING BTREE,
  KEY `FK_tbl_silabus_1` (`cod_programacion`),
  CONSTRAINT `FK_tbl_silabus_1` FOREIGN KEY (`cod_programacion`) REFERENCES `tbl_programacion` (`cod_programacion`)
) ENGINE=InnoDB DEFAULT CHARSET=latin1;
/*!40101 SET character_set_client = @saved_cs_client */;

--
-- Dumping data for table `tbl_silabus`
--

LOCK TABLES `tbl_silabus` WRITE;
/*!40000 ALTER TABLE `tbl_silabus` DISABLE KEYS */;
/*!40000 ALTER TABLE `tbl_silabus` ENABLE KEYS */;
UNLOCK TABLES;

--
-- Table structure for table `tbl_tesis`
--

DROP TABLE IF EXISTS `tbl_tesis`;
/*!40101 SET @saved_cs_client     = @@character_set_client */;
/*!40101 SET character_set_client = utf8 */;
CREATE TABLE `tbl_tesis` (
  `cod_alumno` char(10) NOT NULL,
  `fecha_antep` datetime NOT NULL,
  `nro_resolucion_antep` varchar(100) NOT NULL,
  `asesor` varchar(80) NOT NULL,
  `co_asesor` varchar(80) NOT NULL,
  `observ_antep` varchar(200) NOT NULL,
  `estado_antep` binary(1) NOT NULL,
  `fecha_proy` datetime NOT NULL,
  `nro_resolucion_proy` varchar(100) NOT NULL,
  `presidente` varchar(80) NOT NULL,
  `secretario` varchar(80) NOT NULL,
  `vocal` varchar(80) NOT NULL,
  `observ_proy` varchar(200) NOT NULL,
  `fecha_sust` datetime NOT NULL,
  `nro_resolucion_sust` datetime NOT NULL,
  `observ_sust` varchar(200) NOT NULL,
  `fecha_acta` datetime NOT NULL,
  `calificativo` varchar(3) NOT NULL,
  `observ_acta` varchar(200) NOT NULL,
  `estado` binary(1) NOT NULL DEFAULT '1',
  `hora_sust` datetime NOT NULL,
  `tituloanteproyecto` varchar(200) NOT NULL,
  PRIMARY KEY (`cod_alumno`) USING BTREE,
  CONSTRAINT `FK_tbl_tesis_1` FOREIGN KEY (`cod_alumno`) REFERENCES `tbl_alumnos` (`cod_alumno`)
) ENGINE=InnoDB DEFAULT CHARSET=latin1;
/*!40101 SET character_set_client = @saved_cs_client */;

--
-- Dumping data for table `tbl_tesis`
--

LOCK TABLES `tbl_tesis` WRITE;
/*!40000 ALTER TABLE `tbl_tesis` DISABLE KEYS */;
/*!40000 ALTER TABLE `tbl_tesis` ENABLE KEYS */;
UNLOCK TABLES;

--
-- Table structure for table `tbl_tipo_documento`
--

DROP TABLE IF EXISTS `tbl_tipo_documento`;
/*!40101 SET @saved_cs_client     = @@character_set_client */;
/*!40101 SET character_set_client = utf8 */;
CREATE TABLE `tbl_tipo_documento` (
  `cod_tipo_documento` tinyint(4) NOT NULL AUTO_INCREMENT,
  `descripcion` varchar(30) NOT NULL,
  `estado` binary(1) NOT NULL DEFAULT '1',
  PRIMARY KEY (`cod_tipo_documento`) USING BTREE
) ENGINE=InnoDB AUTO_INCREMENT=4 DEFAULT CHARSET=latin1;
/*!40101 SET character_set_client = @saved_cs_client */;

--
-- Dumping data for table `tbl_tipo_documento`
--

LOCK TABLES `tbl_tipo_documento` WRITE;
/*!40000 ALTER TABLE `tbl_tipo_documento` DISABLE KEYS */;
INSERT INTO `tbl_tipo_documento` VALUES (1,'DNI (Documento de Identidad)','1'),(2,'Carnet de extranjeria','1');
/*!40000 ALTER TABLE `tbl_tipo_documento` ENABLE KEYS */;
UNLOCK TABLES;

--
-- Table structure for table `tbl_tipo_postgrado`
--

DROP TABLE IF EXISTS `tbl_tipo_postgrado`;
/*!40101 SET @saved_cs_client     = @@character_set_client */;
/*!40101 SET character_set_client = utf8 */;
CREATE TABLE `tbl_tipo_postgrado` (
  `cod_tipo_postg` char(2) NOT NULL,
  `descripcion` varchar(20) NOT NULL,
  `estado` char(1) NOT NULL,
  PRIMARY KEY (`cod_tipo_postg`)
) ENGINE=InnoDB DEFAULT CHARSET=utf8mb4;
/*!40101 SET character_set_client = @saved_cs_client */;

--
-- Dumping data for table `tbl_tipo_postgrado`
--

LOCK TABLES `tbl_tipo_postgrado` WRITE;
/*!40000 ALTER TABLE `tbl_tipo_postgrado` DISABLE KEYS */;
INSERT INTO `tbl_tipo_postgrado` VALUES ('02','Maestria','1'),('04','Doctorado','1');
/*!40000 ALTER TABLE `tbl_tipo_postgrado` ENABLE KEYS */;
UNLOCK TABLES;

--
-- Table structure for table `tbl_tipo_profesion`
--

DROP TABLE IF EXISTS `tbl_tipo_profesion`;
/*!40101 SET @saved_cs_client     = @@character_set_client */;
/*!40101 SET character_set_client = utf8 */;
CREATE TABLE `tbl_tipo_profesion` (
  `cod_tipo_profesion` int(11) NOT NULL AUTO_INCREMENT,
  `descripcion` varchar(60) NOT NULL,
  `estado` binary(1) NOT NULL DEFAULT '1',
  PRIMARY KEY (`cod_tipo_profesion`)
) ENGINE=InnoDB AUTO_INCREMENT=3 DEFAULT CHARSET=latin1;
/*!40101 SET character_set_client = @saved_cs_client */;

--
-- Dumping data for table `tbl_tipo_profesion`
--

LOCK TABLES `tbl_tipo_profesion` WRITE;
/*!40000 ALTER TABLE `tbl_tipo_profesion` DISABLE KEYS */;
INSERT INTO `tbl_tipo_profesion` VALUES (1,'UNIVERSITARIAS','1'),(2,'EDUCACION SUPERIOR Y TECNICO PRODUCTIVAS','1');
/*!40000 ALTER TABLE `tbl_tipo_profesion` ENABLE KEYS */;
UNLOCK TABLES;

--
-- Table structure for table `tbl_tipo_universidad`
--

DROP TABLE IF EXISTS `tbl_tipo_universidad`;
/*!40101 SET @saved_cs_client     = @@character_set_client */;
/*!40101 SET character_set_client = utf8 */;
CREATE TABLE `tbl_tipo_universidad` (
  `cod_tipo_universidad` int(11) NOT NULL AUTO_INCREMENT,
  `descripcion` varchar(60) NOT NULL,
  `estado` binary(1) NOT NULL DEFAULT '1',
  PRIMARY KEY (`cod_tipo_universidad`)
) ENGINE=InnoDB AUTO_INCREMENT=4 DEFAULT CHARSET=latin1;
/*!40101 SET character_set_client = @saved_cs_client */;

--
-- Dumping data for table `tbl_tipo_universidad`
--

LOCK TABLES `tbl_tipo_universidad` WRITE;
/*!40000 ALTER TABLE `tbl_tipo_universidad` DISABLE KEYS */;
INSERT INTO `tbl_tipo_universidad` VALUES (1,'NACIONAL','1'),(2,'PRIVADA','1'),(3,'INSTITUCIONES CON RANGO UNIVERSITARIO','1');
/*!40000 ALTER TABLE `tbl_tipo_universidad` ENABLE KEYS */;
UNLOCK TABLES;

--
-- Table structure for table `tbl_tipo_usuario`
--

DROP TABLE IF EXISTS `tbl_tipo_usuario`;
/*!40101 SET @saved_cs_client     = @@character_set_client */;
/*!40101 SET character_set_client = utf8 */;
CREATE TABLE `tbl_tipo_usuario` (
  `cod_tipo_usuario` int(10) NOT NULL AUTO_INCREMENT,
  `descripcion` varchar(30) NOT NULL,
  `tipo_acceso` varchar(30) NOT NULL,
  PRIMARY KEY (`cod_tipo_usuario`) USING BTREE
) ENGINE=InnoDB AUTO_INCREMENT=4 DEFAULT CHARSET=latin1;
/*!40101 SET character_set_client = @saved_cs_client */;

--
-- Dumping data for table `tbl_tipo_usuario`
--

LOCK TABLES `tbl_tipo_usuario` WRITE;
/*!40000 ALTER TABLE `tbl_tipo_usuario` DISABLE KEYS */;
INSERT INTO `tbl_tipo_usuario` VALUES (1,'ADMINISTRADOR','1'),(2,'REGISTRADOR','2'),(3,'SUPERVISOR','3');
/*!40000 ALTER TABLE `tbl_tipo_usuario` ENABLE KEYS */;
UNLOCK TABLES;

--
-- Table structure for table `tbl_univ_procedencia`
--

DROP TABLE IF EXISTS `tbl_univ_procedencia`;
/*!40101 SET @saved_cs_client     = @@character_set_client */;
/*!40101 SET character_set_client = utf8 */;
CREATE TABLE `tbl_univ_procedencia` (
  `cod_univ_procedencia` int(11) NOT NULL AUTO_INCREMENT,
  `descripcion` varchar(60) NOT NULL,
  `estado` binary(1) NOT NULL DEFAULT '1',
  `cod_tipo_universidad` int(11) NOT NULL,
  PRIMARY KEY (`cod_univ_procedencia`) USING BTREE,
  KEY `FK_tbl_univ_procedencia_1` (`cod_tipo_universidad`),
  CONSTRAINT `FK_tbl_univ_procedencia_1` FOREIGN KEY (`cod_tipo_universidad`) REFERENCES `tbl_tipo_universidad` (`cod_tipo_universidad`)
) ENGINE=InnoDB AUTO_INCREMENT=197 DEFAULT CHARSET=latin1;
/*!40101 SET character_set_client = @saved_cs_client */;

--
-- Dumping data for table `tbl_univ_procedencia`
--

LOCK TABLES `tbl_univ_procedencia` WRITE;
/*!40000 ALTER TABLE `tbl_univ_procedencia` DISABLE KEYS */;
INSERT INTO `tbl_univ_procedencia` VALUES (3,'Universidad Autónoma Municipal de Los Olivos','1',1),(4,'Universidad Nacional Agraria de la Selva','1',1),(5,'Universidad Nacional Agraria La Molina','1',1),(6,'Universidad Nacional Amazónica de Madre de Dios','1',1),(7,'Universidad Nacional Autónoma Altoandina de Tarma','1',1),(8,'Universidad Nacional Autónoma de Alto Amazonas','1',1),(9,'Universidad Nacional Autónoma de Chota','1',1),(10,'Universidad Nacional Autónoma de Huanta','1',1),(11,'Universidad Nacional Autónoma de Tayacaja Daniel Hernández M','1',1),(12,'Universidad Nacional Ciro Alegría','1',1),(13,'Universidad Nacional Daniel Alcides Carrión','1',1),(14,'Universidad Nacional de Barranca','1',1),(15,'Universidad Nacional de Cajamarca','1',1),(16,'Universidad Nacional de Cañete','1',1),(17,'Universidad Nacional de Educación Enrique Guzmán y Valle','1',1),(18,'Universidad Nacional de Frontera','1',1),(19,'Universidad Nacional de Huancavelica','1',1),(20,'Universidad Nacional de Ingeniería','1',1),(21,'Universidad Nacional de Jaén','1',1),(22,'Universidad Nacional de Juliaca','1',1),(23,'Universidad Nacional de la Amazonía Peruana','1',1),(24,'Universidad Nacional de Moquegua','1',1),(25,'Universidad Nacional de Piura','1',1),(26,'Universidad Nacional de San Agustín de Arequipa','1',1),(27,'Universidad Nacional de San Antonio Abad del Cusco','1',1),(28,'Universidad Nacional de San Cristóbal de Huamanga','1',1),(29,'Universidad Nacional de San Martín','1',1),(30,'Universidad Nacional de Trujillo','1',1),(31,'Universidad Nacional de Tumbes','1',1),(32,'Universidad Nacional de Ucayali','1',1),(33,'Universidad Nacional del Altiplano','1',1),(34,'Universidad Nacional del Callao','1',1),(35,'Universidad Nacional del Centro del Perú','1',1),(36,'Universidad Nacional del Santa','1',1),(37,'Universidad Nacional Federico Villarreal','1',1),(38,'Universidad Nacional Hermilio Valdizán de Huánuco','1',1),(39,'Universidad Nacional Intercultural de la Amazonía','1',1),(40,'Universidad Nacional Intercultural de la Selva Central Juan ','1',1),(41,'Universidad Nacional Intercultural de Quillabamba','1',1),(42,'Universidad Nacional Intercultural Fabiola Salazar Leguía de','1',1),(43,'Universidad Nacional Jorge Basadre Grohmann','1',1),(44,'Universidad Nacional José Faustino Sánchez Carrión','1',1),(45,'Universidad Nacional José María Arguedas','1',1),(46,'Universidad Nacional Mayor de San Marcos','1',1),(47,'Universidad Nacional Micaela Bastidas de Apurímac','1',1),(48,'Universidad Nacional Pedro Ruiz Gallo','1',1),(49,'Universidad Nacional San Luis Gonzaga','1',1),(50,'Universidad Nacional Santiago Antúnez de Mayolo','1',1),(51,'Universidad Nacional Tecnológica de Lima Sur ','1',1),(52,'Universidad Nacional Tecnológica de San Juan de Lurigancho','1',1),(53,'Universidad Nacional Toribio Rodríguez de Mendoza de Amazona','1',1),(54,'Grupo Educativo Universidad Privada de Ica S.A.C. ','1',2),(55,'Pontificia Universidad Católica del Perú','1',2),(56,'Universidad Alas Peruanas','1',2),(57,'Universidad Andina del Cusco','1',2),(58,'Universidad Andina Néstor Cáceres Velásquez','1',2),(59,'Universidad Antonio Ruiz de Montoya','1',2),(60,'Universidad Autónoma de Ica S.A.C. ','1',2),(61,'Universidad Autónoma del Perú','1',2),(62,'Universidad Autónoma San Francisco','1',2),(63,'Universidad Católica de Santa María','1',2),(64,'Universidad Católica de Trujillo Benedicto XVI ','1',2),(65,'Universidad Católica Los Ángeles de Chimbote ','1',2),(66,'Universidad Católica San José','1',2),(67,'Universidad Católica San Pablo','1',2),(68,'Universidad Católica Santo Toribio de Mogrovejo','1',2),(69,'Universidad Católica Sedes Sapientiae','1',2),(70,'Universidad César Vallejo S.A.C.','1',2),(71,'Universidad Ciencias de la Salud','1',2),(72,'Universidad Científica del Perú ','1',2),(73,'Universidad Científica del Sur S.A.C.','1',2),(74,'Universidad Continental S.A.C. ','1',2),(75,'Universidad de Ayacucho Federico Froebel','1',2),(76,'Universidad de Ciencias y Artes de América Latina S.A.C.','1',2),(77,'Universidad de Ciencias y Humanidades','1',2),(78,'Universidad de Huánuco','1',2),(79,'Universidad de Ingeniería y Tecnología','1',2),(80,'Universidad de Lambayeque S.A.C.','1',2),(81,'Universidad de Lima','1',2),(82,'Universidad de Piura','1',2),(83,'Universidad de San Martín de Porres','1',2),(84,'Universidad del Pacífico','1',2),(85,'Universidad ESAN','1',2),(86,'Universidad Femenina del Sagrado Corazón','1',2),(87,'Universidad Global del Cusco','1',2),(88,'Universidad Inca Garcilaso de la Vega','1',2),(89,'Universidad Interamericana para el Desarrollo','1',2),(90,'Universidad Jaime Bausate y Meza','1',2),(91,'Universidad José Carlos Mariátegui ','1',2),(92,'Universidad La Salle','1',2),(93,'Universidad Latinoamericana CIMA','1',2),(94,'Universidad Le Cordon Bleu S.A.C.','1',2),(95,'Universidad Marcelino Champagnat','1',2),(96,'Universidad María Auxiliadora','1',2),(97,'Universidad Marítima del Perú','1',2),(98,'Universidad para el Desarrollo Andino','1',2),(99,'Universidad Particular de Chiclayo','1',2),(100,'Universidad Peruana Austral del Cusco','1',2),(101,'Universidad Peruana Cayetano Heredia','1',2),(102,'Universidad Peruana de Arte Orval S.A.C.','1',2),(103,'Universidad Peruana de Ciencias Aplicadas S.A.C.','1',2),(104,'Universidad Peruana de Ciencias e Informática','1',2),(105,'Universidad Peruana de Integración Global S.A.C.','1',2),(106,'Universidad Peruana de Investigación y Negocios S.A.C.','1',2),(107,'Universidad Peruana de las Américas','1',2),(108,'Universidad Peruana del Centro','1',2),(109,'Universidad Peruana del Oriente S.A.C.','1',2),(110,'Universidad Peruana Los Andes','1',2),(111,'Universidad Peruana Simón Bolivar','1',2),(112,'Universidad Peruana Unión','1',2),(113,'Universidad Politécnica Amazónica S.A.C.','1',2),(114,'Universidad Privada Antenor Orrego','1',2),(115,'Universidad Privada Antonio Guillermo Urrelo','1',2),(116,'Universidad Privada Arzobispo Loayza S.A.C','1',2),(117,'Universidad Privada Autónoma del Sur','1',2),(118,'Universidad Privada de Huancayo Franklin Roosevelt','1',2),(119,'Universidad Privada de la Selva Peruana ','1',2),(120,'Universidad Privada de Pucallpa S.A.C.','1',2),(121,'Universidad Privada de Tacna','1',2),(122,'Universidad Privada de Trujillo','1',2),(123,'Universidad Privada del Norte S.A.C.','1',2),(124,'Universidad Privada Juan Mejía Baca','1',2),(125,'Universidad Privada Juan Pablo II','1',2),(126,'Universidad Privada Leonardo Da Vinci S.A.C. ','1',2),(127,'Universidad Privada Líder Peruana','1',2),(128,'Universidad Privada Norbert Wiener','1',2),(129,'Universidad Privada Peruano Alemana S.AC.','1',2),(130,'Universidad Privada San Carlos','1',2),(131,'Universidad Privada San Juan Bautista S.A.C. ','1',2),(132,'Universidad Privada SISE','1',2),(133,'Universidad Privada Telesup','1',2),(134,'Universidad Ricardo Palma','1',2),(135,'Universidad San Andrés','1',2),(136,'Universidad San Ignacio de Loyola S.A.','1',2),(137,'Universidad San Pedro ','1',2),(138,'Universidad Santo Domingo de Guzmán','1',2),(139,'Universidad Santo Tomás de Aquino de Ciencia e Integración','1',2),(140,'Universidad Seminario Bíblico Andino ','1',2),(141,'Universidad Seminario Evangélico de Lima ','1',2),(142,'Universidad Señor de Sipán','1',2),(143,'Universidad Sergio Bernales S.A.','1',2),(144,'Universidad Tecnológica de los Andes','1',2),(145,'Universidad Tecnológica del Perú','1',2),(146,'Academia Diplomática del Perú ','1',3),(147,'Centro de Altos Estudios Nacionales (CAEN) ','1',3),(148,'Conservatorio Nacional de Música ','1',3),(149,'Conservatorio Regional de Música del Norte Público Carlos Va','1',3),(150,'Escuela de Oficiales de la Policía Nacional del Perú ','1',3),(151,'Escuela de Posgrado de la Policía Nacional del Perú ','1',3),(152,'Escuela de Postgrado \"San Francisco Xavier Escuela de Negoci','1',3),(153,'Escuela de Postgrado Gerens S.A. ','1',3),(154,'Escuela de Postgrado Neumann Business School S.A.C. ','1',3),(155,'Escuela de Salud Pública del Perú ','1',3),(156,'Escuela Internacional de Posgrado - ESIP ','1',3),(157,'Escuela Militar de Chorrillos ','1',3),(158,'Escuela Nacional de Administracin Pública (ENAP) ','1',3),(159,'Escuela Nacional de Arte Carlos Baca Flor de Arequipa ','1',3),(160,'Escuela Nacional de Marina Mercante Almirante Miguel Grau ','1',3),(161,'Escuela Nacional Superior Autónoma de Bellas Artes del Perú ','1',3),(162,'Escuela Nacional Superior de Arte Dramático Guillermo Ugarte','1',3),(163,'Escuela Nacional Superior de Ballet ','1',3),(164,'Escuela Nacional Superior de Folklore José María Arguedas ','1',3),(165,'Escuela Naval del Perú','1',3),(166,'Escuela Superior Autónoma de Bellas Artes Diego Quispe Tito ','1',3),(167,'Escuela Superior de Arte Dramático Virgilio Rodríguez Nache ','1',3),(168,'Escuela Superior de Arte Pública Ignacio Merino de Piura ','1',3),(169,'Escuela Superior de Formación Artística Conservatorio de Lim','1',3),(170,'Escuela Superior de Formación Artística del Distrito de San ','1',3),(171,'Escuela Superior de Formación Artística Pública Áncash (ESFA','1',3),(172,'Escuela Superior de Formación Artística Pública Condorcunca ','1',3),(173,'Escuela Superior de Formación Artística Pública de Juliaca (','1',3),(174,'Escuela Superior de Formación Artística Pública de Puno (ESF','1',3),(175,'Escuela Superior de Formación Artística Pública Ernesto Lópe','1',3),(176,'Escuela Superior de Formación Artística Pública Felipe Guamá','1',3),(177,'Escuela Superior de Formación Artística Pública Francisco La','1',3),(178,'Escuela Superior de Formación Artística Pública Macedonio de','1',3),(179,'Escuela Superior de Formación Artística Pública Mario Urteag','1',3),(180,'Escuela Superior de Formación Artística Pública Pilcuyo - Il','1',3),(181,'Escuela Superior de Formación Artística Sérvulo Gutéirrez Al','1',3),(182,'Escuela Superior de Guerra Aérea ','1',3),(183,'Escuela Superior de Guerra del Ejército ','1',3),(184,'Escuela Superior de Guerra Naval ','1',3),(185,'Escuela Superior de Música Pública Francisco Pérez Janampa ','1',3),(186,'Escuela Superior de Música Pública José María Valle Riestra ','1',3),(187,'Escuela Superior de Música Pública Luis Duncker Lavalle deno','1',3),(188,'Facultad de Filosofía Redemptoris Mater ','1',3),(189,'Facultad de Teología Redemptoris Mater ','1',3),(190,'Fuerza Aérea del Perú ','1',3),(191,'Instituto Científico y Tecnológico del Ejército (ICTE) ','1',3),(192,'Instituto Pedagógico Nacional de Monterrico','1',3),(193,'Instituto Superior de Música Público Acolla-Jauja-Junín ','1',3),(194,'Instituto Superior de Música Público Daniel Alomía Robles de','1',3),(195,'Instituto Superior de Música Público Leandro Alviña Miranda ','1',3),(196,'Ninguna','0',1);
/*!40000 ALTER TABLE `tbl_univ_procedencia` ENABLE KEYS */;
UNLOCK TABLES;

--
-- Table structure for table `tbl_usuario`
--

DROP TABLE IF EXISTS `tbl_usuario`;
/*!40101 SET @saved_cs_client     = @@character_set_client */;
/*!40101 SET character_set_client = utf8 */;
CREATE TABLE `tbl_usuario` (
  `cod_usuario` int(2) NOT NULL AUTO_INCREMENT,
  `nom_usuario` varchar(40) NOT NULL,
  `descripcion` varchar(40) NOT NULL,
  `clave` varchar(300) NOT NULL,
  `fecha_creacion` datetime NOT NULL,
  `cod_tipo_usuario` int(10) NOT NULL,
  `estado` tinyint(4) NOT NULL DEFAULT '1',
  `clave_antigua` varchar(300) NOT NULL,
  `usuario_registro` varchar(50) NOT NULL,
  `apellidos` varchar(50) DEFAULT NULL,
  PRIMARY KEY (`cod_usuario`) USING BTREE,
  UNIQUE KEY `nom_usuario_UNIQUE` (`nom_usuario`),
  KEY `FK_tbl_tipousurio_usuario` (`cod_tipo_usuario`),
  CONSTRAINT `FK_tbl_usuario_1` FOREIGN KEY (`cod_tipo_usuario`) REFERENCES `tbl_tipo_usuario` (`cod_tipo_usuario`)
) ENGINE=InnoDB AUTO_INCREMENT=9 DEFAULT CHARSET=latin1;
/*!40101 SET character_set_client = @saved_cs_client */;

--
-- Dumping data for table `tbl_usuario`
--

LOCK TABLES `tbl_usuario` WRITE;
/*!40000 ALTER TABLE `tbl_usuario` DISABLE KEYS */;
INSERT INTO `tbl_usuario` VALUES (4,'DEYVI','ADMINISTRADOR','ywABOWOSHs7Rzfn3l_3V0P181ktpqD07eWJP5_4cCmE','2020-09-22 13:17:37',1,1,'','DEYVI-PC',NULL),(5,'JAIMITO','PRUEBA 1','jai123','2020-10-01 19:12:20',1,1,'','DEYVI-PC',NULL),(7,'JEAN','SUPERVISOR','6ukRwMCDre5VAQZ8A0q9JPBC5DY0VWi46IX_ClyMF3g','2020-11-24 16:22:24',3,1,'S3tCRbljJ8sS5cNtIO-0lGXSvpEXYfbTook811SsdyU','DESKTOP-FRMLHB1',NULL),(8,'TABO','REGISTRADOR','S3tCRbljJ8sS5cNtIO-0lGXSvpEXYfbTook811SsdyU','2020-11-24 16:25:01',2,1,'','DESKTOP-FRMLHB1',NULL);
/*!40000 ALTER TABLE `tbl_usuario` ENABLE KEYS */;
UNLOCK TABLES;

--
-- Dumping routines for database 'bdcampus'
--
/*!50003 DROP PROCEDURE IF EXISTS `sp_actualizar_alumno` */;
/*!50003 SET @saved_cs_client      = @@character_set_client */ ;
/*!50003 SET @saved_cs_results     = @@character_set_results */ ;
/*!50003 SET @saved_col_connection = @@collation_connection */ ;
/*!50003 SET character_set_client  = utf8 */ ;
/*!50003 SET character_set_results = utf8 */ ;
/*!50003 SET collation_connection  = utf8_general_ci */ ;
/*!50003 SET @saved_sql_mode       = @@sql_mode */ ;
/*!50003 SET sql_mode              = 'NO_ZERO_IN_DATE,NO_ZERO_DATE,NO_ENGINE_SUBSTITUTION' */ ;
DELIMITER ;;
CREATE DEFINER=`root`@`localhost` PROCEDURE `sp_actualizar_alumno`(

 in v_cod_alumno CHAR(10),
 in v_direccion VARCHAR(100),
 in v_movil VARCHAR(30),
 in v_lugar_residencia_actual VARCHAR(100),
 in v_lugar_trabajo VARCHAR(100),
 in v_correo_electronico VARCHAR(40)
)
BEGIN






start transaction;
  INSERT INTO tbl_alumnos (direccion,movil,lugar_residencia_actual,lugar_trabajo,correo_electronico)
  VALUES(UPPER(v_direccion),v_movil,UPPER(v_lugar_residencia_actual),UPPER(v_lugar_trabajo),v_correo_electronico);

commit;
    select 1 as salida;

END ;;
DELIMITER ;
/*!50003 SET sql_mode              = @saved_sql_mode */ ;
/*!50003 SET character_set_client  = @saved_cs_client */ ;
/*!50003 SET character_set_results = @saved_cs_results */ ;
/*!50003 SET collation_connection  = @saved_col_connection */ ;
/*!50003 DROP PROCEDURE IF EXISTS `sp_actualizar_curso` */;
/*!50003 SET @saved_cs_client      = @@character_set_client */ ;
/*!50003 SET @saved_cs_results     = @@character_set_results */ ;
/*!50003 SET @saved_col_connection = @@collation_connection */ ;
/*!50003 SET character_set_client  = utf8 */ ;
/*!50003 SET character_set_results = utf8 */ ;
/*!50003 SET collation_connection  = utf8_general_ci */ ;
/*!50003 SET @saved_sql_mode       = @@sql_mode */ ;
/*!50003 SET sql_mode              = 'NO_ZERO_IN_DATE,NO_ZERO_DATE,NO_ENGINE_SUBSTITUTION' */ ;
DELIMITER ;;
CREATE DEFINER=`root`@`localhost` PROCEDURE `sp_actualizar_curso`(

 in v_cod_curso CHAR(6),
 IN v_nomb_curso VARCHAR(60),
 in v_creditos TINYINT(4),
 in v_observacion VARCHAR(220)
)
BEGIN





start transaction;
INSERT INTO tbl_cursos (cod_curso,nomb_curso,creditos,estado,observacion)
VALUES(upper(v_cod_curso),upper(v_nomb_curso),v_creditos,1,v_observacion);
commit;
select 1 as salida;

END ;;
DELIMITER ;
/*!50003 SET sql_mode              = @saved_sql_mode */ ;
/*!50003 SET character_set_client  = @saved_cs_client */ ;
/*!50003 SET character_set_results = @saved_cs_results */ ;
/*!50003 SET collation_connection  = @saved_col_connection */ ;
/*!50003 DROP PROCEDURE IF EXISTS `sp_actualizar_matricula` */;
/*!50003 SET @saved_cs_client      = @@character_set_client */ ;
/*!50003 SET @saved_cs_results     = @@character_set_results */ ;
/*!50003 SET @saved_col_connection = @@collation_connection */ ;
/*!50003 SET character_set_client  = utf8 */ ;
/*!50003 SET character_set_results = utf8 */ ;
/*!50003 SET collation_connection  = utf8_general_ci */ ;
/*!50003 SET @saved_sql_mode       = @@sql_mode */ ;
/*!50003 SET sql_mode              = 'NO_ZERO_IN_DATE,NO_ZERO_DATE,NO_ENGINE_SUBSTITUTION' */ ;
DELIMITER ;;
CREATE DEFINER=`root`@`localhost` PROCEDURE `sp_actualizar_matricula`(

IN v_cod_alumno CHAR(10),
IN v_semestre CHAR(5),
IN v_banco VARCHAR(50),
IN v_nro_voucher VARCHAR(20),
IN v_fecha_voucher DATETIME,
IN v_usuario_registro VARCHAR(30),
IN v_monto_voucher DECIMAL(10,2)
)
BEGIN





 start transaction;
        INSERT INTO tbl_matricula (cod_alumno,semestre,banco,nro_voucher,fecha_voucher,
                    usuario_registro,monto_voucher)
        VALUES (upper(v_cod_alumno),v_semestre,upper(v_banco),upper(v_nro_voucher),v_fecha_voucher,@@hostname,
                            v_usuario_registro,v_monto_voucher);

        commit;

	     select 1 as salida;

END ;;
DELIMITER ;
/*!50003 SET sql_mode              = @saved_sql_mode */ ;
/*!50003 SET character_set_client  = @saved_cs_client */ ;
/*!50003 SET character_set_results = @saved_cs_results */ ;
/*!50003 SET collation_connection  = @saved_col_connection */ ;
/*!50003 DROP PROCEDURE IF EXISTS `sp_actualizar_profesor` */;
/*!50003 SET @saved_cs_client      = @@character_set_client */ ;
/*!50003 SET @saved_cs_results     = @@character_set_results */ ;
/*!50003 SET @saved_col_connection = @@collation_connection */ ;
/*!50003 SET character_set_client  = utf8 */ ;
/*!50003 SET character_set_results = utf8 */ ;
/*!50003 SET collation_connection  = utf8_general_ci */ ;
/*!50003 SET @saved_sql_mode       = @@sql_mode */ ;
/*!50003 SET sql_mode              = 'NO_ZERO_IN_DATE,NO_ZERO_DATE,NO_ENGINE_SUBSTITUTION' */ ;
DELIMITER ;;
CREATE DEFINER=`root`@`localhost` PROCEDURE `sp_actualizar_profesor`(

IN v_cod_tipo_documento TINYINT(4),
IN v_cod_profesion INTEGER,
IN v_direccion VARCHAR(100),
IN v_fecha_nacimiento DATETIME,
IN v_movil VARCHAR(30),
IN v_ape_paterno VARCHAR(20),
IN v_ape_materno VARCHAR(20),
IN v_nombres VARCHAR(30),
IN v_nro_documento VARCHAR(20),
IN v_sexo binary(1)
)
BEGIN





 start transaction;
        INSERT INTO tbl_profesor (cod_tipo_documento,cod_profesion,direccion,fecha_nacimiento,
        fecha_registro,movil,ape_paterno,ape_materno,nombres,nro_documento,sexo)
        VALUES (v_cod_tipo_documento,upper(v_cod_profesion),upper(v_direccion),v_fecha_nacimiento,
        now(),v_movil,upper(v_ape_paterno),upper(v_ape_materno),upper(v_nombres),v_nro_documento,v_sexo);

        commit;

	     select 1 as salida;

END ;;
DELIMITER ;
/*!50003 SET sql_mode              = @saved_sql_mode */ ;
/*!50003 SET character_set_client  = @saved_cs_client */ ;
/*!50003 SET character_set_results = @saved_cs_results */ ;
/*!50003 SET collation_connection  = @saved_col_connection */ ;
/*!50003 DROP PROCEDURE IF EXISTS `sp_actualizar_programacion` */;
/*!50003 SET @saved_cs_client      = @@character_set_client */ ;
/*!50003 SET @saved_cs_results     = @@character_set_results */ ;
/*!50003 SET @saved_col_connection = @@collation_connection */ ;
/*!50003 SET character_set_client  = utf8 */ ;
/*!50003 SET character_set_results = utf8 */ ;
/*!50003 SET collation_connection  = utf8_general_ci */ ;
/*!50003 SET @saved_sql_mode       = @@sql_mode */ ;
/*!50003 SET sql_mode              = 'NO_ZERO_IN_DATE,NO_ZERO_DATE,NO_ENGINE_SUBSTITUTION' */ ;
DELIMITER ;;
CREATE DEFINER=`root`@`localhost` PROCEDURE `sp_actualizar_programacion`(

IN v_cod_curso CHAR(10),
IN v_cod_profesor CHAR (5),
IN v_cod_mencion CHAR(3),
IN v_seccion CHAR(5),
IN v_aula_referencia CHAR(3),
IN v_semestre CHAR(5),
IN v_ciclo TINYINT(4),
IN v_fecha_inicio DATETIME,
IN v_sede TINYINT(4),
IN v_capacidad TINYINT(4),
IN v_total_horas_dictadas TINYINT(4),
IN v_costo_curso DOUBLE
)
BEGIN





 start transaction;
        INSERT INTO tbl_programacion (cod_curso,cod_profesor,cod_mencion,
        seccion,fecha_registro,aula_referencia,semestre,ciclo,fecha_inicio,sede,capacidad,
        total_horas_dictadas,costo_curso)
        VALUES (upper(v_cod_curso),upper(v_cod_profesor),
        upper(v_cod_mencion),v_seccion, now(),upper(v_aula_referencia),v_semestre,
        v_ciclo,v_fecha_inicio,upper(v_sede),v_capacidad,v_total_horas_dictadas,v_costo_curso);

        commit;

	     select 1 as salida;

END ;;
DELIMITER ;
/*!50003 SET sql_mode              = @saved_sql_mode */ ;
/*!50003 SET character_set_client  = @saved_cs_client */ ;
/*!50003 SET character_set_results = @saved_cs_results */ ;
/*!50003 SET collation_connection  = @saved_col_connection */ ;
/*!50003 DROP PROCEDURE IF EXISTS `sp_buscar_alumno` */;
/*!50003 SET @saved_cs_client      = @@character_set_client */ ;
/*!50003 SET @saved_cs_results     = @@character_set_results */ ;
/*!50003 SET @saved_col_connection = @@collation_connection */ ;
/*!50003 SET character_set_client  = utf8 */ ;
/*!50003 SET character_set_results = utf8 */ ;
/*!50003 SET collation_connection  = utf8_general_ci */ ;
/*!50003 SET @saved_sql_mode       = @@sql_mode */ ;
/*!50003 SET sql_mode              = 'NO_ZERO_IN_DATE,NO_ZERO_DATE,NO_ENGINE_SUBSTITUTION' */ ;
DELIMITER ;;
CREATE DEFINER=`root`@`localhost` PROCEDURE `sp_buscar_alumno`(

IN v_criterio varchar(100)
)
BEGIN



SELECT cod_alumno as v1, nombres as v2,ape_paterno as v3,ape_materno as v4, fecha_registro as v5
FROM tbl_alumnos
where concat(ape_paterno,ape_materno) like concat('%',v_criterio,'%')


;



END ;;
DELIMITER ;
/*!50003 SET sql_mode              = @saved_sql_mode */ ;
/*!50003 SET character_set_client  = @saved_cs_client */ ;
/*!50003 SET character_set_results = @saved_cs_results */ ;
/*!50003 SET collation_connection  = @saved_col_connection */ ;
/*!50003 DROP PROCEDURE IF EXISTS `sp_buscar_alumno_update` */;
/*!50003 SET @saved_cs_client      = @@character_set_client */ ;
/*!50003 SET @saved_cs_results     = @@character_set_results */ ;
/*!50003 SET @saved_col_connection = @@collation_connection */ ;
/*!50003 SET character_set_client  = utf8 */ ;
/*!50003 SET character_set_results = utf8 */ ;
/*!50003 SET collation_connection  = utf8_general_ci */ ;
/*!50003 SET @saved_sql_mode       = @@sql_mode */ ;
/*!50003 SET sql_mode              = 'NO_ZERO_IN_DATE,NO_ZERO_DATE,NO_ENGINE_SUBSTITUTION' */ ;
DELIMITER ;;
CREATE DEFINER=`root`@`localhost` PROCEDURE `sp_buscar_alumno_update`(
in v_codalumno char(10)
)
BEGIN
SELECT direccion as v1, movil  as v2, lugar_residencia_actual  as v3,lugar_trabajo as v4, correo_electronico as v5
FROM tbl_alumnos
where cod_alumno=v_codalumno;
END ;;
DELIMITER ;
/*!50003 SET sql_mode              = @saved_sql_mode */ ;
/*!50003 SET character_set_client  = @saved_cs_client */ ;
/*!50003 SET character_set_results = @saved_cs_results */ ;
/*!50003 SET collation_connection  = @saved_col_connection */ ;
/*!50003 DROP PROCEDURE IF EXISTS `sp_buscar_curso` */;
/*!50003 SET @saved_cs_client      = @@character_set_client */ ;
/*!50003 SET @saved_cs_results     = @@character_set_results */ ;
/*!50003 SET @saved_col_connection = @@collation_connection */ ;
/*!50003 SET character_set_client  = utf8 */ ;
/*!50003 SET character_set_results = utf8 */ ;
/*!50003 SET collation_connection  = utf8_general_ci */ ;
/*!50003 SET @saved_sql_mode       = @@sql_mode */ ;
/*!50003 SET sql_mode              = 'NO_ZERO_IN_DATE,NO_ZERO_DATE,NO_ENGINE_SUBSTITUTION' */ ;
DELIMITER ;;
CREATE DEFINER=`root`@`localhost` PROCEDURE `sp_buscar_curso`(

IN v_criterio varchar(100)
)
BEGIN



SELECT cod_curso as v1, nomb_curso as v2,creditos as v3,observacion as v4
FROM tbl_cursos
where concat(cod_curso,nomb_curso) like concat('%',v_criterio,'%')


;



END ;;
DELIMITER ;
/*!50003 SET sql_mode              = @saved_sql_mode */ ;
/*!50003 SET character_set_client  = @saved_cs_client */ ;
/*!50003 SET character_set_results = @saved_cs_results */ ;
/*!50003 SET collation_connection  = @saved_col_connection */ ;
/*!50003 DROP PROCEDURE IF EXISTS `sp_buscar_curso_update` */;
/*!50003 SET @saved_cs_client      = @@character_set_client */ ;
/*!50003 SET @saved_cs_results     = @@character_set_results */ ;
/*!50003 SET @saved_col_connection = @@collation_connection */ ;
/*!50003 SET character_set_client  = utf8 */ ;
/*!50003 SET character_set_results = utf8 */ ;
/*!50003 SET collation_connection  = utf8_general_ci */ ;
/*!50003 SET @saved_sql_mode       = @@sql_mode */ ;
/*!50003 SET sql_mode              = 'NO_ZERO_IN_DATE,NO_ZERO_DATE,NO_ENGINE_SUBSTITUTION' */ ;
DELIMITER ;;
CREATE DEFINER=`root`@`localhost` PROCEDURE `sp_buscar_curso_update`(

in v_cod_curso char(6)

)
BEGIN

  SELECT nomb_curso as v1, creditos  as v2, observacion as v3
  FROM tbl_cursos
  where cod_curso = v_cod_curso;

END ;;
DELIMITER ;
/*!50003 SET sql_mode              = @saved_sql_mode */ ;
/*!50003 SET character_set_client  = @saved_cs_client */ ;
/*!50003 SET character_set_results = @saved_cs_results */ ;
/*!50003 SET collation_connection  = @saved_col_connection */ ;
/*!50003 DROP PROCEDURE IF EXISTS `sp_buscar_docente` */;
/*!50003 SET @saved_cs_client      = @@character_set_client */ ;
/*!50003 SET @saved_cs_results     = @@character_set_results */ ;
/*!50003 SET @saved_col_connection = @@collation_connection */ ;
/*!50003 SET character_set_client  = utf8 */ ;
/*!50003 SET character_set_results = utf8 */ ;
/*!50003 SET collation_connection  = utf8_general_ci */ ;
/*!50003 SET @saved_sql_mode       = @@sql_mode */ ;
/*!50003 SET sql_mode              = 'NO_ZERO_IN_DATE,NO_ZERO_DATE,NO_ENGINE_SUBSTITUTION' */ ;
DELIMITER ;;
CREATE DEFINER=`root`@`localhost` PROCEDURE `sp_buscar_docente`(

IN v_criterio varchar(50)
)
BEGIN



SELECT nombres as v1, ape_paterno as v2, ape_materno as v3, fecha_registro as v4, correo_electr as v5
FROM tbl_profesor
where concat(ape_paterno,ape_materno) like concat('%',v_criterio,'%')


;



END ;;
DELIMITER ;
/*!50003 SET sql_mode              = @saved_sql_mode */ ;
/*!50003 SET character_set_client  = @saved_cs_client */ ;
/*!50003 SET character_set_results = @saved_cs_results */ ;
/*!50003 SET collation_connection  = @saved_col_connection */ ;
/*!50003 DROP PROCEDURE IF EXISTS `sp_buscar_docente_update` */;
/*!50003 SET @saved_cs_client      = @@character_set_client */ ;
/*!50003 SET @saved_cs_results     = @@character_set_results */ ;
/*!50003 SET @saved_col_connection = @@collation_connection */ ;
/*!50003 SET character_set_client  = utf8 */ ;
/*!50003 SET character_set_results = utf8 */ ;
/*!50003 SET collation_connection  = utf8_general_ci */ ;
/*!50003 SET @saved_sql_mode       = @@sql_mode */ ;
/*!50003 SET sql_mode              = 'NO_ZERO_IN_DATE,NO_ZERO_DATE,NO_ENGINE_SUBSTITUTION' */ ;
DELIMITER ;;
CREATE DEFINER=`root`@`localhost` PROCEDURE `sp_buscar_docente_update`(

in v_codprofesor int(11)

)
BEGIN

  SELECT direccion as v1, movil  as v2, correo_electr as v3
  FROM tbl_profesor
  where cod_profesor = v_codprofesor;

END ;;
DELIMITER ;
/*!50003 SET sql_mode              = @saved_sql_mode */ ;
/*!50003 SET character_set_client  = @saved_cs_client */ ;
/*!50003 SET character_set_results = @saved_cs_results */ ;
/*!50003 SET collation_connection  = @saved_col_connection */ ;
/*!50003 DROP PROCEDURE IF EXISTS `sp_buscar_inscrip_alumnoxcursos` */;
/*!50003 SET @saved_cs_client      = @@character_set_client */ ;
/*!50003 SET @saved_cs_results     = @@character_set_results */ ;
/*!50003 SET @saved_col_connection = @@collation_connection */ ;
/*!50003 SET character_set_client  = utf8 */ ;
/*!50003 SET character_set_results = utf8 */ ;
/*!50003 SET collation_connection  = utf8_general_ci */ ;
/*!50003 SET @saved_sql_mode       = @@sql_mode */ ;
/*!50003 SET sql_mode              = 'NO_ZERO_IN_DATE,NO_ZERO_DATE,NO_ENGINE_SUBSTITUTION' */ ;
DELIMITER ;;
CREATE DEFINER=`root`@`localhost` PROCEDURE `sp_buscar_inscrip_alumnoxcursos`(

IN v_criterioP varchar(100),
IN v_criterioM varchar(100),
IN v_criterioS varchar(20),
IN v_criterioC varchar(100)
)
BEGIN



SELECT nombres as v1, ape_paterno as v2, ape_materno as v3, fecha_registro as v4, correo_electr as v5
FROM tbl_inscripcion_curso
where concat(ape_paterno,ape_materno) like concat('%',v_criterioP,'%')


;



END ;;
DELIMITER ;
/*!50003 SET sql_mode              = @saved_sql_mode */ ;
/*!50003 SET character_set_client  = @saved_cs_client */ ;
/*!50003 SET character_set_results = @saved_cs_results */ ;
/*!50003 SET collation_connection  = @saved_col_connection */ ;
/*!50003 DROP PROCEDURE IF EXISTS `sp_buscar_inscrip_cursosxalumno` */;
/*!50003 SET @saved_cs_client      = @@character_set_client */ ;
/*!50003 SET @saved_cs_results     = @@character_set_results */ ;
/*!50003 SET @saved_col_connection = @@collation_connection */ ;
/*!50003 SET character_set_client  = utf8 */ ;
/*!50003 SET character_set_results = utf8 */ ;
/*!50003 SET collation_connection  = utf8_general_ci */ ;
/*!50003 SET @saved_sql_mode       = @@sql_mode */ ;
/*!50003 SET sql_mode              = 'NO_ZERO_IN_DATE,NO_ZERO_DATE,NO_ENGINE_SUBSTITUTION' */ ;
DELIMITER ;;
CREATE DEFINER=`root`@`localhost` PROCEDURE `sp_buscar_inscrip_cursosxalumno`(

IN v_criterioP varchar(100),
IN v_criterioM varchar(100),
IN v_criterioS varchar(20),
IN v_criterioA varchar(100)
)
BEGIN



SELECT cod_programacion as v1, fecha_inscripcion as v2
FROM tbl_inscripcion_curso



;



END ;;
DELIMITER ;
/*!50003 SET sql_mode              = @saved_sql_mode */ ;
/*!50003 SET character_set_client  = @saved_cs_client */ ;
/*!50003 SET character_set_results = @saved_cs_results */ ;
/*!50003 SET collation_connection  = @saved_col_connection */ ;
/*!50003 DROP PROCEDURE IF EXISTS `sp_buscar_matricula` */;
/*!50003 SET @saved_cs_client      = @@character_set_client */ ;
/*!50003 SET @saved_cs_results     = @@character_set_results */ ;
/*!50003 SET @saved_col_connection = @@collation_connection */ ;
/*!50003 SET character_set_client  = utf8 */ ;
/*!50003 SET character_set_results = utf8 */ ;
/*!50003 SET collation_connection  = utf8_general_ci */ ;
/*!50003 SET @saved_sql_mode       = @@sql_mode */ ;
/*!50003 SET sql_mode              = 'NO_ZERO_IN_DATE,NO_ZERO_DATE,NO_ENGINE_SUBSTITUTION' */ ;
DELIMITER ;;
CREATE DEFINER=`root`@`localhost` PROCEDURE `sp_buscar_matricula`(

IN v_criterioA varchar(10),
IN v_criterioS varchar(5)
)
BEGIN



SELECT cod_alumno as v1, semestre as v2
FROM tbl_matricula
where concat(cod_alumno,semestre) like concat('%',v_criterioA,'%')


;



END ;;
DELIMITER ;
/*!50003 SET sql_mode              = @saved_sql_mode */ ;
/*!50003 SET character_set_client  = @saved_cs_client */ ;
/*!50003 SET character_set_results = @saved_cs_results */ ;
/*!50003 SET collation_connection  = @saved_col_connection */ ;
/*!50003 DROP PROCEDURE IF EXISTS `sp_buscar_matricula_update` */;
/*!50003 SET @saved_cs_client      = @@character_set_client */ ;
/*!50003 SET @saved_cs_results     = @@character_set_results */ ;
/*!50003 SET @saved_col_connection = @@collation_connection */ ;
/*!50003 SET character_set_client  = utf8 */ ;
/*!50003 SET character_set_results = utf8 */ ;
/*!50003 SET collation_connection  = utf8_general_ci */ ;
/*!50003 SET @saved_sql_mode       = @@sql_mode */ ;
/*!50003 SET sql_mode              = 'NO_ZERO_IN_DATE,NO_ZERO_DATE,NO_ENGINE_SUBSTITUTION' */ ;
DELIMITER ;;
CREATE DEFINER=`root`@`localhost` PROCEDURE `sp_buscar_matricula_update`(

in v_cod_alumno char(10)

)
BEGIN

  SELECT banco as v1, nro_voucher  as v2, fecha_voucher as v3, monto_voucher as v4
  FROM tbl_matricula
  where cod_alumno = v_cod_alumno;

END ;;
DELIMITER ;
/*!50003 SET sql_mode              = @saved_sql_mode */ ;
/*!50003 SET character_set_client  = @saved_cs_client */ ;
/*!50003 SET character_set_results = @saved_cs_results */ ;
/*!50003 SET collation_connection  = @saved_col_connection */ ;
/*!50003 DROP PROCEDURE IF EXISTS `sp_buscar_notas` */;
/*!50003 SET @saved_cs_client      = @@character_set_client */ ;
/*!50003 SET @saved_cs_results     = @@character_set_results */ ;
/*!50003 SET @saved_col_connection = @@collation_connection */ ;
/*!50003 SET character_set_client  = utf8 */ ;
/*!50003 SET character_set_results = utf8 */ ;
/*!50003 SET collation_connection  = utf8_general_ci */ ;
/*!50003 SET @saved_sql_mode       = @@sql_mode */ ;
/*!50003 SET sql_mode              = 'NO_ZERO_IN_DATE,NO_ZERO_DATE,NO_ENGINE_SUBSTITUTION' */ ;
DELIMITER ;;
CREATE DEFINER=`root`@`localhost` PROCEDURE `sp_buscar_notas`(

IN v_criterioP varchar(100),
IN v_criterioM varchar(100),
IN v_criterioS varchar(20),
IN v_criterioC varchar(100)
)
BEGIN



SELECT nota_final as v1, ape_paterno as v2, ape_materno as v3, fecha_registro as v4, correo_electr as v5
FROM tbl_detalle_acta



;



END ;;
DELIMITER ;
/*!50003 SET sql_mode              = @saved_sql_mode */ ;
/*!50003 SET character_set_client  = @saved_cs_client */ ;
/*!50003 SET character_set_results = @saved_cs_results */ ;
/*!50003 SET collation_connection  = @saved_col_connection */ ;
/*!50003 DROP PROCEDURE IF EXISTS `sp_buscar_plan` */;
/*!50003 SET @saved_cs_client      = @@character_set_client */ ;
/*!50003 SET @saved_cs_results     = @@character_set_results */ ;
/*!50003 SET @saved_col_connection = @@collation_connection */ ;
/*!50003 SET character_set_client  = utf8 */ ;
/*!50003 SET character_set_results = utf8 */ ;
/*!50003 SET collation_connection  = utf8_general_ci */ ;
/*!50003 SET @saved_sql_mode       = @@sql_mode */ ;
/*!50003 SET sql_mode              = 'NO_ZERO_IN_DATE,NO_ZERO_DATE,NO_ENGINE_SUBSTITUTION' */ ;
DELIMITER ;;
CREATE DEFINER=`root`@`localhost` PROCEDURE `sp_buscar_plan`(

IN v_criterioP varchar(100),
IN v_criterioM varchar(100)
)
BEGIN



SELECT descripcion as v1, semestre_inicio_vigencia as v2, semestre_fin_vigencia as v3
FROM tbl_plan_estudios



;



END ;;
DELIMITER ;
/*!50003 SET sql_mode              = @saved_sql_mode */ ;
/*!50003 SET character_set_client  = @saved_cs_client */ ;
/*!50003 SET character_set_results = @saved_cs_results */ ;
/*!50003 SET collation_connection  = @saved_col_connection */ ;
/*!50003 DROP PROCEDURE IF EXISTS `sp_buscar_programacion` */;
/*!50003 SET @saved_cs_client      = @@character_set_client */ ;
/*!50003 SET @saved_cs_results     = @@character_set_results */ ;
/*!50003 SET @saved_col_connection = @@collation_connection */ ;
/*!50003 SET character_set_client  = utf8 */ ;
/*!50003 SET character_set_results = utf8 */ ;
/*!50003 SET collation_connection  = utf8_general_ci */ ;
/*!50003 SET @saved_sql_mode       = @@sql_mode */ ;
/*!50003 SET sql_mode              = 'NO_ZERO_IN_DATE,NO_ZERO_DATE,NO_ENGINE_SUBSTITUTION' */ ;
DELIMITER ;;
CREATE DEFINER=`root`@`localhost` PROCEDURE `sp_buscar_programacion`(

IN v_criterioS varchar(6),
IN v_criterioP varchar(100),
IN v_criterioM varchar(100)
)
BEGIN



SELECT cod_curso as v1, cod_profesor as v2
FROM tbl_programacion



;



END ;;
DELIMITER ;
/*!50003 SET sql_mode              = @saved_sql_mode */ ;
/*!50003 SET character_set_client  = @saved_cs_client */ ;
/*!50003 SET character_set_results = @saved_cs_results */ ;
/*!50003 SET collation_connection  = @saved_col_connection */ ;
/*!50003 DROP PROCEDURE IF EXISTS `sp_buscar_usuario_updateinfo` */;
/*!50003 SET @saved_cs_client      = @@character_set_client */ ;
/*!50003 SET @saved_cs_results     = @@character_set_results */ ;
/*!50003 SET @saved_col_connection = @@collation_connection */ ;
/*!50003 SET character_set_client  = utf8 */ ;
/*!50003 SET character_set_results = utf8 */ ;
/*!50003 SET collation_connection  = utf8_general_ci */ ;
/*!50003 SET @saved_sql_mode       = @@sql_mode */ ;
/*!50003 SET sql_mode              = 'NO_ZERO_IN_DATE,NO_ZERO_DATE,NO_ENGINE_SUBSTITUTION' */ ;
DELIMITER ;;
CREATE DEFINER=`root`@`localhost` PROCEDURE `sp_buscar_usuario_updateinfo`(

in v_cod_usuario char(10)

)
BEGIN

  SELECT cod_usuario as v1, nom_usuario  as v2, cod_tipo_usuario as v3, descripcion as v4
  FROM tbl_usuario
  where cod_usuario = v_cod_usuario;

END ;;
DELIMITER ;
/*!50003 SET sql_mode              = @saved_sql_mode */ ;
/*!50003 SET character_set_client  = @saved_cs_client */ ;
/*!50003 SET character_set_results = @saved_cs_results */ ;
/*!50003 SET collation_connection  = @saved_col_connection */ ;
/*!50003 DROP PROCEDURE IF EXISTS `sp_habil_inhab_usuario` */;
/*!50003 SET @saved_cs_client      = @@character_set_client */ ;
/*!50003 SET @saved_cs_results     = @@character_set_results */ ;
/*!50003 SET @saved_col_connection = @@collation_connection */ ;
/*!50003 SET character_set_client  = utf8 */ ;
/*!50003 SET character_set_results = utf8 */ ;
/*!50003 SET collation_connection  = utf8_general_ci */ ;
/*!50003 SET @saved_sql_mode       = @@sql_mode */ ;
/*!50003 SET sql_mode              = 'NO_ZERO_IN_DATE,NO_ZERO_DATE,NO_ENGINE_SUBSTITUTION' */ ;
DELIMITER ;;
CREATE DEFINER=`root`@`localhost` PROCEDURE `sp_habil_inhab_usuario`(

IN v_nom_usuario VARCHAR(40),
IN v_estado VARCHAR(40)
)
BEGIN

 start transaction;
        INSERT INTO tbl_usuario (nom_usuario,estado)
        VALUES(v_nom_usuario,v_estado);
        commit;

	     select 1 as salida;

END ;;
DELIMITER ;
/*!50003 SET sql_mode              = @saved_sql_mode */ ;
/*!50003 SET character_set_client  = @saved_cs_client */ ;
/*!50003 SET character_set_results = @saved_cs_results */ ;
/*!50003 SET collation_connection  = @saved_col_connection */ ;
/*!50003 DROP PROCEDURE IF EXISTS `sp_insertar_acta` */;
/*!50003 SET @saved_cs_client      = @@character_set_client */ ;
/*!50003 SET @saved_cs_results     = @@character_set_results */ ;
/*!50003 SET @saved_col_connection = @@collation_connection */ ;
/*!50003 SET character_set_client  = utf8 */ ;
/*!50003 SET character_set_results = utf8 */ ;
/*!50003 SET collation_connection  = utf8_general_ci */ ;
/*!50003 SET @saved_sql_mode       = @@sql_mode */ ;
/*!50003 SET sql_mode              = 'NO_ZERO_IN_DATE,NO_ZERO_DATE,NO_ENGINE_SUBSTITUTION' */ ;
DELIMITER ;;
CREATE DEFINER=`root`@`localhost` PROCEDURE `sp_insertar_acta`(
in v_cod_mencion CHAR(3),
in v_cod_curso CHAR(6),
in v_cod_profesor int,
in v_cod_programacion int,
IN v_seccion varchar(6),
in v_nro_acta VARCHAR(5),
IN v_nro_rubros TINYINT(4)
)
BEGIN
 start transaction;
        INSERT INTO tbl_acta (
        cod_mencion,cod_curso,cod_profesor,cod_programacion,
        seccion,nro_acta,fecha_registro,nro_rubros)
        VALUES (v_cod_mencion,upper(v_cod_curso),v_cod_profesor,
        v_cod_programacion,v_seccion,upper(v_nro_acta),
        now(),v_nro_rubros);

        commit;

	     select 1 as salida;

END ;;
DELIMITER ;
/*!50003 SET sql_mode              = @saved_sql_mode */ ;
/*!50003 SET character_set_client  = @saved_cs_client */ ;
/*!50003 SET character_set_results = @saved_cs_results */ ;
/*!50003 SET collation_connection  = @saved_col_connection */ ;
/*!50003 DROP PROCEDURE IF EXISTS `sp_insertar_alumno` */;
/*!50003 SET @saved_cs_client      = @@character_set_client */ ;
/*!50003 SET @saved_cs_results     = @@character_set_results */ ;
/*!50003 SET @saved_col_connection = @@collation_connection */ ;
/*!50003 SET character_set_client  = utf8 */ ;
/*!50003 SET character_set_results = utf8 */ ;
/*!50003 SET collation_connection  = utf8_general_ci */ ;
/*!50003 SET @saved_sql_mode       = @@sql_mode */ ;
/*!50003 SET sql_mode              = 'NO_ZERO_IN_DATE,NO_ZERO_DATE,NO_ENGINE_SUBSTITUTION' */ ;
DELIMITER ;;
CREATE DEFINER=`root`@`localhost` PROCEDURE `sp_insertar_alumno`(

 in v_cod_alumno CHAR(10),
 in v_promocion CHAR(6),
 in v_cod_tipo_documento  TINYINT(4),
 in v_num_documento VARCHAR(20),
 in v_nombres VARCHAR(40),
 in v_ape_paterno VARCHAR(30),
 in v_ape_materno VARCHAR(30),
 in v_sexo binary(1),
 in v_cod_univ_procedencia INT(11),
 in v_direccion VARCHAR(100),
 in v_movil VARCHAR(30),
 in v_correo_electronico VARCHAR(40),
 in v_fecha_nacimiento date,
 in v_lugar_residencia_actual VARCHAR(100),
 in v_lugar_trabajo VARCHAR(100),
 in v_cod_profesion INT(11),
 in v_cod_plan_estudios CHAR(6),
 in v_cod_mencion CHAR(3),
 in v_cod_sede TINYINT(4),
 in v_num_cuenta_banco VARCHAR(40),
 in v_redes_sociales VARCHAR(50),
 in v_creditos_convalidados TINYINT(4),
 in v_creditos_acumulados TINYINT(4)
)
BEGIN
start transaction;
INSERT INTO tbl_alumnos (cod_alumno,promocion,cod_tipo_documento,cod_profesion,cod_univ_procedencia,cod_plan_estudios,cod_mencion,
cod_sede,nombres,ape_paterno,ape_materno,sexo,direccion,movil,fecha_registro,estado,num_documento,
correo_electronico,fecha_nacimiento,lugar_residencia_actual,num_cuenta_banco,redes_sociales,lugar_trabajo,creditos_convalidados,creditos_acumulados)

VALUES(v_cod_alumno,v_promocion,v_cod_tipo_documento,v_cod_profesion,v_cod_univ_procedencia,v_cod_plan_estudios,v_cod_mencion,
v_cod_sede,UPPER(v_nombres),UPPER(v_ape_paterno),UPPER(v_ape_materno),v_sexo,UPPER(v_direccion),v_movil,now(),1,v_num_documento,
v_correo_electronico,v_fecha_nacimiento,UPPER(v_lugar_residencia_actual),v_num_cuenta_banco,v_redes_sociales,
UPPER(v_lugar_trabajo),v_creditos_convalidados,v_creditos_acumulados);
commit;

select 1 as salida;

END ;;
DELIMITER ;
/*!50003 SET sql_mode              = @saved_sql_mode */ ;
/*!50003 SET character_set_client  = @saved_cs_client */ ;
/*!50003 SET character_set_results = @saved_cs_results */ ;
/*!50003 SET collation_connection  = @saved_col_connection */ ;
/*!50003 DROP PROCEDURE IF EXISTS `sp_insertar_beca` */;
/*!50003 SET @saved_cs_client      = @@character_set_client */ ;
/*!50003 SET @saved_cs_results     = @@character_set_results */ ;
/*!50003 SET @saved_col_connection = @@collation_connection */ ;
/*!50003 SET character_set_client  = utf8 */ ;
/*!50003 SET character_set_results = utf8 */ ;
/*!50003 SET collation_connection  = utf8_general_ci */ ;
/*!50003 SET @saved_sql_mode       = @@sql_mode */ ;
/*!50003 SET sql_mode              = 'NO_ZERO_IN_DATE,NO_ZERO_DATE,NO_ENGINE_SUBSTITUTION' */ ;
DELIMITER ;;
CREATE DEFINER=`root`@`localhost` PROCEDURE `sp_insertar_beca`(
IN v_cod_alumno CHAR(10),
IN v_semestre CHAR(5),
IN v_nro_resolucion_rectorial VARCHAR(100),
IN v_comentario VARCHAR(100)
)
BEGIN
 start transaction;
        INSERT INTO tbl_beca (cod_alumno,semestre,nro_resolucion_rectorial,comentario,nombre_pc)
        VALUES(v_cod_alumno,v_semestre,upper(v_nro_resolucion_rectorial),upper(v_comentario),@@hostname);
        commit;

	     select 1 as salida;

END ;;
DELIMITER ;
/*!50003 SET sql_mode              = @saved_sql_mode */ ;
/*!50003 SET character_set_client  = @saved_cs_client */ ;
/*!50003 SET character_set_results = @saved_cs_results */ ;
/*!50003 SET collation_connection  = @saved_col_connection */ ;
/*!50003 DROP PROCEDURE IF EXISTS `sp_insertar_clave_nueva` */;
/*!50003 SET @saved_cs_client      = @@character_set_client */ ;
/*!50003 SET @saved_cs_results     = @@character_set_results */ ;
/*!50003 SET @saved_col_connection = @@collation_connection */ ;
/*!50003 SET character_set_client  = utf8 */ ;
/*!50003 SET character_set_results = utf8 */ ;
/*!50003 SET collation_connection  = utf8_general_ci */ ;
/*!50003 SET @saved_sql_mode       = @@sql_mode */ ;
/*!50003 SET sql_mode              = 'NO_AUTO_VALUE_ON_ZERO' */ ;
DELIMITER ;;
CREATE DEFINER=`root`@`localhost` PROCEDURE `sp_insertar_clave_nueva`(

IN v_clave_antigua VARCHAR(300),
IN v_clave VARCHAR(300),
IN v_Usuario VARCHAR(300)
)
BEGIN

declare cant int;
set cant =(select count(*) from tbl_usuario WHERE nom_usuario =v_Usuario and  clave=v_clave_antigua);
		
        if cant!=0 then
			start transaction;
		
		UPDATE tbl_usuario
		SET
        clave=v_clave,
        clave_antigua=v_clave_antigua,
        usuario_registro=@@hostname
        WHERE nom_usuario =v_Usuario and  clave=v_clave_antigua;
        
      
        
        commit;

	     select 1 as salida;
         else 
        select 2 as salida;
end if;
END ;;
DELIMITER ;
/*!50003 SET sql_mode              = @saved_sql_mode */ ;
/*!50003 SET character_set_client  = @saved_cs_client */ ;
/*!50003 SET character_set_results = @saved_cs_results */ ;
/*!50003 SET collation_connection  = @saved_col_connection */ ;
/*!50003 DROP PROCEDURE IF EXISTS `sp_insertar_convalidaciones` */;
/*!50003 SET @saved_cs_client      = @@character_set_client */ ;
/*!50003 SET @saved_cs_results     = @@character_set_results */ ;
/*!50003 SET @saved_col_connection = @@collation_connection */ ;
/*!50003 SET character_set_client  = utf8 */ ;
/*!50003 SET character_set_results = utf8 */ ;
/*!50003 SET collation_connection  = utf8_general_ci */ ;
/*!50003 SET @saved_sql_mode       = @@sql_mode */ ;
/*!50003 SET sql_mode              = 'NO_ZERO_IN_DATE,NO_ZERO_DATE,NO_ENGINE_SUBSTITUTION' */ ;
DELIMITER ;;
CREATE DEFINER=`root`@`localhost` PROCEDURE `sp_insertar_convalidaciones`(
IN v_cod_curso CHAR(6),
IN v_cod_alumno CHAR(10),
IN v_nro_resolucion VARCHAR(100),
IN v_creditos TINYINT(4),
IN v_nota VARCHAR(2),
IN v_observaciones VARCHAR(100),
IN v_usuario_registro VARCHAR(30)
)
BEGIN
 start transaction;
        INSERT INTO tbl_convalidaciones (cod_curso, cod_alumno,nro_resolucion,creditos,nota,observaciones,fecha_registro,
        usuario_registro,nombre_pc)
        VALUES(upper(v_cod_curso), v_cod_alumno,upper(v_nro_resolucion),v_creditos,v_nota,upper(v_observaciones),now(),
        v_usuario_registro,@@hostname);
        commit;

	     select 1 as salida;

END ;;
DELIMITER ;
/*!50003 SET sql_mode              = @saved_sql_mode */ ;
/*!50003 SET character_set_client  = @saved_cs_client */ ;
/*!50003 SET character_set_results = @saved_cs_results */ ;
/*!50003 SET collation_connection  = @saved_col_connection */ ;
/*!50003 DROP PROCEDURE IF EXISTS `sp_insertar_curso` */;
/*!50003 SET @saved_cs_client      = @@character_set_client */ ;
/*!50003 SET @saved_cs_results     = @@character_set_results */ ;
/*!50003 SET @saved_col_connection = @@collation_connection */ ;
/*!50003 SET character_set_client  = utf8 */ ;
/*!50003 SET character_set_results = utf8 */ ;
/*!50003 SET collation_connection  = utf8_general_ci */ ;
/*!50003 SET @saved_sql_mode       = @@sql_mode */ ;
/*!50003 SET sql_mode              = 'NO_ZERO_IN_DATE,NO_ZERO_DATE,NO_ENGINE_SUBSTITUTION' */ ;
DELIMITER ;;
CREATE DEFINER=`root`@`localhost` PROCEDURE `sp_insertar_curso`(

 in v_cod_curso CHAR(6),
 IN v_nomb_curso VARCHAR(60),
 in v_creditos TINYINT(4),
 in v_cod_tipo_postg CHAR(2),
 in v_observacion VARCHAR(220)
)
BEGIN
start transaction;
INSERT INTO tbl_cursos (cod_curso,nomb_curso,creditos,cod_tipo_postg,observacion,estado)
VALUES(upper(v_cod_curso),upper(v_nomb_curso),v_creditos,v_cod_tipo_postg,v_observacion,1);
commit;
select 1 as salida;

END ;;
DELIMITER ;
/*!50003 SET sql_mode              = @saved_sql_mode */ ;
/*!50003 SET character_set_client  = @saved_cs_client */ ;
/*!50003 SET character_set_results = @saved_cs_results */ ;
/*!50003 SET collation_connection  = @saved_col_connection */ ;
/*!50003 DROP PROCEDURE IF EXISTS `sp_insertar_detalle_plan` */;
/*!50003 SET @saved_cs_client      = @@character_set_client */ ;
/*!50003 SET @saved_cs_results     = @@character_set_results */ ;
/*!50003 SET @saved_col_connection = @@collation_connection */ ;
/*!50003 SET character_set_client  = utf8 */ ;
/*!50003 SET character_set_results = utf8 */ ;
/*!50003 SET collation_connection  = utf8_general_ci */ ;
/*!50003 SET @saved_sql_mode       = @@sql_mode */ ;
/*!50003 SET sql_mode              = 'NO_ZERO_IN_DATE,NO_ZERO_DATE,NO_ENGINE_SUBSTITUTION' */ ;
DELIMITER ;;
CREATE DEFINER=`root`@`localhost` PROCEDURE `sp_insertar_detalle_plan`(
 in v_cod_plan_estudios INT(11),
 IN v_cod_curso CHAR(6),
 IN v_tipo_curso CHAR(1),
 in v_horas_dictadas int,
 in v_creditos TINYINT(4),
 in v_ciclo TINYINT(4)

)
BEGIN

declare v_1 int;
declare v_2 int;
declare v_3 int;

start transaction;

INSERT INTO tbl_detalle_plan_estudios (cod_plan_estudios,cod_curso,
tipo_curso,horas_dictadas,creditos,ciclo,estado)
VALUES(v_cod_plan_estudios,upper(v_cod_curso),
upper(v_tipo_curso),v_horas_dictadas,v_creditos,v_ciclo,1);
commit;




select 1 as salida;




END ;;
DELIMITER ;
/*!50003 SET sql_mode              = @saved_sql_mode */ ;
/*!50003 SET character_set_client  = @saved_cs_client */ ;
/*!50003 SET character_set_results = @saved_cs_results */ ;
/*!50003 SET collation_connection  = @saved_col_connection */ ;
/*!50003 DROP PROCEDURE IF EXISTS `sp_insertar_historial` */;
/*!50003 SET @saved_cs_client      = @@character_set_client */ ;
/*!50003 SET @saved_cs_results     = @@character_set_results */ ;
/*!50003 SET @saved_col_connection = @@collation_connection */ ;
/*!50003 SET character_set_client  = utf8 */ ;
/*!50003 SET character_set_results = utf8 */ ;
/*!50003 SET collation_connection  = utf8_general_ci */ ;
/*!50003 SET @saved_sql_mode       = @@sql_mode */ ;
/*!50003 SET sql_mode              = 'NO_ZERO_IN_DATE,NO_ZERO_DATE,NO_ENGINE_SUBSTITUTION' */ ;
DELIMITER ;;
CREATE DEFINER=`root`@`localhost` PROCEDURE `sp_insertar_historial`(
in v_cod_curso CHAR(6),
in v_cod_alumno char(10),
in v_cod_acta int,
IN v_semestre CHAR(5),
IN v_creditos TINYINT(4),
IN v_nota DECIMAL,
IN v_usuario_registro VARCHAR(30),
IN v_observacion VARCHAR(130)
)
BEGIN
 start transaction;
        INSERT INTO tbl_historial (cod_curso,cod_alumno,cod_acta,semestre,creditos,nota,fecha_registro,nombre_pc,
        usuario_registro,observacion)
        VALUES (upper(v_cod_curso),v_cod_alumno,v_cod_acta,v_semestre,v_creditos,v_nota, now(),@@hostname,
        upper(v_usuario_registro),upper(v_observacion));

        commit;

	     select 1 as salida;

END ;;
DELIMITER ;
/*!50003 SET sql_mode              = @saved_sql_mode */ ;
/*!50003 SET character_set_client  = @saved_cs_client */ ;
/*!50003 SET character_set_results = @saved_cs_results */ ;
/*!50003 SET collation_connection  = @saved_col_connection */ ;
/*!50003 DROP PROCEDURE IF EXISTS `sp_insertar_inscripcion_curso` */;
/*!50003 SET @saved_cs_client      = @@character_set_client */ ;
/*!50003 SET @saved_cs_results     = @@character_set_results */ ;
/*!50003 SET @saved_col_connection = @@collation_connection */ ;
/*!50003 SET character_set_client  = utf8 */ ;
/*!50003 SET character_set_results = utf8 */ ;
/*!50003 SET collation_connection  = utf8_general_ci */ ;
/*!50003 SET @saved_sql_mode       = @@sql_mode */ ;
/*!50003 SET sql_mode              = 'NO_ZERO_IN_DATE,NO_ZERO_DATE,NO_ENGINE_SUBSTITUTION' */ ;
DELIMITER ;;
CREATE DEFINER=`root`@`localhost` PROCEDURE `sp_insertar_inscripcion_curso`(

in v_cod_programacion INT(11),
in v_cod_matricula INT(11),
in v_usuario VARCHAR(45)

)
BEGIN
 start transaction;
        INSERT INTO tbl_inscripcion_curso (cod_programacion,fecha_inscripcion,fecha_registro,nombre_PC,usuario_registro,cod_matricula)
        VALUES (v_cod_programacion,now(),now(),@@hostname,v_usuario,v_cod_matricula);

        commit;

	     select 1 as salida;

END ;;
DELIMITER ;
/*!50003 SET sql_mode              = @saved_sql_mode */ ;
/*!50003 SET character_set_client  = @saved_cs_client */ ;
/*!50003 SET character_set_results = @saved_cs_results */ ;
/*!50003 SET collation_connection  = @saved_col_connection */ ;
/*!50003 DROP PROCEDURE IF EXISTS `sp_insertar_matricula` */;
/*!50003 SET @saved_cs_client      = @@character_set_client */ ;
/*!50003 SET @saved_cs_results     = @@character_set_results */ ;
/*!50003 SET @saved_col_connection = @@collation_connection */ ;
/*!50003 SET character_set_client  = utf8 */ ;
/*!50003 SET character_set_results = utf8 */ ;
/*!50003 SET collation_connection  = utf8_general_ci */ ;
/*!50003 SET @saved_sql_mode       = @@sql_mode */ ;
/*!50003 SET sql_mode              = 'NO_ZERO_IN_DATE,NO_ZERO_DATE,NO_ENGINE_SUBSTITUTION' */ ;
DELIMITER ;;
CREATE DEFINER=`root`@`localhost` PROCEDURE `sp_insertar_matricula`(

IN v_cod_alumno CHAR(10),
IN v_semestre CHAR(5),
IN v_banco VARCHAR(50),
IN v_nro_voucher VARCHAR(20),
IN v_fecha_voucher DATETIME,
IN v_usuario_registro VARCHAR(30),
IN v_monto_voucher DECIMAL(10,2)
)
BEGIN
 start transaction;
        INSERT INTO tbl_matricula (cod_alumno,semestre,banco,nro_voucher,fecha_voucher,fecha_registro,
                    usuario_registro,monto_voucher)
        VALUES (v_cod_alumno,v_semestre,upper(v_banco),upper(v_nro_voucher),v_fecha_voucher,now(),@@hostname,
                            v_monto_voucher);

        commit;

	     select 1 as salida;

END ;;
DELIMITER ;
/*!50003 SET sql_mode              = @saved_sql_mode */ ;
/*!50003 SET character_set_client  = @saved_cs_client */ ;
/*!50003 SET character_set_results = @saved_cs_results */ ;
/*!50003 SET collation_connection  = @saved_col_connection */ ;
/*!50003 DROP PROCEDURE IF EXISTS `sp_insertar_detalle_acta` */;
/*!50003 SET @saved_cs_client      = @@character_set_client */ ;
/*!50003 SET @saved_cs_results     = @@character_set_results */ ;
/*!50003 SET @saved_col_connection = @@collation_connection */ ;
/*!50003 SET character_set_client  = utf8 */ ;
/*!50003 SET character_set_results = utf8 */ ;
/*!50003 SET collation_connection  = utf8_general_ci */ ;
/*!50003 SET @saved_sql_mode       = @@sql_mode */ ;
/*!50003 SET sql_mode              = 'NO_ZERO_IN_DATE,NO_ZERO_DATE,NO_ENGINE_SUBSTITUTION' */ ;
DELIMITER ;;
CREATE DEFINER=`root`@`localhost` PROCEDURE `sp_insertar_detalle_acta`(
IN v_id_acta INTEGER,
in v_cod_alumno  CHAR(10),
in v_cod_rub_act1 int,
in v_nota01 double,
in v_cod_rub_act2 int,
in v_nota02 double,
in v_cod_rub_act3 int,
in v_nota03 double,
in v_cod_rub_act4 int,
in v_nota04 double,
in v_cod_rub_act5 int,
in v_nota05 double,
in v_cod_rub_act6 int,
in v_nota06 double,
in v_cod_rub_act7 int,
in v_nota07 double,
in v_cod_rub_act8 int,
in v_nota08 double,
in v_cod_rub_act9 int,
in v_nota09 double,
in v_cod_rub_act10 int,
in v_nota10 double,
IN v_nota_final INTEGER,
IN v_usuario_registro VARCHAR(30)
)
BEGIN
 start transaction;
        INSERT INTO tbl_detalle_acta (id_acta,cod_alumno,
        cod_rub_act1,nota01,
        cod_rub_act2,nota02,
        cod_rub_act3,nota03,
        cod_rub_act4,nota04,
        cod_rub_act5,nota05,
        cod_rub_act6,nota06,
        cod_rub_act7,nota07,
        cod_rub_act8,nota08,
        cod_rub_act9,nota09,
        cod_rub_act10,nota10,

        nota_final,nombre_pc,fecha_registro,
        usuario_registro)
        VALUES (v_id_acta,v_cod_alumno,
        v_cod_rub_act1,v_nota01,
        v_cod_rub_act2,v_nota02,
        v_cod_rub_act3,v_nota03,
        v_cod_rub_act4,v_nota04,
        v_cod_rub_act5,v_nota05,
        v_cod_rub_act6,v_nota06,
        v_cod_rub_act7,v_nota07,
        v_cod_rub_act8,v_nota08,
        v_cod_rub_act9,v_nota09,
        v_cod_rub_act10,v_nota10,
        v_nota_final,@@hostname,now(),
        upper(v_usuario_registro));

        commit;

	     select 1 as salida;

END ;;
DELIMITER ;
/*!50003 SET sql_mode              = @saved_sql_mode */ ;
/*!50003 SET character_set_client  = @saved_cs_client */ ;
/*!50003 SET character_set_results = @saved_cs_results */ ;
/*!50003 SET collation_connection  = @saved_col_connection */ ;
/*!50003 DROP PROCEDURE IF EXISTS `sp_insertar_mencion` */;
/*!50003 SET @saved_cs_client      = @@character_set_client */ ;
/*!50003 SET @saved_cs_results     = @@character_set_results */ ;
/*!50003 SET @saved_col_connection = @@collation_connection */ ;
/*!50003 SET character_set_client  = utf8 */ ;
/*!50003 SET character_set_results = utf8 */ ;
/*!50003 SET collation_connection  = utf8_general_ci */ ;
/*!50003 SET @saved_sql_mode       = @@sql_mode */ ;
/*!50003 SET sql_mode              = 'NO_ZERO_IN_DATE,NO_ZERO_DATE,NO_ENGINE_SUBSTITUTION' */ ;
DELIMITER ;;
CREATE DEFINER=`root`@`localhost` PROCEDURE `sp_insertar_mencion`(
 in v_cod_mencion CHAR(3),
 in v_cod_programa CHAR(2),
 in v_grado_academico VARCHAR(100),
 in v_estado char(1),
 in v_nombre VARCHAR(100),
 in v_estmencion TINYINT(4)
)
BEGIN
start transaction;
INSERT INTO tbl_mencion (cod_mencion,cod_programa,grado_academico,estado,nombre,estmencion)
VALUES(v_cod_mencion,v_cod_programa,upper(v_grado_academico),upper(v_estado),upper(v_nombre),v_estmencion);
commit;
select 1 as salida;

END ;;
DELIMITER ;
/*!50003 SET sql_mode              = @saved_sql_mode */ ;
/*!50003 SET character_set_client  = @saved_cs_client */ ;
/*!50003 SET character_set_results = @saved_cs_results */ ;
/*!50003 SET collation_connection  = @saved_col_connection */ ;
/*!50003 DROP PROCEDURE IF EXISTS `sp_insertar_nueva_matricula` */;
/*!50003 SET @saved_cs_client      = @@character_set_client */ ;
/*!50003 SET @saved_cs_results     = @@character_set_results */ ;
/*!50003 SET @saved_col_connection = @@collation_connection */ ;
/*!50003 SET character_set_client  = utf8 */ ;
/*!50003 SET character_set_results = utf8 */ ;
/*!50003 SET collation_connection  = utf8_general_ci */ ;
/*!50003 SET @saved_sql_mode       = @@sql_mode */ ;
/*!50003 SET sql_mode              = 'NO_ZERO_IN_DATE,NO_ZERO_DATE,NO_ENGINE_SUBSTITUTION' */ ;
DELIMITER ;;
CREATE DEFINER=`root`@`localhost` PROCEDURE `sp_insertar_nueva_matricula`( 
 in v_cod_alumno char(10) ,
 in v_semestre char(5) ,
 in v_nro_voucher varchar(20) ,
 in v_fecha_voucher datetime ,
 in v_voucher_banco varchar(30) ,

 in v_usuario_registro varchar(30) ,
 in v_estado binary(1) ,
 in v_monto_voucher varchar(20)
  )
BEGIN
declare validafech datetime;
declare v_fecha_registro datetime;

set validafech=(select now());
set v_fecha_registro=(select now());

if(v_fecha_voucher>validafech) then
BEGIN
  rollback;
  select 2 as salida;
END;

elseif(v_cod_alumno=0) then
start transaction;
INSERT INTO tbl_matricula (cod_alumno,semestre,nro_voucher,fecha_voucher,voucher_banco,fecha_registro,usuario_registro,estado,monto_voucher)
VALUES(v_cod_alumno,v_semestre,v_nro_voucher,v_fecha_voucher,v_voucher_banco,v_fecha_registro,v_usuario_registro,v_estado,v_monto_voucher);

commit;
select 1 as salida;
end if;

END ;;
DELIMITER ;
/*!50003 SET sql_mode              = @saved_sql_mode */ ;
/*!50003 SET character_set_client  = @saved_cs_client */ ;
/*!50003 SET character_set_results = @saved_cs_results */ ;
/*!50003 SET collation_connection  = @saved_col_connection */ ;
/*!50003 DROP PROCEDURE IF EXISTS `sp_insertar_panel_login` */;
/*!50003 SET @saved_cs_client      = @@character_set_client */ ;
/*!50003 SET @saved_cs_results     = @@character_set_results */ ;
/*!50003 SET @saved_col_connection = @@collation_connection */ ;
/*!50003 SET character_set_client  = utf8 */ ;
/*!50003 SET character_set_results = utf8 */ ;
/*!50003 SET collation_connection  = utf8_general_ci */ ;
/*!50003 SET @saved_sql_mode       = @@sql_mode */ ;
/*!50003 SET sql_mode              = 'NO_ZERO_IN_DATE,NO_ZERO_DATE,NO_ENGINE_SUBSTITUTION' */ ;
DELIMITER ;;
CREATE DEFINER=`root`@`localhost` PROCEDURE `sp_insertar_panel_login`(

IN v_panel1I VARCHAR(300),
IN v_panel2D VARCHAR(300)
)
BEGIN
 start transaction;
        INSERT INTO tbl_panel_login (texto_panel1I,texto_panel2D,fecha_registro)
        VALUES(v_panel1I,v_panel2D,now());
        commit;

	     select 1 as salida;

END ;;
DELIMITER ;
/*!50003 SET sql_mode              = @saved_sql_mode */ ;
/*!50003 SET character_set_client  = @saved_cs_client */ ;
/*!50003 SET character_set_results = @saved_cs_results */ ;
/*!50003 SET collation_connection  = @saved_col_connection */ ;
/*!50003 DROP PROCEDURE IF EXISTS `sp_insertar_plan` */;
/*!50003 SET @saved_cs_client      = @@character_set_client */ ;
/*!50003 SET @saved_cs_results     = @@character_set_results */ ;
/*!50003 SET @saved_col_connection = @@collation_connection */ ;
/*!50003 SET character_set_client  = utf8 */ ;
/*!50003 SET character_set_results = utf8 */ ;
/*!50003 SET collation_connection  = utf8_general_ci */ ;
/*!50003 SET @saved_sql_mode       = @@sql_mode */ ;
/*!50003 SET sql_mode              = 'NO_ZERO_IN_DATE,NO_ZERO_DATE,NO_ENGINE_SUBSTITUTION' */ ;
DELIMITER ;;
CREATE DEFINER=`root`@`localhost` PROCEDURE `sp_insertar_plan`(

 in v_cod_mencion CHAR(3),
 in v_descripcion VARCHAR(200),
 in v_semestre_inicio_vigencia VARCHAR(5),
 in v_semestre_fin_vigencia VARCHAR(5)
)
BEGIN
start transaction;
INSERT INTO tbl_plan_estudios (cod_mencion,descripcion,semestre_inicio_vigencia,semestre_fin_vigencia,fecha_registro,usuario_registro)
VALUES(v_cod_mencion,v_descripcion,v_semestre_inicio_vigencia,v_semestre_fin_vigencia,now(),@@hostname);
commit;
select 1 as salida;

END ;;
DELIMITER ;
/*!50003 SET sql_mode              = @saved_sql_mode */ ;
/*!50003 SET character_set_client  = @saved_cs_client */ ;
/*!50003 SET character_set_results = @saved_cs_results */ ;
/*!50003 SET collation_connection  = @saved_col_connection */ ;
/*!50003 DROP PROCEDURE IF EXISTS `sp_insertar_profesion` */;
/*!50003 SET @saved_cs_client      = @@character_set_client */ ;
/*!50003 SET @saved_cs_results     = @@character_set_results */ ;
/*!50003 SET @saved_col_connection = @@collation_connection */ ;
/*!50003 SET character_set_client  = utf8 */ ;
/*!50003 SET character_set_results = utf8 */ ;
/*!50003 SET collation_connection  = utf8_general_ci */ ;
/*!50003 SET @saved_sql_mode       = @@sql_mode */ ;
/*!50003 SET sql_mode              = 'NO_ZERO_IN_DATE,NO_ZERO_DATE,NO_ENGINE_SUBSTITUTION' */ ;
DELIMITER ;;
CREATE DEFINER=`root`@`localhost` PROCEDURE `sp_insertar_profesion`(
IN v_descripcion VARCHAR(30)
)
BEGIN
 start transaction;
        INSERT INTO tbl_profesion (descripcion)
        VALUES (upper(v_descripcion));

        commit;

	     select 1 as salida;

END ;;
DELIMITER ;
/*!50003 SET sql_mode              = @saved_sql_mode */ ;
/*!50003 SET character_set_client  = @saved_cs_client */ ;
/*!50003 SET character_set_results = @saved_cs_results */ ;
/*!50003 SET collation_connection  = @saved_col_connection */ ;
/*!50003 DROP PROCEDURE IF EXISTS `sp_insertar_profesor` */;
/*!50003 SET @saved_cs_client      = @@character_set_client */ ;
/*!50003 SET @saved_cs_results     = @@character_set_results */ ;
/*!50003 SET @saved_col_connection = @@collation_connection */ ;
/*!50003 SET character_set_client  = utf8 */ ;
/*!50003 SET character_set_results = utf8 */ ;
/*!50003 SET collation_connection  = utf8_general_ci */ ;
/*!50003 SET @saved_sql_mode       = @@sql_mode */ ;
/*!50003 SET sql_mode              = 'NO_ZERO_IN_DATE,NO_ZERO_DATE,NO_ENGINE_SUBSTITUTION' */ ;
DELIMITER ;;
CREATE DEFINER=`root`@`localhost` PROCEDURE `sp_insertar_profesor`(
IN v_cod_tipo_documento TINYINT(4),
IN v_cod_profesion INTEGER,
IN v_direccion VARCHAR(100),
IN v_fecha_nacimiento DATETIME,
IN v_movil VARCHAR(30),
IN v_ape_paterno VARCHAR(20),
IN v_ape_materno VARCHAR(20),
IN v_nombres VARCHAR(30),
IN v_nro_documento VARCHAR(20),
IN v_sexo binary(1),
IN v_correo_electr VARCHAR(40)
)
BEGIN
 start transaction;
        INSERT INTO tbl_profesor (cod_tipo_documento,cod_profesion,direccion,fecha_nacimiento,
        fecha_registro,movil,ape_paterno,ape_materno,nombres,nro_documento,sexo,correo_electr)
        VALUES (v_cod_tipo_documento,upper(v_cod_profesion),upper(v_direccion),v_fecha_nacimiento,
        now(),v_movil,upper(v_ape_paterno),upper(v_ape_materno),upper(v_nombres),v_nro_documento,v_sexo,v_correo_electr);

        commit;

	     select 1 as salida;

END ;;
DELIMITER ;
/*!50003 SET sql_mode              = @saved_sql_mode */ ;
/*!50003 SET character_set_client  = @saved_cs_client */ ;
/*!50003 SET character_set_results = @saved_cs_results */ ;
/*!50003 SET collation_connection  = @saved_col_connection */ ;
/*!50003 DROP PROCEDURE IF EXISTS `sp_insertar_programacion` */;
/*!50003 SET @saved_cs_client      = @@character_set_client */ ;
/*!50003 SET @saved_cs_results     = @@character_set_results */ ;
/*!50003 SET @saved_col_connection = @@collation_connection */ ;
/*!50003 SET character_set_client  = utf8 */ ;
/*!50003 SET character_set_results = utf8 */ ;
/*!50003 SET collation_connection  = utf8_general_ci */ ;
/*!50003 SET @saved_sql_mode       = @@sql_mode */ ;
/*!50003 SET sql_mode              = 'NO_ZERO_IN_DATE,NO_ZERO_DATE,NO_ENGINE_SUBSTITUTION' */ ;
DELIMITER ;;
CREATE DEFINER=`root`@`localhost` PROCEDURE `sp_insertar_programacion`(
IN v_cod_curso CHAR(10),
IN v_cod_profesor CHAR (5),
IN v_cod_mencion CHAR(3),
IN v_seccion CHAR(5),
IN v_aula_referencia CHAR(3),
IN v_semestre CHAR(5),
IN v_ciclo TINYINT(4),
IN v_fecha_inicio DATETIME,
IN v_sede TINYINT(4),
IN v_capacidad TINYINT(4),
IN v_total_horas_dictadas TINYINT(4),
IN v_costo_curso DOUBLE
)
BEGIN

     declare v_cod_tipo_programa char(2);
     set v_cod_tipo_programa  = (SELECT p.cod_tipo_programa
      FROM tbl_mencion t inner join tbl_programas p on t.cod_programa = p.cod_programa
      where cod_mencion =  v_cod_mencion) ;

 start transaction;
        INSERT INTO tbl_programacion (cod_curso,cod_profesor,cod_mencion,
        seccion,fecha_registro,aula_referencia,semestre,ciclo,fecha_inicio,sede,capacidad,
        total_horas_dictadas,costo_curso,usuario_registro,cod_tipo_postg)
        VALUES (upper(v_cod_curso),upper(v_cod_profesor),v_cod_mencion,v_seccion, now(),upper(v_aula_referencia),v_semestre,
        v_ciclo,v_fecha_inicio,upper(v_sede),v_capacidad,v_total_horas_dictadas,v_costo_curso,@@hostname, v_cod_tipo_programa);

        commit;

	     select 1 as salida;

END ;;
DELIMITER ;
/*!50003 SET sql_mode              = @saved_sql_mode */ ;
/*!50003 SET character_set_client  = @saved_cs_client */ ;
/*!50003 SET character_set_results = @saved_cs_results */ ;
/*!50003 SET collation_connection  = @saved_col_connection */ ;
/*!50003 DROP PROCEDURE IF EXISTS `sp_insertar_programas` */;
/*!50003 SET @saved_cs_client      = @@character_set_client */ ;
/*!50003 SET @saved_cs_results     = @@character_set_results */ ;
/*!50003 SET @saved_col_connection = @@collation_connection */ ;
/*!50003 SET character_set_client  = utf8 */ ;
/*!50003 SET character_set_results = utf8 */ ;
/*!50003 SET collation_connection  = utf8_general_ci */ ;
/*!50003 SET @saved_sql_mode       = @@sql_mode */ ;
/*!50003 SET sql_mode              = 'NO_ZERO_IN_DATE,NO_ZERO_DATE,NO_ENGINE_SUBSTITUTION' */ ;
DELIMITER ;;
CREATE DEFINER=`root`@`localhost` PROCEDURE `sp_insertar_programas`(
 in v_cod_programa CHAR(2),
 IN v_cod_seccion int,
 in v_cod_ocra char(3),
 in v_nombre VARCHAR(100),
 in v_comentario VARCHAR(30)
)
BEGIN
start transaction;
INSERT INTO tbl_programas (cod_programa,cod_seccion,cod_ocra,nombre,comentario)
VALUES(v_cod_programa,v_cod_seccion,v_cod_ocra,upper(v_nombre),upper(v_comentario));
commit;
select 1 as salida;

END ;;
DELIMITER ;
/*!50003 SET sql_mode              = @saved_sql_mode */ ;
/*!50003 SET character_set_client  = @saved_cs_client */ ;
/*!50003 SET character_set_results = @saved_cs_results */ ;
/*!50003 SET collation_connection  = @saved_col_connection */ ;
/*!50003 DROP PROCEDURE IF EXISTS `sp_insertar_requisito` */;
/*!50003 SET @saved_cs_client      = @@character_set_client */ ;
/*!50003 SET @saved_cs_results     = @@character_set_results */ ;
/*!50003 SET @saved_col_connection = @@collation_connection */ ;
/*!50003 SET character_set_client  = utf8 */ ;
/*!50003 SET character_set_results = utf8 */ ;
/*!50003 SET collation_connection  = utf8_general_ci */ ;
/*!50003 SET @saved_sql_mode       = @@sql_mode */ ;
/*!50003 SET sql_mode              = 'NO_ZERO_IN_DATE,NO_ZERO_DATE,NO_ENGINE_SUBSTITUTION' */ ;
DELIMITER ;;
CREATE DEFINER=`root`@`localhost` PROCEDURE `sp_insertar_requisito`(
 in v_cod_plan INT(11),
 IN v_cod_curso CHAR(6)
)
BEGIN

start transaction;

INSERT INTO tbl_requisito (cod_plan,cod_curso)
VALUES(upper(v_cod_plan),upper(v_cod_curso));
commit;

select 1 as salida;


END ;;
DELIMITER ;
/*!50003 SET sql_mode              = @saved_sql_mode */ ;
/*!50003 SET character_set_client  = @saved_cs_client */ ;
/*!50003 SET character_set_results = @saved_cs_results */ ;
/*!50003 SET collation_connection  = @saved_col_connection */ ;
/*!50003 DROP PROCEDURE IF EXISTS `sp_insertar_rubros` */;
/*!50003 SET @saved_cs_client      = @@character_set_client */ ;
/*!50003 SET @saved_cs_results     = @@character_set_results */ ;
/*!50003 SET @saved_col_connection = @@collation_connection */ ;
/*!50003 SET character_set_client  = utf8 */ ;
/*!50003 SET character_set_results = utf8 */ ;
/*!50003 SET collation_connection  = utf8_general_ci */ ;
/*!50003 SET @saved_sql_mode       = @@sql_mode */ ;
/*!50003 SET sql_mode              = 'NO_ZERO_IN_DATE,NO_ZERO_DATE,NO_ENGINE_SUBSTITUTION' */ ;
DELIMITER ;;
CREATE DEFINER=`root`@`localhost` PROCEDURE `sp_insertar_rubros`(
IN v_nombre VARCHAR(60)
)
BEGIN
 start transaction;
        INSERT INTO tbl_rubros(nombre)
        VALUES(upper(v_nombre));

        commit;

	     select 1 as salida;

END ;;
DELIMITER ;
/*!50003 SET sql_mode              = @saved_sql_mode */ ;
/*!50003 SET character_set_client  = @saved_cs_client */ ;
/*!50003 SET character_set_results = @saved_cs_results */ ;
/*!50003 SET collation_connection  = @saved_col_connection */ ;
/*!50003 DROP PROCEDURE IF EXISTS `sp_insertar_rubro_acta` */;
/*!50003 SET @saved_cs_client      = @@character_set_client */ ;
/*!50003 SET @saved_cs_results     = @@character_set_results */ ;
/*!50003 SET @saved_col_connection = @@collation_connection */ ;
/*!50003 SET character_set_client  = utf8 */ ;
/*!50003 SET character_set_results = utf8 */ ;
/*!50003 SET collation_connection  = utf8_general_ci */ ;
/*!50003 SET @saved_sql_mode       = @@sql_mode */ ;
/*!50003 SET sql_mode              = 'NO_ZERO_IN_DATE,NO_ZERO_DATE,NO_ENGINE_SUBSTITUTION' */ ;
DELIMITER ;;
CREATE DEFINER=`root`@`localhost` PROCEDURE `sp_insertar_rubro_acta`(
IN v_cod_rubro INTEGER,
in v_cod_acta int,
IN v_peso DOUBLE
)
BEGIN
 start transaction;
        INSERT INTO tbl_rubro_acta (cod_rubro,cod_acta,peso)
        VALUES (upper(v_cod_rubro),v_cod_acta,v_peso);

        commit;

	     select 1 as salida;

END ;;
DELIMITER ;
/*!50003 SET sql_mode              = @saved_sql_mode */ ;
/*!50003 SET character_set_client  = @saved_cs_client */ ;
/*!50003 SET character_set_results = @saved_cs_results */ ;
/*!50003 SET collation_connection  = @saved_col_connection */ ;
/*!50003 DROP PROCEDURE IF EXISTS `sp_insertar_seccion_programa` */;
/*!50003 SET @saved_cs_client      = @@character_set_client */ ;
/*!50003 SET @saved_cs_results     = @@character_set_results */ ;
/*!50003 SET @saved_col_connection = @@collation_connection */ ;
/*!50003 SET character_set_client  = utf8 */ ;
/*!50003 SET character_set_results = utf8 */ ;
/*!50003 SET collation_connection  = utf8_general_ci */ ;
/*!50003 SET @saved_sql_mode       = @@sql_mode */ ;
/*!50003 SET sql_mode              = 'NO_ZERO_IN_DATE,NO_ZERO_DATE,NO_ENGINE_SUBSTITUTION' */ ;
DELIMITER ;;
CREATE DEFINER=`root`@`localhost` PROCEDURE `sp_insertar_seccion_programa`(
 in v_descripcion VARCHAR(100)
)
BEGIN
start transaction;
INSERT INTO tbl_seccion_programa (descripcion,fecha)
VALUES(v_descripcion,now());
commit;
select 1 as salida;

END ;;
DELIMITER ;
/*!50003 SET sql_mode              = @saved_sql_mode */ ;
/*!50003 SET character_set_client  = @saved_cs_client */ ;
/*!50003 SET character_set_results = @saved_cs_results */ ;
/*!50003 SET collation_connection  = @saved_col_connection */ ;
/*!50003 DROP PROCEDURE IF EXISTS `sp_insertar_sede` */;
/*!50003 SET @saved_cs_client      = @@character_set_client */ ;
/*!50003 SET @saved_cs_results     = @@character_set_results */ ;
/*!50003 SET @saved_col_connection = @@collation_connection */ ;
/*!50003 SET character_set_client  = utf8 */ ;
/*!50003 SET character_set_results = utf8 */ ;
/*!50003 SET collation_connection  = utf8_general_ci */ ;
/*!50003 SET @saved_sql_mode       = @@sql_mode */ ;
/*!50003 SET sql_mode              = 'NO_ZERO_IN_DATE,NO_ZERO_DATE,NO_ENGINE_SUBSTITUTION' */ ;
DELIMITER ;;
CREATE DEFINER=`root`@`localhost` PROCEDURE `sp_insertar_sede`(
IN v_nom_sede VARCHAR(100)
)
BEGIN
 start transaction;
        INSERT INTO tbl_sede (nom_sede)
        VALUES(upper(v_nom_sede));
        commit;

	     select 1 as salida;

END ;;
DELIMITER ;
/*!50003 SET sql_mode              = @saved_sql_mode */ ;
/*!50003 SET character_set_client  = @saved_cs_client */ ;
/*!50003 SET character_set_results = @saved_cs_results */ ;
/*!50003 SET collation_connection  = @saved_col_connection */ ;
/*!50003 DROP PROCEDURE IF EXISTS `sp_insertar_silabus` */;
/*!50003 SET @saved_cs_client      = @@character_set_client */ ;
/*!50003 SET @saved_cs_results     = @@character_set_results */ ;
/*!50003 SET @saved_col_connection = @@collation_connection */ ;
/*!50003 SET character_set_client  = utf8 */ ;
/*!50003 SET character_set_results = utf8 */ ;
/*!50003 SET collation_connection  = utf8_general_ci */ ;
/*!50003 SET @saved_sql_mode       = @@sql_mode */ ;
/*!50003 SET sql_mode              = 'NO_ZERO_IN_DATE,NO_ZERO_DATE,NO_ENGINE_SUBSTITUTION' */ ;
DELIMITER ;;
CREATE DEFINER=`root`@`localhost` PROCEDURE `sp_insertar_silabus`(
IN v_nro VARCHAR(10),
IN v_descripcion VARCHAR(30),
in v_cod_programacion int,
IN v_nombrearchivo VARCHAR(50)
)
BEGIN
 start transaction;
        INSERT INTO tbl_silabus (nro,descripcion,cod_programacion,fechasubida,nombrearchivo)
        VALUES (v_nro,upper(v_descripcion),v_cod_programacion,now(),upper(v_nombrearchivo));

        commit;

	     select 1 as salida;

END ;;
DELIMITER ;
/*!50003 SET sql_mode              = @saved_sql_mode */ ;
/*!50003 SET character_set_client  = @saved_cs_client */ ;
/*!50003 SET character_set_results = @saved_cs_results */ ;
/*!50003 SET collation_connection  = @saved_col_connection */ ;
/*!50003 DROP PROCEDURE IF EXISTS `sp_insertar_tesis` */;
/*!50003 SET @saved_cs_client      = @@character_set_client */ ;
/*!50003 SET @saved_cs_results     = @@character_set_results */ ;
/*!50003 SET @saved_col_connection = @@collation_connection */ ;
/*!50003 SET character_set_client  = utf8 */ ;
/*!50003 SET character_set_results = utf8 */ ;
/*!50003 SET collation_connection  = utf8_general_ci */ ;
/*!50003 SET @saved_sql_mode       = @@sql_mode */ ;
/*!50003 SET sql_mode              = 'NO_ZERO_IN_DATE,NO_ZERO_DATE,NO_ENGINE_SUBSTITUTION' */ ;
DELIMITER ;;
CREATE DEFINER=`root`@`localhost` PROCEDURE `sp_insertar_tesis`(
IN v_cod_alumno CHAR(10),
IN v_fecha_antep DATETIME,
IN v_nro_resolucion_antep VARCHAR(100),
IN v_asesor VARCHAR(80),
IN v_co_asesor VARCHAR(80),
IN v_observ_antep VARCHAR(200),
IN v_estado_antep binary(1),
IN v_fecha_proy DATETIME,
IN v_nro_resolucion_proy VARCHAR(100),
IN v_presidente VARCHAR(80),
IN v_secretario VARCHAR(80),
IN v_vocal VARCHAR(80),
IN v_observ_proy VARCHAR(200),
IN v_fecha_sust DATETIME,
IN v_nro_resolucion_sust VARCHAR(20),
IN v_observ_sust VARCHAR(200),
IN v_fecha_acta DATETIME,
IN v_calificativo VARCHAR(3),
IN v_observ_acta VARCHAR(200),
IN v_hora_sust DATETIME,
IN v_tituloanteproyecto VARCHAR(200)
)
BEGIN
 start transaction;
        INSERT INTO tbl_tesis (cod_alumno,fecha_antep,nro_resolucion_antep,asesor,
        co_asesor,observ_antep,estado_antep,fecha_proy,nro_resolucion_proy,
 presidente,secretario,vocal,observ_proy,fecha_sust,nro_resolucion_sust,observ_sust,
 fecha_acta,calificativo,observ_acta,hora_sust,tituloanteproyecto)
        VALUES (v_cod_alumno,v_fecha_antep,upper(v_nro_resolucion_antep),upper(v_asesor),
        upper(v_co_asesor),upper(v_observ_antep),v_estado_antep,v_fecha_proy,
        upper(v_nro_resolucion_proy),upper(v_presidente),upper(v_secretario),
        upper(v_vocal),upper(v_observ_proy),v_fecha_sust,upper(v_nro_resolucion_sust),
        upper(v_observ_sust),v_fecha_acta,v_calificativo,upper(v_observ_acta),v_hora_sust,
        upper(v_tituloanteproyecto));

        commit;

	     select 1 as salida;

END ;;
DELIMITER ;
/*!50003 SET sql_mode              = @saved_sql_mode */ ;
/*!50003 SET character_set_client  = @saved_cs_client */ ;
/*!50003 SET character_set_results = @saved_cs_results */ ;
/*!50003 SET collation_connection  = @saved_col_connection */ ;
/*!50003 DROP PROCEDURE IF EXISTS `sp_insertar_tipo_documento` */;
/*!50003 SET @saved_cs_client      = @@character_set_client */ ;
/*!50003 SET @saved_cs_results     = @@character_set_results */ ;
/*!50003 SET @saved_col_connection = @@collation_connection */ ;
/*!50003 SET character_set_client  = utf8 */ ;
/*!50003 SET character_set_results = utf8 */ ;
/*!50003 SET collation_connection  = utf8_general_ci */ ;
/*!50003 SET @saved_sql_mode       = @@sql_mode */ ;
/*!50003 SET sql_mode              = 'NO_ZERO_IN_DATE,NO_ZERO_DATE,NO_ENGINE_SUBSTITUTION' */ ;
DELIMITER ;;
CREATE DEFINER=`root`@`localhost` PROCEDURE `sp_insertar_tipo_documento`(
IN v_descripcion VARCHAR(30)
)
BEGIN
 start transaction;
        INSERT INTO tbl_tipo_documento (descripcion)
        VALUES (upper(v_descripcion));
        commit;

	     select 1 as salida;

END ;;
DELIMITER ;
/*!50003 SET sql_mode              = @saved_sql_mode */ ;
/*!50003 SET character_set_client  = @saved_cs_client */ ;
/*!50003 SET character_set_results = @saved_cs_results */ ;
/*!50003 SET collation_connection  = @saved_col_connection */ ;
/*!50003 DROP PROCEDURE IF EXISTS `sp_insertar_tipo_usuario` */;
/*!50003 SET @saved_cs_client      = @@character_set_client */ ;
/*!50003 SET @saved_cs_results     = @@character_set_results */ ;
/*!50003 SET @saved_col_connection = @@collation_connection */ ;
/*!50003 SET character_set_client  = utf8 */ ;
/*!50003 SET character_set_results = utf8 */ ;
/*!50003 SET collation_connection  = utf8_general_ci */ ;
/*!50003 SET @saved_sql_mode       = @@sql_mode */ ;
/*!50003 SET sql_mode              = 'NO_ZERO_IN_DATE,NO_ZERO_DATE,NO_ENGINE_SUBSTITUTION' */ ;
DELIMITER ;;
CREATE DEFINER=`root`@`localhost` PROCEDURE `sp_insertar_tipo_usuario`(
IN v_cod_tipo_usuario VARCHAR(30),
IN v_descripcion VARCHAR(30),
IN v_tipo_acceso VARCHAR(30)
)
BEGIN
 start transaction;
        INSERT INTO tbl_tipo_usuario (cod_tipo_usuario,descripcion,tipo_acceso)
        VALUES(upper(v_cod_tipo_usuario),upper(v_descripcion),v_tipo_acceso);
        commit;

	     select 1 as salida;

END ;;
DELIMITER ;
/*!50003 SET sql_mode              = @saved_sql_mode */ ;
/*!50003 SET character_set_client  = @saved_cs_client */ ;
/*!50003 SET character_set_results = @saved_cs_results */ ;
/*!50003 SET collation_connection  = @saved_col_connection */ ;
/*!50003 DROP PROCEDURE IF EXISTS `sp_insertar_univ_procedencia` */;
/*!50003 SET @saved_cs_client      = @@character_set_client */ ;
/*!50003 SET @saved_cs_results     = @@character_set_results */ ;
/*!50003 SET @saved_col_connection = @@collation_connection */ ;
/*!50003 SET character_set_client  = utf8 */ ;
/*!50003 SET character_set_results = utf8 */ ;
/*!50003 SET collation_connection  = utf8_general_ci */ ;
/*!50003 SET @saved_sql_mode       = @@sql_mode */ ;
/*!50003 SET sql_mode              = 'NO_ZERO_IN_DATE,NO_ZERO_DATE,NO_ENGINE_SUBSTITUTION' */ ;
DELIMITER ;;
CREATE DEFINER=`root`@`localhost` PROCEDURE `sp_insertar_univ_procedencia`(
IN v_descripcion VARCHAR(30)
)
BEGIN
 start transaction;
        INSERT INTO tbl_univ_procedencia (descripcion)
        VALUES(upper(v_descripcion));
        commit;

	     select 1 as salida;

END ;;
DELIMITER ;
/*!50003 SET sql_mode              = @saved_sql_mode */ ;
/*!50003 SET character_set_client  = @saved_cs_client */ ;
/*!50003 SET character_set_results = @saved_cs_results */ ;
/*!50003 SET collation_connection  = @saved_col_connection */ ;
/*!50003 DROP PROCEDURE IF EXISTS `sp_insertar_usuario` */;
/*!50003 SET @saved_cs_client      = @@character_set_client */ ;
/*!50003 SET @saved_cs_results     = @@character_set_results */ ;
/*!50003 SET @saved_col_connection = @@collation_connection */ ;
/*!50003 SET character_set_client  = utf8 */ ;
/*!50003 SET character_set_results = utf8 */ ;
/*!50003 SET collation_connection  = utf8_general_ci */ ;
/*!50003 SET @saved_sql_mode       = @@sql_mode */ ;
/*!50003 SET sql_mode              = 'NO_AUTO_VALUE_ON_ZERO' */ ;
DELIMITER ;;
CREATE DEFINER=`root`@`localhost` PROCEDURE `sp_insertar_usuario`(

IN v_cod_tipo_usuario INT(10),
IN v_nom_usuario VARCHAR(40),
IN v_clave VARCHAR(300),
IN v_descripcion VARCHAR(40)

)
BEGIN
 start transaction;
        INSERT INTO tbl_usuario (cod_tipo_usuario,nom_usuario,descripcion,clave,usuario_registro,fecha_creacion)
        VALUES(v_cod_tipo_usuario,upper(v_nom_usuario),upper(v_descripcion),v_clave,@@hostname,now());
        commit;

	     select 1 as salida;

END ;;
DELIMITER ;
/*!50003 SET sql_mode              = @saved_sql_mode */ ;
/*!50003 SET character_set_client  = @saved_cs_client */ ;
/*!50003 SET character_set_results = @saved_cs_results */ ;
/*!50003 SET collation_connection  = @saved_col_connection */ ;
/*!50003 DROP PROCEDURE IF EXISTS `sp_listar_alumno` */;
/*!50003 SET @saved_cs_client      = @@character_set_client */ ;
/*!50003 SET @saved_cs_results     = @@character_set_results */ ;
/*!50003 SET @saved_col_connection = @@collation_connection */ ;
/*!50003 SET character_set_client  = utf8 */ ;
/*!50003 SET character_set_results = utf8 */ ;
/*!50003 SET collation_connection  = utf8_general_ci */ ;
/*!50003 SET @saved_sql_mode       = @@sql_mode */ ;
/*!50003 SET sql_mode              = 'NO_ZERO_IN_DATE,NO_ZERO_DATE,NO_ENGINE_SUBSTITUTION' */ ;
DELIMITER ;;
CREATE DEFINER=`root`@`localhost` PROCEDURE `sp_listar_alumno`()
BEGIN
SELECT cod_alumno as a1, cod_tipo_documento as a2,cod_profesion as a3, cod_univ_procedencia as a4,cod_plan_estudios as a5, me.cod_mencion as a6, cod_sede as a7,
cod_sede as a8, nombres as a9, ape_paterno as a10, ape_materno as a11,sexo as a12, direccion as a13, movil as a14, fecha_registro as a15, al.estado as a16,
num_documento as a17, correo_electronico as a18, fecha_nacimiento as a19, lugar_residencia_actual as a20, num_cuenta_banco as a21, redes_sociales as a22,
promocion as a23, lugar_trabajo as a24, creditos_convalidados as a25, creditos_acumulados as a26,
me.nombre as a27
FROM tbl_alumnos al
inner join tbl_mencion me on me.cod_mencion=al.cod_mencion

;
END ;;
DELIMITER ;
/*!50003 SET sql_mode              = @saved_sql_mode */ ;
/*!50003 SET character_set_client  = @saved_cs_client */ ;
/*!50003 SET character_set_results = @saved_cs_results */ ;
/*!50003 SET collation_connection  = @saved_col_connection */ ;
/*!50003 DROP PROCEDURE IF EXISTS `sp_listar_cbalumno` */;
/*!50003 SET @saved_cs_client      = @@character_set_client */ ;
/*!50003 SET @saved_cs_results     = @@character_set_results */ ;
/*!50003 SET @saved_col_connection = @@collation_connection */ ;
/*!50003 SET character_set_client  = utf8 */ ;
/*!50003 SET character_set_results = utf8 */ ;
/*!50003 SET collation_connection  = utf8_general_ci */ ;
/*!50003 SET @saved_sql_mode       = @@sql_mode */ ;
/*!50003 SET sql_mode              = 'NO_ZERO_IN_DATE,NO_ZERO_DATE,NO_ENGINE_SUBSTITUTION' */ ;
DELIMITER ;;
CREATE DEFINER=`root`@`localhost` PROCEDURE `sp_listar_cbalumno`()
BEGIN
SELECT cod_alumno as v1, concat(cod_alumno, ' ' ,ape_paterno,' ',ape_materno,' ' ,nombres)  as v2 FROM tbl_alumnos;
END ;;
DELIMITER ;
/*!50003 SET sql_mode              = @saved_sql_mode */ ;
/*!50003 SET character_set_client  = @saved_cs_client */ ;
/*!50003 SET character_set_results = @saved_cs_results */ ;
/*!50003 SET collation_connection  = @saved_col_connection */ ;
/*!50003 DROP PROCEDURE IF EXISTS `sp_listar_cbcursos` */;
/*!50003 SET @saved_cs_client      = @@character_set_client */ ;
/*!50003 SET @saved_cs_results     = @@character_set_results */ ;
/*!50003 SET @saved_col_connection = @@collation_connection */ ;
/*!50003 SET character_set_client  = utf8 */ ;
/*!50003 SET character_set_results = utf8 */ ;
/*!50003 SET collation_connection  = utf8_general_ci */ ;
/*!50003 SET @saved_sql_mode       = @@sql_mode */ ;
/*!50003 SET sql_mode              = '' */ ;
DELIMITER ;;
CREATE DEFINER=`root`@`localhost` PROCEDURE `sp_listar_cbcursos`()
BEGIN
SELECT cod_curso as v1, nomb_curso as v2 FROM tbl_cursos;
END ;;
DELIMITER ;
/*!50003 SET sql_mode              = @saved_sql_mode */ ;
/*!50003 SET character_set_client  = @saved_cs_client */ ;
/*!50003 SET character_set_results = @saved_cs_results */ ;
/*!50003 SET collation_connection  = @saved_col_connection */ ;
/*!50003 DROP PROCEDURE IF EXISTS `sp_listar_cbmencion` */;
/*!50003 SET @saved_cs_client      = @@character_set_client */ ;
/*!50003 SET @saved_cs_results     = @@character_set_results */ ;
/*!50003 SET @saved_col_connection = @@collation_connection */ ;
/*!50003 SET character_set_client  = utf8 */ ;
/*!50003 SET character_set_results = utf8 */ ;
/*!50003 SET collation_connection  = utf8_general_ci */ ;
/*!50003 SET @saved_sql_mode       = @@sql_mode */ ;
/*!50003 SET sql_mode              = '' */ ;
DELIMITER ;;
CREATE DEFINER=`root`@`localhost` PROCEDURE `sp_listar_cbmencion`()
BEGIN
SELECT cod_mencion as v1, grado_academico as v2 FROM tbl_mencion;
END ;;
DELIMITER ;
/*!50003 SET sql_mode              = @saved_sql_mode */ ;
/*!50003 SET character_set_client  = @saved_cs_client */ ;
/*!50003 SET character_set_results = @saved_cs_results */ ;
/*!50003 SET collation_connection  = @saved_col_connection */ ;
/*!50003 DROP PROCEDURE IF EXISTS `sp_listar_cbmenciondep` */;
/*!50003 SET @saved_cs_client      = @@character_set_client */ ;
/*!50003 SET @saved_cs_results     = @@character_set_results */ ;
/*!50003 SET @saved_col_connection = @@collation_connection */ ;
/*!50003 SET character_set_client  = utf8 */ ;
/*!50003 SET character_set_results = utf8 */ ;
/*!50003 SET collation_connection  = utf8_general_ci */ ;
/*!50003 SET @saved_sql_mode       = @@sql_mode */ ;
/*!50003 SET sql_mode              = 'NO_ZERO_IN_DATE,NO_ZERO_DATE,NO_ENGINE_SUBSTITUTION' */ ;
DELIMITER ;;
CREATE DEFINER=`root`@`localhost` PROCEDURE `sp_listar_cbmenciondep`(
in v_cod_programa char(2)
)
BEGIN
SELECT cod_mencion as v1, grado_academico as v2 FROM tbl_mencion
where cod_programa=v_cod_programa;
END ;;
DELIMITER ;
/*!50003 SET sql_mode              = @saved_sql_mode */ ;
/*!50003 SET character_set_client  = @saved_cs_client */ ;
/*!50003 SET character_set_results = @saved_cs_results */ ;
/*!50003 SET collation_connection  = @saved_col_connection */ ;
/*!50003 DROP PROCEDURE IF EXISTS `sp_listar_cbmencionxprograma` */;
/*!50003 SET @saved_cs_client      = @@character_set_client */ ;
/*!50003 SET @saved_cs_results     = @@character_set_results */ ;
/*!50003 SET @saved_col_connection = @@collation_connection */ ;
/*!50003 SET character_set_client  = utf8 */ ;
/*!50003 SET character_set_results = utf8 */ ;
/*!50003 SET collation_connection  = utf8_general_ci */ ;
/*!50003 SET @saved_sql_mode       = @@sql_mode */ ;
/*!50003 SET sql_mode              = 'NO_ZERO_IN_DATE,NO_ZERO_DATE,NO_ENGINE_SUBSTITUTION' */ ;
DELIMITER ;;
CREATE DEFINER=`root`@`localhost` PROCEDURE `sp_listar_cbmencionxprograma`(

 in v_cod_programa CHAR(2)

)
BEGIN
SELECT cod_mencion as v1, nombre as v2 FROM tbl_mencion
where cod_programa = v_cod_programa;
END ;;
DELIMITER ;
/*!50003 SET sql_mode              = @saved_sql_mode */ ;
/*!50003 SET character_set_client  = @saved_cs_client */ ;
/*!50003 SET character_set_results = @saved_cs_results */ ;
/*!50003 SET collation_connection  = @saved_col_connection */ ;
/*!50003 DROP PROCEDURE IF EXISTS `sp_listar_cbmencion_alumnodep` */;
/*!50003 SET @saved_cs_client      = @@character_set_client */ ;
/*!50003 SET @saved_cs_results     = @@character_set_results */ ;
/*!50003 SET @saved_col_connection = @@collation_connection */ ;
/*!50003 SET character_set_client  = utf8 */ ;
/*!50003 SET character_set_results = utf8 */ ;
/*!50003 SET collation_connection  = utf8_general_ci */ ;
/*!50003 SET @saved_sql_mode       = @@sql_mode */ ;
/*!50003 SET sql_mode              = 'NO_ZERO_IN_DATE,NO_ZERO_DATE,NO_ENGINE_SUBSTITUTION' */ ;
DELIMITER ;;
CREATE DEFINER=`root`@`localhost` PROCEDURE `sp_listar_cbmencion_alumnodep`(

in v_cod_mencion char(3)
)
BEGIN

SELECT cod_alumno as v1,
concat(cod_alumno,' - ' , ape_paterno,' ',ape_materno,' ' ,nombres)  as v2
FROM tbl_alumnos
where cod_mencion=v_cod_mencion;

END ;;
DELIMITER ;
/*!50003 SET sql_mode              = @saved_sql_mode */ ;
/*!50003 SET character_set_client  = @saved_cs_client */ ;
/*!50003 SET character_set_results = @saved_cs_results */ ;
/*!50003 SET collation_connection  = @saved_col_connection */ ;
/*!50003 DROP PROCEDURE IF EXISTS `sp_listar_cbmencion_alumno_semdep` */;
/*!50003 SET @saved_cs_client      = @@character_set_client */ ;
/*!50003 SET @saved_cs_results     = @@character_set_results */ ;
/*!50003 SET @saved_col_connection = @@collation_connection */ ;
/*!50003 SET character_set_client  = utf8 */ ;
/*!50003 SET character_set_results = utf8 */ ;
/*!50003 SET collation_connection  = utf8_general_ci */ ;
/*!50003 SET @saved_sql_mode       = @@sql_mode */ ;
/*!50003 SET sql_mode              = 'NO_ZERO_IN_DATE,NO_ZERO_DATE,NO_ENGINE_SUBSTITUTION' */ ;
DELIMITER ;;
CREATE DEFINER=`root`@`localhost` PROCEDURE `sp_listar_cbmencion_alumno_semdep`(

in v_cod_mencion char(3), v_semestre CHAR(5)
)
BEGIN
select a.cod_alumno v1, concat(ape_paterno,  ' ' ,ape_materno , ' ',nombres)  v2
FROM tbl_matricula t inner join tbl_alumnos a on a.cod_alumno=t.cod_alumno
where semestre=v_semestre and a.cod_mencion = v_cod_mencion;


END ;;
DELIMITER ;
/*!50003 SET sql_mode              = @saved_sql_mode */ ;
/*!50003 SET character_set_client  = @saved_cs_client */ ;
/*!50003 SET character_set_results = @saved_cs_results */ ;
/*!50003 SET collation_connection  = @saved_col_connection */ ;
/*!50003 DROP PROCEDURE IF EXISTS `sp_listar_cbmencion_cursodep` */;
/*!50003 SET @saved_cs_client      = @@character_set_client */ ;
/*!50003 SET @saved_cs_results     = @@character_set_results */ ;
/*!50003 SET @saved_col_connection = @@collation_connection */ ;
/*!50003 SET character_set_client  = utf8 */ ;
/*!50003 SET character_set_results = utf8 */ ;
/*!50003 SET collation_connection  = utf8_general_ci */ ;
/*!50003 SET @saved_sql_mode       = @@sql_mode */ ;
/*!50003 SET sql_mode              = 'NO_ZERO_IN_DATE,NO_ZERO_DATE,NO_ENGINE_SUBSTITUTION' */ ;
DELIMITER ;;
CREATE DEFINER=`root`@`localhost` PROCEDURE `sp_listar_cbmencion_cursodep`(

in v_cod_mencion char(3)
)
BEGIN


SELECT t.cod_curso as v1, concat(t.cod_curso, ' - ', c.nomb_curso) as v2
FROM tbl_detalle_plan_estudios t inner join tbl_cursos c on c.cod_curso = t.cod_curso
      and t.cod_tipo_programa = c.cod_tipo_postg
      inner join tbl_plan_estudios pe on pe.cod_plan_estudios = t.cod_plan_estudios
 where  pe.cod_mencion = v_cod_mencion;


END ;;
DELIMITER ;
/*!50003 SET sql_mode              = @saved_sql_mode */ ;
/*!50003 SET character_set_client  = @saved_cs_client */ ;
/*!50003 SET character_set_results = @saved_cs_results */ ;
/*!50003 SET collation_connection  = @saved_col_connection */ ;
/*!50003 DROP PROCEDURE IF EXISTS `sp_listar_cbmencion_plandep` */;
/*!50003 SET @saved_cs_client      = @@character_set_client */ ;
/*!50003 SET @saved_cs_results     = @@character_set_results */ ;
/*!50003 SET @saved_col_connection = @@collation_connection */ ;
/*!50003 SET character_set_client  = utf8 */ ;
/*!50003 SET character_set_results = utf8 */ ;
/*!50003 SET collation_connection  = utf8_general_ci */ ;
/*!50003 SET @saved_sql_mode       = @@sql_mode */ ;
/*!50003 SET sql_mode              = 'NO_ZERO_IN_DATE,NO_ZERO_DATE,NO_ENGINE_SUBSTITUTION' */ ;
DELIMITER ;;
CREATE DEFINER=`root`@`localhost` PROCEDURE `sp_listar_cbmencion_plandep`(

in v_cod_mencion char(3)
)
BEGIN

SELECT p.cod_plan_estudios as v1, concat('Rige Desde: ', semestre_inicio_vigencia ,' (código: ' , descripcion, ')') as v2
FROM tbl_plan_estudios p
where cod_mencion= v_cod_mencion
order by p.cod_plan_estudios desc;


END ;;
DELIMITER ;
/*!50003 SET sql_mode              = @saved_sql_mode */ ;
/*!50003 SET character_set_client  = @saved_cs_client */ ;
/*!50003 SET character_set_results = @saved_cs_results */ ;
/*!50003 SET collation_connection  = @saved_col_connection */ ;
/*!50003 DROP PROCEDURE IF EXISTS `sp_listar_cbmencion_sem_alumnodep` */;
/*!50003 SET @saved_cs_client      = @@character_set_client */ ;
/*!50003 SET @saved_cs_results     = @@character_set_results */ ;
/*!50003 SET @saved_col_connection = @@collation_connection */ ;
/*!50003 SET character_set_client  = utf8 */ ;
/*!50003 SET character_set_results = utf8 */ ;
/*!50003 SET collation_connection  = utf8_general_ci */ ;
/*!50003 SET @saved_sql_mode       = @@sql_mode */ ;
/*!50003 SET sql_mode              = 'NO_ZERO_IN_DATE,NO_ZERO_DATE,NO_ENGINE_SUBSTITUTION' */ ;
DELIMITER ;;
CREATE DEFINER=`root`@`localhost` PROCEDURE `sp_listar_cbmencion_sem_alumnodep`(

in v_cod_mencion char(3), v_semestre CHAR(5)
)
BEGIN
SELECT  t.cod_alumno as v1, concat (t.cod_alumno, ' - ', a.ape_paterno, ' ',  a.ape_materno, ',',
a.nombres) as v2
FROM tbl_matricula t inner join tbl_alumnos a on t.cod_alumno = a.cod_alumno
where a.cod_mencion = v_cod_mencion
and semestre = v_semestre;


END ;;
DELIMITER ;
/*!50003 SET sql_mode              = @saved_sql_mode */ ;
/*!50003 SET character_set_client  = @saved_cs_client */ ;
/*!50003 SET character_set_results = @saved_cs_results */ ;
/*!50003 SET collation_connection  = @saved_col_connection */ ;
/*!50003 DROP PROCEDURE IF EXISTS `sp_listar_cbmensionysemestre_alumno` */;
/*!50003 SET @saved_cs_client      = @@character_set_client */ ;
/*!50003 SET @saved_cs_results     = @@character_set_results */ ;
/*!50003 SET @saved_col_connection = @@collation_connection */ ;
/*!50003 SET character_set_client  = utf8 */ ;
/*!50003 SET character_set_results = utf8 */ ;
/*!50003 SET collation_connection  = utf8_general_ci */ ;
/*!50003 SET @saved_sql_mode       = @@sql_mode */ ;
/*!50003 SET sql_mode              = 'NO_ZERO_IN_DATE,NO_ZERO_DATE,NO_ENGINE_SUBSTITUTION' */ ;
DELIMITER ;;
CREATE DEFINER=`root`@`localhost` PROCEDURE `sp_listar_cbmensionysemestre_alumno`(

in v_cod_mencion char(3),
in v_semestre char(5)

)
BEGIN

SELECT  t.cod_matricula as v1, concat (t.cod_alumno, ' - ', a.ape_paterno, ' ',  a.ape_materno, ',', a.nombres) as v2
FROM tbl_matricula t inner join tbl_alumnos a on t.cod_alumno = a.cod_alumno
where a.cod_mencion = v_cod_mencion
and semestre = v_semestre;

END ;;
DELIMITER ;
/*!50003 SET sql_mode              = @saved_sql_mode */ ;
/*!50003 SET character_set_client  = @saved_cs_client */ ;
/*!50003 SET character_set_results = @saved_cs_results */ ;
/*!50003 SET collation_connection  = @saved_col_connection */ ;
/*!50003 DROP PROCEDURE IF EXISTS `sp_listar_cbmensionysemestre_curso` */;
/*!50003 SET @saved_cs_client      = @@character_set_client */ ;
/*!50003 SET @saved_cs_results     = @@character_set_results */ ;
/*!50003 SET @saved_col_connection = @@collation_connection */ ;
/*!50003 SET character_set_client  = utf8 */ ;
/*!50003 SET character_set_results = utf8 */ ;
/*!50003 SET collation_connection  = utf8_general_ci */ ;
/*!50003 SET @saved_sql_mode       = @@sql_mode */ ;
/*!50003 SET sql_mode              = 'NO_ZERO_IN_DATE,NO_ZERO_DATE,NO_ENGINE_SUBSTITUTION' */ ;
DELIMITER ;;
CREATE DEFINER=`root`@`localhost` PROCEDURE `sp_listar_cbmensionysemestre_curso`(

in v_cod_mencion char(3),
in v_semestre char(5)

)
BEGIN

SELECT p.cod_programacion as v1, concat (p.cod_curso, ' - ',c.nomb_curso, ' - Aula: ', p.aula_referencia) as v2
FROM tbl_programacion p inner join tbl_cursos c on c.cod_curso = p.cod_curso and p.cod_tipo_postg = p.cod_tipo_postg
where p.semestre = v_semestre and p.cod_mencion = v_cod_mencion;

END ;;
DELIMITER ;
/*!50003 SET sql_mode              = @saved_sql_mode */ ;
/*!50003 SET character_set_client  = @saved_cs_client */ ;
/*!50003 SET character_set_results = @saved_cs_results */ ;
/*!50003 SET collation_connection  = @saved_col_connection */ ;
/*!50003 DROP PROCEDURE IF EXISTS `sp_listar_cbmension_semestredep` */;
/*!50003 SET @saved_cs_client      = @@character_set_client */ ;
/*!50003 SET @saved_cs_results     = @@character_set_results */ ;
/*!50003 SET @saved_col_connection = @@collation_connection */ ;
/*!50003 SET character_set_client  = utf8 */ ;
/*!50003 SET character_set_results = utf8 */ ;
/*!50003 SET collation_connection  = utf8_general_ci */ ;
/*!50003 SET @saved_sql_mode       = @@sql_mode */ ;
/*!50003 SET sql_mode              = 'NO_ZERO_IN_DATE,NO_ZERO_DATE,NO_ENGINE_SUBSTITUTION' */ ;
DELIMITER ;;
CREATE DEFINER=`root`@`localhost` PROCEDURE `sp_listar_cbmension_semestredep`(

in v_cod_mencion char(3)
)
BEGIN

SELECT  distinct semestre v1, semestre v2
FROM tbl_matricula t
where cod_alumno in (select cod_alumno from tbl_alumnos where cod_mencion = v_cod_mencion)

order by semestre desc
LIMIT 3;

END ;;
DELIMITER ;
/*!50003 SET sql_mode              = @saved_sql_mode */ ;
/*!50003 SET character_set_client  = @saved_cs_client */ ;
/*!50003 SET character_set_results = @saved_cs_results */ ;
/*!50003 SET collation_connection  = @saved_col_connection */ ;
/*!50003 DROP PROCEDURE IF EXISTS `sp_listar_cbplan` */;
/*!50003 SET @saved_cs_client      = @@character_set_client */ ;
/*!50003 SET @saved_cs_results     = @@character_set_results */ ;
/*!50003 SET @saved_col_connection = @@collation_connection */ ;
/*!50003 SET character_set_client  = utf8 */ ;
/*!50003 SET character_set_results = utf8 */ ;
/*!50003 SET collation_connection  = utf8_general_ci */ ;
/*!50003 SET @saved_sql_mode       = @@sql_mode */ ;
/*!50003 SET sql_mode              = 'NO_ZERO_IN_DATE,NO_ZERO_DATE,NO_ENGINE_SUBSTITUTION' */ ;
DELIMITER ;;
CREATE DEFINER=`root`@`localhost` PROCEDURE `sp_listar_cbplan`()
BEGIN
SELECT cod_plan_estudios as v1, descripcion as v2 FROM tbl_plan_estudios;
END ;;
DELIMITER ;
/*!50003 SET sql_mode              = @saved_sql_mode */ ;
/*!50003 SET character_set_client  = @saved_cs_client */ ;
/*!50003 SET character_set_results = @saved_cs_results */ ;
/*!50003 SET collation_connection  = @saved_col_connection */ ;
/*!50003 DROP PROCEDURE IF EXISTS `sp_listar_cbprofesion` */;
/*!50003 SET @saved_cs_client      = @@character_set_client */ ;
/*!50003 SET @saved_cs_results     = @@character_set_results */ ;
/*!50003 SET @saved_col_connection = @@collation_connection */ ;
/*!50003 SET character_set_client  = utf8 */ ;
/*!50003 SET character_set_results = utf8 */ ;
/*!50003 SET collation_connection  = utf8_general_ci */ ;
/*!50003 SET @saved_sql_mode       = @@sql_mode */ ;
/*!50003 SET sql_mode              = 'NO_ZERO_IN_DATE,NO_ZERO_DATE,NO_ENGINE_SUBSTITUTION' */ ;
DELIMITER ;;
CREATE DEFINER=`root`@`localhost` PROCEDURE `sp_listar_cbprofesion`()
BEGIN
SELECT cod_profesion as v1, descripcion as v2 FROM tbl_profesion where estado=1;
END ;;
DELIMITER ;
/*!50003 SET sql_mode              = @saved_sql_mode */ ;
/*!50003 SET character_set_client  = @saved_cs_client */ ;
/*!50003 SET character_set_results = @saved_cs_results */ ;
/*!50003 SET collation_connection  = @saved_col_connection */ ;
/*!50003 DROP PROCEDURE IF EXISTS `sp_listar_cbprofesor` */;
/*!50003 SET @saved_cs_client      = @@character_set_client */ ;
/*!50003 SET @saved_cs_results     = @@character_set_results */ ;
/*!50003 SET @saved_col_connection = @@collation_connection */ ;
/*!50003 SET character_set_client  = utf8 */ ;
/*!50003 SET character_set_results = utf8 */ ;
/*!50003 SET collation_connection  = utf8_general_ci */ ;
/*!50003 SET @saved_sql_mode       = @@sql_mode */ ;
/*!50003 SET sql_mode              = '' */ ;
DELIMITER ;;
CREATE DEFINER=`root`@`localhost` PROCEDURE `sp_listar_cbprofesor`()
BEGIN
SELECT cod_profesor as v1, nombres as v2,ape_paterno as v3,ape_materno as v4 FROM tbl_profesor;
END ;;
DELIMITER ;
/*!50003 SET sql_mode              = @saved_sql_mode */ ;
/*!50003 SET character_set_client  = @saved_cs_client */ ;
/*!50003 SET character_set_results = @saved_cs_results */ ;
/*!50003 SET collation_connection  = @saved_col_connection */ ;
/*!50003 DROP PROCEDURE IF EXISTS `sp_listar_cbprograma` */;
/*!50003 SET @saved_cs_client      = @@character_set_client */ ;
/*!50003 SET @saved_cs_results     = @@character_set_results */ ;
/*!50003 SET @saved_col_connection = @@collation_connection */ ;
/*!50003 SET character_set_client  = utf8 */ ;
/*!50003 SET character_set_results = utf8 */ ;
/*!50003 SET collation_connection  = utf8_general_ci */ ;
/*!50003 SET @saved_sql_mode       = @@sql_mode */ ;
/*!50003 SET sql_mode              = '' */ ;
DELIMITER ;;
CREATE DEFINER=`root`@`localhost` PROCEDURE `sp_listar_cbprograma`()
BEGIN
SELECT cod_programa as v1, nombre as v2 FROM tbl_programas;
END ;;
DELIMITER ;
/*!50003 SET sql_mode              = @saved_sql_mode */ ;
/*!50003 SET character_set_client  = @saved_cs_client */ ;
/*!50003 SET character_set_results = @saved_cs_results */ ;
/*!50003 SET collation_connection  = @saved_col_connection */ ;
/*!50003 DROP PROCEDURE IF EXISTS `sp_listar_cbsede` */;
/*!50003 SET @saved_cs_client      = @@character_set_client */ ;
/*!50003 SET @saved_cs_results     = @@character_set_results */ ;
/*!50003 SET @saved_col_connection = @@collation_connection */ ;
/*!50003 SET character_set_client  = utf8 */ ;
/*!50003 SET character_set_results = utf8 */ ;
/*!50003 SET collation_connection  = utf8_general_ci */ ;
/*!50003 SET @saved_sql_mode       = @@sql_mode */ ;
/*!50003 SET sql_mode              = 'NO_ZERO_IN_DATE,NO_ZERO_DATE,NO_ENGINE_SUBSTITUTION' */ ;
DELIMITER ;;
CREATE DEFINER=`root`@`localhost` PROCEDURE `sp_listar_cbsede`()
BEGIN
SELECT cod_sede as v1, nom_sede as v2 FROM tbl_sede;
END ;;
DELIMITER ;
/*!50003 SET sql_mode              = @saved_sql_mode */ ;
/*!50003 SET character_set_client  = @saved_cs_client */ ;
/*!50003 SET character_set_results = @saved_cs_results */ ;
/*!50003 SET collation_connection  = @saved_col_connection */ ;
/*!50003 DROP PROCEDURE IF EXISTS `sp_listar_cbsemestreyalumno_curso` */;
/*!50003 SET @saved_cs_client      = @@character_set_client */ ;
/*!50003 SET @saved_cs_results     = @@character_set_results */ ;
/*!50003 SET @saved_col_connection = @@collation_connection */ ;
/*!50003 SET character_set_client  = utf8 */ ;
/*!50003 SET character_set_results = utf8 */ ;
/*!50003 SET collation_connection  = utf8_general_ci */ ;
/*!50003 SET @saved_sql_mode       = @@sql_mode */ ;
/*!50003 SET sql_mode              = 'NO_ZERO_IN_DATE,NO_ZERO_DATE,NO_ENGINE_SUBSTITUTION' */ ;
DELIMITER ;;
CREATE DEFINER=`root`@`localhost` PROCEDURE `sp_listar_cbsemestreyalumno_curso`(

in v_semestre char(5),
in v_cod_alumno char(10)

)
BEGIN

     declare v_nota_aprobatoria int(2);
     declare v_cod_tipo_programa CHAR(2);
     declare v_cod_mencion CHAR(3);

     set v_cod_mencion  =  (
           SELECT a.cod_mencion
           FROM tbl_alumnos a
           where cod_alumno = v_cod_alumno);

     set v_cod_tipo_programa  =  (
           SELECT p.cod_tipo_programa
           FROM tbl_alumnos a  inner join tbl_mencion m on a.cod_mencion = m.cod_mencion
           inner join tbl_programas p on p.cod_programa = m.cod_programa
           where cod_alumno = v_cod_alumno);

     set v_nota_aprobatoria  =  (SELECT valor FROM tbl_parametria t where cod_tipo_programa = v_cod_tipo_programa);


  SELECT p.cod_programacion as v1, concat (p.cod_curso, ' - ',c.nomb_curso, ' - Aula: ', p.aula_referencia) as v2
  FROM   tbl_programacion p inner join tbl_cursos c on c.cod_curso = p.cod_curso and p.cod_tipo_postg = p.cod_tipo_postg
  where  p.semestre = v_semestre and p.cod_mencion = v_cod_mencion
         and p.cod_curso not in (
                        SELECT cod_curso FROM tbl_historial t
                        where cod_alumno = v_cod_alumno and nota >= v_nota_aprobatoria
                        union
                        SELECT cod_curso FROM tbl_convalidaciones t
                        where cod_alumno = v_cod_alumno

                        union
                        SELECT p.cod_curso
                        FROM tbl_inscripcion_curso t inner join tbl_programacion p on t.cod_programacion = p.cod_programacion
                        inner join  tbl_matricula m on m.cod_matricula = t.cod_matricula
                        where m.cod_alumno = v_cod_alumno and  p.semestre = v_semestre

                         );
END ;;
DELIMITER ;
/*!50003 SET sql_mode              = @saved_sql_mode */ ;
/*!50003 SET character_set_client  = @saved_cs_client */ ;
/*!50003 SET character_set_results = @saved_cs_results */ ;
/*!50003 SET collation_connection  = @saved_col_connection */ ;
/*!50003 DROP PROCEDURE IF EXISTS `sp_listar_cbtipodocumento` */;
/*!50003 SET @saved_cs_client      = @@character_set_client */ ;
/*!50003 SET @saved_cs_results     = @@character_set_results */ ;
/*!50003 SET @saved_col_connection = @@collation_connection */ ;
/*!50003 SET character_set_client  = utf8 */ ;
/*!50003 SET character_set_results = utf8 */ ;
/*!50003 SET collation_connection  = utf8_general_ci */ ;
/*!50003 SET @saved_sql_mode       = @@sql_mode */ ;
/*!50003 SET sql_mode              = 'NO_ZERO_IN_DATE,NO_ZERO_DATE,NO_ENGINE_SUBSTITUTION' */ ;
DELIMITER ;;
CREATE DEFINER=`root`@`localhost` PROCEDURE `sp_listar_cbtipodocumento`()
BEGIN
SELECT cod_tipo_documento as v1, descripcion as v2 FROM tbl_tipo_documento where estado=1;
END ;;
DELIMITER ;
/*!50003 SET sql_mode              = @saved_sql_mode */ ;
/*!50003 SET character_set_client  = @saved_cs_client */ ;
/*!50003 SET character_set_results = @saved_cs_results */ ;
/*!50003 SET collation_connection  = @saved_col_connection */ ;
/*!50003 DROP PROCEDURE IF EXISTS `sp_listar_cbuniversidad` */;
/*!50003 SET @saved_cs_client      = @@character_set_client */ ;
/*!50003 SET @saved_cs_results     = @@character_set_results */ ;
/*!50003 SET @saved_col_connection = @@collation_connection */ ;
/*!50003 SET character_set_client  = utf8 */ ;
/*!50003 SET character_set_results = utf8 */ ;
/*!50003 SET collation_connection  = utf8_general_ci */ ;
/*!50003 SET @saved_sql_mode       = @@sql_mode */ ;
/*!50003 SET sql_mode              = 'NO_ZERO_IN_DATE,NO_ZERO_DATE,NO_ENGINE_SUBSTITUTION' */ ;
DELIMITER ;;
CREATE DEFINER=`root`@`localhost` PROCEDURE `sp_listar_cbuniversidad`()
BEGIN
SELECT cod_univ_procedencia as v1, descripcion as v2 FROM tbl_univ_procedencia ;
END ;;
DELIMITER ;
/*!50003 SET sql_mode              = @saved_sql_mode */ ;
/*!50003 SET character_set_client  = @saved_cs_client */ ;
/*!50003 SET character_set_results = @saved_cs_results */ ;
/*!50003 SET collation_connection  = @saved_col_connection */ ;
/*!50003 DROP PROCEDURE IF EXISTS `sp_listar_inscripcion_registrar` */;
/*!50003 SET @saved_cs_client      = @@character_set_client */ ;
/*!50003 SET @saved_cs_results     = @@character_set_results */ ;
/*!50003 SET @saved_col_connection = @@collation_connection */ ;
/*!50003 SET character_set_client  = utf8 */ ;
/*!50003 SET character_set_results = utf8 */ ;
/*!50003 SET collation_connection  = utf8_general_ci */ ;
/*!50003 SET @saved_sql_mode       = @@sql_mode */ ;
/*!50003 SET sql_mode              = 'NO_ZERO_IN_DATE,NO_ZERO_DATE,NO_ENGINE_SUBSTITUTION' */ ;
DELIMITER ;;
CREATE DEFINER=`root`@`localhost` PROCEDURE `sp_listar_inscripcion_registrar`()
BEGIN
    SELECT cod_programacion as v1, fecha_inscripcion as v2,cod_matricula as v3

FROM tbl_inscripcion_curso;
END ;;
DELIMITER ;
/*!50003 SET sql_mode              = @saved_sql_mode */ ;
/*!50003 SET character_set_client  = @saved_cs_client */ ;
/*!50003 SET character_set_results = @saved_cs_results */ ;
/*!50003 SET collation_connection  = @saved_col_connection */ ;
/*!50003 DROP PROCEDURE IF EXISTS `sp_listar_mencion` */;
/*!50003 SET @saved_cs_client      = @@character_set_client */ ;
/*!50003 SET @saved_cs_results     = @@character_set_results */ ;
/*!50003 SET @saved_col_connection = @@collation_connection */ ;
/*!50003 SET character_set_client  = utf8 */ ;
/*!50003 SET character_set_results = utf8 */ ;
/*!50003 SET collation_connection  = utf8_general_ci */ ;
/*!50003 SET @saved_sql_mode       = @@sql_mode */ ;
/*!50003 SET sql_mode              = 'NO_ZERO_IN_DATE,NO_ZERO_DATE,NO_ENGINE_SUBSTITUTION' */ ;
DELIMITER ;;
CREATE DEFINER=`root`@`localhost` PROCEDURE `sp_listar_mencion`()
BEGIN
SELECT cod_mencion as v1, cod_programa as v2,grado_academico as v3,estado as v4,
nombre as v5 , estmencion as v6 FROM tbl_mencion;
END ;;
DELIMITER ;
/*!50003 SET sql_mode              = @saved_sql_mode */ ;
/*!50003 SET character_set_client  = @saved_cs_client */ ;
/*!50003 SET character_set_results = @saved_cs_results */ ;
/*!50003 SET collation_connection  = @saved_col_connection */ ;
/*!50003 DROP PROCEDURE IF EXISTS `sp_listar_panel_login1` */;
/*!50003 SET @saved_cs_client      = @@character_set_client */ ;
/*!50003 SET @saved_cs_results     = @@character_set_results */ ;
/*!50003 SET @saved_col_connection = @@collation_connection */ ;
/*!50003 SET character_set_client  = utf8 */ ;
/*!50003 SET character_set_results = utf8 */ ;
/*!50003 SET collation_connection  = utf8_general_ci */ ;
/*!50003 SET @saved_sql_mode       = @@sql_mode */ ;
/*!50003 SET sql_mode              = 'NO_ZERO_IN_DATE,NO_ZERO_DATE,NO_ENGINE_SUBSTITUTION' */ ;
DELIMITER ;;
CREATE DEFINER=`root`@`localhost` PROCEDURE `sp_listar_panel_login1`()
BEGIN

      if EXISTS (SELECT texto_panel1I as v1
      FROM tbl_panel_login) THEN

        SELECT texto_panel1I as v1
        FROM tbl_panel_login;
      else
          SELECT 'Esta area corresponde al Bloque Izquierdo' as v1;



      END IF;

END ;;
DELIMITER ;
/*!50003 SET sql_mode              = @saved_sql_mode */ ;
/*!50003 SET character_set_client  = @saved_cs_client */ ;
/*!50003 SET character_set_results = @saved_cs_results */ ;
/*!50003 SET collation_connection  = @saved_col_connection */ ;
/*!50003 DROP PROCEDURE IF EXISTS `sp_listar_panel_login2` */;
/*!50003 SET @saved_cs_client      = @@character_set_client */ ;
/*!50003 SET @saved_cs_results     = @@character_set_results */ ;
/*!50003 SET @saved_col_connection = @@collation_connection */ ;
/*!50003 SET character_set_client  = utf8 */ ;
/*!50003 SET character_set_results = utf8 */ ;
/*!50003 SET collation_connection  = utf8_general_ci */ ;
/*!50003 SET @saved_sql_mode       = @@sql_mode */ ;
/*!50003 SET sql_mode              = 'NO_ZERO_IN_DATE,NO_ZERO_DATE,NO_ENGINE_SUBSTITUTION' */ ;
DELIMITER ;;
CREATE DEFINER=`root`@`localhost` PROCEDURE `sp_listar_panel_login2`()
BEGIN

      if EXISTS (SELECT texto_panel2D as v1
      FROM tbl_panel_login) THEN

        SELECT texto_panel2D as v1
        FROM tbl_panel_login;
      else
          SELECT 'Esta area corresponde al Bloque Derecho' as v1;



      END IF;



END ;;
DELIMITER ;
/*!50003 SET sql_mode              = @saved_sql_mode */ ;
/*!50003 SET character_set_client  = @saved_cs_client */ ;
/*!50003 SET character_set_results = @saved_cs_results */ ;
/*!50003 SET collation_connection  = @saved_col_connection */ ;
/*!50003 DROP PROCEDURE IF EXISTS `sp_listar_profesor` */;
/*!50003 SET @saved_cs_client      = @@character_set_client */ ;
/*!50003 SET @saved_cs_results     = @@character_set_results */ ;
/*!50003 SET @saved_col_connection = @@collation_connection */ ;
/*!50003 SET character_set_client  = utf8 */ ;
/*!50003 SET character_set_results = utf8 */ ;
/*!50003 SET collation_connection  = utf8_general_ci */ ;
/*!50003 SET @saved_sql_mode       = @@sql_mode */ ;
/*!50003 SET sql_mode              = 'NO_ZERO_IN_DATE,NO_ZERO_DATE,NO_ENGINE_SUBSTITUTION' */ ;
DELIMITER ;;
CREATE DEFINER=`root`@`localhost` PROCEDURE `sp_listar_profesor`()
BEGIN
SELECT cod_profesor as v1, nombres as v2,ape_paterno as v3,ape_materno as v4, nro_documento as v5, movil as v6

FROM tbl_profesor;
END ;;
DELIMITER ;
/*!50003 SET sql_mode              = @saved_sql_mode */ ;
/*!50003 SET character_set_client  = @saved_cs_client */ ;
/*!50003 SET character_set_results = @saved_cs_results */ ;
/*!50003 SET collation_connection  = @saved_col_connection */ ;
/*!50003 DROP PROCEDURE IF EXISTS `sp_listar_usuarios` */;
/*!50003 SET @saved_cs_client      = @@character_set_client */ ;
/*!50003 SET @saved_cs_results     = @@character_set_results */ ;
/*!50003 SET @saved_col_connection = @@collation_connection */ ;
/*!50003 SET character_set_client  = utf8 */ ;
/*!50003 SET character_set_results = utf8 */ ;
/*!50003 SET collation_connection  = utf8_general_ci */ ;
/*!50003 SET @saved_sql_mode       = @@sql_mode */ ;
/*!50003 SET sql_mode              = 'NO_ZERO_IN_DATE,NO_ZERO_DATE,NO_ENGINE_SUBSTITUTION' */ ;
DELIMITER ;;
CREATE DEFINER=`root`@`localhost` PROCEDURE `sp_listar_usuarios`()
BEGIN
SELECT nom_usuario as v1, descripcion as v2,fecha_creacion as v3, estado as v4

FROM tbl_usuario;
END ;;
DELIMITER ;
/*!50003 SET sql_mode              = @saved_sql_mode */ ;
/*!50003 SET character_set_client  = @saved_cs_client */ ;
/*!50003 SET character_set_results = @saved_cs_results */ ;
/*!50003 SET collation_connection  = @saved_col_connection */ ;
/*!50003 DROP PROCEDURE IF EXISTS `sp_login` */;
/*!50003 SET @saved_cs_client      = @@character_set_client */ ;
/*!50003 SET @saved_cs_results     = @@character_set_results */ ;
/*!50003 SET @saved_col_connection = @@collation_connection */ ;
/*!50003 SET character_set_client  = utf8 */ ;
/*!50003 SET character_set_results = utf8 */ ;
/*!50003 SET collation_connection  = utf8_general_ci */ ;
/*!50003 SET @saved_sql_mode       = @@sql_mode */ ;
/*!50003 SET sql_mode              = 'NO_AUTO_VALUE_ON_ZERO' */ ;
DELIMITER ;;
CREATE DEFINER=`root`@`localhost` PROCEDURE `sp_login`(in v_usuario varchar(40),in v_clave varchar(300) )
BEGIN
	select cod_usuario AS v7 ,nom_usuario as v2,tbt.descripcion as v3,tbu.descripcion as v4 from tbl_usuario as tbu inner join tbl_tipo_usuario as tbt 
    on tbu.cod_tipo_usuario=tbt.cod_tipo_usuario
    where nom_usuario=v_usuario and clave=v_clave;
END ;;
DELIMITER ;
/*!50003 SET sql_mode              = @saved_sql_mode */ ;
/*!50003 SET character_set_client  = @saved_cs_client */ ;
/*!50003 SET character_set_results = @saved_cs_results */ ;
/*!50003 SET collation_connection  = @saved_col_connection */ ;
/*!40103 SET TIME_ZONE=@OLD_TIME_ZONE */;

/*!40101 SET SQL_MODE=@OLD_SQL_MODE */;
/*!40014 SET FOREIGN_KEY_CHECKS=@OLD_FOREIGN_KEY_CHECKS */;
/*!40014 SET UNIQUE_CHECKS=@OLD_UNIQUE_CHECKS */;
/*!40101 SET CHARACTER_SET_CLIENT=@OLD_CHARACTER_SET_CLIENT */;
/*!40101 SET CHARACTER_SET_RESULTS=@OLD_CHARACTER_SET_RESULTS */;
/*!40101 SET COLLATION_CONNECTION=@OLD_COLLATION_CONNECTION */;
/*!40111 SET SQL_NOTES=@OLD_SQL_NOTES */;

-- Dump completed on 2020-11-24 19:45:29
