INSERT INTO joueur (id, login, pseudo, passhash, date_creation)
VALUES (1, 'User', null, '$1$wPfGL.4j$igE6xoHpECbp2NGyVYOk21', '2023-07-27 12:43:46.096007'); --password: mdp
select setval('joueur_id_seq', coalesce((select max(id) + 1 from joueur), 1), false);

insert into tag (id, nom, description, type_regroupement, fk_joueur)
values (1, 'Musique de dessin animé', null, 'DIRECT', 1),
       (2, 'Artistes dont le nom commence par', null, 'VALEUR', 1);
select setval('tag_id_seq', coalesce((select max(id) + 1 from tag), 1), false);

insert into playlist (id, nom, fk_joueur)
values (1, 'Blind Test Tubes Incontournables, Blindtest Soirée', 1),
       (2, 'Les hits Disney', 1);
select setval('playlist_id_seq', coalesce((select max(id) + 1 from playlist), 1), false);

insert into artiste (id, nom)
values (1, 'Ricchi e Poveri'),
       (2, 'Jean-Jacques Goldman'),
       (3, 'Boney M.'),
       (5, 'Anastacia'),
       (6, 'Bob Dylan'),
       (7, 'Beyoncé'),
       (8, 'Dido'),
       (9, 'The Weather Girls'),
       (10, 'The Pointer Sisters'),
       (11, 'Busta Rhymes'),
       (12, 'Whitney Houston'),
       (13, 'Kenny Loggins'),
       (14, 'Indochine'),
       (15, 'Jain'),
       (16, 'Jeff Buckley'),
       (17, 'Earth, Wind & Fire'),
       (18, 'Bruce Springsteen'),
       (19, 'The Strokes'),
       (20, 'Suprême NTM'),
       (21, 'Foster the People'),
       (22, 'Céline Dion;Jean-Jacques Goldman'),
       (23, 'Europe'),
       (24, 'Run-DMC'),
       (25, 'Scorpions'),
       (26, 'Justin Timberlake'),
       (27, 'Lil Nas X'),
       (28, 'Sexion D''Assaut'),
       (29, 'Sia'),
       (30, 'Céline Dion'),
       (31, 'The Ting Tings'),
       (32, 'Måneskin'),
       (33, 'Dave'),
       (34, 'Toto'),
       (35, 'Harry Styles'),
       (36, 'Bonnie Tyler'),
       (37, 'Joe Dassin'),
       (38, 'Daft Punk'),
       (39, 'Alicia Keys'),
       (40, 'Queen'),
       (41, 'Laurent Voulzy'),
       (42, 'Francis Cabrel'),
       (43, 'Wham!'),
       (44, 'Rage Against the Machine'),
       (45, 'Michael Jackson'),
       (46, 'Kc & The Sunshine Band'),
       (47, 'Mark Ronson'),
       (48, 'Aya Nakamura'),
       (49, 'Electric Light Orchestra'),
       (50, 'Train'),
       (51, 'Fugees'),
       (52, 'Sade'),
       (53, 'Bill Medley'),
       (54, 'The Bangles'),
       (55, 'Loïc Nottet'),
       (56, 'John Legend'),
       (57, 'Youssou N''Dour'),
       (58, 'Redbone'),
       (59, 'Klaus Nomi'),
       (60, 'Shakira'),
       (61, 'Santana'),
       (62, 'Miley Cyrus'),
       (63, 'Marvin Gaye'),
       (64, 'The White Stripes'),
       (65, 'TLC'),
       (66, 'AC/DC'),
       (67, 'Lou Bega'),
       (68, 'Fleetwood Mac'),
       (69, 'Depeche Mode'),
       (70, 'Kyo'),
       (71, 'Elvis Presley'),
       (72, 'Tom Odell'),
       (73, 'Kygo'),
       (74, 'Gossip'),
       (75, 'Jamiroquai'),
       (76, 'Oasis'),
       (77, 'The Fray'),
       (78, 'Maître Gims'),
       (79, 'Amel Bent'),
       (80, 'George Michael'),
       (81, 'Eurythmics'),
       (82, 'Madonna'),
       (83, 'Helmut Fritz'),
       (84, 'Christina Aguilera'),
       (85, 'Britney Spears'),
       (86, 'Bill Withers'),
       (87, 'The Neighbourhood'),
       (88, 'Marc Lavoine'),
       (89, 'OMI'),
       (90, 'George Ezra'),
       (91, 'Destiny''s Child'),
       (92, 'The Clash'),
       (93, 'Outkast'),
       (94, 'Pitbull'),
       (95, 'Patrick Bruel'),
       (96, 'Billy Joel'),
       (97, 'Joan Jett and the Blackhearts'),
       (98, 'Cyndi Lauper'),
       (99, 'Bon Entendeur'),
       (100, 'Survivor'),
       (101, 'Calvin Harris'),
       (102, 'Garou'),
       (103, 'Pharrell Williams'),
       (104, 'Usher'),
       (105, 'Sean Kingston'),
       (106, 'Julien Doré'),
       (107, 'Sharon Laloum'),
       (108, 'Cerise Calixte'),
       (109, 'Dimitri Rougeul'),
       (110, 'Laura Mayne'),
       (111, 'Anaïs Delva'),
       (112, 'Karine Costa'),
       (113, 'Maïdi Roth'),
       (114, 'Henri Salvador'),
       (115, 'Debbie Davis'),
       (118, 'Richard Darbois'),
       (119, 'Jean Stout'),
       (120, 'Anthony Kavanagh'),
       (121, 'Michel Lerousseau'),
       (122, 'José Germain'),
       (123, 'Chœurs - Les 101 Dalmatiens'),
       (124, 'Phil Collins'),
       (125, 'Marie-Thérèse Orain'),
       (126, 'Maeva Méline'),
       (127, 'Rachel Pignot'),
       (128, 'Luis Ángel Gómez Jaramillo'),
       (129, 'Mimi Félixine'),
       (130, 'Eliane Thibault'),
       (131, 'Mark Keali''i Ho''omalu'),
       (132, 'Charlotte Hervieux'),
       (133, 'Chœurs - Bambi'),
       (134, 'Bernard Alane'),
       (136, 'CharlElie Couture'),
       (137, 'Camille'),
       (138, 'Jean-Claude Donda'),
       (139, 'Jean Piat'),
       (141, 'Elton John'),
       (142, 'Maurice Chevalier'),
       (143, 'Chœurs - Dumbo'),
       (144, 'Cast of Alice in Wonderland'),
       (145, 'Francis Lalanne'),
       (146, 'Michel Roux'),
       (147, 'Randy Newman'),
       (148, 'Sophie Deschaumes');
select setval('artiste_id_seq', coalesce((select max(id) + 1 from artiste), 1), false);

insert into chanson (id, titre, fk_artiste, fk_joueur)
values (1, 'Sarà perché ti amo', 1, 1),
       (2, 'Là-bas', 2, 1),
       (3, 'Rasputin', 3, 1),
       (5, 'I''m Outta Love', 5, 1),
       (6, 'Knockin'' On Heaven''s Door', 6, 1),
       (7, 'Halo', 7, 1),
       (8, 'Thank You', 8, 1),
       (9, 'It''s Raining Men', 9, 1),
       (10, 'I''m So Excited (Single Remix)', 10, 1),
       (11, 'I Know What You Want (feat. Flipmode Squad)', 11, 1),
       (12, 'I Wanna Dance with Somebody (Who Loves Me)', 12, 1),
       (13, 'Footloose (From "Footloose" Soundtrack)', 13, 1),
       (14, 'L''aventurier', 14, 1),
       (15, 'Makeba', 15, 1),
       (16, 'Hallelujah', 16, 1),
       (17, 'September', 17, 1),
       (18, 'Streets of Philadelphia', 18, 1),
       (19, 'Last Nite', 19, 1),
       (20, 'Ma Benz (feat. Lord Kossity)', 20, 1),
       (21, 'Pumped Up Kicks', 21, 1),
       (22, 'J''Irai Ou Tu Iras (duet with Jean-Jacques Goldman)', 22, 1),
       (23, 'The Final Countdown', 23, 1),
       (24, 'Trois nuits par semaine', 14, 1),
       (25, 'Walk This Way (feat. Aerosmith)', 24, 1),
       (26, 'Still Loving You', 25, 1),
       (27, 'Cry Me A River', 26, 1),
       (28, 'Old Town Road (feat. Billy Ray Cyrus) (Remix)', 27, 1),
       (29, 'Wati by Night', 28, 1),
       (30, 'Cheap Thrills (feat. Sean Paul)', 29, 1),
       (31, 'Sous le vent', 30, 1),
       (32, 'Shut Up And Let Me Go', 31, 1),
       (33, 'Beggin''', 32, 1),
       (34, 'Du côte de chez Swann', 33, 1),
       (35, 'Africa', 34, 1),
       (36, 'Sign of the Times', 35, 1),
       (37, 'Total Eclipse of the Heart', 36, 1),
       (38, 'Les Champs-Elysées', 37, 1),
       (39, 'Instant Crush (feat. Julian Casablancas)', 38, 1),
       (40, 'If I Ain''t Got You', 39, 1),
       (41, 'Bohemian Rhapsody (2011 Remaster)', 40, 1),
       (42, 'Ma direction', 28, 1),
       (43, 'Rockollection', 41, 1),
       (44, 'Je t''aimais, je t''aime, je t''aimerai (Remastered)', 42, 1),
       (45, 'Wake Me Up Before You Go-Go', 43, 1),
       (46, 'Killing In The Name', 44, 1),
       (47, 'Thriller', 45, 1),
       (48, 'Give It Up', 46, 1),
       (49, 'Nothing Breaks Like a Heart (feat. Miley Cyrus)', 47, 1),
       (50, 'Djadja', 48, 1),
       (51, 'Mr. Blue Sky', 49, 1),
       (52, 'Hey, Soul Sister', 50, 1),
       (53, 'Killing Me Softly With His Song', 51, 1),
       (54, 'Smooth Operator (Single Version)', 52, 1),
       (55, 'CAN''T STOP THE FEELING! (from DreamWorks Animation''s "TROLLS")', 26, 1),
       (56, '(I''ve Had) The Time Of My Life (From "Dirty Dancing" Soundtrack)', 53, 1),
       (57, 'Walk Like an Egyptian', 54, 1),
       (58, 'Million Eyes', 55, 1),
       (59, 'All Of Me', 56, 1),
       (60, '7 Seconds (feat. Neneh Cherry)', 57, 1),
       (61, 'Come and Get Your Love (Single Version)', 58, 1),
       (62, 'The Cold Song', 59, 1),
       (63,
        'Waka Waka (This Time for Africa) [The Official 2010 FIFA World Cup (TM) Song] (feat. Freshlyground) (Single)',
        60, 1),
       (64, 'Maria Maria (feat. The Product G&B)', 61, 1),
       (65, 'Wrecking Ball', 62, 1),
       (66, 'Sexual Healing', 63, 1),
       (67, 'Fallin''', 39, 1),
       (68, 'Seven Nation Army', 64, 1),
       (69, 'No Scrubs', 65, 1),
       (70, 'Highway to Hell', 66, 1),
       (71, 'Pour Que Tu M''Aimes Encore', 30, 1),
       (72, 'Mambo No. 5 (a Little Bit of...)', 67, 1),
       (73, 'Uptown Funk (feat. Bruno Mars)', 47, 1),
       (74, 'Dreams (2004 Remaster)', 68, 1),
       (75, 'Je te donne', 2, 1),
       (76, 'Enjoy the Silence (Single Mix)', 69, 1),
       (77, 'Dernière danse', 70, 1),
       (78, 'Jailhouse Rock', 71, 1),
       (79, 'Another Love', 72, 1),
       (80, 'It Ain''t Me', 73, 1),
       (81, 'Heavy Cross', 74, 1),
       (82, 'Virtual Insanity (Remastered)', 75, 1),
       (83, 'Wonderwall (Remastered)', 76, 1),
       (84, 'How To Save A Life', 77, 1),
       (85, 'La même', 78, 1),
       (86, 'Ma philosophie', 79, 1),
       (87, 'Careless Whisper', 80, 1),
       (88, 'Sweet Dreams (Are Made of This) (Remastered)', 81, 1),
       (89, 'Material Girl', 82, 1),
       (90, 'Let''s Groove', 17, 1),
       (91, 'Ça m''énerve (Radio Edit)', 83, 1),
       (92, 'Genie In a Bottle', 84, 1),
       (93, '...Baby One More Time', 85, 1),
       (94, 'Unstoppable', 29, 1),
       (95, 'Ain''t No Sunshine', 86, 1),
       (96, 'Sweater Weather', 87, 1),
       (97, 'Elle a les yeux revolver', 88, 1),
       (98, 'Cheerleader (Felix Jaehn Remix) (Radio Edit)', 89, 1),
       (99, 'Crazy In Love (feat. Jay-Z)', 7, 1),
       (100, 'Budapest', 90, 1),
       (101, 'Say My Name (#1''s Edit)', 91, 1),
       (102, 'Should I Stay or Should I Go (Remastered)', 92, 1),
       (103, 'Hey Ya!', 93, 1),
       (104, 'Timber (feat. Ke$ha)', 94, 1),
       (105, 'Place des grands hommes', 95, 1),
       (106, 'Uptown Girl', 96, 1),
       (107, 'I Love Rock ''N Roll', 97, 1),
       (108, 'Personal Jesus (Single Version)', 69, 1),
       (109, 'Girls Just Want to Have Fun', 98, 1),
       (110, 'Le temps est bon', 99, 1),
       (111, 'Eye of the Tiger', 100, 1),
       (112, 'One Kiss', 101, 1),
       (113, 'Sapés comme jamais (feat. Niska) (Pilule bleue)', 78, 1),
       (114, 'Belle (with Patrick Fiori & Garou)', 102, 1),
       (115, 'Get Lucky (Radio Edit - feat. Pharrell Williams and Nile Rodgers)', 38, 1),
       (116, 'Billie Jean', 45, 1),
       (117, 'Come', 15, 1),
       (118, 'Happy (From "Despicable Me 2")', 103, 1),
       (119, 'Yeah! (feat. Lil Jon & Ludacris)', 104, 1),
       (120, 'Beautiful Girls', 105, 1),
       (121, 'Coco Câline', 106, 1),
       (122, 'Ne parlons pas de Bruno', 107, 1),
       (123, 'Partir là-bas', 108, 1),
       (124, 'Hakuna Matata', 109, 1),
       (126, 'Libérée, Délivrée (De "La Reine des Neiges"/Bande Originale Française)', 111, 1),
       (127, 'Ce rêve bleu', 112, 1),
       (128, 'L''Amour Brille Sous Les Étoiles', 113, 1),
       (129, 'Sous l''océan', 114, 1),
       (130, 'L''histoire de la vie', 115, 1),
       (133, 'Je Voudrais Déjà être Roi', 109, 1),
       (134, 'Le bleu lumière', 108, 1),
       (135, 'L'' air Du Vent (De "Pocahontas, Une Légende Indienne"/Bande Originale Française du Film)', 110, 1),
       (136, 'Prince Ali (De "Aladdin"/Bande Originale Française du Film)', 118, 1),
       (137, 'Être un homme comme vous', 119, 1),
       (138, 'Pour les hommes', 120, 1),
       (139, 'Il En Faut Peu Pour Être Heureux', 119, 1),
       (140, 'Ne m''oublie pas (Ernesto de la Cruz)', 121, 1),
       (141, 'Tout le monde veut devenir un cat', 122, 1),
       (142, 'Cruella De Ville (De "Les 101 Dalmatiens")', 123, 1),
       (143, 'Je Veux Savoir', 124, 1),
       (144, 'Honneur à tous', 125, 1),
       (145, 'Où est la vraie vie? (De "Raiponce"/Bande Originale Française du Film)', 126, 1),
       (146, 'Un jour, mon prince viendra', 127, 1),
       (148, 'Un Poco Loco', 128, 1),
       (149, 'Jamais Je N''avouerai', 129, 1),
       (150, 'Je suis ton meilleur ami (De "Aladdin"/Bande Originale Française du Film)', 118, 1),
       (151, 'Supercalifragilistic (De "Mary Poppins")', 130, 1),
       (152, 'He Mele No Lilo', 131, 1),
       (153, 'Dans un autre monde', 132, 1),
       (154, 'La chanson de la pluie (De "Bambi"/Bande Originale Française du Film)', 133, 1),
       (155, 'Je veux y croire (De "Raiponce"/Bande Originale Française du Film)', 126, 1),
       (156, 'Les Cloches de Notre-Dame', 134, 1),
       (158, 'Je Suis Ton Ami', 136, 1),
       (159, 'Le Festin', 137, 1),
       (160, 'Heigh-Ho!', 138, 1),
       (161, 'Soyez Prêtes (De "Le Roi Lion"/Bande Originale Française du Film)', 139, 1),
       (163, 'Can You Feel the Love Tonight', 141, 1),
       (164, 'Les Aristochats', 142, 1),
       (165, 'La marche des éléphants (De "Dumbo")', 143, 1),
       (166, 'Joyeux non-anniversaire', 144, 1),
       (167, 'Le Boogie Blues (De "L’Étrange Noël de Monsieur Jack")', 118, 1),
       (168, 'Rien qu''un Jour', 145, 1),
       (169, 'Chem-chem Cheminée', 146, 1),
       (170, 'Monsters, Inc.', 147, 1),
       (171,
        'La Chanson des Siamois/Qu’est-ce qui se passe par là (De "La Belle et le Clochard"/Bande Originale Française du Film)',
        148, 1);
select setval('chanson_id_seq', coalesce((select max(id) + 1 from chanson), 1), false);

insert into chanson_deezer (id_chanson, id_deezer, extrait, image)
values (1, 636405, 'https://cdns-preview-e.dzcdn.net/stream/c-e0b2bb4bc62e949edaaadff7cd0a3a45-7.mp3',
        'https://e-cdns-images.dzcdn.net/images/artist/8f7f6593c0a4d38c013d46578d6c4331/1000x1000-000000-80-0-0.jpg'),
       (2, 582157, 'https://cdns-preview-c.dzcdn.net/stream/c-cab2c57960c6263f4203cbfe1b132b4a-5.mp3',
        'https://e-cdns-images.dzcdn.net/images/artist/b0203e76d3416e351fee48ce463f13f2/1000x1000-000000-80-0-0.jpg'),
       (3, 1052462, 'https://cdns-preview-d.dzcdn.net/stream/c-d3ec3a17498c951213b3fbf886d6edb7-4.mp3',
        'https://e-cdns-images.dzcdn.net/images/artist/15e32e0e3ff02495b664785196822343/1000x1000-000000-80-0-0.jpg'),
       (5, 574984, 'https://cdns-preview-2.dzcdn.net/stream/c-28677727e02d9993c714a8f3634bd9e0-10.mp3',
        'https://e-cdns-images.dzcdn.net/images/artist/518712c4627a31bfd423882f3fac295a/1000x1000-000000-80-0-0.jpg'),
       (6, 71154320, 'https://cdns-preview-7.dzcdn.net/stream/c-7cf9dfac36aab12abebbd689d6c229ec-3.mp3',
        'https://e-cdns-images.dzcdn.net/images/artist/0842f856bd667eb14d23c887c8c9a470/1000x1000-000000-80-0-0.jpg'),
       (7, 2485108, 'https://cdns-preview-0.dzcdn.net/stream/c-0bba1ec9f872bfa1d167161fb42bdc7d-4.mp3',
        'https://e-cdns-images.dzcdn.net/images/artist/6203637647172f2323ce340c24219d39/1000x1000-000000-80-0-0.jpg'),
       (8, 962173, 'https://cdns-preview-a.dzcdn.net/stream/c-a1bc29167e93809ebb3cf9026739ea4a-5.mp3',
        'https://e-cdns-images.dzcdn.net/images/artist/f491712017092df58852baa114a72dec/1000x1000-000000-80-0-0.jpg'),
       (9, 539080, 'https://cdns-preview-5.dzcdn.net/stream/c-5d37e26010873fcdf1e3024b592fa6ef-5.mp3',
        'https://e-cdns-images.dzcdn.net/images/artist/d31c17966fa8970cdfe9b1ae0bb0da1a/1000x1000-000000-80-0-0.jpg'),
       (10, 964908, 'https://cdns-preview-2.dzcdn.net/stream/c-28829b027f716b508d0524a683fe5b22-6.mp3',
        'https://e-cdns-images.dzcdn.net/images/artist/f96879bdec0dd6f20c76d53fd38ebf52/1000x1000-000000-80-0-0.jpg'),
       (11, 13178557, 'https://cdns-preview-f.dzcdn.net/stream/c-f4ec83a3bf8ab2e50417e8e2775496c7-7.mp3',
        'https://e-cdns-images.dzcdn.net/images/artist/18c3af7a07e16bf1021367d7f07df1a1/1000x1000-000000-80-0-0.jpg'),
       (12, 61752295, 'https://cdns-preview-b.dzcdn.net/stream/c-b383ab0fc58b9d044e8fa9b0d1cd0a06-7.mp3',
        'https://e-cdns-images.dzcdn.net/images/artist/7d7916383f536969db91430a2707d3c0/1000x1000-000000-80-0-0.jpg'),
       (13, 15591550, 'https://cdns-preview-7.dzcdn.net/stream/c-753dcfacfc290bda3068e79e46f43dd1-6.mp3',
        'https://e-cdns-images.dzcdn.net/images/artist/d504e79ebb7fce78757530c45bae38f3/1000x1000-000000-80-0-0.jpg'),
       (14, 1048888, 'https://cdns-preview-6.dzcdn.net/stream/c-6a7e457cde99cccd38a25df30a8e05df-5.mp3',
        'https://e-cdns-images.dzcdn.net/images/artist/a648871eca6611fcf67fa5d55546d3dc/1000x1000-000000-80-0-0.jpg'),
       (15, 109176426, 'https://cdns-preview-f.dzcdn.net/stream/c-f718fd17f614f0834214e6bb728833de-7.mp3',
        'https://e-cdns-images.dzcdn.net/images/artist/d76deb5715e5a9ea8054bfd56ec1e398/1000x1000-000000-80-0-0.jpg'),
       (16, 13131019, 'https://cdns-preview-2.dzcdn.net/stream/c-2e65ebe91335735e0315150c79619f05-4.mp3',
        'https://e-cdns-images.dzcdn.net/images/artist/b04ba931f422ee16f00f63b2e96dd942/1000x1000-000000-80-0-0.jpg'),
       (17, 532008, 'https://cdns-preview-3.dzcdn.net/stream/c-38867c304a72f629dd92c13ebfcdd44b-4.mp3',
        'https://e-cdns-images.dzcdn.net/images/artist/dd1786b881e8023cd8cf37809918a328/1000x1000-000000-80-0-0.jpg'),
       (18, 900973, 'https://cdns-preview-f.dzcdn.net/stream/c-f4a732994a6421c60cff5668cb20dab2-7.mp3',
        'https://e-cdns-images.dzcdn.net/images/artist/7003fc8e2a26471a8bf000b10eff8698/1000x1000-000000-80-0-0.jpg'),
       (19, 15615270, 'https://cdns-preview-b.dzcdn.net/stream/c-ba8e925f64b393e3f01d1dc1b6956fd6-6.mp3',
        'https://e-cdns-images.dzcdn.net/images/artist/88e8ecd06aae5cd69d414af57a67f339/1000x1000-000000-80-0-0.jpg'),
       (20, 555366, 'https://cdns-preview-c.dzcdn.net/stream/c-c1618436ad2277fce1f5fde4a87ed579-5.mp3',
        'https://e-cdns-images.dzcdn.net/images/artist/68936b560d0397e4e38eac45dd964b5c/1000x1000-000000-80-0-0.jpg'),
       (21, 15546830, 'https://cdns-preview-c.dzcdn.net/stream/c-cc58cc86b38c4cbbeefc5da4cca284b1-3.mp3',
        'https://e-cdns-images.dzcdn.net/images/artist/05ca2251809d182ad86bd81d1aba6c80/1000x1000-000000-80-0-0.jpg'),
       (22, 1015670, 'https://cdns-preview-e.dzcdn.net/stream/c-ebb055f88e0c526c89c9ab81cab2a1dc-3.mp3',
        'https://e-cdns-images.dzcdn.net/images/artist//1000x1000-000000-80-0-0.jpg'),
       (23, 858371, 'https://cdns-preview-a.dzcdn.net/stream/c-a10d731f7ffefa076b89716c758f6ada-5.mp3',
        'https://e-cdns-images.dzcdn.net/images/artist/2d33fa44c7584a01dd8ed75b9fa2acc0/1000x1000-000000-80-0-0.jpg'),
       (24, 1132215, 'https://cdns-preview-2.dzcdn.net/stream/c-2449132fa7cb9dce86b2c1514bf922ac-6.mp3',
        'https://e-cdns-images.dzcdn.net/images/artist/a648871eca6611fcf67fa5d55546d3dc/1000x1000-000000-80-0-0.jpg'),
       (25, 958803, 'https://cdns-preview-1.dzcdn.net/stream/c-1778889377f8f0d6aaab3d3fe3d2c228-3.mp3',
        'https://e-cdns-images.dzcdn.net/images/artist/19b54ef583e6e709239ad8ea020526e0/1000x1000-000000-80-0-0.jpg'),
       (26, 14299463, 'https://cdns-preview-7.dzcdn.net/stream/c-714d8ec38a86bc39afea7d535b0edd6c-4.mp3',
        'https://e-cdns-images.dzcdn.net/images/artist/e0be3d1b437f88084204c6b9b3be6600/1000x1000-000000-80-0-0.jpg'),
       (27, 603072, 'https://cdns-preview-7.dzcdn.net/stream/c-79eba4ab86341535fa3a4523789e35b3-4.mp3',
        'https://e-cdns-images.dzcdn.net/images/artist/7c2c076d891f64a039b572fea7df3b96/1000x1000-000000-80-0-0.jpg'),
       (28, 699056192, 'https://cdns-preview-7.dzcdn.net/stream/c-7bbb3968179d5c2f03f583f910b3a2e7-5.mp3',
        'https://e-cdns-images.dzcdn.net/images/artist/cb499091fda9a837d0059cbde5e52450/1000x1000-000000-80-0-0.jpg'),
       (29, 5639255, 'https://cdns-preview-c.dzcdn.net/stream/c-c357201e878cfcb4ba47e50a95c44e45-5.mp3',
        'https://e-cdns-images.dzcdn.net/images/artist/8aa7f0adee4ee809244019d64c5191b5/1000x1000-000000-80-0-0.jpg'),
       (30, 118986142, 'https://cdns-preview-2.dzcdn.net/stream/c-21bcba4367dff1aa9bd02669e62984f6-6.mp3',
        'https://e-cdns-images.dzcdn.net/images/artist/12e3483ed6efd64bcc90f7afad2015c8/1000x1000-000000-80-0-0.jpg'),
       (31, 871455, 'https://cdns-preview-e.dzcdn.net/stream/c-e93217f91d493f166fbb49ee0e74daa1-4.mp3',
        'https://e-cdns-images.dzcdn.net/images/artist/e89cdd01e8fd49d0ab914387418d10ec/1000x1000-000000-80-0-0.jpg'),
       (32, 873558, 'https://cdns-preview-9.dzcdn.net/stream/c-9a1a5a45fe70be6bcec0e344d767b239-4.mp3',
        'https://e-cdns-images.dzcdn.net/images/artist/e2a4e216d2cbaecea38e5f1d85c8094c/1000x1000-000000-80-0-0.jpg'),
       (33, 437046332, 'https://cdns-preview-a.dzcdn.net/stream/c-a2037d0a0d23684f843732e2763cc18e-4.mp3',
        'https://e-cdns-images.dzcdn.net/images/artist/bfd880a82b4fc1a075b039dae6b21e37/1000x1000-000000-80-0-0.jpg'),
       (34, 580789, 'https://cdns-preview-7.dzcdn.net/stream/c-72f3a0bf49c1b7a928f905a0581e9eda-86.mp3',
        'https://e-cdns-images.dzcdn.net/images/artist/adfbceaea52f08638b239ebcb6db85e6/1000x1000-000000-80-0-0.jpg'),
       (35, 1079668, 'https://cdns-preview-4.dzcdn.net/stream/c-4b888aec204edec33c4619ad4a5410b9-6.mp3',
        'https://e-cdns-images.dzcdn.net/images/artist/2d602032fbba9c800a0f359c3edc6d20/1000x1000-000000-80-0-0.jpg'),
       (36, 360301951, 'https://cdns-preview-e.dzcdn.net/stream/c-e3f5f1b8fc50bdb831961bcea4e7720d-7.mp3',
        'https://e-cdns-images.dzcdn.net/images/artist/2b44a30475448e49add6f1c63c6f77b8/1000x1000-000000-80-0-0.jpg'),
       (37, 5404547, 'https://cdns-preview-e.dzcdn.net/stream/c-e298daa9362fa1ecc82e0ca2d16dbaf7-6.mp3',
        'https://e-cdns-images.dzcdn.net/images/artist/c713f1e4ab39a8cd640331bc9dfdca90/1000x1000-000000-80-0-0.jpg'),
       (38, 561685, 'https://cdns-preview-5.dzcdn.net/stream/c-5c9a133b2bbd4e8db5eedb06b5c8a57f-8.mp3',
        'https://e-cdns-images.dzcdn.net/images/artist/e28eada73b08a6fbf20a0ee7a06df3d8/1000x1000-000000-80-0-0.jpg'),
       (39, 67238732, 'https://cdns-preview-7.dzcdn.net/stream/c-7d29f91f6875494c4104a0c436581293-9.mp3',
        'https://e-cdns-images.dzcdn.net/images/artist/f2bc007e9133c946ac3c3907ddc5d2ea/1000x1000-000000-80-0-0.jpg'),
       (40, 629466, 'https://cdns-preview-5.dzcdn.net/stream/c-56077bcb6fbc521958dc165a6846e252-5.mp3',
        'https://e-cdns-images.dzcdn.net/images/artist/d7a456960a3418029f3a17b6353f729c/1000x1000-000000-80-0-0.jpg'),
       (41, 568115892, 'https://cdns-preview-5.dzcdn.net/stream/c-5867c698eeaf9fdde5db302de72e9f36-8.mp3',
        'https://e-cdns-images.dzcdn.net/images/artist/1ab642216454f5e5e02c234f93af481c/1000x1000-000000-80-0-0.jpg'),
       (42, 62119120, 'https://cdns-preview-9.dzcdn.net/stream/c-9ade509f3db8f6e3a9e10633d8acb12e-4.mp3',
        'https://e-cdns-images.dzcdn.net/images/artist/8aa7f0adee4ee809244019d64c5191b5/1000x1000-000000-80-0-0.jpg'),
       (43, 632222, 'https://cdns-preview-3.dzcdn.net/stream/c-3ba97d298a8357108e2578559f7f94e7-4.mp3',
        'https://e-cdns-images.dzcdn.net/images/artist/649810625d3290dc3d14c2ce4a9163a0/1000x1000-000000-80-0-0.jpg'),
       (44, 72066529, 'https://cdns-preview-9.dzcdn.net/stream/c-9de7ae73c50cc69970570609a581d312-6.mp3',
        'https://e-cdns-images.dzcdn.net/images/artist/8c8504e7dd5e8950594f3dc9689e8c79/1000x1000-000000-80-0-0.jpg'),
       (45, 15194531, 'https://cdns-preview-5.dzcdn.net/stream/c-5a8a41d81b20bbf652bf4251937b622d-8.mp3',
        'https://e-cdns-images.dzcdn.net/images/artist/b9fdc7b5b34663917c2ea0f0d7aa6d13/1000x1000-000000-80-0-0.jpg'),
       (46, 62082829, 'https://cdns-preview-0.dzcdn.net/stream/c-044dd6e7270ab0b8c8acd93cc8fb8999-5.mp3',
        'https://e-cdns-images.dzcdn.net/images/artist/b3047670b11b0e2c984ad594b6dee884/1000x1000-000000-80-0-0.jpg'),
       (47, 555639, 'https://cdns-preview-6.dzcdn.net/stream/c-6bed872c77d16d96dd4fe6b4d26c938b-7.mp3',
        'https://e-cdns-images.dzcdn.net/images/artist/86b13342a65ffe06fa151ce353a7b278/1000x1000-000000-80-0-0.jpg'),
       (48, 5404613, 'https://cdns-preview-a.dzcdn.net/stream/c-aa08897f9d52eb971ab4f4e2dc99b8b3-6.mp3',
        'https://e-cdns-images.dzcdn.net/images/artist/238493f3def2129bf282ea7075bb034a/1000x1000-000000-80-0-0.jpg'),
       (49, 595074062, 'https://cdns-preview-c.dzcdn.net/stream/c-c6be38583da3c7f56cc83a74232d3ae3-7.mp3',
        'https://e-cdns-images.dzcdn.net/images/artist/cacdbfdf5fa8c600eadc3e1c2b6ac8c8/1000x1000-000000-80-0-0.jpg'),
       (50, 576851222, 'https://cdns-preview-8.dzcdn.net/stream/c-879bb3b22cad39e80b5edf4d4d74c650-5.mp3',
        'https://e-cdns-images.dzcdn.net/images/artist/071b00c1b2e0e920d9b0c8f08c37157c/1000x1000-000000-80-0-0.jpg'),
       (51, 105757202, 'https://cdns-preview-1.dzcdn.net/stream/c-19d24a28e37c2589955b673187fe44a7-6.mp3',
        'https://e-cdns-images.dzcdn.net/images/artist/5bad0eb9f53fe6ef6e9e22990db1d53e/1000x1000-000000-80-0-0.jpg'),
       (52, 79153773, 'https://cdns-preview-c.dzcdn.net/stream/c-cbdc3035f2fc87150f29f969c6dbe33e-2.mp3',
        'https://e-cdns-images.dzcdn.net/images/artist/8f2e3b879df8a4fe0d8d16125ddc9c07/1000x1000-000000-80-0-0.jpg'),
       (53, 7634934, 'https://cdns-preview-c.dzcdn.net/stream/c-c82349942602c5f8483445552622e1a2-6.mp3',
        'https://e-cdns-images.dzcdn.net/images/artist/7781a2aab7e57cc9cf4f540e27ac7ee5/1000x1000-000000-80-0-0.jpg'),
       (54, 15195586, 'https://cdns-preview-4.dzcdn.net/stream/c-41534b8c32845c6e5174eec88bd62e55-9.mp3',
        'https://e-cdns-images.dzcdn.net/images/artist/61ef9f8e27a31325d45f8623fe3000c6/1000x1000-000000-80-0-0.jpg'),
       (55, 124237488, 'https://cdns-preview-8.dzcdn.net/stream/c-8e2950c9eaf0c5c9bd8621dc855099f4-7.mp3',
        'https://e-cdns-images.dzcdn.net/images/artist/7c2c076d891f64a039b572fea7df3b96/1000x1000-000000-80-0-0.jpg'),
       (56, 13128250, 'https://cdns-preview-2.dzcdn.net/stream/c-234cd1a120137e3e8f683c2cf532825d-5.mp3',
        'https://e-cdns-images.dzcdn.net/images/artist/274ea2a5b81b6ce87fa3b7c2cee6ab43/1000x1000-000000-80-0-0.jpg'),
       (57, 610231, 'https://cdns-preview-2.dzcdn.net/stream/c-28c8f2fd7ec94b06c2db78ab23ffba6a-7.mp3',
        'https://e-cdns-images.dzcdn.net/images/artist/ce66351e244a0778643138ec2471be3f/1000x1000-000000-80-0-0.jpg'),
       (58, 134862996, 'https://cdns-preview-a.dzcdn.net/stream/c-a5a87f8fe19a37fd046043567af186bf-6.mp3',
        'https://e-cdns-images.dzcdn.net/images/artist/de58feefce8aae9f2afae5bd92ea88ed/1000x1000-000000-80-0-0.jpg'),
       (59, 69405360, 'https://cdns-preview-9.dzcdn.net/stream/c-96a8fedbbd05104999b90384769a5d09-2.mp3',
        'https://e-cdns-images.dzcdn.net/images/artist/7a049947b0cbac5620331f83735c08ee/1000x1000-000000-80-0-0.jpg'),
       (60, 1015065, 'https://cdns-preview-3.dzcdn.net/stream/c-3d65eaf66152da9f6c4e4ef486ad3371-3.mp3',
        'https://e-cdns-images.dzcdn.net/images/artist/fe952a7a67e0050ee9622ca83943a674/1000x1000-000000-80-0-0.jpg'),
       (61, 392284592, 'https://cdns-preview-8.dzcdn.net/stream/c-827e311cab90818d26c0d72012a65501-8.mp3',
        'https://e-cdns-images.dzcdn.net/images/artist/d5c2ed435eb99a86314ad16e82548157/1000x1000-000000-80-0-0.jpg'),
       (62, 2171834777, 'https://cdns-preview-8.dzcdn.net/stream/c-81030d736c198cb379f5ff6921dcb0b6-3.mp3',
        'https://e-cdns-images.dzcdn.net/images/artist/1e004fa16bde46569b6254015961046c/1000x1000-000000-80-0-0.jpg'),
       (63, 6121149, 'https://cdns-preview-c.dzcdn.net/stream/c-c12ad57df7e6ca2cad43df388fca913c-3.mp3',
        'https://e-cdns-images.dzcdn.net/images/artist/69c569506a8ff6ab0edfecbd1adf94b0/1000x1000-000000-80-0-0.jpg'),
       (64, 3958522, 'https://cdns-preview-6.dzcdn.net/stream/c-6db0d3839217f44b65c4d727e44e439a-6.mp3',
        'https://e-cdns-images.dzcdn.net/images/artist/12c4d5efef7a0fad494e1acff7213542/1000x1000-000000-80-0-0.jpg'),
       (65, 71137166, 'https://cdns-preview-b.dzcdn.net/stream/c-bdc496a39a6538801b11cd9746efcf6f-3.mp3',
        'https://e-cdns-images.dzcdn.net/images/artist/2e6738a907b161a4b595929a65311a34/1000x1000-000000-80-0-0.jpg'),
       (66, 849815, 'https://cdns-preview-a.dzcdn.net/stream/c-a75b48476e28acc101364136554a3e06-7.mp3',
        'https://e-cdns-images.dzcdn.net/images/artist/139489d466c4351012a8dbbbc7f8ce64/1000x1000-000000-80-0-0.jpg'),
       (67, 959183, 'https://cdns-preview-f.dzcdn.net/stream/c-f977287578b42566feccb2b68f6ba0cb-2.mp3',
        'https://e-cdns-images.dzcdn.net/images/artist/d7a456960a3418029f3a17b6353f729c/1000x1000-000000-80-0-0.jpg'),
       (68, 1092293262, 'https://cdns-preview-3.dzcdn.net/stream/c-32a231382858609a8f98a68d274f98d2-3.mp3',
        'https://e-cdns-images.dzcdn.net/images/artist/aa559e3743497b4433758c6709fb7a78/1000x1000-000000-80-0-0.jpg'),
       (69, 2323859, 'https://cdns-preview-f.dzcdn.net/stream/c-f5eb321ea2132db200977df123094191-4.mp3',
        'https://e-cdns-images.dzcdn.net/images/artist/43ef13b542c74dcaa3119b2750e18d98/1000x1000-000000-80-0-0.jpg'),
       (70, 92719900, 'https://cdns-preview-c.dzcdn.net/stream/c-c9dcc5dffa3210c0a7dd4d7c37f84540-3.mp3',
        'https://e-cdns-images.dzcdn.net/images/artist/ad61d6e0fa724d880db979c9ac8cc5e3/1000x1000-000000-80-0-0.jpg'),
       (71, 1015646, 'https://cdns-preview-b.dzcdn.net/stream/c-b4732cf7712faf0c26a050dac4db06e3-3.mp3',
        'https://e-cdns-images.dzcdn.net/images/artist/e89cdd01e8fd49d0ab914387418d10ec/1000x1000-000000-80-0-0.jpg'),
       (72, 434625962, 'https://cdns-preview-7.dzcdn.net/stream/c-7503651d468441e2140f93410b6b45fc-5.mp3',
        'https://e-cdns-images.dzcdn.net/images/artist/78e1b81f7e57ed16e54d3b53a5bc64dc/1000x1000-000000-80-0-0.jpg'),
       (73, 89779813, 'https://cdns-preview-4.dzcdn.net/stream/c-44de946a45c46de32016e5f0ec299a44-10.mp3',
        'https://e-cdns-images.dzcdn.net/images/artist/cacdbfdf5fa8c600eadc3e1c2b6ac8c8/1000x1000-000000-80-0-0.jpg'),
       (74, 67549188, 'https://cdns-preview-2.dzcdn.net/stream/c-23ad912e636b97805ab9766e6f5486f4-6.mp3',
        'https://e-cdns-images.dzcdn.net/images/artist/ef23278cf3a67a3ca8404ddaa38699d4/1000x1000-000000-80-0-0.jpg'),
       (75, 2639961, 'https://cdns-preview-3.dzcdn.net/stream/c-328b0f491c08e386e0789d749b3b4773-3.mp3',
        'https://e-cdns-images.dzcdn.net/images/artist/b0203e76d3416e351fee48ce463f13f2/1000x1000-000000-80-0-0.jpg'),
       (76, 14617989, 'https://cdns-preview-2.dzcdn.net/stream/c-23dd4fc2cc29ad3c39b6b95ab6ce9129-5.mp3',
        'https://e-cdns-images.dzcdn.net/images/artist/b18856da7850c8b8cb10476fefc15657/1000x1000-000000-80-0-0.jpg'),
       (77, 614693, 'https://cdns-preview-2.dzcdn.net/stream/c-2e9ac0d0f7ec0a444971a845b23fb3ff-3.mp3',
        'https://e-cdns-images.dzcdn.net/images/artist/e416bdaf1d4bcb5ecd1d45e8f3060418/1000x1000-000000-80-0-0.jpg'),
       (78, 1045565, 'https://cdns-preview-f.dzcdn.net/stream/c-f3d267ccb0c569b80613dc4b16c1524b-7.mp3',
        'https://e-cdns-images.dzcdn.net/images/artist/935d35a45e061e7640a0becfa42cef6e/1000x1000-000000-80-0-0.jpg'),
       (79, 64312555, 'https://cdns-preview-7.dzcdn.net/stream/c-7c8ff40dbc83299b5bd4a08efdaa93b7-5.mp3',
        'https://e-cdns-images.dzcdn.net/images/artist/b8ac75b41eb8f74a3bef612a5fe8043c/1000x1000-000000-80-0-0.jpg'),
       (80, 1758553077, 'https://cdns-preview-7.dzcdn.net/stream/c-7badc9ef4e0b2320d1a80ea538dbbd60-3.mp3',
        'https://e-cdns-images.dzcdn.net/images/artist/df5ebed126f2e7402769782dae1e8c68/1000x1000-000000-80-0-0.jpg'),
       (81, 3732049, 'https://cdns-preview-4.dzcdn.net/stream/c-489fa5611207f5e2f18f12dd3ad9c808-4.mp3',
        'https://e-cdns-images.dzcdn.net/images/artist/369e984d7ec83eb4ef25194573331ac9/1000x1000-000000-80-0-0.jpg'),
       (82, 1884719637, 'https://cdns-preview-c.dzcdn.net/stream/c-c756bd20d5d5f9df21d44f68e4d3ac0d-3.mp3',
        'https://e-cdns-images.dzcdn.net/images/artist/992b71648c7333f433cb7f13d6e93799/1000x1000-000000-80-0-0.jpg'),
       (83, 987053242, 'https://cdns-preview-0.dzcdn.net/stream/c-081716887cb1fedcc769418af7795b98-3.mp3',
        'https://e-cdns-images.dzcdn.net/images/artist/bafbda4f8507af52be228cfe08d3b460/1000x1000-000000-80-0-0.jpg'),
       (84, 135374512, 'https://cdns-preview-2.dzcdn.net/stream/c-2ce9e51b52c50724ff29af9af5cd3a2d-6.mp3',
        'https://e-cdns-images.dzcdn.net/images/artist/0c46f72d876e6f2b4dec85e15d89ea11/1000x1000-000000-80-0-0.jpg'),
       (85, 469283072, 'https://cdns-preview-c.dzcdn.net/stream/c-c4364d087ffcb6bde80a5157527fe1b9-6.mp3',
        'https://e-cdns-images.dzcdn.net/images/artist/ba02785ee0a58180ca0e8dd37190d107/1000x1000-000000-80-0-0.jpg'),
       (86, 565420, 'https://cdns-preview-7.dzcdn.net/stream/c-76249e0288dc49a8bc75196b78414dc7-7.mp3',
        'https://e-cdns-images.dzcdn.net/images/artist/7d2f331fd8e5d0ff2e93900b0515e056/1000x1000-000000-80-0-0.jpg'),
       (87, 10392072, 'https://cdns-preview-1.dzcdn.net/stream/c-14a3b7584f2ea66c987e801d4bfcf1fe-5.mp3',
        'https://e-cdns-images.dzcdn.net/images/artist/f4dc4a8e19df83eb78fc1b05dd53ff71/1000x1000-000000-80-0-0.jpg'),
       (88, 561836, 'https://cdns-preview-7.dzcdn.net/stream/c-7a29ac8f41e96136fe43d146a25cf74d-7.mp3',
        'https://e-cdns-images.dzcdn.net/images/artist/d14991d7f939cf2bcb20181e9e124d39/1000x1000-000000-80-0-0.jpg'),
       (89, 678329, 'https://cdns-preview-f.dzcdn.net/stream/c-ff4fccdfa4c53ac273af5526b9ce2fd0-9.mp3',
        'https://e-cdns-images.dzcdn.net/images/artist/28bf6ea06c702a353a1cc6b6a03f0177/1000x1000-000000-80-0-0.jpg'),
       (90, 13144574, 'https://cdns-preview-7.dzcdn.net/stream/c-7878d17e90fb9754518e24e2357480f8-4.mp3',
        'https://e-cdns-images.dzcdn.net/images/artist/dd1786b881e8023cd8cf37809918a328/1000x1000-000000-80-0-0.jpg'),
       (91, 2862281, 'https://cdns-preview-0.dzcdn.net/stream/c-09075f33c39c983816dabe9a9787fabd-5.mp3',
        'https://e-cdns-images.dzcdn.net/images/artist/4c5b0e2e6158f78f2ebc298143b49aa0/1000x1000-000000-80-0-0.jpg'),
       (92, 13131681, 'https://cdns-preview-5.dzcdn.net/stream/c-5689c2611288075de148234a3d38d1d2-5.mp3',
        'https://e-cdns-images.dzcdn.net/images/artist/417414383f32817dd531e121743c5757/1000x1000-000000-80-0-0.jpg'),
       (93, 540175, 'https://cdns-preview-c.dzcdn.net/stream/c-cd9497093c088d198b226e058044787d-7.mp3',
        'https://e-cdns-images.dzcdn.net/images/artist/caea45732bb52679494602c60430435a/1000x1000-000000-80-0-0.jpg'),
       (94, 117708444, 'https://cdns-preview-e.dzcdn.net/stream/c-e246e448a33e090586fa9287f549790c-6.mp3',
        'https://e-cdns-images.dzcdn.net/images/artist/12e3483ed6efd64bcc90f7afad2015c8/1000x1000-000000-80-0-0.jpg'),
       (95, 2312047, 'https://cdns-preview-6.dzcdn.net/stream/c-6593bd40728a764c059429b91ff7b0a1-6.mp3',
        'https://e-cdns-images.dzcdn.net/images/artist/9cdd47ff0c56cf792a8b646772d676e2/1000x1000-000000-80-0-0.jpg'),
       (96, 66506871, 'https://cdns-preview-f.dzcdn.net/stream/c-f2b6fee4f6432ec97dee923d4990eb56-3.mp3',
        'https://e-cdns-images.dzcdn.net/images/artist/b9baaa2d9485a510cb868a8de6a7adc6/1000x1000-000000-80-0-0.jpg'),
       (97, 538825, 'https://cdns-preview-7.dzcdn.net/stream/c-766c53c72a5b0871dd9b0ccac8e989f4-11.mp3',
        'https://e-cdns-images.dzcdn.net/images/artist/80d9000e85bd2ada9ac1be5ed521d8b0/1000x1000-000000-80-0-0.jpg'),
       (98, 95084336, 'https://cdns-preview-0.dzcdn.net/stream/c-08619704f4c8b63ccda8654aedc5bed8-4.mp3',
        'https://e-cdns-images.dzcdn.net/images/artist/a5bcab4240fc8396c44b7e0eee795548/1000x1000-000000-80-0-0.jpg'),
       (99, 609244, 'https://cdns-preview-f.dzcdn.net/stream/c-f5ecd6528459f97a68077d10a7d626e9-8.mp3',
        'https://e-cdns-images.dzcdn.net/images/artist/6203637647172f2323ce340c24219d39/1000x1000-000000-80-0-0.jpg'),
       (100, 79391471, 'https://cdns-preview-6.dzcdn.net/stream/c-699aed460215f78de75ec6de5bf5a867-5.mp3',
        'https://e-cdns-images.dzcdn.net/images/artist/2685c0d156a661d3fc28678de3416750/1000x1000-000000-80-0-0.jpg'),
       (101, 15413323, 'https://cdns-preview-3.dzcdn.net/stream/c-3b391363149dcd12fa276907ef834095-6.mp3',
        'https://e-cdns-images.dzcdn.net/images/artist/c4df3f91071844856d335bacd4017696/1000x1000-000000-80-0-0.jpg'),
       (102, 69505566, 'https://cdns-preview-3.dzcdn.net/stream/c-3a762f71a4ee67e87924dd5320a38eda-4.mp3',
        'https://e-cdns-images.dzcdn.net/images/artist/82a5fe6ba783cf618d5394ae0b8129b9/1000x1000-000000-80-0-0.jpg'),
       (103, 628266, 'https://cdns-preview-a.dzcdn.net/stream/c-adc4965ae3a8b122a10814ee15828ab3-8.mp3',
        'https://e-cdns-images.dzcdn.net/images/artist/32b909447841adfe4fd4770b1c1530ed/1000x1000-000000-80-0-0.jpg'),
       (104, 71403230, 'https://cdns-preview-f.dzcdn.net/stream/c-f4660aac37add230e0d021af11ed4741-3.mp3',
        'https://e-cdns-images.dzcdn.net/images/artist/f755bcad19948129e670598a52d3f874/1000x1000-000000-80-0-0.jpg'),
       (105, 600886, 'https://cdns-preview-1.dzcdn.net/stream/c-11d15f3244a2b2bd079ba020988b608a-6.mp3',
        'https://e-cdns-images.dzcdn.net/images/artist/cd7cf8822a7dbc236bc18cb34d570cdb/1000x1000-000000-80-0-0.jpg'),
       (106, 1025659, 'https://cdns-preview-2.dzcdn.net/stream/c-2d8db355da7b4f057c2e3260b4b6eab9-6.mp3',
        'https://e-cdns-images.dzcdn.net/images/artist/365f2c1bbab41e0b0606879563a49a50/1000x1000-000000-80-0-0.jpg'),
       (107, 545992732, 'https://cdns-preview-1.dzcdn.net/stream/c-1aff44bfddee18618ef3d44d2c19bb3c-5.mp3',
        'https://e-cdns-images.dzcdn.net/images/artist/b8483a310b6f59217691267d3e668364/1000x1000-000000-80-0-0.jpg'),
       (108, 135971870, 'https://cdns-preview-4.dzcdn.net/stream/c-46ee5e7f05470ac3aec0655894282da8-6.mp3',
        'https://e-cdns-images.dzcdn.net/images/artist/b18856da7850c8b8cb10476fefc15657/1000x1000-000000-80-0-0.jpg'),
       (109, 608758, 'https://cdns-preview-5.dzcdn.net/stream/c-5aa3df2a05b3399fdabb8fe90668e330-4.mp3',
        'https://e-cdns-images.dzcdn.net/images/artist/e4a7fbfacd5303fddde5807637e3dba5/1000x1000-000000-80-0-0.jpg'),
       (110, 532589062, 'https://cdns-preview-a.dzcdn.net/stream/c-a9d2cd6ace7fb2dba5d1e9e8e81ade66-6.mp3',
        'https://e-cdns-images.dzcdn.net/images/artist/ed920e6524f5e0418074e49f6fd1f386/1000x1000-000000-80-0-0.jpg'),
       (111, 576431, 'https://cdns-preview-1.dzcdn.net/stream/c-10457ff7a729df6d66df6f19ab135a4d-8.mp3',
        'https://e-cdns-images.dzcdn.net/images/artist/1c9ef1245610e05c62faf24ea612f530/1000x1000-000000-80-0-0.jpg'),
       (112, 482990352, 'https://cdns-preview-2.dzcdn.net/stream/c-2c60c73eea404a623174c7a694881e27-6.mp3',
        'https://e-cdns-images.dzcdn.net/images/artist/566c5a0826b2981a396850ad6ab54429/1000x1000-000000-80-0-0.jpg'),
       (113, 106095102, 'https://cdns-preview-1.dzcdn.net/stream/c-11eefdd4706ee7eecde36c001d99beb3-3.mp3',
        'https://e-cdns-images.dzcdn.net/images/artist/ba02785ee0a58180ca0e8dd37190d107/1000x1000-000000-80-0-0.jpg'),
       (114, 72311689, 'https://cdns-preview-d.dzcdn.net/stream/c-d31ad6f8f33a2d7037d58e45c36cd377-3.mp3',
        'https://e-cdns-images.dzcdn.net/images/artist/c7a85a87e3ec068025dea28669132ec8/1000x1000-000000-80-0-0.jpg'),
       (115, 66609426, 'https://cdns-preview-b.dzcdn.net/stream/c-bdab5f5d846a91f14a01b75731dbc22a-7.mp3',
        'https://e-cdns-images.dzcdn.net/images/artist/f2bc007e9133c946ac3c3907ddc5d2ea/1000x1000-000000-80-0-0.jpg'),
       (116, 555641, 'https://cdns-preview-e.dzcdn.net/stream/c-eef193772a1f0033f3369f5628fd21ca-7.mp3',
        'https://e-cdns-images.dzcdn.net/images/artist/86b13342a65ffe06fa151ce353a7b278/1000x1000-000000-80-0-0.jpg'),
       (117, 101706741, 'https://cdns-preview-7.dzcdn.net/stream/c-791a9e81e16c31ff7744bd0cb2f55c2e-4.mp3',
        'https://e-cdns-images.dzcdn.net/images/artist/d76deb5715e5a9ea8054bfd56ec1e398/1000x1000-000000-80-0-0.jpg'),
       (118, 91618388, 'https://cdns-preview-7.dzcdn.net/stream/c-7d7d7826aeea6e05457564210ab8a749-6.mp3',
        'https://e-cdns-images.dzcdn.net/images/artist/67f517c99b8b6ca8d9bde94db363b887/1000x1000-000000-80-0-0.jpg'),
       (119, 13783449, 'https://cdns-preview-0.dzcdn.net/stream/c-0b5b115091f6e29c35a6929609115b2f-9.mp3',
        'https://e-cdns-images.dzcdn.net/images/artist/7c25d479052a51ecc4674eae6e4c1c27/1000x1000-000000-80-0-0.jpg'),
       (120, 13131248, 'https://cdns-preview-4.dzcdn.net/stream/c-41d4983ecc1c8fc0fd49f3b905d92798-5.mp3',
        'https://e-cdns-images.dzcdn.net/images/artist/09fc1c77eeae26c51264f839033274bb/1000x1000-000000-80-0-0.jpg'),
       (121, 132479804, 'https://cdns-preview-b.dzcdn.net/stream/c-bc5cc7944780f2ce2e64743f2e158e33-6.mp3',
        'https://e-cdns-images.dzcdn.net/images/artist/b464b19140eddfa64a2a7b65710dc20f/1000x1000-000000-80-0-0.jpg'),
       (122, 1550795112, 'https://cdns-preview-4.dzcdn.net/stream/c-4b91c9eb704520d91ecb57b4c13f9856-4.mp3',
        'https://e-cdns-images.dzcdn.net/images/artist/1741da90d71014717c246d99813c94e5/1000x1000-000000-80-0-0.jpg'),
       (123, 2287174247, 'https://cdns-preview-b.dzcdn.net/stream/c-b0db15953316bd8434ccc639fcf2960d-4.mp3',
        'https://e-cdns-images.dzcdn.net/images/artist/82260d5b844dbcd941f7841dbf343979/1000x1000-000000-80-0-0.jpg'),
       (124, 3117861, 'https://cdns-preview-9.dzcdn.net/stream/c-90d7ec2c8ee16b0596b5bf3e9065bfa1-9.mp3',
        'https://e-cdns-images.dzcdn.net/images/artist//1000x1000-000000-80-0-0.jpg'),
       (126, 72427143, 'https://cdns-preview-8.dzcdn.net/stream/c-83fb25c04bc36a2c7034d65af631641a-4.mp3',
        'https://e-cdns-images.dzcdn.net/images/artist/5269b0efbddff41e23cf840f023c291c/1000x1000-000000-80-0-0.jpg'),
       (127, 4588779, 'https://cdns-preview-8.dzcdn.net/stream/c-8601e195cc0bb44a8de079a4c73308bb-5.mp3',
        'https://e-cdns-images.dzcdn.net/images/artist/7665a0fc63a98d3a2fa352f49225346e/1000x1000-000000-80-0-0.jpg'),
       (128, 13277560, 'https://cdns-preview-c.dzcdn.net/stream/c-ce64fcba7116dbb7c5c7ec1afbf9eea9-7.mp3',
        'https://e-cdns-images.dzcdn.net/images/artist/20b6737cfca860672d6453178f8c13bc/1000x1000-000000-80-0-0.jpg'),
       (129, 4588774, 'https://cdns-preview-7.dzcdn.net/stream/c-7ac10f0be22741401606fdc77acc4a59-5.mp3',
        'https://e-cdns-images.dzcdn.net/images/artist/dfbd87df1cc778eb2f55fca6f9006081/1000x1000-000000-80-0-0.jpg'),
       (130, 3117858, 'https://cdns-preview-7.dzcdn.net/stream/c-76ea45f9073dfe5eb6f61c0f845bffb2-9.mp3',
        'https://e-cdns-images.dzcdn.net/images/artist/e83ac6ddcf4e00038b1be8484ac809f4/1000x1000-000000-80-0-0.jpg'),
       (133, 3117859, 'https://cdns-preview-9.dzcdn.net/stream/c-95ad731ea9db27a69c32ed0dce9475af-9.mp3',
        'https://e-cdns-images.dzcdn.net/images/artist//1000x1000-000000-80-0-0.jpg'),
       (134, 136864432, 'https://cdns-preview-7.dzcdn.net/stream/c-7336d688725d161ccaf62647d75fe0d4-6.mp3',
        'https://e-cdns-images.dzcdn.net/images/artist/82260d5b844dbcd941f7841dbf343979/1000x1000-000000-80-0-0.jpg'),
       (135, 714372202, 'https://cdns-preview-2.dzcdn.net/stream/c-26c6b4d0f33a11f638c45b1b1e9b18ea-6.mp3',
        'https://e-cdns-images.dzcdn.net/images/artist/378e60cddaffbd85416ffe947a904929/1000x1000-000000-80-0-0.jpg'),
       (136, 76278115, 'https://cdns-preview-c.dzcdn.net/stream/c-c51312b75e5cb0dba4cec7fba3b6714a-6.mp3',
        'https://e-cdns-images.dzcdn.net/images/artist/63396bded08d38b1099ca2904f04acb3/1000x1000-000000-80-0-0.jpg'),
       (137, 3117876, 'https://cdns-preview-c.dzcdn.net/stream/c-c45faed35efd32a272dd44b0a46a2144-8.mp3',
        'https://e-cdns-images.dzcdn.net/images/artist//1000x1000-000000-80-0-0.jpg'),
       (138, 136864438, 'https://cdns-preview-6.dzcdn.net/stream/c-6d867353be76d332df958a51a2e7d836-6.mp3',
        'https://e-cdns-images.dzcdn.net/images/artist/02f700f73aebdb027a4a3969aba42901/1000x1000-000000-80-0-0.jpg'),
       (139, 3117875, 'https://cdns-preview-f.dzcdn.net/stream/c-f4a5902803012693e9f7afe2abc26766-7.mp3',
        'https://e-cdns-images.dzcdn.net/images/artist//1000x1000-000000-80-0-0.jpg'),
       (140, 430264202, 'https://cdns-preview-1.dzcdn.net/stream/c-15abe6ce07e513d09817d0b9256f8222-6.mp3',
        'https://e-cdns-images.dzcdn.net/images/artist//1000x1000-000000-80-0-0.jpg'),
       (141, 4588793, 'https://cdns-preview-5.dzcdn.net/stream/c-5e9e59d38a4b6d862be383612e5dc371-5.mp3',
        'https://e-cdns-images.dzcdn.net/images/artist/542ed9607731838a59d5bba62b830e6f/1000x1000-000000-80-0-0.jpg'),
       (142, 598063692, 'https://cdns-preview-5.dzcdn.net/stream/c-50ce0ce6dda352a4c0dbf856f8f1ae9e-7.mp3',
        'https://e-cdns-images.dzcdn.net/images/artist//1000x1000-000000-80-0-0.jpg'),
       (143, 3118071, 'https://cdns-preview-2.dzcdn.net/stream/c-2848b549c9f92f32a831f9f72c9dedd0-8.mp3',
        'https://e-cdns-images.dzcdn.net/images/artist/206b79a942ee278de023a9d3cd732f87/1000x1000-000000-80-0-0.jpg'),
       (144, 85268730, 'https://cdns-preview-0.dzcdn.net/stream/c-0612cfe5f481959f568c54e7be8cf124-4.mp3',
        'https://e-cdns-images.dzcdn.net/images/artist/410b7a00de74a5a800bc074adad1fa61/1000x1000-000000-80-0-0.jpg'),
       (145, 595453762, 'https://cdns-preview-f.dzcdn.net/stream/c-f693895928034b2dace110b8acfe8eb2-7.mp3',
        'https://e-cdns-images.dzcdn.net/images/artist/eb3dd51046dae917a43a6ac9eea0491d/1000x1000-000000-80-0-0.jpg'),
       (146, 4588791, 'https://cdns-preview-4.dzcdn.net/stream/c-436a70875ab21ac5c2f36a777df164ca-5.mp3',
        'https://e-cdns-images.dzcdn.net/images/artist/93c3192694f3242456bc8384d948e750/1000x1000-000000-80-0-0.jpg'),
       (148, 419915782, 'https://cdns-preview-2.dzcdn.net/stream/c-2d67145eb0e6b1e3772c8796684d6e0e-8.mp3',
        'https://e-cdns-images.dzcdn.net/images/artist/f76df37dd5250bf04606998210b0d317/1000x1000-000000-80-0-0.jpg'),
       (149, 3118335, 'https://cdns-preview-7.dzcdn.net/stream/c-7fb34e40fc1fd6334520ef2ba9255bf8-8.mp3',
        'https://e-cdns-images.dzcdn.net/images/artist//1000x1000-000000-80-0-0.jpg'),
       (150, 76278136, 'https://cdns-preview-8.dzcdn.net/stream/c-8277cfe4d0a096e7fd37938dde517d0d-6.mp3',
        'https://e-cdns-images.dzcdn.net/images/artist/63396bded08d38b1099ca2904f04acb3/1000x1000-000000-80-0-0.jpg'),
       (151, 76278123, 'https://cdns-preview-6.dzcdn.net/stream/c-60f92a2b324802994d519559da197a12-6.mp3',
        'https://e-cdns-images.dzcdn.net/images/artist/5b5f4c4b5f312924ade6dcf1ee4e961c/1000x1000-000000-80-0-0.jpg'),
       (152, 3118025, 'https://cdns-preview-a.dzcdn.net/stream/c-aa0a4a72932f894e2dc7977b0da7cbc5-8.mp3',
        'https://e-cdns-images.dzcdn.net/images/artist//1000x1000-000000-80-0-0.jpg'),
       (153, 804009232, 'https://cdns-preview-1.dzcdn.net/stream/c-101e750c96e6e0fa7d6b83c5fc9a2ad2-6.mp3',
        'https://e-cdns-images.dzcdn.net/images/artist/2b134131369517aeafd83f936687f874/1000x1000-000000-80-0-0.jpg'),
       (154, 76278139, 'https://cdns-preview-6.dzcdn.net/stream/c-61aeb4bc0a9e46e7944ef821856dc918-5.mp3',
        'https://e-cdns-images.dzcdn.net/images/artist//1000x1000-000000-80-0-0.jpg'),
       (155, 595453812, 'https://cdns-preview-0.dzcdn.net/stream/c-0d9dca737f97f1ea56c168b72ae9ca75-7.mp3',
        'https://e-cdns-images.dzcdn.net/images/artist/eb3dd51046dae917a43a6ac9eea0491d/1000x1000-000000-80-0-0.jpg'),
       (156, 3117952, 'https://cdns-preview-a.dzcdn.net/stream/c-ae989f6dff83ac1825c15077e0720c60-8.mp3',
        'https://e-cdns-images.dzcdn.net/images/artist//1000x1000-000000-80-0-0.jpg'),
       (158, 6493927, 'https://cdns-preview-e.dzcdn.net/stream/c-e3d770ba8a1944b4eb5565fd3cf24e9e-6.mp3',
        'https://e-cdns-images.dzcdn.net/images/artist/7ed5c1ac50ddfbd69ba345c133cc8deb/1000x1000-000000-80-0-0.jpg'),
       (159, 5167605, 'https://cdns-preview-0.dzcdn.net/stream/c-03e9bcad527921cd76aeb6c1321f80fd-6.mp3',
        'https://e-cdns-images.dzcdn.net/images/artist/35166c13f464371610f64f33805877ba/1000x1000-000000-80-0-0.jpg'),
       (160, 4588794, 'https://cdns-preview-e.dzcdn.net/stream/c-ef06818b28d342d5569164b9a4250e3c-5.mp3',
        'https://e-cdns-images.dzcdn.net/images/artist//1000x1000-000000-80-0-0.jpg'),
       (161, 133639538, 'https://cdns-preview-8.dzcdn.net/stream/c-888dcdbceae02a6570153297db7262d4-7.mp3',
        'https://e-cdns-images.dzcdn.net/images/artist/aca3375dcc894e7b584d954c3fc2bba7/1000x1000-000000-80-0-0.jpg'),
       (163, 3117869, 'https://cdns-preview-5.dzcdn.net/stream/c-5e4e893751de1f4b4af514bf59f71d3c-8.mp3',
        'https://e-cdns-images.dzcdn.net/images/artist/b0fe7bfd530a33ada202a6d7c2d77d3e/1000x1000-000000-80-0-0.jpg'),
       (164, 14597626, 'https://cdns-preview-e.dzcdn.net/stream/c-e917869a9e72abc1ea6b35f0018340bb-7.mp3',
        'https://e-cdns-images.dzcdn.net/images/artist/5f0668c96b091ed5e49b8050db67148e/1000x1000-000000-80-0-0.jpg'),
       (165, 598063532, 'https://cdns-preview-9.dzcdn.net/stream/c-927b773d870585fdd266d63b18264244-6.mp3',
        'https://e-cdns-images.dzcdn.net/images/artist//1000x1000-000000-80-0-0.jpg'),
       (166, 76278124, 'https://cdns-preview-1.dzcdn.net/stream/c-17d14eb88599b46900c2c257d93a25a3-6.mp3',
        'https://e-cdns-images.dzcdn.net/images/artist//1000x1000-000000-80-0-0.jpg'),
       (167, 598064012, 'https://cdns-preview-d.dzcdn.net/stream/c-dfb3f4186e77d06b0d2bd2eed4c0545f-6.mp3',
        'https://e-cdns-images.dzcdn.net/images/artist/63396bded08d38b1099ca2904f04acb3/1000x1000-000000-80-0-0.jpg'),
       (168, 3117953, 'https://cdns-preview-5.dzcdn.net/stream/c-58a7d4adbc0ecda14dc4e2e5aaa39e3f-8.mp3',
        'https://e-cdns-images.dzcdn.net/images/artist/bb8c25745f3cdc2ac45c6838454f9758/1000x1000-000000-80-0-0.jpg'),
       (169, 4588804, 'https://cdns-preview-0.dzcdn.net/stream/c-0cbc1db5c0276496c3a1480e66ec176b-5.mp3',
        'https://e-cdns-images.dzcdn.net/images/artist/39cf8a3be550ce5a5804ed1a182b68f2/1000x1000-000000-80-0-0.jpg'),
       (170, 3203370, 'https://cdns-preview-8.dzcdn.net/stream/c-8fba6eb072c267d98ad254654f354470-7.mp3',
        'https://e-cdns-images.dzcdn.net/images/artist/fa1ceaaeac24a415303d4042cc01cc22/1000x1000-000000-80-0-0.jpg'),
       (171, 133639550, 'https://cdns-preview-a.dzcdn.net/stream/c-aa7dc1e1fbb373847eac5d565629bbf5-7.mp3',
        'https://e-cdns-images.dzcdn.net/images/artist//1000x1000-000000-80-0-0.jpg');

insert into chanson_dans_playlist (fk_playlist, fk_chanson)
values (1, 1),
       (1, 2),
       (1, 3),
       (1, 5),
       (1, 6),
       (1, 7),
       (1, 8),
       (1, 9),
       (1, 10),
       (1, 11),
       (1, 12),
       (1, 13),
       (1, 14),
       (1, 15),
       (1, 16),
       (1, 17),
       (1, 18),
       (1, 19),
       (1, 20),
       (1, 21),
       (1, 22),
       (1, 23),
       (1, 24),
       (1, 25),
       (1, 26),
       (1, 27),
       (1, 28),
       (1, 29),
       (1, 30),
       (1, 31),
       (1, 32),
       (1, 33),
       (1, 34),
       (1, 35),
       (1, 36),
       (1, 37),
       (1, 38),
       (1, 39),
       (1, 40),
       (1, 41),
       (1, 42),
       (1, 43),
       (1, 44),
       (1, 45),
       (1, 46),
       (1, 47),
       (1, 48),
       (1, 49),
       (1, 50),
       (1, 51),
       (1, 52),
       (1, 53),
       (1, 54),
       (1, 55),
       (1, 56),
       (1, 57),
       (1, 58),
       (1, 59),
       (1, 60),
       (1, 61),
       (1, 62),
       (1, 63),
       (1, 64),
       (1, 65),
       (1, 66),
       (1, 67),
       (1, 68),
       (1, 69),
       (1, 70),
       (1, 71),
       (1, 72),
       (1, 73),
       (1, 74),
       (1, 75),
       (1, 76),
       (1, 77),
       (1, 78),
       (1, 79),
       (1, 80),
       (1, 81),
       (1, 82),
       (1, 83),
       (1, 84),
       (1, 85),
       (1, 86),
       (1, 87),
       (1, 88),
       (1, 89),
       (1, 90),
       (1, 91),
       (1, 92),
       (1, 93),
       (1, 94),
       (1, 95),
       (1, 96),
       (1, 97),
       (1, 98),
       (1, 99),
       (1, 100),
       (1, 101),
       (1, 102),
       (1, 103),
       (1, 104),
       (1, 105),
       (1, 106),
       (1, 107),
       (1, 108),
       (1, 109),
       (1, 110),
       (1, 111),
       (1, 112),
       (1, 113),
       (1, 114),
       (1, 115),
       (1, 116),
       (1, 117),
       (1, 118),
       (1, 119),
       (1, 120),
       (1, 121),
       (2, 122),
       (2, 123),
       (2, 124),
       (2, 126),
       (2, 127),
       (2, 128),
       (2, 129),
       (2, 130),
       (2, 133),
       (2, 134),
       (2, 135),
       (2, 136),
       (2, 137),
       (2, 138),
       (2, 139),
       (2, 140),
       (2, 141),
       (2, 142),
       (2, 143),
       (2, 144),
       (2, 145),
       (2, 146),
       (2, 148),
       (2, 149),
       (2, 150),
       (2, 151),
       (2, 152),
       (2, 153),
       (2, 154),
       (2, 155),
       (2, 156),
       (2, 158),
       (2, 159),
       (2, 160),
       (2, 161),
       (2, 163),
       (2, 164),
       (2, 165),
       (2, 166),
       (2, 167),
       (2, 168),
       (2, 169),
       (2, 170),
       (2, 171);

insert into valeur_tag (fk_chanson, fk_tag, valeur)
values (1, 2, 'R'),
       (2, 2, 'J'),
       (3, 2, 'B'),
       (5, 2, 'A'),
       (6, 2, 'B'),
       (7, 2, 'B'),
       (8, 2, 'D'),
       (9, 2, 'T'),
       (10, 2, 'T'),
       (11, 2, 'B'),
       (12, 2, 'W'),
       (13, 2, 'K'),
       (14, 2, 'I'),
       (15, 2, 'J'),
       (16, 2, 'J'),
       (17, 2, 'E'),
       (18, 2, 'B'),
       (19, 2, 'T'),
       (20, 2, 'S'),
       (21, 2, 'F'),
       (22, 2, 'C'),
       (23, 2, 'E'),
       (24, 2, 'I'),
       (25, 2, 'R'),
       (26, 2, 'S'),
       (27, 2, 'J'),
       (28, 2, 'L'),
       (29, 2, 'S'),
       (30, 2, 'S'),
       (31, 2, 'C'),
       (32, 2, 'T'),
       (33, 2, 'M'),
       (34, 2, 'D'),
       (35, 2, 'T'),
       (36, 2, 'H'),
       (37, 2, 'B'),
       (38, 2, 'J'),
       (39, 2, 'D'),
       (40, 2, 'A'),
       (41, 2, 'Q'),
       (42, 2, 'S'),
       (43, 2, 'L'),
       (44, 2, 'F'),
       (45, 2, 'W'),
       (46, 2, 'R'),
       (47, 2, 'M'),
       (48, 2, 'K'),
       (49, 2, 'M'),
       (50, 2, 'A'),
       (51, 2, 'E'),
       (52, 2, 'T'),
       (53, 2, 'F'),
       (54, 2, 'S'),
       (55, 2, 'J'),
       (56, 2, 'B'),
       (57, 2, 'T'),
       (58, 2, 'L'),
       (59, 2, 'J'),
       (60, 2, 'Y'),
       (61, 2, 'R'),
       (62, 2, 'K'),
       (63, 2, 'S'),
       (64, 2, 'S'),
       (65, 2, 'M'),
       (66, 2, 'M'),
       (67, 2, 'A'),
       (68, 2, 'T'),
       (69, 2, 'T'),
       (70, 2, 'A'),
       (71, 2, 'C'),
       (72, 2, 'L'),
       (73, 2, 'M'),
       (74, 2, 'F'),
       (75, 2, 'J'),
       (76, 2, 'D'),
       (77, 2, 'K'),
       (78, 2, 'E'),
       (79, 2, 'T'),
       (80, 2, 'K'),
       (81, 2, 'G'),
       (82, 2, 'J'),
       (83, 2, 'O'),
       (84, 2, 'T'),
       (85, 2, 'M'),
       (86, 2, 'A'),
       (87, 2, 'G'),
       (88, 2, 'E'),
       (89, 2, 'M'),
       (90, 2, 'E'),
       (91, 2, 'H'),
       (92, 2, 'C'),
       (93, 2, 'B'),
       (94, 2, 'S'),
       (95, 2, 'B'),
       (96, 2, 'T'),
       (97, 2, 'M'),
       (98, 2, 'O'),
       (99, 2, 'B'),
       (100, 2, 'G'),
       (101, 2, 'D'),
       (102, 2, 'T'),
       (103, 2, 'O'),
       (104, 2, 'P'),
       (105, 2, 'P'),
       (106, 2, 'B'),
       (107, 2, 'J'),
       (108, 2, 'D'),
       (109, 2, 'C'),
       (110, 2, 'B'),
       (111, 2, 'S'),
       (112, 2, 'C'),
       (113, 2, 'M'),
       (114, 2, 'G'),
       (115, 2, 'D'),
       (116, 2, 'M'),
       (117, 2, 'J'),
       (118, 2, 'P'),
       (119, 2, 'U'),
       (120, 2, 'S'),
       (121, 2, 'J'),
       (122, 2, 'S'),
       (122, 1, 'Encanto'),
       (123, 2, 'C'),
       (123, 1, 'La Petite Sirène'),
       (124, 2, 'D'),
       (124, 1, 'Le Roi Lion'),
       (126, 2, 'A'),
       (126, 1, 'La Reine des Neiges'),
       (127, 2, 'K'),
       (127, 1, 'Aladdin'),
       (128, 2, 'M'),
       (128, 1, 'Le Roi Lion'),
       (129, 2, 'H'),
       (129, 1, 'La Petite Sirène'),
       (130, 2, 'D'),
       (130, 1, 'Le Roi Lion'),
       (133, 2, 'D'),
       (133, 1, 'Le Roi Lion'),
       (134, 2, 'C'),
       (134, 1, 'La Petite Sirène'),
       (135, 2, 'L'),
       (135, 1, 'Pocahontas'),
       (136, 2, 'R'),
       (136, 1, 'Aladdin'),
       (137, 2, 'J'),
       (137, 1, 'Le Livre de la Jungle'),
       (138, 2, 'A'),
       (138, 1, 'Vaïana'),
       (139, 2, 'J'),
       (139, 1, 'Le Livre de la Jungle'),
       (140, 2, 'M'),
       (140, 1, 'Coco'),
       (141, 2, 'J'),
       (141, 1, 'Les Aristochats'),
       (142, 2, 'C'),
       (142, 1, 'Les 101 Dalmatiens'),
       (143, 2, 'P'),
       (143, 1, 'Tarzan'),
       (144, 2, 'M'),
       (144, 1, 'Mulan'),
       (145, 2, 'M'),
       (145, 1, 'Raiponce'),
       (146, 2, 'R'),
       (146, 1, 'Blanche-Neige et les Sept Nains'),
       (148, 2, 'L'),
       (148, 1, 'Coco'),
       (149, 2, 'M'),
       (149, 1, 'Hercule'),
       (150, 2, 'R'),
       (150, 1, 'Aladdin'),
       (151, 2, 'E'),
       (151, 1, 'Mary Poppins'),
       (152, 2, 'M'),
       (152, 1, 'Lilo et Stitch'),
       (153, 2, 'C'),
       (153, 1, 'La Reine des Neiges 2'),
       (154, 2, 'C'),
       (154, 1, 'Bambi'),
       (155, 2, 'M'),
       (155, 1, 'Raiponce'),
       (156, 2, 'B'),
       (156, 1, 'Le Bossu de Notre-Dame'),
       (158, 2, 'C'),
       (158, 1, 'Toy Story'),
       (159, 2, 'C'),
       (159, 1, 'Ratatouille'),
       (160, 2, 'J'),
       (160, 1, 'Blanche-Neige et les Sept Nains'),
       (161, 2, 'J'),
       (161, 1, 'Le Roi Lion'),
       (163, 2, 'E'),
       (163, 1, 'Le Roi Lion'),
       (164, 2, 'M'),
       (164, 1, 'Les Aristochats'),
       (165, 2, 'C'),
       (165, 1, 'Dumbo'),
       (166, 2, 'C'),
       (166, 1, 'Alice au Pays des Merveilles'),
       (167, 2, 'R'),
       (167, 1, 'L’Étrange Noël de Monsieur Jack'),
       (168, 2, 'F'),
       (168, 1, 'Le Bossu de Notre-Dame'),
       (169, 2, 'M'),
       (169, 1, 'Mary Poppins'),
       (170, 2, 'R'),
       (170, 1, 'Monstres et Compagnie'),
       (171, 2, 'S'),
       (171, 1, 'La Belle et le Clochard');
