﻿--
-- Script was generated by Devart dbForge Studio for MySQL, Version 8.0.40.0
-- Product home page: http://www.devart.com/dbforge/mysql/studio
-- Script date 18/09/2019 13:16:42
-- Server version: 5.5.5-10.1.40-MariaDB
-- Client version: 4.1
--

-- 
-- Disable foreign keys
-- 
/*!40014 SET @OLD_FOREIGN_KEY_CHECKS=@@FOREIGN_KEY_CHECKS, FOREIGN_KEY_CHECKS=0 */;

-- 
-- Set SQL mode
-- 
/*!40101 SET @OLD_SQL_MODE=@@SQL_MODE, SQL_MODE='NO_AUTO_VALUE_ON_ZERO' */;

-- 
-- Set character set the client will use to send SQL statements to the server
--
SET NAMES 'utf8';

DROP DATABASE IF EXISTS ejemplo3programacion;

CREATE DATABASE ejemplo3programacion
CHARACTER SET latin1
COLLATE latin1_swedish_ci;

--
-- Set default database
--
USE ejemplo3programacion;

--
-- Create table `numeros`
--
CREATE TABLE numeros (
  dato int(11) DEFAULT NULL
)
ENGINE = INNODB,
AVG_ROW_LENGTH = 4096,
CHARACTER SET latin1,
COLLATE latin1_swedish_ci;

DELIMITER $$

--
-- Create function `moda`
--
CREATE DEFINER = 'root'@'localhost'
FUNCTION moda (n1 int, n2 int, n3 int, n4 int)
RETURNS int(11)
BEGIN
  DECLARE moda int DEFAULT 0;


  CREATE OR REPLACE TEMPORARY TABLE numeros (
    id int AUTO_INCREMENT PRIMARY KEY,
    dato int
  );

  INSERT INTO numeros (dato)
    VALUES (n1), (n2), (n3), (n4);

  /*SET moda=(SELECT dato FROM numeros GROUP BY dato HAVING COUNT(*)=(SELECT MAX(n) FROM (SELECT dato, COUNT(*) n FROM numeros GROUP BY dato) c1));*/
  SELECT
    dato INTO moda
  FROM numeros
  GROUP BY dato
  ORDER BY COUNT(*) DESC LIMIT 1;




  RETURN moda;
END
$$

--
-- Create procedure `moda`
--
CREATE DEFINER = 'root'@'localhost'
PROCEDURE moda (n1 int, n2 int, n3 int, n4 int)
BEGIN
  DECLARE moda int DEFAULT 0;

  DROP TABLE IF EXISTS numeros;
  CREATE TABLE numeros (
    dato int
  );

  INSERT INTO numeros (dato)
    VALUES (n1), (n2), (n3), (n4);

  SET moda = (SELECT
      dato
    FROM numeros
    GROUP BY dato
    HAVING COUNT(*) = (SELECT
        MAX(n)
      FROM (SELECT
          dato,
          COUNT(*) n
        FROM numeros
        GROUP BY dato) c1));
  SELECT
    moda;
END
$$

--
-- Create function `perimetroTriangulo`
--
CREATE DEFINER = 'root'@'localhost'
FUNCTION perimetroTriangulo (base int, lado2 int, lado3 int)
RETURNS int(11)
BEGIN
  DECLARE perimetro int DEFAULT 0;

  SET perimetro = base + lado2 + lado3;

  RETURN perimetro;
END
$$

--
-- Create function `areaTriangulo`
--
CREATE DEFINER = 'root'@'localhost'
FUNCTION areaTriangulo (base int, altura int)
RETURNS float
BEGIN
  DECLARE area float DEFAULT 0;

  SET area = base * altura / 2;
  RETURN area;
END
$$

--
-- Create procedure `triangulos`
--
CREATE DEFINER = 'root'@'localhost'
PROCEDURE triangulos (Id1 int, Id2 int)
BEGIN
  UPDATE triangulos
  SET area = areaTriangulo(base, altura),
      perimetro = perimetroTriangulo(base, lado2, lado3)
  WHERE id BETWEEN Id1 AND Id2;
END
$$

--
-- Create procedure `actualizarTriangulos`
--
CREATE DEFINER = 'root'@'localhost'
PROCEDURE actualizarTriangulos (Id1 int, Id2 int)
BEGIN
  UPDATE triangulos
  SET area = areaTriangulo(base, altura),
      perimetro = perimetroTriangulo(base, lado2, lado3)
  WHERE id BETWEEN Id1 AND Id2;
END
$$

--
-- Create function `perimetroRectangulo`
--
CREATE DEFINER = 'root'@'localhost'
FUNCTION perimetroRectangulo (lado1 int, lado2 int)
RETURNS int(11)
BEGIN
  DECLARE perimetro int DEFAULT 0;

  SET perimetro = 2 * lado1 + 2 * lado2;

  RETURN perimetro;
END
$$

--
-- Create function `areaRectangulo`
--
CREATE DEFINER = 'root'@'localhost'
FUNCTION areaRectangulo (lado1 int, lado2 int)
RETURNS int(11)
BEGIN
  DECLARE area int DEFAULT 0;

  SET area = lado1 * lado2;

  RETURN area;
END
$$

DELIMITER ;

--
-- Create table `rectangulo`
--
CREATE TABLE rectangulo (
  id int(11) NOT NULL,
  lado1 int(11) NOT NULL,
  lado2 int(11) NOT NULL,
  area varchar(255) DEFAULT NULL,
  perimetro varchar(255) DEFAULT NULL,
  PRIMARY KEY (id)
)
ENGINE = INNODB,
AVG_ROW_LENGTH = 862,
CHARACTER SET latin1,
COLLATE latin1_swedish_ci;

--
-- Create index `lado1_index` on table `rectangulo`
--
ALTER TABLE rectangulo
ADD INDEX lado1_index (lado1);

--
-- Create index `lado2_index` on table `rectangulo`
--
ALTER TABLE rectangulo
ADD INDEX lado2_index (lado2);

DELIMITER $$

--
-- Create procedure `actualizarRectangulo`
--
CREATE DEFINER = 'root'@'localhost'
PROCEDURE actualizarRectangulo (Id1 int, Id2 int)
BEGIN
  UPDATE rectangulo
  SET area = areaRectangulo(lado1, lado2),
      perimetro = perimetroRectangulo(lado1, lado2)
  WHERE id BETWEEN Id1 AND Id2;

END
$$

--
-- Create function `perimetroCuadrado`
--
CREATE DEFINER = 'root'@'localhost'
FUNCTION perimetroCuadrado (lado int)
RETURNS int(11)
BEGIN
  DECLARE perimetro int DEFAULT 0;

  SET perimetro = lado * 4;

  RETURN perimetro;
END
$$

--
-- Create function `areaCuadrado`
--
CREATE DEFINER = 'root'@'localhost'
FUNCTION areaCuadrado (lado int)
RETURNS int(11)
BEGIN
  DECLARE area int DEFAULT 0;

  SET area = POW(lado, 4);
  RETURN area;
END
$$

DELIMITER ;

--
-- Create table `cuadrados`
--
CREATE TABLE cuadrados (
  id int(11) NOT NULL,
  lado int(11) NOT NULL,
  area varchar(255) DEFAULT NULL,
  perimetro varchar(255) DEFAULT NULL,
  PRIMARY KEY (id)
)
ENGINE = INNODB,
AVG_ROW_LENGTH = 862,
CHARACTER SET latin1,
COLLATE latin1_swedish_ci;

--
-- Create index `lado_index` on table `cuadrados`
--
ALTER TABLE cuadrados
ADD INDEX lado_index (lado);

DELIMITER $$

--
-- Create procedure `actualizarCuadrados`
--
CREATE DEFINER = 'root'@'localhost'
PROCEDURE actualizarCuadrados (Id1 int, Id2 int)
BEGIN
  UPDATE cuadrados
  SET area = areaCuadrado(lado),
      perimetro = perimetroCuadrado(lado)
  WHERE id BETWEEN Id1 AND Id2;
END
$$

DELIMITER ;

--
-- Create table `conversion`
--
CREATE TABLE conversion (
  id int(11) NOT NULL,
  cm double DEFAULT NULL,
  m double DEFAULT NULL,
  km double DEFAULT NULL,
  pulgadas double DEFAULT NULL,
  PRIMARY KEY (id)
)
ENGINE = INNODB,
AVG_ROW_LENGTH = 819,
CHARACTER SET latin1,
COLLATE latin1_swedish_ci;

DELIMITER $$

--
-- Create procedure `actualizarConversion`
--
CREATE DEFINER = 'root'@'localhost'
PROCEDURE actualizarConversion (id1 int)
BEGIN


  UPDATE conversion
  SET m = cm / 100,
      km = cm / 100000,
      pulgadas = cm / 2.54
  WHERE cm IS NOT NULL
  AND id > id1;


  UPDATE conversion
  SET cm = m * 100,
      km = m / 1000,
      pulgadas = m * 39.37
  WHERE m IS NOT NULL
  AND id > id1;

  UPDATE conversion
  SET cm = km * 100000,
      m = km * 1000,
      pulgadas = km * 39370.079
  WHERE km IS NOT NULL
  AND id > id1;

  UPDATE conversion
  SET m = pulgadas / 39.37,
      cm = pulgadas * 2.54,
      km = pulgadas / 39370.079
  WHERE pulgadas IS NOT NULL
  AND id > id1;

END
$$

--
-- Create function `perimetroCirculo`
--
CREATE DEFINER = 'root'@'localhost'
FUNCTION perimetroCirculo (radio int)
RETURNS float
BEGIN
  DECLARE perimetro float DEFAULT 0;

  SET perimetro = 2 * PI() * radio;

  RETURN perimetro;
END
$$

--
-- Create function `areaCirculo`
--
CREATE DEFINER = 'root'@'localhost'
FUNCTION areaCirculo (radio int)
RETURNS float
BEGIN
  DECLARE area float DEFAULT 0;

  SET area = PI() * POW(radio, 2);

  RETURN area;
END
$$

DELIMITER ;

--
-- Create table `circulo`
--
CREATE TABLE circulo (
  id int(11) NOT NULL,
  radio int(11) NOT NULL,
  tipo varchar(5) DEFAULT NULL,
  area varchar(255) DEFAULT NULL,
  perimetro varchar(255) DEFAULT NULL,
  PRIMARY KEY (id)
)
ENGINE = INNODB,
AVG_ROW_LENGTH = 819,
CHARACTER SET latin1,
COLLATE latin1_swedish_ci;

--
-- Create index `radio_index` on table `circulo`
--
ALTER TABLE circulo
ADD INDEX radio_index (radio);

DELIMITER $$

--
-- Create procedure `actualizarCirculos`
--
CREATE DEFINER = 'root'@'localhost'
PROCEDURE actualizarCirculos (Id1 int, Id2 int, tipoC varchar(5))
BEGIN
  IF (tipoC IS NULL) THEN
    UPDATE circulo
    SET area = areaCirculo(radio),
        perimetro = perimetroCirculo(radio)
    WHERE id BETWEEN Id1 AND Id2;
  ELSE
    UPDATE circulo
    SET area = areaCirculo(radio),
        perimetro = perimetroCirculo(radio)
    WHERE id BETWEEN Id1 AND Id2
    AND tipo = tipoC;
  END IF;

END
$$

DELIMITER ;

--
-- Create table `grupos`
--
CREATE TABLE grupos (
  id int(11) NOT NULL,
  media varchar(255) DEFAULT NULL,
  max varchar(255) DEFAULT NULL,
  min varchar(255) DEFAULT NULL,
  PRIMARY KEY (id)
)
ENGINE = INNODB,
AVG_ROW_LENGTH = 8192,
CHARACTER SET latin1,
COLLATE latin1_swedish_ci;

DELIMITER $$

--
-- Create function `minimo`
--
CREATE DEFINER = 'root'@'localhost'
FUNCTION minimo (n1 int, n2 int, n3 int, n4 int)
RETURNS int(11)
BEGIN
  DECLARE minNota int DEFAULT 0;

  SET minNota = LEAST(n1, n2, n3, n4);

  RETURN minNota;
END
$$

--
-- Create function `maximo`
--
CREATE DEFINER = 'root'@'localhost'
FUNCTION maximo (n1 int, n2 int, n3 int, n4 int)
RETURNS int(11)
BEGIN
  DECLARE maxNota int DEFAULT 0;

  SET maxNota = GREATEST(n1, n2, n3, n4);

  RETURN maxNota;
END
$$

--
-- Create function `media`
--
CREATE DEFINER = 'root'@'localhost'
FUNCTION media (n1 int, n2 int, n3 int, n4 int)
RETURNS float
BEGIN
  DECLARE notaMedia float DEFAULT 0;

  SET notaMedia = (n1 + n2 + n3 + n4) / 4;

  RETURN notaMedia;
END
$$

DELIMITER ;

--
-- Create table `alumnos`
--
CREATE TABLE alumnos (
  id int(11) NOT NULL,
  nota1 int(11) NOT NULL,
  nota2 int(11) NOT NULL,
  nota3 int(11) NOT NULL,
  nota4 int(11) NOT NULL,
  grupo int(11) NOT NULL,
  media varchar(255) DEFAULT NULL,
  max varchar(255) DEFAULT NULL,
  min varchar(255) DEFAULT NULL,
  moda varchar(255) DEFAULT NULL,
  PRIMARY KEY (id)
)
ENGINE = INNODB,
AVG_ROW_LENGTH = 819,
CHARACTER SET latin1,
COLLATE latin1_swedish_ci;

--
-- Create index `grupo_index` on table `alumnos`
--
ALTER TABLE alumnos
ADD INDEX grupo_index (grupo);

--
-- Create index `nota1_index` on table `alumnos`
--
ALTER TABLE alumnos
ADD INDEX nota1_index (nota1);

--
-- Create index `nota2_index` on table `alumnos`
--
ALTER TABLE alumnos
ADD INDEX nota2_index (nota2);

--
-- Create index `nota3_index` on table `alumnos`
--
ALTER TABLE alumnos
ADD INDEX nota3_index (nota3);

--
-- Create index `nota4_index` on table `alumnos`
--
ALTER TABLE alumnos
ADD INDEX nota4_index (nota4);

DELIMITER $$

--
-- Create procedure `actualizarAlumnos`
--
CREATE DEFINER = 'root'@'localhost'
PROCEDURE actualizarAlumnos (Id1 int, Id2 int)
BEGIN
  UPDATE alumnos
  SET media = media(nota1, nota2, nota3, nota4),
      max = maximo(nota1, nota2, nota3, nota4),
      min = minimo(nota1, nota2, nota3, nota4),
      moda = moda(nota1, nota2, nota3, nota4)
  WHERE id BETWEEN Id1 AND Id2;

  -- cuando el grupo es 1
  UPDATE grupos
  SET media = (SELECT
      AVG(media)
    FROM alumnos
    WHERE id BETWEEN Id1 AND Id2
    AND grupo = 1)
  WHERE id = 1;
  -- cuando el grupo es 2
  UPDATE grupos
  SET media = (SELECT
      AVG(media)
    FROM alumnos
    WHERE id BETWEEN Id1 AND Id2
    AND grupo = 2)
  WHERE id = 2;
END
$$

DELIMITER ;

--
-- Create table `triangulos`
--
CREATE TABLE triangulos (
  id int(11) NOT NULL,
  base int(11) NOT NULL,
  altura int(11) NOT NULL,
  lado2 int(11) NOT NULL,
  lado3 int(11) NOT NULL,
  area varchar(255) DEFAULT NULL,
  perimetro varchar(255) DEFAULT NULL,
  PRIMARY KEY (id)
)
ENGINE = INNODB,
AVG_ROW_LENGTH = 862,
CHARACTER SET latin1,
COLLATE latin1_swedish_ci;

--
-- Create index `altura_index` on table `triangulos`
--
ALTER TABLE triangulos
ADD INDEX altura_index (altura);

--
-- Create index `base_index` on table `triangulos`
--
ALTER TABLE triangulos
ADD INDEX base_index (base);

--
-- Create index `lado2_index` on table `triangulos`
--
ALTER TABLE triangulos
ADD INDEX lado2_index (lado2);

--
-- Create index `lado3_index` on table `triangulos`
--
ALTER TABLE triangulos
ADD INDEX lado3_index (lado3);

-- 
-- Dumping data for table triangulos
--
INSERT INTO triangulos VALUES
(1, 848, 153, 2, 11, NULL, NULL),
(2, 654, 208, 54, 76, NULL, NULL),
(3, 577, 80, 17, 31, NULL, NULL),
(4, 584, 555, 85, 9, NULL, NULL),
(5, 777, 555, 45, 89, NULL, NULL),
(6, 923, 830, 59, 66, NULL, NULL),
(7, 844, 843, 34, 23, NULL, NULL),
(8, 530, 8, 35, 61, NULL, NULL),
(9, 931, 159, 85, 23, NULL, NULL),
(10, 747, 626, 45, 33, NULL, NULL),
(11, 858, 984, 20, 74, NULL, NULL),
(12, 805, 928, 77, 63, NULL, NULL),
(13, 165, 27, 68, 64, NULL, NULL),
(14, 181, 287, 29, 70, NULL, NULL),
(15, 428, 453, 36, 7, NULL, NULL),
(16, 335, 133, 40, 19, NULL, NULL),
(17, 921, 5, 7, 28, NULL, NULL),
(18, 31, 424, 62, 54, NULL, NULL),
(19, 398, 195, 43, 7, NULL, NULL);

-- 
-- Dumping data for table rectangulo
--
INSERT INTO rectangulo VALUES
(1, 281, 134, NULL, NULL),
(2, 412, 293, NULL, NULL),
(3, 32, 360, NULL, NULL),
(4, 160, 88, NULL, NULL),
(5, 478, 18, NULL, NULL),
(6, 254, 294, NULL, NULL),
(7, 247, 329, NULL, NULL),
(8, 262, 270, NULL, NULL),
(9, 223, 26, NULL, NULL),
(10, 245, 25, NULL, NULL),
(11, 249, 321, NULL, NULL),
(12, 98, 206, NULL, NULL),
(13, 243, 63, NULL, NULL),
(14, 338, 56, NULL, NULL),
(15, 200, 99, NULL, NULL),
(16, 14, 36, NULL, NULL),
(17, 48, 457, NULL, NULL),
(18, 163, 287, NULL, NULL),
(19, 499, 70, NULL, NULL);

-- 
-- Dumping data for table numeros
--
INSERT INTO numeros VALUES
(3),
(4),
(4),
(5);

-- 
-- Dumping data for table grupos
--
INSERT INTO grupos VALUES
(1, '4.416666666666667', NULL, NULL),
(2, '5.25', NULL, NULL);

-- 
-- Dumping data for table cuadrados
--
INSERT INTO cuadrados VALUES
(1, 804, NULL, NULL),
(2, 388, NULL, NULL),
(3, 305, NULL, NULL),
(4, 36, NULL, NULL),
(5, 837, NULL, NULL),
(6, 227, NULL, NULL),
(7, 997, NULL, NULL),
(8, 280, NULL, NULL),
(9, 128, NULL, NULL),
(10, 291, NULL, NULL),
(11, 188, NULL, NULL),
(12, 372, NULL, NULL),
(13, 429, NULL, NULL),
(14, 792, NULL, NULL),
(15, 481, NULL, NULL),
(16, 598, NULL, NULL),
(17, 350, NULL, NULL),
(18, 616, NULL, NULL),
(19, 596, NULL, NULL);

-- 
-- Dumping data for table conversion
--
INSERT INTO conversion VALUES
(1, 27.5513169990088, NULL, NULL, NULL),
(2, NULL, 7.85961416510526, NULL, NULL),
(3, NULL, NULL, 9.05038939697554, NULL),
(4, 27.8111153399179, NULL, NULL, NULL),
(5, NULL, 13.7321792018768, NULL, NULL),
(6, NULL, NULL, NULL, 53.0775182151605),
(7, NULL, NULL, NULL, 75.8067900730354),
(8, 68.5908023315763, NULL, NULL, NULL),
(9, 59.3464982847267, NULL, NULL, NULL),
(10, NULL, 5.99856596649828, NULL, NULL),
(11, NULL, NULL, 95.8473307653201, NULL),
(12, 93.2609863686245, NULL, NULL, NULL),
(13, 60.2023613653914, NULL, NULL, NULL),
(14, NULL, NULL, NULL, 53.8781016506381),
(15, 22.5715671824697, NULL, NULL, NULL),
(16, NULL, 41.6096004848706, NULL, NULL),
(17, 92.8652939784352, NULL, NULL, NULL),
(18, NULL, NULL, 0.230979833140998, NULL),
(19, NULL, 76.8918482300903, NULL, NULL),
(20, 7.91901479794084, NULL, NULL, NULL);

-- 
-- Dumping data for table circulo
--
INSERT INTO circulo VALUES
(1, 23, 'a', NULL, NULL),
(2, 18, 'a', NULL, NULL),
(3, 5, 'b', NULL, NULL),
(4, 13, 'a', NULL, NULL),
(5, 18, 'a', NULL, NULL),
(6, 21, 'a', NULL, NULL),
(7, 12, 'a', NULL, NULL),
(8, 3, 'a', NULL, NULL),
(9, 21, 'b', NULL, NULL),
(10, 13, 'a', NULL, NULL),
(11, 8, 'a', NULL, NULL),
(12, 18, 'a', NULL, NULL),
(13, 18, 'a', NULL, NULL),
(14, 6, 'a', NULL, NULL),
(15, 5, 'a', NULL, NULL),
(16, 23, 'a', NULL, NULL),
(17, 17, 'b', NULL, NULL),
(18, 14, 'b', NULL, NULL),
(19, 20, 'b', NULL, NULL),
(20, 18, 'b', NULL, NULL);

-- 
-- Dumping data for table alumnos
--
INSERT INTO alumnos VALUES
(1, 2, 7, 3, 7, 1, NULL, NULL, NULL, NULL),
(2, 3, 3, 3, 3, 2, '3', '3', '3', '3'),
(3, 9, 8, 3, 4, 1, '6', '9', '3', '3'),
(4, 9, 3, 3, 3, 1, '4.5', '9', '3', '3'),
(5, 2, 3, 4, 2, 1, '2.75', '4', '2', '2'),
(6, 6, 9, 4, 6, 2, '6.25', '9', '4', '6'),
(7, 5, 5, 5, 2, 2, '4.25', '5', '2', '5'),
(8, 9, 9, 5, 7, 2, '7.5', '9', '5', '9'),
(9, 3, 5, 5, 8, 2, NULL, NULL, NULL, NULL),
(10, 4, 2, 1, 5, 1, NULL, NULL, NULL, NULL),
(11, 2, 6, 1, 2, 1, NULL, NULL, NULL, NULL),
(12, 2, 4, 9, 6, 1, NULL, NULL, NULL, NULL),
(13, 3, 1, 9, 2, 1, NULL, NULL, NULL, NULL),
(14, 3, 7, 6, 2, 1, NULL, NULL, NULL, NULL),
(15, 3, 7, 4, 9, 2, NULL, NULL, NULL, NULL),
(16, 1, 7, 3, 8, 2, NULL, NULL, NULL, NULL),
(17, 4, 9, 4, 5, 2, NULL, NULL, NULL, NULL),
(18, 8, 5, 1, 4, 2, NULL, NULL, NULL, NULL),
(19, 3, 4, 4, 5, 1, NULL, NULL, NULL, NULL),
(20, 8, 9, 2, 2, 1, NULL, NULL, NULL, NULL);

-- 
-- Restore previous SQL mode
-- 
/*!40101 SET SQL_MODE=@OLD_SQL_MODE */;

-- 
-- Enable foreign keys
-- 
/*!40014 SET FOREIGN_KEY_CHECKS = @OLD_FOREIGN_KEY_CHECKS */;