-- Base de données: Elevage
-- (MySQL/MariaDB)
-- Novembre 2023
-- ------------------------

SET FOREIGN_KEY_CHECKS = 0;

DROP DATABASE IF EXISTS elevage;
CREATE DATABASE IF NOT EXISTS elevage;

USE elevage;

-- Table animal
CREATE TABLE `animal` (
  `id` smallint unsigned NOT NULL AUTO_INCREMENT,
  `sexe` char(1) DEFAULT NULL,
  `date_naissance` datetime NOT NULL,
  `nom` varchar(30) DEFAULT NULL,
  `commentaires` text DEFAULT NULL,
  `espece_id` smallint unsigned DEFAULT NULL,
  `race_id` smallint unsigned DEFAULT NULL,
  `mere_id` smallint unsigned DEFAULT NULL,
  `pere_id` smallint unsigned DEFAULT NULL,
  PRIMARY KEY (`id`),
  KEY `fk_espece_id` (`espece_id`),
  KEY `fk_race_id` (`race_id`),
  KEY `fk_mere_id` (`mere_id`),
  KEY `fk_pere_id` (`pere_id`),
  CONSTRAINT `fk_espece_id` FOREIGN KEY (`espece_id`) REFERENCES `espece` (`id`),
  CONSTRAINT `fk_mere_id` FOREIGN KEY (`mere_id`) REFERENCES `animal` (`id`),
  CONSTRAINT `fk_pere_id` FOREIGN KEY (`pere_id`) REFERENCES `animal` (`id`),
  CONSTRAINT `fk_race_id` FOREIGN KEY (`race_id`) REFERENCES `race` (`id`)
) ENGINE=InnoDB AUTO_INCREMENT=61 DEFAULT CHARSET=utf8mb4 COLLATE=utf8mb4_general_ci;

LOCK TABLES `animal` WRITE;
INSERT INTO `animal` VALUES (1,'M','2010-04-05 13:43:00','Rox','Mordille beaucoup',1,1,18,22),(2,NULL,'2010-03-24 02:23:00','Roucky',NULL,2,NULL,40,30),(3,'F','2010-09-13 15:02:00','Schtroumpfette',NULL,2,4,41,31),(4,'F','2009-08-03 05:12:00',NULL,NULL,3,NULL,NULL,NULL),(5,NULL,'2010-10-03 16:44:00','Choupi','Né sans oreille gauche',2,NULL,NULL,NULL),(6,'F','2009-06-13 08:17:00','Bobosse','Carapace bizarre',3,NULL,NULL,NULL),(7,'F','2008-12-06 05:18:00','Caroline',NULL,1,2,NULL,NULL),(8,'M','2008-09-11 15:38:00','Bagherra',NULL,2,5,NULL,NULL),(9,NULL,'2010-08-23 05:18:00',NULL,NULL,3,NULL,NULL,NULL),(10,'M','2010-07-21 15:41:00','Bobo',NULL,1,NULL,7,21),(11,'F','2008-02-20 15:45:00','Canaille',NULL,1,NULL,NULL,NULL),(12,'F','2009-05-26 08:54:00','Cali',NULL,1,2,NULL,NULL),(13,'F','2007-04-24 12:54:00','Rouquine',NULL,1,1,NULL,NULL),(14,'F','2009-05-26 08:56:00','Fila',NULL,1,2,NULL,NULL),(15,'F','2008-02-20 15:47:00','Anya',NULL,1,NULL,NULL,NULL),(16,'F','2009-05-26 08:50:00','Louya',NULL,1,NULL,NULL,NULL),(17,'F','2008-03-10 13:45:00','Welva',NULL,1,3,NULL,NULL),(18,'F','2007-04-24 12:59:00','Zira',NULL,1,1,NULL,NULL),(19,'F','2009-05-26 09:02:00','Java',NULL,1,2,NULL,NULL),(20,'M','2007-04-24 12:45:00','Balou',NULL,1,1,NULL,NULL),(21,'F','2008-03-10 13:43:00','Pataude',NULL,1,3,NULL,NULL),(22,'M','2007-04-24 12:42:00','Bouli',NULL,1,1,NULL,NULL),(24,'M','2007-04-12 05:23:00','Cartouche',NULL,1,NULL,NULL,NULL),(25,'M','2006-05-14 15:50:00','Zambo',NULL,1,1,NULL,NULL),(26,'M','2006-05-14 15:48:00','Samba',NULL,1,1,NULL,NULL),(27,'M','2008-03-10 13:40:00','Moka',NULL,1,3,NULL,NULL),(28,'M','2006-05-14 15:40:00','Pilou',NULL,1,1,NULL,NULL),(29,'M','2009-05-14 06:30:00','Fiero',NULL,2,6,NULL,NULL),(30,'M','2007-03-12 12:05:00','Zonko',NULL,2,5,NULL,NULL),(31,'M','2008-02-20 15:45:00','Filou',NULL,2,4,NULL,NULL),(32,'M','2007-03-12 12:07:00','Farceur',NULL,2,5,NULL,NULL),(33,'M','2006-05-19 16:17:00','Caribou',NULL,2,4,NULL,NULL),(34,'M','2008-04-20 03:22:00','Capou',NULL,2,5,NULL,NULL),(35,'M','2006-05-19 16:56:00','Raccou','Pas de queue depuis la naissance',2,4,NULL,NULL),(36,'M','2009-05-14 06:42:00','Boucan',NULL,2,6,NULL,NULL),(37,'F','2006-05-19 16:06:00','Callune',NULL,2,4,NULL,NULL),(38,'F','2009-05-14 06:45:00','Boule',NULL,2,6,NULL,NULL),(39,'F','2008-04-20 03:26:00','Zara',NULL,2,5,NULL,NULL),(40,'F','2007-03-12 12:00:00','Milla',NULL,2,5,NULL,NULL),(41,'F','2006-05-19 15:59:00','Feta',NULL,2,4,NULL,NULL),(42,'F','2008-04-20 03:20:00','Bilba','Sourde de l\'oreille droite à 80%',2,5,NULL,NULL),(43,'F','2007-03-12 11:54:00','Cracotte',NULL,2,5,NULL,NULL),(44,'F','2006-05-19 16:16:00','Cawette',NULL,2,4,NULL,NULL),(45,'F','2007-04-01 18:17:00','Nikki',NULL,3,NULL,NULL,NULL),(46,'F','2009-03-24 08:23:00','Tortilla',NULL,3,NULL,NULL,NULL),(47,'F','2009-03-26 01:24:00','Scroupy',NULL,3,NULL,NULL,NULL),(48,'F','2006-03-15 14:56:00','Lulla',NULL,3,NULL,NULL,NULL),(49,'F','2008-03-15 12:02:00','Dana',NULL,3,NULL,NULL,NULL),(50,'F','2009-05-25 19:57:00','Cheli',NULL,3,NULL,NULL,NULL),(51,'F','2007-04-01 03:54:00','Chicaca',NULL,3,NULL,NULL,NULL),(52,'F','2006-03-15 14:26:00','Redbul','Insomniaque',3,NULL,NULL,NULL),(53,'M','2007-04-02 01:45:00','Spoutnik',NULL,3,NULL,NULL,NULL),(54,'M','2008-03-16 08:20:00','Bubulle',NULL,3,NULL,NULL,NULL),(55,'M','2008-03-15 18:45:00','Relou','Surpoids',3,NULL,NULL,NULL),(56,'M','2009-05-25 18:54:00','Bulbizard',NULL,3,NULL,NULL,NULL),(57,'M','2007-03-04 19:36:00','Safran',NULL,4,NULL,NULL,NULL),(58,'M','2008-02-20 02:50:00','Gingko',NULL,4,NULL,NULL,NULL),(59,'M','2009-03-26 08:28:00','Bavard',NULL,4,NULL,NULL,NULL),(60,'F','2009-03-26 07:55:00','Parlotte',NULL,4,NULL,NULL,NULL);
UNLOCK TABLES;

-- Table espece
CREATE TABLE `espece` (
  `id` smallint unsigned NOT NULL AUTO_INCREMENT,
  `nom_courant` varchar(40) NOT NULL,
  `nom_latin` varchar(40) NOT NULL,
  `description` text DEFAULT NULL,
  PRIMARY KEY (`id`),
  UNIQUE KEY `nom_latin` (`nom_latin`)
) ENGINE=InnoDB AUTO_INCREMENT=5 DEFAULT CHARSET=utf8mb4 COLLATE=utf8mb4_general_ci;

LOCK TABLES `espece` WRITE;
INSERT INTO `espece` VALUES (1,'Chien','Canis canis','Bestiole à quatre pattes qui aime les caresses et tire souvent la langue'),(2,'Chat','Felis silvestris','Bestiole à quatre pattes qui saute très haut et grimpe aux arbres'),(3,'Tortue d\'Hermann','Testudo hermanni','Bestiole avec une carapace très dure'),(4,'Perroquet amazone','Alipiopsitta xanthops','Joli oiseau parleur vert et jaune');
UNLOCK TABLES;

-- Table race
CREATE TABLE `race` (
  `id` smallint unsigned NOT NULL AUTO_INCREMENT,
  `nom` varchar(40) NOT NULL,
  `espece_id` smallint unsigned NOT NULL,
  `description` text DEFAULT NULL,
  PRIMARY KEY (`id`),
  KEY `fk_race_espece_id` (`espece_id`),
  CONSTRAINT `fk_race_espece_id` FOREIGN KEY (`espece_id`) REFERENCES `espece` (`id`)
) ENGINE=InnoDB AUTO_INCREMENT=8 DEFAULT CHARSET=utf8mb4 COLLATE=utf8mb4_general_ci;

LOCK TABLES `race` WRITE;
INSERT INTO `race` VALUES (1,'Berger allemand',1,'Chien sportif et élégant au pelage dense, noir-marron-fauve, noir ou gris.'),(2,'Berger blanc suisse',1,'Petit chien au corps compact, avec des pattes courtes mais bien proportionnées et au pelage tricolore ou bicolore.'),(3,'Boxer',1,'Chien de taille moyenne, au poil ras de couleur fauve ou bringé avec quelques marques blanches.'),(4,'Bleu russe',2,'Chat aux yeux verts et à la robe épaisse et argentée.'),(5,'Maine coon',2,'Chat de grande taille, à poils mi-longs.'),(6,'Singapura',2,'Chat de petite taille aux grands yeux en amandes.'),(7,'Sphynx',2,'Chat sans poils.');
UNLOCK TABLES;

SET FOREIGN_KEY_CHECKS = 1;

