﻿--
-- Script was generated by Devart dbForge Studio for MySQL, Version 8.0.40.0
-- Product home page: http://www.devart.com/dbforge/mysql/studio
-- Script date 06/05/2024 19:05:42
-- Server version: 5.5.5-10.1.40-MariaDB
-- Client version: 4.1
--

-- 
-- Disable foreign keys
-- 
/*!40014 SET @OLD_FOREIGN_KEY_CHECKS=@@FOREIGN_KEY_CHECKS, FOREIGN_KEY_CHECKS=0 */;

-- 
-- Set SQL mode
-- 
/*!40101 SET @OLD_SQL_MODE=@@SQL_MODE, SQL_MODE='NO_AUTO_VALUE_ON_ZERO' */;

-- 
-- Set character set the client will use to send SQL statements to the server
--
SET NAMES 'utf8';

DROP DATABASE IF EXISTS swift;

CREATE DATABASE swift
CHARACTER SET latin1
COLLATE latin1_swedish_ci;

--
-- Set default database
--
USE swift;

--
-- Drop table `citan`
--
DROP TABLE IF EXISTS citan;

--
-- Drop table `articulos`
--
DROP TABLE IF EXISTS articulos;

--
-- Drop table `colores`
--
DROP TABLE IF EXISTS colores;

--
-- Drop table `tienen`
--
DROP TABLE IF EXISTS tienen;

--
-- Drop table `merchandising`
--
DROP TABLE IF EXISTS merchandising;

--
-- Drop table `compositores`
--
DROP TABLE IF EXISTS compositores;

--
-- Drop table `productores`
--
DROP TABLE IF EXISTS productores;

--
-- Drop table `canciones`
--
DROP TABLE IF EXISTS canciones;

--
-- Drop table `generos_musicales`
--
DROP TABLE IF EXISTS generos_musicales;

--
-- Drop table `publicaciones`
--
DROP TABLE IF EXISTS publicaciones;

--
-- Drop table `albumes`
--
DROP TABLE IF EXISTS albumes;

--
-- Drop table `precios`
--
DROP TABLE IF EXISTS precios;

--
-- Drop table `conciertos`
--
DROP TABLE IF EXISTS conciertos;

--
-- Set default database
--
USE swift;

--
-- Create table `conciertos`
--
CREATE TABLE conciertos (
  id int(11) NOT NULL AUTO_INCREMENT,
  codigo int(6) NOT NULL,
  tour enum ('Fearless', 'Speak Now', 'Red', '1989', 'reputation', 'Eras') DEFAULT NULL,
  ubicacion varchar(80) DEFAULT NULL,
  fecha date DEFAULT NULL,
  capacidad int(11) DEFAULT NULL,
  PRIMARY KEY (id)
)
ENGINE = INNODB,
AUTO_INCREMENT = 31,
AVG_ROW_LENGTH = 546,
CHARACTER SET latin1,
COLLATE latin1_swedish_ci;

--
-- Create index `codigo` on table `conciertos`
--
ALTER TABLE conciertos
ADD UNIQUE INDEX codigo (codigo);

--
-- Create table `precios`
--
CREATE TABLE precios (
  id int(11) NOT NULL AUTO_INCREMENT,
  idConcierto int(11) DEFAULT NULL,
  precio decimal(10, 0) DEFAULT NULL,
  PRIMARY KEY (id)
)
ENGINE = INNODB,
AUTO_INCREMENT = 31,
AVG_ROW_LENGTH = 546,
CHARACTER SET latin1,
COLLATE latin1_swedish_ci;

--
-- Create index `idConcierto` on table `precios`
--
ALTER TABLE precios
ADD UNIQUE INDEX idConcierto (idConcierto, precio);

--
-- Create foreign key
--
ALTER TABLE precios
ADD CONSTRAINT fk_concierto_precio FOREIGN KEY (idConcierto)
REFERENCES conciertos (id);

--
-- Create table `albumes`
--
CREATE TABLE albumes (
  id int(11) NOT NULL AUTO_INCREMENT,
  nombre varchar(30) NOT NULL,
  numcanciones int(11) DEFAULT NULL,
  PRIMARY KEY (id)
)
ENGINE = INNODB,
AUTO_INCREMENT = 12,
AVG_ROW_LENGTH = 1489,
CHARACTER SET latin1,
COLLATE latin1_swedish_ci;

--
-- Create index `nombre` on table `albumes`
--
ALTER TABLE albumes
ADD UNIQUE INDEX nombre (nombre);

--
-- Create table `publicaciones`
--
CREATE TABLE publicaciones (
  id int(11) NOT NULL AUTO_INCREMENT,
  codigo int(6) NOT NULL,
  titulo varchar(50) NOT NULL,
  resumen varchar(100) NOT NULL,
  contenido varchar(11000) NOT NULL,
  autor varchar(30) DEFAULT NULL,
  fpublicacion date DEFAULT NULL,
  numpalabras int(11) DEFAULT NULL,
  idAlbum int(11) DEFAULT NULL,
  PRIMARY KEY (id)
)
ENGINE = INNODB,
AUTO_INCREMENT = 21,
AVG_ROW_LENGTH = 2457,
CHARACTER SET latin1,
COLLATE latin1_swedish_ci;

--
-- Create index `codigo` on table `publicaciones`
--
ALTER TABLE publicaciones
ADD UNIQUE INDEX codigo (codigo);

--
-- Create foreign key
--
ALTER TABLE publicaciones
ADD CONSTRAINT fk_publicacion_album FOREIGN KEY (idAlbum)
REFERENCES albumes (id);

--
-- Create table `generos_musicales`
--
CREATE TABLE generos_musicales (
  id int(11) NOT NULL AUTO_INCREMENT,
  idAlbum int(11) DEFAULT NULL,
  genero varchar(15) DEFAULT NULL,
  PRIMARY KEY (id)
)
ENGINE = INNODB,
AUTO_INCREMENT = 31,
AVG_ROW_LENGTH = 546,
CHARACTER SET latin1,
COLLATE latin1_swedish_ci;

--
-- Create index `idAlbum` on table `generos_musicales`
--
ALTER TABLE generos_musicales
ADD UNIQUE INDEX idAlbum (idAlbum, genero);

--
-- Create foreign key
--
ALTER TABLE generos_musicales
ADD CONSTRAINT fk_album_genero FOREIGN KEY (idAlbum)
REFERENCES albumes (id);

--
-- Create table `canciones`
--
CREATE TABLE canciones (
  id int(11) NOT NULL AUTO_INCREMENT,
  titulo varchar(40) NOT NULL,
  duracion char(5) DEFAULT NULL,
  idAlbum int(11) DEFAULT NULL,
  PRIMARY KEY (id)
)
ENGINE = INNODB,
AUTO_INCREMENT = 23,
AVG_ROW_LENGTH = 744,
CHARACTER SET latin1,
COLLATE latin1_swedish_ci;

--
-- Create index `titulo` on table `canciones`
--
ALTER TABLE canciones
ADD UNIQUE INDEX titulo (titulo);

--
-- Create foreign key
--
ALTER TABLE canciones
ADD CONSTRAINT fk_cancion_album FOREIGN KEY (idAlbum)
REFERENCES albumes (id);

--
-- Create table `productores`
--
CREATE TABLE productores (
  id int(11) NOT NULL AUTO_INCREMENT,
  idCancion int(11) DEFAULT NULL,
  productor varchar(30) DEFAULT NULL,
  PRIMARY KEY (id)
)
ENGINE = INNODB,
AUTO_INCREMENT = 31,
AVG_ROW_LENGTH = 546,
CHARACTER SET latin1,
COLLATE latin1_swedish_ci;

--
-- Create index `idCancion` on table `productores`
--
ALTER TABLE productores
ADD UNIQUE INDEX idCancion (idCancion, productor);

--
-- Create foreign key
--
ALTER TABLE productores
ADD CONSTRAINT fk_productor_cancion FOREIGN KEY (idCancion)
REFERENCES canciones (id);

--
-- Create table `compositores`
--
CREATE TABLE compositores (
  id int(11) NOT NULL AUTO_INCREMENT,
  idCancion int(11) DEFAULT NULL,
  compositor varchar(30) DEFAULT NULL,
  PRIMARY KEY (id)
)
ENGINE = INNODB,
AUTO_INCREMENT = 31,
AVG_ROW_LENGTH = 546,
CHARACTER SET latin1,
COLLATE latin1_swedish_ci;

--
-- Create index `idCancion` on table `compositores`
--
ALTER TABLE compositores
ADD UNIQUE INDEX idCancion (idCancion, compositor);

--
-- Create foreign key
--
ALTER TABLE compositores
ADD CONSTRAINT fk_compositor_cancion FOREIGN KEY (idCancion)
REFERENCES canciones (id);

--
-- Create table `merchandising`
--
CREATE TABLE merchandising (
  id int(11) NOT NULL AUTO_INCREMENT,
  codigo int(6) NOT NULL,
  modelo varchar(15) DEFAULT NULL,
  precio decimal(10, 0) DEFAULT NULL,
  PRIMARY KEY (id)
)
ENGINE = INNODB,
AUTO_INCREMENT = 31,
AVG_ROW_LENGTH = 546,
CHARACTER SET latin1,
COLLATE latin1_swedish_ci;

--
-- Create index `codigo` on table `merchandising`
--
ALTER TABLE merchandising
ADD UNIQUE INDEX codigo (codigo);

--
-- Create table `tienen`
--
CREATE TABLE tienen (
  id int(11) NOT NULL AUTO_INCREMENT,
  idAlbum int(11) DEFAULT NULL,
  idMerch int(11) DEFAULT NULL,
  PRIMARY KEY (id)
)
ENGINE = INNODB,
AUTO_INCREMENT = 31,
AVG_ROW_LENGTH = 546,
CHARACTER SET latin1,
COLLATE latin1_swedish_ci;

--
-- Create index `idAlbum` on table `tienen`
--
ALTER TABLE tienen
ADD UNIQUE INDEX idAlbum (idAlbum, idMerch);

--
-- Create foreign key
--
ALTER TABLE tienen
ADD CONSTRAINT fk_album_tiene FOREIGN KEY (idAlbum)
REFERENCES albumes (id);

--
-- Create foreign key
--
ALTER TABLE tienen
ADD CONSTRAINT fk_tiene_merch FOREIGN KEY (idMerch)
REFERENCES merchandising (id);

--
-- Create table `colores`
--
CREATE TABLE colores (
  id int(11) NOT NULL AUTO_INCREMENT,
  idMerch int(11) DEFAULT NULL,
  color varchar(20) DEFAULT NULL,
  PRIMARY KEY (id)
)
ENGINE = INNODB,
AUTO_INCREMENT = 31,
AVG_ROW_LENGTH = 546,
CHARACTER SET latin1,
COLLATE latin1_swedish_ci;

--
-- Create index `idMerch` on table `colores`
--
ALTER TABLE colores
ADD UNIQUE INDEX idMerch (idMerch, color);

--
-- Create foreign key
--
ALTER TABLE colores
ADD CONSTRAINT fk_color_merch FOREIGN KEY (idMerch)
REFERENCES merchandising (id);

--
-- Create table `articulos`
--
CREATE TABLE articulos (
  id int(11) NOT NULL AUTO_INCREMENT,
  codigo int(6) NOT NULL,
  autor varchar(30) DEFAULT NULL,
  titulo varchar(50) DEFAULT NULL,
  enlace varchar(800) NOT NULL,
  fpublicacion date DEFAULT NULL,
  numpaginas int(11) DEFAULT NULL,
  PRIMARY KEY (id)
)
ENGINE = INNODB,
AUTO_INCREMENT = 31,
AVG_ROW_LENGTH = 546,
CHARACTER SET latin1,
COLLATE latin1_swedish_ci;

--
-- Create index `codigo` on table `articulos`
--
ALTER TABLE articulos
ADD UNIQUE INDEX codigo (codigo);

--
-- Create table `citan`
--
CREATE TABLE citan (
  id int(11) NOT NULL AUTO_INCREMENT,
  idPublicacion int(11) DEFAULT NULL,
  idArticulo int(11) DEFAULT NULL,
  PRIMARY KEY (id)
)
ENGINE = INNODB,
AUTO_INCREMENT = 31,
AVG_ROW_LENGTH = 546,
CHARACTER SET latin1,
COLLATE latin1_swedish_ci;

--
-- Create index `idPublicacion` on table `citan`
--
ALTER TABLE citan
ADD UNIQUE INDEX idPublicacion (idPublicacion, idArticulo);

--
-- Create foreign key
--
ALTER TABLE citan
ADD CONSTRAINT fk_cita_articulo FOREIGN KEY (idArticulo)
REFERENCES articulos (id);

--
-- Create foreign key
--
ALTER TABLE citan
ADD CONSTRAINT fk_publicacion_cita FOREIGN KEY (idPublicacion)
REFERENCES publicaciones (id);

-- 
-- Dumping data for table conciertos
--
INSERT INTO conciertos VALUES
(1, 372175, '1989', 'Abbeville', '2010-01-02', 900534),
(2, 620230, 'Fearless', 'Zuni', '2019-08-27', 651787),
(3, 770341, '1989', 'Waukena', '2020-01-12', 729503),
(4, 859993, 'Eras', 'Springboro', '2023-07-29', 680467),
(5, 949991, 'Red', 'Brockport', '2010-02-18', 884884),
(6, 530230, 'Red', 'Emigsville', '2019-03-03', 896025),
(7, 223299, 'Eras', 'Abbotsford', '2011-10-01', 797518),
(8, 620231, NULL, 'Brockton', NULL, 718135),
(9, 530231, 'Eras', 'Indian Springs', '2021-06-01', 156322),
(10, 680341, '1989', 'Harlowton', '2022-03-17', 681594),
(11, 999999, '1989', 'Mabscott', '2013-04-20', 489458),
(12, 282175, '1989', 'Abercrombie', '2011-05-22', 955082),
(13, 133299, 'Speak Now', 'Brockway', '2012-04-05', 930327),
(14, 620232, 'Red', 'Aberdeen', '2021-04-05', 249671),
(15, 530232, 'Red', 'Emily', '2012-08-22', 901983),
(16, 372176, 'reputation', 'Peck', '2022-07-16', 468706),
(17, 770342, 'Eras', 'Indian Trail', '2010-03-25', 559007),
(18, 223300, 'reputation', 'Brockwell', '2019-11-21', 779003),
(19, 620233, 'Eras', 'Waukesha', '2024-05-05', 811070),
(20, 859994, 'Eras', 'Harmon', '2018-10-03', 857490),
(21, 282176, 'reputation', 'Aberdeen Proving Ground', '2010-01-05', 457625),
(22, 530233, 'Red', 'Brodhead', '2010-01-02', 709538),
(23, 620234, 'reputation', 'Abernathy', '2014-09-05', 282923),
(24, 530234, 'Eras', 'Brodheadsville', '2010-03-14', 711532),
(25, 620235, 'Eras', 'Abilene', '2019-01-05', 864738),
(26, 530235, 'Eras', 'Mabton', '2024-03-08', NULL),
(27, 133300, 'reputation', 'Brohard', '2023-04-27', 220915),
(28, 620236, '1989', 'Indian Wells', '2020-03-01', 934210),
(29, 223301, NULL, 'Springdale', NULL, NULL),
(30, 949992, NULL, 'Eminence', NULL, NULL);

-- 
-- Dumping data for table albumes
--
INSERT INTO albumes VALUES
(1, 'Debut', 15),
(2, 'Fearless', 26),
(3, 'Speak Now', 22),
(4, 'Red', 30),
(5, '1989', 22),
(6, 'reputation', 15),
(7, 'Lover', 18),
(8, 'folklore', 17),
(9, 'evermore', 17),
(10, 'Midnights', 23),
(11, 'The Tortured Poets Department', 31);

-- 
-- Dumping data for table canciones
--
INSERT INTO canciones VALUES
(1, 'Karma', '3:24', 10),
(2, 'I hate it here', '4:03', 11),
(3, 'State of grace', '4:55', 4),
(4, 'evermore', '5:04', 9),
(5, 'Our song', '3:21', 1),
(6, 'Dear John', '6:46', 3),
(7, 'Mastermind', '3:11', 10),
(8, 'My boy only breaks his favorite toys', '3:23', 11),
(9, 'The archer', '3:31', 7),
(10, 'Gorgeous', '3:29', 6),
(11, 'Daylight', '4:53', 7),
(12, 'Slut!', '3:00', 5),
(13, 'Dancing with our hands tied', '3:31', 7),
(14, 'Red', '3:43', 4),
(15, 'my tears ricochet', '4:15', 8),
(16, 'I can see you', '4:33', 3),
(17, 'gold rush', '3:05', 9),
(18, 'the lakes', '3:31', 8),
(19, 'This love', '4:10', 5),
(20, 'Fearless', '4:01', 2),
(21, 'Tied together with a smile', '4:08', 1),
(22, 'Hey Stephen', '4:14', 2);

-- 
-- Dumping data for table merchandising
--
INSERT INTO merchandising VALUES
(1, 977728, 'Printculer', 893),
(2, 152985, 'Proplottimlet', 1148),
(3, 419137, 'Miclifior', 1223),
(4, 473939, 'Stereotingaer', 512),
(5, 887731, NULL, NULL),
(6, 329137, NULL, NULL),
(7, 999999, 'Monocessor', 1852),
(8, 563940, 'Recorderscope', 782),
(9, 419138, 'Transcesslet', 1127),
(10, 977729, 'Tabniader', 648),
(11, 242986, 'Tabjectefer', 1763),
(12, 742016, 'Subputator', 1396),
(13, 473940, 'Bitinar', 678),
(14, 652016, 'Playcordewator', 1601),
(15, 742017, 'Amptaimer', 74),
(16, 329138, 'Subceivuper', 1373),
(17, 887732, 'Stereoculridge', 637),
(18, 977730, 'Armtagaor', 1973),
(19, 563941, 'Tweetleaner', 501),
(20, 152986, 'Charpickon', 1687),
(21, 473941, 'Charplottor', 466),
(22, 419139, 'Subcorder', 414),
(23, 329139, 'Cabtinon', 949),
(24, 419140, 'Playholder', 782),
(25, 242987, 'Ampholdridge', 1752),
(26, 563942, NULL, NULL),
(27, 329140, 'Recessor', 1848),
(28, 419141, 'Supcordscope', 1547),
(29, 887733, 'Supmutedphone', 641),
(30, 152987, 'Comcordgaphone', 1282);

-- 
-- Dumping data for table publicaciones
--
INSERT INTO publicaciones VALUES
(1, 585186, 'Magni enim dolorem. Cupiditate sequi!', 'Quia ab velit. Unde ut et. Voluptates cupiditate laborum. Aspernatur error?\r\n', 'Magni enim dolorem aspernatur aut nesciunt et labore ut numquam. Pariatur voluptatibus ad, illo eligendi incidunt perspiciatis consequatur sunt autem! Dolor molestiae vitae, est et ea tempora consequuntur eum aut. Nam et consequuntur aut hic id odio deleniti nesciunt sed. In quas, voluptatibus enim pariatur omnis ullam iste error ipsam; molestiae amet ipsum dicta in non natus molestiae sequi sit.', 'clau12', '2024-05-08', 3716, 5),
(2, 859245, 'Sit et ad. Incidunt perspiciatis!\r\n', 'Quaerat cupiditate natus. Incidunt consectetur earum! Enim quod voluptatum.\r\n', 'Dolor aspernatur quisquam aliquid est explicabo aliquam delectus quis illo. Architecto dolorum deserunt velit maiores impedit iure assumenda dolorem blanditiis. Nemo veniam id explicabo debitis omnis ut praesentium ut hic.\r\nIure laboriosam, perspiciatis sit laboriosam fugit ut sed qui aut. Magni aliquid perspiciatis autem eos, ut obcaecati ab iste voluptatem. Libero omnis maiores aut voluptate rem voluptatem maxime ad ut.', 'clau12', '2024-02-08', 5608, 3),
(3, 949243, 'Possimus vitae ducimus. Ea tempora.\r\n', 'Ut beatae debitis. Sed nesciunt ut? Voluptatem modi est. Rerum cumque magnam.', 'Atque similique quaerat enim repellendus sunt aliquid est illum qui. Harum non, sequi voluptatem minus illo explicabo et labore molestiae? Eum aut magnam nulla, enim voluptate quis magnam quaerat expedita; ut omnis fugit eveniet provident et ut molestiae at facilis. Amet architecto ipsam, cum dignissimos ut sequi porro id doloribus. Voluptate saepe dignissimos non recusandae sit sint deleniti ut est. Doloribus error commodi natus inventore quisquam quibusdam unde ea error. Error fugiat repudiandae rem non minima omnis sint suscipit minus. Animi et aut voluptates voluptas recusandae minus nostrum non a...\r\nCumque dolor consequuntur est quo eum vero dignissimos laudantium sit. Sit et dolores incidunt quia non, et eveniet nesciunt ducimus? Quod quasi porro, eaque omnis ea minus nisi iusto accusamus.', 'clau12', '2023-12-01', 2054, 10),
(4, 286098, 'Adipisci consequatur natus; id odio.\r\n', 'Aut omnis distinctio. Quis dolores consequatur! Et nam modi. Dolores deleniti.', 'Odio autem ullam error omnis aut deleniti ab libero est; quod deleniti quis dolorem provident voluptatibus quo impedit deleniti officiis.', 'clau12', '2024-04-22', 3160, 4),
(5, 816155, 'Veritatis dolores exercitationem.', 'Eos porro soluta. Quo rem quisquam.\r\nEveniet animi odio. Consequuntur qui.\r\n', 'Maxime corrupti, quisquam ratione nihil ad et voluptatem saepe rerum. Sed iste reprehenderit et dolor iure alias rem perferendis sint. Voluptas dicta quae deleniti, impedit veritatis atque qui quia dolorum. Unde iste enim ipsa unde quo consequatur illum maxime error.\r\nRepudiandae qui quam quia ullam consectetur voluptatem debitis ut voluptatibus. Nemo recusandae ullam officiis similique molestias adipisci, illo rerum nisi. Dolore culpa quod doloremque aliquid laboriosam quae voluptatem labore unde. Consequatur illo sit, porro laborum ut unde ratione et sit. Et similique, dolor autem pariatur sint omnis alias voluptatum voluptas. Eaque unde quidem et error ipsa omnis sit natus error. Sed sit maxime corrupti dolorum ea voluptatem quae enim aut? Natus assumenda omnis qui dolores quis excepturi iste voluptatibus architecto.\r\nOfficia aliquam velit ratione et nam rem est modi dolore. Suscipit animi quia dolores aperiam nihil sit repellat omnis totam.', 'clau12', '2024-04-10', 5603, 5),
(6, 999999, 'Deleniti quis voluptatem; voluptate.', 'Et natus unde. Sit inventore error.\r\nDolores et odio. Voluptatem sed ea;\r\n', 'Magnam enim voluptatem, assumenda error corrupti et aut modi eveniet. Excepturi voluptatem, enim aliquam quo eaque iusto architecto error recusandae. Quibusdam ipsam earum quia, velit aperiam tempora nemo quia quasi. Assumenda et eum eos veritatis iusto unde error eum dolorem.\r\nPossimus in perferendis sed est quos quia provident necessitatibus est. Nostrum quo sed eos qui, ut provident dolore modi perspiciatis! Hic at est placeat iste omnis possimus quisquam perspiciatis tenetur. Nihil et quia voluptatem tenetur mollitia sed saepe voluptatum natus. Nostrum non quam sunt est repellendus, nisi id rem reiciendis! Alias fugiat libero officiis sunt nulla voluptatibus voluptas cum nostrum? Ut porro omnis ratione consequatur delectus ut, cumque voluptatem totam! Rem sapiente voluptatem, consequatur quia doloremque incidunt cupiditate enim quia.', 'clau12', '2024-03-28', 7902, 2),
(7, 726155, 'Veritatis voluptate magni. Beatae!\r\n', 'Omnis accusamus reprehenderit. Sequi repellat temporibus! Eligendi?', 'Officia perspiciatis cumque, totam optio magnam consequuntur voluptate enim tempore. Rerum impedit adipisci voluptatem natus voluptatem quibusdam aliquam aperiam omnis. Aut nesciunt quam alias perspiciatis quis, voluptas quisquam natus qui. Quod autem quisquam ex cupiditate porro ratione sed voluptatem aut. Repellat vero et quo sed molestias in quisquam doloremque aut. Sint consequatur, illum omnis provident officia nostrum ab perspiciatis et. Mollitia ex minima architecto et vero consectetur ab veritatis voluptatem. Nemo et molestiae sed vel incidunt amet rerum quo numquam!\r\nRepellendus recusandae ipsum autem et nihil eaque quo quidem asperiores. Enim quia earum quia quaerat qui et dolores soluta nostrum. Quisquam voluptas incidunt, consequatur amet doloremque aut consectetur quisquam harum. Aut eaque obcaecati aliquid error ut tempore quae est et. Qui sed, vel corporis ut perspiciatis sed distinctio ipsam rerum. Commodi porro non perspiciatis qui enim non dolor natus enim? Enim voluptatem accusantium facere eum tenetur, error in sit accusamus. Autem ipsa eos dolore cumque voluptatem natus quo velit sed!\r\nEt nihil ab illo praesentium quaerat dolore qui ex laboriosam. Nulla velit ullam, quasi id dolore asperiores alias quos enim. Dolor mollitia magni eligendi saepe eligendi natus sed animi ab; ab voluptas quo aperiam error impedit quia illum laudantium corporis.', 'clau12', '2023-12-05', 4133, 6),
(8, 495186, 'Aliquam delectus quis. Ut architecto;\r\n', 'Nisi eaque soluta natus earum est a. Autem laboriosam quia quae exercitationem!', 'Et temporibus quasi quisquam laudantium nostrum asperiores doloremque nesciunt quisquam. Soluta quidem tempora voluptas eveniet molestias odit maiores cum voluptatem. Illo inventore commodi delectus voluptas ratione perspiciatis porro ad aut. Qui quidem dolorem quia, sed ratione sed veniam consequatur dolor. Eius voluptatum similique, et adipisci qui animi eos sed reiciendis. Ut obcaecati distinctio molestiae magni sit quia sed praesentium itaque.\r\nQuibusdam vel omnis a alias eius maiores sunt labore quos. Fugiat repellendus eaque rerum, aut maiores velit reprehenderit omnis inventore. Quis ducimus unde officia optio est beatae tempora, quam dolorum? Minus sed corporis error hic nulla, quod sit recusandae officiis. Maxime enim ut numquam est sit in corporis velit doloribus! Iusto alias officiis eaque corporis et sit labore dolores ut. Enim natus nostrum et fuga laboriosam officiis aut neque dolores. Pariatur exercitationem, facere unde consequatur minima reiciendis quas sit qui.', 'clau12', '2023-12-08', 9812, 5),
(9, 585187, 'Iure assumenda dolorem. Modi tenetur!', 'Ipsa nesciunt similique. Ex voluptas veritatis! Eius voluptatem eveniet.\r\n', 'Nesciunt eos nostrum quis, ad modi in eligendi id nostrum; doloremque explicabo dolor omnis quis aut at et laboriosam est. Error aliquid suscipit laboriosam suscipit architecto nisi, architecto velit ducimus. Sed ut facilis, nihil aut magni sed ea molestiae aut. Voluptatem dolor est dignissimos qui voluptatum ut ducimus quo non. Omnis aut mollitia distinctio id unde sint asperiores odio assumenda.\r\nRepudiandae consequuntur sequi itaque, error iusto non et recusandae dolorem. Ratione consequuntur omnis iste commodi aut expedita a rem provident. Labore quis, aut at sit mollitia temporibus ut temporibus et. Ut iure ut error est quia error hic vel numquam. Et quia, reprehenderit modi fugiat exercitationem unde corporis qui mollitia. In voluptatem quis minus natus quae non nam cumque recusandae...\r\nReiciendis quis, repellat quia ut error aperiam consequatur rerum nostrum. Sed enim et nisi et blanditiis aliquam eaque omnis velit! Sed quae inventore dolorem impedit quas porro modi sit omnis. Eos magni hic dicta, blanditiis rem non iste dicta veritatis. Similique omnis eos possimus et eaque odit debitis rerum dicta? Est itaque accusantium ut iste aspernatur maxime omnis et voluptas; qui non nam non dolorem voluptatem, omnis beatae sit aliquid. Similique rerum voluptatem non sunt voluptatem unde repellat ad ipsa...', 'clau12', '2023-12-08', 10372, 6),
(10, 376099, 'Totam non hic. Iure laboriosam.\r\n', 'Facilis quia maiores; consequatur molestiae et.\r\nPerspiciatis labore dolore.\r\n', 'Sunt et tempore qui ut ea nulla sit qui dolores.\r\nVeniam iste inventore velit et ullam eos corrupti ullam repellendus. Sed corrupti error, aut eaque nam qui natus dolorem ut. Provident error sit ut, porro sed perspiciatis exercitationem sed id! Voluptatem quisquam voluptatem cupiditate enim eveniet voluptates sit nisi dolorem. Ea ut omnis eius, commodi et voluptatem sint veritatis accusantium. Pariatur nam voluptatem libero in autem aut aliquid vel sint; aut blanditiis explicabo hic quia blanditiis, omnis dolores repudiandae porro. Sunt quia aperiam id laudantium minima ad natus qui in? Ad officiis commodi ratione deleniti mollitia rerum aut sit neque.\r\nNumquam cupiditate non enim sapiente harum dolorum in voluptatibus harum. Impedit sequi autem, illum quia sint numquam et veritatis quia. Perferendis iste laborum similique delectus et repudiandae vel et odit. Omnis dolores, ut unde ea nostrum harum et placeat sed? Ipsam id facere nemo voluptas adipisci accusantium natus fuga consequatur. Nemo voluptatibus dignissimos aliquam iure, voluptates sint dolor accusamus repellat? Eos excepturi dignissimos sed et alias natus ad adipisci nemo. Vitae repellendus dolore quae perferendis unde nemo ullam dolorum quidem!', 'clau12', '2024-01-23', 3591, 6),
(11, 816156, 'Voluptatibus asperiores aliquid.\r\n', 'Non voluptatibus amet. Inventore est quis. Nam illo et? Aut tempora qui. Esse;', 'Eum itaque officiis numquam, accusantium id error veniam corrupti est. Sunt accusamus omnis dolore eligendi quo unde adipisci at minima. Enim atque, nobis vero nihil quia qui et provident repellendus. Inventore rerum aperiam laudantium earum sit eligendi sed ut consectetur. Eius blanditiis illo sit est dolores nihil numquam dolorum possimus! Reiciendis harum et ratione qui sit, qui perspiciatis voluptatem aut? Ipsum dignissimos neque voluptatibus illo asperiores repellat iure sed similique. Qui placeat voluptatem eos labore reprehenderit veniam explicabo blanditiis error! Et dolor praesentium enim quaerat suscipit quasi non tenetur deserunt.\r\nMinus voluptate voluptatem ut sed aperiam excepturi qui consectetur pariatur. Voluptatem pariatur repellendus sit recusandae voluptates sed voluptate consequatur voluptatem? Culpa aut ipsa dolorem sed ut quia et est porro. Facilis non sit ea, enim ipsa nobis possimus eum sint? Corporis perferendis deserunt enim, est dolorem quis temporibus eius nemo! Consequuntur aliquid necessitatibus soluta ut voluptatum dolorum commodi aperiam rerum. Est maiores sit voluptas mollitia dolorem accusamus nesciunt qui laboriosam! Et iste et explicabo distinctio est natus esse dolorem ut. Voluptate et assumenda saepe inventore natus unde rerum temporibus odio.', 'clau12', '2024-01-12', 7802, NULL),
(12, 726156, 'Iste voluptatem temporibus. Omnis;', 'Qui quam autem; sit vero est. Harum voluptatem iusto! Quo soluta ab. At in.\r\n', 'Quia consequatur dolor libero sapiente laudantium eaque quia incidunt amet...\r\nSit facere, ut vero unde temporibus laboriosam perspiciatis numquam natus. Nemo modi saepe praesentium alias est et, enim optio dolor! Iure nobis ab ut id amet exercitationem ut voluptatem sed. Labore ratione et adipisci qui assumenda aperiam obcaecati aut provident? Placeat suscipit sit quis ut enim omnis fugit officia laboriosam! Ut quia unde, et mollitia sunt dolor facilis iure modi. Sapiente quam perspiciatis et neque vitae voluptas ut et illo. Deserunt voluptatem dolorem provident nihil est quibusdam quae, quis tenetur.', 'clau12', '2024-02-16', 3267, 4),
(13, 286099, 'Et praesentium animi. Asperiores?\r\n', 'Ducimus eum qui. Natus illo eum! Quibusdam vero odit. Numquam autem at. Labore.', 'Dolor unde, eum consequatur voluptas obcaecati omnis voluptatem ut qui.\r\nIn nostrum quia maiores distinctio veritatis debitis molestias quo et. Laborum eligendi deleniti qui quia omnis sit sequi id perspiciatis.', 'clau12', '2023-12-11', 689, 3),
(14, 376100, 'Repellendus sunt aliquid. Ut quasi.\r\n', 'Sit quia cumque. Voluptas non nisi. Ipsam ipsa vitae. Ipsa obcaecati quas.\r\n', 'Rerum corporis omnis excepturi nobis accusamus molestiae recusandae non et. Quo sit magnam labore, mollitia repellendus cumque unde odio mollitia. In eos aut in modi ut aut facilis maiores ratione. Maiores cupiditate ad fugit, sed magni omnis nostrum natus saepe? In sint ut aliquam sed, voluptatem eos omnis voluptate officia. Excepturi saepe, dolorem fugit doloribus laborum eum ducimus aperiam esse...\r\nTempore est ut et, modi similique omnis architecto aut rem. Esse distinctio doloremque vero perspiciatis error temporibus reiciendis impedit perspiciatis. Ratione dolor quisquam ut ipsum reprehenderit, minima quasi dolores sit; quas quod reprehenderit dolorem, sequi fugiat totam sit rerum quas. Animi excepturi, eum laboriosam qui accusantium nostrum natus et facilis. Repellendus ipsum doloribus eum, repudiandae unde rerum error eos sed. Et vero quaerat qui, enim vitae corporis voluptatem ducimus suscipit? Et magni, quidem quo odio rerum beatae ratione voluptatem autem! In qui accusantium voluptatem nihil eum deleniti quam et incidunt. Hic asperiores sed rerum omnis aut explicabo perspiciatis non eum.\r\nSed labore debitis dolores provident nesciunt autem sit qui explicabo. Ut qui quisquam est molestias, qui facilis rerum sed ut. Expedita laboriosam, ea aut iste veritatis consequuntur quia non totam? Aut voluptatem veritatis tenetur voluptas sint omnis eius aut deleniti.', 'clau12', '2024-02-10', 4976, 2),
(15, 495187, 'Quae explicabo et. Ipsam rerum eum.\r\n', 'Architecto debitis quibusdam. Et veniam non. Natus commodi dolor; nam quam.\r\n', 'Iste quos inventore quos earum sed exercitationem beatae non omnis. Molestiae natus et aut molestiae laborum perspiciatis sapiente, laudantium omnis? Omnis sit repudiandae aut omnis dolor ea repudiandae quas velit. Ut voluptatum illum quia et sed beatae cumque suscipit omnis! Perspiciatis cupiditate natus ducimus amet qui amet, quia repudiandae ducimus; voluptatibus qui sit quisquam tempora, ipsa mollitia sit eos aut...', 'clau12', '2024-02-23', 3979, 7),
(16, 138017, 'Dolorem voluptatem recusandae. Error!\r\n', 'Sed odio quia. Aperiam natus provident. Sed atque officia? Ut exercitationem;', 'Officia dolorem accusamus in error quia et neque eius deleniti. Voluptate accusantium soluta, sit inventore libero aliquam iusto rerum omnis! Rem nemo corporis voluptatem, quos et minus dolorem omnis eos. Aliquid officiis provident molestias nostrum rem fugit reprehenderit sint pariatur. Rem consectetur ipsa odit accusantium aspernatur pariatur iste quaerat ut. Quaerat laudantium deleniti et nihil ipsa a consequatur aut nulla.\r\nSequi omnis error aut quia qui non, et laboriosam voluptatum. Sequi nesciunt ipsum neque perferendis possimus vel ad incidunt error! In ut doloribus sapiente dolores, ut harum possimus ducimus nam. Natus unde voluptatem quod quis, minus qui inventore in sint! Qui id voluptatem nam ea inventore officia iure modi earum. Natus vitae expedita eius aliquid ut aliquam beatae sapiente illum. Voluptas sint impedit ex corporis ut dolores velit vero omnis. Iste dolor accusamus totam perspiciatis inventore id sequi quisquam magnam.\r\nLaudantium facilis odit alias dolor ipsa non voluptatem sunt id. Voluptatem in officia veritatis asperiores, ut aut est laudantium inventore? Unde sit animi consequatur non iste assumenda est quibusdam harum. Aut qui facere explicabo qui modi saepe sit, temporibus et; mollitia aut natus id nisi et vitae nihil quae ut? Quaerat perspiciatis aut omnis quia, doloremque quaerat optio sint et. In delectus error nam iste unde quis est id non. Tempore ut natus molestiae nostrum adipisci magnam quia qui hic. Autem magni ipsum qui sed laboriosam saepe consequatur explicabo nihil!', 'clau12', '2023-12-17', 4611, 3),
(17, 286100, 'Quasi architecto iste. Aut unde autem.', 'Eum autem amet. Dolor illum ratione! Dolor et molestiae. Et sunt nostrum...\r\n', 'Facere quis, ut ea dolor temporibus cupiditate id qui odio. Quibusdam non expedita ipsum consectetur impedit iure dolorem exercitationem ad. Vel voluptatibus repudiandae perspiciatis deserunt commodi, architecto iure officiis voluptas. Iste omnis ea est eaque molestiae ipsa perspiciatis veniam soluta. Magnam ipsum eum similique qui, ea officia minima molestiae aut. Ut vel est enim facilis obcaecati ut qui labore sit! Hic itaque laboriosam omnis iure eveniet dolores, debitis minima autem. Voluptas aut voluptatem rem debitis ut sit, ullam quos unde! Qui sit magni debitis quo corporis labore unde aperiam et.\r\nRatione et quisquam sint quidem debitis est sapiente et voluptatum. Nostrum rerum qui in tempore labore sint minus consequuntur non...', 'clau12', '2024-01-25', 4607, 11),
(18, 859246, 'Iusto sunt non. Corporis quam soluta.', 'Ducimus natus veniam; praesentium deserunt quia. Natus nemo voluptates.', 'Sit officia dolores animi est ut magnam minus minima obcaecati. Ratione corrupti voluptatem error dolorem amet repellendus accusantium non eum. Ut laudantium cumque iste ex, id ipsum a repudiandae error. Accusantium porro sed iste eum nisi sed temporibus omnis excepturi; ex id explicabo corporis ab vero illum beatae et pariatur; exercitationem perspiciatis ex corporis eos et omnis sunt et neque; magni illo neque voluptatem error quis ut nemo error quidem. Tempore voluptatibus minima nam et ut necessitatibus quia voluptatem molestiae! Distinctio obcaecati ea aut natus voluptatibus debitis earum esse eos.', 'clau12', '2024-04-17', 1912, 1),
(19, 816157, 'Sit ut est. Doloribus error commodi.\r\n', 'Illum reiciendis ut. Ipsa neque quaerat? Deleniti suscipit sed. Animi ullam.', 'Natus neque et sed, minima ut officiis nemo velit dolor. Eum et mollitia harum placeat nesciunt perferendis qui iste dolorum; tenetur sunt voluptatem, est quia architecto beatae aut aperiam laboriosam. Consequatur voluptatibus error incidunt ad quasi reprehenderit hic unde sed.\r\nSint dolorem sit neque quia cum suscipit perspiciatis, et quo. Perspiciatis corporis accusantium, aut sit maiores quis quia veritatis unde? Voluptatum perspiciatis reiciendis error dolorum earum ut natus dolorum tempora. Sint nulla voluptas sunt, placeat iste omnis velit eos quia. Eius omnis quae consequatur et debitis nesciunt dolores, eius est; quia quisquam praesentium odio non sint vel consequatur voluptatibus repellat.', 'clau12', NULL, 1232, 5),
(20, 228018, 'Inventore molestiae fugiat. Quae.\r\n', 'Autem nemo illo. Voluptatem et eveniet. Voluptatem unde doloremque. Iste.\r\n', 'Eveniet distinctio sed rem quas dignissimos ea, ut maiores consequatur; sed sint cupiditate deserunt incidunt voluptatem aut nihil qui iste. Soluta officiis animi explicabo saepe nisi eligendi sit voluptatem praesentium! Illo quos rem esse est, ut maiores saepe inventore nobis; ipsum fugit consequatur distinctio, ut fugiat commodi aliquid quaerat sit. Quam sapiente, architecto molestias beatae perspiciatis numquam repudiandae quia veniam? Pariatur beatae, illum facere dignissimos reiciendis non harum iste aut. In iusto aut sed sit exercitationem consectetur assumenda in ut? Perspiciatis incidunt odit reiciendis unde et earum perferendis vero ullam.', 'clau12', NULL, 5345, 3);

-- 
-- Dumping data for table articulos
--
INSERT INTO articulos VALUES
(1, 999999, 'Abraham Acevedo', 'Molestias voluptatem dolores.\r\n', 'https://lemi.hinto.hu/ithhait/to/hinallare/buter.doc', '2008-01-04', 27),
(2, 174295, 'Retta Lord', 'Voluptatem ratione laudantium. Quia.', 'http://asse.nl/tedveour/hatnd.pdf', '2014-11-10', 17),
(3, 458408, 'Treena Lind', 'Dignissimos aliquam nostrum. Et.\r\n', 'http://vehistito.com/ereentfor/er/esnt/reevebutha.xls', '2008-01-08', 22),
(4, 831397, 'Hong Beaudoin', 'Ad tempora ut. Quo vel fugiat. Laborum.', 'http://geboki.andwatotha.br/ntat/hinionwas/teto.doc', '2011-12-16', 29),
(5, 921395, 'Jason Blackmon', 'Deserunt quia recusandae; unde;\r\n', 'http://hoqiji.tedion.dk/ulduldyou/arorhatan.xls', '2024-03-20', 19),
(6, 758672, NULL, 'Esse error sed. Veritatis iste sequi.\r\n', 'https://meyou.ua/itntin/ter/enatesyou.pdf', '2019-06-04', 9),
(7, 368408, 'Tiny Card', 'Aliquam eveniet dolores. Illo.\r\n', 'https://wititarewa.org/shoionnd/attioyouea.txt', '2015-04-05', 22),
(8, 264296, 'Carroll Binder', 'Consectetur soluta sit. Quo natus.', 'https://noqu.ntheneretio.at/sho/to/arshoouse.xls', '2023-10-26', 27),
(9, 174296, 'Maynard Brockman', 'Dolor vero dolore odit laboriosam.', 'https://arever.dk/he/ithshove/mealat/thforhenen.txt', '2016-04-28', 15),
(10, 668672, 'Peggy Charlton', 'Repellat fugiat earum. Laboriosam.\r\n', 'http://li.erewasstare.it/ome/te/butisith/ithand.txt', '2012-11-16', 6),
(11, 264297, 'Selene Cartwright', 'Maiores dolorem praesentium. Quo.\r\n', 'https://bovota.stforver.hk/anit/al/oul/enndonion.doc', '2009-09-30', 24),
(12, 458409, 'Fabian Dalton', 'Quam aut sapiente. Sed aliquam.', 'https://tiitalal.fi/eauldion/ingwaserera.doc', '2017-04-22', 11),
(13, 368409, 'Isreal Dougherty', 'Et omnis sapiente. Est a nihil! Culpa.', 'http://entan.de/ortedtha/ionoulour/wit/orsho.doc', '2014-01-28', 10),
(14, 174297, 'Forrest Babb', 'Atque rerum hic. Numquam cumque;', 'http://ndarhever.nz/eaand/wasourmeera.doc', '2008-03-06', 13),
(15, 605193, 'Augustine Corbin', 'Unde ad sit. Quo nam et! Rerum.\r\n', 'https://bejifu.eaterthe.fr/ntteron/allwas/uldatnt/youitentwit.pdf', '2009-02-18', 19),
(16, 758673, 'Roland Rowan', 'Quas cumque explicabo.\r\nAccusamus;', 'https://yououlforle.org/ereatare/ereteden/youashis.doc', '2015-04-03', 15),
(17, 458410, 'Adelaida Laporte', 'Veniam quia excepturi dolor ab velit.', 'https://eraanander.ua/neat/tertiothst.txt', '2008-01-25', 21),
(18, 668673, 'Deandre Ortiz', 'Itaque vero incidunt; ad maxime.', 'http://stenreou.it/ndasver/itshoea.doc', '2019-01-10', 14),
(19, 515193, 'Cierra Neville', 'Aliquam nihil dicta. Odit vitae.\r\n', 'http://areha.es/butnotuld/evetedbut/thth/ntan.pdf', '2008-07-01', 14),
(20, 368410, 'Grant Ackerman', 'Eius quia vel.\r\nTempora nam ut.', 'https://evewahisto.eg/neat/edithtoeve.pdf', '2017-06-15', 9),
(21, 831398, 'Alene Ambrose', 'Ut reiciendis unde. Laboriosam ut.\r\n', 'http://ionour.com/ithas/arterhatng.txt', '2009-11-14', 27),
(22, 264298, 'Corinna Bratton', 'Voluptatem perspiciatis sed. Sed sit?\r\n', 'https://tedtedheed.ge/herth/nd/ereisis/stseedit.xls', '2019-01-23', 10),
(23, 758674, 'Darcel Broussard', 'Praesentium rerum excepturi. Commodi.', 'http://seyupa.aswasvereve.ca/eayouwas/for/uld/thiretioal.txt', '2019-12-16', 23),
(24, 458411, 'Abel Woodward', 'Voluptas animi dolorum; nihil.', 'https://katate.onnd.kr/eveedwa/thato.txt', '2018-09-24', 13),
(25, 668674, 'Eldon Christenson', 'Incidunt recusandae ducimus. Ut.\r\n', 'https://pahoga.atthnest.ch/esthiera/nt/thiioned/tedvethaan.txt', '2009-07-29', 10),
(26, 605194, 'Claude Spellman', 'Voluptatem tempora consequatur. Sit.', 'https://heqi.ourometefor.ca/ntthise/tiostesat.doc', '2020-10-07', 18),
(27, 921396, 'Arthur Beane', 'Placeat sit ea. Voluptas odit.\r\n', 'https://hi.forat.no/an/ereallwit/oulinte/wition.pdf', '2018-04-12', 10),
(28, 174298, 'Alease Montoya', 'Ut eius nam.\r\nSunt facere non. Et ut.', 'https://jaqini.erase.se/eraes/ou/senehat.pdf', '2015-02-07', 22),
(29, 368411, NULL, 'Expedita iure quia. Aut blanditiis.\r\n', 'https://shobutitst.at/alourne/andineve/veritthient.xls', '2010-10-20', 6),
(30, 758675, NULL, 'Et architecto placeat. Aut ratione.\r\n', 'http://ye.tionthenhad.tw/hererauld/teesne/ver/erfor.xls', '2010-05-17', 25);

-- 
-- Dumping data for table tienen
--
INSERT INTO tienen VALUES
(11, 1, 1),
(17, 1, 2),
(15, 1, 3),
(21, 2, 2),
(3, 2, 3),
(22, 2, 4),
(7, 3, 3),
(6, 3, 4),
(26, 3, 5),
(9, 4, 4),
(27, 4, 5),
(14, 4, 6),
(19, 5, 5),
(30, 5, 6),
(16, 5, 7),
(23, 6, 6),
(4, 6, 7),
(24, 6, 8),
(8, 7, 7),
(25, 7, 8),
(1, 7, 9),
(12, 8, 8),
(28, 8, 9),
(13, 8, 10),
(18, 9, 9),
(2, 9, 10),
(5, 10, 10),
(20, 10, 11),
(10, 11, 11),
(29, 11, 12);

-- 
-- Dumping data for table productores
--
INSERT INTO productores VALUES
(15, 1, 'Playtinplry'),
(11, 1, 'Retopor'),
(21, 2, 'Playtinplry'),
(22, 2, 'Tabtectedger'),
(26, 3, 'Ampcessupscope'),
(7, 3, 'Tabtectedger'),
(9, 4, 'Ampcessupscope'),
(14, 4, 'Speakleefer'),
(19, 5, 'Speakleefer'),
(16, 5, 'Tetinator'),
(24, 6, 'Moncordedgra'),
(23, 6, 'Tetinator'),
(8, 7, 'Moncordedgra'),
(1, 7, 'Tweetcyclridge'),
(13, 8, NULL),
(12, 8, 'Tweetcyclridge'),
(18, 9, NULL),
(5, 10, 'Tabculewer'),
(10, 11, 'Readcordaquor'),
(17, 12, 'Stereoculefator'),
(3, 13, 'Reholdor'),
(6, 14, 'Carttingascope'),
(27, 15, 'Tweettectator'),
(30, 16, 'Readlictar'),
(4, 17, 'Bitopentor'),
(25, 18, 'Playholdridge'),
(28, 19, 'Stereolery'),
(2, 20, 'Armholder'),
(20, 21, 'Speaktinator'),
(29, 22, 'Transjector');

-- 
-- Dumping data for table precios
--
INSERT INTO precios VALUES
(11, 1, -2787896439),
(21, 2, 2999810149),
(7, 3, -4787896439),
(9, 4, -2787896438),
(19, 5, -4787896438),
(23, 6, -8217077201),
(8, 7, 9237750515),
(12, 8, 7237750518),
(18, 9, -2787896437),
(5, 10, -4787896437),
(10, 11, NULL),
(17, 12, -1451537054),
(3, 13, -2787896436),
(6, 14, -4787896436),
(27, 15, 548462947),
(30, 16, -1451537053),
(4, 17, -6217077200),
(25, 18, 548462948),
(28, 19, -2787896435),
(2, 20, -8217077200),
(20, 21, 4999810150),
(29, 22, 9237750516),
(15, 23, 7237750519),
(22, 24, 2999810150),
(26, 25, -1451537052),
(14, 26, -6217077199),
(16, 27, -4787896435),
(24, 28, 9237750517),
(1, 29, -8217077199),
(13, 30, -2787896434);

-- 
-- Dumping data for table generos_musicales
--
INSERT INTO generos_musicales VALUES
(17, 1, 'Country'),
(15, 1, 'Dream pop'),
(11, 1, 'Pop'),
(21, 2, 'Country'),
(3, 2, 'Dream pop'),
(22, 2, 'Rhythm and blue'),
(7, 3, 'Dream pop'),
(26, 3, 'Indie folk'),
(6, 3, 'Rhythm and blue'),
(14, 4, 'Dance pop'),
(27, 4, 'Indie folk'),
(9, 4, 'Rhythm and blue'),
(16, 5, 'Chamber pop'),
(30, 5, 'Dance pop'),
(19, 5, 'Indie folk'),
(4, 6, 'Chamber pop'),
(23, 6, 'Dance pop'),
(24, 6, 'Synth pop'),
(8, 7, 'Chamber pop'),
(1, 7, 'Country pop'),
(25, 7, 'Synth pop'),
(28, 8, 'Country pop'),
(13, 8, 'Pop rock'),
(12, 8, 'Synth pop'),
(18, 9, 'Country pop'),
(2, 9, 'Pop rock'),
(20, 10, 'Electro pop'),
(5, 10, 'Pop rock'),
(10, 11, 'Electro pop'),
(29, 11, 'Pop');

-- 
-- Dumping data for table compositores
--
INSERT INTO compositores VALUES
(15, 1, 'Damien Gibbs'),
(11, 1, 'Gale Elliott'),
(21, 2, 'Damien Gibbs'),
(22, 2, 'Kareem Culver'),
(26, 3, 'Houston Contreras'),
(7, 3, 'Kareem Culver'),
(14, 4, 'Alonzo Calvin'),
(9, 4, 'Houston Contreras'),
(19, 5, 'Alonzo Calvin'),
(16, 5, 'Trudie Abney'),
(24, 6, 'Alane Patrick'),
(23, 6, 'Trudie Abney'),
(8, 7, 'Alane Patrick'),
(1, 7, 'Berry Pedersen'),
(12, 8, 'Berry Pedersen'),
(13, 8, 'Maria Abney'),
(18, 9, 'Maria Abney'),
(5, 10, 'Joette Valdez'),
(10, 11, 'Adah Ambrose'),
(17, 12, 'Thresa Park'),
(3, 13, 'Bryant Blanchard'),
(6, 14, 'Alexis Mallory'),
(27, 15, 'Alida Dover'),
(30, 16, 'Alane Alves'),
(4, 17, 'Steven Lombard'),
(25, 18, 'Amina Hickman'),
(28, 19, 'Moises Kellogg'),
(2, 20, 'Orlando Rich'),
(20, 21, 'Lakenya Godfrey'),
(29, 22, 'Norma Forrester');

-- 
-- Dumping data for table colores
--
INSERT INTO colores VALUES
(11, 1, 'ZinnwalditeBrown'),
(21, 2, 'RichMaroon'),
(7, 3, 'Honeydew'),
(9, 4, 'VividViolet'),
(19, 5, 'SpiroDiscoBall'),
(23, 6, 'WarmBlack'),
(8, 7, 'Linen'),
(12, 8, 'CandyAppleRed'),
(18, 9, 'SpringBud'),
(5, 10, 'Waterspout'),
(10, 11, 'Ecru'),
(17, 12, 'PansyPurple'),
(3, 13, 'RifleGreen'),
(6, 14, 'SpringGreen'),
(27, 15, 'Wenge'),
(30, 16, 'SteelBlue'),
(4, 17, 'Awesome'),
(25, 18, 'CandyPink'),
(28, 19, 'HookerGreen'),
(2, 20, 'Lion'),
(20, 21, 'HotMagenta'),
(29, 22, 'Azure'),
(15, 23, 'Wheat'),
(22, 24, 'Liver'),
(26, 25, 'HotPink'),
(14, 26, 'StilDeGrainYellow'),
(16, 27, 'Lust'),
(24, 28, 'White'),
(1, 29, 'Dandelion'),
(13, 30, 'Eggplant');

-- 
-- Dumping data for table citan
--
INSERT INTO citan VALUES
(11, 1, 1),
(20, 1, 2),
(21, 2, 2),
(29, 2, 3),
(7, 3, 3),
(15, 3, 4),
(9, 4, 4),
(22, 4, 5),
(19, 5, 5),
(26, 5, 6),
(23, 6, 6),
(14, 6, 7),
(8, 7, 7),
(16, 7, 8),
(12, 8, 8),
(24, 8, 9),
(18, 9, 9),
(1, 9, 10),
(5, 10, 10),
(13, 10, 11),
(10, 11, 11),
(17, 12, 12),
(3, 13, 13),
(6, 14, 14),
(27, 15, 15),
(30, 16, 16),
(4, 17, 17),
(25, 18, 18),
(28, 19, 19),
(2, 20, 20);

-- 
-- Restore previous SQL mode
-- 
/*!40101 SET SQL_MODE=@OLD_SQL_MODE */;

-- 
-- Enable foreign keys
-- 
/*!40014 SET FOREIGN_KEY_CHECKS = @OLD_FOREIGN_KEY_CHECKS */;