--
-- PostgreSQL database dump
--

-- Dumped from database version 16.2
-- Dumped by pg_dump version 16.2

SET statement_timeout = 0;
SET lock_timeout = 0;
SET idle_in_transaction_session_timeout = 0;
SET client_encoding = 'UTF8';
SET standard_conforming_strings = on;
SELECT pg_catalog.set_config('search_path', '', false);
SET check_function_bodies = false;
SET xmloption = content;
SET client_min_messages = warning;
SET row_security = off;

SET default_tablespace = '';

SET default_table_access_method = heap;

--
-- Name: auth_group; Type: TABLE; Schema: public; Owner: postgres
--

CREATE TABLE public.auth_group (
    id integer NOT NULL,
    name character varying(150) NOT NULL
);


ALTER TABLE public.auth_group OWNER TO postgres;

--
-- Name: auth_group_id_seq; Type: SEQUENCE; Schema: public; Owner: postgres
--

ALTER TABLE public.auth_group ALTER COLUMN id ADD GENERATED BY DEFAULT AS IDENTITY (
    SEQUENCE NAME public.auth_group_id_seq
    START WITH 1
    INCREMENT BY 1
    NO MINVALUE
    NO MAXVALUE
    CACHE 1
);


--
-- Name: auth_group_permissions; Type: TABLE; Schema: public; Owner: postgres
--

CREATE TABLE public.auth_group_permissions (
    id bigint NOT NULL,
    group_id integer NOT NULL,
    permission_id integer NOT NULL
);


ALTER TABLE public.auth_group_permissions OWNER TO postgres;

--
-- Name: auth_group_permissions_id_seq; Type: SEQUENCE; Schema: public; Owner: postgres
--

ALTER TABLE public.auth_group_permissions ALTER COLUMN id ADD GENERATED BY DEFAULT AS IDENTITY (
    SEQUENCE NAME public.auth_group_permissions_id_seq
    START WITH 1
    INCREMENT BY 1
    NO MINVALUE
    NO MAXVALUE
    CACHE 1
);


--
-- Name: auth_permission; Type: TABLE; Schema: public; Owner: postgres
--

CREATE TABLE public.auth_permission (
    id integer NOT NULL,
    name character varying(255) NOT NULL,
    content_type_id integer NOT NULL,
    codename character varying(100) NOT NULL
);


ALTER TABLE public.auth_permission OWNER TO postgres;

--
-- Name: auth_permission_id_seq; Type: SEQUENCE; Schema: public; Owner: postgres
--

ALTER TABLE public.auth_permission ALTER COLUMN id ADD GENERATED BY DEFAULT AS IDENTITY (
    SEQUENCE NAME public.auth_permission_id_seq
    START WITH 1
    INCREMENT BY 1
    NO MINVALUE
    NO MAXVALUE
    CACHE 1
);


--
-- Name: auth_user; Type: TABLE; Schema: public; Owner: postgres
--

CREATE TABLE public.auth_user (
    id integer NOT NULL,
    password character varying(128) NOT NULL,
    last_login timestamp with time zone,
    is_superuser boolean NOT NULL,
    username character varying(150) NOT NULL,
    first_name character varying(150) NOT NULL,
    last_name character varying(150) NOT NULL,
    email character varying(254) NOT NULL,
    is_staff boolean NOT NULL,
    is_active boolean NOT NULL,
    date_joined timestamp with time zone NOT NULL
);


ALTER TABLE public.auth_user OWNER TO postgres;

--
-- Name: auth_user_groups; Type: TABLE; Schema: public; Owner: postgres
--

CREATE TABLE public.auth_user_groups (
    id bigint NOT NULL,
    user_id integer NOT NULL,
    group_id integer NOT NULL
);


ALTER TABLE public.auth_user_groups OWNER TO postgres;

--
-- Name: auth_user_groups_id_seq; Type: SEQUENCE; Schema: public; Owner: postgres
--

ALTER TABLE public.auth_user_groups ALTER COLUMN id ADD GENERATED BY DEFAULT AS IDENTITY (
    SEQUENCE NAME public.auth_user_groups_id_seq
    START WITH 1
    INCREMENT BY 1
    NO MINVALUE
    NO MAXVALUE
    CACHE 1
);


--
-- Name: auth_user_id_seq; Type: SEQUENCE; Schema: public; Owner: postgres
--

ALTER TABLE public.auth_user ALTER COLUMN id ADD GENERATED BY DEFAULT AS IDENTITY (
    SEQUENCE NAME public.auth_user_id_seq
    START WITH 1
    INCREMENT BY 1
    NO MINVALUE
    NO MAXVALUE
    CACHE 1
);


--
-- Name: auth_user_user_permissions; Type: TABLE; Schema: public; Owner: postgres
--

CREATE TABLE public.auth_user_user_permissions (
    id bigint NOT NULL,
    user_id integer NOT NULL,
    permission_id integer NOT NULL
);


ALTER TABLE public.auth_user_user_permissions OWNER TO postgres;

--
-- Name: auth_user_user_permissions_id_seq; Type: SEQUENCE; Schema: public; Owner: postgres
--

ALTER TABLE public.auth_user_user_permissions ALTER COLUMN id ADD GENERATED BY DEFAULT AS IDENTITY (
    SEQUENCE NAME public.auth_user_user_permissions_id_seq
    START WITH 1
    INCREMENT BY 1
    NO MINVALUE
    NO MAXVALUE
    CACHE 1
);


--
-- Name: django_admin_log; Type: TABLE; Schema: public; Owner: postgres
--

CREATE TABLE public.django_admin_log (
    id integer NOT NULL,
    action_time timestamp with time zone NOT NULL,
    object_id text,
    object_repr character varying(200) NOT NULL,
    action_flag smallint NOT NULL,
    change_message text NOT NULL,
    content_type_id integer,
    user_id integer NOT NULL,
    CONSTRAINT django_admin_log_action_flag_check CHECK ((action_flag >= 0))
);


ALTER TABLE public.django_admin_log OWNER TO postgres;

--
-- Name: django_admin_log_id_seq; Type: SEQUENCE; Schema: public; Owner: postgres
--

ALTER TABLE public.django_admin_log ALTER COLUMN id ADD GENERATED BY DEFAULT AS IDENTITY (
    SEQUENCE NAME public.django_admin_log_id_seq
    START WITH 1
    INCREMENT BY 1
    NO MINVALUE
    NO MAXVALUE
    CACHE 1
);


--
-- Name: django_content_type; Type: TABLE; Schema: public; Owner: postgres
--

CREATE TABLE public.django_content_type (
    id integer NOT NULL,
    app_label character varying(100) NOT NULL,
    model character varying(100) NOT NULL
);


ALTER TABLE public.django_content_type OWNER TO postgres;

--
-- Name: django_content_type_id_seq; Type: SEQUENCE; Schema: public; Owner: postgres
--

ALTER TABLE public.django_content_type ALTER COLUMN id ADD GENERATED BY DEFAULT AS IDENTITY (
    SEQUENCE NAME public.django_content_type_id_seq
    START WITH 1
    INCREMENT BY 1
    NO MINVALUE
    NO MAXVALUE
    CACHE 1
);


--
-- Name: django_migrations; Type: TABLE; Schema: public; Owner: postgres
--

CREATE TABLE public.django_migrations (
    id bigint NOT NULL,
    app character varying(255) NOT NULL,
    name character varying(255) NOT NULL,
    applied timestamp with time zone NOT NULL
);


ALTER TABLE public.django_migrations OWNER TO postgres;

--
-- Name: django_migrations_id_seq; Type: SEQUENCE; Schema: public; Owner: postgres
--

ALTER TABLE public.django_migrations ALTER COLUMN id ADD GENERATED BY DEFAULT AS IDENTITY (
    SEQUENCE NAME public.django_migrations_id_seq
    START WITH 1
    INCREMENT BY 1
    NO MINVALUE
    NO MAXVALUE
    CACHE 1
);


--
-- Name: django_session; Type: TABLE; Schema: public; Owner: postgres
--

CREATE TABLE public.django_session (
    session_key character varying(40) NOT NULL,
    session_data text NOT NULL,
    expire_date timestamp with time zone NOT NULL
);


ALTER TABLE public.django_session OWNER TO postgres;

--
-- Name: theme_material_kit_categoria; Type: TABLE; Schema: public; Owner: postgres
--

CREATE TABLE public.theme_material_kit_categoria (
    id bigint NOT NULL,
    estado boolean NOT NULL,
    fcreacion timestamp with time zone,
    fmodificacion timestamp with time zone,
    umodificacion integer,
    categoria character varying(150) NOT NULL,
    codigo character varying(100) NOT NULL,
    ucreacion_id integer
);


ALTER TABLE public.theme_material_kit_categoria OWNER TO postgres;

--
-- Name: theme_material_kit_categoria_id_seq; Type: SEQUENCE; Schema: public; Owner: postgres
--

ALTER TABLE public.theme_material_kit_categoria ALTER COLUMN id ADD GENERATED BY DEFAULT AS IDENTITY (
    SEQUENCE NAME public.theme_material_kit_categoria_id_seq
    START WITH 1
    INCREMENT BY 1
    NO MINVALUE
    NO MAXVALUE
    CACHE 1
);


--
-- Name: theme_material_kit_estudio; Type: TABLE; Schema: public; Owner: postgres
--

CREATE TABLE public.theme_material_kit_estudio (
    id bigint NOT NULL,
    estado boolean NOT NULL,
    fcreacion timestamp with time zone,
    fmodificacion timestamp with time zone,
    umodificacion integer,
    estudio character varying(150) NOT NULL,
    "grupoEstudio_id" bigint NOT NULL,
    profesional_id bigint,
    ucreacion_id integer
);


ALTER TABLE public.theme_material_kit_estudio OWNER TO postgres;

--
-- Name: theme_material_kit_estudio_id_seq; Type: SEQUENCE; Schema: public; Owner: postgres
--

ALTER TABLE public.theme_material_kit_estudio ALTER COLUMN id ADD GENERATED BY DEFAULT AS IDENTITY (
    SEQUENCE NAME public.theme_material_kit_estudio_id_seq
    START WITH 1
    INCREMENT BY 1
    NO MINVALUE
    NO MAXVALUE
    CACHE 1
);


--
-- Name: theme_material_kit_grupoarea; Type: TABLE; Schema: public; Owner: postgres
--

CREATE TABLE public.theme_material_kit_grupoarea (
    id bigint NOT NULL,
    estado boolean NOT NULL,
    fcreacion timestamp with time zone,
    fmodificacion timestamp with time zone,
    umodificacion integer,
    area character varying(150) NOT NULL,
    codigo character varying(100) NOT NULL,
    ucreacion_id integer
);


ALTER TABLE public.theme_material_kit_grupoarea OWNER TO postgres;

--
-- Name: theme_material_kit_grupoarea_id_seq; Type: SEQUENCE; Schema: public; Owner: postgres
--

ALTER TABLE public.theme_material_kit_grupoarea ALTER COLUMN id ADD GENERATED BY DEFAULT AS IDENTITY (
    SEQUENCE NAME public.theme_material_kit_grupoarea_id_seq
    START WITH 1
    INCREMENT BY 1
    NO MINVALUE
    NO MAXVALUE
    CACHE 1
);


--
-- Name: theme_material_kit_grupoestudio; Type: TABLE; Schema: public; Owner: postgres
--

CREATE TABLE public.theme_material_kit_grupoestudio (
    id bigint NOT NULL,
    estado boolean NOT NULL,
    fcreacion timestamp with time zone,
    fmodificacion timestamp with time zone,
    umodificacion integer,
    "grupoEstudio" character varying(150) NOT NULL,
    codigo character varying(100) NOT NULL,
    ucreacion_id integer,
    color character varying(100)
);


ALTER TABLE public.theme_material_kit_grupoestudio OWNER TO postgres;

--
-- Name: theme_material_kit_grupoestudio_id_seq; Type: SEQUENCE; Schema: public; Owner: postgres
--

ALTER TABLE public.theme_material_kit_grupoestudio ALTER COLUMN id ADD GENERATED BY DEFAULT AS IDENTITY (
    SEQUENCE NAME public.theme_material_kit_grupoestudio_id_seq
    START WITH 1
    INCREMENT BY 1
    NO MINVALUE
    NO MAXVALUE
    CACHE 1
);


--
-- Name: theme_material_kit_historicalplanilla; Type: TABLE; Schema: public; Owner: postgres
--

CREATE TABLE public.theme_material_kit_historicalplanilla (
    id bigint NOT NULL,
    estado boolean NOT NULL,
    fcreacion timestamp with time zone,
    fmodificacion timestamp with time zone,
    umodificacion integer,
    fecha date NOT NULL,
    history_id integer NOT NULL,
    history_date timestamp with time zone NOT NULL,
    history_change_reason character varying(100),
    history_type character varying(1) NOT NULL,
    categoria_id bigint,
    history_user_id integer,
    ucreacion_id integer,
    turno_id bigint,
    "estadoAreas" text,
    "estadoEquipos" text,
    observaciones text,
    "pacientesCriticos" text
);


ALTER TABLE public.theme_material_kit_historicalplanilla OWNER TO postgres;

--
-- Name: theme_material_kit_historicalplanilla_history_id_seq; Type: SEQUENCE; Schema: public; Owner: postgres
--

ALTER TABLE public.theme_material_kit_historicalplanilla ALTER COLUMN history_id ADD GENERATED BY DEFAULT AS IDENTITY (
    SEQUENCE NAME public.theme_material_kit_historicalplanilla_history_id_seq
    START WITH 1
    INCREMENT BY 1
    NO MINVALUE
    NO MAXVALUE
    CACHE 1
);


--
-- Name: theme_material_kit_historicaltupla; Type: TABLE; Schema: public; Owner: postgres
--

CREATE TABLE public.theme_material_kit_historicaltupla (
    id bigint NOT NULL,
    estado boolean NOT NULL,
    fcreacion timestamp with time zone,
    fmodificacion timestamp with time zone,
    umodificacion integer,
    cantidad integer NOT NULL,
    history_id integer NOT NULL,
    history_date timestamp with time zone NOT NULL,
    history_change_reason character varying(100),
    history_type character varying(1) NOT NULL,
    estudio_id bigint,
    "grupoArea_id" bigint,
    history_user_id integer,
    planilla_id bigint,
    ucreacion_id integer
);


ALTER TABLE public.theme_material_kit_historicaltupla OWNER TO postgres;

--
-- Name: theme_material_kit_historicaltupla_history_id_seq; Type: SEQUENCE; Schema: public; Owner: postgres
--

ALTER TABLE public.theme_material_kit_historicaltupla ALTER COLUMN history_id ADD GENERATED BY DEFAULT AS IDENTITY (
    SEQUENCE NAME public.theme_material_kit_historicaltupla_history_id_seq
    START WITH 1
    INCREMENT BY 1
    NO MINVALUE
    NO MAXVALUE
    CACHE 1
);


--
-- Name: theme_material_kit_pacientecritico; Type: TABLE; Schema: public; Owner: postgres
--

CREATE TABLE public.theme_material_kit_pacientecritico (
    id bigint NOT NULL,
    estado boolean NOT NULL,
    fcreacion timestamp with time zone,
    fmodificacion timestamp with time zone,
    umodificacion integer,
    nombre character varying(150) NOT NULL,
    ucreacion_id integer
);


ALTER TABLE public.theme_material_kit_pacientecritico OWNER TO postgres;

--
-- Name: theme_material_kit_pacientecritico_id_seq; Type: SEQUENCE; Schema: public; Owner: postgres
--

ALTER TABLE public.theme_material_kit_pacientecritico ALTER COLUMN id ADD GENERATED BY DEFAULT AS IDENTITY (
    SEQUENCE NAME public.theme_material_kit_pacientecritico_id_seq
    START WITH 1
    INCREMENT BY 1
    NO MINVALUE
    NO MAXVALUE
    CACHE 1
);


--
-- Name: theme_material_kit_planilla; Type: TABLE; Schema: public; Owner: postgres
--

CREATE TABLE public.theme_material_kit_planilla (
    id bigint NOT NULL,
    estado boolean NOT NULL,
    fcreacion timestamp with time zone,
    fmodificacion timestamp with time zone,
    umodificacion integer,
    fecha date NOT NULL,
    categoria_id bigint NOT NULL,
    ucreacion_id integer,
    turno_id bigint,
    "estadoAreas" text,
    "estadoEquipos" text,
    observaciones text,
    "pacientesCriticos" text
);


ALTER TABLE public.theme_material_kit_planilla OWNER TO postgres;

--
-- Name: theme_material_kit_planilla_id_seq; Type: SEQUENCE; Schema: public; Owner: postgres
--

ALTER TABLE public.theme_material_kit_planilla ALTER COLUMN id ADD GENERATED BY DEFAULT AS IDENTITY (
    SEQUENCE NAME public.theme_material_kit_planilla_id_seq
    START WITH 1
    INCREMENT BY 1
    NO MINVALUE
    NO MAXVALUE
    CACHE 1
);


--
-- Name: theme_material_kit_planillafooter; Type: TABLE; Schema: public; Owner: postgres
--

CREATE TABLE public.theme_material_kit_planillafooter (
    id bigint NOT NULL,
    estado boolean NOT NULL,
    fcreacion timestamp with time zone,
    fmodificacion timestamp with time zone,
    umodificacion integer,
    observaciones text,
    "estadoEquipos" text,
    "estadoAreas" text,
    "pacientesCriticos_id" bigint,
    planilla_id bigint NOT NULL,
    ucreacion_id integer
);


ALTER TABLE public.theme_material_kit_planillafooter OWNER TO postgres;

--
-- Name: theme_material_kit_planillafooter_id_seq; Type: SEQUENCE; Schema: public; Owner: postgres
--

ALTER TABLE public.theme_material_kit_planillafooter ALTER COLUMN id ADD GENERATED BY DEFAULT AS IDENTITY (
    SEQUENCE NAME public.theme_material_kit_planillafooter_id_seq
    START WITH 1
    INCREMENT BY 1
    NO MINVALUE
    NO MAXVALUE
    CACHE 1
);


--
-- Name: theme_material_kit_profesional; Type: TABLE; Schema: public; Owner: postgres
--

CREATE TABLE public.theme_material_kit_profesional (
    id bigint NOT NULL,
    estado boolean NOT NULL,
    fcreacion timestamp with time zone,
    fmodificacion timestamp with time zone,
    umodificacion integer,
    nombre character varying(450) NOT NULL,
    cargo character varying(450) NOT NULL,
    contacto integer,
    ucreacion_id integer
);


ALTER TABLE public.theme_material_kit_profesional OWNER TO postgres;

--
-- Name: theme_material_kit_profesional_id_seq; Type: SEQUENCE; Schema: public; Owner: postgres
--

ALTER TABLE public.theme_material_kit_profesional ALTER COLUMN id ADD GENERATED BY DEFAULT AS IDENTITY (
    SEQUENCE NAME public.theme_material_kit_profesional_id_seq
    START WITH 1
    INCREMENT BY 1
    NO MINVALUE
    NO MAXVALUE
    CACHE 1
);


--
-- Name: theme_material_kit_tupla; Type: TABLE; Schema: public; Owner: postgres
--

CREATE TABLE public.theme_material_kit_tupla (
    id bigint NOT NULL,
    estado boolean NOT NULL,
    fcreacion timestamp with time zone,
    fmodificacion timestamp with time zone,
    umodificacion integer,
    cantidad integer NOT NULL,
    estudio_id bigint NOT NULL,
    "grupoArea_id" bigint NOT NULL,
    planilla_id bigint NOT NULL,
    ucreacion_id integer
);


ALTER TABLE public.theme_material_kit_tupla OWNER TO postgres;

--
-- Name: theme_material_kit_tupla_id_seq; Type: SEQUENCE; Schema: public; Owner: postgres
--

ALTER TABLE public.theme_material_kit_tupla ALTER COLUMN id ADD GENERATED BY DEFAULT AS IDENTITY (
    SEQUENCE NAME public.theme_material_kit_tupla_id_seq
    START WITH 1
    INCREMENT BY 1
    NO MINVALUE
    NO MAXVALUE
    CACHE 1
);


--
-- Name: theme_material_kit_turno; Type: TABLE; Schema: public; Owner: postgres
--

CREATE TABLE public.theme_material_kit_turno (
    id bigint NOT NULL,
    estado boolean NOT NULL,
    fcreacion timestamp with time zone,
    fmodificacion timestamp with time zone,
    umodificacion integer,
    turno character varying(150) NOT NULL,
    codigo character varying(100) NOT NULL,
    ucreacion_id integer
);


ALTER TABLE public.theme_material_kit_turno OWNER TO postgres;

--
-- Name: theme_material_kit_turno_id_seq; Type: SEQUENCE; Schema: public; Owner: postgres
--

ALTER TABLE public.theme_material_kit_turno ALTER COLUMN id ADD GENERATED BY DEFAULT AS IDENTITY (
    SEQUENCE NAME public.theme_material_kit_turno_id_seq
    START WITH 1
    INCREMENT BY 1
    NO MINVALUE
    NO MAXVALUE
    CACHE 1
);


--
-- Data for Name: auth_group; Type: TABLE DATA; Schema: public; Owner: postgres
--

COPY public.auth_group (id, name) FROM stdin;
\.


--
-- Data for Name: auth_group_permissions; Type: TABLE DATA; Schema: public; Owner: postgres
--

COPY public.auth_group_permissions (id, group_id, permission_id) FROM stdin;
\.


--
-- Data for Name: auth_permission; Type: TABLE DATA; Schema: public; Owner: postgres
--

COPY public.auth_permission (id, name, content_type_id, codename) FROM stdin;
1	Can add log entry	1	add_logentry
2	Can change log entry	1	change_logentry
3	Can delete log entry	1	delete_logentry
4	Can view log entry	1	view_logentry
5	Can add permission	2	add_permission
6	Can change permission	2	change_permission
7	Can delete permission	2	delete_permission
8	Can view permission	2	view_permission
9	Can add group	3	add_group
10	Can change group	3	change_group
11	Can delete group	3	delete_group
12	Can view group	3	view_group
13	Can add user	4	add_user
14	Can change user	4	change_user
15	Can delete user	4	delete_user
16	Can view user	4	view_user
17	Can add content type	5	add_contenttype
18	Can change content type	5	change_contenttype
19	Can delete content type	5	delete_contenttype
20	Can view content type	5	view_contenttype
21	Can add session	6	add_session
22	Can change session	6	change_session
23	Can delete session	6	delete_session
24	Can view session	6	view_session
25	Can add categoria	7	add_categoria
26	Can change categoria	7	change_categoria
27	Can delete categoria	7	delete_categoria
28	Can view categoria	7	view_categoria
29	Can add estudio	8	add_estudio
30	Can change estudio	8	change_estudio
31	Can delete estudio	8	delete_estudio
32	Can view estudio	8	view_estudio
33	Can add grupo area	9	add_grupoarea
34	Can change grupo area	9	change_grupoarea
35	Can delete grupo area	9	delete_grupoarea
36	Can view grupo area	9	view_grupoarea
37	Can add paciente critico	10	add_pacientecritico
38	Can change paciente critico	10	change_pacientecritico
39	Can delete paciente critico	10	delete_pacientecritico
40	Can view paciente critico	10	view_pacientecritico
41	Can add planilla	11	add_planilla
42	Can change planilla	11	change_planilla
43	Can delete planilla	11	delete_planilla
44	Can view planilla	11	view_planilla
45	Can add turno	12	add_turno
46	Can change turno	12	change_turno
47	Can delete turno	12	delete_turno
48	Can view turno	12	view_turno
49	Can add tupla	13	add_tupla
50	Can change tupla	13	change_tupla
51	Can delete tupla	13	delete_tupla
52	Can view tupla	13	view_tupla
53	Can add profesional	14	add_profesional
54	Can change profesional	14	change_profesional
55	Can delete profesional	14	delete_profesional
56	Can view profesional	14	view_profesional
57	Can add planilla footer	15	add_planillafooter
58	Can change planilla footer	15	change_planillafooter
59	Can delete planilla footer	15	delete_planillafooter
60	Can view planilla footer	15	view_planillafooter
61	Can add historical tupla	16	add_historicaltupla
62	Can change historical tupla	16	change_historicaltupla
63	Can delete historical tupla	16	delete_historicaltupla
64	Can view historical tupla	16	view_historicaltupla
65	Can add historical planilla	17	add_historicalplanilla
66	Can change historical planilla	17	change_historicalplanilla
67	Can delete historical planilla	17	delete_historicalplanilla
68	Can view historical planilla	17	view_historicalplanilla
69	Can add grupo estudio	18	add_grupoestudio
70	Can change grupo estudio	18	change_grupoestudio
71	Can delete grupo estudio	18	delete_grupoestudio
72	Can view grupo estudio	18	view_grupoestudio
\.


--
-- Data for Name: auth_user; Type: TABLE DATA; Schema: public; Owner: postgres
--

COPY public.auth_user (id, password, last_login, is_superuser, username, first_name, last_name, email, is_staff, is_active, date_joined) FROM stdin;
1	pbkdf2_sha256$600000$6TxntCnrs45xZQ2S9hnOzn$AzSwjDxAJVcGOXrzIOVZFN063zCJX9sruEnVRy0cAwI=	2024-04-10 21:34:38.304909-04	t	root			cesar.nrv@gmail.com	t	t	2024-03-31 18:40:59.273722-04
\.


--
-- Data for Name: auth_user_groups; Type: TABLE DATA; Schema: public; Owner: postgres
--

COPY public.auth_user_groups (id, user_id, group_id) FROM stdin;
\.


--
-- Data for Name: auth_user_user_permissions; Type: TABLE DATA; Schema: public; Owner: postgres
--

COPY public.auth_user_user_permissions (id, user_id, permission_id) FROM stdin;
\.


--
-- Data for Name: django_admin_log; Type: TABLE DATA; Schema: public; Owner: postgres
--

COPY public.django_admin_log (id, action_time, object_id, object_repr, action_flag, change_message, content_type_id, user_id) FROM stdin;
\.


--
-- Data for Name: django_content_type; Type: TABLE DATA; Schema: public; Owner: postgres
--

COPY public.django_content_type (id, app_label, model) FROM stdin;
1	admin	logentry
2	auth	permission
3	auth	group
4	auth	user
5	contenttypes	contenttype
6	sessions	session
7	theme_material_kit	categoria
8	theme_material_kit	estudio
9	theme_material_kit	grupoarea
10	theme_material_kit	pacientecritico
11	theme_material_kit	planilla
12	theme_material_kit	turno
13	theme_material_kit	tupla
14	theme_material_kit	profesional
15	theme_material_kit	planillafooter
16	theme_material_kit	historicaltupla
17	theme_material_kit	historicalplanilla
18	theme_material_kit	grupoestudio
\.


--
-- Data for Name: django_migrations; Type: TABLE DATA; Schema: public; Owner: postgres
--

COPY public.django_migrations (id, app, name, applied) FROM stdin;
1	contenttypes	0001_initial	2024-03-31 18:40:38.685278-04
2	auth	0001_initial	2024-03-31 18:40:38.733405-04
3	admin	0001_initial	2024-03-31 18:40:38.747382-04
4	admin	0002_logentry_remove_auto_add	2024-03-31 18:40:38.751899-04
5	admin	0003_logentry_add_action_flag_choices	2024-03-31 18:40:38.755916-04
6	contenttypes	0002_remove_content_type_name	2024-03-31 18:40:38.76648-04
7	auth	0002_alter_permission_name_max_length	2024-03-31 18:40:38.771482-04
8	auth	0003_alter_user_email_max_length	2024-03-31 18:40:38.777009-04
9	auth	0004_alter_user_username_opts	2024-03-31 18:40:38.781008-04
10	auth	0005_alter_user_last_login_null	2024-03-31 18:40:38.78559-04
11	auth	0006_require_contenttypes_0002	2024-03-31 18:40:38.787788-04
12	auth	0007_alter_validators_add_error_messages	2024-03-31 18:40:38.792177-04
13	auth	0008_alter_user_username_max_length	2024-03-31 18:40:38.799882-04
14	auth	0009_alter_user_last_name_max_length	2024-03-31 18:40:38.80521-04
15	auth	0010_alter_group_name_max_length	2024-03-31 18:40:38.81121-04
16	auth	0011_update_proxy_permissions	2024-03-31 18:40:38.816809-04
17	auth	0012_alter_user_first_name_max_length	2024-03-31 18:40:38.82077-04
18	sessions	0001_initial	2024-03-31 18:40:38.831102-04
19	theme_material_kit	0001_initial	2024-03-31 18:40:38.834587-04
20	theme_material_kit	0002_delete_test	2024-03-31 18:40:38.837344-04
21	theme_material_kit	0003_initial	2024-03-31 18:40:39.110095-04
22	theme_material_kit	0004_grupoestudio_color	2024-04-02 21:55:16.350714-04
23	theme_material_kit	0005_remove_historicaltupla_turno_remove_tupla_turno_and_more	2024-04-03 11:51:11.233137-04
24	theme_material_kit	0006_historicalplanilla_estadoareas_and_more	2024-04-07 00:31:58.939436-04
\.


--
-- Data for Name: django_session; Type: TABLE DATA; Schema: public; Owner: postgres
--

COPY public.django_session (session_key, session_data, expire_date) FROM stdin;
zar4qkxhu311q4j4vw1qlkowg404wfeq	.eJxVjEEOwiAQRe_C2hCQDlCX7j0DGRhGqgaS0q6Md7dNutDte-__twi4LiWsPc9hInERWpx-WcT0zHUX9MB6bzK1usxTlHsiD9vlrVF-XY_276BgL9vanw0p5xwBsxlAaa9Hi0rzAEYp4zluyPpI7LJ3Kibg5DEDIY_A1onPF7nbN4Q:1rr3ue:gy4pwSNAdYYj2PvaKEMaxMNAzM9p5ZzOXyUxiSNLFFA	2024-04-14 18:44:28.555064-04
efd27fj89mz34onh8yknsrn3zjl335yk	.eJxVjEEOwiAQRe_C2hCQDlCX7j0DGRhGqgaS0q6Md7dNutDte-__twi4LiWsPc9hInERWpx-WcT0zHUX9MB6bzK1usxTlHsiD9vlrVF-XY_276BgL9vanw0p5xwBsxlAaa9Hi0rzAEYp4zluyPpI7LJ3Kibg5DEDIY_A1onPF7nbN4Q:1rrpm1:T1jnI1qFLIbWP4hN9AVOIG1tyoAgchKvs06K0y0Z230	2024-04-16 21:50:45.140146-04
leqzs19qaz6cl7vrgdbzy7cvlmpoik5a	.eJxVjEEOwiAQRe_C2hCQDlCX7j0DGRhGqgaS0q6Md7dNutDte-__twi4LiWsPc9hInERWpx-WcT0zHUX9MB6bzK1usxTlHsiD9vlrVF-XY_276BgL9vanw0p5xwBsxlAaa9Hi0rzAEYp4zluyPpI7LJ3Kibg5DEDIY_A1onPF7nbN4Q:1rs52w:_X9bZJX9v23NWYESATtIlZvWegyVY04W_moa9vQfEoI	2024-04-17 14:09:14.783274-04
g9q1ay3ec42s1pyqkf2rh5gp4q5bqgv3	.eJxVjEEOwiAQRe_C2hCQDlCX7j0DGRhGqgaS0q6Md7dNutDte-__twi4LiWsPc9hInERWpx-WcT0zHUX9MB6bzK1usxTlHsiD9vlrVF-XY_276BgL9vanw0p5xwBsxlAaa9Hi0rzAEYp4zluyPpI7LJ3Kibg5DEDIY_A1onPF7nbN4Q:1rs8vB:Vy1ZQG-JE2aLZwgOwT6G0xna7lcBI0oodXOdfTdS0y4	2024-04-17 18:17:29.499339-04
kzaf66dzh534k9sc3o6eb6vlsu02dvuo	.eJxVjEEOwiAQRe_C2hCQDlCX7j0DGRhGqgaS0q6Md7dNutDte-__twi4LiWsPc9hInERWpx-WcT0zHUX9MB6bzK1usxTlHsiD9vlrVF-XY_276BgL9vanw0p5xwBsxlAaa9Hi0rzAEYp4zluyPpI7LJ3Kibg5DEDIY_A1onPF7nbN4Q:1rs9aA:mctQy8uXlvhVn-J4FtJJCPx_69Nfb0okeBGbbZHDE-k	2024-04-17 18:59:50.648693-04
6a6dhffs5okaztwkqvq48cdhq21jjdal	.eJxVjEEOwiAQRe_C2hCQDlCX7j0DGRhGqgaS0q6Md7dNutDte-__twi4LiWsPc9hInERWpx-WcT0zHUX9MB6bzK1usxTlHsiD9vlrVF-XY_276BgL9vanw0p5xwBsxlAaa9Hi0rzAEYp4zluyPpI7LJ3Kibg5DEDIY_A1onPF7nbN4Q:1rtJRA:aiMiDUfbdfQsTBOZQ1-9HcFE_gyLH5PjxhYMiBzmzCE	2024-04-20 23:43:20.477413-04
lic58b222pn72b737gqna6kydvso0i10	.eJxVjEEOwiAQRe_C2hCQDlCX7j0DGRhGqgaS0q6Md7dNutDte-__twi4LiWsPc9hInERWpx-WcT0zHUX9MB6bzK1usxTlHsiD9vlrVF-XY_276BgL9vanw0p5xwBsxlAaa9Hi0rzAEYp4zluyPpI7LJ3Kibg5DEDIY_A1onPF7nbN4Q:1rtJo8:sgRiEJhC-jSCHbWZkaf304nwh-iDJLGaX41fAGsEM6I	2024-04-21 00:07:04.942441-04
74wim99tsbfdk24al7asd5yjgxlmcfa3	.eJxVjEEOwiAQRe_C2hCQDlCX7j0DGRhGqgaS0q6Md7dNutDte-__twi4LiWsPc9hInERWpx-WcT0zHUX9MB6bzK1usxTlHsiD9vlrVF-XY_276BgL9vanw0p5xwBsxlAaa9Hi0rzAEYp4zluyPpI7LJ3Kibg5DEDIY_A1onPF7nbN4Q:1rtK9B:uAUUmmbidexEbmh2K3Q9ON7dN9Zi2JAKOrEhm0DAlBs	2024-04-21 00:28:49.197626-04
le4cjwz0517i8zbr13s01wyxu66g8u1a	.eJxVjEEOwiAQRe_C2hCQDlCX7j0DGRhGqgaS0q6Md7dNutDte-__twi4LiWsPc9hInERWpx-WcT0zHUX9MB6bzK1usxTlHsiD9vlrVF-XY_276BgL9vanw0p5xwBsxlAaa9Hi0rzAEYp4zluyPpI7LJ3Kibg5DEDIY_A1onPF7nbN4Q:1rujKo:1LqagZYHuSk-q-ZStEt6UbE3i0l4VJZtoEE9p-c_HHc	2024-04-24 21:34:38.305909-04
\.


--
-- Data for Name: theme_material_kit_categoria; Type: TABLE DATA; Schema: public; Owner: postgres
--

COPY public.theme_material_kit_categoria (id, estado, fcreacion, fmodificacion, umodificacion, categoria, codigo, ucreacion_id) FROM stdin;
1	t	2024-03-31 21:13:26.571485-04	2024-03-31 21:13:26.571485-04	\N	PACIENTES S.U.S.	PSUS	1
\.


--
-- Data for Name: theme_material_kit_estudio; Type: TABLE DATA; Schema: public; Owner: postgres
--

COPY public.theme_material_kit_estudio (id, estado, fcreacion, fmodificacion, umodificacion, estudio, "grupoEstudio_id", profesional_id, ucreacion_id) FROM stdin;
2	t	2024-04-01 15:10:45.785297-04	2024-04-01 15:10:45.785297-04	\N	SOLICITUDES REPORTADOS	1	\N	1
3	t	2024-04-01 15:11:04.463121-04	2024-04-01 15:11:04.463121-04	\N	PACIENTES INGRESO	2	\N	1
4	t	2024-04-01 15:12:40.090989-04	2024-04-01 15:12:53.750419-04	1	MUESTRA SANGUINEA	3	\N	1
5	t	2024-04-01 15:13:24.721613-04	2024-04-01 15:13:24.721613-04	\N	HISOPADO NASAL	3	\N	1
6	t	2024-04-01 15:13:58.156742-04	2024-04-01 15:13:58.156742-04	\N	GLICEMIA	4	\N	1
7	t	2024-04-01 15:14:09.011815-04	2024-04-01 15:14:09.011815-04	\N	UREA	4	\N	1
8	t	2024-04-01 15:14:20.289483-04	2024-04-01 15:14:20.289483-04	\N	NUS	4	\N	1
9	t	2024-04-01 15:14:30.140989-04	2024-04-01 15:14:30.140989-04	\N	CREATININA	4	\N	1
10	t	2024-04-01 15:15:03.83004-04	2024-04-01 15:15:03.83004-04	\N	COLESTEROL	4	\N	1
11	t	2024-04-01 15:15:21.510406-04	2024-04-01 15:15:21.510406-04	\N	TRIGLICERIDOS	4	\N	1
12	t	2024-04-01 15:15:32.486707-04	2024-04-01 15:15:32.486707-04	\N	HDL-COL	4	\N	1
13	t	2024-04-01 15:15:43.864662-04	2024-04-01 15:15:43.864662-04	\N	LDL	4	\N	1
14	t	2024-04-01 15:15:53.914133-04	2024-04-01 15:15:53.914133-04	\N	VLDL	4	\N	1
15	t	2024-04-01 15:16:08.045788-04	2024-04-01 15:16:08.045788-04	\N	PROTEINAS	4	\N	1
16	t	2024-04-01 15:16:29.185035-04	2024-04-01 15:16:29.185035-04	\N	ALBUMINA	4	\N	1
18	t	2024-04-01 15:17:17.234243-04	2024-04-01 15:17:17.234243-04	\N	GOT	4	\N	1
19	t	2024-04-01 15:17:49.100902-04	2024-04-01 15:17:49.100902-04	\N	GPT	4	\N	1
20	t	2024-04-01 15:18:13.914679-04	2024-04-01 15:18:13.914679-04	\N	FAL	4	\N	1
21	t	2024-04-01 15:18:25.955026-04	2024-04-01 15:18:25.955026-04	\N	ACIDO URICO	4	\N	1
22	t	2024-04-01 15:18:41.080071-04	2024-04-01 15:18:41.080071-04	\N	CK-MB	4	\N	1
23	t	2024-04-01 15:18:54.974706-04	2024-04-01 15:18:54.974706-04	\N	CK TOTAL	4	\N	1
24	t	2024-04-01 15:19:03.747146-04	2024-04-01 15:19:03.747146-04	\N	DHL	4	\N	1
27	t	2024-04-01 15:24:49.510991-04	2024-04-01 15:24:49.510991-04	\N	GGT	4	\N	1
28	t	2024-04-01 15:25:04.661563-04	2024-04-01 15:25:04.661563-04	\N	CITOQUIMICO	4	\N	1
29	t	2024-04-01 15:25:16.85271-04	2024-04-01 15:25:16.85271-04	\N	ORINA 24 HORAS	4	\N	1
31	t	2024-04-01 15:25:39.655013-04	2024-04-01 15:25:39.655013-04	\N	FOSFORO	4	\N	1
33	t	2024-04-01 15:26:28.313316-04	2024-04-01 15:26:28.313316-04	\N	GASOMETRIA BG 10 LACTATO	4	\N	1
34	t	2024-04-01 15:27:05.993577-04	2024-04-01 15:27:05.993577-04	\N	HEMOGRAMA (COMPLETO)	5	\N	1
36	t	2024-04-01 15:27:33.273879-04	2024-04-01 15:27:33.273879-04	\N	FROTIS PERIFERICO	5	\N	1
38	t	2024-04-01 15:28:01.519292-04	2024-04-01 15:28:01.519292-04	\N	RETICULOCITOS	5	\N	1
39	t	2024-04-01 15:28:14.409697-04	2024-04-01 15:28:14.409697-04	\N	ÍNDICES HEMATIMÉTRICOS	5	\N	1
40	t	2024-04-01 15:28:24.159355-04	2024-04-01 15:28:24.159355-04	\N	TS	6	\N	1
41	t	2024-04-01 15:28:42.398639-04	2024-04-01 15:28:42.398639-04	\N	TC	6	\N	1
42	t	2024-04-01 15:28:56.107787-04	2024-04-01 15:28:56.107787-04	\N	TP	6	\N	1
43	t	2024-04-01 15:29:07.902575-04	2024-04-01 15:29:07.902575-04	\N	PLAQUETAS	6	\N	1
44	t	2024-04-01 15:29:19.42343-04	2024-04-01 15:29:19.42343-04	\N	GRUPO SANGUINEO	6	\N	1
45	t	2024-04-01 15:29:32.96879-04	2024-04-01 15:31:02.368934-04	1	TTPa	6	\N	1
47	t	2024-04-01 15:31:34.888687-04	2024-04-01 15:31:34.888687-04	\N	EGO	7	\N	1
48	t	2024-04-01 15:39:41.319661-04	2024-04-01 15:39:41.319661-04	\N	COPRO SERIADO	7	\N	1
49	t	2024-04-01 15:40:03.468909-04	2024-04-01 15:40:03.468909-04	\N	COPRO SIMPLE	7	\N	1
50	t	2024-04-01 15:40:14.520319-04	2024-04-01 15:40:14.520319-04	\N	MOCO FECAL	7	\N	1
51	t	2024-04-01 15:40:25.705712-04	2024-04-01 15:40:25.705712-04	\N	SANG. OCULTA HECES	7	\N	1
52	t	2024-04-01 15:40:39.006778-04	2024-04-01 15:40:39.006778-04	\N	MORF. GLOB. ROJOS	7	\N	1
53	t	2024-04-01 15:40:56.862394-04	2024-04-01 15:40:56.862394-04	\N	DIMERO D - quimioluminiscencia	8	\N	1
54	t	2024-04-01 15:41:11.271459-04	2024-04-01 15:41:11.271459-04	\N	FERRITINA - quimioluminiscencia	8	\N	1
55	t	2024-04-01 15:41:38.350856-04	2024-04-01 15:42:10.194149-04	1	IL 6 quimioluminiscencia	8	\N	1
56	t	2024-04-01 15:42:25.119731-04	2024-04-01 15:42:25.119731-04	\N	PCR quimioluminiscencia	8	\N	1
57	t	2024-04-01 15:45:45.826688-04	2024-04-01 15:45:45.826688-04	\N	PROCALCITONINA quimioluminiscencia	8	\N	1
58	t	2024-04-01 15:46:00.398894-04	2024-04-01 15:46:00.398894-04	\N	TROPONINA I quimioluminiscencia	8	\N	1
59	t	2024-04-01 15:46:13.547355-04	2024-04-01 15:46:13.547355-04	\N	IgM quimioluminiscencia	8	\N	1
60	t	2024-04-01 15:46:27.113545-04	2024-04-01 15:46:27.113545-04	\N	IgG quimioluminiscencia	8	\N	1
61	t	2024-04-01 15:46:42.190017-04	2024-04-01 15:46:42.190017-04	\N	ProBNP quimioluminiscencia	8	\N	1
62	t	2024-04-01 15:46:55.659592-04	2024-04-01 15:46:55.659592-04	\N	DIMERO-D (Roche)	8	\N	1
63	t	2024-04-01 15:47:09.244384-04	2024-04-01 15:47:09.244384-04	\N	TROPONINA I (cualitativa)	8	\N	1
64	t	2024-04-01 15:47:20.775999-04	2024-04-01 15:47:20.775999-04	\N	TROP.T(Roche)	8	\N	1
65	t	2024-04-01 15:47:34.31823-04	2024-04-01 15:47:34.31823-04	\N	VIH	8	\N	1
66	t	2024-04-01 15:47:43.723152-04	2024-04-01 15:47:43.723152-04	\N	WIDAL	8	\N	1
67	t	2024-04-01 15:47:56.776256-04	2024-04-01 15:47:56.776256-04	\N	PCR (estudios solicitados)	8	\N	1
68	t	2024-04-01 15:48:08.693216-04	2024-04-01 15:48:08.693216-04	\N	PCR (diluciones)	8	\N	1
69	t	2024-04-01 15:48:20.338293-04	2024-04-01 15:48:20.338293-04	\N	ASTO	8	\N	1
70	t	2024-04-01 15:48:32.380208-04	2024-04-01 15:48:32.380208-04	\N	FR	8	\N	1
25	t	2024-04-01 15:19:15.127175-04	2024-04-01 15:49:12.250948-04	1	Hb. A1c	4	\N	1
32	t	2024-04-01 15:25:52.344663-04	2024-04-01 15:49:32.57641-04	1	ELECTROLITOS (NA,Cl,K,Cai, CaT)	4	\N	1
30	t	2024-04-01 15:25:25.217585-04	2024-04-01 15:49:50.193266-04	1	Mg	4	\N	1
35	t	2024-04-01 15:27:18.22117-04	2024-04-01 16:13:53.083795-04	1	Hto-Hb	5	\N	1
37	t	2024-04-01 15:27:46.374861-04	2024-04-01 16:16:27.634222-04	1	VES	5	\N	1
71	t	2024-04-01 16:10:55.928015-04	2024-04-01 16:23:14.550598-04	1	FIBRINOGENO	6	\N	1
46	t	2024-04-01 15:31:25.24819-04	2024-04-01 16:23:44.530276-04	1	TROMBINA	6	\N	1
17	t	2024-04-01 15:16:54.869027-04	2024-04-03 22:18:40.751855-04	1	BILIRRUBINA Totales y Fraccionadas	4	\N	1
1	t	2024-04-01 13:11:05.798157-04	2024-04-06 20:50:56.192436-04	\N	SOLICITUDES RECEPCIONADOS	1	\N	1
72	f	2024-04-10 21:37:12.022042-04	2024-04-10 22:50:40.910882-04	\N	PACIENTES EGRESO	2	\N	1
\.


--
-- Data for Name: theme_material_kit_grupoarea; Type: TABLE DATA; Schema: public; Owner: postgres
--

COPY public.theme_material_kit_grupoarea (id, estado, fcreacion, fmodificacion, umodificacion, area, codigo, ucreacion_id) FROM stdin;
1	t	2024-03-31 18:45:08.502464-04	2024-03-31 18:45:08.502464-04	\N	EMERGENCIA	EMG	1
3	t	2024-03-31 18:45:30.672796-04	2024-03-31 18:45:30.672796-04	\N	CIRUGÍA	CRG	1
2	t	2024-03-31 18:45:21.051673-04	2024-04-03 19:07:15.068488-04	1	U.T.I.	UTI	1
4	t	2024-03-31 19:23:53.307678-04	2024-03-31 19:23:53.307678-04	\N	CARDIOLOGÍA	CRD	1
6	t	2024-03-31 19:24:26.15796-04	2024-03-31 19:24:26.15796-04	\N	CNS.EXTERNA	CEXT	1
5	t	2024-03-31 19:24:14.716949-04	2024-03-31 19:24:34.221965-04	\N	NEUMOLOGÍA	NML	1
\.


--
-- Data for Name: theme_material_kit_grupoestudio; Type: TABLE DATA; Schema: public; Owner: postgres
--

COPY public.theme_material_kit_grupoestudio (id, estado, fcreacion, fmodificacion, umodificacion, "grupoEstudio", codigo, ucreacion_id, color) FROM stdin;
7	t	2024-03-31 20:46:15.578951-04	2024-04-02 22:03:43.377175-04	1	HEXSUDADOS -TRANSUDADOS	HXTR	1	#b5d9b1
3	t	2024-03-31 19:45:05.097075-04	2024-04-02 22:24:51.920179-04	1	TOMA DE MUESTRAS	TMM	1	#DCE5ED
6	t	2024-03-31 20:45:56.703469-04	2024-04-02 22:26:43.348866-04	1	HEMOSTASIA	HMO	1	#e8c2e1
5	t	2024-03-31 20:45:45.00636-04	2024-04-02 22:27:05.619792-04	1	HEMATOLOGÍA	HMA	1	#f8d9b4
4	t	2024-03-31 19:47:01.050027-04	2024-04-02 22:27:34.920168-04	1	QUÍMICA SANGUÍNEA	QMS	1	#87c8e4
8	t	2024-03-31 20:46:25.331351-04	2024-04-02 22:28:05.918138-04	1	INMUNOLOGÍA	NML	1	#eae7a3
2	t	2024-03-31 19:44:51.272963-04	2024-04-02 22:28:44.168767-04	1	PACIENTE INGRESO	PING	1	#cccccc
1	t	2024-03-31 19:43:12.439175-04	2024-04-08 23:19:37.79093-04	1	SOLICITUDES	SOL	1	#d4d4d4
\.


--
-- Data for Name: theme_material_kit_historicalplanilla; Type: TABLE DATA; Schema: public; Owner: postgres
--

COPY public.theme_material_kit_historicalplanilla (id, estado, fcreacion, fmodificacion, umodificacion, fecha, history_id, history_date, history_change_reason, history_type, categoria_id, history_user_id, ucreacion_id, turno_id, "estadoAreas", "estadoEquipos", observaciones, "pacientesCriticos") FROM stdin;
\.


--
-- Data for Name: theme_material_kit_historicaltupla; Type: TABLE DATA; Schema: public; Owner: postgres
--

COPY public.theme_material_kit_historicaltupla (id, estado, fcreacion, fmodificacion, umodificacion, cantidad, history_id, history_date, history_change_reason, history_type, estudio_id, "grupoArea_id", history_user_id, planilla_id, ucreacion_id) FROM stdin;
\.


--
-- Data for Name: theme_material_kit_pacientecritico; Type: TABLE DATA; Schema: public; Owner: postgres
--

COPY public.theme_material_kit_pacientecritico (id, estado, fcreacion, fmodificacion, umodificacion, nombre, ucreacion_id) FROM stdin;
\.


--
-- Data for Name: theme_material_kit_planilla; Type: TABLE DATA; Schema: public; Owner: postgres
--

COPY public.theme_material_kit_planilla (id, estado, fcreacion, fmodificacion, umodificacion, fecha, categoria_id, ucreacion_id, turno_id, "estadoAreas", "estadoEquipos", observaciones, "pacientesCriticos") FROM stdin;
\.


--
-- Data for Name: theme_material_kit_planillafooter; Type: TABLE DATA; Schema: public; Owner: postgres
--

COPY public.theme_material_kit_planillafooter (id, estado, fcreacion, fmodificacion, umodificacion, observaciones, "estadoEquipos", "estadoAreas", "pacientesCriticos_id", planilla_id, ucreacion_id) FROM stdin;
\.


--
-- Data for Name: theme_material_kit_profesional; Type: TABLE DATA; Schema: public; Owner: postgres
--

COPY public.theme_material_kit_profesional (id, estado, fcreacion, fmodificacion, umodificacion, nombre, cargo, contacto, ucreacion_id) FROM stdin;
1	t	2024-03-31 22:10:30.764909-04	2024-03-31 22:23:11.072617-04	1	CESAR ROJAS VALERO	JEFE DE AREA	68110661	1
\.


--
-- Data for Name: theme_material_kit_tupla; Type: TABLE DATA; Schema: public; Owner: postgres
--

COPY public.theme_material_kit_tupla (id, estado, fcreacion, fmodificacion, umodificacion, cantidad, estudio_id, "grupoArea_id", planilla_id, ucreacion_id) FROM stdin;
\.


--
-- Data for Name: theme_material_kit_turno; Type: TABLE DATA; Schema: public; Owner: postgres
--

COPY public.theme_material_kit_turno (id, estado, fcreacion, fmodificacion, umodificacion, turno, codigo, ucreacion_id) FROM stdin;
1	t	2024-03-31 21:02:29.682421-04	2024-03-31 21:02:29.682421-04	\N	TURNO MAÑANA	TM	1
2	t	2024-03-31 21:02:38.15104-04	2024-03-31 21:02:38.15104-04	\N	TURNO TARDE	TT	1
3	t	2024-03-31 21:02:46.023473-04	2024-03-31 21:02:46.023473-04	\N	TURNO NOCHE	TN	1
\.


--
-- Name: auth_group_id_seq; Type: SEQUENCE SET; Schema: public; Owner: postgres
--

SELECT pg_catalog.setval('public.auth_group_id_seq', 1, false);


--
-- Name: auth_group_permissions_id_seq; Type: SEQUENCE SET; Schema: public; Owner: postgres
--

SELECT pg_catalog.setval('public.auth_group_permissions_id_seq', 1, false);


--
-- Name: auth_permission_id_seq; Type: SEQUENCE SET; Schema: public; Owner: postgres
--

SELECT pg_catalog.setval('public.auth_permission_id_seq', 72, true);


--
-- Name: auth_user_groups_id_seq; Type: SEQUENCE SET; Schema: public; Owner: postgres
--

SELECT pg_catalog.setval('public.auth_user_groups_id_seq', 1, false);


--
-- Name: auth_user_id_seq; Type: SEQUENCE SET; Schema: public; Owner: postgres
--

SELECT pg_catalog.setval('public.auth_user_id_seq', 1, true);


--
-- Name: auth_user_user_permissions_id_seq; Type: SEQUENCE SET; Schema: public; Owner: postgres
--

SELECT pg_catalog.setval('public.auth_user_user_permissions_id_seq', 1, false);


--
-- Name: django_admin_log_id_seq; Type: SEQUENCE SET; Schema: public; Owner: postgres
--

SELECT pg_catalog.setval('public.django_admin_log_id_seq', 1, false);


--
-- Name: django_content_type_id_seq; Type: SEQUENCE SET; Schema: public; Owner: postgres
--

SELECT pg_catalog.setval('public.django_content_type_id_seq', 18, true);


--
-- Name: django_migrations_id_seq; Type: SEQUENCE SET; Schema: public; Owner: postgres
--

SELECT pg_catalog.setval('public.django_migrations_id_seq', 24, true);


--
-- Name: theme_material_kit_categoria_id_seq; Type: SEQUENCE SET; Schema: public; Owner: postgres
--

SELECT pg_catalog.setval('public.theme_material_kit_categoria_id_seq', 1, true);


--
-- Name: theme_material_kit_estudio_id_seq; Type: SEQUENCE SET; Schema: public; Owner: postgres
--

SELECT pg_catalog.setval('public.theme_material_kit_estudio_id_seq', 72, true);


--
-- Name: theme_material_kit_grupoarea_id_seq; Type: SEQUENCE SET; Schema: public; Owner: postgres
--

SELECT pg_catalog.setval('public.theme_material_kit_grupoarea_id_seq', 6, true);


--
-- Name: theme_material_kit_grupoestudio_id_seq; Type: SEQUENCE SET; Schema: public; Owner: postgres
--

SELECT pg_catalog.setval('public.theme_material_kit_grupoestudio_id_seq', 8, true);


--
-- Name: theme_material_kit_historicalplanilla_history_id_seq; Type: SEQUENCE SET; Schema: public; Owner: postgres
--

SELECT pg_catalog.setval('public.theme_material_kit_historicalplanilla_history_id_seq', 1, false);


--
-- Name: theme_material_kit_historicaltupla_history_id_seq; Type: SEQUENCE SET; Schema: public; Owner: postgres
--

SELECT pg_catalog.setval('public.theme_material_kit_historicaltupla_history_id_seq', 1, false);


--
-- Name: theme_material_kit_pacientecritico_id_seq; Type: SEQUENCE SET; Schema: public; Owner: postgres
--

SELECT pg_catalog.setval('public.theme_material_kit_pacientecritico_id_seq', 1, false);


--
-- Name: theme_material_kit_planilla_id_seq; Type: SEQUENCE SET; Schema: public; Owner: postgres
--

SELECT pg_catalog.setval('public.theme_material_kit_planilla_id_seq', 1, true);


--
-- Name: theme_material_kit_planillafooter_id_seq; Type: SEQUENCE SET; Schema: public; Owner: postgres
--

SELECT pg_catalog.setval('public.theme_material_kit_planillafooter_id_seq', 1, false);


--
-- Name: theme_material_kit_profesional_id_seq; Type: SEQUENCE SET; Schema: public; Owner: postgres
--

SELECT pg_catalog.setval('public.theme_material_kit_profesional_id_seq', 1, true);


--
-- Name: theme_material_kit_tupla_id_seq; Type: SEQUENCE SET; Schema: public; Owner: postgres
--

SELECT pg_catalog.setval('public.theme_material_kit_tupla_id_seq', 1, false);


--
-- Name: theme_material_kit_turno_id_seq; Type: SEQUENCE SET; Schema: public; Owner: postgres
--

SELECT pg_catalog.setval('public.theme_material_kit_turno_id_seq', 3, true);


--
-- Name: auth_group auth_group_name_key; Type: CONSTRAINT; Schema: public; Owner: postgres
--

ALTER TABLE ONLY public.auth_group
    ADD CONSTRAINT auth_group_name_key UNIQUE (name);


--
-- Name: auth_group_permissions auth_group_permissions_group_id_permission_id_0cd325b0_uniq; Type: CONSTRAINT; Schema: public; Owner: postgres
--

ALTER TABLE ONLY public.auth_group_permissions
    ADD CONSTRAINT auth_group_permissions_group_id_permission_id_0cd325b0_uniq UNIQUE (group_id, permission_id);


--
-- Name: auth_group_permissions auth_group_permissions_pkey; Type: CONSTRAINT; Schema: public; Owner: postgres
--

ALTER TABLE ONLY public.auth_group_permissions
    ADD CONSTRAINT auth_group_permissions_pkey PRIMARY KEY (id);


--
-- Name: auth_group auth_group_pkey; Type: CONSTRAINT; Schema: public; Owner: postgres
--

ALTER TABLE ONLY public.auth_group
    ADD CONSTRAINT auth_group_pkey PRIMARY KEY (id);


--
-- Name: auth_permission auth_permission_content_type_id_codename_01ab375a_uniq; Type: CONSTRAINT; Schema: public; Owner: postgres
--

ALTER TABLE ONLY public.auth_permission
    ADD CONSTRAINT auth_permission_content_type_id_codename_01ab375a_uniq UNIQUE (content_type_id, codename);


--
-- Name: auth_permission auth_permission_pkey; Type: CONSTRAINT; Schema: public; Owner: postgres
--

ALTER TABLE ONLY public.auth_permission
    ADD CONSTRAINT auth_permission_pkey PRIMARY KEY (id);


--
-- Name: auth_user_groups auth_user_groups_pkey; Type: CONSTRAINT; Schema: public; Owner: postgres
--

ALTER TABLE ONLY public.auth_user_groups
    ADD CONSTRAINT auth_user_groups_pkey PRIMARY KEY (id);


--
-- Name: auth_user_groups auth_user_groups_user_id_group_id_94350c0c_uniq; Type: CONSTRAINT; Schema: public; Owner: postgres
--

ALTER TABLE ONLY public.auth_user_groups
    ADD CONSTRAINT auth_user_groups_user_id_group_id_94350c0c_uniq UNIQUE (user_id, group_id);


--
-- Name: auth_user auth_user_pkey; Type: CONSTRAINT; Schema: public; Owner: postgres
--

ALTER TABLE ONLY public.auth_user
    ADD CONSTRAINT auth_user_pkey PRIMARY KEY (id);


--
-- Name: auth_user_user_permissions auth_user_user_permissions_pkey; Type: CONSTRAINT; Schema: public; Owner: postgres
--

ALTER TABLE ONLY public.auth_user_user_permissions
    ADD CONSTRAINT auth_user_user_permissions_pkey PRIMARY KEY (id);


--
-- Name: auth_user_user_permissions auth_user_user_permissions_user_id_permission_id_14a6b632_uniq; Type: CONSTRAINT; Schema: public; Owner: postgres
--

ALTER TABLE ONLY public.auth_user_user_permissions
    ADD CONSTRAINT auth_user_user_permissions_user_id_permission_id_14a6b632_uniq UNIQUE (user_id, permission_id);


--
-- Name: auth_user auth_user_username_key; Type: CONSTRAINT; Schema: public; Owner: postgres
--

ALTER TABLE ONLY public.auth_user
    ADD CONSTRAINT auth_user_username_key UNIQUE (username);


--
-- Name: django_admin_log django_admin_log_pkey; Type: CONSTRAINT; Schema: public; Owner: postgres
--

ALTER TABLE ONLY public.django_admin_log
    ADD CONSTRAINT django_admin_log_pkey PRIMARY KEY (id);


--
-- Name: django_content_type django_content_type_app_label_model_76bd3d3b_uniq; Type: CONSTRAINT; Schema: public; Owner: postgres
--

ALTER TABLE ONLY public.django_content_type
    ADD CONSTRAINT django_content_type_app_label_model_76bd3d3b_uniq UNIQUE (app_label, model);


--
-- Name: django_content_type django_content_type_pkey; Type: CONSTRAINT; Schema: public; Owner: postgres
--

ALTER TABLE ONLY public.django_content_type
    ADD CONSTRAINT django_content_type_pkey PRIMARY KEY (id);


--
-- Name: django_migrations django_migrations_pkey; Type: CONSTRAINT; Schema: public; Owner: postgres
--

ALTER TABLE ONLY public.django_migrations
    ADD CONSTRAINT django_migrations_pkey PRIMARY KEY (id);


--
-- Name: django_session django_session_pkey; Type: CONSTRAINT; Schema: public; Owner: postgres
--

ALTER TABLE ONLY public.django_session
    ADD CONSTRAINT django_session_pkey PRIMARY KEY (session_key);


--
-- Name: theme_material_kit_categoria theme_material_kit_categoria_categoria_key; Type: CONSTRAINT; Schema: public; Owner: postgres
--

ALTER TABLE ONLY public.theme_material_kit_categoria
    ADD CONSTRAINT theme_material_kit_categoria_categoria_key UNIQUE (categoria);


--
-- Name: theme_material_kit_categoria theme_material_kit_categoria_codigo_key; Type: CONSTRAINT; Schema: public; Owner: postgres
--

ALTER TABLE ONLY public.theme_material_kit_categoria
    ADD CONSTRAINT theme_material_kit_categoria_codigo_key UNIQUE (codigo);


--
-- Name: theme_material_kit_categoria theme_material_kit_categoria_pkey; Type: CONSTRAINT; Schema: public; Owner: postgres
--

ALTER TABLE ONLY public.theme_material_kit_categoria
    ADD CONSTRAINT theme_material_kit_categoria_pkey PRIMARY KEY (id);


--
-- Name: theme_material_kit_estudio theme_material_kit_estudio_estudio_key; Type: CONSTRAINT; Schema: public; Owner: postgres
--

ALTER TABLE ONLY public.theme_material_kit_estudio
    ADD CONSTRAINT theme_material_kit_estudio_estudio_key UNIQUE (estudio);


--
-- Name: theme_material_kit_estudio theme_material_kit_estudio_pkey; Type: CONSTRAINT; Schema: public; Owner: postgres
--

ALTER TABLE ONLY public.theme_material_kit_estudio
    ADD CONSTRAINT theme_material_kit_estudio_pkey PRIMARY KEY (id);


--
-- Name: theme_material_kit_grupoarea theme_material_kit_grupoarea_area_key; Type: CONSTRAINT; Schema: public; Owner: postgres
--

ALTER TABLE ONLY public.theme_material_kit_grupoarea
    ADD CONSTRAINT theme_material_kit_grupoarea_area_key UNIQUE (area);


--
-- Name: theme_material_kit_grupoarea theme_material_kit_grupoarea_codigo_key; Type: CONSTRAINT; Schema: public; Owner: postgres
--

ALTER TABLE ONLY public.theme_material_kit_grupoarea
    ADD CONSTRAINT theme_material_kit_grupoarea_codigo_key UNIQUE (codigo);


--
-- Name: theme_material_kit_grupoarea theme_material_kit_grupoarea_pkey; Type: CONSTRAINT; Schema: public; Owner: postgres
--

ALTER TABLE ONLY public.theme_material_kit_grupoarea
    ADD CONSTRAINT theme_material_kit_grupoarea_pkey PRIMARY KEY (id);


--
-- Name: theme_material_kit_grupoestudio theme_material_kit_grupoestudio_codigo_key; Type: CONSTRAINT; Schema: public; Owner: postgres
--

ALTER TABLE ONLY public.theme_material_kit_grupoestudio
    ADD CONSTRAINT theme_material_kit_grupoestudio_codigo_key UNIQUE (codigo);


--
-- Name: theme_material_kit_grupoestudio theme_material_kit_grupoestudio_grupoEstudio_key; Type: CONSTRAINT; Schema: public; Owner: postgres
--

ALTER TABLE ONLY public.theme_material_kit_grupoestudio
    ADD CONSTRAINT "theme_material_kit_grupoestudio_grupoEstudio_key" UNIQUE ("grupoEstudio");


--
-- Name: theme_material_kit_grupoestudio theme_material_kit_grupoestudio_pkey; Type: CONSTRAINT; Schema: public; Owner: postgres
--

ALTER TABLE ONLY public.theme_material_kit_grupoestudio
    ADD CONSTRAINT theme_material_kit_grupoestudio_pkey PRIMARY KEY (id);


--
-- Name: theme_material_kit_historicalplanilla theme_material_kit_historicalplanilla_pkey; Type: CONSTRAINT; Schema: public; Owner: postgres
--

ALTER TABLE ONLY public.theme_material_kit_historicalplanilla
    ADD CONSTRAINT theme_material_kit_historicalplanilla_pkey PRIMARY KEY (history_id);


--
-- Name: theme_material_kit_historicaltupla theme_material_kit_historicaltupla_pkey; Type: CONSTRAINT; Schema: public; Owner: postgres
--

ALTER TABLE ONLY public.theme_material_kit_historicaltupla
    ADD CONSTRAINT theme_material_kit_historicaltupla_pkey PRIMARY KEY (history_id);


--
-- Name: theme_material_kit_pacientecritico theme_material_kit_pacientecritico_nombre_key; Type: CONSTRAINT; Schema: public; Owner: postgres
--

ALTER TABLE ONLY public.theme_material_kit_pacientecritico
    ADD CONSTRAINT theme_material_kit_pacientecritico_nombre_key UNIQUE (nombre);


--
-- Name: theme_material_kit_pacientecritico theme_material_kit_pacientecritico_pkey; Type: CONSTRAINT; Schema: public; Owner: postgres
--

ALTER TABLE ONLY public.theme_material_kit_pacientecritico
    ADD CONSTRAINT theme_material_kit_pacientecritico_pkey PRIMARY KEY (id);


--
-- Name: theme_material_kit_planilla theme_material_kit_planilla_pkey; Type: CONSTRAINT; Schema: public; Owner: postgres
--

ALTER TABLE ONLY public.theme_material_kit_planilla
    ADD CONSTRAINT theme_material_kit_planilla_pkey PRIMARY KEY (id);


--
-- Name: theme_material_kit_planillafooter theme_material_kit_planillafooter_pkey; Type: CONSTRAINT; Schema: public; Owner: postgres
--

ALTER TABLE ONLY public.theme_material_kit_planillafooter
    ADD CONSTRAINT theme_material_kit_planillafooter_pkey PRIMARY KEY (id);


--
-- Name: theme_material_kit_profesional theme_material_kit_profesional_cargo_key; Type: CONSTRAINT; Schema: public; Owner: postgres
--

ALTER TABLE ONLY public.theme_material_kit_profesional
    ADD CONSTRAINT theme_material_kit_profesional_cargo_key UNIQUE (cargo);


--
-- Name: theme_material_kit_profesional theme_material_kit_profesional_nombre_key; Type: CONSTRAINT; Schema: public; Owner: postgres
--

ALTER TABLE ONLY public.theme_material_kit_profesional
    ADD CONSTRAINT theme_material_kit_profesional_nombre_key UNIQUE (nombre);


--
-- Name: theme_material_kit_profesional theme_material_kit_profesional_pkey; Type: CONSTRAINT; Schema: public; Owner: postgres
--

ALTER TABLE ONLY public.theme_material_kit_profesional
    ADD CONSTRAINT theme_material_kit_profesional_pkey PRIMARY KEY (id);


--
-- Name: theme_material_kit_tupla theme_material_kit_tupla_pkey; Type: CONSTRAINT; Schema: public; Owner: postgres
--

ALTER TABLE ONLY public.theme_material_kit_tupla
    ADD CONSTRAINT theme_material_kit_tupla_pkey PRIMARY KEY (id);


--
-- Name: theme_material_kit_turno theme_material_kit_turno_codigo_key; Type: CONSTRAINT; Schema: public; Owner: postgres
--

ALTER TABLE ONLY public.theme_material_kit_turno
    ADD CONSTRAINT theme_material_kit_turno_codigo_key UNIQUE (codigo);


--
-- Name: theme_material_kit_turno theme_material_kit_turno_pkey; Type: CONSTRAINT; Schema: public; Owner: postgres
--

ALTER TABLE ONLY public.theme_material_kit_turno
    ADD CONSTRAINT theme_material_kit_turno_pkey PRIMARY KEY (id);


--
-- Name: theme_material_kit_turno theme_material_kit_turno_turno_key; Type: CONSTRAINT; Schema: public; Owner: postgres
--

ALTER TABLE ONLY public.theme_material_kit_turno
    ADD CONSTRAINT theme_material_kit_turno_turno_key UNIQUE (turno);


--
-- Name: auth_group_name_a6ea08ec_like; Type: INDEX; Schema: public; Owner: postgres
--

CREATE INDEX auth_group_name_a6ea08ec_like ON public.auth_group USING btree (name varchar_pattern_ops);


--
-- Name: auth_group_permissions_group_id_b120cbf9; Type: INDEX; Schema: public; Owner: postgres
--

CREATE INDEX auth_group_permissions_group_id_b120cbf9 ON public.auth_group_permissions USING btree (group_id);


--
-- Name: auth_group_permissions_permission_id_84c5c92e; Type: INDEX; Schema: public; Owner: postgres
--

CREATE INDEX auth_group_permissions_permission_id_84c5c92e ON public.auth_group_permissions USING btree (permission_id);


--
-- Name: auth_permission_content_type_id_2f476e4b; Type: INDEX; Schema: public; Owner: postgres
--

CREATE INDEX auth_permission_content_type_id_2f476e4b ON public.auth_permission USING btree (content_type_id);


--
-- Name: auth_user_groups_group_id_97559544; Type: INDEX; Schema: public; Owner: postgres
--

CREATE INDEX auth_user_groups_group_id_97559544 ON public.auth_user_groups USING btree (group_id);


--
-- Name: auth_user_groups_user_id_6a12ed8b; Type: INDEX; Schema: public; Owner: postgres
--

CREATE INDEX auth_user_groups_user_id_6a12ed8b ON public.auth_user_groups USING btree (user_id);


--
-- Name: auth_user_user_permissions_permission_id_1fbb5f2c; Type: INDEX; Schema: public; Owner: postgres
--

CREATE INDEX auth_user_user_permissions_permission_id_1fbb5f2c ON public.auth_user_user_permissions USING btree (permission_id);


--
-- Name: auth_user_user_permissions_user_id_a95ead1b; Type: INDEX; Schema: public; Owner: postgres
--

CREATE INDEX auth_user_user_permissions_user_id_a95ead1b ON public.auth_user_user_permissions USING btree (user_id);


--
-- Name: auth_user_username_6821ab7c_like; Type: INDEX; Schema: public; Owner: postgres
--

CREATE INDEX auth_user_username_6821ab7c_like ON public.auth_user USING btree (username varchar_pattern_ops);


--
-- Name: django_admin_log_content_type_id_c4bce8eb; Type: INDEX; Schema: public; Owner: postgres
--

CREATE INDEX django_admin_log_content_type_id_c4bce8eb ON public.django_admin_log USING btree (content_type_id);


--
-- Name: django_admin_log_user_id_c564eba6; Type: INDEX; Schema: public; Owner: postgres
--

CREATE INDEX django_admin_log_user_id_c564eba6 ON public.django_admin_log USING btree (user_id);


--
-- Name: django_session_expire_date_a5c62663; Type: INDEX; Schema: public; Owner: postgres
--

CREATE INDEX django_session_expire_date_a5c62663 ON public.django_session USING btree (expire_date);


--
-- Name: django_session_session_key_c0390e0f_like; Type: INDEX; Schema: public; Owner: postgres
--

CREATE INDEX django_session_session_key_c0390e0f_like ON public.django_session USING btree (session_key varchar_pattern_ops);


--
-- Name: theme_material_kit_categoria_categoria_e465d9ba_like; Type: INDEX; Schema: public; Owner: postgres
--

CREATE INDEX theme_material_kit_categoria_categoria_e465d9ba_like ON public.theme_material_kit_categoria USING btree (categoria varchar_pattern_ops);


--
-- Name: theme_material_kit_categoria_codigo_bedb8397_like; Type: INDEX; Schema: public; Owner: postgres
--

CREATE INDEX theme_material_kit_categoria_codigo_bedb8397_like ON public.theme_material_kit_categoria USING btree (codigo varchar_pattern_ops);


--
-- Name: theme_material_kit_categoria_ucreacion_id_87cb2850; Type: INDEX; Schema: public; Owner: postgres
--

CREATE INDEX theme_material_kit_categoria_ucreacion_id_87cb2850 ON public.theme_material_kit_categoria USING btree (ucreacion_id);


--
-- Name: theme_material_kit_estudio_estudio_f196e2a6_like; Type: INDEX; Schema: public; Owner: postgres
--

CREATE INDEX theme_material_kit_estudio_estudio_f196e2a6_like ON public.theme_material_kit_estudio USING btree (estudio varchar_pattern_ops);


--
-- Name: theme_material_kit_estudio_grupoEstudio_id_b31993ee; Type: INDEX; Schema: public; Owner: postgres
--

CREATE INDEX "theme_material_kit_estudio_grupoEstudio_id_b31993ee" ON public.theme_material_kit_estudio USING btree ("grupoEstudio_id");


--
-- Name: theme_material_kit_estudio_profesional_id_b6a87332; Type: INDEX; Schema: public; Owner: postgres
--

CREATE INDEX theme_material_kit_estudio_profesional_id_b6a87332 ON public.theme_material_kit_estudio USING btree (profesional_id);


--
-- Name: theme_material_kit_estudio_ucreacion_id_47559ce0; Type: INDEX; Schema: public; Owner: postgres
--

CREATE INDEX theme_material_kit_estudio_ucreacion_id_47559ce0 ON public.theme_material_kit_estudio USING btree (ucreacion_id);


--
-- Name: theme_material_kit_grupoarea_area_8434d018_like; Type: INDEX; Schema: public; Owner: postgres
--

CREATE INDEX theme_material_kit_grupoarea_area_8434d018_like ON public.theme_material_kit_grupoarea USING btree (area varchar_pattern_ops);


--
-- Name: theme_material_kit_grupoarea_codigo_6621390a_like; Type: INDEX; Schema: public; Owner: postgres
--

CREATE INDEX theme_material_kit_grupoarea_codigo_6621390a_like ON public.theme_material_kit_grupoarea USING btree (codigo varchar_pattern_ops);


--
-- Name: theme_material_kit_grupoarea_ucreacion_id_0321b732; Type: INDEX; Schema: public; Owner: postgres
--

CREATE INDEX theme_material_kit_grupoarea_ucreacion_id_0321b732 ON public.theme_material_kit_grupoarea USING btree (ucreacion_id);


--
-- Name: theme_material_kit_grupoestudio_codigo_5d21c186_like; Type: INDEX; Schema: public; Owner: postgres
--

CREATE INDEX theme_material_kit_grupoestudio_codigo_5d21c186_like ON public.theme_material_kit_grupoestudio USING btree (codigo varchar_pattern_ops);


--
-- Name: theme_material_kit_grupoestudio_grupoEstudio_e6cea646_like; Type: INDEX; Schema: public; Owner: postgres
--

CREATE INDEX "theme_material_kit_grupoestudio_grupoEstudio_e6cea646_like" ON public.theme_material_kit_grupoestudio USING btree ("grupoEstudio" varchar_pattern_ops);


--
-- Name: theme_material_kit_grupoestudio_ucreacion_id_c92338ba; Type: INDEX; Schema: public; Owner: postgres
--

CREATE INDEX theme_material_kit_grupoestudio_ucreacion_id_c92338ba ON public.theme_material_kit_grupoestudio USING btree (ucreacion_id);


--
-- Name: theme_material_kit_historicalplanilla_categoria_id_1ed1a273; Type: INDEX; Schema: public; Owner: postgres
--

CREATE INDEX theme_material_kit_historicalplanilla_categoria_id_1ed1a273 ON public.theme_material_kit_historicalplanilla USING btree (categoria_id);


--
-- Name: theme_material_kit_historicalplanilla_history_date_4e83dec9; Type: INDEX; Schema: public; Owner: postgres
--

CREATE INDEX theme_material_kit_historicalplanilla_history_date_4e83dec9 ON public.theme_material_kit_historicalplanilla USING btree (history_date);


--
-- Name: theme_material_kit_historicalplanilla_history_user_id_cd27f86f; Type: INDEX; Schema: public; Owner: postgres
--

CREATE INDEX theme_material_kit_historicalplanilla_history_user_id_cd27f86f ON public.theme_material_kit_historicalplanilla USING btree (history_user_id);


--
-- Name: theme_material_kit_historicalplanilla_id_58f4a384; Type: INDEX; Schema: public; Owner: postgres
--

CREATE INDEX theme_material_kit_historicalplanilla_id_58f4a384 ON public.theme_material_kit_historicalplanilla USING btree (id);


--
-- Name: theme_material_kit_historicalplanilla_turno_id_377b2675; Type: INDEX; Schema: public; Owner: postgres
--

CREATE INDEX theme_material_kit_historicalplanilla_turno_id_377b2675 ON public.theme_material_kit_historicalplanilla USING btree (turno_id);


--
-- Name: theme_material_kit_historicalplanilla_ucreacion_id_e0c35714; Type: INDEX; Schema: public; Owner: postgres
--

CREATE INDEX theme_material_kit_historicalplanilla_ucreacion_id_e0c35714 ON public.theme_material_kit_historicalplanilla USING btree (ucreacion_id);


--
-- Name: theme_material_kit_historicaltupla_estudio_id_ace25996; Type: INDEX; Schema: public; Owner: postgres
--

CREATE INDEX theme_material_kit_historicaltupla_estudio_id_ace25996 ON public.theme_material_kit_historicaltupla USING btree (estudio_id);


--
-- Name: theme_material_kit_historicaltupla_grupoArea_id_89a7ad8e; Type: INDEX; Schema: public; Owner: postgres
--

CREATE INDEX "theme_material_kit_historicaltupla_grupoArea_id_89a7ad8e" ON public.theme_material_kit_historicaltupla USING btree ("grupoArea_id");


--
-- Name: theme_material_kit_historicaltupla_history_date_dc497c4a; Type: INDEX; Schema: public; Owner: postgres
--

CREATE INDEX theme_material_kit_historicaltupla_history_date_dc497c4a ON public.theme_material_kit_historicaltupla USING btree (history_date);


--
-- Name: theme_material_kit_historicaltupla_history_user_id_e548e15b; Type: INDEX; Schema: public; Owner: postgres
--

CREATE INDEX theme_material_kit_historicaltupla_history_user_id_e548e15b ON public.theme_material_kit_historicaltupla USING btree (history_user_id);


--
-- Name: theme_material_kit_historicaltupla_id_ab8a37f3; Type: INDEX; Schema: public; Owner: postgres
--

CREATE INDEX theme_material_kit_historicaltupla_id_ab8a37f3 ON public.theme_material_kit_historicaltupla USING btree (id);


--
-- Name: theme_material_kit_historicaltupla_planilla_id_63244ffa; Type: INDEX; Schema: public; Owner: postgres
--

CREATE INDEX theme_material_kit_historicaltupla_planilla_id_63244ffa ON public.theme_material_kit_historicaltupla USING btree (planilla_id);


--
-- Name: theme_material_kit_historicaltupla_ucreacion_id_6679e6f4; Type: INDEX; Schema: public; Owner: postgres
--

CREATE INDEX theme_material_kit_historicaltupla_ucreacion_id_6679e6f4 ON public.theme_material_kit_historicaltupla USING btree (ucreacion_id);


--
-- Name: theme_material_kit_pacientecritico_nombre_7b825963_like; Type: INDEX; Schema: public; Owner: postgres
--

CREATE INDEX theme_material_kit_pacientecritico_nombre_7b825963_like ON public.theme_material_kit_pacientecritico USING btree (nombre varchar_pattern_ops);


--
-- Name: theme_material_kit_pacientecritico_ucreacion_id_62201e7f; Type: INDEX; Schema: public; Owner: postgres
--

CREATE INDEX theme_material_kit_pacientecritico_ucreacion_id_62201e7f ON public.theme_material_kit_pacientecritico USING btree (ucreacion_id);


--
-- Name: theme_material_kit_planilla_categoria_id_c3165714; Type: INDEX; Schema: public; Owner: postgres
--

CREATE INDEX theme_material_kit_planilla_categoria_id_c3165714 ON public.theme_material_kit_planilla USING btree (categoria_id);


--
-- Name: theme_material_kit_planilla_turno_id_53443a06; Type: INDEX; Schema: public; Owner: postgres
--

CREATE INDEX theme_material_kit_planilla_turno_id_53443a06 ON public.theme_material_kit_planilla USING btree (turno_id);


--
-- Name: theme_material_kit_planilla_ucreacion_id_1bdc2a36; Type: INDEX; Schema: public; Owner: postgres
--

CREATE INDEX theme_material_kit_planilla_ucreacion_id_1bdc2a36 ON public.theme_material_kit_planilla USING btree (ucreacion_id);


--
-- Name: theme_material_kit_planillafooter_pacientesCriticos_id_a6340f09; Type: INDEX; Schema: public; Owner: postgres
--

CREATE INDEX "theme_material_kit_planillafooter_pacientesCriticos_id_a6340f09" ON public.theme_material_kit_planillafooter USING btree ("pacientesCriticos_id");


--
-- Name: theme_material_kit_planillafooter_planilla_id_fbbb5ad7; Type: INDEX; Schema: public; Owner: postgres
--

CREATE INDEX theme_material_kit_planillafooter_planilla_id_fbbb5ad7 ON public.theme_material_kit_planillafooter USING btree (planilla_id);


--
-- Name: theme_material_kit_planillafooter_ucreacion_id_11fb648a; Type: INDEX; Schema: public; Owner: postgres
--

CREATE INDEX theme_material_kit_planillafooter_ucreacion_id_11fb648a ON public.theme_material_kit_planillafooter USING btree (ucreacion_id);


--
-- Name: theme_material_kit_profesional_cargo_ded5617f_like; Type: INDEX; Schema: public; Owner: postgres
--

CREATE INDEX theme_material_kit_profesional_cargo_ded5617f_like ON public.theme_material_kit_profesional USING btree (cargo varchar_pattern_ops);


--
-- Name: theme_material_kit_profesional_nombre_88d07556_like; Type: INDEX; Schema: public; Owner: postgres
--

CREATE INDEX theme_material_kit_profesional_nombre_88d07556_like ON public.theme_material_kit_profesional USING btree (nombre varchar_pattern_ops);


--
-- Name: theme_material_kit_profesional_ucreacion_id_ea90a26f; Type: INDEX; Schema: public; Owner: postgres
--

CREATE INDEX theme_material_kit_profesional_ucreacion_id_ea90a26f ON public.theme_material_kit_profesional USING btree (ucreacion_id);


--
-- Name: theme_material_kit_tupla_estudio_id_740b70a2; Type: INDEX; Schema: public; Owner: postgres
--

CREATE INDEX theme_material_kit_tupla_estudio_id_740b70a2 ON public.theme_material_kit_tupla USING btree (estudio_id);


--
-- Name: theme_material_kit_tupla_grupoArea_id_ef47e139; Type: INDEX; Schema: public; Owner: postgres
--

CREATE INDEX "theme_material_kit_tupla_grupoArea_id_ef47e139" ON public.theme_material_kit_tupla USING btree ("grupoArea_id");


--
-- Name: theme_material_kit_tupla_planilla_id_b92189db; Type: INDEX; Schema: public; Owner: postgres
--

CREATE INDEX theme_material_kit_tupla_planilla_id_b92189db ON public.theme_material_kit_tupla USING btree (planilla_id);


--
-- Name: theme_material_kit_tupla_ucreacion_id_46d3c927; Type: INDEX; Schema: public; Owner: postgres
--

CREATE INDEX theme_material_kit_tupla_ucreacion_id_46d3c927 ON public.theme_material_kit_tupla USING btree (ucreacion_id);


--
-- Name: theme_material_kit_turno_codigo_04c1e1c7_like; Type: INDEX; Schema: public; Owner: postgres
--

CREATE INDEX theme_material_kit_turno_codigo_04c1e1c7_like ON public.theme_material_kit_turno USING btree (codigo varchar_pattern_ops);


--
-- Name: theme_material_kit_turno_turno_ff358bf8_like; Type: INDEX; Schema: public; Owner: postgres
--

CREATE INDEX theme_material_kit_turno_turno_ff358bf8_like ON public.theme_material_kit_turno USING btree (turno varchar_pattern_ops);


--
-- Name: theme_material_kit_turno_ucreacion_id_9e2c2287; Type: INDEX; Schema: public; Owner: postgres
--

CREATE INDEX theme_material_kit_turno_ucreacion_id_9e2c2287 ON public.theme_material_kit_turno USING btree (ucreacion_id);


--
-- Name: auth_group_permissions auth_group_permissio_permission_id_84c5c92e_fk_auth_perm; Type: FK CONSTRAINT; Schema: public; Owner: postgres
--

ALTER TABLE ONLY public.auth_group_permissions
    ADD CONSTRAINT auth_group_permissio_permission_id_84c5c92e_fk_auth_perm FOREIGN KEY (permission_id) REFERENCES public.auth_permission(id) DEFERRABLE INITIALLY DEFERRED;


--
-- Name: auth_group_permissions auth_group_permissions_group_id_b120cbf9_fk_auth_group_id; Type: FK CONSTRAINT; Schema: public; Owner: postgres
--

ALTER TABLE ONLY public.auth_group_permissions
    ADD CONSTRAINT auth_group_permissions_group_id_b120cbf9_fk_auth_group_id FOREIGN KEY (group_id) REFERENCES public.auth_group(id) DEFERRABLE INITIALLY DEFERRED;


--
-- Name: auth_permission auth_permission_content_type_id_2f476e4b_fk_django_co; Type: FK CONSTRAINT; Schema: public; Owner: postgres
--

ALTER TABLE ONLY public.auth_permission
    ADD CONSTRAINT auth_permission_content_type_id_2f476e4b_fk_django_co FOREIGN KEY (content_type_id) REFERENCES public.django_content_type(id) DEFERRABLE INITIALLY DEFERRED;


--
-- Name: auth_user_groups auth_user_groups_group_id_97559544_fk_auth_group_id; Type: FK CONSTRAINT; Schema: public; Owner: postgres
--

ALTER TABLE ONLY public.auth_user_groups
    ADD CONSTRAINT auth_user_groups_group_id_97559544_fk_auth_group_id FOREIGN KEY (group_id) REFERENCES public.auth_group(id) DEFERRABLE INITIALLY DEFERRED;


--
-- Name: auth_user_groups auth_user_groups_user_id_6a12ed8b_fk_auth_user_id; Type: FK CONSTRAINT; Schema: public; Owner: postgres
--

ALTER TABLE ONLY public.auth_user_groups
    ADD CONSTRAINT auth_user_groups_user_id_6a12ed8b_fk_auth_user_id FOREIGN KEY (user_id) REFERENCES public.auth_user(id) DEFERRABLE INITIALLY DEFERRED;


--
-- Name: auth_user_user_permissions auth_user_user_permi_permission_id_1fbb5f2c_fk_auth_perm; Type: FK CONSTRAINT; Schema: public; Owner: postgres
--

ALTER TABLE ONLY public.auth_user_user_permissions
    ADD CONSTRAINT auth_user_user_permi_permission_id_1fbb5f2c_fk_auth_perm FOREIGN KEY (permission_id) REFERENCES public.auth_permission(id) DEFERRABLE INITIALLY DEFERRED;


--
-- Name: auth_user_user_permissions auth_user_user_permissions_user_id_a95ead1b_fk_auth_user_id; Type: FK CONSTRAINT; Schema: public; Owner: postgres
--

ALTER TABLE ONLY public.auth_user_user_permissions
    ADD CONSTRAINT auth_user_user_permissions_user_id_a95ead1b_fk_auth_user_id FOREIGN KEY (user_id) REFERENCES public.auth_user(id) DEFERRABLE INITIALLY DEFERRED;


--
-- Name: django_admin_log django_admin_log_content_type_id_c4bce8eb_fk_django_co; Type: FK CONSTRAINT; Schema: public; Owner: postgres
--

ALTER TABLE ONLY public.django_admin_log
    ADD CONSTRAINT django_admin_log_content_type_id_c4bce8eb_fk_django_co FOREIGN KEY (content_type_id) REFERENCES public.django_content_type(id) DEFERRABLE INITIALLY DEFERRED;


--
-- Name: django_admin_log django_admin_log_user_id_c564eba6_fk_auth_user_id; Type: FK CONSTRAINT; Schema: public; Owner: postgres
--

ALTER TABLE ONLY public.django_admin_log
    ADD CONSTRAINT django_admin_log_user_id_c564eba6_fk_auth_user_id FOREIGN KEY (user_id) REFERENCES public.auth_user(id) DEFERRABLE INITIALLY DEFERRED;


--
-- Name: theme_material_kit_categoria theme_material_kit_c_ucreacion_id_87cb2850_fk_auth_user; Type: FK CONSTRAINT; Schema: public; Owner: postgres
--

ALTER TABLE ONLY public.theme_material_kit_categoria
    ADD CONSTRAINT theme_material_kit_c_ucreacion_id_87cb2850_fk_auth_user FOREIGN KEY (ucreacion_id) REFERENCES public.auth_user(id) DEFERRABLE INITIALLY DEFERRED;


--
-- Name: theme_material_kit_estudio theme_material_kit_e_grupoEstudio_id_b31993ee_fk_theme_mat; Type: FK CONSTRAINT; Schema: public; Owner: postgres
--

ALTER TABLE ONLY public.theme_material_kit_estudio
    ADD CONSTRAINT "theme_material_kit_e_grupoEstudio_id_b31993ee_fk_theme_mat" FOREIGN KEY ("grupoEstudio_id") REFERENCES public.theme_material_kit_grupoestudio(id) DEFERRABLE INITIALLY DEFERRED;


--
-- Name: theme_material_kit_estudio theme_material_kit_e_profesional_id_b6a87332_fk_theme_mat; Type: FK CONSTRAINT; Schema: public; Owner: postgres
--

ALTER TABLE ONLY public.theme_material_kit_estudio
    ADD CONSTRAINT theme_material_kit_e_profesional_id_b6a87332_fk_theme_mat FOREIGN KEY (profesional_id) REFERENCES public.theme_material_kit_profesional(id) DEFERRABLE INITIALLY DEFERRED;


--
-- Name: theme_material_kit_estudio theme_material_kit_e_ucreacion_id_47559ce0_fk_auth_user; Type: FK CONSTRAINT; Schema: public; Owner: postgres
--

ALTER TABLE ONLY public.theme_material_kit_estudio
    ADD CONSTRAINT theme_material_kit_e_ucreacion_id_47559ce0_fk_auth_user FOREIGN KEY (ucreacion_id) REFERENCES public.auth_user(id) DEFERRABLE INITIALLY DEFERRED;


--
-- Name: theme_material_kit_grupoarea theme_material_kit_g_ucreacion_id_0321b732_fk_auth_user; Type: FK CONSTRAINT; Schema: public; Owner: postgres
--

ALTER TABLE ONLY public.theme_material_kit_grupoarea
    ADD CONSTRAINT theme_material_kit_g_ucreacion_id_0321b732_fk_auth_user FOREIGN KEY (ucreacion_id) REFERENCES public.auth_user(id) DEFERRABLE INITIALLY DEFERRED;


--
-- Name: theme_material_kit_grupoestudio theme_material_kit_g_ucreacion_id_c92338ba_fk_auth_user; Type: FK CONSTRAINT; Schema: public; Owner: postgres
--

ALTER TABLE ONLY public.theme_material_kit_grupoestudio
    ADD CONSTRAINT theme_material_kit_g_ucreacion_id_c92338ba_fk_auth_user FOREIGN KEY (ucreacion_id) REFERENCES public.auth_user(id) DEFERRABLE INITIALLY DEFERRED;


--
-- Name: theme_material_kit_historicalplanilla theme_material_kit_h_history_user_id_cd27f86f_fk_auth_user; Type: FK CONSTRAINT; Schema: public; Owner: postgres
--

ALTER TABLE ONLY public.theme_material_kit_historicalplanilla
    ADD CONSTRAINT theme_material_kit_h_history_user_id_cd27f86f_fk_auth_user FOREIGN KEY (history_user_id) REFERENCES public.auth_user(id) DEFERRABLE INITIALLY DEFERRED;


--
-- Name: theme_material_kit_historicaltupla theme_material_kit_h_history_user_id_e548e15b_fk_auth_user; Type: FK CONSTRAINT; Schema: public; Owner: postgres
--

ALTER TABLE ONLY public.theme_material_kit_historicaltupla
    ADD CONSTRAINT theme_material_kit_h_history_user_id_e548e15b_fk_auth_user FOREIGN KEY (history_user_id) REFERENCES public.auth_user(id) DEFERRABLE INITIALLY DEFERRED;


--
-- Name: theme_material_kit_planilla theme_material_kit_p_categoria_id_c3165714_fk_theme_mat; Type: FK CONSTRAINT; Schema: public; Owner: postgres
--

ALTER TABLE ONLY public.theme_material_kit_planilla
    ADD CONSTRAINT theme_material_kit_p_categoria_id_c3165714_fk_theme_mat FOREIGN KEY (categoria_id) REFERENCES public.theme_material_kit_categoria(id) DEFERRABLE INITIALLY DEFERRED;


--
-- Name: theme_material_kit_planillafooter theme_material_kit_p_pacientesCriticos_id_a6340f09_fk_theme_mat; Type: FK CONSTRAINT; Schema: public; Owner: postgres
--

ALTER TABLE ONLY public.theme_material_kit_planillafooter
    ADD CONSTRAINT "theme_material_kit_p_pacientesCriticos_id_a6340f09_fk_theme_mat" FOREIGN KEY ("pacientesCriticos_id") REFERENCES public.theme_material_kit_pacientecritico(id) DEFERRABLE INITIALLY DEFERRED;


--
-- Name: theme_material_kit_planillafooter theme_material_kit_p_planilla_id_fbbb5ad7_fk_theme_mat; Type: FK CONSTRAINT; Schema: public; Owner: postgres
--

ALTER TABLE ONLY public.theme_material_kit_planillafooter
    ADD CONSTRAINT theme_material_kit_p_planilla_id_fbbb5ad7_fk_theme_mat FOREIGN KEY (planilla_id) REFERENCES public.theme_material_kit_planilla(id) DEFERRABLE INITIALLY DEFERRED;


--
-- Name: theme_material_kit_planilla theme_material_kit_p_turno_id_53443a06_fk_theme_mat; Type: FK CONSTRAINT; Schema: public; Owner: postgres
--

ALTER TABLE ONLY public.theme_material_kit_planilla
    ADD CONSTRAINT theme_material_kit_p_turno_id_53443a06_fk_theme_mat FOREIGN KEY (turno_id) REFERENCES public.theme_material_kit_turno(id) DEFERRABLE INITIALLY DEFERRED;


--
-- Name: theme_material_kit_planillafooter theme_material_kit_p_ucreacion_id_11fb648a_fk_auth_user; Type: FK CONSTRAINT; Schema: public; Owner: postgres
--

ALTER TABLE ONLY public.theme_material_kit_planillafooter
    ADD CONSTRAINT theme_material_kit_p_ucreacion_id_11fb648a_fk_auth_user FOREIGN KEY (ucreacion_id) REFERENCES public.auth_user(id) DEFERRABLE INITIALLY DEFERRED;


--
-- Name: theme_material_kit_planilla theme_material_kit_p_ucreacion_id_1bdc2a36_fk_auth_user; Type: FK CONSTRAINT; Schema: public; Owner: postgres
--

ALTER TABLE ONLY public.theme_material_kit_planilla
    ADD CONSTRAINT theme_material_kit_p_ucreacion_id_1bdc2a36_fk_auth_user FOREIGN KEY (ucreacion_id) REFERENCES public.auth_user(id) DEFERRABLE INITIALLY DEFERRED;


--
-- Name: theme_material_kit_pacientecritico theme_material_kit_p_ucreacion_id_62201e7f_fk_auth_user; Type: FK CONSTRAINT; Schema: public; Owner: postgres
--

ALTER TABLE ONLY public.theme_material_kit_pacientecritico
    ADD CONSTRAINT theme_material_kit_p_ucreacion_id_62201e7f_fk_auth_user FOREIGN KEY (ucreacion_id) REFERENCES public.auth_user(id) DEFERRABLE INITIALLY DEFERRED;


--
-- Name: theme_material_kit_profesional theme_material_kit_p_ucreacion_id_ea90a26f_fk_auth_user; Type: FK CONSTRAINT; Schema: public; Owner: postgres
--

ALTER TABLE ONLY public.theme_material_kit_profesional
    ADD CONSTRAINT theme_material_kit_p_ucreacion_id_ea90a26f_fk_auth_user FOREIGN KEY (ucreacion_id) REFERENCES public.auth_user(id) DEFERRABLE INITIALLY DEFERRED;


--
-- Name: theme_material_kit_tupla theme_material_kit_t_estudio_id_740b70a2_fk_theme_mat; Type: FK CONSTRAINT; Schema: public; Owner: postgres
--

ALTER TABLE ONLY public.theme_material_kit_tupla
    ADD CONSTRAINT theme_material_kit_t_estudio_id_740b70a2_fk_theme_mat FOREIGN KEY (estudio_id) REFERENCES public.theme_material_kit_estudio(id) DEFERRABLE INITIALLY DEFERRED;


--
-- Name: theme_material_kit_tupla theme_material_kit_t_grupoArea_id_ef47e139_fk_theme_mat; Type: FK CONSTRAINT; Schema: public; Owner: postgres
--

ALTER TABLE ONLY public.theme_material_kit_tupla
    ADD CONSTRAINT "theme_material_kit_t_grupoArea_id_ef47e139_fk_theme_mat" FOREIGN KEY ("grupoArea_id") REFERENCES public.theme_material_kit_grupoarea(id) DEFERRABLE INITIALLY DEFERRED;


--
-- Name: theme_material_kit_tupla theme_material_kit_t_planilla_id_b92189db_fk_theme_mat; Type: FK CONSTRAINT; Schema: public; Owner: postgres
--

ALTER TABLE ONLY public.theme_material_kit_tupla
    ADD CONSTRAINT theme_material_kit_t_planilla_id_b92189db_fk_theme_mat FOREIGN KEY (planilla_id) REFERENCES public.theme_material_kit_planilla(id) DEFERRABLE INITIALLY DEFERRED;


--
-- Name: theme_material_kit_tupla theme_material_kit_tupla_ucreacion_id_46d3c927_fk_auth_user_id; Type: FK CONSTRAINT; Schema: public; Owner: postgres
--

ALTER TABLE ONLY public.theme_material_kit_tupla
    ADD CONSTRAINT theme_material_kit_tupla_ucreacion_id_46d3c927_fk_auth_user_id FOREIGN KEY (ucreacion_id) REFERENCES public.auth_user(id) DEFERRABLE INITIALLY DEFERRED;


--
-- Name: theme_material_kit_turno theme_material_kit_turno_ucreacion_id_9e2c2287_fk_auth_user_id; Type: FK CONSTRAINT; Schema: public; Owner: postgres
--

ALTER TABLE ONLY public.theme_material_kit_turno
    ADD CONSTRAINT theme_material_kit_turno_ucreacion_id_9e2c2287_fk_auth_user_id FOREIGN KEY (ucreacion_id) REFERENCES public.auth_user(id) DEFERRABLE INITIALLY DEFERRED;


--
-- PostgreSQL database dump complete
--

