--
-- PostgreSQL database dump
--

-- Dumped from database version 16.2
-- Dumped by pg_dump version 16.2

SET statement_timeout = 0;
SET lock_timeout = 0;
SET idle_in_transaction_session_timeout = 0;
SET client_encoding = 'UTF8';
SET standard_conforming_strings = on;
SELECT pg_catalog.set_config('search_path', '', false);
SET check_function_bodies = false;
SET xmloption = content;
SET client_min_messages = warning;
SET row_security = off;

SET default_tablespace = '';

SET default_table_access_method = heap;

--
-- Name: auth_group; Type: TABLE; Schema: public; Owner: postgres
--

CREATE TABLE public.auth_group (
    id integer NOT NULL,
    name character varying(150) NOT NULL
);


ALTER TABLE public.auth_group OWNER TO postgres;

--
-- Name: auth_group_id_seq; Type: SEQUENCE; Schema: public; Owner: postgres
--

ALTER TABLE public.auth_group ALTER COLUMN id ADD GENERATED BY DEFAULT AS IDENTITY (
    SEQUENCE NAME public.auth_group_id_seq
    START WITH 1
    INCREMENT BY 1
    NO MINVALUE
    NO MAXVALUE
    CACHE 1
);


--
-- Name: auth_group_permissions; Type: TABLE; Schema: public; Owner: postgres
--

CREATE TABLE public.auth_group_permissions (
    id bigint NOT NULL,
    group_id integer NOT NULL,
    permission_id integer NOT NULL
);


ALTER TABLE public.auth_group_permissions OWNER TO postgres;

--
-- Name: auth_group_permissions_id_seq; Type: SEQUENCE; Schema: public; Owner: postgres
--

ALTER TABLE public.auth_group_permissions ALTER COLUMN id ADD GENERATED BY DEFAULT AS IDENTITY (
    SEQUENCE NAME public.auth_group_permissions_id_seq
    START WITH 1
    INCREMENT BY 1
    NO MINVALUE
    NO MAXVALUE
    CACHE 1
);


--
-- Name: auth_permission; Type: TABLE; Schema: public; Owner: postgres
--

CREATE TABLE public.auth_permission (
    id integer NOT NULL,
    name character varying(255) NOT NULL,
    content_type_id integer NOT NULL,
    codename character varying(100) NOT NULL
);


ALTER TABLE public.auth_permission OWNER TO postgres;

--
-- Name: auth_permission_id_seq; Type: SEQUENCE; Schema: public; Owner: postgres
--

ALTER TABLE public.auth_permission ALTER COLUMN id ADD GENERATED BY DEFAULT AS IDENTITY (
    SEQUENCE NAME public.auth_permission_id_seq
    START WITH 1
    INCREMENT BY 1
    NO MINVALUE
    NO MAXVALUE
    CACHE 1
);


--
-- Name: auth_user; Type: TABLE; Schema: public; Owner: postgres
--

CREATE TABLE public.auth_user (
    id integer NOT NULL,
    password character varying(128) NOT NULL,
    last_login timestamp with time zone,
    is_superuser boolean NOT NULL,
    username character varying(150) NOT NULL,
    first_name character varying(150) NOT NULL,
    last_name character varying(150) NOT NULL,
    email character varying(254) NOT NULL,
    is_staff boolean NOT NULL,
    is_active boolean NOT NULL,
    date_joined timestamp with time zone NOT NULL
);


ALTER TABLE public.auth_user OWNER TO postgres;

--
-- Name: auth_user_groups; Type: TABLE; Schema: public; Owner: postgres
--

CREATE TABLE public.auth_user_groups (
    id bigint NOT NULL,
    user_id integer NOT NULL,
    group_id integer NOT NULL
);


ALTER TABLE public.auth_user_groups OWNER TO postgres;

--
-- Name: auth_user_groups_id_seq; Type: SEQUENCE; Schema: public; Owner: postgres
--

ALTER TABLE public.auth_user_groups ALTER COLUMN id ADD GENERATED BY DEFAULT AS IDENTITY (
    SEQUENCE NAME public.auth_user_groups_id_seq
    START WITH 1
    INCREMENT BY 1
    NO MINVALUE
    NO MAXVALUE
    CACHE 1
);


--
-- Name: auth_user_id_seq; Type: SEQUENCE; Schema: public; Owner: postgres
--

ALTER TABLE public.auth_user ALTER COLUMN id ADD GENERATED BY DEFAULT AS IDENTITY (
    SEQUENCE NAME public.auth_user_id_seq
    START WITH 1
    INCREMENT BY 1
    NO MINVALUE
    NO MAXVALUE
    CACHE 1
);


--
-- Name: auth_user_user_permissions; Type: TABLE; Schema: public; Owner: postgres
--

CREATE TABLE public.auth_user_user_permissions (
    id bigint NOT NULL,
    user_id integer NOT NULL,
    permission_id integer NOT NULL
);


ALTER TABLE public.auth_user_user_permissions OWNER TO postgres;

--
-- Name: auth_user_user_permissions_id_seq; Type: SEQUENCE; Schema: public; Owner: postgres
--

ALTER TABLE public.auth_user_user_permissions ALTER COLUMN id ADD GENERATED BY DEFAULT AS IDENTITY (
    SEQUENCE NAME public.auth_user_user_permissions_id_seq
    START WITH 1
    INCREMENT BY 1
    NO MINVALUE
    NO MAXVALUE
    CACHE 1
);


--
-- Name: core_categoria; Type: TABLE; Schema: public; Owner: postgres
--

CREATE TABLE public.core_categoria (
    id bigint NOT NULL,
    estado boolean NOT NULL,
    fcreacion timestamp with time zone,
    fmodificacion timestamp with time zone,
    umodificacion integer,
    categoria character varying(150) NOT NULL,
    codigo character varying(100) NOT NULL,
    ucreacion_id integer
);


ALTER TABLE public.core_categoria OWNER TO postgres;

--
-- Name: core_categoria_id_seq; Type: SEQUENCE; Schema: public; Owner: postgres
--

ALTER TABLE public.core_categoria ALTER COLUMN id ADD GENERATED BY DEFAULT AS IDENTITY (
    SEQUENCE NAME public.core_categoria_id_seq
    START WITH 1
    INCREMENT BY 1
    NO MINVALUE
    NO MAXVALUE
    CACHE 1
);


--
-- Name: core_estudio; Type: TABLE; Schema: public; Owner: postgres
--

CREATE TABLE public.core_estudio (
    id bigint NOT NULL,
    estado boolean NOT NULL,
    fcreacion timestamp with time zone,
    fmodificacion timestamp with time zone,
    umodificacion integer,
    estudio character varying(150) NOT NULL,
    "grupoEstudio_id" bigint NOT NULL,
    profesional_id bigint,
    ucreacion_id integer
);


ALTER TABLE public.core_estudio OWNER TO postgres;

--
-- Name: core_estudio_id_seq; Type: SEQUENCE; Schema: public; Owner: postgres
--

ALTER TABLE public.core_estudio ALTER COLUMN id ADD GENERATED BY DEFAULT AS IDENTITY (
    SEQUENCE NAME public.core_estudio_id_seq
    START WITH 1
    INCREMENT BY 1
    NO MINVALUE
    NO MAXVALUE
    CACHE 1
);


--
-- Name: core_grupoarea; Type: TABLE; Schema: public; Owner: postgres
--

CREATE TABLE public.core_grupoarea (
    id bigint NOT NULL,
    estado boolean NOT NULL,
    fcreacion timestamp with time zone,
    fmodificacion timestamp with time zone,
    umodificacion integer,
    area character varying(150) NOT NULL,
    codigo character varying(100) NOT NULL,
    ucreacion_id integer
);


ALTER TABLE public.core_grupoarea OWNER TO postgres;

--
-- Name: core_grupoarea_id_seq; Type: SEQUENCE; Schema: public; Owner: postgres
--

ALTER TABLE public.core_grupoarea ALTER COLUMN id ADD GENERATED BY DEFAULT AS IDENTITY (
    SEQUENCE NAME public.core_grupoarea_id_seq
    START WITH 1
    INCREMENT BY 1
    NO MINVALUE
    NO MAXVALUE
    CACHE 1
);


--
-- Name: core_grupoestudio; Type: TABLE; Schema: public; Owner: postgres
--

CREATE TABLE public.core_grupoestudio (
    id bigint NOT NULL,
    estado boolean NOT NULL,
    fcreacion timestamp with time zone,
    fmodificacion timestamp with time zone,
    umodificacion integer,
    "grupoEstudio" character varying(150) NOT NULL,
    codigo character varying(100) NOT NULL,
    color character varying(100),
    ucreacion_id integer
);


ALTER TABLE public.core_grupoestudio OWNER TO postgres;

--
-- Name: core_grupoestudio_id_seq; Type: SEQUENCE; Schema: public; Owner: postgres
--

ALTER TABLE public.core_grupoestudio ALTER COLUMN id ADD GENERATED BY DEFAULT AS IDENTITY (
    SEQUENCE NAME public.core_grupoestudio_id_seq
    START WITH 1
    INCREMENT BY 1
    NO MINVALUE
    NO MAXVALUE
    CACHE 1
);


--
-- Name: core_historicalplanilla; Type: TABLE; Schema: public; Owner: postgres
--

CREATE TABLE public.core_historicalplanilla (
    id bigint NOT NULL,
    estado boolean NOT NULL,
    fcreacion timestamp with time zone,
    fmodificacion timestamp with time zone,
    umodificacion integer,
    fecha date NOT NULL,
    observaciones text,
    "estadoEquipos" text,
    "estadoAreas" text,
    "pacientesCriticos" text,
    history_id integer NOT NULL,
    history_date timestamp with time zone NOT NULL,
    history_change_reason character varying(100),
    history_type character varying(1) NOT NULL,
    categoria_id bigint,
    history_user_id integer,
    turno_id bigint,
    ucreacion_id integer
);


ALTER TABLE public.core_historicalplanilla OWNER TO postgres;

--
-- Name: core_historicalplanilla_history_id_seq; Type: SEQUENCE; Schema: public; Owner: postgres
--

ALTER TABLE public.core_historicalplanilla ALTER COLUMN history_id ADD GENERATED BY DEFAULT AS IDENTITY (
    SEQUENCE NAME public.core_historicalplanilla_history_id_seq
    START WITH 1
    INCREMENT BY 1
    NO MINVALUE
    NO MAXVALUE
    CACHE 1
);


--
-- Name: core_historicaltupla; Type: TABLE; Schema: public; Owner: postgres
--

CREATE TABLE public.core_historicaltupla (
    id bigint NOT NULL,
    estado boolean NOT NULL,
    fcreacion timestamp with time zone,
    fmodificacion timestamp with time zone,
    umodificacion integer,
    cantidad integer NOT NULL,
    history_id integer NOT NULL,
    history_date timestamp with time zone NOT NULL,
    history_change_reason character varying(100),
    history_type character varying(1) NOT NULL,
    estudio_id bigint,
    "grupoArea_id" bigint,
    history_user_id integer,
    planilla_id bigint,
    ucreacion_id integer
);


ALTER TABLE public.core_historicaltupla OWNER TO postgres;

--
-- Name: core_historicaltupla_history_id_seq; Type: SEQUENCE; Schema: public; Owner: postgres
--

ALTER TABLE public.core_historicaltupla ALTER COLUMN history_id ADD GENERATED BY DEFAULT AS IDENTITY (
    SEQUENCE NAME public.core_historicaltupla_history_id_seq
    START WITH 1
    INCREMENT BY 1
    NO MINVALUE
    NO MAXVALUE
    CACHE 1
);


--
-- Name: core_pacientecritico; Type: TABLE; Schema: public; Owner: postgres
--

CREATE TABLE public.core_pacientecritico (
    id bigint NOT NULL,
    estado boolean NOT NULL,
    fcreacion timestamp with time zone,
    fmodificacion timestamp with time zone,
    umodificacion integer,
    nombre character varying(150) NOT NULL,
    ucreacion_id integer
);


ALTER TABLE public.core_pacientecritico OWNER TO postgres;

--
-- Name: core_pacientecritico_id_seq; Type: SEQUENCE; Schema: public; Owner: postgres
--

ALTER TABLE public.core_pacientecritico ALTER COLUMN id ADD GENERATED BY DEFAULT AS IDENTITY (
    SEQUENCE NAME public.core_pacientecritico_id_seq
    START WITH 1
    INCREMENT BY 1
    NO MINVALUE
    NO MAXVALUE
    CACHE 1
);


--
-- Name: core_planilla; Type: TABLE; Schema: public; Owner: postgres
--

CREATE TABLE public.core_planilla (
    id bigint NOT NULL,
    estado boolean NOT NULL,
    fcreacion timestamp with time zone,
    fmodificacion timestamp with time zone,
    umodificacion integer,
    fecha date NOT NULL,
    observaciones text,
    "estadoEquipos" text,
    "estadoAreas" text,
    "pacientesCriticos" text,
    categoria_id bigint NOT NULL,
    turno_id bigint,
    ucreacion_id integer
);


ALTER TABLE public.core_planilla OWNER TO postgres;

--
-- Name: core_planilla_id_seq; Type: SEQUENCE; Schema: public; Owner: postgres
--

ALTER TABLE public.core_planilla ALTER COLUMN id ADD GENERATED BY DEFAULT AS IDENTITY (
    SEQUENCE NAME public.core_planilla_id_seq
    START WITH 1
    INCREMENT BY 1
    NO MINVALUE
    NO MAXVALUE
    CACHE 1
);


--
-- Name: core_planillafooter; Type: TABLE; Schema: public; Owner: postgres
--

CREATE TABLE public.core_planillafooter (
    id bigint NOT NULL,
    estado boolean NOT NULL,
    fcreacion timestamp with time zone,
    fmodificacion timestamp with time zone,
    umodificacion integer,
    observaciones text,
    "estadoEquipos" text,
    "estadoAreas" text,
    "pacientesCriticos_id" bigint,
    planilla_id bigint NOT NULL,
    ucreacion_id integer
);


ALTER TABLE public.core_planillafooter OWNER TO postgres;

--
-- Name: core_planillafooter_id_seq; Type: SEQUENCE; Schema: public; Owner: postgres
--

ALTER TABLE public.core_planillafooter ALTER COLUMN id ADD GENERATED BY DEFAULT AS IDENTITY (
    SEQUENCE NAME public.core_planillafooter_id_seq
    START WITH 1
    INCREMENT BY 1
    NO MINVALUE
    NO MAXVALUE
    CACHE 1
);


--
-- Name: core_profesional; Type: TABLE; Schema: public; Owner: postgres
--

CREATE TABLE public.core_profesional (
    id bigint NOT NULL,
    estado boolean NOT NULL,
    fcreacion timestamp with time zone,
    fmodificacion timestamp with time zone,
    umodificacion integer,
    nombre character varying(450) NOT NULL,
    cargo character varying(450) NOT NULL,
    contacto integer,
    ucreacion_id integer
);


ALTER TABLE public.core_profesional OWNER TO postgres;

--
-- Name: core_profesional_id_seq; Type: SEQUENCE; Schema: public; Owner: postgres
--

ALTER TABLE public.core_profesional ALTER COLUMN id ADD GENERATED BY DEFAULT AS IDENTITY (
    SEQUENCE NAME public.core_profesional_id_seq
    START WITH 1
    INCREMENT BY 1
    NO MINVALUE
    NO MAXVALUE
    CACHE 1
);


--
-- Name: core_tupla; Type: TABLE; Schema: public; Owner: postgres
--

CREATE TABLE public.core_tupla (
    id bigint NOT NULL,
    estado boolean NOT NULL,
    fcreacion timestamp with time zone,
    fmodificacion timestamp with time zone,
    umodificacion integer,
    cantidad integer NOT NULL,
    estudio_id bigint NOT NULL,
    "grupoArea_id" bigint NOT NULL,
    planilla_id bigint NOT NULL,
    ucreacion_id integer
);


ALTER TABLE public.core_tupla OWNER TO postgres;

--
-- Name: core_tupla_id_seq; Type: SEQUENCE; Schema: public; Owner: postgres
--

ALTER TABLE public.core_tupla ALTER COLUMN id ADD GENERATED BY DEFAULT AS IDENTITY (
    SEQUENCE NAME public.core_tupla_id_seq
    START WITH 1
    INCREMENT BY 1
    NO MINVALUE
    NO MAXVALUE
    CACHE 1
);


--
-- Name: core_turno; Type: TABLE; Schema: public; Owner: postgres
--

CREATE TABLE public.core_turno (
    id bigint NOT NULL,
    estado boolean NOT NULL,
    fcreacion timestamp with time zone,
    fmodificacion timestamp with time zone,
    umodificacion integer,
    turno character varying(150) NOT NULL,
    codigo character varying(100) NOT NULL,
    ucreacion_id integer
);


ALTER TABLE public.core_turno OWNER TO postgres;

--
-- Name: core_turno_id_seq; Type: SEQUENCE; Schema: public; Owner: postgres
--

ALTER TABLE public.core_turno ALTER COLUMN id ADD GENERATED BY DEFAULT AS IDENTITY (
    SEQUENCE NAME public.core_turno_id_seq
    START WITH 1
    INCREMENT BY 1
    NO MINVALUE
    NO MAXVALUE
    CACHE 1
);


--
-- Name: django_admin_log; Type: TABLE; Schema: public; Owner: postgres
--

CREATE TABLE public.django_admin_log (
    id integer NOT NULL,
    action_time timestamp with time zone NOT NULL,
    object_id text,
    object_repr character varying(200) NOT NULL,
    action_flag smallint NOT NULL,
    change_message text NOT NULL,
    content_type_id integer,
    user_id integer NOT NULL,
    CONSTRAINT django_admin_log_action_flag_check CHECK ((action_flag >= 0))
);


ALTER TABLE public.django_admin_log OWNER TO postgres;

--
-- Name: django_admin_log_id_seq; Type: SEQUENCE; Schema: public; Owner: postgres
--

ALTER TABLE public.django_admin_log ALTER COLUMN id ADD GENERATED BY DEFAULT AS IDENTITY (
    SEQUENCE NAME public.django_admin_log_id_seq
    START WITH 1
    INCREMENT BY 1
    NO MINVALUE
    NO MAXVALUE
    CACHE 1
);


--
-- Name: django_content_type; Type: TABLE; Schema: public; Owner: postgres
--

CREATE TABLE public.django_content_type (
    id integer NOT NULL,
    app_label character varying(100) NOT NULL,
    model character varying(100) NOT NULL
);


ALTER TABLE public.django_content_type OWNER TO postgres;

--
-- Name: django_content_type_id_seq; Type: SEQUENCE; Schema: public; Owner: postgres
--

ALTER TABLE public.django_content_type ALTER COLUMN id ADD GENERATED BY DEFAULT AS IDENTITY (
    SEQUENCE NAME public.django_content_type_id_seq
    START WITH 1
    INCREMENT BY 1
    NO MINVALUE
    NO MAXVALUE
    CACHE 1
);


--
-- Name: django_migrations; Type: TABLE; Schema: public; Owner: postgres
--

CREATE TABLE public.django_migrations (
    id bigint NOT NULL,
    app character varying(255) NOT NULL,
    name character varying(255) NOT NULL,
    applied timestamp with time zone NOT NULL
);


ALTER TABLE public.django_migrations OWNER TO postgres;

--
-- Name: django_migrations_id_seq; Type: SEQUENCE; Schema: public; Owner: postgres
--

ALTER TABLE public.django_migrations ALTER COLUMN id ADD GENERATED BY DEFAULT AS IDENTITY (
    SEQUENCE NAME public.django_migrations_id_seq
    START WITH 1
    INCREMENT BY 1
    NO MINVALUE
    NO MAXVALUE
    CACHE 1
);


--
-- Name: django_session; Type: TABLE; Schema: public; Owner: postgres
--

CREATE TABLE public.django_session (
    session_key character varying(40) NOT NULL,
    session_data text NOT NULL,
    expire_date timestamp with time zone NOT NULL
);


ALTER TABLE public.django_session OWNER TO postgres;

--
-- Data for Name: auth_group; Type: TABLE DATA; Schema: public; Owner: postgres
--

COPY public.auth_group (id, name) FROM stdin;
1	operador
\.


--
-- Data for Name: auth_group_permissions; Type: TABLE DATA; Schema: public; Owner: postgres
--

COPY public.auth_group_permissions (id, group_id, permission_id) FROM stdin;
1	1	33
2	1	34
3	1	66
4	1	36
5	1	69
6	1	70
7	1	68
8	1	72
9	1	41
10	1	45
11	1	46
12	1	48
13	1	57
14	1	58
15	1	60
\.


--
-- Data for Name: auth_permission; Type: TABLE DATA; Schema: public; Owner: postgres
--

COPY public.auth_permission (id, name, content_type_id, codename) FROM stdin;
1	Can add log entry	1	add_logentry
2	Can change log entry	1	change_logentry
3	Can delete log entry	1	delete_logentry
4	Can view log entry	1	view_logentry
5	Can add permission	2	add_permission
6	Can change permission	2	change_permission
7	Can delete permission	2	delete_permission
8	Can view permission	2	view_permission
9	Can add group	3	add_group
10	Can change group	3	change_group
11	Can delete group	3	delete_group
12	Can view group	3	view_group
13	Can add user	4	add_user
14	Can change user	4	change_user
15	Can delete user	4	delete_user
16	Can view user	4	view_user
17	Can add content type	5	add_contenttype
18	Can change content type	5	change_contenttype
19	Can delete content type	5	delete_contenttype
20	Can view content type	5	view_contenttype
21	Can add session	6	add_session
22	Can change session	6	change_session
23	Can delete session	6	delete_session
24	Can view session	6	view_session
25	Can add grupo area	7	add_grupoarea
26	Can change grupo area	7	change_grupoarea
27	Can delete grupo area	7	delete_grupoarea
28	Can view grupo area	7	view_grupoarea
29	Can add grupo estudio	8	add_grupoestudio
30	Can change grupo estudio	8	change_grupoestudio
31	Can delete grupo estudio	8	delete_grupoestudio
32	Can view grupo estudio	8	view_grupoestudio
33	Can add profesional	9	add_profesional
34	Can change profesional	9	change_profesional
35	Can delete profesional	9	delete_profesional
36	Can view profesional	9	view_profesional
37	Can add estudio	10	add_estudio
38	Can change estudio	10	change_estudio
39	Can delete estudio	10	delete_estudio
40	Can view estudio	10	view_estudio
41	Can add turno	11	add_turno
42	Can change turno	11	change_turno
43	Can delete turno	11	delete_turno
44	Can view turno	11	view_turno
45	Can add paciente critico	12	add_pacientecritico
46	Can change paciente critico	12	change_pacientecritico
47	Can delete paciente critico	12	delete_pacientecritico
48	Can view paciente critico	12	view_pacientecritico
49	Can add categoria	13	add_categoria
50	Can change categoria	13	change_categoria
51	Can delete categoria	13	delete_categoria
52	Can view categoria	13	view_categoria
53	Can add historical planilla	14	add_historicalplanilla
54	Can change historical planilla	14	change_historicalplanilla
55	Can delete historical planilla	14	delete_historicalplanilla
56	Can view historical planilla	14	view_historicalplanilla
57	Can add planilla	15	add_planilla
58	Can change planilla	15	change_planilla
59	Can delete planilla	15	delete_planilla
60	Can view planilla	15	view_planilla
61	Can add historical tupla	16	add_historicaltupla
62	Can change historical tupla	16	change_historicaltupla
63	Can delete historical tupla	16	delete_historicaltupla
64	Can view historical tupla	16	view_historicaltupla
65	Can add tupla	17	add_tupla
66	Can change tupla	17	change_tupla
67	Can delete tupla	17	delete_tupla
68	Can view tupla	17	view_tupla
69	Can add planilla footer	18	add_planillafooter
70	Can change planilla footer	18	change_planillafooter
71	Can delete planilla footer	18	delete_planillafooter
72	Can view planilla footer	18	view_planillafooter
73	Can add temporal	19	add_temporal
74	Can change temporal	19	change_temporal
75	Can delete temporal	19	delete_temporal
76	Can view temporal	19	view_temporal
\.


--
-- Data for Name: auth_user; Type: TABLE DATA; Schema: public; Owner: postgres
--

COPY public.auth_user (id, password, last_login, is_superuser, username, first_name, last_name, email, is_staff, is_active, date_joined) FROM stdin;
2	pbkdf2_sha256$600000$8dGbN9cRIZLYR1GEANqsDh$iOjDID9mrk30tWdkY7Dm3ywRFjgBO1/t4Aybdugm9Mw=	2024-04-20 15:58:07.06109-04	t	zlima	Zulma	Lima		t	t	2024-04-20 15:57:16-04
1	pbkdf2_sha256$600000$1JJwQXpwAfQ0pumPCZsuOk$mErhSNMbV0/8BnOpN+XyN6/icjNIkgPxOYw5gT84qdY=	2024-04-20 16:51:17.555141-04	t	root			cesar.nrv@gmail.com	t	t	2024-04-20 11:39:44.647352-04
4	pbkdf2_sha256$600000$r6S6PKn5372TFp4blWK2XQ$jAWp/lYYG3iJ9BZ+OyUFP47/cPcDEtrXsT93EglBCK4=	2024-04-20 17:09:44.645586-04	t	operador1	Operador			t	t	2024-04-20 16:11:03-04
\.


--
-- Data for Name: auth_user_groups; Type: TABLE DATA; Schema: public; Owner: postgres
--

COPY public.auth_user_groups (id, user_id, group_id) FROM stdin;
\.


--
-- Data for Name: auth_user_user_permissions; Type: TABLE DATA; Schema: public; Owner: postgres
--

COPY public.auth_user_user_permissions (id, user_id, permission_id) FROM stdin;
1	2	2
23	4	21
24	4	22
25	4	24
26	4	33
27	4	34
28	4	36
29	4	41
30	4	42
31	4	44
32	4	45
33	4	46
34	4	48
35	4	53
36	4	54
37	4	55
38	4	56
39	4	57
40	4	58
41	4	60
42	4	61
43	4	62
44	4	64
45	4	65
46	4	66
47	4	68
48	4	69
49	4	70
50	4	72
\.


--
-- Data for Name: core_categoria; Type: TABLE DATA; Schema: public; Owner: postgres
--

COPY public.core_categoria (id, estado, fcreacion, fmodificacion, umodificacion, categoria, codigo, ucreacion_id) FROM stdin;
1	t	2024-03-31 21:13:26.571485-04	2024-03-31 21:13:26.571485-04	\N	PACIENTES S.U.S.	PSUS	1
\.


--
-- Data for Name: core_estudio; Type: TABLE DATA; Schema: public; Owner: postgres
--

COPY public.core_estudio (id, estado, fcreacion, fmodificacion, umodificacion, estudio, "grupoEstudio_id", profesional_id, ucreacion_id) FROM stdin;
2	t	2024-04-01 15:10:45.785297-04	2024-04-01 15:10:45.785297-04	\N	SOLICITUDES REPORTADOS	1	\N	1
3	t	2024-04-01 15:11:04.463121-04	2024-04-01 15:11:04.463121-04	\N	PACIENTES INGRESO	2	\N	1
4	t	2024-04-01 15:12:40.090989-04	2024-04-01 15:12:53.750419-04	1	MUESTRA SANGUINEA	3	\N	1
5	t	2024-04-01 15:13:24.721613-04	2024-04-01 15:13:24.721613-04	\N	HISOPADO NASAL	3	\N	1
6	t	2024-04-01 15:13:58.156742-04	2024-04-01 15:13:58.156742-04	\N	GLICEMIA	4	\N	1
7	t	2024-04-01 15:14:09.011815-04	2024-04-01 15:14:09.011815-04	\N	UREA	4	\N	1
8	t	2024-04-01 15:14:20.289483-04	2024-04-01 15:14:20.289483-04	\N	NUS	4	\N	1
9	t	2024-04-01 15:14:30.140989-04	2024-04-01 15:14:30.140989-04	\N	CREATININA	4	\N	1
10	t	2024-04-01 15:15:03.83004-04	2024-04-01 15:15:03.83004-04	\N	COLESTEROL	4	\N	1
11	t	2024-04-01 15:15:21.510406-04	2024-04-01 15:15:21.510406-04	\N	TRIGLICERIDOS	4	\N	1
12	t	2024-04-01 15:15:32.486707-04	2024-04-01 15:15:32.486707-04	\N	HDL-COL	4	\N	1
13	t	2024-04-01 15:15:43.864662-04	2024-04-01 15:15:43.864662-04	\N	LDL	4	\N	1
14	t	2024-04-01 15:15:53.914133-04	2024-04-01 15:15:53.914133-04	\N	VLDL	4	\N	1
15	t	2024-04-01 15:16:08.045788-04	2024-04-01 15:16:08.045788-04	\N	PROTEINAS	4	\N	1
16	t	2024-04-01 15:16:29.185035-04	2024-04-01 15:16:29.185035-04	\N	ALBUMINA	4	\N	1
18	t	2024-04-01 15:17:17.234243-04	2024-04-01 15:17:17.234243-04	\N	GOT	4	\N	1
19	t	2024-04-01 15:17:49.100902-04	2024-04-01 15:17:49.100902-04	\N	GPT	4	\N	1
20	t	2024-04-01 15:18:13.914679-04	2024-04-01 15:18:13.914679-04	\N	FAL	4	\N	1
21	t	2024-04-01 15:18:25.955026-04	2024-04-01 15:18:25.955026-04	\N	ACIDO URICO	4	\N	1
22	t	2024-04-01 15:18:41.080071-04	2024-04-01 15:18:41.080071-04	\N	CK-MB	4	\N	1
23	t	2024-04-01 15:18:54.974706-04	2024-04-01 15:18:54.974706-04	\N	CK TOTAL	4	\N	1
24	t	2024-04-01 15:19:03.747146-04	2024-04-01 15:19:03.747146-04	\N	DHL	4	\N	1
27	t	2024-04-01 15:24:49.510991-04	2024-04-01 15:24:49.510991-04	\N	GGT	4	\N	1
28	t	2024-04-01 15:25:04.661563-04	2024-04-01 15:25:04.661563-04	\N	CITOQUIMICO	4	\N	1
29	t	2024-04-01 15:25:16.85271-04	2024-04-01 15:25:16.85271-04	\N	ORINA 24 HORAS	4	\N	1
31	t	2024-04-01 15:25:39.655013-04	2024-04-01 15:25:39.655013-04	\N	FOSFORO	4	\N	1
33	t	2024-04-01 15:26:28.313316-04	2024-04-01 15:26:28.313316-04	\N	GASOMETRIA BG 10 LACTATO	4	\N	1
34	t	2024-04-01 15:27:05.993577-04	2024-04-01 15:27:05.993577-04	\N	HEMOGRAMA (COMPLETO)	5	\N	1
36	t	2024-04-01 15:27:33.273879-04	2024-04-01 15:27:33.273879-04	\N	FROTIS PERIFERICO	5	\N	1
38	t	2024-04-01 15:28:01.519292-04	2024-04-01 15:28:01.519292-04	\N	RETICULOCITOS	5	\N	1
39	t	2024-04-01 15:28:14.409697-04	2024-04-01 15:28:14.409697-04	\N	ÍNDICES HEMATIMÉTRICOS	5	\N	1
40	t	2024-04-01 15:28:24.159355-04	2024-04-01 15:28:24.159355-04	\N	TS	6	\N	1
41	t	2024-04-01 15:28:42.398639-04	2024-04-01 15:28:42.398639-04	\N	TC	6	\N	1
42	t	2024-04-01 15:28:56.107787-04	2024-04-01 15:28:56.107787-04	\N	TP	6	\N	1
43	t	2024-04-01 15:29:07.902575-04	2024-04-01 15:29:07.902575-04	\N	PLAQUETAS	6	\N	1
44	t	2024-04-01 15:29:19.42343-04	2024-04-01 15:29:19.42343-04	\N	GRUPO SANGUINEO	6	\N	1
45	t	2024-04-01 15:29:32.96879-04	2024-04-01 15:31:02.368934-04	1	TTPa	6	\N	1
47	t	2024-04-01 15:31:34.888687-04	2024-04-01 15:31:34.888687-04	\N	EGO	7	\N	1
48	t	2024-04-01 15:39:41.319661-04	2024-04-01 15:39:41.319661-04	\N	COPRO SERIADO	7	\N	1
49	t	2024-04-01 15:40:03.468909-04	2024-04-01 15:40:03.468909-04	\N	COPRO SIMPLE	7	\N	1
50	t	2024-04-01 15:40:14.520319-04	2024-04-01 15:40:14.520319-04	\N	MOCO FECAL	7	\N	1
51	t	2024-04-01 15:40:25.705712-04	2024-04-01 15:40:25.705712-04	\N	SANG. OCULTA HECES	7	\N	1
52	t	2024-04-01 15:40:39.006778-04	2024-04-01 15:40:39.006778-04	\N	MORF. GLOB. ROJOS	7	\N	1
53	t	2024-04-01 15:40:56.862394-04	2024-04-01 15:40:56.862394-04	\N	DIMERO D - quimioluminiscencia	8	\N	1
54	t	2024-04-01 15:41:11.271459-04	2024-04-01 15:41:11.271459-04	\N	FERRITINA - quimioluminiscencia	8	\N	1
55	t	2024-04-01 15:41:38.350856-04	2024-04-01 15:42:10.194149-04	1	IL 6 quimioluminiscencia	8	\N	1
56	t	2024-04-01 15:42:25.119731-04	2024-04-01 15:42:25.119731-04	\N	PCR quimioluminiscencia	8	\N	1
57	t	2024-04-01 15:45:45.826688-04	2024-04-01 15:45:45.826688-04	\N	PROCALCITONINA quimioluminiscencia	8	\N	1
58	t	2024-04-01 15:46:00.398894-04	2024-04-01 15:46:00.398894-04	\N	TROPONINA I quimioluminiscencia	8	\N	1
59	t	2024-04-01 15:46:13.547355-04	2024-04-01 15:46:13.547355-04	\N	IgM quimioluminiscencia	8	\N	1
60	t	2024-04-01 15:46:27.113545-04	2024-04-01 15:46:27.113545-04	\N	IgG quimioluminiscencia	8	\N	1
61	t	2024-04-01 15:46:42.190017-04	2024-04-01 15:46:42.190017-04	\N	ProBNP quimioluminiscencia	8	\N	1
62	t	2024-04-01 15:46:55.659592-04	2024-04-01 15:46:55.659592-04	\N	DIMERO-D (Roche)	8	\N	1
63	t	2024-04-01 15:47:09.244384-04	2024-04-01 15:47:09.244384-04	\N	TROPONINA I (cualitativa)	8	\N	1
64	t	2024-04-01 15:47:20.775999-04	2024-04-01 15:47:20.775999-04	\N	TROP.T(Roche)	8	\N	1
65	t	2024-04-01 15:47:34.31823-04	2024-04-01 15:47:34.31823-04	\N	VIH	8	\N	1
66	t	2024-04-01 15:47:43.723152-04	2024-04-01 15:47:43.723152-04	\N	WIDAL	8	\N	1
67	t	2024-04-01 15:47:56.776256-04	2024-04-01 15:47:56.776256-04	\N	PCR (estudios solicitados)	8	\N	1
68	t	2024-04-01 15:48:08.693216-04	2024-04-01 15:48:08.693216-04	\N	PCR (diluciones)	8	\N	1
69	t	2024-04-01 15:48:20.338293-04	2024-04-01 15:48:20.338293-04	\N	ASTO	8	\N	1
70	t	2024-04-01 15:48:32.380208-04	2024-04-01 15:48:32.380208-04	\N	FR	8	\N	1
25	t	2024-04-01 15:19:15.127175-04	2024-04-01 15:49:12.250948-04	1	Hb. A1c	4	\N	1
32	t	2024-04-01 15:25:52.344663-04	2024-04-01 15:49:32.57641-04	1	ELECTROLITOS (NA,Cl,K,Cai, CaT)	4	\N	1
30	t	2024-04-01 15:25:25.217585-04	2024-04-01 15:49:50.193266-04	1	Mg	4	\N	1
35	t	2024-04-01 15:27:18.22117-04	2024-04-01 16:13:53.083795-04	1	Hto-Hb	5	\N	1
37	t	2024-04-01 15:27:46.374861-04	2024-04-01 16:16:27.634222-04	1	VES	5	\N	1
71	t	2024-04-01 16:10:55.928015-04	2024-04-01 16:23:14.550598-04	1	FIBRINOGENO	6	\N	1
46	t	2024-04-01 15:31:25.24819-04	2024-04-01 16:23:44.530276-04	1	TROMBINA	6	\N	1
17	t	2024-04-01 15:16:54.869027-04	2024-04-03 22:18:40.751855-04	1	BILIRRUBINA Totales y Fraccionadas	4	\N	1
1	t	2024-04-01 13:11:05.798157-04	2024-04-06 20:50:56.192436-04	\N	SOLICITUDES RECEPCIONADOS	1	\N	1
72	f	2024-04-10 21:37:12.022042-04	2024-04-10 22:50:40.910882-04	\N	PACIENTES EGRESO	2	\N	1
\.


--
-- Data for Name: core_grupoarea; Type: TABLE DATA; Schema: public; Owner: postgres
--

COPY public.core_grupoarea (id, estado, fcreacion, fmodificacion, umodificacion, area, codigo, ucreacion_id) FROM stdin;
1	t	2024-03-31 18:45:08.502464-04	2024-03-31 18:45:08.502464-04	\N	EMERGENCIA	EMG	1
3	t	2024-03-31 18:45:30.672796-04	2024-03-31 18:45:30.672796-04	\N	CIRUGÍA	CRG	1
2	t	2024-03-31 18:45:21.051673-04	2024-04-03 19:07:15.068488-04	1	U.T.I.	UTI	1
4	t	2024-03-31 19:23:53.307678-04	2024-03-31 19:23:53.307678-04	\N	CARDIOLOGÍA	CRD	1
6	t	2024-03-31 19:24:26.15796-04	2024-03-31 19:24:26.15796-04	\N	CNS.EXTERNA	CEXT	1
5	t	2024-03-31 19:24:14.716949-04	2024-03-31 19:24:34.221965-04	\N	NEUMOLOGÍA	NML	1
\.


--
-- Data for Name: core_grupoestudio; Type: TABLE DATA; Schema: public; Owner: postgres
--

COPY public.core_grupoestudio (id, estado, fcreacion, fmodificacion, umodificacion, "grupoEstudio", codigo, color, ucreacion_id) FROM stdin;
7	t	2024-03-31 20:46:15.578951-04	2024-04-02 22:03:43.377175-04	1	HEXSUDADOS -TRANSUDADOS	HXTR	#b5d9b1	1
3	t	2024-03-31 19:45:05.097075-04	2024-04-02 22:24:51.920179-04	1	TOMA DE MUESTRAS	TMM	#DCE5ED	1
6	t	2024-03-31 20:45:56.703469-04	2024-04-02 22:26:43.348866-04	1	HEMOSTASIA	HMO	#e8c2e1	1
5	t	2024-03-31 20:45:45.00636-04	2024-04-02 22:27:05.619792-04	1	HEMATOLOGÍA	HMA	#f8d9b4	1
4	t	2024-03-31 19:47:01.050027-04	2024-04-02 22:27:34.920168-04	1	QUÍMICA SANGUÍNEA	QMS	#87c8e4	1
8	t	2024-03-31 20:46:25.331351-04	2024-04-02 22:28:05.918138-04	1	INMUNOLOGÍA	NML	#eae7a3	1
2	t	2024-03-31 19:44:51.272963-04	2024-04-02 22:28:44.168767-04	1	PACIENTE INGRESO	PING	#cccccc	1
1	t	2024-03-31 19:43:12.439175-04	2024-04-08 23:19:37.79093-04	1	SOLICITUDES	SOL	#d4d4d4	1
\.


--
-- Data for Name: core_historicalplanilla; Type: TABLE DATA; Schema: public; Owner: postgres
--

COPY public.core_historicalplanilla (id, estado, fcreacion, fmodificacion, umodificacion, fecha, observaciones, "estadoEquipos", "estadoAreas", "pacientesCriticos", history_id, history_date, history_change_reason, history_type, categoria_id, history_user_id, turno_id, ucreacion_id) FROM stdin;
\.


--
-- Data for Name: core_historicaltupla; Type: TABLE DATA; Schema: public; Owner: postgres
--

COPY public.core_historicaltupla (id, estado, fcreacion, fmodificacion, umodificacion, cantidad, history_id, history_date, history_change_reason, history_type, estudio_id, "grupoArea_id", history_user_id, planilla_id, ucreacion_id) FROM stdin;
\.


--
-- Data for Name: core_pacientecritico; Type: TABLE DATA; Schema: public; Owner: postgres
--

COPY public.core_pacientecritico (id, estado, fcreacion, fmodificacion, umodificacion, nombre, ucreacion_id) FROM stdin;
\.


--
-- Data for Name: core_planilla; Type: TABLE DATA; Schema: public; Owner: postgres
--

COPY public.core_planilla (id, estado, fcreacion, fmodificacion, umodificacion, fecha, observaciones, "estadoEquipos", "estadoAreas", "pacientesCriticos", categoria_id, turno_id, ucreacion_id) FROM stdin;
\.


--
-- Data for Name: core_planillafooter; Type: TABLE DATA; Schema: public; Owner: postgres
--

COPY public.core_planillafooter (id, estado, fcreacion, fmodificacion, umodificacion, observaciones, "estadoEquipos", "estadoAreas", "pacientesCriticos_id", planilla_id, ucreacion_id) FROM stdin;
\.


--
-- Data for Name: core_profesional; Type: TABLE DATA; Schema: public; Owner: postgres
--

COPY public.core_profesional (id, estado, fcreacion, fmodificacion, umodificacion, nombre, cargo, contacto, ucreacion_id) FROM stdin;
1	t	2024-03-31 22:10:30.764909-04	2024-03-31 22:23:11.072617-04	1	CESAR ROJAS VALERO	JEFE DE AREA	68110661	1
\.


--
-- Data for Name: core_tupla; Type: TABLE DATA; Schema: public; Owner: postgres
--

COPY public.core_tupla (id, estado, fcreacion, fmodificacion, umodificacion, cantidad, estudio_id, "grupoArea_id", planilla_id, ucreacion_id) FROM stdin;
\.


--
-- Data for Name: core_turno; Type: TABLE DATA; Schema: public; Owner: postgres
--

COPY public.core_turno (id, estado, fcreacion, fmodificacion, umodificacion, turno, codigo, ucreacion_id) FROM stdin;
1	t	2024-03-31 21:02:29.682421-04	2024-03-31 21:02:29.682421-04	\N	TURNO MAÑANA	TM	1
2	t	2024-03-31 21:02:38.15104-04	2024-03-31 21:02:38.15104-04	\N	TURNO TARDE	TT	1
3	t	2024-03-31 21:02:46.023473-04	2024-03-31 21:02:46.023473-04	\N	TURNO NOCHE	TN	1
\.


--
-- Data for Name: django_admin_log; Type: TABLE DATA; Schema: public; Owner: postgres
--

COPY public.django_admin_log (id, action_time, object_id, object_repr, action_flag, change_message, content_type_id, user_id) FROM stdin;
1	2024-04-20 15:57:17.529028-04	2	zlima	1	[{"added": {}}]	4	1
2	2024-04-20 15:57:49.773396-04	2	zlima	2	[{"changed": {"fields": ["First name", "Last name", "Staff status", "Superuser status", "User permissions"]}}]	4	1
3	2024-04-20 16:02:13.290287-04	1	operador	1	[{"added": {}}]	3	2
4	2024-04-20 16:03:36.196439-04	3	operador1	1	[{"added": {}}]	4	2
5	2024-04-20 16:03:50.630455-04	3	operador1	2	[{"changed": {"fields": ["First name", "Groups"]}}]	4	2
6	2024-04-20 16:05:34.88281-04	3	operador1	2	[{"changed": {"fields": ["password"]}}]	4	1
7	2024-04-20 16:09:32.755057-04	3	operador1	2	[{"changed": {"fields": ["User permissions", "Last login"]}}]	4	1
8	2024-04-20 16:10:41.926444-04	3	operador1	3		4	1
9	2024-04-20 16:11:04.390898-04	4	operador1	1	[{"added": {}}]	4	1
10	2024-04-20 16:12:41.55878-04	4	operador1	2	[{"changed": {"fields": ["First name", "User permissions"]}}]	4	1
11	2024-04-20 16:17:06.061694-04	4	operador1	2	[{"changed": {"fields": ["Staff status"]}}]	4	1
12	2024-04-20 16:20:29.081731-04	4	operador1	2	[{"changed": {"fields": ["Superuser status"]}}]	4	1
\.


--
-- Data for Name: django_content_type; Type: TABLE DATA; Schema: public; Owner: postgres
--

COPY public.django_content_type (id, app_label, model) FROM stdin;
1	admin	logentry
2	auth	permission
3	auth	group
4	auth	user
5	contenttypes	contenttype
6	sessions	session
7	core	grupoarea
8	core	grupoestudio
9	core	profesional
10	core	estudio
11	core	turno
12	core	pacientecritico
13	core	categoria
14	core	historicalplanilla
15	core	planilla
16	core	historicaltupla
17	core	tupla
18	core	planillafooter
19	core	temporal
\.


--
-- Data for Name: django_migrations; Type: TABLE DATA; Schema: public; Owner: postgres
--

COPY public.django_migrations (id, app, name, applied) FROM stdin;
1	contenttypes	0001_initial	2024-04-20 10:48:53.994561-04
2	auth	0001_initial	2024-04-20 10:48:54.043364-04
3	admin	0001_initial	2024-04-20 10:48:54.055714-04
4	admin	0002_logentry_remove_auto_add	2024-04-20 10:48:54.057879-04
5	admin	0003_logentry_add_action_flag_choices	2024-04-20 10:48:54.060475-04
6	contenttypes	0002_remove_content_type_name	2024-04-20 10:48:54.073607-04
7	auth	0002_alter_permission_name_max_length	2024-04-20 10:48:54.080814-04
8	auth	0003_alter_user_email_max_length	2024-04-20 10:48:54.089248-04
9	auth	0004_alter_user_username_opts	2024-04-20 10:48:54.092897-04
10	auth	0005_alter_user_last_login_null	2024-04-20 10:48:54.100689-04
11	auth	0006_require_contenttypes_0002	2024-04-20 10:48:54.100689-04
12	auth	0007_alter_validators_add_error_messages	2024-04-20 10:48:54.107016-04
13	auth	0008_alter_user_username_max_length	2024-04-20 10:48:54.116811-04
14	auth	0009_alter_user_last_name_max_length	2024-04-20 10:48:54.124385-04
15	auth	0010_alter_group_name_max_length	2024-04-20 10:48:54.126765-04
16	auth	0011_update_proxy_permissions	2024-04-20 10:48:54.140816-04
17	auth	0012_alter_user_first_name_max_length	2024-04-20 10:48:54.146375-04
18	sessions	0001_initial	2024-04-20 10:48:54.154905-04
19	theme_material_kit	0001_initial	2024-04-20 11:05:01.879921-04
20	theme_material_kit	0002_delete_test	2024-04-20 11:05:01.889613-04
21	theme_material_kit	0003_initial	2024-04-20 11:05:02.059499-04
22	theme_material_kit	0004_grupoestudio_color	2024-04-20 11:05:02.073089-04
23	theme_material_kit	0005_remove_historicaltupla_turno_remove_tupla_turno_and_more	2024-04-20 11:05:02.122237-04
24	theme_material_kit	0006_historicalplanilla_estadoareas_and_more	2024-04-20 11:05:02.185305-04
25	theme_material_kit	0007_remove_estudio_grupoestudio_and_more	2024-04-20 11:05:02.419445-04
26	core	0001_initial	2024-04-20 11:34:04.227698-04
\.


--
-- Data for Name: django_session; Type: TABLE DATA; Schema: public; Owner: postgres
--

COPY public.django_session (session_key, session_data, expire_date) FROM stdin;
fyezo7akhomdt1zbee7pkzjzp73t2v6x	.eJxVjEEOwiAQRe_C2hCGUQZduu8ZmmEAqRpISrsy3l2bdKHb_977LzXyupRx7Wkep6guCtThdwssj1Q3EO9cb01Lq8s8Bb0peqddDy2m53V3_w4K9_KthSxa64WJo2REdGwJTCDnQvIZiQxn490RMAII4zkjOLInbyCELOr9AdJMN10:1ryFCm:QEMKdmrlP1HZRawyFOKQlq6tZmvNO_MfZYS5XvgEd4Y	2024-05-04 14:12:52.364877-04
wn3nqzdt8ipd5t79qx18564istwvv1ge	.eJxVjDsOwjAQBe_iGln-4bUp6TmDtfZucAA5UpxUiLuTSCmgfTNv3iLhutS0dp7TSOIitDj9bhnLk9sO6IHtPskytWUes9wVedAubxPx63q4f4GKvW7v7HIoBhmBlI2stI6gwDrnB6NCMHYohSJ4bR1l57fwGRAKhWhyIPbi8wXZ5TfX:1ryGCM:NpThJKOI3p1L1I23colIFMNyow5E29GTXaXSJqTJe4Y	2024-05-04 15:16:30.719174-04
cg6ppde6m9nyrw4izepp90o25s79m4cn	.eJxVjE0OwiAYBe_C2hCgUMCle89Avh-UqoGktCvj3Q1JF7p9M_PeIsG-lbT3vKaFxVlocfrdEOiZ6wD8gHpvklrd1gXlUORBu7w2zq_L4f4dFOhl1ArZZL5lCz6oHObJeMURyAVizeiADBiOk0VUXtugjXVEpGZkZWMQny8GIThM:1ryGYV:n0D7ufEhVW5xT_LkJ0V1HYRC3QKezLZghQ2i92vuAYI	2024-05-04 15:39:23.604584-04
owtwa6z8n34jo023204cdhur7zmeafon	.eJxVjEEOwiAQRe_C2hCgA4hL9z0DmYFBqoYmpV0Z765NutDtf-_9l4i4rTVunZc4ZXERWpx-N8L04LaDfMd2m2Wa27pMJHdFHrTLcc78vB7u30HFXr_14IDYeQ4FlGPrzYDZFK_Yq2IDcvAuJQuoAVTCM7hiNRmybHLImoJ4fwDchTfc:1ryGxq:9wTu1gsvUqVNmO8rCE6dWFfL4uiqQHKJOjTYJoNIqJs	2024-05-04 16:05:34.896753-04
7p8fj9620147drgyahl4kd4g48vpxjk2	.eJxVjDsOwjAQBe_iGllrZ_2jpOcM1vqHA8iW4qRC3B0ipYD2zcx7MU_bWv028uLnxM4M2el3CxQfue0g3andOo-9rcsc-K7wgw5-7Sk_L4f7d1Bp1G8NmRzI6LS1BcCgJqUlTQKTSuicNckqA0WpgkaKSWMMEF1xMlAQaAV7fwC4ODbB:1ryHxw:ZUa9c8JLf1HELjSusIAw66bz-7qaROqGGSQMfHkJer8	2024-05-04 17:09:44.647609-04
\.


--
-- Name: auth_group_id_seq; Type: SEQUENCE SET; Schema: public; Owner: postgres
--

SELECT pg_catalog.setval('public.auth_group_id_seq', 1, true);


--
-- Name: auth_group_permissions_id_seq; Type: SEQUENCE SET; Schema: public; Owner: postgres
--

SELECT pg_catalog.setval('public.auth_group_permissions_id_seq', 15, true);


--
-- Name: auth_permission_id_seq; Type: SEQUENCE SET; Schema: public; Owner: postgres
--

SELECT pg_catalog.setval('public.auth_permission_id_seq', 76, true);


--
-- Name: auth_user_groups_id_seq; Type: SEQUENCE SET; Schema: public; Owner: postgres
--

SELECT pg_catalog.setval('public.auth_user_groups_id_seq', 1, true);


--
-- Name: auth_user_id_seq; Type: SEQUENCE SET; Schema: public; Owner: postgres
--

SELECT pg_catalog.setval('public.auth_user_id_seq', 4, true);


--
-- Name: auth_user_user_permissions_id_seq; Type: SEQUENCE SET; Schema: public; Owner: postgres
--

SELECT pg_catalog.setval('public.auth_user_user_permissions_id_seq', 50, true);


--
-- Name: core_categoria_id_seq; Type: SEQUENCE SET; Schema: public; Owner: postgres
--

SELECT pg_catalog.setval('public.core_categoria_id_seq', 1, false);


--
-- Name: core_estudio_id_seq; Type: SEQUENCE SET; Schema: public; Owner: postgres
--

SELECT pg_catalog.setval('public.core_estudio_id_seq', 1, false);


--
-- Name: core_grupoarea_id_seq; Type: SEQUENCE SET; Schema: public; Owner: postgres
--

SELECT pg_catalog.setval('public.core_grupoarea_id_seq', 1, false);


--
-- Name: core_grupoestudio_id_seq; Type: SEQUENCE SET; Schema: public; Owner: postgres
--

SELECT pg_catalog.setval('public.core_grupoestudio_id_seq', 1, false);


--
-- Name: core_historicalplanilla_history_id_seq; Type: SEQUENCE SET; Schema: public; Owner: postgres
--

SELECT pg_catalog.setval('public.core_historicalplanilla_history_id_seq', 1, false);


--
-- Name: core_historicaltupla_history_id_seq; Type: SEQUENCE SET; Schema: public; Owner: postgres
--

SELECT pg_catalog.setval('public.core_historicaltupla_history_id_seq', 1, false);


--
-- Name: core_pacientecritico_id_seq; Type: SEQUENCE SET; Schema: public; Owner: postgres
--

SELECT pg_catalog.setval('public.core_pacientecritico_id_seq', 1, false);


--
-- Name: core_planilla_id_seq; Type: SEQUENCE SET; Schema: public; Owner: postgres
--

SELECT pg_catalog.setval('public.core_planilla_id_seq', 1, false);


--
-- Name: core_planillafooter_id_seq; Type: SEQUENCE SET; Schema: public; Owner: postgres
--

SELECT pg_catalog.setval('public.core_planillafooter_id_seq', 1, false);


--
-- Name: core_profesional_id_seq; Type: SEQUENCE SET; Schema: public; Owner: postgres
--

SELECT pg_catalog.setval('public.core_profesional_id_seq', 1, false);


--
-- Name: core_tupla_id_seq; Type: SEQUENCE SET; Schema: public; Owner: postgres
--

SELECT pg_catalog.setval('public.core_tupla_id_seq', 1, false);


--
-- Name: core_turno_id_seq; Type: SEQUENCE SET; Schema: public; Owner: postgres
--

SELECT pg_catalog.setval('public.core_turno_id_seq', 1, false);


--
-- Name: django_admin_log_id_seq; Type: SEQUENCE SET; Schema: public; Owner: postgres
--

SELECT pg_catalog.setval('public.django_admin_log_id_seq', 12, true);


--
-- Name: django_content_type_id_seq; Type: SEQUENCE SET; Schema: public; Owner: postgres
--

SELECT pg_catalog.setval('public.django_content_type_id_seq', 19, true);


--
-- Name: django_migrations_id_seq; Type: SEQUENCE SET; Schema: public; Owner: postgres
--

SELECT pg_catalog.setval('public.django_migrations_id_seq', 26, true);


--
-- Name: auth_group auth_group_name_key; Type: CONSTRAINT; Schema: public; Owner: postgres
--

ALTER TABLE ONLY public.auth_group
    ADD CONSTRAINT auth_group_name_key UNIQUE (name);


--
-- Name: auth_group_permissions auth_group_permissions_group_id_permission_id_0cd325b0_uniq; Type: CONSTRAINT; Schema: public; Owner: postgres
--

ALTER TABLE ONLY public.auth_group_permissions
    ADD CONSTRAINT auth_group_permissions_group_id_permission_id_0cd325b0_uniq UNIQUE (group_id, permission_id);


--
-- Name: auth_group_permissions auth_group_permissions_pkey; Type: CONSTRAINT; Schema: public; Owner: postgres
--

ALTER TABLE ONLY public.auth_group_permissions
    ADD CONSTRAINT auth_group_permissions_pkey PRIMARY KEY (id);


--
-- Name: auth_group auth_group_pkey; Type: CONSTRAINT; Schema: public; Owner: postgres
--

ALTER TABLE ONLY public.auth_group
    ADD CONSTRAINT auth_group_pkey PRIMARY KEY (id);


--
-- Name: auth_permission auth_permission_content_type_id_codename_01ab375a_uniq; Type: CONSTRAINT; Schema: public; Owner: postgres
--

ALTER TABLE ONLY public.auth_permission
    ADD CONSTRAINT auth_permission_content_type_id_codename_01ab375a_uniq UNIQUE (content_type_id, codename);


--
-- Name: auth_permission auth_permission_pkey; Type: CONSTRAINT; Schema: public; Owner: postgres
--

ALTER TABLE ONLY public.auth_permission
    ADD CONSTRAINT auth_permission_pkey PRIMARY KEY (id);


--
-- Name: auth_user_groups auth_user_groups_pkey; Type: CONSTRAINT; Schema: public; Owner: postgres
--

ALTER TABLE ONLY public.auth_user_groups
    ADD CONSTRAINT auth_user_groups_pkey PRIMARY KEY (id);


--
-- Name: auth_user_groups auth_user_groups_user_id_group_id_94350c0c_uniq; Type: CONSTRAINT; Schema: public; Owner: postgres
--

ALTER TABLE ONLY public.auth_user_groups
    ADD CONSTRAINT auth_user_groups_user_id_group_id_94350c0c_uniq UNIQUE (user_id, group_id);


--
-- Name: auth_user auth_user_pkey; Type: CONSTRAINT; Schema: public; Owner: postgres
--

ALTER TABLE ONLY public.auth_user
    ADD CONSTRAINT auth_user_pkey PRIMARY KEY (id);


--
-- Name: auth_user_user_permissions auth_user_user_permissions_pkey; Type: CONSTRAINT; Schema: public; Owner: postgres
--

ALTER TABLE ONLY public.auth_user_user_permissions
    ADD CONSTRAINT auth_user_user_permissions_pkey PRIMARY KEY (id);


--
-- Name: auth_user_user_permissions auth_user_user_permissions_user_id_permission_id_14a6b632_uniq; Type: CONSTRAINT; Schema: public; Owner: postgres
--

ALTER TABLE ONLY public.auth_user_user_permissions
    ADD CONSTRAINT auth_user_user_permissions_user_id_permission_id_14a6b632_uniq UNIQUE (user_id, permission_id);


--
-- Name: auth_user auth_user_username_key; Type: CONSTRAINT; Schema: public; Owner: postgres
--

ALTER TABLE ONLY public.auth_user
    ADD CONSTRAINT auth_user_username_key UNIQUE (username);


--
-- Name: core_categoria core_categoria_categoria_key; Type: CONSTRAINT; Schema: public; Owner: postgres
--

ALTER TABLE ONLY public.core_categoria
    ADD CONSTRAINT core_categoria_categoria_key UNIQUE (categoria);


--
-- Name: core_categoria core_categoria_codigo_key; Type: CONSTRAINT; Schema: public; Owner: postgres
--

ALTER TABLE ONLY public.core_categoria
    ADD CONSTRAINT core_categoria_codigo_key UNIQUE (codigo);


--
-- Name: core_categoria core_categoria_pkey; Type: CONSTRAINT; Schema: public; Owner: postgres
--

ALTER TABLE ONLY public.core_categoria
    ADD CONSTRAINT core_categoria_pkey PRIMARY KEY (id);


--
-- Name: core_estudio core_estudio_estudio_key; Type: CONSTRAINT; Schema: public; Owner: postgres
--

ALTER TABLE ONLY public.core_estudio
    ADD CONSTRAINT core_estudio_estudio_key UNIQUE (estudio);


--
-- Name: core_estudio core_estudio_pkey; Type: CONSTRAINT; Schema: public; Owner: postgres
--

ALTER TABLE ONLY public.core_estudio
    ADD CONSTRAINT core_estudio_pkey PRIMARY KEY (id);


--
-- Name: core_grupoarea core_grupoarea_area_key; Type: CONSTRAINT; Schema: public; Owner: postgres
--

ALTER TABLE ONLY public.core_grupoarea
    ADD CONSTRAINT core_grupoarea_area_key UNIQUE (area);


--
-- Name: core_grupoarea core_grupoarea_codigo_key; Type: CONSTRAINT; Schema: public; Owner: postgres
--

ALTER TABLE ONLY public.core_grupoarea
    ADD CONSTRAINT core_grupoarea_codigo_key UNIQUE (codigo);


--
-- Name: core_grupoarea core_grupoarea_pkey; Type: CONSTRAINT; Schema: public; Owner: postgres
--

ALTER TABLE ONLY public.core_grupoarea
    ADD CONSTRAINT core_grupoarea_pkey PRIMARY KEY (id);


--
-- Name: core_grupoestudio core_grupoestudio_codigo_key; Type: CONSTRAINT; Schema: public; Owner: postgres
--

ALTER TABLE ONLY public.core_grupoestudio
    ADD CONSTRAINT core_grupoestudio_codigo_key UNIQUE (codigo);


--
-- Name: core_grupoestudio core_grupoestudio_grupoEstudio_key; Type: CONSTRAINT; Schema: public; Owner: postgres
--

ALTER TABLE ONLY public.core_grupoestudio
    ADD CONSTRAINT "core_grupoestudio_grupoEstudio_key" UNIQUE ("grupoEstudio");


--
-- Name: core_grupoestudio core_grupoestudio_pkey; Type: CONSTRAINT; Schema: public; Owner: postgres
--

ALTER TABLE ONLY public.core_grupoestudio
    ADD CONSTRAINT core_grupoestudio_pkey PRIMARY KEY (id);


--
-- Name: core_historicalplanilla core_historicalplanilla_pkey; Type: CONSTRAINT; Schema: public; Owner: postgres
--

ALTER TABLE ONLY public.core_historicalplanilla
    ADD CONSTRAINT core_historicalplanilla_pkey PRIMARY KEY (history_id);


--
-- Name: core_historicaltupla core_historicaltupla_pkey; Type: CONSTRAINT; Schema: public; Owner: postgres
--

ALTER TABLE ONLY public.core_historicaltupla
    ADD CONSTRAINT core_historicaltupla_pkey PRIMARY KEY (history_id);


--
-- Name: core_pacientecritico core_pacientecritico_nombre_key; Type: CONSTRAINT; Schema: public; Owner: postgres
--

ALTER TABLE ONLY public.core_pacientecritico
    ADD CONSTRAINT core_pacientecritico_nombre_key UNIQUE (nombre);


--
-- Name: core_pacientecritico core_pacientecritico_pkey; Type: CONSTRAINT; Schema: public; Owner: postgres
--

ALTER TABLE ONLY public.core_pacientecritico
    ADD CONSTRAINT core_pacientecritico_pkey PRIMARY KEY (id);


--
-- Name: core_planilla core_planilla_pkey; Type: CONSTRAINT; Schema: public; Owner: postgres
--

ALTER TABLE ONLY public.core_planilla
    ADD CONSTRAINT core_planilla_pkey PRIMARY KEY (id);


--
-- Name: core_planillafooter core_planillafooter_pkey; Type: CONSTRAINT; Schema: public; Owner: postgres
--

ALTER TABLE ONLY public.core_planillafooter
    ADD CONSTRAINT core_planillafooter_pkey PRIMARY KEY (id);


--
-- Name: core_profesional core_profesional_cargo_key; Type: CONSTRAINT; Schema: public; Owner: postgres
--

ALTER TABLE ONLY public.core_profesional
    ADD CONSTRAINT core_profesional_cargo_key UNIQUE (cargo);


--
-- Name: core_profesional core_profesional_nombre_key; Type: CONSTRAINT; Schema: public; Owner: postgres
--

ALTER TABLE ONLY public.core_profesional
    ADD CONSTRAINT core_profesional_nombre_key UNIQUE (nombre);


--
-- Name: core_profesional core_profesional_pkey; Type: CONSTRAINT; Schema: public; Owner: postgres
--

ALTER TABLE ONLY public.core_profesional
    ADD CONSTRAINT core_profesional_pkey PRIMARY KEY (id);


--
-- Name: core_tupla core_tupla_pkey; Type: CONSTRAINT; Schema: public; Owner: postgres
--

ALTER TABLE ONLY public.core_tupla
    ADD CONSTRAINT core_tupla_pkey PRIMARY KEY (id);


--
-- Name: core_turno core_turno_codigo_key; Type: CONSTRAINT; Schema: public; Owner: postgres
--

ALTER TABLE ONLY public.core_turno
    ADD CONSTRAINT core_turno_codigo_key UNIQUE (codigo);


--
-- Name: core_turno core_turno_pkey; Type: CONSTRAINT; Schema: public; Owner: postgres
--

ALTER TABLE ONLY public.core_turno
    ADD CONSTRAINT core_turno_pkey PRIMARY KEY (id);


--
-- Name: core_turno core_turno_turno_key; Type: CONSTRAINT; Schema: public; Owner: postgres
--

ALTER TABLE ONLY public.core_turno
    ADD CONSTRAINT core_turno_turno_key UNIQUE (turno);


--
-- Name: django_admin_log django_admin_log_pkey; Type: CONSTRAINT; Schema: public; Owner: postgres
--

ALTER TABLE ONLY public.django_admin_log
    ADD CONSTRAINT django_admin_log_pkey PRIMARY KEY (id);


--
-- Name: django_content_type django_content_type_app_label_model_76bd3d3b_uniq; Type: CONSTRAINT; Schema: public; Owner: postgres
--

ALTER TABLE ONLY public.django_content_type
    ADD CONSTRAINT django_content_type_app_label_model_76bd3d3b_uniq UNIQUE (app_label, model);


--
-- Name: django_content_type django_content_type_pkey; Type: CONSTRAINT; Schema: public; Owner: postgres
--

ALTER TABLE ONLY public.django_content_type
    ADD CONSTRAINT django_content_type_pkey PRIMARY KEY (id);


--
-- Name: django_migrations django_migrations_pkey; Type: CONSTRAINT; Schema: public; Owner: postgres
--

ALTER TABLE ONLY public.django_migrations
    ADD CONSTRAINT django_migrations_pkey PRIMARY KEY (id);


--
-- Name: django_session django_session_pkey; Type: CONSTRAINT; Schema: public; Owner: postgres
--

ALTER TABLE ONLY public.django_session
    ADD CONSTRAINT django_session_pkey PRIMARY KEY (session_key);


--
-- Name: auth_group_name_a6ea08ec_like; Type: INDEX; Schema: public; Owner: postgres
--

CREATE INDEX auth_group_name_a6ea08ec_like ON public.auth_group USING btree (name varchar_pattern_ops);


--
-- Name: auth_group_permissions_group_id_b120cbf9; Type: INDEX; Schema: public; Owner: postgres
--

CREATE INDEX auth_group_permissions_group_id_b120cbf9 ON public.auth_group_permissions USING btree (group_id);


--
-- Name: auth_group_permissions_permission_id_84c5c92e; Type: INDEX; Schema: public; Owner: postgres
--

CREATE INDEX auth_group_permissions_permission_id_84c5c92e ON public.auth_group_permissions USING btree (permission_id);


--
-- Name: auth_permission_content_type_id_2f476e4b; Type: INDEX; Schema: public; Owner: postgres
--

CREATE INDEX auth_permission_content_type_id_2f476e4b ON public.auth_permission USING btree (content_type_id);


--
-- Name: auth_user_groups_group_id_97559544; Type: INDEX; Schema: public; Owner: postgres
--

CREATE INDEX auth_user_groups_group_id_97559544 ON public.auth_user_groups USING btree (group_id);


--
-- Name: auth_user_groups_user_id_6a12ed8b; Type: INDEX; Schema: public; Owner: postgres
--

CREATE INDEX auth_user_groups_user_id_6a12ed8b ON public.auth_user_groups USING btree (user_id);


--
-- Name: auth_user_user_permissions_permission_id_1fbb5f2c; Type: INDEX; Schema: public; Owner: postgres
--

CREATE INDEX auth_user_user_permissions_permission_id_1fbb5f2c ON public.auth_user_user_permissions USING btree (permission_id);


--
-- Name: auth_user_user_permissions_user_id_a95ead1b; Type: INDEX; Schema: public; Owner: postgres
--

CREATE INDEX auth_user_user_permissions_user_id_a95ead1b ON public.auth_user_user_permissions USING btree (user_id);


--
-- Name: auth_user_username_6821ab7c_like; Type: INDEX; Schema: public; Owner: postgres
--

CREATE INDEX auth_user_username_6821ab7c_like ON public.auth_user USING btree (username varchar_pattern_ops);


--
-- Name: core_categoria_categoria_4f7bbb59_like; Type: INDEX; Schema: public; Owner: postgres
--

CREATE INDEX core_categoria_categoria_4f7bbb59_like ON public.core_categoria USING btree (categoria varchar_pattern_ops);


--
-- Name: core_categoria_codigo_94297c6a_like; Type: INDEX; Schema: public; Owner: postgres
--

CREATE INDEX core_categoria_codigo_94297c6a_like ON public.core_categoria USING btree (codigo varchar_pattern_ops);


--
-- Name: core_categoria_ucreacion_id_70215e52; Type: INDEX; Schema: public; Owner: postgres
--

CREATE INDEX core_categoria_ucreacion_id_70215e52 ON public.core_categoria USING btree (ucreacion_id);


--
-- Name: core_estudio_estudio_d8bfa959_like; Type: INDEX; Schema: public; Owner: postgres
--

CREATE INDEX core_estudio_estudio_d8bfa959_like ON public.core_estudio USING btree (estudio varchar_pattern_ops);


--
-- Name: core_estudio_grupoEstudio_id_eceb4b0a; Type: INDEX; Schema: public; Owner: postgres
--

CREATE INDEX "core_estudio_grupoEstudio_id_eceb4b0a" ON public.core_estudio USING btree ("grupoEstudio_id");


--
-- Name: core_estudio_profesional_id_aabfb7f9; Type: INDEX; Schema: public; Owner: postgres
--

CREATE INDEX core_estudio_profesional_id_aabfb7f9 ON public.core_estudio USING btree (profesional_id);


--
-- Name: core_estudio_ucreacion_id_6b93fc55; Type: INDEX; Schema: public; Owner: postgres
--

CREATE INDEX core_estudio_ucreacion_id_6b93fc55 ON public.core_estudio USING btree (ucreacion_id);


--
-- Name: core_grupoarea_area_d079c702_like; Type: INDEX; Schema: public; Owner: postgres
--

CREATE INDEX core_grupoarea_area_d079c702_like ON public.core_grupoarea USING btree (area varchar_pattern_ops);


--
-- Name: core_grupoarea_codigo_6b35c788_like; Type: INDEX; Schema: public; Owner: postgres
--

CREATE INDEX core_grupoarea_codigo_6b35c788_like ON public.core_grupoarea USING btree (codigo varchar_pattern_ops);


--
-- Name: core_grupoarea_ucreacion_id_8b0c210e; Type: INDEX; Schema: public; Owner: postgres
--

CREATE INDEX core_grupoarea_ucreacion_id_8b0c210e ON public.core_grupoarea USING btree (ucreacion_id);


--
-- Name: core_grupoestudio_codigo_3869c1b0_like; Type: INDEX; Schema: public; Owner: postgres
--

CREATE INDEX core_grupoestudio_codigo_3869c1b0_like ON public.core_grupoestudio USING btree (codigo varchar_pattern_ops);


--
-- Name: core_grupoestudio_grupoEstudio_3292734f_like; Type: INDEX; Schema: public; Owner: postgres
--

CREATE INDEX "core_grupoestudio_grupoEstudio_3292734f_like" ON public.core_grupoestudio USING btree ("grupoEstudio" varchar_pattern_ops);


--
-- Name: core_grupoestudio_ucreacion_id_fd29b041; Type: INDEX; Schema: public; Owner: postgres
--

CREATE INDEX core_grupoestudio_ucreacion_id_fd29b041 ON public.core_grupoestudio USING btree (ucreacion_id);


--
-- Name: core_historicalplanilla_categoria_id_079cc66a; Type: INDEX; Schema: public; Owner: postgres
--

CREATE INDEX core_historicalplanilla_categoria_id_079cc66a ON public.core_historicalplanilla USING btree (categoria_id);


--
-- Name: core_historicalplanilla_history_date_68532ead; Type: INDEX; Schema: public; Owner: postgres
--

CREATE INDEX core_historicalplanilla_history_date_68532ead ON public.core_historicalplanilla USING btree (history_date);


--
-- Name: core_historicalplanilla_history_user_id_5b10343e; Type: INDEX; Schema: public; Owner: postgres
--

CREATE INDEX core_historicalplanilla_history_user_id_5b10343e ON public.core_historicalplanilla USING btree (history_user_id);


--
-- Name: core_historicalplanilla_id_d29e3996; Type: INDEX; Schema: public; Owner: postgres
--

CREATE INDEX core_historicalplanilla_id_d29e3996 ON public.core_historicalplanilla USING btree (id);


--
-- Name: core_historicalplanilla_turno_id_d64ed2a7; Type: INDEX; Schema: public; Owner: postgres
--

CREATE INDEX core_historicalplanilla_turno_id_d64ed2a7 ON public.core_historicalplanilla USING btree (turno_id);


--
-- Name: core_historicalplanilla_ucreacion_id_aeca98e6; Type: INDEX; Schema: public; Owner: postgres
--

CREATE INDEX core_historicalplanilla_ucreacion_id_aeca98e6 ON public.core_historicalplanilla USING btree (ucreacion_id);


--
-- Name: core_historicaltupla_estudio_id_dd8bbd08; Type: INDEX; Schema: public; Owner: postgres
--

CREATE INDEX core_historicaltupla_estudio_id_dd8bbd08 ON public.core_historicaltupla USING btree (estudio_id);


--
-- Name: core_historicaltupla_grupoArea_id_b8fa569d; Type: INDEX; Schema: public; Owner: postgres
--

CREATE INDEX "core_historicaltupla_grupoArea_id_b8fa569d" ON public.core_historicaltupla USING btree ("grupoArea_id");


--
-- Name: core_historicaltupla_history_date_1d526964; Type: INDEX; Schema: public; Owner: postgres
--

CREATE INDEX core_historicaltupla_history_date_1d526964 ON public.core_historicaltupla USING btree (history_date);


--
-- Name: core_historicaltupla_history_user_id_1e82b7fa; Type: INDEX; Schema: public; Owner: postgres
--

CREATE INDEX core_historicaltupla_history_user_id_1e82b7fa ON public.core_historicaltupla USING btree (history_user_id);


--
-- Name: core_historicaltupla_id_5e343664; Type: INDEX; Schema: public; Owner: postgres
--

CREATE INDEX core_historicaltupla_id_5e343664 ON public.core_historicaltupla USING btree (id);


--
-- Name: core_historicaltupla_planilla_id_d9fd4355; Type: INDEX; Schema: public; Owner: postgres
--

CREATE INDEX core_historicaltupla_planilla_id_d9fd4355 ON public.core_historicaltupla USING btree (planilla_id);


--
-- Name: core_historicaltupla_ucreacion_id_cf150982; Type: INDEX; Schema: public; Owner: postgres
--

CREATE INDEX core_historicaltupla_ucreacion_id_cf150982 ON public.core_historicaltupla USING btree (ucreacion_id);


--
-- Name: core_pacientecritico_nombre_0aa0d5db_like; Type: INDEX; Schema: public; Owner: postgres
--

CREATE INDEX core_pacientecritico_nombre_0aa0d5db_like ON public.core_pacientecritico USING btree (nombre varchar_pattern_ops);


--
-- Name: core_pacientecritico_ucreacion_id_4c7695ec; Type: INDEX; Schema: public; Owner: postgres
--

CREATE INDEX core_pacientecritico_ucreacion_id_4c7695ec ON public.core_pacientecritico USING btree (ucreacion_id);


--
-- Name: core_planilla_categoria_id_8352ee49; Type: INDEX; Schema: public; Owner: postgres
--

CREATE INDEX core_planilla_categoria_id_8352ee49 ON public.core_planilla USING btree (categoria_id);


--
-- Name: core_planilla_turno_id_4bde9a94; Type: INDEX; Schema: public; Owner: postgres
--

CREATE INDEX core_planilla_turno_id_4bde9a94 ON public.core_planilla USING btree (turno_id);


--
-- Name: core_planilla_ucreacion_id_ac0257c7; Type: INDEX; Schema: public; Owner: postgres
--

CREATE INDEX core_planilla_ucreacion_id_ac0257c7 ON public.core_planilla USING btree (ucreacion_id);


--
-- Name: core_planillafooter_pacientesCriticos_id_4fe0ea2e; Type: INDEX; Schema: public; Owner: postgres
--

CREATE INDEX "core_planillafooter_pacientesCriticos_id_4fe0ea2e" ON public.core_planillafooter USING btree ("pacientesCriticos_id");


--
-- Name: core_planillafooter_planilla_id_be3526f3; Type: INDEX; Schema: public; Owner: postgres
--

CREATE INDEX core_planillafooter_planilla_id_be3526f3 ON public.core_planillafooter USING btree (planilla_id);


--
-- Name: core_planillafooter_ucreacion_id_5bf24539; Type: INDEX; Schema: public; Owner: postgres
--

CREATE INDEX core_planillafooter_ucreacion_id_5bf24539 ON public.core_planillafooter USING btree (ucreacion_id);


--
-- Name: core_profesional_cargo_9b8e8e76_like; Type: INDEX; Schema: public; Owner: postgres
--

CREATE INDEX core_profesional_cargo_9b8e8e76_like ON public.core_profesional USING btree (cargo varchar_pattern_ops);


--
-- Name: core_profesional_nombre_70536039_like; Type: INDEX; Schema: public; Owner: postgres
--

CREATE INDEX core_profesional_nombre_70536039_like ON public.core_profesional USING btree (nombre varchar_pattern_ops);


--
-- Name: core_profesional_ucreacion_id_14de9215; Type: INDEX; Schema: public; Owner: postgres
--

CREATE INDEX core_profesional_ucreacion_id_14de9215 ON public.core_profesional USING btree (ucreacion_id);


--
-- Name: core_tupla_estudio_id_cdaef530; Type: INDEX; Schema: public; Owner: postgres
--

CREATE INDEX core_tupla_estudio_id_cdaef530 ON public.core_tupla USING btree (estudio_id);


--
-- Name: core_tupla_grupoArea_id_63a58fe3; Type: INDEX; Schema: public; Owner: postgres
--

CREATE INDEX "core_tupla_grupoArea_id_63a58fe3" ON public.core_tupla USING btree ("grupoArea_id");


--
-- Name: core_tupla_planilla_id_86c96b4e; Type: INDEX; Schema: public; Owner: postgres
--

CREATE INDEX core_tupla_planilla_id_86c96b4e ON public.core_tupla USING btree (planilla_id);


--
-- Name: core_tupla_ucreacion_id_d18f73d1; Type: INDEX; Schema: public; Owner: postgres
--

CREATE INDEX core_tupla_ucreacion_id_d18f73d1 ON public.core_tupla USING btree (ucreacion_id);


--
-- Name: core_turno_codigo_5335925b_like; Type: INDEX; Schema: public; Owner: postgres
--

CREATE INDEX core_turno_codigo_5335925b_like ON public.core_turno USING btree (codigo varchar_pattern_ops);


--
-- Name: core_turno_turno_06600223_like; Type: INDEX; Schema: public; Owner: postgres
--

CREATE INDEX core_turno_turno_06600223_like ON public.core_turno USING btree (turno varchar_pattern_ops);


--
-- Name: core_turno_ucreacion_id_0982b89d; Type: INDEX; Schema: public; Owner: postgres
--

CREATE INDEX core_turno_ucreacion_id_0982b89d ON public.core_turno USING btree (ucreacion_id);


--
-- Name: django_admin_log_content_type_id_c4bce8eb; Type: INDEX; Schema: public; Owner: postgres
--

CREATE INDEX django_admin_log_content_type_id_c4bce8eb ON public.django_admin_log USING btree (content_type_id);


--
-- Name: django_admin_log_user_id_c564eba6; Type: INDEX; Schema: public; Owner: postgres
--

CREATE INDEX django_admin_log_user_id_c564eba6 ON public.django_admin_log USING btree (user_id);


--
-- Name: django_session_expire_date_a5c62663; Type: INDEX; Schema: public; Owner: postgres
--

CREATE INDEX django_session_expire_date_a5c62663 ON public.django_session USING btree (expire_date);


--
-- Name: django_session_session_key_c0390e0f_like; Type: INDEX; Schema: public; Owner: postgres
--

CREATE INDEX django_session_session_key_c0390e0f_like ON public.django_session USING btree (session_key varchar_pattern_ops);


--
-- Name: auth_group_permissions auth_group_permissio_permission_id_84c5c92e_fk_auth_perm; Type: FK CONSTRAINT; Schema: public; Owner: postgres
--

ALTER TABLE ONLY public.auth_group_permissions
    ADD CONSTRAINT auth_group_permissio_permission_id_84c5c92e_fk_auth_perm FOREIGN KEY (permission_id) REFERENCES public.auth_permission(id) DEFERRABLE INITIALLY DEFERRED;


--
-- Name: auth_group_permissions auth_group_permissions_group_id_b120cbf9_fk_auth_group_id; Type: FK CONSTRAINT; Schema: public; Owner: postgres
--

ALTER TABLE ONLY public.auth_group_permissions
    ADD CONSTRAINT auth_group_permissions_group_id_b120cbf9_fk_auth_group_id FOREIGN KEY (group_id) REFERENCES public.auth_group(id) DEFERRABLE INITIALLY DEFERRED;


--
-- Name: auth_permission auth_permission_content_type_id_2f476e4b_fk_django_co; Type: FK CONSTRAINT; Schema: public; Owner: postgres
--

ALTER TABLE ONLY public.auth_permission
    ADD CONSTRAINT auth_permission_content_type_id_2f476e4b_fk_django_co FOREIGN KEY (content_type_id) REFERENCES public.django_content_type(id) DEFERRABLE INITIALLY DEFERRED;


--
-- Name: auth_user_groups auth_user_groups_group_id_97559544_fk_auth_group_id; Type: FK CONSTRAINT; Schema: public; Owner: postgres
--

ALTER TABLE ONLY public.auth_user_groups
    ADD CONSTRAINT auth_user_groups_group_id_97559544_fk_auth_group_id FOREIGN KEY (group_id) REFERENCES public.auth_group(id) DEFERRABLE INITIALLY DEFERRED;


--
-- Name: auth_user_groups auth_user_groups_user_id_6a12ed8b_fk_auth_user_id; Type: FK CONSTRAINT; Schema: public; Owner: postgres
--

ALTER TABLE ONLY public.auth_user_groups
    ADD CONSTRAINT auth_user_groups_user_id_6a12ed8b_fk_auth_user_id FOREIGN KEY (user_id) REFERENCES public.auth_user(id) DEFERRABLE INITIALLY DEFERRED;


--
-- Name: auth_user_user_permissions auth_user_user_permi_permission_id_1fbb5f2c_fk_auth_perm; Type: FK CONSTRAINT; Schema: public; Owner: postgres
--

ALTER TABLE ONLY public.auth_user_user_permissions
    ADD CONSTRAINT auth_user_user_permi_permission_id_1fbb5f2c_fk_auth_perm FOREIGN KEY (permission_id) REFERENCES public.auth_permission(id) DEFERRABLE INITIALLY DEFERRED;


--
-- Name: auth_user_user_permissions auth_user_user_permissions_user_id_a95ead1b_fk_auth_user_id; Type: FK CONSTRAINT; Schema: public; Owner: postgres
--

ALTER TABLE ONLY public.auth_user_user_permissions
    ADD CONSTRAINT auth_user_user_permissions_user_id_a95ead1b_fk_auth_user_id FOREIGN KEY (user_id) REFERENCES public.auth_user(id) DEFERRABLE INITIALLY DEFERRED;


--
-- Name: core_categoria core_categoria_ucreacion_id_70215e52_fk_auth_user_id; Type: FK CONSTRAINT; Schema: public; Owner: postgres
--

ALTER TABLE ONLY public.core_categoria
    ADD CONSTRAINT core_categoria_ucreacion_id_70215e52_fk_auth_user_id FOREIGN KEY (ucreacion_id) REFERENCES public.auth_user(id) DEFERRABLE INITIALLY DEFERRED;


--
-- Name: core_estudio core_estudio_grupoEstudio_id_eceb4b0a_fk_core_grupoestudio_id; Type: FK CONSTRAINT; Schema: public; Owner: postgres
--

ALTER TABLE ONLY public.core_estudio
    ADD CONSTRAINT "core_estudio_grupoEstudio_id_eceb4b0a_fk_core_grupoestudio_id" FOREIGN KEY ("grupoEstudio_id") REFERENCES public.core_grupoestudio(id) DEFERRABLE INITIALLY DEFERRED;


--
-- Name: core_estudio core_estudio_profesional_id_aabfb7f9_fk_core_profesional_id; Type: FK CONSTRAINT; Schema: public; Owner: postgres
--

ALTER TABLE ONLY public.core_estudio
    ADD CONSTRAINT core_estudio_profesional_id_aabfb7f9_fk_core_profesional_id FOREIGN KEY (profesional_id) REFERENCES public.core_profesional(id) DEFERRABLE INITIALLY DEFERRED;


--
-- Name: core_estudio core_estudio_ucreacion_id_6b93fc55_fk_auth_user_id; Type: FK CONSTRAINT; Schema: public; Owner: postgres
--

ALTER TABLE ONLY public.core_estudio
    ADD CONSTRAINT core_estudio_ucreacion_id_6b93fc55_fk_auth_user_id FOREIGN KEY (ucreacion_id) REFERENCES public.auth_user(id) DEFERRABLE INITIALLY DEFERRED;


--
-- Name: core_grupoarea core_grupoarea_ucreacion_id_8b0c210e_fk_auth_user_id; Type: FK CONSTRAINT; Schema: public; Owner: postgres
--

ALTER TABLE ONLY public.core_grupoarea
    ADD CONSTRAINT core_grupoarea_ucreacion_id_8b0c210e_fk_auth_user_id FOREIGN KEY (ucreacion_id) REFERENCES public.auth_user(id) DEFERRABLE INITIALLY DEFERRED;


--
-- Name: core_grupoestudio core_grupoestudio_ucreacion_id_fd29b041_fk_auth_user_id; Type: FK CONSTRAINT; Schema: public; Owner: postgres
--

ALTER TABLE ONLY public.core_grupoestudio
    ADD CONSTRAINT core_grupoestudio_ucreacion_id_fd29b041_fk_auth_user_id FOREIGN KEY (ucreacion_id) REFERENCES public.auth_user(id) DEFERRABLE INITIALLY DEFERRED;


--
-- Name: core_historicalplanilla core_historicalplani_history_user_id_5b10343e_fk_auth_user; Type: FK CONSTRAINT; Schema: public; Owner: postgres
--

ALTER TABLE ONLY public.core_historicalplanilla
    ADD CONSTRAINT core_historicalplani_history_user_id_5b10343e_fk_auth_user FOREIGN KEY (history_user_id) REFERENCES public.auth_user(id) DEFERRABLE INITIALLY DEFERRED;


--
-- Name: core_historicaltupla core_historicaltupla_history_user_id_1e82b7fa_fk_auth_user_id; Type: FK CONSTRAINT; Schema: public; Owner: postgres
--

ALTER TABLE ONLY public.core_historicaltupla
    ADD CONSTRAINT core_historicaltupla_history_user_id_1e82b7fa_fk_auth_user_id FOREIGN KEY (history_user_id) REFERENCES public.auth_user(id) DEFERRABLE INITIALLY DEFERRED;


--
-- Name: core_pacientecritico core_pacientecritico_ucreacion_id_4c7695ec_fk_auth_user_id; Type: FK CONSTRAINT; Schema: public; Owner: postgres
--

ALTER TABLE ONLY public.core_pacientecritico
    ADD CONSTRAINT core_pacientecritico_ucreacion_id_4c7695ec_fk_auth_user_id FOREIGN KEY (ucreacion_id) REFERENCES public.auth_user(id) DEFERRABLE INITIALLY DEFERRED;


--
-- Name: core_planilla core_planilla_categoria_id_8352ee49_fk_core_categoria_id; Type: FK CONSTRAINT; Schema: public; Owner: postgres
--

ALTER TABLE ONLY public.core_planilla
    ADD CONSTRAINT core_planilla_categoria_id_8352ee49_fk_core_categoria_id FOREIGN KEY (categoria_id) REFERENCES public.core_categoria(id) DEFERRABLE INITIALLY DEFERRED;


--
-- Name: core_planilla core_planilla_turno_id_4bde9a94_fk_core_turno_id; Type: FK CONSTRAINT; Schema: public; Owner: postgres
--

ALTER TABLE ONLY public.core_planilla
    ADD CONSTRAINT core_planilla_turno_id_4bde9a94_fk_core_turno_id FOREIGN KEY (turno_id) REFERENCES public.core_turno(id) DEFERRABLE INITIALLY DEFERRED;


--
-- Name: core_planilla core_planilla_ucreacion_id_ac0257c7_fk_auth_user_id; Type: FK CONSTRAINT; Schema: public; Owner: postgres
--

ALTER TABLE ONLY public.core_planilla
    ADD CONSTRAINT core_planilla_ucreacion_id_ac0257c7_fk_auth_user_id FOREIGN KEY (ucreacion_id) REFERENCES public.auth_user(id) DEFERRABLE INITIALLY DEFERRED;


--
-- Name: core_planillafooter core_planillafooter_pacientesCriticos_id_4fe0ea2e_fk_core_paci; Type: FK CONSTRAINT; Schema: public; Owner: postgres
--

ALTER TABLE ONLY public.core_planillafooter
    ADD CONSTRAINT "core_planillafooter_pacientesCriticos_id_4fe0ea2e_fk_core_paci" FOREIGN KEY ("pacientesCriticos_id") REFERENCES public.core_pacientecritico(id) DEFERRABLE INITIALLY DEFERRED;


--
-- Name: core_planillafooter core_planillafooter_planilla_id_be3526f3_fk_core_planilla_id; Type: FK CONSTRAINT; Schema: public; Owner: postgres
--

ALTER TABLE ONLY public.core_planillafooter
    ADD CONSTRAINT core_planillafooter_planilla_id_be3526f3_fk_core_planilla_id FOREIGN KEY (planilla_id) REFERENCES public.core_planilla(id) DEFERRABLE INITIALLY DEFERRED;


--
-- Name: core_planillafooter core_planillafooter_ucreacion_id_5bf24539_fk_auth_user_id; Type: FK CONSTRAINT; Schema: public; Owner: postgres
--

ALTER TABLE ONLY public.core_planillafooter
    ADD CONSTRAINT core_planillafooter_ucreacion_id_5bf24539_fk_auth_user_id FOREIGN KEY (ucreacion_id) REFERENCES public.auth_user(id) DEFERRABLE INITIALLY DEFERRED;


--
-- Name: core_profesional core_profesional_ucreacion_id_14de9215_fk_auth_user_id; Type: FK CONSTRAINT; Schema: public; Owner: postgres
--

ALTER TABLE ONLY public.core_profesional
    ADD CONSTRAINT core_profesional_ucreacion_id_14de9215_fk_auth_user_id FOREIGN KEY (ucreacion_id) REFERENCES public.auth_user(id) DEFERRABLE INITIALLY DEFERRED;


--
-- Name: core_tupla core_tupla_estudio_id_cdaef530_fk_core_estudio_id; Type: FK CONSTRAINT; Schema: public; Owner: postgres
--

ALTER TABLE ONLY public.core_tupla
    ADD CONSTRAINT core_tupla_estudio_id_cdaef530_fk_core_estudio_id FOREIGN KEY (estudio_id) REFERENCES public.core_estudio(id) DEFERRABLE INITIALLY DEFERRED;


--
-- Name: core_tupla core_tupla_grupoArea_id_63a58fe3_fk_core_grupoarea_id; Type: FK CONSTRAINT; Schema: public; Owner: postgres
--

ALTER TABLE ONLY public.core_tupla
    ADD CONSTRAINT "core_tupla_grupoArea_id_63a58fe3_fk_core_grupoarea_id" FOREIGN KEY ("grupoArea_id") REFERENCES public.core_grupoarea(id) DEFERRABLE INITIALLY DEFERRED;


--
-- Name: core_tupla core_tupla_planilla_id_86c96b4e_fk_core_planilla_id; Type: FK CONSTRAINT; Schema: public; Owner: postgres
--

ALTER TABLE ONLY public.core_tupla
    ADD CONSTRAINT core_tupla_planilla_id_86c96b4e_fk_core_planilla_id FOREIGN KEY (planilla_id) REFERENCES public.core_planilla(id) DEFERRABLE INITIALLY DEFERRED;


--
-- Name: core_tupla core_tupla_ucreacion_id_d18f73d1_fk_auth_user_id; Type: FK CONSTRAINT; Schema: public; Owner: postgres
--

ALTER TABLE ONLY public.core_tupla
    ADD CONSTRAINT core_tupla_ucreacion_id_d18f73d1_fk_auth_user_id FOREIGN KEY (ucreacion_id) REFERENCES public.auth_user(id) DEFERRABLE INITIALLY DEFERRED;


--
-- Name: core_turno core_turno_ucreacion_id_0982b89d_fk_auth_user_id; Type: FK CONSTRAINT; Schema: public; Owner: postgres
--

ALTER TABLE ONLY public.core_turno
    ADD CONSTRAINT core_turno_ucreacion_id_0982b89d_fk_auth_user_id FOREIGN KEY (ucreacion_id) REFERENCES public.auth_user(id) DEFERRABLE INITIALLY DEFERRED;


--
-- Name: django_admin_log django_admin_log_content_type_id_c4bce8eb_fk_django_co; Type: FK CONSTRAINT; Schema: public; Owner: postgres
--

ALTER TABLE ONLY public.django_admin_log
    ADD CONSTRAINT django_admin_log_content_type_id_c4bce8eb_fk_django_co FOREIGN KEY (content_type_id) REFERENCES public.django_content_type(id) DEFERRABLE INITIALLY DEFERRED;


--
-- Name: django_admin_log django_admin_log_user_id_c564eba6_fk_auth_user_id; Type: FK CONSTRAINT; Schema: public; Owner: postgres
--

ALTER TABLE ONLY public.django_admin_log
    ADD CONSTRAINT django_admin_log_user_id_c564eba6_fk_auth_user_id FOREIGN KEY (user_id) REFERENCES public.auth_user(id) DEFERRABLE INITIALLY DEFERRED;


--
-- PostgreSQL database dump complete
--

