-- phpMyAdmin SQL Dump
-- version 5.0.2
-- https://www.phpmyadmin.net/
--
-- Servidor: 127.0.0.1
-- Tiempo de generación: 30-12-2020 a las 01:15:12
-- Versión del servidor: 10.4.14-MariaDB
-- Versión de PHP: 7.4.9

SET SQL_MODE = "NO_AUTO_VALUE_ON_ZERO";
START TRANSACTION;
SET time_zone = "+00:00";


/*!40101 SET @OLD_CHARACTER_SET_CLIENT=@@CHARACTER_SET_CLIENT */;
/*!40101 SET @OLD_CHARACTER_SET_RESULTS=@@CHARACTER_SET_RESULTS */;
/*!40101 SET @OLD_COLLATION_CONNECTION=@@COLLATION_CONNECTION */;
/*!40101 SET NAMES utf8mb4 */;

--
-- Base de datos: `ufim2`
--

-- --------------------------------------------------------

--
-- Estructura de tabla para la tabla `alumnos`
--

CREATE TABLE `alumnos` (
  `id` bigint(20) UNSIGNED NOT NULL,
  `nombre` varchar(80) NOT NULL,
  `apellido_paterno` varchar(60) NOT NULL,
  `apellido_materno` varchar(60) NOT NULL,
  `sexo` varchar(1) NOT NULL,
  `fecha_nacimiento` date DEFAULT NULL,
  `correo_electronico` varchar(35) DEFAULT NULL,
  `telefono` bigint(10) DEFAULT NULL,
  `curp` varchar(18) NOT NULL,
  `matricula` varchar(50) DEFAULT NULL,
  `usuario` varchar(35) DEFAULT NULL,
  `contrasena` varchar(255) DEFAULT NULL
) ENGINE=InnoDB DEFAULT CHARSET=utf8;

--
-- Volcado de datos para la tabla `alumnos`
--

INSERT INTO `alumnos` (`id`, `nombre`, `apellido_paterno`, `apellido_materno`, `sexo`, `fecha_nacimiento`, `correo_electronico`, `telefono`, `curp`, `matricula`, `usuario`, `contrasena`) VALUES
(1, 'AZUCENA', 'ANTONIO', 'LEON', 'M', NULL, NULL, NULL, 'ABC1', NULL, NULL, NULL),
(2, 'ARELY YAZMIN', 'INFANTE', 'GONZALEZ', 'M', NULL, NULL, NULL, 'ABC10', NULL, NULL, NULL),
(3, 'GIOVANA MICHELL ', 'HERRERA ', 'ZAMORA', 'M', NULL, NULL, NULL, 'ABC100', NULL, NULL, NULL),
(4, 'EDUARDO ', 'CERVANTES ', 'HERNÁNDEZ', 'H', NULL, NULL, NULL, 'ABC101', NULL, NULL, NULL),
(5, 'PABLO ORLANDO ', 'PELCASTRE ', 'MONROY', 'H', NULL, NULL, NULL, 'ABC102', NULL, NULL, NULL),
(6, 'MELITON ', 'GUERRERO ', 'PEÑA', 'H', NULL, NULL, NULL, 'ABC103', NULL, NULL, NULL),
(7, 'SERGIO NATHANAEL ', 'MARTINEZ ', 'MARTINEZ', 'H', NULL, NULL, NULL, 'ABC104', NULL, NULL, NULL),
(8, 'NOEMI ', 'BARRERA ', 'VAZQUEZ', 'M', NULL, NULL, NULL, 'ABC105', NULL, NULL, NULL),
(9, 'LESLY ', 'YERBAFRIA', 'RAFAEL', 'M', NULL, NULL, NULL, 'ABC106', NULL, NULL, NULL),
(10, 'DANIEL ', 'PÉREZ', 'BALTAZAR', 'H', NULL, NULL, NULL, 'ABC107', NULL, NULL, NULL),
(11, 'ALONDRA ', 'ALCANTARA', 'HERNANDEZ', 'M', NULL, NULL, NULL, 'ABC108', NULL, NULL, NULL),
(12, 'ERICK AGUIPEG ', 'GRANADOS', 'AGUILAR', 'H', NULL, NULL, NULL, 'ABC109', NULL, NULL, NULL),
(13, 'AYTON ALDAIR', 'LEONARDO', 'IBARRA', 'H', NULL, NULL, NULL, 'ABC11', NULL, NULL, NULL),
(14, 'LIZETH XIMENA ', 'ORTEGA ', 'SANTIAGO', 'M', NULL, NULL, NULL, 'ABC110', NULL, NULL, NULL),
(15, 'CASSANDRA GERALDINE ', 'FABELA', 'MARTINEZ', 'M', NULL, NULL, NULL, 'ABC111', NULL, NULL, NULL),
(16, 'BRENDA ARACELI ', 'SANTIAGO ', 'NÁJERA', 'M', NULL, NULL, NULL, 'ABC112', NULL, NULL, NULL),
(17, 'LYN JOHANA ', 'SALAS', 'MALDONADO', 'M', NULL, NULL, NULL, 'ABC113', NULL, NULL, NULL),
(18, 'MIGUEL ANGEL ', 'EUSEBIO', 'DIAZ', 'H', NULL, NULL, NULL, 'ABC114', NULL, NULL, NULL),
(19, 'OSCAR IVÁN ', 'ACOSTA ', 'MARTÍNEZ', 'H', NULL, NULL, NULL, 'ABC115', NULL, NULL, NULL),
(20, 'ARMANDO ', 'CORONA ', 'MARTIN', 'H', NULL, NULL, NULL, 'ABC116', NULL, NULL, NULL),
(21, 'IRIS ADILENE ', 'MORENO ', 'CRUZ', 'M', NULL, NULL, NULL, 'ABC117', NULL, NULL, NULL),
(22, 'MARIA FERNANDA', 'TAPIA', 'GRANADOS', 'M', NULL, NULL, NULL, 'ABC118', NULL, NULL, NULL),
(23, 'ADRIAN', 'MENDOZA ', 'GARCIA', 'H', NULL, NULL, NULL, 'ABC119', NULL, NULL, NULL),
(24, 'ELVER', 'LOPEZ', 'HERNANDEZ', 'H', NULL, NULL, NULL, 'ABC12', NULL, NULL, NULL),
(25, 'ALAN ', 'GONZALES', 'OLGUIN', 'H', NULL, NULL, NULL, 'ABC120', NULL, NULL, NULL),
(26, 'OSVALDO', 'LOPEZ', 'CALVA', 'H', NULL, NULL, NULL, 'ABC121', NULL, NULL, NULL),
(27, 'CARLOS DANIEL ', 'CANTERA', 'MARTINEZ', 'H', NULL, NULL, NULL, 'ABC122', NULL, NULL, NULL),
(28, 'ALDAIR ', 'SANCHEZ', 'HERNANDEZ', 'H', NULL, NULL, NULL, 'ABC123', NULL, NULL, NULL),
(29, 'MARÍA GUADALUPE', 'RODRIGUEZ', 'RODRIGUEZ', 'M', NULL, NULL, NULL, 'ABC124', NULL, NULL, NULL),
(30, 'SERGIO EMANUEL ', 'HERNANDEZ', 'HERNANDEZ', 'H', NULL, NULL, NULL, 'ABC125', NULL, NULL, NULL),
(31, 'VICTOR MANUEL ', 'CORTES', 'TORRES', 'H', NULL, NULL, NULL, 'ABC126', NULL, NULL, NULL),
(32, 'JONATHAN FRANCISCO ', 'AZPEITIA', 'BAUTISTA', 'H', NULL, NULL, NULL, 'ABC127', NULL, NULL, NULL),
(33, 'CITLALLI VIANEY ', 'BARRERA ', 'GONZALEZ', 'M', NULL, NULL, NULL, 'ABC128', NULL, NULL, NULL),
(34, 'JORGE ARMANDO', 'LORENZO', 'BAUTISTA', 'H', NULL, NULL, NULL, 'ABC129', NULL, NULL, NULL),
(35, 'VICTOR MIGUEL', 'LOPEZ', 'CHAVARRIA', 'H', NULL, NULL, NULL, 'ABC13', NULL, NULL, NULL),
(36, 'JOANA SANTIAGO AVILES', 'SANTIAGO ', 'AVILES', 'M', NULL, NULL, NULL, 'ABC130', NULL, NULL, NULL),
(37, 'CHRISTOPHER ', 'MONROY', 'ALVARADO', 'H', NULL, NULL, NULL, 'ABC131', NULL, NULL, NULL),
(38, 'MARYSOL ', 'MEDINA', 'VIDAL', 'M', NULL, NULL, NULL, 'ABC132', NULL, NULL, NULL),
(39, 'MITZI ', 'HERNANDEZ', 'FALCON', 'M', NULL, NULL, NULL, 'ABC133', NULL, NULL, NULL),
(40, 'FRANCISCO ISRAEL ', 'NAVA', 'GARCIA', 'H', NULL, NULL, NULL, 'ABC134', NULL, NULL, NULL),
(41, 'AKETZALI ', 'AGUILAR ', 'TREJO', 'M', NULL, NULL, NULL, 'ABC135', NULL, NULL, NULL),
(42, 'JUAN ALAN ', 'LOPEZ', 'ZUÑIGA', 'H', NULL, NULL, NULL, 'ABC136', NULL, NULL, NULL),
(43, 'ISRAEL RIVERA MENDOZA', 'RIVERA', 'MENDOZA', 'H', NULL, NULL, NULL, 'ABC137', NULL, NULL, NULL),
(44, 'JANETT ', 'LOPEZ', 'MORALES', 'M', NULL, NULL, NULL, 'ABC138', NULL, NULL, NULL),
(45, 'ERICK DANIEL ', 'AZPEITIA', 'VILLEDA', 'H', NULL, NULL, NULL, 'ABC139', NULL, NULL, NULL),
(46, 'MARIA MONSERRAT', 'MADRIGAL', 'PLATA', 'M', NULL, NULL, NULL, 'ABC14', NULL, NULL, NULL),
(47, 'JAFET ', 'VAZQUEZ', 'OLVERA', 'H', NULL, NULL, NULL, 'ABC140', NULL, NULL, NULL),
(48, 'DIANA LAURA ', 'CORTES', 'MENDEZ', 'M', NULL, NULL, NULL, 'ABC141', NULL, NULL, NULL),
(49, 'WENDY ANAHI ', 'HERNANDEZ', 'GARCIA', 'M', NULL, NULL, NULL, 'ABC142', NULL, NULL, NULL),
(50, 'CESAR EVERARDO ', 'MORALES', 'OLVERA', 'H', NULL, NULL, NULL, 'ABC143', NULL, NULL, NULL),
(51, 'ENOC ', 'FIGUEROA', 'GONZALEZ', 'H', NULL, NULL, NULL, 'ABC144', NULL, NULL, NULL),
(52, 'JENNIFER ', 'MOCTEZUMA', 'LOPEZ', 'M', NULL, NULL, NULL, 'ABC145', NULL, NULL, NULL),
(53, 'ISMAEL ', 'GUERRERO', 'RAMIREZ', 'H', NULL, NULL, NULL, 'ABC146', NULL, NULL, NULL),
(54, 'SUHEYLI YOSELIN ', 'GARCIA', 'LORENZO', 'M', NULL, NULL, NULL, 'ABC147', NULL, NULL, NULL),
(55, 'ERIKA ITZEL ', 'AGUILAR', 'RAMIREZ', 'M', NULL, NULL, NULL, 'ABC148', NULL, NULL, NULL),
(56, 'DIANA LAURA ', 'JIMENEZ', 'SERRANO', 'M', NULL, NULL, NULL, 'ABC149', NULL, NULL, NULL),
(57, 'ALEXANDRA', 'MARTINEZ', 'HERNANDEZ', 'M', NULL, NULL, NULL, 'ABC15', NULL, NULL, NULL),
(58, 'ISIS YAMILETH ', 'CRUZ', 'HERNANDEZ', 'M', NULL, NULL, NULL, 'ABC150', NULL, NULL, NULL),
(59, 'FELIPE DE JESUS ', 'SANTILLAN', 'HERNANDEZ', 'H', NULL, NULL, NULL, 'ABC151', NULL, NULL, NULL),
(60, 'GIBRAN ', 'ZAMORA', 'JIMENEZ', 'H', NULL, NULL, NULL, 'ABC152', NULL, NULL, NULL),
(61, 'JONATAN MIGUEL ', 'VAZQUEZ', 'HERNANDEZ', 'H', NULL, NULL, NULL, 'ABC153', NULL, NULL, NULL),
(62, 'LAURA SUSANA ', 'GARCIA', 'PEREZ', 'M', NULL, NULL, NULL, 'ABC154', NULL, NULL, NULL),
(63, 'MARCO ANTONIO ', 'CAÑADA', 'HERNANDEZ', 'H', NULL, NULL, NULL, 'ABC155', NULL, NULL, NULL),
(64, 'ARON ALEJANDRO ', 'ANGELES', 'ESPARZA', 'H', NULL, NULL, NULL, 'ABC156', NULL, NULL, NULL),
(65, 'JOSUE ANGEL ', 'ZUÑIGA', 'MONROY', 'H', NULL, NULL, NULL, 'ABC157', NULL, NULL, NULL),
(66, 'JOSE RAFAEL ', 'CANO', 'ANGELES', 'H', NULL, NULL, NULL, 'ABC158', NULL, NULL, NULL),
(67, 'FRANCISCO URIEL', 'CARRILLO', 'GARCIA', 'H', NULL, NULL, NULL, 'ABC159', NULL, NULL, NULL),
(68, 'JOEL', 'MARTINEZ', 'HERNANDEZ', 'H', NULL, NULL, NULL, 'ABC16', NULL, NULL, NULL),
(69, 'JOSE FRANCISCO ', 'GARCIA', 'GOMEZ', 'H', NULL, NULL, NULL, 'ABC160', NULL, NULL, NULL),
(70, 'ALBERTO ', 'TORRES', 'NOGUEZ', 'H', NULL, NULL, NULL, 'ABC161', NULL, NULL, NULL),
(71, 'DANIELA ', 'HERNANDEZ', 'RODRIGUEZ', 'M', NULL, NULL, NULL, 'ABC162', NULL, NULL, NULL),
(72, 'GUADALUPE ', 'ZUÑIGA', 'APOLONIO', 'M', NULL, NULL, NULL, 'ABC163', NULL, NULL, NULL),
(73, 'ELIZABETH CITLALY ', 'GARCIA', 'ARTEAGA', 'M', NULL, NULL, NULL, 'ABC164', NULL, NULL, NULL),
(74, 'LUIS GUSTAVO ', 'MARTINEZ', 'BENITEZ', 'H', NULL, NULL, NULL, 'ABC165', NULL, NULL, NULL),
(75, 'LUIS ANGEL ', 'QUINTANILLA', 'DANIEL', 'H', NULL, NULL, NULL, 'ABC166', NULL, NULL, NULL),
(76, 'EDUARDO ', 'VAZQUEZ', 'MARTINEZ', 'H', NULL, NULL, NULL, 'ABC167', NULL, NULL, NULL),
(77, 'ARIADNE ', 'GASPAR', 'MONTERO', 'M', NULL, NULL, NULL, 'ABC168', NULL, NULL, NULL),
(78, 'ANDRES ', 'TELLEZ', 'JIMENEZ', 'H', NULL, NULL, NULL, 'ABC169', NULL, NULL, NULL),
(79, 'DAVID', 'MONROY', 'MARTINEZ', 'H', NULL, NULL, NULL, 'ABC17', NULL, NULL, NULL),
(80, 'JALIM OTILIO ', 'VERA', 'MORALES', 'H', NULL, NULL, NULL, 'ABC170', NULL, NULL, NULL),
(81, 'LUIS GUSTAVO ', 'GOMEZ', 'LOPEZ', 'H', NULL, NULL, NULL, 'ABC171', NULL, NULL, NULL),
(82, 'JOSE JUAN ', 'HERNANDEZ', 'HERNANDEZ', 'H', NULL, NULL, NULL, 'ABC172', NULL, NULL, NULL),
(83, 'FLOR ITZEL ', 'CERON', 'PEREZ', 'M', NULL, NULL, NULL, 'ABC173', NULL, NULL, NULL),
(84, 'LUIS ESTEBAN ', 'SANTIAGO', 'RODRIGUEZ', 'H', NULL, NULL, NULL, 'ABC174', NULL, NULL, NULL),
(85, 'Emanuel ', 'HERNANDEZ', 'BAUTISTA', 'H', NULL, NULL, NULL, 'ABC175', NULL, NULL, NULL),
(86, 'JESUS LEONARDO', 'GARCIA', 'RUIZ', 'H', NULL, NULL, NULL, 'ABC176', NULL, NULL, NULL),
(87, 'OMAR ISRAEL ', 'HERNANDEZ', 'CAMACHO', 'H', NULL, NULL, NULL, 'ABC177', NULL, NULL, NULL),
(88, 'IVAN ', 'ALAMILLA ', 'MENDOZA', 'H', NULL, NULL, NULL, 'ABC178', NULL, NULL, NULL),
(89, 'VICTOR ', 'PEREZ', 'BALTAZAR', 'H', NULL, NULL, NULL, 'ABC179', NULL, NULL, NULL),
(90, 'JESSICA MICHELE', 'OLIVA', 'HERNANDEZ', 'M', NULL, NULL, NULL, 'ABC18', NULL, NULL, NULL),
(91, 'HERSON ULISES ', 'ALVARADO', 'SOTO', 'H', NULL, NULL, NULL, 'ABC180', NULL, NULL, NULL),
(92, 'TANIA ', 'SERRANO ', 'HERNANDEZ', 'M', NULL, NULL, NULL, 'ABC181', NULL, NULL, NULL),
(93, 'SAID ELIAN ', 'DIMAS', 'NAVARRO', 'H', NULL, NULL, NULL, 'ABC182', NULL, NULL, NULL),
(94, 'ROBERTO ', 'SANTIAGO', 'ORDAZ', 'H', NULL, NULL, NULL, 'ABC183', NULL, NULL, NULL),
(95, 'DANAIR ', 'MARTINEZ', 'VILLEDA', 'H', NULL, NULL, NULL, 'ABC184', NULL, NULL, NULL),
(96, 'MONICA TAMARA ', 'MARQUEZ', 'HERNANDEZ', 'M', NULL, NULL, NULL, 'ABC185', NULL, NULL, NULL),
(97, 'ALEJANDRO SEBASTIAN ', 'SALAS', 'MATA', 'H', NULL, NULL, NULL, 'ABC186', NULL, NULL, NULL),
(98, 'CARLOS DANIEL ', 'MARTINEZ', 'SANCHEZ', 'H', NULL, NULL, NULL, 'ABC187', NULL, NULL, NULL),
(99, 'ORLANDO JOSUE', 'ESPINOSA', 'REYES', 'H', NULL, NULL, NULL, 'ABC188', NULL, NULL, NULL),
(100, 'BRENDA ZAYURI ', 'CRUZ', 'ALAMILLA', 'M', NULL, NULL, NULL, 'ABC189', NULL, NULL, NULL),
(101, 'ARIANA MONSERRAT', 'PEREZ', 'TORRES', 'M', NULL, NULL, NULL, 'ABC19', NULL, NULL, NULL),
(102, 'MISAEL ', 'SALAS', 'TAPIA', 'H', NULL, NULL, NULL, 'ABC190', NULL, NULL, NULL),
(103, 'ANDY KARIM ', 'JUAREZ', 'CRUZ', 'H', NULL, NULL, NULL, 'ABC191', NULL, NULL, NULL),
(104, 'ANGEL ', 'SANTIAGO', 'GARCIA', 'H', NULL, NULL, NULL, 'ABC192', NULL, NULL, NULL),
(105, 'SAUL ', 'MEJIA', 'BARRERA', 'H', NULL, NULL, NULL, 'ABC193', NULL, NULL, NULL),
(106, 'ALONDRA ', 'ZUIGA', 'ZUÑIGA', 'M', NULL, NULL, NULL, 'ABC194', NULL, NULL, NULL),
(107, 'Edwin ', 'RAMOS', 'GRANADOS', 'H', NULL, NULL, NULL, 'ABC195', NULL, NULL, NULL),
(108, 'HASLEY MELISSA', 'AYALA', 'CORTES', 'M', NULL, NULL, NULL, 'ABC196', NULL, NULL, NULL),
(109, 'PERLA SARAHI ', 'MORALES', 'ALAMEDA', 'M', NULL, NULL, NULL, 'ABC197', NULL, NULL, NULL),
(110, 'ARLETTE MICHELLE', 'SILVA', 'PEREZ', 'M', NULL, NULL, NULL, 'ABC198', NULL, NULL, NULL),
(111, 'ADAIR ', 'PEREZ', 'VILLEDA', 'H', NULL, NULL, NULL, 'ABC199', NULL, NULL, NULL),
(112, 'CESAR', 'CRUZ', 'LOPEZ', 'H', NULL, NULL, NULL, 'ABC2', NULL, NULL, NULL),
(113, 'VICTOR ALEXIS', 'REYES', 'VILLEDA', 'H', NULL, NULL, NULL, 'ABC20', NULL, NULL, NULL),
(114, 'HIRAM YADZAEL ', 'VARGAS', 'CHALICO', 'H', NULL, NULL, NULL, 'ABC200', NULL, NULL, NULL),
(115, 'PABLO FRANCISCO ', 'OLVERA', 'ZAMARRIPA', 'H', NULL, NULL, NULL, 'ABC201', NULL, NULL, NULL),
(116, 'ALEXIS ', 'SANCHEZ', 'ANGELES', 'H', NULL, NULL, NULL, 'ABC202', NULL, NULL, NULL),
(117, 'KARLA ', 'PEREZ', 'BRAVO', 'M', NULL, NULL, NULL, 'ABC203', NULL, NULL, NULL),
(118, 'Jennifer Aidee', 'GARCIA', 'X', 'M', NULL, NULL, NULL, 'ABC204', NULL, NULL, NULL),
(119, 'ROBERTO', 'OROZCO', 'BAUTISTA', 'H', NULL, NULL, NULL, 'ABC205', NULL, NULL, NULL),
(120, 'ANTONIO JEHU TADEO ', 'GUTIERREZ ', 'ALVAREZ', 'H', NULL, NULL, NULL, 'ABC206', NULL, NULL, NULL),
(121, 'NESTOR ANTONIO', 'PEÑA', 'MEJIA', 'H', NULL, NULL, NULL, 'ABC207', NULL, NULL, NULL),
(122, 'DANIEL', 'REYNA', 'MARTIN', 'H', NULL, NULL, NULL, 'ABC21', NULL, NULL, NULL),
(123, 'BRANDON JESUS', 'SERRANO', 'LOPEZ', 'H', NULL, NULL, NULL, 'ABC22', NULL, NULL, NULL),
(124, 'AXEL YAZURI', 'VAZQUEZ', 'HERNANDEZ', 'H', NULL, NULL, NULL, 'ABC23', NULL, NULL, NULL),
(125, 'CRISTIAN ALEJANDRO', 'ZARCO', 'GARCIA', 'H', NULL, NULL, NULL, 'ABC24', NULL, NULL, NULL),
(126, 'DAYRON RAMSES', 'AGUILAR', 'BARRERA', 'H', NULL, NULL, NULL, 'ABC25', NULL, NULL, NULL),
(127, 'LESLY MONSERRATH', 'ALAMILLA', 'ALVAREZ', 'M', NULL, NULL, NULL, 'ABC26', NULL, NULL, NULL),
(128, 'ULISES', 'ALVITER', 'PEREZ', 'H', NULL, NULL, NULL, 'ABC27', NULL, NULL, NULL),
(129, 'YAEL', 'ANTONIO', 'MORALES', 'H', NULL, NULL, NULL, 'ABC28', NULL, NULL, NULL),
(130, 'AZENETH GUADALUPE', 'AZPEITIA', 'TAPIA', 'M', NULL, NULL, NULL, 'ABC29', NULL, NULL, NULL),
(131, 'DANIEL', 'GARCIA', 'FLORENTINO', 'H', NULL, NULL, NULL, 'ABC3', NULL, NULL, NULL),
(132, 'BRANDON EZAEL', 'CRUZ', 'TORRES', 'H', NULL, NULL, NULL, 'ABC30', NULL, NULL, NULL),
(133, 'JESUS EDUARDO', 'ESCAMILLA', 'PEREZ', 'H', NULL, NULL, NULL, 'ABC31', NULL, NULL, NULL),
(134, 'ROSA MARIA', 'ESCAMILLA', 'RAVELO', 'M', NULL, NULL, NULL, 'ABC32', NULL, NULL, NULL),
(135, 'ERIC GUADALUPE', 'GALVEZ', 'MENDOZA', 'H', NULL, NULL, NULL, 'ABC33', NULL, NULL, NULL),
(136, 'DANIEL', 'GONZALEZ', 'VAZQUEZ', 'H', NULL, NULL, NULL, 'ABC34', NULL, NULL, NULL),
(137, 'ADRIANA', 'HERNANDEZ', 'JIMENEZ', 'M', NULL, NULL, NULL, 'ABC35', NULL, NULL, NULL),
(138, 'ANGEL GERMAN', 'HERNANDEZ', 'SANCHEZ', 'H', NULL, NULL, NULL, 'ABC36', NULL, NULL, NULL),
(139, 'ARMANDO', 'HERNANDEZ', 'CAMPOS', 'H', NULL, NULL, NULL, 'ABC37', NULL, NULL, NULL),
(140, 'CESAR EDUARDO', 'HERNANDEZ', 'BOTHO', 'H', NULL, NULL, NULL, 'ABC38', NULL, NULL, NULL),
(141, 'DANIELA', 'HERNANDEZ', 'MARTINEZ', 'M', NULL, NULL, NULL, 'ABC39', NULL, NULL, NULL),
(142, 'JHOAN SMITH', 'GARCIA', 'CONTRERAS', 'H', NULL, NULL, NULL, 'ABC4', NULL, NULL, NULL),
(143, 'LUIS ALEJANDRO', 'HERNANDEZ', 'GUZMAN', 'H', NULL, NULL, NULL, 'ABC40', NULL, NULL, NULL),
(144, 'LUIS ANGEL', 'HERNANDEZ', 'LOPEZ', 'H', NULL, NULL, NULL, 'ABC41', NULL, NULL, NULL),
(145, 'JAVIER VALENTIN', 'LOPEZ', 'TAPIA', 'H', NULL, NULL, NULL, 'ABC42', NULL, NULL, NULL),
(146, 'FERNANDO', 'LUGO', 'VAZQUEZ', 'H', NULL, NULL, NULL, 'ABC43', NULL, NULL, NULL),
(147, 'CITLALI', 'MARTINEZ', 'AGUILAR', 'M', NULL, NULL, NULL, 'ABC44', NULL, NULL, NULL),
(148, 'JOSE EDUARDO', 'MEJIA', 'MEJIA', 'H', NULL, NULL, NULL, 'ABC45', NULL, NULL, NULL),
(149, 'YOBANI', 'MEJIA', 'LOPEZ', 'H', NULL, NULL, NULL, 'ABC46', NULL, NULL, NULL),
(150, 'ANAHI CITLALLI', 'MOCTEZUMA', 'ALDANA', 'M', NULL, NULL, NULL, 'ABC47', NULL, NULL, NULL),
(151, 'MARIBEL', 'OMAñA', 'HERNANDEZ', 'M', NULL, NULL, NULL, 'ABC48', NULL, NULL, NULL),
(152, 'KEVIN ARAD', 'RESENDIZ', 'GARCIA', 'H', NULL, NULL, NULL, 'ABC49', NULL, NULL, NULL),
(153, 'ALINE YOANA', 'HERNANDEZ', 'LOPEZ', 'M', NULL, NULL, NULL, 'ABC5', NULL, NULL, NULL),
(154, 'RAUL', 'SOTO', 'ANGELES', 'H', NULL, NULL, NULL, 'ABC50', NULL, NULL, NULL),
(155, 'MANUEL', 'TREJO', 'HERNANDEZ', 'H', NULL, NULL, NULL, 'ABC51', NULL, NULL, NULL),
(156, 'MARTIN', 'VALENCIA', 'PEREZ', 'H', NULL, NULL, NULL, 'ABC52', NULL, NULL, NULL),
(157, 'ENRIQUE', 'ZUñIGA', 'LOPEZ', 'H', NULL, NULL, NULL, 'ABC53', NULL, NULL, NULL),
(158, 'MELISA', 'ALDANA', 'ALVARADO', 'M', NULL, NULL, NULL, 'ABC54', NULL, NULL, NULL),
(159, 'HEBERTH BENJAMIN', 'ALVAREZ', 'CORONA', 'H', NULL, NULL, NULL, 'ABC55', NULL, NULL, NULL),
(160, 'ALINE', 'ARTEAGA', 'CRUZ', 'M', NULL, NULL, NULL, 'ABC56', NULL, NULL, NULL),
(161, 'LIZZETTE', 'CASTRO', 'GONZALEZ', 'M', NULL, NULL, NULL, 'ABC57', NULL, NULL, NULL),
(162, 'AXEL DAVID', 'CERVANTES', 'PALOMINO', 'H', NULL, NULL, NULL, 'ABC58', NULL, NULL, NULL),
(163, 'FLECHER RAMON', 'CHAVEZ', 'PEÑA', 'H', NULL, NULL, NULL, 'ABC59', NULL, NULL, NULL),
(164, 'JOSE IGNACIO', 'HERNANDEZ', 'QUEZADA', 'H', NULL, NULL, NULL, 'ABC6', NULL, NULL, NULL),
(165, 'ENRIQUE', 'DIAZ', 'CRUZ', 'H', NULL, NULL, NULL, 'ABC60', NULL, NULL, NULL),
(166, 'PEDRO SAIT', 'ESTRADA', 'RODRIGUEZ', 'H', NULL, NULL, NULL, 'ABC61', NULL, NULL, NULL),
(167, 'PABLO', 'GOMEZ', 'REYES', 'H', NULL, NULL, NULL, 'ABC62', NULL, NULL, NULL),
(168, 'DULCE JARETH', 'GONZALEZ', 'PEREZ', 'M', NULL, NULL, NULL, 'ABC63', NULL, NULL, NULL),
(169, 'CARLOS ABAD', 'HERNANDEZ', 'LARRIETA', 'H', NULL, NULL, NULL, 'ABC64', NULL, NULL, NULL),
(170, 'JONATHAN', 'HERNANDEZ', 'GOMEZ', 'H', NULL, NULL, NULL, 'ABC65', NULL, NULL, NULL),
(171, 'MARIA CITLALI', 'HERNANDEZ', 'GARCIA', 'M', NULL, NULL, NULL, 'ABC66', NULL, NULL, NULL),
(172, 'ALDO BENJAMIN', 'IBARRA', 'MENDOZA', 'H', NULL, NULL, NULL, 'ABC67', NULL, NULL, NULL),
(173, 'JOSE GUSTAVO', 'JIMENEZ', 'CASILLAS', 'H', NULL, NULL, NULL, 'ABC68', NULL, NULL, NULL),
(174, 'AMEYALLI', 'LOPEZ', 'CALLEJAS', 'M', NULL, NULL, NULL, 'ABC69', NULL, NULL, NULL),
(175, 'MONTSERRAT', 'HERNANDEZ', 'ANASTASIO', 'M', NULL, NULL, NULL, 'ABC7', NULL, NULL, NULL),
(176, 'JOSE DAVID', 'MANZO', 'ROSAS', 'H', NULL, NULL, NULL, 'ABC70', NULL, NULL, NULL),
(177, 'RODRIGO', 'MARQUEZ', 'PEREZ', 'H', NULL, NULL, NULL, 'ABC71', NULL, NULL, NULL),
(178, 'OLGA', 'MARTINEZ', 'GUTIERREZ', 'M', NULL, NULL, NULL, 'ABC72', NULL, NULL, NULL),
(179, 'RENE', 'MEJIA', 'GARCIA', 'H', NULL, NULL, NULL, 'ABC73', NULL, NULL, NULL),
(180, 'ALAN', 'MEZA', 'RANGEL', 'H', NULL, NULL, NULL, 'ABC74', NULL, NULL, NULL),
(181, 'NURI DARINA', 'PEREZ', 'GONZALEZ', 'M', NULL, NULL, NULL, 'ABC75', NULL, NULL, NULL),
(182, 'DANIEL', 'RAMIREZ', 'LOPEZ', 'H', NULL, NULL, NULL, 'ABC76', NULL, NULL, NULL),
(183, 'SALVADOR', 'REXA', 'DEL RAZO', 'H', NULL, NULL, NULL, 'ABC77', NULL, NULL, NULL),
(184, 'MAYRA GEISSEL', 'RICO', 'MENDOZA', 'M', NULL, NULL, NULL, 'ABC78', NULL, NULL, NULL),
(185, 'NATALIA ARELY', 'ROMAN', 'VALENCIA', 'M', NULL, NULL, NULL, 'ABC79', NULL, NULL, NULL),
(186, 'ULISES', 'HERNANDEZ', 'SERRANO', 'H', NULL, NULL, NULL, 'ABC8', NULL, NULL, NULL),
(187, 'TANIA MICHEL', 'ROMERO', 'EVARISTO', 'M', NULL, NULL, NULL, 'ABC80', NULL, NULL, NULL),
(188, 'KEVIN JONATHAN', 'SANCHEZ', 'LEDEZMA', 'H', NULL, NULL, NULL, 'ABC81', NULL, NULL, NULL),
(189, 'ORLANDO', 'SEGOVIA', 'MARTINEZ', 'H', NULL, NULL, NULL, 'ABC82', NULL, NULL, NULL),
(190, 'IGNACIO', 'TAPIA', 'HERRERA', 'H', NULL, NULL, NULL, 'ABC83', NULL, NULL, NULL),
(191, 'BRANDON', 'VELAZQUEZ', 'GARCIA', 'H', NULL, NULL, NULL, 'ABC84', NULL, NULL, NULL),
(192, 'JESÚS', 'ROQUE', 'MARTINEZ', 'H', NULL, NULL, NULL, 'ABC85', NULL, NULL, NULL),
(193, 'CELIA MONTSERRAT ', 'GONZAGA ', 'HERNÁNDEZ', 'M', NULL, NULL, NULL, 'ABC86', NULL, NULL, NULL),
(194, 'YURENI ', 'CRUZ ', 'ZAMORA', 'M', NULL, NULL, NULL, 'ABC87', NULL, NULL, NULL),
(195, 'DAVID', 'ACOSTA', 'MARQUEZ', 'H', NULL, NULL, NULL, 'ABC88', NULL, NULL, NULL),
(196, 'MARIA ISABEL', 'PEREZ ', 'CRUZ', 'M', NULL, NULL, NULL, 'ABC89', NULL, NULL, NULL),
(197, 'YOMELYN', 'HERNANDEZ', 'HERNANDEZ', 'M', NULL, NULL, NULL, 'ABC9', NULL, NULL, NULL),
(198, 'ISAI ', 'PEÑA ', 'ALAMEDA', 'H', NULL, NULL, NULL, 'ABC90', NULL, NULL, NULL),
(199, 'JOSÉ MANUEL', 'HERNANDEZ', 'OROPEZA', 'H', NULL, NULL, NULL, 'ABC91', NULL, NULL, NULL),
(200, 'ADRIAN FERNANDO ', 'HERNANDEZ ', 'MAYORGA', 'H', NULL, NULL, NULL, 'ABC92', NULL, NULL, NULL),
(201, 'JUAN DIEGO ', 'PERCASTEGUI ', 'LEON', 'H', NULL, NULL, NULL, 'ABC93', NULL, NULL, NULL),
(202, 'ALEJANDRA PATRICIA ', 'LOPEZ ', 'ROMERO', 'M', NULL, NULL, NULL, 'ABC94', NULL, NULL, NULL),
(203, 'JESUS ', 'MENDOZA ', 'HERNANDEZ', 'H', NULL, NULL, NULL, 'ABC95', NULL, NULL, NULL),
(204, 'IVÁN JAFET', 'GUTIÉRREZ ', 'GARCÍA', 'H', NULL, NULL, NULL, 'ABC96', NULL, NULL, NULL),
(205, 'DANAHE KERENYI ', 'VARGAS ', 'SERRANO', 'M', NULL, NULL, NULL, 'ABC97', NULL, NULL, NULL),
(206, 'ODI ', 'HERNANDEZ ', 'CERVANTES', 'H', NULL, NULL, NULL, 'ABC98', NULL, NULL, NULL),
(207, 'JOEL ', 'HERNÁNDEZ ', 'MANZO', 'H', NULL, NULL, NULL, 'ABC99', NULL, NULL, NULL);

-- --------------------------------------------------------

--
-- Estructura de tabla para la tabla `analisis`
--

CREATE TABLE `analisis` (
  `id` int(10) UNSIGNED NOT NULL,
  `descripcion_situacion` text NOT NULL,
  `tipo_analisis` tinyint(1) UNSIGNED NOT NULL,
  `acciones` text NOT NULL,
  `resultado_recomendaciones` text NOT NULL,
  `unidades_asignatura_id` bigint(10) UNSIGNED NOT NULL
) ENGINE=InnoDB DEFAULT CHARSET=utf8;

-- --------------------------------------------------------

--
-- Estructura de tabla para la tabla `areas`
--

CREATE TABLE `areas` (
  `id` bigint(20) UNSIGNED NOT NULL,
  `area` varchar(100) NOT NULL
) ENGINE=InnoDB DEFAULT CHARSET=utf8mb4;

--
-- Volcado de datos para la tabla `areas`
--

INSERT INTO `areas` (`id`, `area`) VALUES
(1, 'Becas'),
(2, 'Trabajo Social'),
(3, 'Médico'),
(4, 'Juridico'),
(5, 'Psicología'),
(6, 'Dirección programa educativo');

-- --------------------------------------------------------

--
-- Estructura de tabla para la tabla `asignaturas`
--

CREATE TABLE `asignaturas` (
  `id` bigint(20) UNSIGNED NOT NULL,
  `clave` varchar(10) NOT NULL,
  `nombre` varchar(60) NOT NULL,
  `no_unidades` tinyint(1) NOT NULL,
  `cuatrimestre` varchar(7) NOT NULL,
  `horas` tinyint(3) NOT NULL,
  `objetivo` text NOT NULL
) ENGINE=InnoDB DEFAULT CHARSET=utf8;

-- --------------------------------------------------------

--
-- Estructura de tabla para la tabla `canalizacion`
--

CREATE TABLE `canalizacion` (
  `id` bigint(20) UNSIGNED NOT NULL,
  `fecha` date NOT NULL,
  `no_caso` int(10) UNSIGNED NOT NULL,
  `motivo_id` bigint(20) UNSIGNED DEFAULT NULL,
  `sesion_id` bigint(20) UNSIGNED DEFAULT NULL,
  `area_id` bigint(20) UNSIGNED NOT NULL,
  `comentarios` text DEFAULT NULL,
  `grupo_id` bigint(20) UNSIGNED DEFAULT NULL,
  `carrera_id` bigint(20) UNSIGNED NOT NULL,
  `alumno_id` bigint(20) UNSIGNED NOT NULL,
  `cuatrimestre` varchar(100) DEFAULT NULL,
  `docente_id` bigint(20) UNSIGNED NOT NULL,
  `tipo_solicitud` enum('SOLICITUD','PLAN','RETENCION') NOT NULL,
  `periodo_catrimestral` bigint(20) UNSIGNED DEFAULT NULL
) ENGINE=InnoDB DEFAULT CHARSET=utf8;

-- --------------------------------------------------------

--
-- Estructura de tabla para la tabla `carreras`
--

CREATE TABLE `carreras` (
  `id` bigint(20) UNSIGNED NOT NULL,
  `nombre` varchar(45) NOT NULL,
  `clave` varchar(10) NOT NULL
) ENGINE=InnoDB DEFAULT CHARSET=utf8;

--
-- Volcado de datos para la tabla `carreras`
--

INSERT INTO `carreras` (`id`, `nombre`, `clave`) VALUES
(1, 'Ingeniería en Sistemas Computacionales', 'ISC'),
(2, 'Ingeniería en Producción Animal', 'IPA');

-- --------------------------------------------------------

--
-- Estructura de tabla para la tabla `competencia`
--

CREATE TABLE `competencia` (
  `id` bigint(20) UNSIGNED NOT NULL,
  `descripcion` varchar(45) NOT NULL,
  `tema_unidad_id` bigint(20) UNSIGNED NOT NULL
) ENGINE=InnoDB DEFAULT CHARSET=utf8;

-- --------------------------------------------------------

--
-- Estructura de tabla para la tabla `docentes`
--

CREATE TABLE `docentes` (
  `id` bigint(20) UNSIGNED NOT NULL,
  `no_empleado` int(8) UNSIGNED NOT NULL,
  `curp` varchar(18) NOT NULL,
  `nombre` varchar(80) NOT NULL,
  `apellido_paterno` varchar(60) NOT NULL,
  `apellido_materno` varchar(60) NOT NULL,
  `fecha_ingreso` date NOT NULL,
  `fecha_nacimiento` date NOT NULL,
  `estado` tinyint(1) NOT NULL,
  `carrera_id` bigint(20) UNSIGNED NOT NULL,
  `tipo_docente_id` bigint(20) UNSIGNED NOT NULL
) ENGINE=InnoDB DEFAULT CHARSET=utf8;

--
-- Volcado de datos para la tabla `docentes`
--

INSERT INTO `docentes` (`id`, `no_empleado`, `curp`, `nombre`, `apellido_paterno`, `apellido_materno`, `fecha_ingreso`, `fecha_nacimiento`, `estado`, `carrera_id`, `tipo_docente_id`) VALUES
(1, 140, 'SOFS720401MHGTRS01', 'Susana Leticia', 'Soto', 'Fernández', '2006-01-02', '1972-04-01', 1, 1, 2),
(2, 142, 'GORM810819HSPMMR08', 'Marcos Yamir', 'Gómez', 'Ramos', '2012-01-01', '1981-08-19', 1, 1, 3),
(3, 144, 'REAO780103HHGYNM09', 'Omar', 'Reyna', 'Ángeles', '2010-09-16', '1978-01-03', 1, 1, 1),
(4, 145, 'HETZ800410MQTRPL08', 'Zaila', 'Hernández', 'Tapia', '2005-11-08', '1980-04-10', 1, 1, 2),
(5, 148, 'HEAC821108HHGRNN01', 'Caín', 'Hernández', 'Ángeles', '2011-09-05', '1982-11-08', 1, 1, 3),
(6, 151, 'LEMA791127MHGNRL00', 'Alicia', 'León', 'Martínez', '2012-01-09', '1979-11-27', 1, 1, 3),
(7, 155, 'BAHM800904HHGLRS16', 'Moisés', 'Baltazar', 'Hernández', '2011-01-24', '1980-09-04', 1, 1, 3),
(8, 177, 'GAAE840914HTSRMR01', 'Ernesto', 'García', 'Amaro', '2014-05-06', '1984-09-14', 1, 1, 3),
(9, 178, 'AOAA841229MHGCCR03', 'Araceli', 'Acosta', 'Acosta', '2014-05-06', '1984-12-29', 1, 1, 3),
(10, 210, 'COBG761222HDFRRB03', 'Gabriel', 'Cortes', 'Barragán', '2014-09-01', '1976-12-22', 1, 1, 3),
(11, 309, 'PELM710729MHGRPR00', 'Maura Norma', 'Pérez', 'López', '2016-09-05', '1971-07-29', 1, 1, 3),
(12, 323, 'HENP741113HHGRVB06', 'Pablo', 'Hernández', 'Nava', '2017-01-01', '1974-11-13', 1, 1, 2),
(13, 348, 'GAOG870812MDFRLD03', 'María Guadalupe', 'Granados', 'Olvera', '2017-09-01', '1987-08-12', 1, 1, 3),
(14, 442, 'HEPD930922HDFRRN05', 'Daniel', 'Hernández', 'Pérez', '2019-09-01', '1993-09-22', 1, 1, 3),
(15, 446, 'RAAM741123MDFMRY02', 'Mayra', 'Ramírez', 'Arizmendi', '2019-10-16', '1974-11-23', 1, 2, 3),
(16, 463, 'MEGS961125MHGRRM04', 'Samy Margarita', 'Mera', 'García', '2020-05-01', '1996-11-25', 1, 1, 3);

-- --------------------------------------------------------

--
-- Estructura de tabla para la tabla `docente_has_expediente`
--

CREATE TABLE `docente_has_expediente` (
  `id` bigint(20) UNSIGNED NOT NULL,
  `docente_id` bigint(20) UNSIGNED NOT NULL,
  `expediente_academico_id` bigint(20) UNSIGNED NOT NULL
) ENGINE=InnoDB DEFAULT CHARSET=utf8;

--
-- Volcado de datos para la tabla `docente_has_expediente`
--

INSERT INTO `docente_has_expediente` (`id`, `docente_id`, `expediente_academico_id`) VALUES
(1, 1, 2),
(2, 2, 1),
(3, 3, 10),
(4, 4, 1),
(5, 5, 3),
(6, 6, 4),
(7, 7, 1),
(8, 8, 5),
(9, 9, 6),
(10, 10, 7),
(11, 11, 1),
(12, 12, 8),
(13, 13, 9),
(14, 14, 7),
(15, 15, 11),
(16, 15, 7);

-- --------------------------------------------------------

--
-- Estructura de tabla para la tabla `estatus`
--

CREATE TABLE `estatus` (
  `id` bigint(20) UNSIGNED NOT NULL,
  `tipo_estatus` varchar(15) NOT NULL
) ENGINE=InnoDB DEFAULT CHARSET=utf8;

--
-- Volcado de datos para la tabla `estatus`
--

INSERT INTO `estatus` (`id`, `tipo_estatus`) VALUES
(1, 'ACTIVO'),
(2, 'BAJA TEMPORAL'),
(3, 'BAJA DEFINITIVA'),
(4, 'ACTIVO'),
(5, 'BAJA TEMPORAL'),
(6, 'BAJA DEFINITIVA');

-- --------------------------------------------------------

--
-- Estructura de tabla para la tabla `evidencias`
--

CREATE TABLE `evidencias` (
  `id` bigint(20) UNSIGNED NOT NULL,
  `nombre` varchar(45) NOT NULL,
  `instrumento_evaluacion_id` bigint(20) UNSIGNED NOT NULL,
  `tipo_evidencia_id` bigint(2) UNSIGNED NOT NULL,
  `competencia_id` bigint(20) UNSIGNED NOT NULL
) ENGINE=InnoDB DEFAULT CHARSET=utf8;

-- --------------------------------------------------------

--
-- Estructura de tabla para la tabla `expedientes`
--

CREATE TABLE `expedientes` (
  `id` bigint(20) UNSIGNED NOT NULL,
  `matricula` bigint(10) UNSIGNED NOT NULL,
  `correo_institucional` varchar(23) DEFAULT NULL,
  `telefono` bigint(10) DEFAULT NULL,
  `generacion` smallint(4) NOT NULL,
  `unidad_academica` varchar(9) NOT NULL,
  `estatus_id` bigint(20) UNSIGNED NOT NULL,
  `alumno_id` bigint(20) UNSIGNED NOT NULL,
  `motivo_id` bigint(20) UNSIGNED NOT NULL
) ENGINE=InnoDB DEFAULT CHARSET=utf8;

--
-- Volcado de datos para la tabla `expedientes`
--

INSERT INTO `expedientes` (`id`, `matricula`, `correo_institucional`, `telefono`, `generacion`, `unidad_academica`, `estatus_id`, `alumno_id`, `motivo_id`) VALUES
(1, 2016031232, '2016031232@upfim.edu.mx', NULL, 2020, 'TEPATEPEC', 1, 1, 1),
(2, 2016031261, '2016031261@upfim.edu.mx', NULL, 2020, 'TEPATEPEC', 1, 2, 1),
(3, 1915031167, '1915031167@upfim.edu.mx', NULL, 2019, 'TEPATEPEC', 1, 3, 1),
(4, 1915031142, '1915031142@upfim.edu.mx', NULL, 2019, 'TEPATEPEC', 1, 4, 1),
(5, 1915031194, '1915031194@upfim.edu.mx', NULL, 2019, 'TEPATEPEC', 1, 5, 1),
(6, 1915031149, '1915031149@upfim.edu.mx', NULL, 2019, 'TEPATEPEC', 1, 6, 1),
(7, 1915031159, '1915031159@upfim.edu.mx', NULL, 2019, 'TEPATEPEC', 1, 7, 1),
(8, 1915031185, '1915031185@upfim.edu.mx', NULL, 2019, 'TEPATEPEC', 1, 8, 1),
(9, 1915031196, '1915031196@upfim.edu.mx', NULL, 2019, 'TEPATEPEC', 1, 9, 1),
(10, 1915031175, '1915031175@upfim.edu.mx', NULL, 2019, 'TEPATEPEC', 1, 10, 1),
(11, 1915031148, '1915031148@upfim.edu.mx', NULL, 2019, 'TEPATEPEC', 1, 11, 1),
(12, 1915031202, '1915031202@upfim.edu.mx', NULL, 2019, 'TEPATEPEC', 1, 12, 1),
(13, 2016031239, '2016031239@upfim.edu.mx', NULL, 2020, 'TEPATEPEC', 1, 13, 1),
(14, 1915031158, '1915031158@upfim.edu.mx', NULL, 2019, 'TEPATEPEC', 1, 14, 1),
(15, 1915031179, '1915031179@upfim.edu.mx', NULL, 2019, 'TEPATEPEC', 1, 15, 1),
(16, 1915031136, '1915031136@upfim.edu.mx', NULL, 2019, 'TEPATEPEC', 1, 16, 1),
(17, 1915031192, '1915031192@upfim.edu.mx', NULL, 2019, 'TEPATEPEC', 1, 17, 1),
(18, 1915031134, '1915031134@upfim.edu.mx', NULL, 2019, 'TEPATEPEC', 1, 18, 1),
(19, 1915031157, '1915031157@upfim.edu.mx', NULL, 2019, 'TEPATEPEC', 1, 19, 1),
(20, 1915031182, '1915031182@upfim.edu.mx', NULL, 2019, 'TEPATEPEC', 1, 20, 1),
(21, 1915031130, '1915031130@upfim.edu.mx', NULL, 2019, 'TEPATEPEC', 1, 21, 1),
(22, 1915031118, '1915031118@upfim.edu.mx', NULL, 2019, 'TEPATEPEC', 1, 22, 1),
(23, 1915031165, '1915031165@upfim.edu.mx', NULL, 2019, 'TEPATEPEC', 1, 23, 1),
(24, 2016031258, '2016031258@upfim.edu.mx', NULL, 2020, 'TEPATEPEC', 1, 24, 1),
(25, 1915031190, '1915031190@upfim.edu.mx', NULL, 2019, 'TEPATEPEC', 1, 25, 1),
(26, 1915031144, '1915031144@upfim.edu.mx', NULL, 2019, 'TEPATEPEC', 1, 26, 1),
(27, 1915031128, '1915031128@upfim.edu.mx', NULL, 2019, 'TEPATEPEC', 1, 27, 1),
(28, 1814031072, '1814031072@upfim.edu.mx', NULL, 2019, 'TEPATEPEC', 1, 28, 1),
(29, 1915031127, '1915031127@upfim.edu.mx', NULL, 2019, 'TEPATEPEC', 1, 29, 1),
(30, 1915031188, '1915031188@upfim.edu.mx', NULL, 2019, 'TEPATEPEC', 1, 30, 1),
(31, 1814031070, '1814031070@upfim.edu.mx', NULL, 2019, 'TEPATEPEC', 1, 31, 1),
(32, 1915031195, '1915031195@upfim.edu.mx', NULL, 2019, 'TEPATEPEC', 1, 32, 1),
(33, 1915031125, '1915031125@upfim.edu.mx', NULL, 2019, 'TEPATEPEC', 1, 33, 1),
(34, 2015031211, '2015031211@upfim.edu.mx', NULL, 2019, 'TEPATEPEC', 1, 34, 1),
(35, 2016031252, '2016031252@upfim.edu.mx', NULL, 2020, 'TEPATEPEC', 1, 35, 1),
(36, 1915031162, '1915031162@upfim.edu.mx', NULL, 2019, 'TEPATEPEC', 1, 36, 1),
(37, 1915031186, '1915031186@upfim.edu.mx', NULL, 2019, 'TEPATEPEC', 1, 37, 1),
(38, 1915031177, '1915031177@upfim.edu.mx', NULL, 2019, 'TEPATEPEC', 1, 38, 1),
(39, 1915031160, '1915031160@upfim.edu.mx', NULL, 2019, 'TEPATEPEC', 1, 39, 1),
(40, 1915031123, '1915031123@upfim.edu.mx', NULL, 2019, 'TEPATEPEC', 1, 40, 1),
(41, 1915031210, '1915031210@upfim.edu.mx', NULL, 2019, 'TEPATEPEC', 1, 41, 1),
(42, 1915031140, '1915031140@upfim.edu.mx', NULL, 2019, 'TEPATEPEC', 1, 42, 1),
(43, 1915031193, '1915031193@upfim.edu.mx', NULL, 2019, 'TEPATEPEC', 1, 43, 1),
(44, 1915031146, '1915031146@upfim.edu.mx', NULL, 2019, 'TEPATEPEC', 1, 44, 1),
(45, 1915031121, '1915031121@upfim.edu.mx', NULL, 2019, 'TEPATEPEC', 1, 45, 1),
(46, 2016031235, '2016031235@upfim.edu.mx', NULL, 2020, 'TEPATEPEC', 1, 46, 1),
(47, 1915031184, '1915031184@upfim.edu.mx', NULL, 2019, 'TEPATEPEC', 1, 47, 1),
(48, 1915031174, '1915031174@upfim.edu.mx', NULL, 2019, 'TEPATEPEC', 1, 48, 1),
(49, 1915031147, '1915031147@upfim.edu.mx', NULL, 2019, 'TEPATEPEC', 1, 49, 1),
(50, 1915031119, '1915031119@upfim.edu.mx', NULL, 2019, 'TEPATEPEC', 1, 50, 1),
(51, 1915031201, '1915031201@upfim.edu.mx', NULL, 2019, 'TEPATEPEC', 1, 51, 1),
(52, 1915031170, '1915031170@upfim.edu.mx', NULL, 2019, 'TEPATEPEC', 1, 52, 1),
(53, 1814031053, '1814031053@upfim.edu.mx', NULL, 2018, 'TEPATEPEC', 1, 53, 1),
(54, 1814031077, '1814031077@upfim.edu.mx', NULL, 2018, 'TEPATEPEC', 1, 54, 1),
(55, 1814031035, '1814031035@upfim.edu.mx', NULL, 2018, 'TEPATEPEC', 1, 55, 1),
(56, 1814031098, '1814031098@upfim.edu.mx', NULL, 2018, 'TEPATEPEC', 1, 56, 1),
(57, 2016031244, '2016031244@upfim.edu.mx', NULL, 2020, 'TEPATEPEC', 1, 57, 1),
(58, 1814031029, '1814031029@upfim.edu.mx', NULL, 2018, 'TEPATEPEC', 1, 58, 1),
(59, 1814031067, '1814031067@upfim.edu.mx', NULL, 2018, 'TEPATEPEC', 1, 59, 1),
(60, 1814031041, '1814031041@upfim.edu.mx', NULL, 2018, 'TEPATEPEC', 1, 60, 1),
(61, 1814031104, '1814031104@upfim.edu.mx', NULL, 2018, 'TEPATEPEC', 1, 61, 1),
(62, 1814031065, '1814031065@upfim.edu.mx', NULL, 2018, 'TEPATEPEC', 1, 62, 1),
(63, 1814031060, '1814031060@upfim.edu.mx', NULL, 2018, 'TEPATEPEC', 1, 63, 1),
(64, 1814031040, '1814031040@upfim.edu.mx', NULL, 2018, 'TEPATEPEC', 1, 64, 1),
(65, 1814031096, '1814031096@upfim.edu.mx', NULL, 2018, 'TEPATEPEC', 1, 65, 1),
(66, 1814031093, '1814031093@upfim.edu.mx', NULL, 2018, 'TEPATEPEC', 1, 66, 1),
(67, 1814031027, '1814031027@upfim.edu.mx', NULL, 2018, 'TEPATEPEC', 1, 67, 1),
(68, 2016031242, '2016031242@upfim.edu.mx', NULL, 2020, 'TEPATEPEC', 1, 68, 1),
(69, 1814031064, '1814031064@upfim.edu.mx', NULL, 2018, 'TEPATEPEC', 1, 69, 1),
(70, 1814031039, '1814031039@upfim.edu.mx', NULL, 2018, 'TEPATEPEC', 1, 70, 1),
(71, 1814031076, '1814031076@upfim.edu.mx', NULL, 2018, 'TEPATEPEC', 1, 71, 1),
(72, 1814031085, '1814031085@upfim.edu.mx', NULL, 2018, 'TEPATEPEC', 1, 72, 1),
(73, 1814031049, '1814031049@upfim.edu.mx', NULL, 2018, 'TEPATEPEC', 1, 73, 1),
(74, 1814031062, '1814031062@upfim.edu.mx', NULL, 2018, 'TEPATEPEC', 1, 74, 1),
(75, 1814031056, '1814031056@upfim.edu.mx', NULL, 2018, 'TEPATEPEC', 1, 75, 1),
(76, 1814031073, '1814031073@upfim.edu.mx', NULL, 2018, 'TEPATEPEC', 1, 76, 1),
(77, 1814031084, '1814031084@upfim.edu.mx', NULL, 2018, 'TEPATEPEC', 1, 77, 1),
(78, 1814031047, '1814031047@upfim.edu.mx', NULL, 2018, 'TEPATEPEC', 1, 78, 1),
(79, 2016031259, '2016031259@upfim.edu.mx', NULL, 2020, 'TEPATEPEC', 1, 79, 1),
(80, 1814031091, '1814031091@upfim.edu.mx', NULL, 2018, 'TEPATEPEC', 1, 80, 1),
(81, 1815010813, '1815010813@upfim.edu.mx', NULL, 2018, 'TEPATEPEC', 1, 81, 1),
(82, 1814031059, '1814031059@upfim.edu.mx', NULL, 2018, 'TEPATEPEC', 1, 82, 1),
(83, 1814031054, '1814031054@upfim.edu.mx', NULL, 2018, 'TEPATEPEC', 1, 83, 1),
(84, 1814031114, '1814031114@upfim.edu.mx', NULL, 2018, 'TEPATEPEC', 1, 84, 1),
(85, 1814031071, '1814031071@upfim.edu.mx', NULL, 2018, 'TEPATEPEC', 1, 85, 1),
(86, 1814031043, '1814031043@upfim.edu.mx', NULL, 2018, 'TEPATEPEC', 1, 86, 1),
(87, 1814031055, '1814031055@upfim.edu.mx', NULL, 2018, 'TEPATEPEC', 1, 87, 1),
(88, 1814031032, '1814031032@upfim.edu.mx', NULL, 2018, 'TEPATEPEC', 1, 88, 1),
(89, 1814031100, '1814031100@upfim.edu.mx', NULL, 2018, 'TEPATEPEC', 1, 89, 1),
(90, 2016031230, '2016031230@upfim.edu.mx', NULL, 2020, 'TEPATEPEC', 1, 90, 1),
(91, 2015031212, '2015031212@upfim.edu.mx', NULL, 2018, 'TEPATEPEC', 1, 91, 1),
(92, 1814031068, '1814031068@upfim.edu.mx', NULL, 2018, 'TEPATEPEC', 1, 92, 1),
(93, 1814031042, '1814031042@upfim.edu.mx', NULL, 2018, 'TEPATEPEC', 1, 93, 1),
(94, 1814031086, '1814031086@upfim.edu.mx', NULL, 2018, 'TEPATEPEC', 1, 94, 1),
(95, 1814031116, '1814031116@upfim.edu.mx', NULL, 2018, 'TEPATEPEC', 1, 95, 1),
(96, 1814031052, '1814031052@upfim.edu.mx', NULL, 2018, 'TEPATEPEC', 1, 96, 1),
(97, 1915031209, '1915031209@upfim.edu.mx', NULL, 2018, 'TEPATEPEC', 1, 97, 1),
(98, 1814031066, '1814031066@upfim.edu.mx', NULL, 2018, 'TEPATEPEC', 1, 98, 1),
(99, 1814031083, '1814031083@upfim.edu.mx', NULL, 2018, 'TEPATEPEC', 1, 99, 1),
(100, 1814031051, '1814031051@upfim.edu.mx', NULL, 2018, 'TEPATEPEC', 1, 100, 1),
(101, 2016031231, '2016031231@upfim.edu.mx', NULL, 2020, 'TEPATEPEC', 1, 101, 1),
(102, 1814031031, '1814031031@upfim.edu.mx', NULL, 2018, 'TEPATEPEC', 1, 102, 1),
(103, 1814031097, '1814031097@upfim.edu.mx', NULL, 2018, 'TEPATEPEC', 1, 103, 1),
(104, 1915031207, '1915031207@upfim.edu.mx', NULL, 2018, 'TEPATEPEC', 1, 104, 1),
(105, 1814031028, '1814031028@upfim.edu.mx', NULL, 2018, 'TEPATEPEC', 1, 105, 1),
(106, 1814031080, '1814031080@upfim.edu.mx', NULL, 2018, 'TEPATEPEC', 1, 106, 1),
(107, 1814031050, '1814031050@upfim.edu.mx', NULL, 2018, 'TEPATEPEC', 1, 107, 1),
(108, 1915031206, '1915031206@upfim.edu.mx', NULL, 2018, 'TEPATEPEC', 1, 108, 1),
(109, 1814031057, '1814031057@upfim.edu.mx', NULL, 2018, 'TEPATEPEC', 1, 109, 1),
(110, 1814031117, '1814031117@upfim.edu.mx', NULL, 2018, 'TEPATEPEC', 1, 110, 1),
(111, 1814031092, '1814031092@upfim.edu.mx', NULL, 2018, 'TEPATEPEC', 1, 111, 1),
(112, 2016031229, '2016031229@upfim.edu.mx', NULL, 2020, 'TEPATEPEC', 1, 112, 1),
(113, 2016031246, '2016031246@upfim.edu.mx', NULL, 2020, 'TEPATEPEC', 1, 113, 1),
(114, 1914031120, '1914031120@upfim.edu.mx', NULL, 2018, 'TEPATEPEC', 1, 114, 1),
(115, 1814031038, '1814031038@upfim.edu.mx', NULL, 2018, 'TEPATEPEC', 1, 115, 1),
(116, 1814031115, '1814031115@upfim.edu.mx', NULL, 2018, 'TEPATEPEC', 1, 116, 1),
(117, 1814031037, '1814031037@upfim.edu.mx', NULL, 2018, 'TEPATEPEC', 1, 117, 1),
(118, 2015031213, '2015031213@upfim.edu.mx', NULL, 2018, 'TEPATEPEC', 1, 118, 1),
(119, 1814031078, '1814031078@upfim.edu.mx', NULL, 2018, 'TEPATEPEC', 1, 119, 1),
(120, 1814031089, '1814031089@upfim.edu.mx', NULL, 2018, 'TEPATEPEC', 1, 120, 1),
(121, 1814031119, '1814031119@upfim.edu.mx', NULL, 2018, 'TEPATEPEC', 1, 121, 1),
(122, 2016031227, '2016031227@upfim.edu.mx', NULL, 2020, 'TEPATEPEC', 1, 122, 1),
(123, 2016031249, '2016031249@upfim.edu.mx', NULL, 2020, 'TEPATEPEC', 1, 123, 1),
(124, 2016031251, '2016031251@upfim.edu.mx', NULL, 2020, 'TEPATEPEC', 1, 124, 1),
(125, 2016031234, '2016031234@upfim.edu.mx', NULL, 2020, 'TEPATEPEC', 1, 125, 1),
(126, 2016031267, '2016031267@upfim.edu.mx', NULL, 2020, 'TEPATEPEC', 1, 126, 1),
(127, 2016031285, '2016031285@upfim.edu.mx', NULL, 2020, 'TEPATEPEC', 1, 127, 1),
(128, 2016031263, '2016031263@upfim.edu.mx', NULL, 2020, 'TEPATEPEC', 1, 128, 1),
(129, 2016031281, '2016031281@upfim.edu.mx', NULL, 2020, 'TEPATEPEC', 1, 129, 1),
(130, 2016031279, '2016031279@upfim.edu.mx', NULL, 2020, 'TEPATEPEC', 1, 130, 1),
(131, 2016031257, '2016031257@upfim.edu.mx', NULL, 2020, 'TEPATEPEC', 1, 131, 1),
(132, 2016031274, '2016031274@upfim.edu.mx', NULL, 2020, 'TEPATEPEC', 1, 132, 1),
(133, 2016031290, '2016031290@upfim.edu.mx', NULL, 2020, 'TEPATEPEC', 1, 133, 1),
(134, 2016031268, '2016031268@upfim.edu.mx', NULL, 2020, 'TEPATEPEC', 1, 134, 1),
(135, 2016031286, '2016031286@upfim.edu.mx', NULL, 2020, 'TEPATEPEC', 1, 135, 1),
(136, 2016031292, '2016031292@upfim.edu.mx', NULL, 2020, 'TEPATEPEC', 1, 136, 1),
(137, 2016031289, '2016031289@upfim.edu.mx', NULL, 2020, 'TEPATEPEC', 1, 137, 1),
(138, 2016031271, '2016031271@upfim.edu.mx', NULL, 2020, 'TEPATEPEC', 1, 138, 1),
(139, 2016031278, '2016031278@upfim.edu.mx', NULL, 2020, 'TEPATEPEC', 1, 139, 1),
(140, 2016031288, '2016031288@upfim.edu.mx', NULL, 2020, 'TEPATEPEC', 1, 140, 1),
(141, 2016031238, '2016031238@upfim.edu.mx', NULL, 2020, 'TEPATEPEC', 1, 141, 1),
(142, 2016031250, '2016031250@upfim.edu.mx', NULL, 2020, 'TEPATEPEC', 1, 142, 1),
(143, 2016031265, '2016031265@upfim.edu.mx', NULL, 2020, 'TEPATEPEC', 1, 143, 1),
(144, 2016031287, '2016031287@upfim.edu.mx', NULL, 2020, 'TEPATEPEC', 1, 144, 1),
(145, 2016031280, '2016031280@upfim.edu.mx', NULL, 2020, 'TEPATEPEC', 1, 145, 1),
(146, 2016031272, '2016031272@upfim.edu.mx', NULL, 2020, 'TEPATEPEC', 1, 146, 1),
(147, 2016031270, '2016031270@upfim.edu.mx', NULL, 2020, 'TEPATEPEC', 1, 147, 1),
(148, 2016031276, '2016031276@upfim.edu.mx', NULL, 2020, 'TEPATEPEC', 1, 148, 1),
(149, 2016031264, '2016031264@upfim.edu.mx', NULL, 2020, 'TEPATEPEC', 1, 149, 1),
(150, 2016031284, '2016031284@upfim.edu.mx', NULL, 2020, 'TEPATEPEC', 1, 150, 1),
(151, 2016031273, '2016031273@upfim.edu.mx', NULL, 2020, 'TEPATEPEC', 1, 151, 1),
(152, 2016031282, '2016031282@upfim.edu.mx', NULL, 2020, 'TEPATEPEC', 1, 152, 1),
(153, 2016031253, '2016031253@upfim.edu.mx', NULL, 2020, 'TEPATEPEC', 1, 153, 1),
(154, 2016031262, '2016031262@upfim.edu.mx', NULL, 2020, 'TEPATEPEC', 1, 154, 1),
(155, 2016031275, '2016031275@upfim.edu.mx', NULL, 2020, 'TEPATEPEC', 1, 155, 1),
(156, 2016031269, '2016031269@upfim.edu.mx', NULL, 2020, 'TEPATEPEC', 1, 156, 1),
(157, 2016031228, '2016031228@upfim.edu.mx', NULL, 2020, 'TEPATEPEC', 1, 157, 1),
(158, 2016031300, '2016031300@upfim.edu.mx', NULL, 2020, 'TEPATEPEC', 1, 158, 1),
(159, 2016031304, '2016031304@upfim.edu.mx', NULL, 2020, 'TEPATEPEC', 1, 159, 1),
(160, 2016031299, '2016031299@upfim.edu.mx', NULL, 2020, 'TEPATEPEC', 1, 160, 1),
(161, 2016031294, '2016031294@upfim.edu.mx', NULL, 2020, 'TEPATEPEC', 1, 161, 1),
(162, 2016031240, '2016031240@upfim.edu.mx', NULL, 2020, 'TEPATEPEC', 1, 162, 1),
(163, 2016031298, '2016031298@upfim.edu.mx', NULL, 2020, 'TEPATEPEC', 1, 163, 1),
(164, 2016031255, '2016031255@upfim.edu.mx', NULL, 2020, 'TEPATEPEC', 1, 164, 1),
(165, 2016031260, '2016031260@upfim.edu.mx', NULL, 2020, 'TEPATEPEC', 1, 165, 1),
(166, 2016031243, '2016031243@upfim.edu.mx', NULL, 2020, 'TEPATEPEC', 1, 166, 1),
(167, 2016031307, '2016031307@upfim.edu.mx', NULL, 2020, 'TEPATEPEC', 1, 167, 1),
(168, 2016031236, '2016031236@upfim.edu.mx', NULL, 2020, 'TEPATEPEC', 1, 168, 1),
(169, 2016031233, '2016031233@upfim.edu.mx', NULL, 2020, 'TEPATEPEC', 1, 169, 1),
(170, 2016031306, '2016031306@upfim.edu.mx', NULL, 2020, 'TEPATEPEC', 1, 170, 1),
(171, 2016031296, '2016031296@upfim.edu.mx', NULL, 2020, 'TEPATEPEC', 1, 171, 1),
(172, 2016031266, '2016031266@upfim.edu.mx', NULL, 2020, 'TEPATEPEC', 1, 172, 1),
(173, 2016031308, '2016031308@upfim.edu.mx', NULL, 2020, 'TEPATEPEC', 1, 173, 1),
(174, 2016031302, '2016031302@upfim.edu.mx', NULL, 2020, 'TEPATEPEC', 1, 174, 1),
(175, 2016031248, '2016031248@upfim.edu.mx', NULL, 2020, 'TEPATEPEC', 1, 175, 1),
(176, 2016031247, '2016031247@upfim.edu.mx', NULL, 2020, 'TEPATEPEC', 1, 176, 1),
(177, 2016031305, '2016031305@upfim.edu.mx', NULL, 2020, 'TEPATEPEC', 1, 177, 1),
(178, 2016031291, '2016031291@upfim.edu.mx', NULL, 2020, 'TEPATEPEC', 1, 178, 1),
(179, 2016031241, '2016031241@upfim.edu.mx', NULL, 2020, 'TEPATEPEC', 1, 179, 1),
(180, 2016031301, '2016031301@upfim.edu.mx', NULL, 2020, 'TEPATEPEC', 1, 180, 1),
(181, 2016031245, '2016031245@upfim.edu.mx', NULL, 2020, 'TEPATEPEC', 1, 181, 1),
(182, 2016031297, '2016031297@upfim.edu.mx', NULL, 2020, 'TEPATEPEC', 1, 182, 1),
(183, 2016031293, '2016031293@upfim.edu.mx', NULL, 2020, 'TEPATEPEC', 1, 183, 1),
(184, 2016031303, '2016031303@upfim.edu.mx', NULL, 2020, 'TEPATEPEC', 1, 184, 1),
(185, 2016031310, '2016031310@upfim.edu.mx', NULL, 2020, 'TEPATEPEC', 1, 185, 1),
(186, 2016031237, '2016031237@upfim.edu.mx', NULL, 2020, 'TEPATEPEC', 1, 186, 1),
(187, 2016031309, '2016031309@upfim.edu.mx', NULL, 2020, 'TEPATEPEC', 1, 187, 1),
(188, 2016031295, '2016031295@upfim.edu.mx', NULL, 2020, 'TEPATEPEC', 1, 188, 1),
(189, 2016031277, '2016031277@upfim.edu.mx', NULL, 2020, 'TEPATEPEC', 1, 189, 1),
(190, 2016031256, '2016031256@upfim.edu.mx', NULL, 2020, 'TEPATEPEC', 1, 190, 1),
(191, 2016031283, '2016031283@upfim.edu.mx', NULL, 2020, 'TEPATEPEC', 1, 191, 1),
(192, 1915031171, '1915031171@upfim.edu.mx', NULL, 2019, 'TEPATEPEC', 1, 192, 1),
(193, 1915031191, '1915031191@upfim.edu.mx', NULL, 2019, 'TEPATEPEC', 1, 193, 1),
(194, 1915031145, '1915031145@upfim.edu.mx', NULL, 2019, 'TEPATEPEC', 1, 194, 1),
(195, 1915031132, '1915031132@upfim.edu.mx', NULL, 2019, 'TEPATEPEC', 1, 195, 1),
(196, 1915031199, '1915031199@upfim.edu.mx', NULL, 2019, 'TEPATEPEC', 1, 196, 1),
(197, 2016031254, '2016031254@upfim.edu.mx', NULL, 2020, 'TEPATEPEC', 1, 197, 1),
(198, 1915031154, '1915031154@upfim.edu.mx', NULL, 2019, 'TEPATEPEC', 1, 198, 1),
(199, 1915031180, '1915031180@upfim.edu.mx', NULL, 2019, 'TEPATEPEC', 1, 199, 1),
(200, 1915031169, '1915031169@upfim.edu.mx', NULL, 2019, 'TEPATEPEC', 1, 200, 1),
(201, 1915031129, '1915031129@upfim.edu.mx', NULL, 2019, 'TEPATEPEC', 1, 201, 1),
(202, 1915031197, '1915031197@upfim.edu.mx', NULL, 2019, 'TEPATEPEC', 1, 202, 1),
(203, 1915031152, '1915031152@upfim.edu.mx', NULL, 2019, 'TEPATEPEC', 1, 203, 1),
(204, 1915031168, '1915031168@upfim.edu.mx', NULL, 2019, 'TEPATEPEC', 1, 204, 1),
(205, 1915031164, '1915031164@upfim.edu.mx', NULL, 2019, 'TEPATEPEC', 1, 205, 1),
(206, 1915031143, '1915031143@upfim.edu.mx', NULL, 2019, 'TEPATEPEC', 1, 206, 1),
(207, 1915031151, '1915031151@upfim.edu.mx', NULL, 2019, 'TEPATEPEC', 1, 207, 1);

-- --------------------------------------------------------

--
-- Estructura de tabla para la tabla `expediente_academico`
--

CREATE TABLE `expediente_academico` (
  `id` bigint(20) UNSIGNED NOT NULL,
  `descripcion` varchar(100) NOT NULL,
  `abreviatura` varchar(10) NOT NULL
) ENGINE=InnoDB DEFAULT CHARSET=utf8;

--
-- Volcado de datos para la tabla `expediente_academico`
--

INSERT INTO `expediente_academico` (`id`, `descripcion`, `abreviatura`) VALUES
(1, 'Maestría en Tecnología de Información', 'MTI'),
(2, 'Maestría en Dirección Comercial', 'MDC'),
(3, 'Ingeniería en Sistemas', 'Ing.'),
(4, 'Licenciatura en Informática', 'LIc.'),
(5, 'Maestía en Ingeniería', 'MI'),
(6, 'Licenciatura en Enseñanza de la Lengua Inglesa y Especialidad', 'LIc.'),
(7, 'Ingeniería en Sistemas Computacionales', 'Ing.'),
(8, 'Doctorado en Ciencias Electrónicas', 'Doc.'),
(9, 'Licenciatura en Derecho', 'Lic.'),
(10, 'Maestría en Sistemas Computacionales', 'MSC'),
(11, 'Licenciado en Educación Secundaria con especialidad en Matemáticas', 'Lic.');

-- --------------------------------------------------------

--
-- Estructura de tabla para la tabla `folios`
--

CREATE TABLE `folios` (
  `tabla` varchar(100) NOT NULL,
  `value` int(11) NOT NULL DEFAULT 0,
  `serie` varchar(100) NOT NULL
) ENGINE=InnoDB DEFAULT CHARSET=utf8mb4;

--
-- Volcado de datos para la tabla `folios`
--

INSERT INTO `folios` (`tabla`, `value`, `serie`) VALUES
('canalizacion', 0, 'SL'),
('planeacion', 0, 'PL');

-- --------------------------------------------------------

--
-- Estructura de tabla para la tabla `grupos`
--

CREATE TABLE `grupos` (
  `id` bigint(20) UNSIGNED NOT NULL,
  `nomenclatura` varchar(100) NOT NULL,
  `anio` int(11) DEFAULT NULL,
  `periodo_cuatrimestral_id` bigint(20) UNSIGNED NOT NULL,
  `carrera_id` bigint(20) UNSIGNED NOT NULL,
  `total_mujeres` int(11) NOT NULL DEFAULT 0,
  `total_hombres` int(11) NOT NULL DEFAULT 0
) ENGINE=InnoDB DEFAULT CHARSET=utf8mb4;

--
-- Volcado de datos para la tabla `grupos`
--

INSERT INTO `grupos` (`id`, `nomenclatura`, `anio`, `periodo_cuatrimestral_id`, `carrera_id`, `total_mujeres`, `total_hombres`) VALUES
(1, '1SCG1', 2020, 3, 1, 0, 0),
(2, '1SCG2', 2020, 3, 1, 0, 0),
(3, '1SCG3', 2020, 3, 1, 0, 0),
(4, '4SCG1', 2020, 3, 1, 0, 0),
(5, '4SCG2', 2020, 3, 1, 0, 0),
(6, '7SCG1', 2020, 3, 1, 0, 0),
(7, '7SCG2', 2020, 3, 1, 0, 0);

-- --------------------------------------------------------

--
-- Estructura de tabla para la tabla `grupo_has_expediente`
--

CREATE TABLE `grupo_has_expediente` (
  `id` bigint(10) UNSIGNED NOT NULL,
  `grupo_id` bigint(20) UNSIGNED NOT NULL,
  `expediente_id` bigint(20) UNSIGNED NOT NULL,
  `representante` tinyint(1) NOT NULL
) ENGINE=InnoDB DEFAULT CHARSET=utf8;

--
-- Volcado de datos para la tabla `grupo_has_expediente`
--

INSERT INTO `grupo_has_expediente` (`id`, `grupo_id`, `expediente_id`, `representante`) VALUES
(1, 1, 2, 0),
(2, 1, 3, 0),
(3, 1, 4, 0),
(4, 1, 5, 0),
(5, 1, 6, 0),
(6, 1, 7, 0),
(7, 1, 8, 0),
(8, 1, 9, 0),
(9, 1, 10, 0),
(10, 1, 11, 0),
(11, 1, 12, 0),
(12, 1, 13, 0),
(13, 1, 14, 0),
(14, 1, 15, 0),
(15, 1, 16, 0),
(16, 1, 17, 0),
(17, 1, 18, 0),
(18, 1, 19, 0),
(19, 1, 20, 0),
(20, 1, 21, 0),
(21, 1, 22, 0),
(22, 1, 23, 0),
(23, 1, 24, 0),
(24, 1, 25, 0),
(25, 2, 26, 0),
(26, 2, 27, 0),
(27, 2, 28, 0),
(28, 2, 29, 0),
(29, 2, 30, 0),
(30, 2, 31, 0),
(31, 2, 32, 0),
(32, 2, 33, 0),
(33, 2, 34, 0),
(34, 2, 35, 0),
(35, 2, 36, 0),
(36, 2, 37, 0),
(37, 2, 38, 0),
(38, 2, 39, 0),
(39, 2, 40, 0),
(40, 2, 41, 0),
(41, 2, 42, 0),
(42, 2, 43, 0),
(43, 2, 44, 0),
(44, 2, 45, 0),
(45, 2, 46, 0),
(46, 2, 47, 0),
(47, 2, 48, 0),
(48, 2, 49, 0),
(49, 2, 50, 0),
(50, 2, 51, 0),
(51, 2, 52, 0),
(52, 2, 53, 0),
(53, 2, 54, 0),
(54, 3, 55, 0),
(55, 3, 56, 0),
(56, 3, 57, 0),
(57, 3, 58, 0),
(58, 3, 59, 0),
(59, 3, 60, 0),
(60, 3, 61, 0),
(61, 3, 62, 0),
(62, 3, 63, 0),
(63, 3, 64, 0),
(64, 3, 65, 0),
(65, 3, 66, 0),
(66, 3, 67, 0),
(67, 3, 68, 0),
(68, 3, 69, 0),
(69, 3, 70, 0),
(70, 3, 71, 0),
(71, 3, 72, 0),
(72, 3, 73, 0),
(73, 3, 74, 0),
(74, 3, 75, 0),
(75, 3, 76, 0),
(76, 3, 77, 0),
(77, 3, 78, 0),
(78, 3, 79, 0),
(79, 3, 80, 0),
(80, 3, 81, 0),
(81, 3, 82, 0),
(82, 3, 83, 0),
(83, 3, 84, 0),
(84, 3, 85, 0),
(85, 4, 86, 0),
(86, 4, 87, 0),
(87, 4, 88, 0),
(88, 4, 89, 0),
(89, 4, 90, 0),
(90, 4, 91, 0),
(91, 4, 92, 0),
(92, 4, 93, 0),
(93, 4, 94, 0),
(94, 4, 95, 0),
(95, 4, 96, 0),
(96, 4, 97, 0),
(97, 4, 98, 0),
(98, 4, 99, 0),
(99, 4, 100, 0),
(100, 4, 101, 0),
(101, 4, 102, 0),
(102, 4, 103, 0),
(103, 4, 104, 0),
(104, 4, 105, 0),
(105, 4, 106, 0),
(106, 4, 107, 0),
(107, 4, 108, 0),
(108, 4, 109, 0),
(109, 4, 110, 0),
(110, 4, 111, 0),
(111, 4, 112, 0),
(112, 4, 113, 0),
(113, 4, 114, 0),
(114, 4, 115, 0),
(115, 4, 116, 0),
(116, 4, 117, 0),
(117, 5, 118, 0),
(118, 5, 119, 0),
(119, 5, 120, 0),
(120, 5, 121, 0),
(121, 5, 122, 0),
(122, 5, 123, 0),
(123, 5, 124, 0),
(124, 5, 125, 0),
(125, 5, 126, 0),
(126, 5, 127, 0),
(127, 5, 128, 0),
(128, 5, 129, 0),
(129, 5, 130, 0),
(130, 5, 131, 0),
(131, 5, 132, 0),
(132, 5, 133, 0),
(133, 5, 134, 0),
(134, 5, 135, 0),
(135, 5, 136, 0),
(136, 5, 137, 0),
(137, 5, 138, 0),
(138, 5, 139, 0),
(139, 5, 140, 0),
(140, 5, 141, 0),
(141, 5, 142, 0),
(142, 5, 143, 0),
(143, 5, 144, 0),
(144, 5, 145, 0),
(145, 5, 146, 0),
(146, 6, 147, 0),
(147, 6, 148, 0),
(148, 6, 149, 0),
(149, 6, 150, 0),
(150, 6, 151, 0),
(151, 6, 152, 0),
(152, 6, 153, 0),
(153, 6, 154, 0),
(154, 6, 155, 0),
(155, 6, 156, 0),
(156, 6, 157, 0),
(157, 6, 158, 0),
(158, 6, 159, 0),
(159, 6, 160, 0),
(160, 6, 161, 0),
(161, 6, 162, 0),
(162, 6, 163, 0),
(163, 6, 164, 0),
(164, 6, 165, 0),
(165, 6, 166, 0),
(166, 6, 167, 0),
(167, 6, 168, 0),
(168, 6, 169, 0),
(169, 6, 170, 0),
(170, 6, 171, 0),
(171, 6, 172, 0),
(172, 6, 173, 0),
(173, 6, 174, 0),
(174, 6, 175, 0),
(175, 6, 176, 0),
(176, 6, 177, 0),
(177, 7, 178, 0),
(178, 7, 179, 0),
(179, 7, 180, 0),
(180, 7, 181, 0),
(181, 7, 182, 0),
(182, 7, 183, 0),
(183, 7, 184, 0),
(184, 7, 185, 0),
(185, 7, 186, 0),
(186, 7, 187, 0),
(187, 7, 188, 0),
(188, 7, 189, 0),
(189, 7, 190, 0),
(190, 7, 191, 0),
(191, 7, 192, 0),
(192, 7, 193, 0),
(193, 7, 194, 0),
(194, 7, 195, 0),
(195, 7, 196, 0),
(196, 7, 197, 0),
(197, 7, 198, 0),
(198, 7, 199, 0),
(199, 7, 200, 0),
(200, 7, 201, 0),
(201, 7, 202, 0),
(202, 7, 203, 0),
(203, 7, 204, 0),
(204, 7, 205, 0),
(205, 7, 206, 0),
(206, 7, 207, 0);

-- --------------------------------------------------------

--
-- Estructura de tabla para la tabla `herramientas`
--

CREATE TABLE `herramientas` (
  `id` bigint(20) UNSIGNED NOT NULL,
  `nombre` varchar(60) NOT NULL
) ENGINE=InnoDB DEFAULT CHARSET=utf8;

-- --------------------------------------------------------

--
-- Estructura de tabla para la tabla `instrumento_evaluacion`
--

CREATE TABLE `instrumento_evaluacion` (
  `id` bigint(20) UNSIGNED NOT NULL,
  `nombre` varchar(45) NOT NULL
) ENGINE=InnoDB DEFAULT CHARSET=utf8;

-- --------------------------------------------------------

--
-- Estructura de tabla para la tabla `motivos`
--

CREATE TABLE `motivos` (
  `id` bigint(20) UNSIGNED NOT NULL,
  `motivo` varchar(150) NOT NULL,
  `tipo_motivo` enum('SOLICITUD','RETENCION','BAJA','PLAN') DEFAULT NULL
) ENGINE=InnoDB DEFAULT CHARSET=utf8mb4;

--
-- Volcado de datos para la tabla `motivos`
--

INSERT INTO `motivos` (`id`, `motivo`, `tipo_motivo`) VALUES
(1, 'SIN MOTIVO', 'BAJA'),
(2, 'Reprobación', 'SOLICITUD'),
(3, 'Bajo aprovechamiento', 'SOLICITUD'),
(4, 'Ausentismo', 'SOLICITUD'),
(5, 'Conversación soez/ actitudes agresivas (físicas o verbales)', 'SOLICITUD'),
(6, 'Apoyo jurídico.', 'SOLICITUD'),
(7, 'Falta de respeto al maestro/ problemas con el maestro.', 'SOLICITUD'),
(8, 'Sospecha de consumo de enervantes.', 'SOLICITUD'),
(9, 'Signos de tristeza y/o depresión/ aislamiento.', 'SOLICITUD'),
(10, 'Problemas familiares/ de pareja/ con amigos.', 'SOLICITUD'),
(11, 'Atención: Capacidades diferentes.', 'SOLICITUD'),
(12, 'Vulnerabilidad socio-económica (becas).', 'SOLICITUD'),
(13, 'Influencia negativa sobre los demás.', 'SOLICITUD'),
(14, 'Orientación vocacional estrategias de aprendizaje.\r\n', 'SOLICITUD'),
(15, 'Seguimiento de trayectoria educativa.', 'SOLICITUD'),
(16, 'Problemas de salud/ educación sexual.', 'SOLICITUD'),
(17, 'Otro (especifique):', 'SOLICITUD'),
(18, 'Asesoría', 'PLAN'),
(19, 'Tutoría', 'PLAN'),
(20, 'SIN MOTIVO', 'PLAN');

-- --------------------------------------------------------

--
-- Estructura de tabla para la tabla `parciales`
--

CREATE TABLE `parciales` (
  `id` bigint(20) UNSIGNED NOT NULL,
  `no_parcial` tinyint(1) UNSIGNED NOT NULL,
  `semana` varchar(10) NOT NULL
) ENGINE=InnoDB DEFAULT CHARSET=utf8;

-- --------------------------------------------------------

--
-- Estructura de tabla para la tabla `periodo_cuatrimestral`
--

CREATE TABLE `periodo_cuatrimestral` (
  `id` bigint(20) UNSIGNED NOT NULL,
  `descripcion` varchar(20) NOT NULL
) ENGINE=InnoDB DEFAULT CHARSET=utf8;

--
-- Volcado de datos para la tabla `periodo_cuatrimestral`
--

INSERT INTO `periodo_cuatrimestral` (`id`, `descripcion`) VALUES
(1, 'ENERO-ABRIL'),
(2, 'MAYO-AGOSTO'),
(3, 'SEPTIEMBRE-DICIEMBRE');

-- --------------------------------------------------------

--
-- Estructura de tabla para la tabla `planeacion_tutoria`
--

CREATE TABLE `planeacion_tutoria` (
  `id` bigint(10) UNSIGNED NOT NULL,
  `sesiones_planeadas` tinyint(2) UNSIGNED NOT NULL,
  `acciones_logradas` text DEFAULT NULL,
  `comentarios` text DEFAULT NULL,
  `relacion_id` bigint(20) NOT NULL
) ENGINE=InnoDB DEFAULT CHARSET=utf8;

-- --------------------------------------------------------

--
-- Estructura de tabla para la tabla `relacion`
--

CREATE TABLE `relacion` (
  `id` bigint(20) NOT NULL,
  `docente_id` bigint(20) UNSIGNED NOT NULL,
  `asignatura_id` bigint(20) UNSIGNED NOT NULL,
  `grupo_id` bigint(10) UNSIGNED NOT NULL
) ENGINE=InnoDB DEFAULT CHARSET=utf8;

-- --------------------------------------------------------

--
-- Estructura de tabla para la tabla `seguimiento_proceso`
--

CREATE TABLE `seguimiento_proceso` (
  `id` bigint(20) UNSIGNED NOT NULL,
  `horas_cubiertas` tinyint(2) UNSIGNED NOT NULL,
  `temas_cubiertos` tinyint(2) UNSIGNED NOT NULL,
  `unidades_asignatura_id` bigint(20) UNSIGNED NOT NULL
) ENGINE=InnoDB DEFAULT CHARSET=utf8;

-- --------------------------------------------------------

--
-- Estructura de tabla para la tabla `sesion`
--

CREATE TABLE `sesion` (
  `id` bigint(20) UNSIGNED NOT NULL,
  `no_sesion` tinyint(2) UNSIGNED NOT NULL,
  `tematica` text NOT NULL,
  `objetivo` text NOT NULL,
  `fecha` date NOT NULL,
  `resultados_esperados` text NOT NULL,
  `resultados_obtenidos` text NOT NULL,
  `parcial` tinyint(1) UNSIGNED NOT NULL,
  `tipo_sesion_id` bigint(20) UNSIGNED NOT NULL,
  `matricula` bigint(10) UNSIGNED DEFAULT NULL,
  `planeacion_tutoria_id` bigint(20) UNSIGNED DEFAULT NULL,
  `comentarios` text DEFAULT NULL
) ENGINE=InnoDB DEFAULT CHARSET=utf8;

-- --------------------------------------------------------

--
-- Estructura de tabla para la tabla `temas_unidades`
--

CREATE TABLE `temas_unidades` (
  `id` bigint(20) UNSIGNED NOT NULL,
  `no_tema` tinyint(2) UNSIGNED NOT NULL,
  `nombre` varchar(80) NOT NULL,
  `unidades_asignatura_id` bigint(20) UNSIGNED NOT NULL
) ENGINE=InnoDB DEFAULT CHARSET=utf8;

-- --------------------------------------------------------

--
-- Estructura de tabla para la tabla `tipo_docente`
--

CREATE TABLE `tipo_docente` (
  `id` bigint(20) UNSIGNED NOT NULL,
  `clave` varchar(3) NOT NULL,
  `descripción` varchar(60) NOT NULL
) ENGINE=InnoDB DEFAULT CHARSET=utf8;

--
-- Volcado de datos para la tabla `tipo_docente`
--

INSERT INTO `tipo_docente` (`id`, `clave`, `descripción`) VALUES
(1, 'DPE', 'Director Programa Educativo'),
(2, 'PTC', 'Profesor Tiempo Completo'),
(3, 'PA', 'Profesor por Asignatura');

-- --------------------------------------------------------

--
-- Estructura de tabla para la tabla `tipo_evidencia`
--

CREATE TABLE `tipo_evidencia` (
  `id` bigint(20) UNSIGNED NOT NULL,
  `evidencia` varchar(60) NOT NULL
) ENGINE=InnoDB DEFAULT CHARSET=utf8;

-- --------------------------------------------------------

--
-- Estructura de tabla para la tabla `tipo_sesion`
--

CREATE TABLE `tipo_sesion` (
  `id` bigint(20) UNSIGNED NOT NULL,
  `descripcion` varchar(10) NOT NULL
) ENGINE=InnoDB DEFAULT CHARSET=utf8;

--
-- Volcado de datos para la tabla `tipo_sesion`
--

INSERT INTO `tipo_sesion` (`id`, `descripcion`) VALUES
(1, 'Asesoría'),
(2, 'Tutoría');

-- --------------------------------------------------------

--
-- Estructura de tabla para la tabla `unidades_asignaturas`
--

CREATE TABLE `unidades_asignaturas` (
  `id` bigint(20) UNSIGNED NOT NULL,
  `nombre` varchar(60) NOT NULL,
  `horas` smallint(3) NOT NULL,
  `no_unidad` tinyint(1) UNSIGNED NOT NULL,
  `observaciones` text NOT NULL,
  `asignatura_id` bigint(10) UNSIGNED NOT NULL,
  `herramienta_id` bigint(20) UNSIGNED NOT NULL,
  `parcial_id` bigint(20) UNSIGNED NOT NULL
) ENGINE=InnoDB DEFAULT CHARSET=utf8;

-- --------------------------------------------------------

--
-- Estructura de tabla para la tabla `unidades_reprobadas`
--

CREATE TABLE `unidades_reprobadas` (
  `id` bigint(20) UNSIGNED NOT NULL,
  `unidades_asignatura_id` bigint(20) UNSIGNED NOT NULL,
  `expediente_id` bigint(20) UNSIGNED NOT NULL,
  `causa` varchar(60) NOT NULL,
  `estado` tinyint(1) UNSIGNED NOT NULL
) ENGINE=InnoDB DEFAULT CHARSET=utf8;

--
-- Índices para tablas volcadas
--

--
-- Indices de la tabla `alumnos`
--
ALTER TABLE `alumnos`
  ADD PRIMARY KEY (`id`);

--
-- Indices de la tabla `analisis`
--
ALTER TABLE `analisis`
  ADD PRIMARY KEY (`id`,`unidades_asignatura_id`),
  ADD KEY `fk_analisis_unidades_asignaturas1_idx` (`unidades_asignatura_id`);

--
-- Indices de la tabla `areas`
--
ALTER TABLE `areas`
  ADD PRIMARY KEY (`id`);

--
-- Indices de la tabla `asignaturas`
--
ALTER TABLE `asignaturas`
  ADD PRIMARY KEY (`id`);

--
-- Indices de la tabla `canalizacion`
--
ALTER TABLE `canalizacion`
  ADD PRIMARY KEY (`id`,`carrera_id`,`alumno_id`,`area_id`,`no_caso`,`tipo_solicitud`) USING BTREE,
  ADD KEY `canalizacion_FK` (`alumno_id`),
  ADD KEY `canalizacion_FK_1` (`carrera_id`),
  ADD KEY `canalizacion_FK_2` (`grupo_id`),
  ADD KEY `canalizacion_FK_3` (`area_id`),
  ADD KEY `canalizacion_FK_4` (`motivo_id`);

--
-- Indices de la tabla `carreras`
--
ALTER TABLE `carreras`
  ADD PRIMARY KEY (`id`);

--
-- Indices de la tabla `competencia`
--
ALTER TABLE `competencia`
  ADD PRIMARY KEY (`id`,`tema_unidad_id`),
  ADD KEY `fk_competencia_temas_unidades1_idx` (`tema_unidad_id`);

--
-- Indices de la tabla `docentes`
--
ALTER TABLE `docentes`
  ADD PRIMARY KEY (`id`,`no_empleado`),
  ADD KEY `docentes_FK` (`carrera_id`),
  ADD KEY `docentes_FK_1` (`tipo_docente_id`);

--
-- Indices de la tabla `docente_has_expediente`
--
ALTER TABLE `docente_has_expediente`
  ADD PRIMARY KEY (`id`,`docente_id`,`expediente_academico_id`),
  ADD KEY `fk_docente_has_expediente_docente_idx` (`docente_id`),
  ADD KEY `fk_docente_has_expediente_expediente_academico_idx` (`expediente_academico_id`);

--
-- Indices de la tabla `estatus`
--
ALTER TABLE `estatus`
  ADD PRIMARY KEY (`id`);

--
-- Indices de la tabla `evidencias`
--
ALTER TABLE `evidencias`
  ADD PRIMARY KEY (`id`,`instrumento_evaluacion_id`,`tipo_evidencia_id`,`competencia_id`),
  ADD KEY `fk_evidencias_instrumento_evaluacion1_idx` (`instrumento_evaluacion_id`),
  ADD KEY `fk_evidencias_tipo_evidencia1_idx` (`tipo_evidencia_id`),
  ADD KEY `fk_evidencias_competencia1_idx` (`competencia_id`);

--
-- Indices de la tabla `expedientes`
--
ALTER TABLE `expedientes`
  ADD PRIMARY KEY (`id`,`estatus_id`,`alumno_id`,`motivo_id`),
  ADD KEY `expedientes_FK` (`estatus_id`),
  ADD KEY `expedientes_FK_1` (`alumno_id`),
  ADD KEY `expedientes_FK_2` (`motivo_id`);

--
-- Indices de la tabla `expediente_academico`
--
ALTER TABLE `expediente_academico`
  ADD PRIMARY KEY (`id`);

--
-- Indices de la tabla `folios`
--
ALTER TABLE `folios`
  ADD PRIMARY KEY (`tabla`,`serie`);

--
-- Indices de la tabla `grupos`
--
ALTER TABLE `grupos`
  ADD PRIMARY KEY (`id`),
  ADD KEY `grupos_FK` (`periodo_cuatrimestral_id`),
  ADD KEY `grupos_FK_1` (`carrera_id`);

--
-- Indices de la tabla `grupo_has_expediente`
--
ALTER TABLE `grupo_has_expediente`
  ADD PRIMARY KEY (`id`,`grupo_id`,`expediente_id`),
  ADD KEY `fk_grupo_has_expediente_expediente1_idx` (`expediente_id`),
  ADD KEY `fk_grupo_has_expediente_grupo1_idx` (`grupo_id`);

--
-- Indices de la tabla `herramientas`
--
ALTER TABLE `herramientas`
  ADD PRIMARY KEY (`id`);

--
-- Indices de la tabla `instrumento_evaluacion`
--
ALTER TABLE `instrumento_evaluacion`
  ADD PRIMARY KEY (`id`);

--
-- Indices de la tabla `motivos`
--
ALTER TABLE `motivos`
  ADD PRIMARY KEY (`id`);

--
-- Indices de la tabla `parciales`
--
ALTER TABLE `parciales`
  ADD PRIMARY KEY (`id`);

--
-- Indices de la tabla `periodo_cuatrimestral`
--
ALTER TABLE `periodo_cuatrimestral`
  ADD PRIMARY KEY (`id`);

--
-- Indices de la tabla `planeacion_tutoria`
--
ALTER TABLE `planeacion_tutoria`
  ADD PRIMARY KEY (`id`,`relacion_id`),
  ADD KEY `fk_planeacion_tutoria_relacion1_idx` (`relacion_id`);

--
-- Indices de la tabla `relacion`
--
ALTER TABLE `relacion`
  ADD PRIMARY KEY (`id`,`docente_id`,`asignatura_id`,`grupo_id`),
  ADD KEY `fk_relacion_docente1_idx` (`docente_id`),
  ADD KEY `fk_relacion_asignatura1_idx` (`asignatura_id`),
  ADD KEY `fk_relacion_grupo1_idx` (`grupo_id`);

--
-- Indices de la tabla `seguimiento_proceso`
--
ALTER TABLE `seguimiento_proceso`
  ADD PRIMARY KEY (`id`,`unidades_asignatura_id`),
  ADD KEY `fk_seguimiento_proceso_unidades_asignaturas1_idx` (`unidades_asignatura_id`);

--
-- Indices de la tabla `sesion`
--
ALTER TABLE `sesion`
  ADD PRIMARY KEY (`id`,`tipo_sesion_id`,`no_sesion`) USING BTREE,
  ADD KEY `fk_sesion_tipo_sesion1_idx` (`tipo_sesion_id`);

--
-- Indices de la tabla `temas_unidades`
--
ALTER TABLE `temas_unidades`
  ADD PRIMARY KEY (`id`,`unidades_asignatura_id`),
  ADD KEY `fk_temas_unidades_unidades_asignaturas1_idx` (`unidades_asignatura_id`);

--
-- Indices de la tabla `tipo_docente`
--
ALTER TABLE `tipo_docente`
  ADD PRIMARY KEY (`id`);

--
-- Indices de la tabla `tipo_evidencia`
--
ALTER TABLE `tipo_evidencia`
  ADD PRIMARY KEY (`id`);

--
-- Indices de la tabla `tipo_sesion`
--
ALTER TABLE `tipo_sesion`
  ADD PRIMARY KEY (`id`);

--
-- Indices de la tabla `unidades_asignaturas`
--
ALTER TABLE `unidades_asignaturas`
  ADD PRIMARY KEY (`id`,`asignatura_id`,`herramienta_id`,`parcial_id`),
  ADD KEY `unidades_asignaturas_FK` (`asignatura_id`),
  ADD KEY `unidades_asignaturas_FK_1` (`herramienta_id`),
  ADD KEY `unidades_asignaturas_FK_2` (`parcial_id`);

--
-- Indices de la tabla `unidades_reprobadas`
--
ALTER TABLE `unidades_reprobadas`
  ADD PRIMARY KEY (`id`,`unidades_asignatura_id`,`expediente_id`),
  ADD KEY `fk_unidades_asignaturas_has_expediente_expediente1_idx` (`expediente_id`),
  ADD KEY `fk_unidades_asignaturas_has_expediente_unidades_asignaturas_idx` (`unidades_asignatura_id`);

--
-- AUTO_INCREMENT de las tablas volcadas
--

--
-- AUTO_INCREMENT de la tabla `alumnos`
--
ALTER TABLE `alumnos`
  MODIFY `id` bigint(20) UNSIGNED NOT NULL AUTO_INCREMENT, AUTO_INCREMENT=208;

--
-- AUTO_INCREMENT de la tabla `analisis`
--
ALTER TABLE `analisis`
  MODIFY `id` int(10) UNSIGNED NOT NULL AUTO_INCREMENT;

--
-- AUTO_INCREMENT de la tabla `areas`
--
ALTER TABLE `areas`
  MODIFY `id` bigint(20) UNSIGNED NOT NULL AUTO_INCREMENT, AUTO_INCREMENT=7;

--
-- AUTO_INCREMENT de la tabla `asignaturas`
--
ALTER TABLE `asignaturas`
  MODIFY `id` bigint(20) UNSIGNED NOT NULL AUTO_INCREMENT;

--
-- AUTO_INCREMENT de la tabla `canalizacion`
--
ALTER TABLE `canalizacion`
  MODIFY `id` bigint(20) UNSIGNED NOT NULL AUTO_INCREMENT;

--
-- AUTO_INCREMENT de la tabla `carreras`
--
ALTER TABLE `carreras`
  MODIFY `id` bigint(20) UNSIGNED NOT NULL AUTO_INCREMENT, AUTO_INCREMENT=3;

--
-- AUTO_INCREMENT de la tabla `docentes`
--
ALTER TABLE `docentes`
  MODIFY `id` bigint(20) UNSIGNED NOT NULL AUTO_INCREMENT, AUTO_INCREMENT=17;

--
-- AUTO_INCREMENT de la tabla `docente_has_expediente`
--
ALTER TABLE `docente_has_expediente`
  MODIFY `id` bigint(20) UNSIGNED NOT NULL AUTO_INCREMENT, AUTO_INCREMENT=17;

--
-- AUTO_INCREMENT de la tabla `estatus`
--
ALTER TABLE `estatus`
  MODIFY `id` bigint(20) UNSIGNED NOT NULL AUTO_INCREMENT, AUTO_INCREMENT=7;

--
-- AUTO_INCREMENT de la tabla `evidencias`
--
ALTER TABLE `evidencias`
  MODIFY `id` bigint(20) UNSIGNED NOT NULL AUTO_INCREMENT;

--
-- AUTO_INCREMENT de la tabla `expedientes`
--
ALTER TABLE `expedientes`
  MODIFY `id` bigint(20) UNSIGNED NOT NULL AUTO_INCREMENT, AUTO_INCREMENT=208;

--
-- AUTO_INCREMENT de la tabla `expediente_academico`
--
ALTER TABLE `expediente_academico`
  MODIFY `id` bigint(20) UNSIGNED NOT NULL AUTO_INCREMENT, AUTO_INCREMENT=12;

--
-- AUTO_INCREMENT de la tabla `grupos`
--
ALTER TABLE `grupos`
  MODIFY `id` bigint(20) UNSIGNED NOT NULL AUTO_INCREMENT, AUTO_INCREMENT=8;

--
-- AUTO_INCREMENT de la tabla `grupo_has_expediente`
--
ALTER TABLE `grupo_has_expediente`
  MODIFY `id` bigint(10) UNSIGNED NOT NULL AUTO_INCREMENT, AUTO_INCREMENT=209;

--
-- AUTO_INCREMENT de la tabla `herramientas`
--
ALTER TABLE `herramientas`
  MODIFY `id` bigint(20) UNSIGNED NOT NULL AUTO_INCREMENT;

--
-- AUTO_INCREMENT de la tabla `instrumento_evaluacion`
--
ALTER TABLE `instrumento_evaluacion`
  MODIFY `id` bigint(20) UNSIGNED NOT NULL AUTO_INCREMENT;

--
-- AUTO_INCREMENT de la tabla `motivos`
--
ALTER TABLE `motivos`
  MODIFY `id` bigint(20) UNSIGNED NOT NULL AUTO_INCREMENT, AUTO_INCREMENT=21;

--
-- AUTO_INCREMENT de la tabla `parciales`
--
ALTER TABLE `parciales`
  MODIFY `id` bigint(20) UNSIGNED NOT NULL AUTO_INCREMENT;

--
-- AUTO_INCREMENT de la tabla `periodo_cuatrimestral`
--
ALTER TABLE `periodo_cuatrimestral`
  MODIFY `id` bigint(20) UNSIGNED NOT NULL AUTO_INCREMENT, AUTO_INCREMENT=4;

--
-- AUTO_INCREMENT de la tabla `seguimiento_proceso`
--
ALTER TABLE `seguimiento_proceso`
  MODIFY `id` bigint(20) UNSIGNED NOT NULL AUTO_INCREMENT;

--
-- AUTO_INCREMENT de la tabla `sesion`
--
ALTER TABLE `sesion`
  MODIFY `id` bigint(20) UNSIGNED NOT NULL AUTO_INCREMENT;

--
-- AUTO_INCREMENT de la tabla `temas_unidades`
--
ALTER TABLE `temas_unidades`
  MODIFY `id` bigint(20) UNSIGNED NOT NULL AUTO_INCREMENT;

--
-- AUTO_INCREMENT de la tabla `tipo_docente`
--
ALTER TABLE `tipo_docente`
  MODIFY `id` bigint(20) UNSIGNED NOT NULL AUTO_INCREMENT, AUTO_INCREMENT=4;

--
-- AUTO_INCREMENT de la tabla `tipo_evidencia`
--
ALTER TABLE `tipo_evidencia`
  MODIFY `id` bigint(20) UNSIGNED NOT NULL AUTO_INCREMENT;

--
-- AUTO_INCREMENT de la tabla `tipo_sesion`
--
ALTER TABLE `tipo_sesion`
  MODIFY `id` bigint(20) UNSIGNED NOT NULL AUTO_INCREMENT, AUTO_INCREMENT=3;

--
-- AUTO_INCREMENT de la tabla `unidades_asignaturas`
--
ALTER TABLE `unidades_asignaturas`
  MODIFY `id` bigint(20) UNSIGNED NOT NULL AUTO_INCREMENT;

--
-- AUTO_INCREMENT de la tabla `unidades_reprobadas`
--
ALTER TABLE `unidades_reprobadas`
  MODIFY `id` bigint(20) UNSIGNED NOT NULL AUTO_INCREMENT;

--
-- Restricciones para tablas volcadas
--

--
-- Filtros para la tabla `analisis`
--
ALTER TABLE `analisis`
  ADD CONSTRAINT `fk_analisis_unidades_asignaturas1` FOREIGN KEY (`unidades_asignatura_id`) REFERENCES `unidades_asignaturas` (`id`) ON DELETE NO ACTION ON UPDATE NO ACTION;

--
-- Filtros para la tabla `canalizacion`
--
ALTER TABLE `canalizacion`
  ADD CONSTRAINT `canalizacion_FK` FOREIGN KEY (`alumno_id`) REFERENCES `alumnos` (`id`),
  ADD CONSTRAINT `canalizacion_FK_1` FOREIGN KEY (`carrera_id`) REFERENCES `carreras` (`id`),
  ADD CONSTRAINT `canalizacion_FK_2` FOREIGN KEY (`grupo_id`) REFERENCES `grupos` (`id`),
  ADD CONSTRAINT `canalizacion_FK_3` FOREIGN KEY (`area_id`) REFERENCES `areas` (`id`);

--
-- Filtros para la tabla `competencia`
--
ALTER TABLE `competencia`
  ADD CONSTRAINT `fk_competencia_temas_unidades1` FOREIGN KEY (`tema_unidad_id`) REFERENCES `temas_unidades` (`id`) ON DELETE NO ACTION ON UPDATE NO ACTION;

--
-- Filtros para la tabla `docentes`
--
ALTER TABLE `docentes`
  ADD CONSTRAINT `docentes_FK` FOREIGN KEY (`carrera_id`) REFERENCES `carreras` (`id`),
  ADD CONSTRAINT `docentes_FK_1` FOREIGN KEY (`tipo_docente_id`) REFERENCES `tipo_docente` (`id`);

--
-- Filtros para la tabla `docente_has_expediente`
--
ALTER TABLE `docente_has_expediente`
  ADD CONSTRAINT `fk_docente_has_expediente_docente` FOREIGN KEY (`docente_id`) REFERENCES `docentes` (`id`) ON DELETE NO ACTION ON UPDATE NO ACTION,
  ADD CONSTRAINT `fk_docente_has_expediente_expediente_academico` FOREIGN KEY (`expediente_academico_id`) REFERENCES `expediente_academico` (`id`) ON DELETE NO ACTION ON UPDATE NO ACTION;

--
-- Filtros para la tabla `evidencias`
--
ALTER TABLE `evidencias`
  ADD CONSTRAINT `fk_evidencias_competencia1` FOREIGN KEY (`competencia_id`) REFERENCES `competencia` (`id`) ON DELETE NO ACTION ON UPDATE NO ACTION,
  ADD CONSTRAINT `fk_evidencias_instrumento_evaluacion1` FOREIGN KEY (`instrumento_evaluacion_id`) REFERENCES `instrumento_evaluacion` (`id`) ON DELETE NO ACTION ON UPDATE NO ACTION,
  ADD CONSTRAINT `fk_evidencias_tipo_evidencia1` FOREIGN KEY (`tipo_evidencia_id`) REFERENCES `tipo_evidencia` (`id`) ON DELETE NO ACTION ON UPDATE NO ACTION;

--
-- Filtros para la tabla `expedientes`
--
ALTER TABLE `expedientes`
  ADD CONSTRAINT `expedientes_FK` FOREIGN KEY (`estatus_id`) REFERENCES `estatus` (`id`),
  ADD CONSTRAINT `expedientes_FK_1` FOREIGN KEY (`alumno_id`) REFERENCES `alumnos` (`id`),
  ADD CONSTRAINT `expedientes_FK_2` FOREIGN KEY (`motivo_id`) REFERENCES `motivos` (`id`);

--
-- Filtros para la tabla `grupos`
--
ALTER TABLE `grupos`
  ADD CONSTRAINT `grupos_FK` FOREIGN KEY (`periodo_cuatrimestral_id`) REFERENCES `periodo_cuatrimestral` (`id`),
  ADD CONSTRAINT `grupos_FK_1` FOREIGN KEY (`carrera_id`) REFERENCES `carreras` (`id`);

--
-- Filtros para la tabla `grupo_has_expediente`
--
ALTER TABLE `grupo_has_expediente`
  ADD CONSTRAINT `fk_grupo_has_expediente_expediente1` FOREIGN KEY (`expediente_id`) REFERENCES `expedientes` (`id`) ON DELETE NO ACTION ON UPDATE NO ACTION,
  ADD CONSTRAINT `fk_grupo_has_expediente_grupo1` FOREIGN KEY (`grupo_id`) REFERENCES `grupos` (`id`) ON DELETE NO ACTION ON UPDATE NO ACTION;

--
-- Filtros para la tabla `planeacion_tutoria`
--
ALTER TABLE `planeacion_tutoria`
  ADD CONSTRAINT `fk_planeacion_tutoria_relacion1` FOREIGN KEY (`relacion_id`) REFERENCES `relacion` (`id`) ON DELETE NO ACTION ON UPDATE NO ACTION;

--
-- Filtros para la tabla `relacion`
--
ALTER TABLE `relacion`
  ADD CONSTRAINT `fk_relacion_asignatura1` FOREIGN KEY (`asignatura_id`) REFERENCES `asignaturas` (`id`) ON DELETE NO ACTION ON UPDATE NO ACTION,
  ADD CONSTRAINT `fk_relacion_docente1` FOREIGN KEY (`docente_id`) REFERENCES `docentes` (`id`) ON DELETE NO ACTION ON UPDATE NO ACTION,
  ADD CONSTRAINT `fk_relacion_grupo1` FOREIGN KEY (`grupo_id`) REFERENCES `grupos` (`id`) ON DELETE NO ACTION ON UPDATE NO ACTION;

--
-- Filtros para la tabla `seguimiento_proceso`
--
ALTER TABLE `seguimiento_proceso`
  ADD CONSTRAINT `fk_seguimiento_proceso_unidades_asignaturas1` FOREIGN KEY (`unidades_asignatura_id`) REFERENCES `unidades_asignaturas` (`id`) ON DELETE NO ACTION ON UPDATE NO ACTION;

--
-- Filtros para la tabla `sesion`
--
ALTER TABLE `sesion`
  ADD CONSTRAINT `fk_sesion_tipo_sesion1` FOREIGN KEY (`tipo_sesion_id`) REFERENCES `tipo_sesion` (`id`) ON DELETE NO ACTION ON UPDATE NO ACTION;

--
-- Filtros para la tabla `temas_unidades`
--
ALTER TABLE `temas_unidades`
  ADD CONSTRAINT `fk_temas_unidades_unidades_asignaturas1` FOREIGN KEY (`unidades_asignatura_id`) REFERENCES `unidades_asignaturas` (`id`) ON DELETE NO ACTION ON UPDATE NO ACTION;

--
-- Filtros para la tabla `unidades_asignaturas`
--
ALTER TABLE `unidades_asignaturas`
  ADD CONSTRAINT `unidades_asignaturas_FK` FOREIGN KEY (`asignatura_id`) REFERENCES `asignaturas` (`id`),
  ADD CONSTRAINT `unidades_asignaturas_FK_1` FOREIGN KEY (`herramienta_id`) REFERENCES `herramientas` (`id`),
  ADD CONSTRAINT `unidades_asignaturas_FK_2` FOREIGN KEY (`parcial_id`) REFERENCES `parciales` (`id`);

--
-- Filtros para la tabla `unidades_reprobadas`
--
ALTER TABLE `unidades_reprobadas`
  ADD CONSTRAINT `fk_unidades_asignaturas_has_expediente_expediente1` FOREIGN KEY (`expediente_id`) REFERENCES `expedientes` (`id`) ON DELETE NO ACTION ON UPDATE NO ACTION,
  ADD CONSTRAINT `fk_unidades_asignaturas_has_expediente_unidades_asignaturas1` FOREIGN KEY (`unidades_asignatura_id`) REFERENCES `unidades_asignaturas` (`id`) ON DELETE NO ACTION ON UPDATE NO ACTION;
COMMIT;

/*!40101 SET CHARACTER_SET_CLIENT=@OLD_CHARACTER_SET_CLIENT */;
/*!40101 SET CHARACTER_SET_RESULTS=@OLD_CHARACTER_SET_RESULTS */;
/*!40101 SET COLLATION_CONNECTION=@OLD_COLLATION_CONNECTION */;
