-- phpMyAdmin SQL Dump
-- version 5.2.0
-- https://www.phpmyadmin.net/
--
-- Hôte : 127.0.0.1:3307
-- Généré le : dim. 03 mars 2024 à 17:14
-- Version du serveur : 10.10.2-MariaDB
-- Version de PHP : 8.0.26

SET SQL_MODE = "NO_AUTO_VALUE_ON_ZERO";
START TRANSACTION;
SET time_zone = "+00:00";

DROP DATABASE IF EXISTS urbex_spring;
CREATE DATABASE IF NOT EXISTS urbex_spring;
USE urbex_spring;

/*!40101 SET @OLD_CHARACTER_SET_CLIENT=@@CHARACTER_SET_CLIENT */;
/*!40101 SET @OLD_CHARACTER_SET_RESULTS=@@CHARACTER_SET_RESULTS */;
/*!40101 SET @OLD_COLLATION_CONNECTION=@@COLLATION_CONNECTION */;
/*!40101 SET NAMES utf8mb4 */;

--
-- Base de données : `urbex_spring`
--

-- --------------------------------------------------------

--
-- Structure de la table `continent`
--

DROP TABLE IF EXISTS `continent`;
CREATE TABLE IF NOT EXISTS `continent` (
  `id` int(11) NOT NULL AUTO_INCREMENT,
  `fr_name` varchar(60) NOT NULL,
  `en_name` varchar(60) NOT NULL,
  PRIMARY KEY (`id`)
) ENGINE=InnoDB AUTO_INCREMENT=6 DEFAULT CHARSET=utf8mb4 COLLATE=utf8mb4_general_ci;

--
-- Déchargement des données de la table `continent`
--

INSERT INTO `continent` (`id`, `fr_name`, `en_name`) VALUES
(1, 'AFRIQUE', 'AFRICA'),
(2, 'AMERIQUE', 'AMERICA'),
(3, 'ASIE', 'ASIA'),
(4, 'EUROPE', 'EUROPE'),
(5, 'OCEANIE', 'OCENIA');

-- --------------------------------------------------------

--
-- Structure de la table `country`
--

DROP TABLE IF EXISTS `country`;
CREATE TABLE IF NOT EXISTS `country` (
  `id` int(11) NOT NULL AUTO_INCREMENT,
  `fr_name` varchar(60) NOT NULL,
  `en_name` varchar(60) NOT NULL,
  `fr_capital_city` varchar(60) NOT NULL,
  `en_capital_city` varchar(60) NOT NULL,
  `continent_id` int(11) NOT NULL,
  PRIMARY KEY (`id`),
  KEY `continent_id` (`continent_id`)
) ENGINE=InnoDB AUTO_INCREMENT=196 DEFAULT CHARSET=utf8mb4 COLLATE=utf8mb4_general_ci;

--
-- Déchargement des données de la table `country`
--

INSERT INTO `country` (`id`, `fr_name`, `en_name`, `fr_capital_city`, `en_capital_city`, `continent_id`) VALUES
(1, 'AFRIQUE DU SUD', 'SOUTH AFRICA', 'PRETORIA', 'PRETORIA', 1),
(2, 'ALGÉRIE', 'ALGERIA', 'ALGER', 'ALGIERS', 1),
(3, 'ANGOLA', 'ANGOLA', 'LUANDA', 'LUANDA', 1),
(4, 'BÉNIN', 'BENIN', 'PORTO-NOVO', 'PORTO-NOVO', 1),
(5, 'BOTSWANA', 'BOTSWANA', 'GABORONE', 'GABORONE', 1),
(6, 'BURKINA FASO', 'BURKINA FASO', 'OUAGADOUGOU', 'OUAGADOUGOU', 1),
(7, 'BURUNDI', 'BURUNDI', 'GITEGA', 'BUJUMBURA', 1),
(8, 'CAMEROUN', 'CAMEROON', 'YAOUNDÉ', 'YAOUNDE', 1),
(9, 'CAP-VERT', 'CABO VERDE', 'PRAIA', 'PRAIA', 1),
(10, 'COMORES', 'COMOROS', 'MORONI', 'MORONI', 1),
(11, 'CÔTE D\'IVOIRE', 'CÔTE D\'IVOIRE', 'YAMOUSSOUKRO', 'YAMOUSSOUKRO', 1),
(12, 'DJIBOUTI', 'DJIBOUTI', 'DJIBOUTI', 'DJIBOUTI (CITY)', 1),
(13, 'ÉGYPTE', 'EGYPT', 'LE CAIRE', 'CAIRO', 1),
(14, 'ÉRYTHRÉE', 'ERITREA', 'ASMARA', 'ASMARA', 1),
(15, 'ÉTHIOPIE', 'ETHIOPIA', 'ADDIS-ABEBA', 'ADDIS ABABA', 1),
(16, 'GABON', 'GABON', 'LIBREVILLE', 'LIBREVILLE', 1),
(17, 'GAMBIE', 'GAMBIA, THE', 'BANJUL', 'BANJUL', 1),
(18, 'GHANA', 'GHANA', 'ACCRA', 'ACCRA', 1),
(19, 'GUINÉE', 'GUINEA', 'CONAKRY', 'CONAKRY', 1),
(20, 'GUINÉE ÉQUATORIALE', 'EQUATORIAL GUINEA', 'MALABO', 'MALABO', 1),
(21, 'GUINÉE-BISSAU', 'GUINEA-BISSAU', 'BISSAU', 'BISSAU', 1),
(22, 'KENYA', 'KENYA', 'NAIROBI', 'NAIROBI', 1),
(23, 'LESOTHO', 'LESOTHO', 'MASERU', 'MASERU', 1),
(24, 'LIBERIA', 'LIBERIA', 'MONROVIA', 'MONROVIA', 1),
(25, 'LIBYE', 'LIBYA', 'TRIPOLI', 'TRIPOLI', 1),
(26, 'MADAGASCAR', 'MADAGASCAR', 'ANTANANARIVO', 'ANTANANARIVO', 1),
(27, 'MALAWI', 'MALAWI', 'LILONGWE', 'LILONGWE', 1),
(28, 'MALI', 'MALI', 'BAMAKO', 'BAMAKO', 1),
(29, 'MAROC', 'MOROCCO', 'RABAT', 'RABAT', 1),
(30, 'MAURICE', 'MAURITIUS', 'PORT-LOUIS', 'PORT LOUIS', 1),
(31, 'MAURITANIE', 'MAURITANIA', 'NOUAKCHOTT', 'NOUAKCHOTT', 1),
(32, 'MOZAMBIQUE', 'MOZAMBIQUE', 'MAPUTO', 'MAPUTO', 1),
(33, 'NAMIBIE', 'NAMIBIA', 'WINDHOEK', 'WINDHOEK', 1),
(34, 'NIGER', 'NIGER', 'NIAMEY', 'NIAMEY', 1),
(35, 'NIGERIA', 'NIGERIA', 'ABUJA', 'ABUJA', 1),
(36, 'OUGANDA', 'UGANDA', 'KAMPALA', 'KAMPALA', 1),
(37, 'RÉPUBLIQUE CENTRAFRICAINE', 'CENTRAL AFRICAN REPUBLIC', 'BANGUI', 'BANGUI', 1),
(38, 'RÉPUBLIQUE DÉMOCRATIQUE DU CONGO', 'CONGO, DEMOCRATIC REPUBLIC OF THE', 'KINSHASA', 'KINSHASA', 1),
(39, 'RÉPUBLIQUE DU CONGO', 'REPUBLIC OF THE CONGO', 'BRAZZAVILLE', 'BRAZZAVILLE', 1),
(40, 'RWANDA', 'RWANDA', 'KIGALI', 'KIGALI', 1),
(41, 'SÃO TOMÉ-ET-PRINCIPE', 'SÃO TOMÉ & PRÍNCIPE', 'SÃO TOMÉ', 'SÃO TOMÉ', 1),
(42, 'SÉNÉGAL', 'SENEGAL', 'DAKAR', 'DAKAR', 1),
(43, 'SEYCHELLES', 'SEYCHELLES', 'VICTORIA', 'VICTORIA', 1),
(44, 'SIERRA LEONE', 'SIERRA LEONE', 'FREETOWN', 'FREETOWN', 1),
(45, 'SOMALIE', 'SOMALIA', 'MOGADISCIO', 'MOGADISHU', 1),
(46, 'SOUDAN', 'SUDAN', 'KHARTOUM', 'KHARTOUM', 1),
(47, 'SOUDAN DU SUD', 'SOUTH SUDAN', 'DJOUBA', 'JUBA', 1),
(48, 'SWAZILAND', 'ESWATINI', 'MBABANE', 'MBABANE', 1),
(49, 'TANZANIE', 'TANZANIA', 'DODOMA', 'DODOMA', 1),
(50, 'TCHAD', 'CHAD', 'N\'DJAMÉNA', 'N\'DJAMENA', 1),
(51, 'TOGO', 'TOGO', 'LOMÉ', 'LOMÉ', 1),
(52, 'TUNISIE', 'TUNISIA', 'TUNIS', 'TUNIS', 1),
(53, 'ZAMBIE', 'ZAMBIA', 'LUSAKA', 'LUSAKA', 1),
(54, 'ZIMBABWE', 'ZIMBABWE', 'HARARE', 'HARARE', 1),
(55, 'ANTIGUA-ET-BARBUDA', 'ANTIGUA & BARBUDA', 'SAINT JOHN\'S', 'SAINT JOHN\'S', 2),
(56, 'ARGENTINE', 'ARGENTINA', 'BUENOS AIRES', 'BUENOS AIRES', 2),
(57, 'BAHAMAS', 'BAHAMAS, THE', 'NASSAU', 'NASSAU', 2),
(58, 'BARBADE', 'BARBADOS', 'BRIDGETOWN', 'BRIDGETOWN', 2),
(59, 'BELIZE', 'BELIZE', 'BELMOPAN', 'BELMOPAN', 2),
(60, 'BOLIVIE', 'BOLIVIA', 'SUCRE', 'SUCRE', 2),
(61, 'BRÉSIL', 'BRAZIL', 'BRASILIA', 'BRASILIA', 2),
(62, 'CANADA', 'CANADA', 'OTTAWA', 'OTTAWA', 2),
(63, 'CHILI', 'CHILE', 'SANTIAGO', 'SANTIAGO', 2),
(64, 'COLOMBIE', 'COLOMBIA', 'BOGOTA', 'BOGOTÁ', 2),
(65, 'COSTA RICA', 'COSTA RICA', 'SAN JOSÉ', 'SAN JOSE', 2),
(66, 'CUBA', 'CUBA', 'LA HAVANE', 'HAVANA', 2),
(67, 'DOMINIQUE', 'DOMINICA', 'ROSEAU', 'ROSEAU', 2),
(68, 'ÉQUATEUR', 'ECUADOR', 'QUITO', 'QUITO', 2),
(69, 'ÉTATS-UNIS', 'UNITED STATES', 'WASHINGTON', 'WASHINGTON, D.C.', 2),
(70, 'GRENADE', 'GRENADA', 'SAINT-GEORGES', 'SAINT GEORGE\'S', 2),
(71, 'GUATEMALA', 'GUATEMALA', 'GUATEMALA', 'GUATEMALA CITY', 2),
(72, 'GUYANA', 'GUYANA', 'GEORGETOWN', 'GEORGETOWN', 2),
(73, 'HAÏTI', 'HAITI', 'PORT-AU-PRINCE', 'PORT-AU-PRINCE', 2),
(74, 'HONDURAS', 'HONDURAS', 'TEGUCIGALPA', 'TEGUCIGALPA', 2),
(75, 'JAMAÏQUE', 'JAMAICA', 'KINGSTON', 'KINGSTON', 2),
(76, 'MEXIQUE', 'MEXICO', 'MEXICO', 'MEXICO CITY', 2),
(77, 'NICARAGUA', 'NICARAGUA', 'MANAGUA', 'MANAGUA', 2),
(78, 'PANAMA', 'PANAMA', 'PANAMA', 'PANAMA CITY', 2),
(79, 'PARAGUAY', 'PARAGUAY', 'ASUNCION', 'ASUNCIÓN', 2),
(80, 'PÉROU', 'PERU', 'LIMA', 'LIMA', 2),
(81, 'RÉPUBLIQUE DOMINICAINE', 'DOMINICAN REPUBLIC', 'SAINT-DOMINGUE', 'SANTO DOMINGO', 2),
(82, 'SAINT-CHRISTOPHE-ET-NIÉVÈS', 'SAINT KITTS & NEVIS', 'BASSETERRE', 'BASSETERRE', 2),
(83, 'SAINTE-LUCIE', 'SAINT LUCIA', 'CASTRIES', 'CASTRIES', 2),
(84, 'SAINT-VINCENT-ET-LES-GRENADINES', 'SAINT VINCENT & THE GRENADINES', 'KINGSTOWN', 'KINGSTOWN', 2),
(85, 'SALVADOR', 'EL SALVADOR', 'SAN SALVADOR', 'SAN SALVADOR', 2),
(86, 'SURINAME', 'SURINAME', 'PARAMARIBO', 'PARAMARIBO', 2),
(87, 'TRINITÉ-ET-TOBAGO', 'TRINIDAD & TOBAGO', 'PORT-D’ESPAGNE', 'PORT OF SPAIN', 2),
(88, 'URUGUAY', 'URUGUAY', 'MONTEVIDEO', 'MONTEVIDEO', 2),
(89, 'VENEZUELA', 'VENEZUELA', 'CARACAS', 'CARACAS', 2),
(90, 'AFGHANISTAN', 'AFGHANISTAN', 'KABOUL', 'KABUL', 3),
(91, 'ARABIE SAOUDITE', 'SAUDI ARABIA', 'RIYAD', 'RIYADH', 3),
(92, 'AZERBAÏDJAN', 'AZERBAIJAN', 'BAKOU', 'BAKU', 3),
(93, 'BAHREÏN', 'BAHRAIN', 'MANAMA', 'MANAMA', 3),
(94, 'BANGLADESH', 'BANGLADESH', 'DACCA', 'DHAKA', 3),
(95, 'BHOUTAN', 'BHUTAN', 'THIMPHOU', 'THIMPHU', 3),
(96, 'BIRMANIE', 'MYANMAR', 'NAYPYIDAW', 'NAY PYI TAW', 3),
(97, 'BRUNEI', 'BRUNEI', 'BANDAR SERI BEGAWAN', 'BANDAR SERI BEGAWAN', 3),
(98, 'CAMBODGE', 'CAMBODIA', 'PHNOM PENH', 'PHNOM PENH', 3),
(99, 'CHINE', 'CHINA', 'PÉKIN', 'BEIJING', 3),
(100, 'CORÉE DU NORD', 'NORTH KOREA', 'PYONGYANG', 'PYONGYANG', 3),
(101, 'CORÉE DU SUD', 'SOUTH KOREA', 'SÉOUL', 'SEOUL', 3),
(102, 'ÉMIRATS ARABES UNIS', 'UNITED ARAB EMIRATES', 'ABOU DABI', 'ABU DHABI', 3),
(103, 'INDE', 'INDIA', 'NEW DELHI', 'NEW DELHI', 3),
(104, 'INDONÉSIE', 'INDONESIA', 'JAKARTA', 'JAKARTA', 3),
(105, 'IRAK', 'IRAQ', 'BAGDAD', 'BAGHDAD', 3),
(106, 'IRAN', 'IRAN', 'TÉHÉRAN', 'TEHRAN', 3),
(107, 'ISRAËL', 'ISRAEL', 'JÉRUSALEM', 'JERUSALEM', 3),
(108, 'JAPON', 'JAPAN', 'TOKYO', 'TOKYO', 3),
(109, 'JORDANIE', 'JORDAN', 'AMMAN', 'AMMAN', 3),
(110, 'KAZAKHSTAN', 'KAZAKHSTAN', 'NOURSOULTAN', 'NUR-SULTAN', 3),
(111, 'KIRGHIZISTAN', 'KYRGYZSTAN', 'BICHKEK', 'BISHKEK', 3),
(112, 'KOWEÏT', 'KUWAIT', 'KOWEÏT', 'KUWAIT CITY', 3),
(113, 'LAOS', 'LAOS', 'VIENTIANE', 'VIENTIANE', 3),
(114, 'LIBAN', 'LEBANON', 'BEYROUTH', 'BEIRUT', 3),
(115, 'MALAISIE', 'MALAYSIA', 'KUALA LUMPUR', 'KUALA LUMPUR', 3),
(116, 'MALDIVES', 'MALDIVES', 'MALÉ', 'MALE', 3),
(117, 'MONGOLIE', 'MONGOLIA', 'OULAN-BATOR', 'ULAANBAATAR', 3),
(118, 'NÉPAL', 'NEPAL', 'KATMANDOU', 'KATHMANDU', 3),
(119, 'OMAN', 'OMAN', 'MASCATE', 'MUSCAT', 3),
(120, 'OUZBÉKISTAN', 'UZBEKISTAN', 'TACHKENT', 'TASHKENT', 3),
(121, 'PAKISTAN', 'PAKISTAN', 'ISLAMABAD', 'ISLAMABAD', 3),
(122, 'PALESTINE', 'PALESTINE', 'RAMALLAH', 'EAST JERUSALEM', 3),
(123, 'PHILIPPINES', 'PHILIPPINES', 'MANILLE', 'MANILA', 3),
(124, 'QATAR', 'QATAR', 'DOHA', 'DOHA', 3),
(125, 'SINGAPOUR', 'SINGAPORE', 'SINGAPOUR', 'SINGAPORE', 3),
(126, 'SRI LANKA', 'SRI LANKA', 'SRI JAYAWARDENAPURA', 'COLOMBO, SRI JAYAWARDENEPURA KOTTE', 3),
(127, 'SYRIE', 'SYRIA', 'DAMAS', 'DAMASCUS', 3),
(128, 'TADJIKISTAN', 'TAJIKISTAN', 'DOUCHANBÉ', 'DUSHANBE', 3),
(129, 'THAÏLANDE', 'THAILAND', 'BANGKOK', 'BANGKOK', 3),
(130, 'TIMOR ORIENTAL', 'TIMOR-LESTE', 'DILI', 'DILI', 3),
(131, 'TURKMÉNISTAN', 'TURKMENISTAN', 'ACHGABAT', 'ASHGABAT', 3),
(132, 'TURQUIE', 'TURKEY', 'ANKARA', 'ANKARA', 3),
(133, 'VIÊT NAM', 'VIETNAM', 'HANOÏ', 'HANOI', 3),
(134, 'YÉMEN', 'YEMEN', 'SANAA', 'SANA\'A', 3),
(135, 'ALBANIE', 'ALBANIA', 'TIRANA', 'TIRANA', 4),
(136, 'ALLEMAGNE', 'GERMANY', 'BERLIN', 'BERLIN', 4),
(137, 'ANDORRE', 'ANDORRA', 'ANDORRE-LA-VIEILLE', 'ANDORRA LA VELLA', 4),
(138, 'ARMÉNIE', 'ARMENIA', 'EREVAN', 'YEREVAN', 4),
(139, 'AUTRICHE', 'AUSTRIA', 'VIENNE', 'VIENNA', 4),
(140, 'BELGIQUE', 'BELGIUM', 'BRUXELLES', 'BRUSSELS', 4),
(141, 'BIÉLORUSSIE', 'BELARUS', 'MINSK', 'MINSK', 4),
(142, 'BOSNIE-HERZÉGOVINE', 'BOSNIA & HERZEGOVINA', 'SARAJEVO', 'SARAJEVO', 4),
(143, 'BULGARIE', 'BULGARIA', 'SOFIA', 'SOFIA', 4),
(144, 'CHYPRE', 'CYPRUS', 'NICOSIE', 'NICOSIA', 4),
(145, 'CROATIE', 'CROATIA', 'ZAGREB', 'ZAGREB', 4),
(146, 'DANEMARK', 'DENMARK', 'COPENHAGUE', 'COPENHAGEN', 4),
(147, 'ESPAGNE', 'SPAIN', 'MADRID', 'MADRID', 4),
(148, 'ESTONIE', 'ESTONIA', 'TALLINN', 'TALLINN', 4),
(149, 'FINLANDE', 'FINLAND', 'HELSINKI', 'HELSINKI', 4),
(150, 'FRANCE', 'FRANCE', 'PARIS', 'PARIS', 4),
(151, 'GÉORGIE', 'GEORGIA', 'TBILISSI', 'TBILISI', 4),
(152, 'GRÈCE', 'GREECE', 'ATHÈNES', 'ATHENS', 4),
(153, 'HONGRIE', 'HUNGARY', 'BUDAPEST', 'BUDAPEST', 4),
(154, 'IRLANDE', 'IRELAND', 'DUBLIN', 'DUBLIN', 4),
(155, 'ISLANDE', 'ICELAND', 'REYKJAVIK', 'REYKJAVIK', 4),
(156, 'ITALIE', 'ITALY', 'ROME', 'ROME', 4),
(157, 'LETTONIE', 'LATVIA', 'RIGA', 'RIGA', 4),
(158, 'LIECHTENSTEIN', 'LIECHTENSTEIN', 'VADUZ', 'VADUZ', 4),
(159, 'LITUANIE', 'LITHUANIA', 'VILNIUS', 'VILNIUS', 4),
(160, 'LUXEMBOURG', 'LUXEMBOURG', 'LUXEMBOURG', 'LUXEMBOURG', 4),
(161, 'MACÉDOINE', 'NORTH MACEDONIA', 'SKOPJE', 'SKOPJE', 4),
(162, 'MALTE', 'MALTA', 'LA VALETTE', 'VALLETTA', 4),
(163, 'MOLDAVIE', 'MOLDOVA', 'CHIȘINĂU', 'CHISINAU', 4),
(164, 'MONACO', 'MONACO', 'MONACO', 'MONACO', 4),
(165, 'MONTÉNÉGRO', 'MONTENEGRO', 'PODGORICA', 'PODGORICA', 4),
(166, 'NORVÈGE', 'NORWAY', 'OSLO', 'OSLO', 4),
(167, 'PAYS-BAS', 'NETHERLANDS', 'AMSTERDAM', 'AMSTERDAM', 4),
(168, 'POLOGNE', 'POLAND', 'VARSOVIE', 'WARSAW', 4),
(169, 'PORTUGAL', 'PORTUGAL', 'LISBONNE', 'LISBON', 4),
(170, 'RÉPUBLIQUE TCHÈQUE', 'CZECH REPUBLIC', 'PRAGUE', 'PRAGUE', 4),
(171, 'ROUMANIE', 'ROMANIA', 'BUCAREST', 'BUCHAREST', 4),
(172, 'ROYAUME-UNI', 'UNITED KINGDOM', 'LONDRES', 'LONDON', 4),
(173, 'RUSSIE', 'RUSSIA', 'MOSCOU', 'MOSCOW', 4),
(174, 'SAINT-MARIN', 'SAN MARINO', 'SAINT-MARIN', 'SAN MARINO', 4),
(175, 'SERBIE', 'SERBIA', 'BELGRADE', 'BELGRADE', 4),
(176, 'SLOVAQUIE', 'SLOVAKIA', 'BRATISLAVA', 'BRATISLAVA', 4),
(177, 'SLOVÉNIE', 'SLOVENIA', 'LJUBLJANA', 'LJUBLJANA', 4),
(178, 'SUÈDE', 'SWEDEN', 'STOCKHOLM', 'STOCKHOLM', 4),
(179, 'SUISSE', 'SWITZERLAND', 'BERNE', 'BERN', 4),
(180, 'UKRAINE', 'UKRAINE', 'KIEV', 'KIEV', 4),
(181, 'VATICAN', 'VATICAN CITY', 'VATICAN', 'VATICAN CITY', 4),
(182, 'AUSTRALIE', 'AUSTRALIA', 'CANBERRA', 'CANBERRA', 5),
(183, 'FIDJI', 'FIJI', 'SUVA', 'SUVA', 5),
(184, 'ÎLES MARSHALL', 'MARSHALL ISLANDS', 'MAJURO', 'MAJURO', 5),
(185, 'KIRIBATI', 'KIRIBATI', 'TARAWA-SUD', 'SOUTH TARAWA', 5),
(186, 'MICRONÉSIE', 'FEDERATED STATES OF MICRONESIA', 'PALIKIR', 'PALIKIR', 5),
(187, 'NAURU', 'NAURU', 'YAREN', 'YAREN DISTRICT', 5),
(188, 'NOUVELLE-ZÉLANDE', 'NEW ZEALAND', 'WELLINGTON', 'WELLINGTON', 5),
(189, 'PALAOS', 'PALAU', 'NGERULMUD', 'NGERULMUD', 5),
(190, 'PAPOUASIE-NOUVELLE-GUINÉE', 'PAPUA NEW GUINEA', 'PORT MORESBY', 'PORT MORESBY', 5),
(191, 'SALOMON', 'SOLOMON ISLANDS', 'HONIARA', 'HONIARA', 5),
(192, 'SAMOA', 'SAMOA', 'APIA', 'APIA', 5),
(193, 'TONGA', 'TONGA', 'NUKUʻALOFA', 'NUKUʻALOFA', 5),
(194, 'TUVALU', 'TUVALU', 'FUNAFUTI', 'FUNAFUTI', 5),
(195, 'VANUATU', 'VANUATU', 'PORT-VILA', 'PORT VILA', 5);

-- --------------------------------------------------------

--
-- Structure de la table `department`
--

DROP TABLE IF EXISTS `department`;
CREATE TABLE IF NOT EXISTS `department` (
  `id` varchar(3) NOT NULL,
  `name` varchar(100) NOT NULL,
  `region_id` int(11) NOT NULL,
  PRIMARY KEY (`id`),
  KEY `region_id` (`region_id`)
) ENGINE=InnoDB DEFAULT CHARSET=utf8mb4 COLLATE=utf8mb4_general_ci;

--
-- Déchargement des données de la table `department`
--

INSERT INTO `department` (`id`, `name`, `region_id`) VALUES
('01', 'Ain', 1),
('02', 'Aisne', 7),
('03', 'Allier', 1),
('04', 'Alpes-de-Haute-Provence', 13),
('05', 'Hautes-Alpes', 13),
('06', 'Alpes-Maritimes', 13),
('07', 'Ardèche', 1),
('08', 'Ardennes', 6),
('09', 'Ariège', 11),
('10', 'Aube', 6),
('11', 'Aude', 11),
('12', 'Aveyron', 11),
('13', 'Bouches-du-Rhône', 13),
('14', 'Calvados', 9),
('15', 'Cantal', 1),
('16', 'Charente', 10),
('17', 'Charente-Maritime', 10),
('18', 'Cher', 4),
('19', 'Corrèze', 10),
('21', 'Côte-d\'Or', 2),
('22', 'Côtes d\'Armor', 3),
('23', 'Creuse', 10),
('24', 'Dordogne', 10),
('25', 'Doubs', 2),
('26', 'Drôme', 1),
('27', 'Eure', 9),
('28', 'Eure-et-Loir', 4),
('29', 'Finistère', 3),
('2A', 'Corse-du-Sud', 5),
('2B', 'Haute-Corse', 5),
('30', 'Gard', 11),
('31', 'Haute-Garonne', 11),
('32', 'Gers', 11),
('33', 'Gironde', 10),
('34', 'Hérault', 11),
('35', 'Ille-et-Vilaine', 3),
('36', 'Indre', 4),
('37', 'Indre-et-Loire', 4),
('38', 'Isère', 1),
('39', 'Jura', 2),
('40', 'Landes', 10),
('41', 'Loir-et-Cher', 4),
('42', 'Loire', 1),
('43', 'Haute-Loire', 1),
('44', 'Loire-Atlantique', 12),
('45', 'Loiret', 4),
('46', 'Lot', 11),
('47', 'Lot-et-Garonne', 10),
('48', 'Lozère', 11),
('49', 'Maine-et-Loire', 4),
('50', 'Manche', 9),
('51', 'Marne', 6),
('52', 'Haute-Marne', 6),
('53', 'Mayenne', 12),
('54', 'Meurthe-et-Moselle', 6),
('55', 'Meuse', 6),
('56', 'Morbihan', 3),
('57', 'Moselle', 6),
('58', 'Nièvre', 2),
('59', 'Nord', 7),
('60', 'Oise', 7),
('61', 'Orne', 9),
('62', 'Pas-de-Calais', 7),
('63', 'Puy-de-Dôme', 1),
('64', 'Pyrénées-Atlantiques', 10),
('65', 'Hautes-Pyrénées', 11),
('66', 'Pyrénées-Orientales', 11),
('67', 'Bas-Rhin', 6),
('68', 'Haut-Rhin', 6),
('69', 'Rhône', 1),
('70', 'Haute-Saône', 2),
('71', 'Saône-et-Loire', 2),
('72', 'Sarthe', 12),
('73', 'Savoie', 1),
('74', 'Haute-Savoie', 1),
('75', 'Paris', 8),
('76', 'Seine-Maritime', 9),
('77', 'Seine-et-Marne', 8),
('78', 'Yvelines', 8),
('79', 'Deux-Sèvres', 10),
('80', 'Somme', 7),
('81', 'Tarn', 11),
('82', 'Tarn-et-Garonne', 11),
('83', 'Var', 13),
('84', 'Vaucluse', 13),
('85', 'Vendée', 12),
('86', 'Vienne', 10),
('87', 'Haute-Vienne', 10),
('88', 'Vosges', 6),
('89', 'Yonne', 2),
('90', 'Territoire de Belfort', 2),
('91', 'Essonne', 8),
('92', 'Hauts-de-Seine', 8),
('93', 'Seine-St-Denis', 8),
('94', 'Val-de-Marne', 8),
('95', 'Val-D\'Oise', 8),
('971', 'Guadeloupe', 14),
('972', 'Martinique', 14),
('973', 'Guyane', 14),
('974', 'La Reunion', 14),
('976', 'Mayotte', 14);

-- --------------------------------------------------------

--
-- Structure de la table `fake_isurbex`
--

DROP TABLE IF EXISTS `fake_isurbex`;
CREATE TABLE IF NOT EXISTS `fake_isurbex` (
  `is_urbex` int(11) NOT NULL
) ENGINE=MyISAM DEFAULT CHARSET=utf8mb4 COLLATE=utf8mb4_general_ci;

--
-- Déchargement des données de la table `fake_isurbex`
--

INSERT INTO `fake_isurbex` (`is_urbex`) VALUES
(0),
(1);

-- --------------------------------------------------------

--
-- Structure de la table `fake_user`
--

DROP TABLE IF EXISTS `fake_user`;
CREATE TABLE IF NOT EXISTS `fake_user` (
  `nickname` varchar(50) NOT NULL,
  `user_id` int(11) NOT NULL
) ENGINE=InnoDB DEFAULT CHARSET=utf8mb4 COLLATE=utf8mb4_general_ci;

--
-- Déchargement des données de la table `fake_user`
--

INSERT INTO `fake_user` (`nickname`, `user_id`) VALUES
('', 0),
('Nick Urban', 1),
('Silvy & Serge', 6);

-- --------------------------------------------------------

--
-- Structure de la table `image`
--

DROP TABLE IF EXISTS `image`;
CREATE TABLE IF NOT EXISTS `image` (
  `id` int(11) NOT NULL AUTO_INCREMENT,
  `name` varchar(60) NOT NULL,
  `date_taken` date NOT NULL,
  `is_front` tinyint(1) NOT NULL,
  `marker_id` int(11) NOT NULL,
  `user_id` int(11) DEFAULT NULL,
  `image_type_id` int(11) NOT NULL,
  PRIMARY KEY (`id`),
  KEY `image_marker` (`marker_id`),
  KEY `image_user` (`user_id`),
  KEY `image_type_id` (`image_type_id`)
) ENGINE=InnoDB AUTO_INCREMENT=4289 DEFAULT CHARSET=utf8mb4 COLLATE=utf8mb4_general_ci;

--
-- Déchargement des données de la table `image`
--

INSERT INTO `image` (`id`, `name`, `date_taken`, `is_front`, `marker_id`, `user_id`, `image_type_id`) VALUES
(3, 'Hotel_Tetzner.jpg', '2020-05-11', 1, 2, NULL, 1),
(9, 'Doel_STR.jpg', '2017-11-01', 1, 6, NULL, 2),
(10, 'Doel_SAT.jpg', '2020-05-12', 0, 6, NULL, 1),
(11, 'La_Haute_Barde_STR.jpg', '2018-06-01', 1, 7, NULL, 2),
(12, 'La_Haute_Barde_SAT.jpg', '2020-05-12', 0, 7, NULL, 1),
(13, 'Sanatorium_de_Dreux.jpg', '2020-05-11', 1, 8, NULL, 1),
(16, 'Sanatorium_Beelitz_STR.jpg', '2013-07-01', 1, 10, NULL, 2),
(17, 'Sanatorium_Beelitz_SAT.jpg', '2020-05-12', 0, 10, NULL, 1),
(18, 'Domaine_des_Trois_Colonnes.jpg', '2020-05-11', 1, 11, NULL, 1),
(19, 'Hôtel_Jadran.jpg', '2020-01-01', 1, 12, NULL, 1),
(20, 'Domaine_des_Soulades_STR.jpg', '2010-03-01', 1, 13, NULL, 2),
(21, 'Domaine_des_Soulades_SAT.jpg', '2020-05-12', 0, 13, NULL, 1),
(22, 'Château_de_Valgros_Frontenac_STR.jpg', '2016-10-01', 1, 14, NULL, 2),
(23, 'Château_de_Valgros_Frontenac_SAT.jpg', '2020-05-12', 0, 14, NULL, 1),
(24, 'Hôtel_du_Chalet_STR.jpg', '2018-09-01', 1, 15, NULL, 2),
(25, 'Hôtel_du_Chalet_SAT.jpg', '2020-05-12', 0, 15, NULL, 1),
(26, 'Volley_Ball_Athens_2004.jpg', '2020-05-12', 1, 16, NULL, 1),
(27, 'Sanatorium_Curtis_Osborne_STR.jpg', '2014-12-01', 1, 17, NULL, 2),
(28, 'Sanatorium_Curtis_Osborne_SAT.jpg', '2020-05-12', 0, 17, NULL, 1),
(29, 'Aéroport_Olympique.jpg', '2020-05-12', 1, 18, NULL, 1),
(30, 'Hotel_Saladi_Beach.jpg', '2020-05-12', 1, 19, NULL, 1),
(31, 'Raf_Park.jpg', '2020-05-12', 1, 20, NULL, 1),
(32, 'Sanatorium_Deyanov_STR.jpg', '2019-10-01', 1, 21, NULL, 2),
(33, 'Sanatorium_Deyanov_SAT.jpg', '2020-05-12', 0, 21, NULL, 1),
(34, 'Aguas_Radium_STR.jpg', '2019-10-01', 1, 22, NULL, 2),
(35, 'Aguas_Radium_SAT.jpg', '2020-05-12', 0, 22, NULL, 1),
(36, 'Consonno_STR.jpg', '2017-10-01', 1, 23, NULL, 2),
(37, 'Consonno_SAT.jpg', '2020-05-12', 0, 23, NULL, 1),
(38, 'Hopital_Docteur_Petiot.jpg', '2020-05-12', 1, 24, NULL, 1),
(39, 'Centre_de_soin_Bennaville.jpg', '2020-05-12', 1, 25, NULL, 1),
(40, 'Grand_Hotel_du_Markstein.jpg', '2020-05-12', 1, 26, NULL, 1),
(41, 'Orphelinat_Avenir_Social.jpg', '2020-05-12', 1, 27, NULL, 1),
(42, 'Club_47_STR.jpg', '2018-10-01', 1, 28, NULL, 2),
(43, 'Club_47_SAT.jpg', '2020-05-12', 0, 28, NULL, 1),
(47, 'Discothèque_Divina_STR.jpg', '2018-10-01', 1, 31, NULL, 2),
(48, 'Discothèque_Divina_SAT.jpg', '2020-05-12', 0, 31, NULL, 1),
(49, 'Discothèque_Miro_STR.jpg', '2015-07-01', 1, 32, NULL, 2),
(50, 'Discothèque_Miro_SAT.jpg', '2020-05-12', 0, 32, NULL, 1),
(54, 'The_Dutch_Pavilion_STR.jpg', '2008-08-01', 1, 36, NULL, 2),
(55, 'The_Dutch_Pavilion_SAT.jpg', '2020-05-12', 0, 36, NULL, 1),
(56, 'Ambassade_Irak_Berlin_SAT.jpg', '2020-05-12', 1, 37, NULL, 1),
(57, 'Caserne_Militaire_Fritz_Haarmann.jpg', '2020-05-12', 1, 38, NULL, 1),
(60, 'Sanatorium_Lay_Saint_Christophe.jpg', '2020-05-12', 1, 40, NULL, 1),
(63, 'Chateau_Versannes.jpg', '2020-05-12', 1, 42, NULL, 2),
(64, 'Chateau_Mennechet_SAT.jpg', '2020-05-12', 0, 43, NULL, 1),
(65, 'Chateau_Mennechet_STR.jpg', '2019-09-01', 1, 43, NULL, 2),
(66, 'Parc_Aquatique_Sitges.jpg', '2020-05-12', 1, 44, NULL, 1),
(67, 'Piscine_Olympique_Vega_STR.jpg', '2020-05-12', 1, 45, NULL, 2),
(68, 'Piscine_Olympique_Vega_SAT.jpg', '2018-07-01', 0, 45, NULL, 1),
(69, 'Sanatorium_Wienerwald_SAT.jpg', '2020-05-12', 0, 46, NULL, 1),
(70, 'Sanatorium_Wienerwald_STR.jpg', '2018-11-01', 1, 46, NULL, 2),
(71, 'Camp_Hitfield.jpg', '2020-05-12', 1, 47, NULL, 1),
(72, 'Bureau_Central_Wendel_SAT.jpg', '2020-05-12', 0, 48, NULL, 1),
(73, 'Bureau_Central_Wendel_STR.jpg', '2012-07-01', 1, 48, NULL, 2),
(74, 'Papeterie_Vinet_SAT.jpg', '2020-05-13', 0, 49, NULL, 1),
(75, 'Papeterie_Vinet/DSC05327-HDR.jpg', '2017-06-18', 1, 49, 1, 3),
(76, 'Papeterie_Vinet/DSC05303-HDR.jpg', '2017-06-18', 0, 49, 1, 3),
(77, 'Papeterie_Vinet/DSC05273-HDR.jpg', '2017-06-18', 0, 49, 1, 3),
(78, 'Papeterie_Vinet/DSC05297-HDR.jpg', '2017-06-18', 0, 49, 1, 3),
(79, 'Papeterie_Vinet/DSC05270-HDR.jpg', '2017-06-18', 0, 49, 1, 3),
(80, 'Papeterie_Vinet/DSC05258-HDR.jpg', '2017-06-18', 0, 49, 1, 3),
(81, 'Papeterie_Vinet/DSC05249-HDR.jpg', '2017-06-18', 0, 49, 1, 3),
(82, 'Papeterie_Vinet/DSC05237-HDR.jpg', '2017-06-18', 0, 49, 1, 3),
(83, 'Papeterie_Vinet/DSC05191-HDR.jpg', '2017-06-18', 0, 49, 1, 3),
(84, 'Papeterie_Vinet/DSC05185-HDR.jpg', '2017-06-18', 0, 49, 1, 3),
(85, 'Forges_Trignac.jpg', '2020-05-13', 0, 50, NULL, 1),
(86, 'Forges_Trignac/DSC08492-HDR.jpg', '2018-12-26', 0, 50, 1, 3),
(87, 'Forges_Trignac/DSC08498-HDR.jpg', '2018-12-26', 1, 50, 1, 3),
(88, 'Forges_Trignac/DSC08507-HDR.jpg', '2018-12-26', 0, 50, 1, 3),
(89, 'Forges_Trignac/DSC08516-HDR.jpg', '2018-12-26', 0, 50, 1, 3),
(90, 'Forges_Trignac/DSC08564-HDR.jpg', '2018-12-26', 0, 50, 1, 3),
(91, 'Forges_Trignac/DSC08585-HDR.jpg', '2018-12-26', 0, 50, 1, 3),
(92, 'Forges_Trignac/DSC08643-HDR.jpg', '2018-12-26', 0, 50, 1, 3),
(93, 'Forges_Trignac/DSC08649-HDR.jpg', '2018-12-26', 0, 50, 1, 3),
(94, 'Forges_Trignac/DSC08687-HDR.jpg', '2018-12-26', 0, 50, 1, 3),
(95, '18_Rue_Hegel_Lille_SAT.jpg', '2020-05-13', 0, 51, NULL, 1),
(96, '18_Rue_Hegel_Lille_STR.jpg', '2019-08-01', 1, 51, NULL, 2),
(97, 'Theuville_SAT.jpg', '2020-05-13', 0, 52, NULL, 1),
(98, 'Theuville_STR.jpg', '2012-10-01', 1, 52, NULL, 2),
(99, 'Goussainville_SAT.jpg', '2020-05-13', 1, 53, NULL, 1),
(100, 'Usine_Tourteaux_SAT.jpg', '2020-05-13', 0, 54, NULL, 1),
(101, 'Usine_Tourteaux_STR.jpg', '2012-10-01', 1, 54, NULL, 2),
(102, 'Abbatoir_Nozay_SAT.jpg', '2020-05-13', 0, 55, NULL, 1),
(103, 'Abbatoir_Nozay_STR.jpg', '2019-04-01', 1, 55, NULL, 2),
(104, 'Sanatorium_Angicourt.jpg', '2020-05-13', 1, 56, NULL, 1),
(105, 'Fort_Haut_Buc.jpg', '2020-05-13', 1, 57, NULL, 1),
(106, 'Chateau_Bonnelles_SAT.jpg', '2020-05-13', 0, 58, NULL, 1),
(107, 'Chateau_Bonnelles_STR.jpg', '2017-03-01', 1, 58, NULL, 2),
(108, 'Chateau_Solitude_SAT.jpg', '2020-05-13', 0, 59, NULL, 1),
(109, 'Chateau_Solitude_STR.jpg', '2017-05-01', 1, 59, NULL, 2),
(110, 'Tannerie_Fleuriais_SAT.jpg', '2020-05-13', 0, 60, NULL, 1),
(111, 'Tannerie_Fleuriais_STR.jpg', '2018-07-01', 0, 60, NULL, 2),
(112, 'Tannerie_Fleuriais/DSC06073.jpg', '2019-02-17', 1, 60, 1, 3),
(113, 'Tannerie_Fleuriais/DSC06122.jpg', '2019-02-17', 0, 60, 1, 3),
(114, 'Tannerie_Fleuriais/DSC06180.jpg', '2019-02-17', 0, 60, 1, 3),
(115, 'Tannerie_Fleuriais/DSC06181.jpg', '2019-02-17', 0, 60, 1, 3),
(116, 'Tannerie_Fleuriais/DSC06219.jpg', '2019-02-17', 0, 60, 1, 3),
(117, 'Tannerie_Fleuriais/DSC06244.jpg', '2019-02-17', 0, 60, 1, 3),
(118, 'Tannerie_Fleuriais/DSC06280.jpg', '2019-02-17', 0, 60, 1, 3),
(119, 'Tannerie_Fleuriais/DSC06287.jpg', '2019-02-17', 0, 60, 1, 3),
(120, 'Tannerie_Fleuriais/DSC06331.jpg', '2019-02-17', 0, 60, 1, 3),
(121, 'Tannerie_Fleuriais/DSC06339.jpg', '2019-02-17', 0, 60, 1, 3),
(122, 'Tannerie_Fleuriais/DSC06342.jpg', '2019-02-17', 0, 60, 1, 3),
(123, 'Tannerie_Fleuriais/DSC06350.jpg', '2019-02-17', 0, 60, 1, 3),
(124, 'Tannerie_Fleuriais/DSC06364.jpg', '2019-02-17', 0, 60, 1, 3),
(125, 'Minnoterie_Nort_Erdre.jpg', '2020-05-14', 0, 61, NULL, 1),
(126, 'Minnoterie_Nort_Erdre/DSC06413.jpg', '2019-02-17', 1, 61, 1, 3),
(127, 'Minnoterie_Nort_Erdre/DSC06419.jpg', '2019-02-17', 0, 61, 1, 3),
(128, 'Usine_Atlas.jpg', '2020-05-14', 0, 62, NULL, 1),
(129, 'Usine_Atlas/DSC06515.jpg', '2019-02-17', 0, 62, 1, 3),
(130, 'Usine_Atlas/DSC06545.jpg', '2019-02-17', 0, 62, 1, 3),
(131, 'Usine_Atlas/DSC06548.jpg', '2019-02-17', 0, 62, 1, 3),
(132, 'Usine_Atlas/DSC06558.jpg', '2019-02-17', 0, 62, 1, 3),
(133, 'Usine_Atlas/DSC06573.jpg', '2019-02-17', 0, 62, 1, 3),
(134, 'Usine_Atlas/DSC06576.jpg', '2019-02-17', 0, 62, 1, 3),
(135, 'Usine_Atlas/DSC06604.jpg', '2019-02-17', 0, 62, 1, 3),
(136, 'Usine_Atlas/DSC06607.jpg', '2019-02-17', 0, 62, 1, 3),
(137, 'Usine_Atlas/DSC06616.jpg', '2019-02-17', 0, 62, 1, 3),
(138, 'Usine_Atlas/DSC06628.jpg', '2019-02-17', 0, 62, 1, 3),
(139, 'Usine_Atlas/DSC06698.jpg', '2019-02-17', 0, 62, 1, 3),
(140, 'Usine_Atlas/DSC06771.jpg', '2019-02-17', 0, 62, 1, 3),
(141, 'Usine_Atlas/DSC06792.jpg', '2019-02-17', 0, 62, 1, 3),
(142, 'Usine_Atlas/DSC06890.jpg', '2019-02-17', 0, 62, 1, 3),
(143, 'Usine_Atlas/DSC06910.jpg', '2019-02-17', 0, 62, 1, 3),
(144, 'Usine_Atlas/DSC06916.jpg', '2019-02-17', 1, 62, 1, 3),
(145, 'Usine_Atlas/DSC06919.jpg', '2019-02-17', 0, 62, 1, 3),
(146, 'Usine_Tissu_Cugand.jpg', '2020-05-14', 0, 63, NULL, 1),
(147, 'Cugand/DSC06001.jpg', '2019-02-17', 0, 63, 1, 3),
(148, 'Cugand/DSC06031.jpg', '2019-02-17', 0, 63, 1, 3),
(149, 'Cugand/DSC06042.jpg', '2019-02-17', 1, 63, 1, 3),
(150, 'Cugand/DSC06057.jpg', '2019-02-17', 0, 63, 1, 3),
(151, 'Cugand/DSC06062.jpg', '2019-02-17', 0, 63, 1, 3),
(152, 'Moulin_Gaumier.jpg', '2020-05-14', 0, 64, NULL, 1),
(153, 'Cugand/DSC05924.jpg', '2019-02-17', 1, 64, 1, 3),
(154, 'Cugand/DSC05948.jpg', '2019-02-17', 0, 64, 1, 3),
(155, 'Ste_Engrais_Magnesiens.jpg', '2020-05-14', 1, 65, NULL, 1),
(156, 'Gd_Moulins_Paris.jpg', '2020-05-14', 1, 66, NULL, 1),
(157, 'Charbonnerie_Hasard_SAT.jpg', '2020-05-14', 0, 67, NULL, 1),
(158, 'Charbonnerie_Hasard_STR.jpg', '2019-08-01', 1, 67, NULL, 2),
(160, 'Coop_Chatelrault_SAT.jpg', '2020-05-14', 0, 69, NULL, 1),
(161, 'Coop_Chatelrault_STR.jpg', '2018-08-01', 1, 69, NULL, 2),
(175, 'Filatures_Levasseur.jpg', '2020-05-14', 1, 71, NULL, 1),
(176, 'Minoterie_Arnout.jpg', '2020-05-14', 0, 72, NULL, 1),
(177, 'Minoterie_Arnout/DSC04088-HDR.jpg', '2017-06-01', 1, 72, 1, 3),
(178, 'Minoterie_Arnout/DSC04106-HDR.jpg', '2017-06-01', 0, 72, 1, 3),
(179, 'Minoterie_Arnout/DSC04114-HDR.jpg', '2017-06-01', 0, 72, 1, 3),
(180, 'Minoterie_Arnout/DSC04118-HDR.jpg', '2017-06-01', 0, 72, 1, 3),
(181, 'Minoterie_Arnout/DSC04131.jpg', '2017-06-01', 0, 72, 1, 3),
(182, 'Minoterie_Arnout/DSC04141-HDR.jpg', '2017-06-01', 0, 72, 1, 3),
(183, 'Minoterie_Arnout/DSC04171-HDR.jpg', '2017-06-01', 0, 72, 1, 3),
(184, 'Usine_Pontoise_STR.jpg', '2019-04-01', 0, 73, NULL, 2),
(185, 'Usine_Pontoise_SAT.jpg', '2020-05-14', 1, 73, NULL, 1),
(186, 'Lavoir_Blaye_STR.jpg', '2019-01-01', 1, 74, NULL, 2),
(187, 'Lavoir_Blaye_SAT.jpg', '2020-05-14', 0, 74, NULL, 1),
(188, 'Mine_Ciel_Ouvert.jpg', '2020-05-14', 1, 75, NULL, 1),
(189, 'Depot_Trains_Pol_SAT.jpg', '2020-05-14', 0, 76, NULL, 1),
(190, 'Depot_Trains_Pol_STR.jpg', '2019-04-01', 1, 76, NULL, 2),
(191, 'Gare_Canfranc_SAT.jpg', '2020-05-14', 0, 77, NULL, 1),
(192, 'Gare_Canfranc_STR.jpg', '2017-05-01', 1, 77, NULL, 2),
(193, 'Haludovo_Hotel_SAT.jpg', '2020-05-14', 0, 78, NULL, 1),
(194, 'Haludovo_Hotel_STR.jpg', '2018-05-01', 1, 78, NULL, 2),
(195, 'Teufelsberg_SAT.jpg', '2020-05-14', 0, 79, NULL, 1),
(196, 'Teufelsberg_STR.jpg', '2018-04-01', 1, 79, NULL, 2),
(197, 'Mine_Fer_Nyoiseau.jpg', '2020-05-14', 1, 80, NULL, 1),
(198, 'Nyoiseau/DSC01327-HDR.jpg', '2017-10-01', 0, 80, 1, 3),
(199, 'Nyoiseau/DSC01339-HDR.jpg', '2017-10-01', 0, 80, 1, 3),
(200, 'Nyoiseau/DSC01354-HDR.jpg', '2017-10-01', 0, 80, 1, 3),
(201, 'Nyoiseau/DSC01408-HDR.jpg', '2017-10-01', 0, 80, 1, 3),
(202, 'Nyoiseau/DSC01414-HDR.jpg', '2017-10-01', 0, 80, 1, 3),
(203, 'Nyoiseau/DSC01420-HDR.jpg', '2017-10-01', 0, 80, 1, 3),
(204, 'Nyoiseau/DSC01423.jpg', '2017-10-01', 0, 80, 1, 3),
(205, 'Nyoiseau/DSC01436-HDR.jpg', '2017-10-01', 0, 80, 1, 3),
(206, 'Nyoiseau/DSC01438-HDR.jpg', '2017-10-01', 0, 80, 1, 3),
(207, 'Nyoiseau/DSC01472.jpg', '2017-10-01', 0, 80, 1, 3),
(208, 'Nyoiseau/DSC01480.jpg', '2017-10-01', 0, 80, 1, 3),
(209, 'Nyoiseau/DSC01486-HDR.jpg', '2017-10-01', 0, 80, 1, 3),
(210, 'Nyoiseau/DSC01496-HDR.jpg', '2017-10-01', 0, 80, 1, 3),
(211, 'Nyoiseau/DSC01511-HDR.jpg', '2017-10-01', 1, 80, 1, 3),
(212, 'Parc_Beaurepit_SAT.jpg', '2020-05-14', 0, 81, NULL, 1),
(213, 'DSC05752-HDR.jpg', '2017-06-01', 1, 81, 1, 3),
(214, 'Policia_SAT.jpg', '2020-05-14', 0, 82, NULL, 1),
(215, 'Policia/DSC02785-HDR.jpg', '2018-05-01', 0, 82, 1, 3),
(216, 'Policia/DSC03094-HDR.jpg', '2018-05-01', 0, 82, 1, 3),
(217, 'Policia/DSC03135-HDR.jpg', '2018-05-01', 0, 82, 1, 3),
(218, 'Policia/DSC03213-HDR.jpg', '2018-05-01', 0, 82, 1, 3),
(219, 'Policia/DSC03258-HDR.jpg', '2018-05-01', 0, 82, 1, 3),
(220, 'Policia/DSC03282-HDR.jpg', '2018-05-01', 0, 82, 1, 3),
(221, 'Policia/DSC03291-HDR.jpg', '2018-05-01', 0, 82, 1, 3),
(222, 'Policia/DSC03294-HDR.jpg', '2018-05-01', 0, 82, 1, 3),
(223, 'Policia/DSC03303-HDR.jpg', '2018-05-01', 0, 82, 1, 3),
(224, 'Policia/DSC03324-HDR.jpg', '2018-05-01', 0, 82, 1, 3),
(225, 'Policia/DSC03366-HDR.jpg', '2018-05-01', 0, 82, 1, 3),
(226, 'Policia/DSC03421-HDR.jpg', '2018-05-01', 0, 82, 1, 3),
(227, 'Policia/DSC03445-HDR.jpg', '2018-05-01', 0, 82, 1, 3),
(228, 'Policia/DSC03523-HDR.jpg', '2018-05-01', 0, 82, 1, 3),
(229, 'Policia/DSC03534-HDR.jpg', '2018-05-01', 1, 82, 1, 3),
(230, 'Policia/DSC03540-HDR.jpg', '2018-05-01', 0, 82, 1, 3),
(231, 'Policia/DSC03546-HDR.jpg', '2018-05-01', 0, 82, 1, 3),
(232, 'Policia/DSC08631-HDR.jpg', '2018-05-01', 0, 82, 1, 3),
(233, 'Policia/DSC08637-HDR.jpg', '2018-05-01', 0, 82, 1, 3),
(234, 'Policia/DSC08649-HDR.jpg', '2018-05-01', 0, 82, 1, 3),
(235, 'Policia/DSC08654-HDR.jpg', '2018-05-01', 0, 82, 1, 3),
(236, 'Policia/DSC08703-HDR.jpg', '2018-05-01', 0, 82, 1, 3),
(237, 'Policia/DSC08705.jpg', '2018-05-01', 0, 82, 1, 3),
(238, 'Policia/DSC08708.jpg', '2018-05-01', 0, 82, 1, 3),
(239, 'Gendarmettes.jpg', '2020-05-14', 0, 83, NULL, 1),
(240, 'Gendarmettes/DSC01326-HDR.jpg', '2017-04-01', 0, 83, 1, 3),
(241, 'Gendarmettes/DSC01347-HDR.jpg', '2017-04-01', 0, 83, 1, 3),
(242, 'Gendarmettes/DSC01416-HDR.jpg', '2017-04-01', 0, 83, 1, 3),
(243, 'Gendarmettes/DSC01419-HDR.jpg', '2017-04-01', 0, 83, 1, 3),
(244, 'Gendarmettes/DSC01431-HDR.jpg', '2017-04-01', 0, 83, 1, 3),
(245, 'Gendarmettes/DSC01534-HDR.jpg', '2017-04-01', 0, 83, 1, 3),
(246, 'Gendarmettes/DSC01537-HDR.jpg', '2017-04-01', 0, 83, 1, 3),
(247, 'Gendarmettes/DSC01552-HDR.jpg', '2017-04-01', 0, 83, 1, 3),
(248, 'Gendarmettes/DSC08861-HDR.jpg', '2017-04-01', 0, 83, 1, 3),
(249, 'Gendarmettes/DSC08900.jpg', '2017-04-01', 0, 83, 1, 3),
(250, 'Gendarmettes/DSC08901-HDR.jpg', '2017-04-01', 0, 83, 1, 3),
(251, 'Gendarmettes/DSC08919-HDR.jpg', '2017-04-01', 0, 83, 1, 3),
(252, 'Gendarmettes/DSC08946-HDR.jpg', '2017-04-01', 0, 83, 1, 3),
(253, 'Gendarmettes/DSC08991-HDR.jpg', '2017-04-01', 1, 83, 1, 3),
(254, 'Eva_Coo_STR.jpg', '2019-07-01', 1, 84, NULL, 2),
(255, 'Eva_Coo_SAT.jpg', '2020-05-14', 0, 84, NULL, 1),
(256, 'Motte_En_Gée_SAT.jpg', '2020-05-14', 0, 85, NULL, 1),
(257, 'Motte_En_Gée_STR.jpg', '2016-01-01', 1, 85, NULL, 2),
(258, 'Usine_Abadie_SAT.jpg', '2020-05-14', 0, 86, NULL, 1),
(259, 'Usine_Abadie_STR.jpg', '2018-05-01', 1, 86, NULL, 2),
(260, 'San_St_Hilaire_Thouvet_SAT.jpg', '2020-05-14', 0, 87, NULL, 1),
(261, 'San_St_Hilaire_Thouvet_STR.jpg', '2009-11-01', 1, 87, NULL, 2),
(262, 'Ch_Halabi.jpg', '2020-05-14', 1, 88, NULL, 1),
(263, 'Ch_Samsonova.jpg', '2020-05-14', 0, 89, NULL, 1),
(264, 'DSC02669-HDR.jpg', '2017-05-01', 1, 89, 1, 3),
(265, 'Ch_Vila_Dilme.jpg', '2020-05-14', 1, 90, NULL, 1),
(266, 'Ch_Griffondor.jpg', '2020-05-14', 1, 91, NULL, 1),
(267, 'Ch_Fruminet.jpg', '2020-05-14', 1, 92, NULL, 1),
(268, 'Sucrerie_Franciere_STR.jpg', '2018-08-01', 1, 93, NULL, 2),
(269, 'Sucrerie_Franciere_SAT.jpg', '2020-05-14', 0, 93, NULL, 1),
(270, 'Ch_Stranieri.jpg', '2020-05-14', 1, 94, NULL, 1),
(271, 'Hotel_Tags.jpg', '2020-05-14', 1, 95, NULL, 1),
(272, 'Ch_Mothe_Chandenier.jpg', '2020-05-14', 1, 96, NULL, 1),
(273, 'Mothe_Chandenier/DSC01660-HDR.jpg', '2017-04-01', 0, 96, 1, 3),
(274, 'Mothe_Chandenier/DSC01666-HDR.jpg', '2017-04-01', 0, 96, 1, 3),
(275, 'Mothe_Chandenier/DSC01675-HDR.jpg', '2017-04-01', 0, 96, 1, 3),
(276, 'Mothe_Chandenier/DSC01684-HDR.jpg', '2017-04-01', 1, 96, 1, 3),
(277, 'Mothe_Chandenier/DSC01693-HDR.jpg', '2017-04-01', 0, 96, 1, 3),
(278, 'Mothe_Chandenier/DSC09024-HDR.jpg', '2017-04-01', 0, 96, 1, 3),
(279, 'Mothe_Chandenier/DSC09036-HDR.jpg', '2017-04-01', 0, 96, 1, 3),
(281, 'Mag_Generaux.jpg', '2020-05-14', 0, 98, NULL, 1),
(282, 'Mag_Generaux/DSC05784-HDR.jpg', '2018-08-01', 0, 98, 1, 3),
(283, 'Mag_Generaux/DSC05796-HDR.jpg', '2018-08-01', 1, 98, 1, 3),
(284, 'Mag_Generaux/DSC05802-HDR.jpg', '2018-08-01', 0, 98, 1, 3),
(285, 'Mag_Generaux/DSC05817-HDR.jpg', '2018-08-01', 0, 98, 1, 3),
(286, 'Mag_Generaux/DSC05868-HDR.jpg', '2018-08-01', 0, 98, 1, 3),
(287, 'Mag_Generaux/DSC05877-HDR.jpg', '2018-08-01', 0, 98, 1, 3),
(288, 'Mag_Generaux/DSC05904-HDR.jpg', '2018-08-01', 0, 98, 1, 3),
(289, 'Mag_Generaux/DSC05916-HDR.jpg', '2018-08-01', 0, 98, 1, 3),
(290, 'Mag_Generaux/DSC05927-HDR.jpg', '2018-08-01', 0, 98, 1, 3),
(291, 'Mag_Generaux/DSC05955-HDR.jpg', '2018-08-01', 0, 98, 1, 3),
(292, 'Mag_Generaux/DSC05992-HDR.jpg', '2018-08-01', 0, 98, 1, 3),
(293, 'Mag_Generaux/DSC05998-HDR.jpg', '2018-08-01', 0, 98, 1, 3),
(294, 'Mag_Generaux/DSC06029-HDR.jpg', '2018-08-01', 0, 98, 1, 3),
(295, 'Mag_Generaux/DSC06038-HDR.jpg', '2018-08-01', 0, 98, 1, 3),
(296, 'Mag_Generaux/DSC06065-HDR.jpg', '2018-08-01', 0, 98, 1, 3),
(297, 'Mag_Generaux/DSC06074-HDR.jpg', '2018-08-01', 0, 98, 1, 3),
(298, 'Mag_Generaux/DSC06134-HDR.jpg', '2018-08-01', 0, 98, 1, 3),
(299, 'Mag_Generaux/DSC06140-HDR.jpg', '2018-08-01', 0, 98, 1, 3),
(300, 'Mag_Generaux/DSC06185-HDR.jpg', '2018-08-01', 0, 98, 1, 3),
(301, 'Mag_Generaux/DSC06233-HDR.jpg', '2018-08-01', 0, 98, 1, 3),
(302, 'Usine_Cosson.jpg', '2020-05-14', 0, 99, NULL, 1),
(303, 'Usine_Cosson/DSC03673-HDR.jpg', '2017-02-11', 0, 99, 1, 3),
(304, 'Usine_Cosson/DSC03713-HDR.jpg', '2017-02-11', 0, 99, 1, 3),
(305, 'Usine_Cosson/DSC03809-HDR.jpg', '2017-02-11', 0, 99, 1, 3),
(306, 'Usine_Cosson/DSC03815-HDR.jpg', '2017-02-11', 0, 99, 1, 3),
(307, 'Usine_Cosson/DSC03866-HDR.jpg', '2017-02-11', 0, 99, 1, 3),
(308, 'Usine_Cosson/DSC04037-HDR.jpg', '2017-02-11', 0, 99, 1, 3),
(309, 'Usine_Cosson/DSC04049-HDR.jpg', '2017-02-11', 0, 99, 1, 3),
(310, 'Usine_Cosson/DSC05213.jpg', '2017-02-11', 1, 99, 1, 3),
(311, 'Usine_Cosson/DSC05229.jpg', '2017-02-11', 0, 99, 1, 3),
(312, 'Abattoirs_Ste_Maure_SAT.jpg', '2020-05-14', 0, 100, NULL, 1),
(313, 'Abattoirs_Ste_Maure_STR.jpg', '2016-04-01', 1, 100, NULL, 2),
(315, 'Ruines_Ch_Irlande.jpg', '2020-05-14', 1, 102, NULL, 1),
(316, 'Gdes_Brosses_SAT.jpg', '2020-05-14', 1, 103, NULL, 1),
(317, 'Hotel_Abandonne_68_SAT.jpg', '2020-05-14', 0, 104, NULL, 1),
(318, 'Hotel_Abandonne_68_STR.jpg', '2018-07-01', 1, 104, NULL, 2),
(319, 'Charbonnage_Monceau_SAT.jpg', '2020-05-14', 0, 105, NULL, 1),
(320, 'Charbonnage_Monceau_STR.jpg', '2019-07-01', 1, 105, NULL, 2),
(321, 'Tanneir_Grauhlet_SAT.jpg', '2020-05-14', 0, 106, NULL, 1),
(322, 'Tanneir_Grauhlet_STR.jpg', '2019-06-01', 1, 106, NULL, 2),
(325, 'Mausolee.jpg', '2020-05-14', 1, 108, NULL, 1),
(326, 'Chai_Vin_SAT.jpg', '2020-05-14', 0, 109, NULL, 1),
(327, 'Chai_Vin_STR.jpg', '2019-04-01', 1, 109, NULL, 2),
(328, 'Ch_Bitremont.jpg', '2020-05-14', 1, 110, NULL, 1),
(329, 'Sanatorium_Dohlain.jpg', '2020-05-14', 1, 111, NULL, 1),
(330, 'Seraing_To_Chk_SAT.jpg', '2020-05-14', 0, 112, NULL, 1),
(331, 'Seraing_To_Chk_STR.jpg', '2019-06-01', 1, 112, NULL, 2),
(332, 'Seraing_HFB_SAT.jpg', '2020-05-14', 0, 113, NULL, 1),
(333, 'Seraing_HFB_STR.jpg', '2019-06-01', 1, 113, NULL, 2),
(335, 'Tuberie_Nimy_SAT.jpg', '2020-05-14', 0, 115, NULL, 1),
(336, 'Tuberie_Nimy_STR.jpg', '2013-07-01', 1, 115, NULL, 2),
(337, 'Cockerie_Anderlues_SAT.jpg', '2020-05-14', 0, 116, NULL, 1),
(338, 'Cockerie_Anderlues_STR.jpg', '2019-01-01', 1, 116, NULL, 2),
(339, 'Piscine_Bolso.jpg', '2020-05-14', 1, 117, NULL, 1),
(340, 'Carolo_Beton_SAT.jpg', '2020-05-14', 0, 118, NULL, 1),
(341, 'Carolo_Beton_STR.jpg', '2019-08-01', 1, 118, NULL, 2),
(342, 'Ch_Marteau_Longe_SAT.jpg', '2020-05-14', 0, 119, NULL, 1),
(343, 'Ch_Marteau_Longe_STR.jpg', '2019-04-01', 1, 119, NULL, 2),
(344, 'Halte_Royale.jpg', '2020-05-14', 1, 120, NULL, 1),
(345, 'Chateau_Hoogermeyer_SAT.jpg', '2020-05-14', 0, 121, NULL, 1),
(346, 'Chateau_Hoogermeyer_STR.jpg', '2010-08-01', 1, 121, NULL, 2),
(347, 'Poudreries_Reunies_SAT.jpg', '2020-05-14', 0, 122, NULL, 1),
(348, 'Poudreries_Reunies_STR.jpg', '2010-09-01', 1, 122, NULL, 2),
(349, 'Charbonnage_Grouffre_SAT.jpg', '2020-05-14', 0, 123, NULL, 1),
(350, 'Charbonnage_Grouffre_STR.jpg', '2019-08-01', 1, 123, NULL, 2),
(351, 'Power_Plant_IM_SAT.jpg', '2020-05-14', 0, 124, NULL, 1),
(352, 'Power_Plant_IM_STR.jpg', '2019-07-01', 1, 124, NULL, 2),
(353, 'Charbonnage_Forte_Taille.jpg', '2020-05-14', 1, 125, NULL, 1),
(354, 'Usine_Shelt_SAT.jpg', '2020-05-14', 1, 126, NULL, 1),
(355, 'Charbonnage_Sartis_SAT.jpg', '2020-05-14', 0, 127, NULL, 1),
(356, 'Charbonnage_Sartis_STR.jpg', '2019-08-01', 1, 127, NULL, 2),
(357, 'Cimetiere_Crypte_SAT.jpg', '2020-05-14', 0, 128, NULL, 1),
(358, 'Cimetiere_Crypte_STR.jpg', '2020-02-01', 1, 128, NULL, 2),
(359, 'Manoir_Gangster.jpg', '2020-05-14', 0, 129, NULL, 1),
(360, 'Manoir_Gangster/DSC02513-HDR.jpg', '2017-05-01', 0, 129, 1, 3),
(361, 'Manoir_Gangster/DSC02534-HDR.jpg', '2017-05-01', 1, 129, 1, 3),
(362, 'Manoir_Gangster/DSC02553.jpg', '2017-05-01', 0, 129, 1, 3),
(363, 'Manoir_Gangster/DSC02555-HDR.jpg', '2017-05-01', 0, 129, 1, 3),
(364, 'Manoir_Gangster/DSC02573-HDR.jpg', '2017-05-01', 0, 129, 1, 3),
(365, 'Manoir_Gangster/DSC02597-HDR.jpg', '2017-05-01', 0, 129, 1, 3),
(366, 'Manoir_Gangster/DSC02600-HDR.jpg', '2017-05-01', 0, 129, 1, 3),
(367, 'Manoir_Gangster/DSC02627-HDR.jpg', '2017-05-01', 0, 129, 1, 3),
(368, 'Ch_Procureur.jpg', '2020-05-14', 1, 130, NULL, 1),
(369, 'Ch_Bagnac.jpg', '2020-05-14', 0, 131, NULL, 1),
(370, 'Bagnac/DSC05511-HDR.jpg', '2017-06-01', 1, 131, 1, 3),
(371, 'Bagnac/DSC05532.jpg', '2017-06-01', 0, 131, 1, 3),
(372, 'Bagnac/DSC05541-HDR.jpg', '2017-06-01', 0, 131, 1, 3),
(373, 'Bagnac/DSC05558.jpg', '2017-06-01', 0, 131, 1, 3),
(374, 'Ch_Chabassiere.jpg', '2020-05-14', 1, 132, NULL, 1),
(375, 'ET_Church_SAT.jpg', '2020-05-14', 0, 133, NULL, 1),
(376, 'ET_Church_STR.jpg', '2018-07-01', 1, 133, NULL, 2),
(377, 'Manoir_Malaguet.jpg', '2020-05-14', 1, 134, NULL, 1),
(378, 'U4.jpg', '2020-05-14', 1, 135, NULL, 1),
(379, 'Gare_Richelieu.jpg', '2020-05-14', 0, 136, NULL, 1),
(380, 'Gare_Richelieu/DSC00008.jpg', '2017-04-01', 0, 136, 1, 3),
(381, 'Gare_Richelieu/DSC09982.jpg', '2017-04-01', 1, 136, 1, 3),
(382, 'Usine_Montlouis_SAT.jpg', '2020-05-14', 0, 137, NULL, 1),
(383, 'Usine_Montlouis_STR.jpg', '2012-06-01', 1, 137, NULL, 2),
(384, 'Ch_Puygibault_SAT.jpg', '2020-05-14', 1, 138, NULL, 1),
(385, 'Ch_Candes.jpg', '2020-05-14', 1, 139, NULL, 1),
(386, 'Ch_Burrus_SAT.jpg', '2020-05-14', 0, 140, NULL, 1),
(387, 'Ch_Burrus_STR.jpg', '2019-06-01', 1, 140, NULL, 1),
(388, 'Teinturerie_Centre_Alsace_SAT.jpg', '2020-05-14', 0, 141, NULL, 1),
(389, 'Teinturerie_Centre_Alsace_STR.jpg', '2019-05-01', 1, 141, NULL, 2),
(390, 'Mosteiro_Santa_Maria_SAT.jpg', '2020-05-14', 0, 142, NULL, 1),
(391, 'Mosteiro_Santa_Maria_STR.jpg', '2014-10-01', 1, 142, NULL, 2),
(392, 'Papeterie_Rochandry_SAT.jpg', '2020-05-14', 0, 143, NULL, 1),
(393, 'Papeterie_Rochandry_STR.jpg', '2017-04-01', 1, 143, NULL, 2),
(394, 'Usine_Lormandiere_SAT.jpg', '2020-05-14', 0, 144, NULL, 1),
(395, 'Usine_Lormandiere_STR.jpg', '2008-06-01', 1, 144, NULL, 2),
(396, 'Us_St_Junien_1.jpg', '2020-05-14', 0, 145, NULL, 1),
(397, 'St_Junien/DSC05445-HDR.jpg', '2017-06-01', 1, 145, 1, 3),
(398, 'St_Junien/DSC05454-HDR.jpg', '2017-06-01', 0, 145, 1, 3),
(399, 'St_Junien/DSC05466-HDR.jpg', '2017-06-01', 0, 145, 1, 3),
(400, 'St_Junien/DSC05478.jpg', '2017-06-01', 0, 145, 1, 3),
(401, 'St_Junien/DSC05496-HDR.jpg', '2017-06-01', 0, 145, 1, 3),
(402, 'Puits_Bernard.jpg', '2020-05-14', 0, 146, NULL, 1),
(403, 'Puits_Bernard/DSC03717-HDR.jpg', '2017-06-01', 0, 146, 1, 3),
(404, 'Puits_Bernard/DSC03750-HDR.jpg', '2017-06-01', 0, 146, 1, 3),
(405, 'Puits_Bernard/DSC03804-HDR.jpg', '2017-06-01', 0, 146, 1, 3),
(406, 'Puits_Bernard/DSC03831-HDR.jpg', '2017-06-01', 0, 146, 1, 3),
(407, 'Puits_Bernard/DSC03843-HDR.jpg', '2017-06-01', 0, 146, 1, 3),
(408, 'Puits_Bernard/DSC03852-HDR.jpg', '2017-06-01', 0, 146, 1, 3),
(409, 'Puits_Bernard/DSC03904-HDR.jpg', '2017-06-01', 1, 146, 1, 3),
(410, 'Puits_Bernard/DSC03916-HDR.jpg', '2017-06-01', 0, 146, 1, 3),
(411, 'usine_Chaux_Lhommaize.jpg', '2020-05-14', 1, 147, NULL, 1),
(412, 'Centrale_Faymoreau.jpg', '2020-05-14', 0, 148, NULL, 1),
(413, 'Centrale_Faymoreau/DSC03965.jpg', '2017-06-01', 0, 148, 1, 3),
(414, 'Centrale_Faymoreau/DSC03967-HDR.jpg', '2017-06-01', 0, 148, 1, 3),
(415, 'Centrale_Faymoreau/DSC03983.jpg', '2017-06-01', 0, 148, 1, 3),
(416, 'Centrale_Faymoreau/DSC04000-HDR.jpg', '2017-06-01', 0, 148, 1, 3),
(417, 'Centrale_Faymoreau/DSC04052-HDR.jpg', '2017-06-01', 0, 148, 1, 3),
(418, 'Centrale_Faymoreau/DSC04064-HDR.jpg', '2017-06-01', 0, 148, 1, 3),
(419, 'Centrale_Faymoreau/DSC04079-HDR.jpg', '2017-06-01', 1, 148, 1, 3),
(420, 'Rampe_Rochechouard_SAT.jpg', '2020-05-14', 0, 149, NULL, 1),
(421, 'Rampe_Rochechouard_STR.jpg', '2019-03-01', 1, 149, NULL, 2),
(422, 'Usine_St_Martoty.jpg', '2020-05-14', 1, 150, NULL, 1),
(423, 'Puits_Rodolphe_SAT.jpg', '2020-05-14', 0, 151, NULL, 1),
(424, 'Puits_Rodolphe_STR.jpg', '2012-08-01', 1, 151, NULL, 2),
(425, 'Usine_Rombas.jpg', '2020-05-14', 1, 152, NULL, 1),
(426, 'Chalet_Gouville.jpg', '2020-05-14', 1, 153, NULL, 1),
(427, 'Tannerie_Cance_SAT.jpg', '2020-05-14', 0, 154, NULL, 1),
(428, 'Tannerie_Cance_STR.jpg', '2018-07-01', 1, 154, NULL, 2),
(429, 'Cite_Lafarge_SAT.jpg', '2020-05-14', 0, 155, NULL, 1),
(430, 'Cite_Lafarge_STR.jpg', '2019-06-01', 1, 155, NULL, 2),
(431, 'Usine_Pont_Rastel.jpg', '2020-05-14', 1, 156, NULL, 1),
(432, 'Usine_Pont_Seychalles_SAT.jpg', '2020-05-14', 0, 157, NULL, 1),
(433, 'Usine_Pont_Seychalles_STR.jpg', '2019-10-01', 1, 157, NULL, 2),
(434, 'Ch_Villedieu_SAT.jpg', '2020-05-14', 1, 158, NULL, 1),
(435, 'Chartreuse_Bel_Sito.jpg', '2020-05-14', 0, 159, NULL, 1),
(436, 'Chartreuse_Bel_Sito/DSC04807-HDR.jpg', '2017-06-01', 0, 159, 1, 3),
(437, 'Chartreuse_Bel_Sito/DSC04810-HDR.jpg', '2017-06-01', 0, 159, 1, 3),
(438, 'Chartreuse_Bel_Sito/DSC04813-HDR.jpg', '2017-06-01', 0, 159, 1, 3),
(439, 'Chartreuse_Bel_Sito/DSC04837-HDR.jpg', '2017-06-01', 1, 159, 1, 3),
(440, 'Chartreuse_Bel_Sito/DSC04840-HDR.jpg', '2017-06-01', 0, 159, 1, 3),
(441, 'Chartreuse_Bel_Sito/DSC04849-HDR.jpg', '2017-06-01', 0, 159, 1, 3),
(442, 'Chartreuse_Bel_Sito/DSC04858-HDR.jpg', '2017-06-01', 0, 159, 1, 3),
(443, 'Chartreuse_Bel_Sito/DSC04876-HDR.jpg', '2017-06-01', 0, 159, 1, 3),
(444, 'Chartreuse_Bel_Sito/DSC04882-HDR.jpg', '2017-06-01', 0, 159, 1, 3),
(445, 'Chartreuse_Bel_Sito/DSC04885-HDR.jpg', '2017-06-01', 0, 159, 1, 3),
(446, 'Chartreuse_Bel_Sito/DSC04891-HDR.jpg', '2017-06-01', 0, 159, 1, 3),
(447, 'Chartreuse_Bel_Sito/DSC04900-HDR.jpg', '2017-06-01', 0, 159, 1, 3),
(448, 'Ch_Dragon.jpg', '2020-05-14', 0, 160, NULL, 1),
(449, 'Chateau_Dragon/DSC04909-HDR.jpg', '2017-06-01', 0, 160, 1, 3),
(450, 'Chateau_Dragon/DSC04918-HDR.jpg', '2017-06-01', 0, 160, 1, 3),
(451, 'Chateau_Dragon/DSC04948-HDR.jpg', '2017-06-01', 0, 160, 1, 3),
(452, 'Chateau_Dragon/DSC04954-HDR.jpg', '2017-06-01', 0, 160, 1, 3),
(453, 'Chateau_Dragon/DSC04966-HDR.jpg', '2017-06-01', 0, 160, 1, 3),
(454, 'Chateau_Dragon/DSC04975-HDR.jpg', '2017-06-01', 0, 160, 1, 3),
(455, 'Chateau_Dragon/DSC04999-HDR.jpg', '2017-06-01', 0, 160, 1, 3),
(456, 'Chateau_Dragon/DSC05017-HDR.jpg', '2017-06-01', 0, 160, 1, 3),
(457, 'Chateau_Dragon/DSC05020-HDR.jpg', '2017-06-01', 0, 160, 1, 3),
(458, 'Chateau_Dragon/DSC05032-HDR.jpg', '2017-06-01', 1, 160, 1, 3),
(459, 'Chateau_Dragon/DSC05035-HDR.jpg', '2017-06-01', 0, 160, 1, 3),
(460, 'Chateau_Dragon/DSC05044-HDR.jpg', '2017-06-01', 0, 160, 1, 3),
(461, 'Chateau_Dragon/DSC05053-HDR.jpg', '2017-06-01', 0, 160, 1, 3),
(462, 'Chalet_Alex_SAT.jpg', '2020-05-14', 0, 161, NULL, 1),
(463, 'Chalet_Alex_STR.jpg', '2017-10-01', 1, 161, NULL, 2),
(464, 'Lavoir_Chavannes_SAT.jpg', '2020-05-14', 0, 162, NULL, 1),
(465, 'Lavoir_Chavannes_STR.jpg', '2019-09-01', 1, 162, NULL, 2),
(466, 'Lavoir_Chavannes_STR_UsineProche.jpg', '2012-09-01', 0, 162, NULL, 2),
(467, 'Raffinerie_Dunk_SAT.jpg', '2020-05-14', 0, 163, NULL, 1),
(468, 'Raffinerie_Dunk_STR.jpg', '2019-05-01', 1, 163, NULL, 2),
(469, 'Hopital_Rivieres_SAT.jpg', '2020-05-14', 0, 164, NULL, 1),
(470, 'Hopital_Rivieres_STR.jpg', '2014-09-01', 1, 164, NULL, 2),
(471, 'Usine_Beghin_SAT.jpg', '2020-05-14', 0, 165, NULL, 1),
(472, 'Usine_Beghin_STR.jpg', '2013-07-01', 1, 165, NULL, 2),
(473, 'Fosse_11_19_SAT.jpg', '2020-05-14', 0, 166, NULL, 1),
(474, 'Fosse_11_19_STR.jpg', '2019-07-01', 1, 166, NULL, 2),
(475, 'Fosse_9_9Bis_SAT.jpg', '2020-05-14', 0, 167, NULL, 1),
(476, 'Fosse_9_9Bis_STR.jpg', '2019-08-01', 1, 167, NULL, 2),
(477, 'Gd_Moulin_Villemur_SAT.jpg', '2020-05-14', 0, 168, NULL, 1),
(478, 'Gd_Moulin_Villemur_STR.jpg', '2016-04-01', 1, 168, NULL, 2),
(479, 'Site_Ferroviaire.jpg', '2020-05-14', 1, 169, NULL, 1),
(480, 'FIlature_Vide_SAT.jpg', '2020-05-14', 0, 170, NULL, 1),
(481, 'FIlature_Vide_STR.jpg', '2014-09-01', 1, 170, NULL, 2),
(482, 'Filature_Ruines.jpg', '2020-05-15', 1, 171, NULL, 1),
(483, 'Houilleres_Ronchamp.jpg', '2020-05-15', 1, 172, NULL, 1),
(484, 'Carreau_Mine.jpg', '2020-05-15', 0, 173, NULL, 1),
(485, 'Carreau_Mine/DSC02423-HDR.jpg', '2017-05-01', 0, 173, 1, 3),
(486, 'Carreau_Mine/DSC02435-HDR.jpg', '2017-05-01', 0, 173, 1, 3),
(487, 'Carreau_Mine/DSC02441-HDR.jpg', '2017-05-01', 0, 173, 1, 3),
(488, 'Carreau_Mine/DSC02450-HDR.jpg', '2017-05-01', 0, 173, 1, 3),
(489, 'Carreau_Mine/DSC02463-HDR.jpg', '2017-05-01', 0, 173, 1, 3),
(490, 'Carreau_Mine/DSC02472-HDR.jpg', '2017-05-01', 1, 173, 1, 3),
(491, 'Four_Bocagerie.jpg', '2020-05-15', 1, 174, NULL, 1),
(492, 'Four_Haie.jpg', '2020-05-15', 0, 175, NULL, 1),
(493, 'Four_Haie/DSC02411-HDR.jpg', '2017-05-01', 1, 175, 1, 3),
(496, 'Mine_May_Orne.jpg', '2020-05-14', 1, 177, NULL, 1),
(497, 'Four_Calc_St_Remy.jpg', '2020-05-14', 0, 178, NULL, 1),
(498, 'Four_Calc_St_Remy/DSC02672-HDR.jpg', '2017-05-01', 0, 178, 1, 3),
(499, 'Four_Calc_St_Remy/DSC02678-HDR.jpg', '2017-05-01', 0, 178, 1, 3),
(500, 'Four_Calc_St_Remy/DSC02681-HDR.jpg', '2017-05-01', 1, 178, 1, 3),
(501, 'Puits_Pralon.jpg', '2020-05-14', 0, 179, NULL, 1),
(502, 'Puits_Pralon/DSC02348-HDR.jpg', '2017-05-01', 1, 179, 1, 3),
(503, 'Puits_Pralon/DSC02375-HDR.jpg', '2017-05-01', 0, 179, 1, 3),
(504, 'Puits_Pralon/DSC02381-HDR.jpg', '2017-05-01', 0, 179, 1, 3),
(505, 'Puits_Pralon/DSC02384.jpg', '2017-05-01', 0, 179, 1, 3),
(506, 'Puits_Pralon/DSC02387-HDR.jpg', '2017-05-01', 0, 179, 1, 3),
(507, 'Lavoir_Meglin.jpg', '2020-05-15', 1, 180, NULL, 1),
(508, 'Musse_Amis_Mine_SAT.jpg', '2020-05-14', 0, 181, NULL, 1),
(509, 'Musse_Amis_Mine_STR.jpg', '2019-08-01', 1, 181, NULL, 2),
(510, 'Puits_Longchamps.jpg', '2020-05-14', 1, 182, NULL, 1),
(511, 'Puits_StAignan.jpg', '2020-05-14', 0, 183, NULL, 1),
(512, 'Puits_StAignan/DSC01347-HDR.jpg', '2017-05-01', 1, 183, 1, 3),
(513, 'Puits_StAignan/DSC01356-HDR.jpg', '2017-05-01', 0, 183, 1, 3),
(514, 'Puits_StAignan/DSC01364.jpg', '2017-05-01', 0, 183, 1, 3),
(515, 'Puits_StAignan/DSC01377-HDR.jpg', '2017-05-01', 0, 183, 1, 3),
(516, 'Maison_Ardoise.jpg', '2020-05-14', 0, 184, NULL, 1),
(517, 'Maison_Ardoise/DSC01323-HDR.jpg', '2017-05-01', 1, 184, 1, 3),
(519, 'Eglise_StEtienne_Vieux_SAT.jpg', '2020-05-14', 0, 186, NULL, 1),
(520, 'Eglise_StEtienne_Vieux_STR.jpg', '2019-09-01', 1, 186, NULL, 2),
(521, 'Port_Brillet.jpg', '2020-05-14', 0, 187, NULL, 1),
(522, 'Port_Brillet/DSC01415-HDR.jpg', '2017-05-01', 0, 187, 1, 3),
(523, 'Port_Brillet/DSC01443.jpg', '2017-05-01', 0, 187, 1, 3),
(524, 'Port_Brillet/DSC01481-HDR.jpg', '2017-05-01', 0, 187, 1, 3),
(525, 'Port_Brillet/DSC01496-HDR.jpg', '2017-05-01', 0, 187, 1, 3),
(526, 'Port_Brillet/DSC01524.jpg', '2017-05-01', 0, 187, 1, 3),
(527, 'Port_Brillet/DSC01547-HDR.jpg', '2017-05-01', 0, 187, 1, 3),
(528, 'Port_Brillet/DSC01556-HDR.jpg', '2017-05-01', 0, 187, 1, 3),
(529, 'Port_Brillet/DSC01598-HDR.jpg', '2017-05-01', 0, 187, 1, 3),
(530, 'Port_Brillet/DSC01619.jpg', '2017-05-01', 0, 187, 1, 3),
(531, 'Port_Brillet/DSC01736.jpg', '2017-05-01', 0, 187, 1, 3),
(532, 'Port_Brillet/DSC01741-HDR.jpg', '2017-05-01', 0, 187, 1, 3),
(533, 'Port_Brillet/DSC01750-HDR.jpg', '2017-05-01', 0, 187, 1, 3),
(534, 'Port_Brillet/DSC01759-HDR.jpg', '2017-05-01', 0, 187, 1, 3),
(535, 'Port_Brillet/DSC01778.jpg', '2017-05-01', 0, 187, 1, 3),
(536, 'Port_Brillet/DSC01786-HDR.jpg', '2017-05-01', 0, 187, 1, 3),
(537, 'Port_Brillet/DSC01795-HDR.jpg', '2017-05-01', 0, 187, 1, 3),
(538, 'Port_Brillet/DSC01804-HDR.jpg', '2017-05-01', 0, 187, 1, 3),
(539, 'Port_Brillet/DSC01819-HDR.jpg', '2017-05-01', 0, 187, 1, 3),
(540, 'Port_Brillet/DSC01825-HDR.jpg', '2017-05-01', 0, 187, 1, 3),
(541, 'Port_Brillet/DSC01834-HDR.jpg', '2017-05-01', 0, 187, 1, 3),
(542, 'Port_Brillet/DSC01843-HDR.jpg', '2017-05-01', 1, 187, 1, 3),
(544, 'LUsine.jpg', '2020-05-14', 0, 189, NULL, 1),
(545, 'LUsine/DSC05375-HDR.jpg', '2017-06-01', 0, 189, 1, 3),
(546, 'LUsine/DSC05378-HDR.jpg', '2017-06-01', 0, 189, 1, 3),
(547, 'LUsine/DSC05381-HDR.jpg', '2017-06-01', 0, 189, 1, 3),
(548, 'LUsine/DSC05384-HDR.jpg', '2017-06-01', 1, 189, 1, 3),
(549, 'LUsine/DSC05387-HDR.jpg', '2017-06-01', 0, 189, 1, 3),
(550, 'LUsine/DSC05393-HDR.jpg', '2017-06-01', 0, 189, 1, 3),
(551, 'LUsine/DSC05396-HDR.jpg', '2017-06-01', 0, 189, 1, 3),
(552, 'LUsine/DSC05402-HDR.jpg', '2017-06-01', 0, 189, 1, 3),
(553, 'LUsine/DSC05405-HDR.jpg', '2017-06-01', 0, 189, 1, 3),
(554, 'LUsine/DSC05408-HDR.jpg', '2017-06-01', 0, 189, 1, 3),
(555, 'Silac.jpg', '2020-05-14', 1, 190, NULL, 1),
(556, 'Borflex.jpg', '2020-05-14', 1, 191, NULL, 1),
(557, 'Gde_Semoulerie_Ouest.jpg', '2020-05-14', 0, 192, NULL, 1),
(558, 'Gde_Semoulerie_Ouest/DSC05417-HDR.jpg', '2017-06-01', 1, 192, 1, 3),
(559, 'Gde_Semoulerie_Ouest/DSC05420-HDR.jpg', '2017-06-01', 0, 192, 1, 3),
(560, 'Formagerie_1.jpg', '2020-05-14', 0, 193, NULL, 1),
(561, 'Fromagerie_Beurrerie/DSC04201-HDR.jpg', '2017-06-01', 1, 193, 1, 3),
(562, 'Beurrerie_1.jpg', '2020-05-14', 0, 194, NULL, 1),
(563, 'Fromagerie_Beurrerie/DSC04210-HDR.jpg', '2017-06-01', 1, 194, 1, 3),
(564, 'Laiterie_Mathe_SAT.jpg', '2020-05-14', 0, 195, NULL, 1),
(565, 'Laiterie_Mathe_STR.jpg', '2013-05-01', 1, 195, NULL, 2),
(566, 'Cimenterie_La_Gravelle.jpg', '2020-05-14', 0, 196, NULL, 1),
(567, 'Cimenterie_La_Gravelle/DSC04186-HDR.jpg', '2017-06-01', 1, 196, 1, 3),
(568, 'Usine_St_Aigulin.jpg', '2020-05-14', 1, 197, NULL, 1),
(569, 'Laiterie_StJean_Liversay_SAT.jpg', '2020-05-14', 0, 198, NULL, 1),
(570, 'Laiterie_StJean_Liversay_STR.jpg', '2018-10-01', 1, 198, NULL, 2),
(571, 'Usine_St_Vaize.jpg', '2020-05-14', 1, 199, NULL, 1),
(572, 'Patisserie_Brioux_SAT.jpg', '2020-05-14', 0, 200, NULL, 1),
(573, 'Patisserie_Brioux_STR.jpg', '2015-07-01', 1, 200, NULL, 2),
(574, 'Distillerie_Fors_SAT.jpg', '2020-05-14', 0, 201, NULL, 1),
(575, 'Distillerie_Fors_STR.jpg', '2015-07-01', 1, 201, NULL, 2),
(576, 'ToChk_StHilaire_LaPalud_SAT.jpg', '2020-05-14', 0, 202, NULL, 1),
(577, 'ToChk_StHilaire_LaPalud_STR.jpg', '2018-07-01', 1, 202, NULL, 2),
(578, 'Laiterie_Val_Mignon_SAT.jpg', '2020-05-14', 0, 203, NULL, 1),
(579, 'Laiterie_Val_Mignon_STR.jpg', '2013-09-01', 1, 203, NULL, 2),
(580, 'Briquetterir_Saxay_SAT.jpg', '2020-05-14', 0, 204, NULL, 1),
(581, 'Briquetterir_Saxay_STR.jpg', '2011-04-01', 1, 204, NULL, 2),
(582, 'Lavoir_Ronchamps.jpg', '2020-05-14', 1, 205, NULL, 1),
(583, 'Ch_Colimacon.jpg', '2020-05-14', 1, 206, NULL, 1),
(584, 'Eglise_Belchite_SAT.jpg', '2020-05-14', 0, 207, NULL, 1),
(585, 'Eglise_Belchite_STR.jpg', '2016-08-01', 1, 207, NULL, 2),
(586, 'Esco_SAT.jpg', '2020-05-14', 0, 208, NULL, 1),
(587, 'Esco_STR.jpg', '2018-12-01', 1, 208, NULL, 2),
(588, 'Tiermas_SAT.jpg', '2020-05-14', 0, 209, NULL, 1),
(589, 'Tiermas_STR.jpg', '2018-09-01', 1, 209, NULL, 2),
(590, 'Ruesta_SAT.jpg', '2020-05-14', 0, 210, NULL, 1),
(591, 'Ruesta_STR.jpg', '2019-07-01', 1, 210, NULL, 2),
(592, 'Hotel_Alexandra_SAT.jpg', '2020-05-14', 0, 211, NULL, 1),
(593, 'Hotel_Alexandra_STR.jpg', '2008-10-01', 1, 211, NULL, 2),
(594, 'Poudrieres_Vergeroux.jpg', '2020-05-14', 1, 212, NULL, 1),
(595, 'Mine_Betaillou.jpg', '2020-05-14', 1, 213, NULL, 1),
(596, 'Maison_Retraite_St_Cezaire_SAT.jpg', '2020-05-14', 0, 214, NULL, 1),
(597, 'Maison_Retraite_St_Cezaire_STR.jpg', '2017-02-01', 1, 214, NULL, 2),
(598, 'Fac_Grenoble_SAT.jpg', '2020-05-14', 0, 215, NULL, 1),
(599, 'Fac_Grenoble_STR.jpg', '2015-07-01', 1, 215, NULL, 2),
(600, 'Fort_Ronce_SAT.jpg', '2020-05-14', 0, 216, NULL, 1),
(601, 'Fort_Ronce_STR.jpg', '2018-06-01', 1, 216, NULL, 2),
(602, 'Village_Gde_Croix_SAT.jpg', '2020-05-14', 0, 217, NULL, 1),
(603, 'Village_Gde_Croix_STR.jpg', '2016-03-01', 1, 217, NULL, 2),
(604, 'Fort_Varisele_SAT.jpg', '2020-05-14', 0, 218, NULL, 1),
(605, 'Fort_Varisele_STR.jpg', '2019-06-01', 1, 218, NULL, 2),
(606, 'Centrale_Lanslebourg_SAT.jpg', '2020-05-14', 0, 219, NULL, 1),
(607, 'Centrale_Lanslebourg_STR.jpg', '2011-05-01', 1, 219, NULL, 2),
(608, 'Ch_Hallier.jpg', '2020-05-14', 0, 220, NULL, 1),
(609, 'Ch_Hallier/DSC10130-HDR.jpg', '2017-08-01', 1, 220, 1, 3),
(610, 'Ch_Mehun.jpg', '2020-05-14', 1, 221, NULL, 1),
(611, 'Ch_Veaujour.jpg', '2020-05-14', 0, 222, NULL, 1),
(612, 'Ch_Veaujour/DSC08799-HDR.jpg', '2017-04-01', 1, 222, 1, 3),
(613, 'Ch_Vidame_SAT.jpg', '2020-05-14', 0, 223, NULL, 1),
(614, 'Ch_Vidame_STR.jpg', '2017-11-01', 1, 223, NULL, 2),
(615, 'Ch_Popkov.jpg', '2020-05-14', 1, 224, NULL, 1),
(616, 'Silo_Chatillon.jpg', '2020-05-14', 0, 225, NULL, 1),
(617, 'Silo_Chatillon/DSC00879-HDR.jpg', '2017-10-01', 0, 225, 1, 3),
(618, 'Silo_Chatillon/DSC00882-HDR.jpg', '2017-10-01', 0, 225, 1, 3),
(619, 'Silo_Chatillon/DSC00885-HDR.jpg', '2017-10-01', 1, 225, 1, 3),
(620, 'La_Rizerie_SAT.jpg', '2020-05-14', 0, 226, NULL, 1),
(621, 'La_Rizerie_STR.jpg', '2010-11-01', 1, 226, NULL, 2),
(622, 'Sofba_SAT.jpg', '2020-05-14', 0, 227, NULL, 1),
(623, 'Sofba_STR.jpg', '2010-11-01', 1, 227, NULL, 2),
(624, 'Port_Fos_Mer.jpg', '2020-05-14', 1, 228, NULL, 1),
(625, 'Cim_Margouet.jpg', '2020-05-14', 1, 229, NULL, 1),
(626, 'Cim_Rostellec.jpg', '2020-05-14', 1, 230, NULL, 1),
(627, 'Cim_Sillon.jpg', '2020-05-14', 1, 231, NULL, 1),
(628, 'Cim_Plouhinec.jpg', '2020-05-14', 1, 232, NULL, 1),
(629, 'Cim_Arceau.jpg', '2020-05-14', 1, 233, NULL, 1),
(630, 'Ch_Piboullette.jpg', '2020-05-14', 1, 234, NULL, 1),
(632, 'Fort_Salbert_SAT.jpg', '2020-05-14', 0, 236, NULL, 1),
(633, 'Fort_Salbert_STR.jpg', '2014-04-01', 1, 236, NULL, 2),
(634, 'Cimenterie_Chiron_SAT.jpg', '2020-05-14', 0, 237, NULL, 1),
(635, 'Cimenterie_Chiron_STR.jpg', '2019-07-01', 1, 237, NULL, 2),
(637, 'Ste_Metal_Normandie_SAT.jpg', '2020-05-14', 0, 239, NULL, 1),
(638, 'Ste_Metal_Normandie_STR.jpg', '2109-11-01', 1, 239, NULL, 2),
(639, 'Mag_Gen_Reims_SAT.jpg', '2020-05-14', 0, 240, NULL, 1),
(640, 'Mag_Gen_Reims_STR.jpg', '2019-03-01', 1, 240, NULL, 2),
(641, 'Papeterie_Guiers_SAT.jpg', '2020-05-14', 0, 241, NULL, 1),
(642, 'Papeterie_Guiers_STR.jpg', '2014-09-01', 1, 241, NULL, 2),
(643, 'Caserne_Niel.jpg', '2020-05-14', 0, 242, NULL, 1),
(644, 'Caserne_Niel/DSC04249.jpg', '2017-06-01', 0, 242, 1, 3),
(645, 'Caserne_Niel/DSC04269.jpg', '2017-06-01', 0, 242, 1, 3),
(646, 'Caserne_Niel/DSC04288.jpg', '2017-06-01', 0, 242, 1, 3),
(647, 'Caserne_Niel/DSC04303.jpg', '2017-06-01', 0, 242, 1, 3),
(648, 'Caserne_Niel/DSC04339.jpg', '2017-06-01', 0, 242, 1, 3),
(649, 'Caserne_Niel/DSC04471-HDR.jpg', '2017-06-01', 1, 242, 1, 3),
(650, 'Caserne_Niel/DSC04474-HDR.jpg', '2017-06-01', 0, 242, 1, 3),
(651, 'Caserne_Niel/DSC04480-HDR.jpg', '2017-06-01', 0, 242, 1, 3),
(652, 'Abbaye_Etanche_SAT.jpg', '2020-05-14', 0, 243, NULL, 1),
(653, 'Abbaye_Etanche_STR.jpg', '2018-07-01', 1, 243, NULL, 2),
(654, 'Concassage_Galets_SAT.jpg', '2020-05-14', 0, 244, NULL, 1),
(655, 'Concassage_Galets_STR.jpg', '2018-10-01', 1, 244, NULL, 2),
(656, 'Ch_Boixiere.jpg', '2020-05-14', 1, 245, NULL, 1),
(658, 'Cim_Train_Mans.jpg', '2020-05-14', 1, 247, NULL, 1),
(659, 'Ch_Charency.jpg', '2020-05-14', 1, 248, NULL, 1),
(660, 'Ch_Paluel.jpg', '2020-05-14', 1, 249, NULL, 1),
(661, 'Ch_Clochard.jpg', '2020-05-14', 1, 250, NULL, 1),
(662, 'Ch_HautBois.jpg', '2020-05-14', 1, 251, NULL, 1),
(663, 'Ch_Carnelle.jpg', '2020-05-14', 1, 252, NULL, 1),
(665, 'Hotel_Thermal_Vittel_SAT.jpg', '2020-05-14', 0, 254, NULL, 1),
(666, 'Hotel_Thermal_Vittel_STR.jpg', '2019-10-01', 1, 254, NULL, 2),
(667, 'Hotel_Martigny.jpg', '2020-05-14', 1, 255, NULL, 1),
(668, 'Ch_Saulxures_SAT.jpg', '2020-05-14', 0, 256, NULL, 1),
(669, 'Ch_Saulxures_STR.jpg', '2013-06-01', 1, 256, NULL, 2),
(670, 'Usine_Capavenir_SAT.jpg', '2020-05-14', 0, 257, NULL, 1),
(671, 'Usine_Capavenir_STR.jpg', '2019-09-01', 1, 257, NULL, 2),
(672, 'Filature_Boussac_SAT.jpg', '2020-05-14', 0, 258, NULL, 1),
(673, 'Filature_Boussac_STR.jpg', '2016-06-01', 1, 258, NULL, 2),
(674, 'Fort_Parmont_SAT.jpg', '2020-05-14', 0, 259, NULL, 1),
(675, 'Fort_Parmont_STR.jpg', '2014-04-01', 1, 259, NULL, 2),
(676, 'Fort_Bois_Abbe_SAT.jpg', '2020-05-14', 0, 260, NULL, 1),
(677, 'Fort_Bois_Abbe_STR.jpg', '2016-06-01', 1, 260, NULL, 2),
(678, 'Ch_Robert.jpg', '2020-05-14', 1, 261, NULL, 1),
(680, 'Ch_Commarques.jpg', '2020-05-14', 1, 263, NULL, 1),
(681, 'Ch_Noyers.jpg', '2020-05-14', 1, 264, NULL, 1),
(682, 'Roche_Tranchellion.jpg', '2020-05-14', 0, 265, NULL, 1),
(683, 'Roche_Tranchellion/DSC08841-HDR.jpg', '2017-07-01', 1, 265, 1, 3),
(684, 'Roche_Tranchellion/DSC08844-HDR.jpg', '2017-07-01', 0, 265, 1, 3),
(685, 'Roche_Tranchellion/DSC08863-HDR.jpg', '2017-07-01', 0, 265, 1, 3),
(686, 'Roche_Tranchellion/DSC08866-HDR.jpg', '2017-07-01', 0, 265, 1, 3),
(687, 'Roche_Tranchellion/DSC08894-HDR.jpg', '2017-07-01', 0, 265, 1, 3),
(688, 'Roche_Tranchellion/DSC08897-HDR.jpg', '2017-07-01', 0, 265, 1, 3),
(689, 'Roche_Tranchellion/DSC08903-HDR.jpg', '2017-07-01', 0, 265, 1, 3),
(690, 'Piscine_Esbly_SAT.jpg', '2020-05-14', 0, 266, NULL, 1),
(691, 'Piscine_Esbly_STR.jpg', '2011-01-01', 1, 266, NULL, 2),
(692, 'Ch_Vivier_SAT.jpg', '2020-05-14', 0, 267, NULL, 1),
(693, 'Ch_Vivier_STR.jpg', '2016-10-01', 1, 267, NULL, 2),
(694, 'Eglise_Razines_SAT.jpg', '2020-05-14', 0, 268, NULL, 1),
(695, 'Eglise_Razines_STR.jpg', '2019-05-01', 1, 268, NULL, 2),
(696, 'Saint_Senoch_Ruines.jpg', '2020-05-14', 0, 269, NULL, 1),
(697, 'St_Senoch/DSC00610-HDR.jpg', '2017-10-01', 1, 269, 1, 3),
(698, 'St_Senoch/DSC00613-HDR.jpg', '2017-10-01', 0, 269, 1, 3),
(699, 'St_Senoch/DSC00629-HDR.jpg', '2017-10-01', 0, 269, 1, 3),
(700, 'St_Senoch/DSC00635-HDR.jpg', '2017-10-01', 0, 269, 1, 3),
(701, 'Ch_Coulaines.jpg', '2020-05-14', 1, 270, NULL, 1),
(702, 'Prieure_Trinite_SAT.jpg', '2020-05-14', 0, 271, NULL, 1),
(703, 'Prieure_Trinite_STR.jpg', '2019-10-01', 1, 271, NULL, 2),
(704, 'Ch_Conches_SAT.jpg', '2020-05-14', 0, 272, NULL, 1),
(705, 'Ch_Conches_STR.jpg', '2014-09-01', 1, 272, NULL, 2),
(706, 'Ch_Turmeliere.jpg', '2020-05-14', 1, 273, NULL, 1),
(707, 'Palais_Briau_SAT.jpg', '2020-05-14', 0, 274, NULL, 1),
(708, 'Palais_Briau_STR.jpg', '2016-04-01', 1, 274, NULL, 2),
(709, 'Ch_Beuron.jpg', '2020-05-14', 1, 275, NULL, 1),
(710, 'Ch_Montfaucon_SAT.jpg', '2020-05-14', 0, 276, NULL, 1),
(711, 'Ch_Montfaucon_STR.jpg', '2010-03-01', 1, 276, NULL, 2),
(712, 'Ch_Montgoger.jpg', '2020-05-14', 1, 277, NULL, 1),
(713, 'Ferme_Rocher.jpg', '2020-05-14', 0, 278, NULL, 1),
(714, 'Ferme_Rocher/DSC01098-HDR.jpg', '2017-10-01', 1, 278, 1, 3),
(715, 'Tourbaliere.jpg', '2020-05-14', 0, 279, NULL, 1),
(716, 'Tourbaliere/DSC09844-HDR.jpg', '2017-04-01', 1, 279, 1, 3),
(717, 'Tourbaliere/DSC09862-HDR.jpg', '2017-04-01', 0, 279, 1, 3),
(718, 'Tourbaliere/DSC09874-HDR.jpg', '2017-04-01', 0, 279, 1, 3),
(719, 'Tourbaliere/DSC09880-HDR.jpg', '2017-04-01', 0, 279, 1, 3),
(720, 'Tourbaliere/DSC09889-HDR.jpg', '2017-04-01', 0, 279, 1, 3),
(721, 'Tourbaliere/DSC09896.jpg', '2017-04-01', 0, 279, 1, 3),
(722, 'Tourbaliere/DSC09910-HDR.jpg', '2017-04-01', 0, 279, 1, 3),
(723, 'Tourbaliere/DSC09943-HDR.jpg', '2017-04-01', 0, 279, 1, 3),
(724, 'Ch_Marcay.jpg', '2020-05-14', 1, 280, NULL, 1),
(725, 'Moulin_Cormery_SAT.jpg', '2020-05-14', 0, 281, NULL, 1),
(726, 'Moulin_Cormery_STR.jpg', '2018-11-01', 1, 281, NULL, 2),
(727, 'Ch_Gimoniere_SAT.jpg', '2020-05-14', 0, 282, NULL, 1),
(728, 'Ch_Gimoniere_STR.jpg', '2018-06-01', 1, 282, NULL, 2),
(729, 'Ch_Cazeau.jpg', '2020-05-14', 1, 283, NULL, 1),
(730, 'Manoir_Luxe.jpg', '2020-05-14', 0, 284, NULL, 1),
(731, 'Guy_Lux/DSC09784-HDR.jpg', '2017-08-01', 1, 284, 1, 3),
(732, 'Guy_Lux/DSC09817-HDR.jpg', '2017-08-01', 0, 284, 1, 3),
(733, 'Guy_Lux/DSC09832-HDR.jpg', '2017-08-01', 0, 284, 1, 3),
(734, 'Guy_Lux/DSC09881-HDR.jpg', '2017-08-01', 0, 284, 1, 3),
(735, 'Guy_Lux/DSC09902-HDR.jpg', '2017-08-01', 0, 284, 1, 3),
(736, 'Guy_Lux/DSC09911-HDR.jpg', '2017-08-01', 0, 284, 1, 3),
(737, 'Guy_Lux/DSC09926-HDR.jpg', '2017-08-01', 0, 284, 1, 3),
(738, 'Guy_Lux/DSC09929-HDR.jpg', '2017-08-01', 0, 284, 1, 3),
(739, 'Guy_Lux/DSC09984-HDR.jpg', '2017-08-01', 0, 284, 1, 3),
(740, 'Ch_Ebaupinay.jpg', '2020-05-14', 0, 285, NULL, 1),
(741, 'Ch_Ebaupinay/DSC09163-HDR.jpg', '2017-04-01', 1, 285, 1, 3),
(742, 'Ch_Ebaupinay/DSC09181-HDR.jpg', '2017-04-01', 0, 285, 1, 3),
(743, 'Ch_Ebaupinay/DSC09184-HDR.jpg', '2017-04-01', 0, 285, 1, 3),
(744, 'Ch_Ebaupinay/DSC09187-HDR.jpg', '2017-04-01', 0, 285, 1, 3),
(745, 'Ch_Montdoubleau.jpg', '2020-05-14', 0, 286, NULL, 1),
(746, 'Ch_Montdoubleau/DSC02981-HDR.jpg', '2017-06-01', 0, 286, 1, 3),
(747, 'Ch_Montdoubleau/DSC02984-HDR.jpg', '2017-06-01', 0, 286, 1, 3),
(748, 'Ch_Montdoubleau/DSC03008-HDR.jpg', '2017-06-01', 1, 286, 1, 3),
(749, 'Ch_Crozant.jpg', '2020-05-14', 1, 287, NULL, 1),
(750, 'Tours_Merle.jpg', '2020-05-14', 1, 288, NULL, 1),
(751, 'Ch_Chalucet.jpg', '2020-05-14', 1, 289, NULL, 1),
(752, 'Ch_Levroux.jpg', '2020-05-14', 1, 290, NULL, 1),
(753, 'Ch_Maner_Bihan_SAT.jpg', '2020-05-14', 0, 291, NULL, 1),
(754, 'Ch_Maner_Bihan_STR.jpg', '2019-06-01', 1, 291, NULL, 2),
(755, 'Ch_Hayes_Gasselin.jpg', '2020-05-14', 1, 292, NULL, 1),
(756, 'Abbaye_Maillezaiss_SAT.jpg', '2020-05-14', 0, 293, NULL, 1),
(757, 'Abbaye_Maillezaiss_STR.jpg', '2018-12-01', 1, 293, NULL, 2),
(758, 'Abbaye_Sauve_Majeur.jpg', '2020-05-14', 0, 294, NULL, 1),
(759, 'Abbaye_Sauve_Majeur/DSC05062-HDR.jpg', '2017-06-01', 0, 294, 1, 3),
(760, 'Abbaye_Sauve_Majeur/DSC05074-HDR.jpg', '2017-06-01', 0, 294, 1, 3),
(761, 'Abbaye_Sauve_Majeur/DSC05110-HDR.jpg', '2017-06-01', 0, 294, 1, 3),
(762, 'Abbaye_Sauve_Majeur/DSC05113-HDR.jpg', '2017-06-01', 0, 294, 1, 3),
(763, 'Abbaye_Sauve_Majeur/DSC05131-HDR.jpg', '2017-06-01', 0, 294, 1, 3),
(764, 'Abbaye_Sauve_Majeur/DSC05137-HDR.jpg', '2017-06-01', 1, 294, 1, 3),
(765, 'Eglise_St_Jean_Angely.jpg', '2020-05-14', 1, 295, NULL, 1),
(766, 'Tour_Beaumont.jpg', '2020-05-14', 0, 296, NULL, 1),
(767, 'Tour_Beaumont/DSC05598-HDR.jpg', '2017-06-01', 0, 296, 1, 3),
(768, 'Tour_Beaumont/DSC05604-HDR.jpg', '2017-06-01', 0, 296, 1, 3),
(769, 'Tour_Beaumont/DSC05610-HDR.jpg', '2017-06-01', 1, 296, 1, 3),
(770, 'Ch_Bressieux_SAT.jpg', '2020-05-14', 0, 297, NULL, 1),
(771, 'Ch_Bressieux_STR.jpg', '2019-10-01', 1, 297, NULL, 2),
(772, 'Ch_Guerand.jpg', '2020-05-14', 1, 298, NULL, 1),
(773, 'Ch_Meilleraye.jpg', '2020-05-14', 1, 299, NULL, 1),
(774, 'Ch_Renardieres.jpg', '2020-05-14', 1, 300, NULL, 1),
(775, 'Ch_StGermain_Confolens.jpg', '2020-05-14', 1, 301, NULL, 1),
(776, 'Ch_Commerquiers_SAT.jpg', '2020-05-14', 0, 302, NULL, 1),
(777, 'Ch_Commerquiers_STR.jpg', '2018-06-01', 1, 302, NULL, 2),
(778, 'Ch_Bardines.jpg', '2020-05-14', 1, 303, NULL, 1),
(779, 'Ch_Tremblaye.jpg', '2020-05-14', 1, 304, NULL, 1),
(780, 'Ch_Durbeliere.jpg', '2020-05-14', 0, 305, NULL, 1),
(781, 'Ch_Durbeliere/DSC09199-HDR.jpg', '2017-04-01', 0, 305, 1, 3),
(782, 'Ch_Durbeliere/DSC09214-HDR.jpg', '2017-04-01', 1, 305, 1, 3),
(783, 'Ch_Durbeliere/DSC09217-HDR.jpg', '2017-04-01', 0, 305, 1, 3),
(784, 'Ch_Durbeliere/DSC09220-HDR.jpg', '2017-04-01', 0, 305, 1, 3),
(785, 'Ch_Durbeliere/DSC09223-HDR.jpg', '2017-04-01', 0, 305, 1, 3),
(786, 'Ch_Prune.jpg', '2020-05-14', 1, 306, NULL, 1),
(787, 'Ch_Mursay.jpg', '2020-05-14', 1, 307, NULL, 1),
(788, 'Manoir_Coecilian_SAT.jpg', '2020-05-14', 0, 308, NULL, 1),
(789, 'Manoir_Coecilian_STR.jpg', '2015-09-01', 1, 308, NULL, 2),
(790, 'Abbaye_Villers.jpg', '2020-05-14', 1, 309, NULL, 1),
(791, 'Abbaye_IleChauvet_SAT.jpg', '2020-05-14', 0, 310, NULL, 1),
(792, 'Abbaye_IleChauvet_STR.jpg', '2010-06-01', 1, 310, NULL, 2),
(793, 'Musee_Avion_Chasse.jpg', '2020-05-14', 1, 311, NULL, 1),
(794, 'Chateauneuf_Epte_SAT.jpg', '2020-05-14', 0, 312, NULL, 1),
(795, 'Chateauneuf_Epte_STR.jpg', '2019-04-01', 1, 312, NULL, 2),
(796, 'Ch_Gaillard.jpg', '2020-05-14', 1, 313, NULL, 1),
(797, 'Fort_Challeau.jpg', '2020-05-14', 1, 314, NULL, 1),
(798, 'Ch_FerteMillon_SAT.jpg', '2020-05-14', 0, 315, NULL, 1),
(799, 'Ch_FerteMillon_STR.jpg', '2013-05-01', 1, 315, NULL, 2),
(800, 'Ch_Lutzelbourg.jpg', '2020-05-14', 1, 316, NULL, 1),
(801, 'Chapelle_LaChariere.jpg', '2020-05-14', 0, 317, NULL, 1),
(802, 'LaChariere/DSC09073-HDR.jpg', '2017-04-01', 0, 317, 1, 3),
(803, 'LaChariere/DSC09076-HDR.jpg', '2017-04-01', 0, 317, 1, 3),
(804, 'LaChariere/DSC09100-HDR.jpg', '2017-04-01', 0, 317, 1, 3),
(805, 'LaChariere/DSC09118-HDR.jpg', '2017-04-01', 0, 317, 1, 3),
(806, 'LaChariere/DSC09121-HDR.jpg', '2017-04-01', 1, 317, 1, 3),
(807, 'LaChariere/DSC09127-HDR.jpg', '2017-04-01', 0, 317, 1, 3),
(808, 'LaChariere/DSC09133-HDR.jpg', '2017-04-01', 0, 317, 1, 3),
(809, 'Usine_Dennery.jpg', '2020-05-14', 0, 318, NULL, 1),
(810, 'Usine_Dennery/DSC09324-HDR.jpg', '2017-04-01', 0, 318, 1, 3),
(811, 'Usine_Dennery/DSC09331-HDR.jpg', '2017-04-01', 0, 318, 1, 3),
(812, 'Usine_Dennery/DSC09338.jpg', '2017-04-01', 0, 318, 1, 3),
(813, 'Usine_Dennery/DSC09343-HDR.jpg', '2017-04-01', 0, 318, 1, 3),
(814, 'Usine_Dennery/DSC09363-HDR.jpg', '2017-04-01', 0, 318, 1, 3),
(815, 'Usine_Dennery/DSC09378-HDR.jpg', '2017-04-01', 0, 318, 1, 3),
(816, 'Usine_Dennery/DSC09379-HDR.jpg', '2017-04-01', 0, 318, 1, 3),
(817, 'Usine_Dennery/DSC09409.jpg', '2017-04-01', 0, 318, 1, 3),
(818, 'Usine_Dennery/DSC09418-HDR.jpg', '2017-04-01', 0, 318, 1, 3),
(819, 'Usine_Dennery/DSC09427-HDR.jpg', '2017-04-01', 0, 318, 1, 3),
(820, 'Usine_Dennery/DSC09490-HDR.jpg', '2017-04-01', 0, 318, 1, 3),
(821, 'Usine_Dennery/DSC09499-HDR.jpg', '2017-04-01', 0, 318, 1, 3),
(822, 'Usine_Dennery/DSC09514-HDR.jpg', '2017-04-01', 0, 318, 1, 3),
(823, 'Usine_Dennery/DSC09523-HDR.jpg', '2017-04-01', 1, 318, 1, 3),
(824, 'Usine_Dennery/DSC09551.jpg', '2017-04-01', 0, 318, 1, 3),
(825, 'Usine_Vinay.jpg', '2020-05-14', 1, 319, NULL, 1),
(826, 'Ch_Freteval.jpg', '2020-05-14', 0, 320, NULL, 1),
(827, 'Ch_Freteval/DSC02906-HDR.jpg', '2017-06-01', 1, 320, 1, 3),
(828, 'Ch_Freteval/DSC02912-HDR.jpg', '2017-06-01', 0, 320, 1, 3),
(829, 'Ch_Freteval/DSC02921-HDR.jpg', '2017-06-01', 0, 320, 1, 3),
(830, 'Ch_Lagarde_SAT.jpg', '2020-05-14', 0, 321, NULL, 1),
(831, 'Ch_Lagarde_STR.jpg', '2019-07-01', 1, 321, NULL, 2),
(832, 'Ch_Rocher.jpg', '2020-05-14', 1, 322, NULL, 1),
(833, 'Ch_Cheneru.jpg', '2020-05-14', 0, 323, NULL, 1),
(834, 'Ch_Cheneru/DSC05744-HDR.jpg', '2018-08-01', 0, 323, 1, 3),
(835, 'Ch_Cheneru/DSC05750-HDR.jpg', '2018-08-01', 0, 323, 1, 3),
(836, 'Ch_Cheneru/DSC05758.jpg', '2018-08-01', 0, 323, 1, 3),
(837, 'Ch_Cheneru/DSC05763-HDR.jpg', '2018-08-01', 0, 323, 1, 3),
(838, 'Ch_Cheneru/DSC05766-HDR.jpg', '2018-08-01', 0, 323, 1, 3),
(839, 'Ch_Cheneru/DSC05769-HDR.jpg', '2018-08-01', 0, 323, 1, 3),
(840, 'Ch_Cheneru/DSC05772-HDR.jpg', '2018-08-01', 0, 323, 1, 3),
(841, 'Ch_Cheneru/DSC05775-HDR.jpg', '2018-08-01', 0, 323, 1, 3),
(842, 'Ch_Cheneru/DSC05778-HDR.jpg', '2018-08-01', 0, 323, 1, 3);
INSERT INTO `image` (`id`, `name`, `date_taken`, `is_front`, `marker_id`, `user_id`, `image_type_id`) VALUES
(843, 'Ch_Cheneru/DSC05781-HDR.jpg', '2018-08-01', 1, 323, 1, 3),
(844, 'Maison_GratteLoup.jpg', '2020-05-14', 1, 324, NULL, 1),
(845, 'Ch_BoisThibault.jpg', '2020-05-14', 0, 325, NULL, 1),
(846, 'Ch_BoisThibault/DSC02069.jpg', '2017-05-01', 1, 325, 1, 3),
(847, 'Ch_Ranrouet.jpg', '2020-05-14', 1, 326, NULL, 1),
(848, 'Ch_Purpan.jpg', '2020-05-14', 1, 327, NULL, 1),
(849, 'Ch_Miremont.jpg', '2020-05-14', 1, 328, NULL, 1),
(850, 'Ch_Folleville.jpg', '2020-05-14', 1, 329, NULL, 1),
(851, 'Prieure_Villedieu.jpg', '2020-05-14', 0, 330, NULL, 1),
(852, 'Villedieu/DSC03126-HDR.jpg', '2017-06-01', 1, 330, 1, 3),
(853, 'Villedieu/DSC03129-HDR.jpg', '2017-06-01', 0, 330, 1, 3),
(854, 'Villedieu/DSC03135-HDR.jpg', '2017-06-01', 0, 330, 1, 3),
(855, 'Villedieu/DSC03159-HDR.jpg', '2017-06-01', 0, 330, 1, 3),
(856, 'Villedieu/DSC03171-HDR.jpg', '2017-06-01', 0, 330, 1, 3),
(857, 'Villedieu/DSC03177-HDR.jpg', '2017-06-01', 0, 330, 1, 3),
(858, 'Villedieu/DSC03198-HDR.jpg', '2017-06-01', 0, 330, 1, 3),
(859, 'Villedieu/DSC03219-HDR.jpg', '2017-06-01', 0, 330, 1, 3),
(860, 'Villedieu/DSC03225-HDR.jpg', '2017-06-01', 0, 330, 1, 3),
(861, 'Villedieu/DSC03231-HDR.jpg', '2017-06-01', 0, 330, 1, 3),
(862, 'Villedieu/DSC03240-HDR.jpg', '2017-06-01', 0, 330, 1, 3),
(863, 'Villedieu/DSC03258-HDR.jpg', '2017-06-01', 0, 330, 1, 3),
(864, 'Villedieu/DSC03270-HDR.jpg', '2017-06-01', 0, 330, 1, 3),
(865, 'Villedieu/DSC03276-HDR.jpg', '2017-06-01', 0, 330, 1, 3),
(866, 'Ch_Ventadour.jpg', '2020-05-14', 1, 331, NULL, 1),
(867, 'Ch_Bruzac.jpg', '2020-05-14', 1, 332, NULL, 1),
(868, 'Ch_Robert_Diable.jpg', '2020-05-14', 1, 333, NULL, 1),
(869, 'Ch_Boulaie.jpg', '2020-05-14', 1, 334, NULL, 1),
(870, 'Ch_PassyLesTours.jpg', '2020-05-14', 1, 335, NULL, 1),
(871, 'Ch_Lagardere.jpg', '2020-05-14', 1, 336, NULL, 1),
(872, 'Ch_Piegut.jpg', '2020-05-14', 1, 337, NULL, 1),
(873, 'Ch_Budos.jpg', '2020-05-14', 1, 338, NULL, 1),
(874, 'Ch_Rauzan.jpg', '2020-05-14', 1, 339, NULL, 1),
(875, 'Ch_Hunaudaye.jpg', '2020-05-14', 1, 340, NULL, 1),
(876, 'Ch_Mereville.jpg', '2020-05-14', 1, 341, NULL, 1),
(877, 'Ch_Miglos_SAT.jpg', '2020-05-14', 0, 342, NULL, 1),
(878, 'Ch_Miglos_STR.jpg', '2019-04-01', 1, 342, NULL, 2),
(879, 'Ch_Opoul.jpg', '2020-05-14', 1, 343, NULL, 1),
(880, 'Ch_Parden.jpg', '2020-05-14', 1, 344, NULL, 1),
(881, 'Ch_BoisAuLoup.jpg', '2020-05-14', 1, 345, NULL, 1),
(882, 'Ch_Branzac.jpg', '2020-05-14', 1, 346, NULL, 1),
(883, 'Ch_Montespan.jpg', '2020-05-14', 1, 347, NULL, 1),
(884, 'Ch_Breau.jpg', '2020-05-14', 1, 348, NULL, 1),
(885, 'Ch_Coupvray.jpg', '2020-05-14', 1, 349, NULL, 1),
(886, 'Abbaye_Jumieges.jpg', '2020-05-14', 1, 350, NULL, 1),
(887, 'Ch_Roquetaillade.jpg', '2020-05-14', 1, 351, NULL, 1),
(888, 'Ch_Chanteloup.jpg', '2020-05-14', 1, 352, NULL, 1),
(889, 'Ch_Morimont.jpg', '2020-05-14', 1, 353, NULL, 1),
(890, 'Ch_Montgilbert.jpg', '2020-05-14', 1, 354, NULL, 1),
(891, 'Ch_Gratot.jpg', '2020-05-14', 1, 355, NULL, 1),
(892, 'Ch_Guildo.jpg', '2020-05-14', 0, 356, NULL, 1),
(893, 'Ch_Guildo/DSC06686-HDR.jpg', '2018-11-01', 0, 356, 1, 3),
(894, 'Ch_Guildo/DSC06689-HDR.jpg', '2018-11-01', 0, 356, 1, 3),
(895, 'Ch_Guildo/DSC06695-HDR.jpg', '2018-11-01', 0, 356, 1, 3),
(896, 'Ch_Guildo/DSC06701-HDR.jpg', '2018-11-01', 0, 356, 1, 3),
(897, 'Ch_Guildo/DSC06704-HDR.jpg', '2018-11-01', 0, 356, 1, 3),
(898, 'Ch_Guildo/DSC06707-HDR.jpg', '2018-11-01', 1, 356, 1, 3),
(899, 'Ch_Guildo/DSC06710-HDR.jpg', '2018-11-01', 0, 356, 1, 3),
(901, 'Abb_Beauport.jpg', '2020-05-14', 0, 358, NULL, 1),
(902, 'Abbaye_Beauport/DSC06925-HDR.jpg', '2018-11-01', 0, 358, 1, 3),
(903, 'Abbaye_Beauport/DSC06928-HDR.jpg', '2018-11-01', 1, 358, 1, 3),
(904, 'Abbaye_Beauport/DSC06931-HDR.jpg', '2018-11-01', 0, 358, 1, 3),
(905, 'Abbaye_Beauport/DSC06934-HDR.jpg', '2018-11-01', 0, 358, 1, 3),
(906, 'Abbaye_Beauport/DSC06937-HDR.jpg', '2018-11-01', 0, 358, 1, 3),
(907, 'Abbaye_Beauport/DSC06940-HDR.jpg', '2018-11-01', 0, 358, 1, 3),
(908, 'Abbaye_Beauport/DSC06943-HDR.jpg', '2018-11-01', 0, 358, 1, 3),
(910, 'Hotel_Fr_En_SAT.jpg', '2020-05-14', 0, 360, NULL, 1),
(911, 'Hotel_Fr_En_STR.jpg', '2012-10-01', 1, 360, NULL, 2),
(912, 'Ch_Bijou.jpg', '2020-05-14', 1, 361, NULL, 1),
(913, 'Ch_Candau.jpg', '2020-05-14', 1, 362, NULL, 1),
(914, 'Chapelle_Languidou.jpg', '2020-05-14', 1, 363, NULL, 1),
(915, 'Ch_Seyssuel.jpg', '2020-05-14', 1, 364, NULL, 1),
(916, 'Ch_Falavier.jpg', '2020-05-14', 1, 365, NULL, 1),
(917, 'Ch_Repaire.jpg', '2020-05-14', 1, 366, NULL, 1),
(918, 'Ch_Moriniere.jpg', '2020-05-14', 1, 367, NULL, 1),
(921, 'Abbaye_Couronne.jpg', '2020-05-14', 0, 370, NULL, 1),
(922, 'Abbaye_Couronne/DSC05345-HDR.jpg', '2017-06-01', 1, 370, 1, 3),
(923, 'Abbaye_Couronne/DSC05348-HDR.jpg', '2017-06-01', 0, 370, 1, 3),
(924, 'Abbaye_Couronne/DSC05351-HDR.jpg', '2017-06-01', 0, 370, 1, 3),
(925, 'Abbaye_Couronne/DSC05357-HDR.jpg', '2017-06-01', 0, 370, 1, 3),
(926, 'Ch_Pagax.jpg', '2020-05-14', 1, 371, NULL, 1),
(927, 'Abbaye_FontaineJean.jpg', '2020-05-14', 0, 372, NULL, 1),
(928, 'Abbaye_FontaineJean/DSC10036.jpg', '2017-08-01', 0, 372, 1, 3),
(929, 'Abbaye_FontaineJean/DSC10049-HDR.jpg', '2017-08-01', 0, 372, 1, 3),
(930, 'Abbaye_FontaineJean/DSC10055-HDR.jpg', '2017-08-01', 1, 372, 1, 3),
(931, 'Abbaye_FontaineJean/DSC10058-HDR.jpg', '2017-08-01', 0, 372, 1, 3),
(933, 'Ch_Roussiere.jpg', '2020-05-14', 0, 374, NULL, 1),
(934, 'Ch_Roussiere/DSC01155-HDR.jpg', '2017-10-01', 0, 374, 1, 3),
(935, 'Ch_Roussiere/DSC01161.jpg', '2017-10-01', 0, 374, 1, 3),
(936, 'Ch_Roussiere/DSC01176-HDR.jpg', '2017-10-01', 0, 374, 1, 3),
(937, 'Ch_Roussiere/DSC01179-HDR.jpg', '2017-10-01', 0, 374, 1, 3),
(938, 'Ch_Roussiere/DSC01185-HDR.jpg', '2017-10-01', 0, 374, 1, 3),
(939, 'Ch_Roussiere/DSC01188-HDR.jpg', '2017-10-01', 0, 374, 1, 3),
(940, 'Ch_Roussiere/DSC01210-HDR.jpg', '2017-10-01', 0, 374, 1, 3),
(941, 'Ch_Roussiere/DSC01228-HDR.jpg', '2017-10-01', 1, 374, 1, 3),
(942, 'Ch_Roussiere/DSC01237.jpg', '2017-10-01', 0, 374, 1, 3),
(943, 'Ch_Roussiere/DSC01244.jpg', '2017-10-01', 0, 374, 1, 3),
(944, 'Ch_Roussiere/DSC01246.jpg', '2017-10-01', 0, 374, 1, 3),
(945, 'Ch_Roussiere/DSC01253.jpg', '2017-10-01', 0, 374, 1, 3),
(946, 'Ch_Roussiere/DSC01274.jpg', '2017-10-01', 0, 374, 1, 3),
(947, 'Ch_Roussiere/DSC01279.jpg', '2017-10-01', 0, 374, 1, 3),
(948, 'Ch_Roussiere/DSC01291-HDR.jpg', '2017-10-01', 0, 374, 1, 3),
(949, 'Abbaye_ChiryOurscamp.jpg', '2020-05-14', 1, 375, NULL, 1),
(950, 'Ch_Chateauneuf.jpg', '2020-05-14', 0, 376, NULL, 1),
(951, 'Ch_Chateauneuf/DSC03405-HDR.jpg', '2017-06-01', 0, 376, 1, 3),
(952, 'Ch_Chateauneuf/DSC03408-HDR.jpg', '2017-06-01', 1, 376, 1, 3),
(953, 'Ch_Chateauneuf/DSC03411-HDR.jpg', '2017-06-01', 0, 376, 1, 3),
(954, 'Ch_Chateauneuf/DSC03414-HDR.jpg', '2017-06-01', 0, 376, 1, 3),
(955, 'Ch_Glenay.jpg', '2020-05-14', 1, 377, NULL, 1),
(956, 'Sanatorium_Belligneux.jpg', '2020-05-14', 1, 378, NULL, 1),
(957, 'Manoir_Creuniers_SAT.jpg', '2020-05-14', 0, 379, NULL, 1),
(958, 'Manoir_Creuniers_STR.jpg', '2012-08-01', 1, 379, NULL, 1),
(959, 'Ch_Crespieres_SAT.jpg', '2020-05-14', 0, 380, NULL, 1),
(960, 'Ch_Crespieres_STR.jpg', '2019-04-01', 1, 380, NULL, 1),
(961, 'Bowling_Zenith.jpg', '2020-05-14', 1, 381, NULL, 1),
(962, 'Port_Lorient.jpg', '2020-05-14', 0, 382, NULL, 1),
(963, 'Port_Lorient/DSC00312-HDR.jpg', '2018-12-01', 0, 382, 1, 3),
(964, 'Port_Lorient/DSC00327-HDR.jpg', '2018-12-01', 1, 382, 1, 3),
(965, 'Port_Lorient/DSC00344.jpg', '2018-12-01', 0, 382, 1, 3),
(966, 'Port_Lorient/DSC00354-HDR.jpg', '2018-12-01', 0, 382, 1, 3),
(967, 'Port_Lorient/DSC00435-HDR.jpg', '2018-12-01', 0, 382, 1, 3),
(968, 'Port_Lorient/DSC00455-HDR.jpg', '2018-12-01', 0, 382, 1, 3),
(969, 'Port_Lorient/DSC00464-HDR.jpg', '2018-12-01', 0, 382, 1, 3),
(970, 'Port_Lorient/DSC00470-HDR.jpg', '2018-12-01', 0, 382, 1, 3),
(971, 'Port_Lorient/DSC00476-HDR.jpg', '2018-12-01', 0, 382, 1, 3),
(972, 'Port_Lorient/DSC00494-HDR.jpg', '2018-12-01', 0, 382, 1, 3),
(973, 'Port_Lorient/DSC00514-HDR.jpg', '2018-12-01', 0, 382, 1, 3),
(974, 'Port_Lorient/DSC00520-HDR.jpg', '2018-12-01', 0, 382, 1, 3),
(975, 'Port_Lorient/DSC00529-HDR.jpg', '2018-12-01', 0, 382, 1, 3),
(976, 'Port_Lorient/DSC00547-HDR.jpg', '2018-12-01', 0, 382, 1, 3),
(977, 'Port_Lorient/DSC00556-HDR.jpg', '2018-12-01', 0, 382, 1, 3),
(978, 'Placage_SE.jpg', '2020-05-14', 1, 383, NULL, 1),
(979, 'Resto_U.jpg', '2020-05-14', 1, 384, NULL, 1),
(980, 'Moulin_Sarreguemines_SAT.jpg', '2020-05-14', 0, 385, NULL, 1),
(981, 'Moulin_Sarreguemines_STR.jpg', '2019-06-01', 1, 385, NULL, 1),
(982, 'St_Vincent.jpg', '2020-05-14', 0, 386, NULL, 1),
(983, 'St_Vincent/DSC01216-HDR.jpg', '2017-12-01', 0, 386, 1, 3),
(984, 'St_Vincent/DSC01222-HDR.jpg', '2017-12-01', 0, 386, 1, 3),
(985, 'St_Vincent/DSC01225-HDR.jpg', '2017-12-01', 0, 386, 1, 3),
(986, 'St_Vincent/DSC01234-HDR.jpg', '2017-12-01', 0, 386, 1, 3),
(987, 'St_Vincent/DSC01243-HDR.jpg', '2017-12-01', 0, 386, 1, 3),
(988, 'St_Vincent/DSC01255-HDR.jpg', '2017-12-01', 0, 386, 1, 3),
(989, 'St_Vincent/DSC01284-HDR.jpg', '2017-12-01', 0, 386, 1, 3),
(990, 'St_Vincent/DSC01287-HDR.jpg', '2017-12-01', 0, 386, 1, 3),
(991, 'St_Vincent/DSC01289-HDR.jpg', '2017-12-01', 1, 386, 1, 3),
(992, 'St_Vincent/DSC01293-HDR.jpg', '2017-12-01', 0, 386, 1, 3),
(993, 'Ch_PlancheChef.jpg', '2020-05-14', 0, 387, NULL, 1),
(994, 'Ch_PlancheAuChef/DSC00984-HDR.jpg', '2017-12-01', 1, 387, 1, 3),
(995, 'Ch_PlancheAuChef/DSC00996-HDR.jpg', '2017-12-01', 0, 387, 1, 3),
(996, 'Ch_PlancheAuChef/DSC01017-HDR.jpg', '2017-12-01', 0, 387, 1, 3),
(997, 'Ch_PlancheAuChef/DSC01029-HDR.jpg', '2017-12-01', 0, 387, 1, 3),
(998, 'Ch_PlancheAuChef/DSC01032-HDR.jpg', '2017-12-01', 0, 387, 1, 3),
(999, 'Ch_PlancheAuChef/DSC01044-HDR.jpg', '2017-12-01', 0, 387, 1, 3),
(1000, 'Ch_PlancheAuChef/DSC01068-HDR.jpg', '2017-12-01', 0, 387, 1, 3),
(1001, 'Ch_PlancheAuChef/DSC01071-HDR.jpg', '2017-12-01', 0, 387, 1, 3),
(1002, 'Ch_PlancheAuChef/DSC01089-HDR.jpg', '2017-12-01', 0, 387, 1, 3),
(1003, 'Ch_PlancheAuChef/DSC01122-HDR.jpg', '2017-12-01', 0, 387, 1, 3),
(1004, 'Ch_PlancheAuChef/DSC01134-HDR.jpg', '2017-12-01', 0, 387, 1, 3),
(1005, 'Ch_PlancheAuChef/DSC01158-HDR.jpg', '2017-12-01', 0, 387, 1, 3),
(1006, 'Ch_PlancheAuChef/DSC01161-HDR.jpg', '2017-12-01', 0, 387, 1, 3),
(1007, 'Ch_PlancheAuChef/DSC01164-HDR.jpg', '2017-12-01', 0, 387, 1, 3),
(1008, 'LeFay.jpg', '2020-05-14', 0, 388, NULL, 1),
(1009, 'LeFay/DSC09499-HDR.jpg', '2017-07-01', 0, 388, 1, 3),
(1010, 'LeFay/DSC09502-HDR.jpg', '2017-07-01', 1, 388, 1, 3),
(1011, 'LeFay/DSC09505-HDR.jpg', '2017-07-01', 0, 388, 1, 3),
(1012, 'LeFay/DSC09508-HDR.jpg', '2017-07-01', 0, 388, 1, 3),
(1013, 'LeFay/DSC09514-HDR.jpg', '2017-07-01', 0, 388, 1, 3),
(1014, 'LeFay/DSC09520-HDR.jpg', '2017-07-01', 0, 388, 1, 3),
(1016, 'Ch_Charmel.jpg', '2020-05-14', 1, 390, NULL, 1),
(1017, 'Ch_CoetCandec.jpg', '2020-05-14', 1, 391, NULL, 1),
(1018, 'Ch_SaintMore.jpg', '2020-05-14', 1, 392, NULL, 1),
(1019, 'Ch_Portes.jpg', '2020-05-14', 1, 393, NULL, 1),
(1020, 'Ch_Pirou.jpg', '2020-05-14', 1, 394, NULL, 1),
(1021, 'Ch_Breuil_SAT.jpg', '2020-05-14', 0, 395, NULL, 1),
(1022, 'Ch_Breuil_STR.jpg', '2020-03-04', 1, 395, NULL, 2),
(1023, 'Ch_Marqueyssac.jpg', '2020-05-14', 1, 396, NULL, 1),
(1024, 'Ch_Garaye.jpg', '2020-05-14', 0, 397, NULL, 1),
(1025, 'Ch_Garaye/DSC06659-HDR.jpg', '2018-11-01', 1, 397, 1, 3),
(1026, 'Ch_Garaye/DSC06665-HDR.jpg', '2018-11-01', 0, 397, 1, 3),
(1027, 'Ch_Garaye/DSC06668-HDR.jpg', '2018-11-01', 0, 397, 1, 3),
(1028, 'Ch_Garaye/DSC06674-HDR.jpg', '2018-11-01', 0, 397, 1, 3),
(1029, 'Ch_Leyzarnie_SAT.jpg', '2020-05-14', 0, 398, NULL, 1),
(1030, 'Ch_Leyzarnie_STR.jpg', '2020-03-04', 1, 398, NULL, 2),
(1031, 'Ch_Grandval.jpg', '2020-05-14', 1, 399, NULL, 1),
(1032, 'Ch_Harcourt_SAT.jpg', '2020-05-14', 0, 400, NULL, 1),
(1033, 'Ch_Harcourt_STR.jpg', '2016-06-01', 1, 400, NULL, 2),
(1034, 'Village_Allan_SAT.jpg', '2020-05-14', 0, 401, NULL, 1),
(1035, 'Village_Allan_STR.jpg', '2016-08-01', 1, 401, NULL, 2),
(1036, 'Ch_Lezignac.jpg', '2020-05-14', 1, 402, NULL, 1),
(1037, 'Mines_Ste_Marguerite.jpg', '2020-05-14', 1, 403, NULL, 1),
(1038, 'Ch_Herm.jpg', '2020-05-14', 1, 404, NULL, 1),
(1039, 'Tour_Bouere.jpg', '2020-05-14', 1, 405, NULL, 1),
(1040, 'Izardiere.jpg', '2020-05-14', 0, 406, NULL, 1),
(1041, 'Izardiere/DSC07120-HDR.jpg', '2018-11-01', 1, 406, 1, 3),
(1042, 'Izardiere/DSC07129-HDR.jpg', '2018-11-01', 0, 406, 1, 3),
(1043, 'Izardiere/DSC07150-HDR.jpg', '2018-11-01', 0, 406, 1, 3),
(1044, 'Izardiere/DSC07159-HDR.jpg', '2018-11-01', 0, 406, 1, 3),
(1045, 'Izardiere/DSC07174-HDR.jpg', '2018-11-01', 0, 406, 1, 3),
(1046, 'Izardiere/DSC07183-HDR.jpg', '2018-11-01', 0, 406, 1, 3),
(1047, 'Izardiere/DSC07186-HDR.jpg', '2018-11-01', 0, 406, 1, 3),
(1048, 'Izardiere/DSC07189-HDR.jpg', '2018-11-01', 0, 406, 1, 3),
(1049, 'Izardiere/DSC07207-HDR.jpg', '2018-11-01', 0, 406, 1, 3),
(1050, 'Izardiere/DSC07228-HDR.jpg', '2018-11-01', 0, 406, 1, 3),
(1051, 'Izardiere/DSC07231-HDR.jpg', '2018-11-01', 0, 406, 1, 3),
(1052, 'Izardiere/DSC07246-HDR.jpg', '2018-11-01', 0, 406, 1, 3),
(1053, 'Izardiere/DSC07267-HDR.jpg', '2018-11-01', 0, 406, 1, 3),
(1054, 'Izardiere/DSC07270-HDR.jpg', '2018-11-01', 0, 406, 1, 3),
(1055, 'Izardiere/DSC07279-HDR.jpg', '2018-11-01', 0, 406, 1, 3),
(1056, 'Izardiere/DSC07285-HDR.jpg', '2018-11-01', 0, 406, 1, 3),
(1057, 'Izardiere/DSC07288-HDR.jpg', '2018-11-01', 0, 406, 1, 3),
(1058, 'Izardiere/DSC07299.jpg', '2018-11-01', 0, 406, 1, 3),
(1059, 'Izardiere/DSC07303-HDR.jpg', '2018-11-01', 0, 406, 1, 3),
(1060, 'Izardiere/DSC07312-HDR.jpg', '2018-11-01', 0, 406, 1, 3),
(1061, 'Izardiere/DSC07321-HDR.jpg', '2018-11-01', 0, 406, 1, 3),
(1062, 'Izardiere/DSC07329-HDR.jpg', '2018-11-01', 0, 406, 1, 3),
(1063, 'Izardiere/DSC07341-HDR.jpg', '2018-11-01', 0, 406, 1, 3),
(1064, 'Izardiere/DSC07347-HDR.jpg', '2018-11-01', 0, 406, 1, 3),
(1065, 'Izardiere/DSC07353-HDR.jpg', '2018-11-01', 0, 406, 1, 3),
(1066, 'Izardiere/DSC07368-HDR.jpg', '2018-11-01', 0, 406, 1, 3),
(1067, 'Izardiere/DSC07374-HDR.jpg', '2018-11-01', 0, 406, 1, 3),
(1068, 'Izardiere/DSC07393-HDR.jpg', '2018-11-01', 0, 406, 1, 3),
(1069, 'Vieux_Mas.jpg', '2020-05-14', 0, 407, NULL, 1),
(1070, 'Vieux_Mas/DSC01855-HDR.jpg', '2017-05-01', 1, 407, 1, 3),
(1071, 'Minoterie_Tan.jpg', '2020-05-14', 0, 408, NULL, 1),
(1072, 'Minoterie_Tan/DSC01986-HDR.jpg', '2017-05-01', 1, 408, 1, 3),
(1073, 'Minoterie_Tan/DSC01992-HDR.jpg', '2017-05-01', 0, 408, 1, 3),
(1074, 'Minoterie_Tan/DSC02012.jpg', '2017-05-01', 0, 408, 1, 3),
(1075, 'Minoterie_Tan/DSC02013-HDR.jpg', '2017-05-01', 0, 408, 1, 3),
(1076, 'Minoterie_Tan/DSC02019.jpg', '2017-05-01', 0, 408, 1, 3),
(1077, 'Abbaye_Blanche_SAT.jpg', '2020-05-14', 0, 409, NULL, 1),
(1078, 'Abbaye_Blanche_STR.jpg', '2019-06-01', 1, 409, NULL, 2),
(1112, 'Maison_Vire.jpg', '2020-05-18', 0, 411, NULL, 1),
(1113, 'Maison_Vire/DSC01909-HDR.jpg', '2017-05-01', 0, 411, 1, 3),
(1114, 'Maison_Vire/DSC01919.jpg', '2017-05-01', 0, 411, 1, 3),
(1115, 'Maison_Vire/DSC01926.jpg', '2017-05-01', 0, 411, 1, 3),
(1116, 'Maison_Vire/DSC01927.jpg', '2017-05-01', 0, 411, 1, 3),
(1117, 'Maison_Vire/DSC01952.jpg', '2017-05-01', 0, 411, 1, 3),
(1118, 'Maison_Vire/DSC01963-HDR.jpg', '2017-05-01', 0, 411, 1, 3),
(1119, 'Maison_Vire/DSC01970-HDR.jpg', '2017-05-01', 0, 411, 1, 3),
(1120, 'Maison_Vire/DSC01978-HDR.jpg', '2017-05-01', 1, 411, 1, 3),
(1121, 'Maison_Vire/DSC01979-HDR.jpg', '2017-05-01', 0, 411, 1, 3),
(1122, 'Ailes_Enfer.jpg', '2020-05-18', 1, 412, NULL, 1),
(1123, 'Ch_Mondon.jpg', '2020-05-18', 0, 413, NULL, 1),
(1124, 'Ch_Mondon/DSC09138-HDR.jpg', '2017-07-01', 0, 413, 1, 3),
(1125, 'Ch_Mondon/DSC09141-HDR.jpg', '2017-07-01', 0, 413, 1, 3),
(1126, 'Ch_Mondon/DSC09159-HDR.jpg', '2017-07-01', 0, 413, 1, 3),
(1127, 'Ch_Mondon/DSC09184-HDR.jpg', '2017-07-01', 0, 413, 1, 3),
(1128, 'Ch_Mondon/DSC09187-HDR.jpg', '2017-07-01', 0, 413, 1, 3),
(1129, 'Ch_Mondon/DSC09193-HDR.jpg', '2017-07-01', 0, 413, 1, 3),
(1130, 'Ch_Mondon/DSC09196-HDR.jpg', '2017-07-01', 0, 413, 1, 3),
(1131, 'Ch_Mondon/DSC09208-HDR.jpg', '2017-07-01', 0, 413, 1, 3),
(1132, 'Ch_Mondon/DSC09214-HDR.jpg', '2017-07-01', 0, 413, 1, 3),
(1133, 'Ch_Mondon/DSC09220-HDR.jpg', '2017-07-01', 0, 413, 1, 3),
(1134, 'Ch_Mondon/DSC09223-HDR.jpg', '2017-07-01', 0, 413, 1, 3),
(1135, 'Ch_Mondon/DSC09229-HDR.jpg', '2017-07-01', 0, 413, 1, 3),
(1136, 'Ch_Mondon/DSC09232-HDR.jpg', '2017-07-01', 0, 413, 1, 3),
(1137, 'Ch_Mondon/DSC09238-HDR.jpg', '2017-07-01', 0, 413, 1, 3),
(1138, 'Ch_Mondon/DSC09241-HDR.jpg', '2017-07-01', 0, 413, 1, 3),
(1139, 'Ch_Mondon/DSC09247-HDR.jpg', '2017-07-01', 0, 413, 1, 3),
(1140, 'Ch_Mondon/DSC09259-HDR.jpg', '2017-07-01', 0, 413, 1, 3),
(1141, 'Ch_Mondon/DSC09262-HDR.jpg', '2017-07-01', 0, 413, 1, 3),
(1142, 'Ch_Mondon/DSC09266-HDR.jpg', '2017-07-01', 0, 413, 1, 3),
(1143, 'Ch_Mondon/DSC09272-HDR.jpg', '2017-07-01', 0, 413, 1, 3),
(1144, 'Ch_Mondon/DSC09278-HDR.jpg', '2017-07-01', 0, 413, 1, 3),
(1145, 'Ch_Mondon/DSC09281-HDR.jpg', '2017-07-01', 1, 413, 1, 3),
(1146, 'Eglise_Notre_Dame.jpg', '2020-05-18', 1, 414, NULL, 1),
(1147, 'Chapelle_StJean_Liget.jpg', '2020-05-18', 0, 415, NULL, 1),
(1148, 'Chapelle_Liget/DSC01080-HDR.jpg', '2017-10-01', 1, 415, 1, 3),
(1149, 'Chapelle_Liget/DSC01086-HDR.jpg', '2017-10-01', 0, 415, 1, 3),
(1150, 'Chapelle_StLaurent.jpg', '2020-05-18', 1, 416, NULL, 1),
(1151, 'Ch_Buzardieres.jpg', '2020-05-18', 0, 417, NULL, 1),
(1152, 'Ch_Buzardieres/DSC05345.jpg', '2018-08-01', 0, 417, 1, 3),
(1153, 'Ch_Buzardieres/DSC05352-HDR.jpg', '2018-08-01', 0, 417, 1, 3),
(1154, 'Ch_Buzardieres/DSC05358-HDR_LR1 copie.jpg', '2018-08-01', 0, 417, 1, 3),
(1155, 'Ch_Buzardieres/DSC05370-HDR.jpg', '2018-08-01', 0, 417, 1, 3),
(1156, 'Ch_Buzardieres/DSC05382-HDR.jpg', '2018-08-01', 0, 417, 1, 3),
(1157, 'Ch_Buzardieres/DSC05385-HDR.jpg', '2018-08-01', 0, 417, 1, 3),
(1158, 'Ch_Buzardieres/DSC05391-HDR.jpg', '2018-08-01', 0, 417, 1, 3),
(1159, 'Ch_Buzardieres/DSC05419-HDR.jpg', '2018-08-01', 0, 417, 1, 3),
(1160, 'Ch_Buzardieres/DSC05425-HDR.jpg', '2018-08-01', 0, 417, 1, 3),
(1161, 'Ch_Buzardieres/DSC05428-HDR.jpg', '2018-08-01', 0, 417, 1, 3),
(1162, 'Ch_Buzardieres/DSC05469-HDR.jpg', '2018-08-01', 0, 417, 1, 3),
(1163, 'Ch_Buzardieres/DSC05491-HDR.jpg', '2018-08-01', 0, 417, 1, 3),
(1164, 'Ch_Buzardieres/DSC05509-HDR.jpg', '2018-08-01', 0, 417, 1, 3),
(1165, 'Ch_Buzardieres/DSC05518-HDR.jpg', '2018-08-01', 0, 417, 1, 3),
(1166, 'Ch_Buzardieres/DSC05530-HDR.jpg', '2018-08-01', 0, 417, 1, 3),
(1167, 'Ch_Buzardieres/DSC05536.jpg', '2018-08-01', 0, 417, 1, 3),
(1168, 'Ch_Buzardieres/DSC05572-HDR.jpg', '2018-08-01', 0, 417, 1, 3),
(1169, 'Ch_Buzardieres/DSC05581-HDR.jpg', '2018-08-01', 0, 417, 1, 3),
(1170, 'Ch_Buzardieres/DSC05589.jpg', '2018-08-01', 0, 417, 1, 3),
(1171, 'Ch_Buzardieres/DSC05606-HDR.jpg', '2018-08-01', 0, 417, 1, 3),
(1172, 'Ch_Buzardieres/DSC05613.jpg', '2018-08-01', 0, 417, 1, 3),
(1173, 'Ch_Buzardieres/DSC05617-HDR.jpg', '2018-08-01', 0, 417, 1, 3),
(1174, 'Ch_Buzardieres/DSC05624-HDR.jpg', '2018-08-01', 0, 417, 1, 3),
(1175, 'Ch_Buzardieres/DSC05659-HDR.jpg', '2018-08-01', 0, 417, 1, 3),
(1176, 'Ch_Buzardieres/DSC05674-HDR.jpg', '2018-08-01', 0, 417, 1, 3),
(1177, 'Ch_Buzardieres/DSC05684-HDR.jpg', '2018-08-01', 0, 417, 1, 3),
(1178, 'Ch_Buzardieres/DSC05693-HDR.jpg', '2018-08-01', 0, 417, 1, 3),
(1179, 'Ch_Buzardieres/DSC05696-HDR.jpg', '2018-08-01', 1, 417, 1, 3),
(1180, 'Ch_Buzardieres/DSC05702-HDR.jpg', '2018-08-01', 0, 417, 1, 3),
(1181, 'Ch_Buzardieres/DSC05708-HDR.jpg', '2018-08-01', 0, 417, 1, 3),
(1182, 'Rotonde_Ferroviaire.jpg', '2020-05-18', 1, 418, NULL, 1),
(1183, 'Moulin_Pont_Romain_SAT.jpg', '2020-05-18', 0, 419, NULL, 1),
(1184, 'Moulin_Pont_Romain_STR.jpg', '2016-12-01', 1, 419, NULL, 2),
(1185, 'Chapelle_StLeger.jpg', '2020-05-18', 1, 420, NULL, 1),
(1186, 'Manoir_Auriere.jpg', '2020-05-18', 1, 421, NULL, 1),
(1187, 'Couberfy.jpg', '2020-05-18', 1, 422, NULL, 1),
(1188, 'Ch_Chalandeau.jpg', '2020-05-18', 1, 423, NULL, 1),
(1189, 'Manoir_Cour_Aulnay.jpg', '2020-05-18', 0, 424, NULL, 1),
(1190, 'Manoir_Cour_Aulnay/DSC01514-HDR.jpg', '2017-10-01', 1, 424, 1, 3),
(1191, 'Manoir_Cour_Aulnay/DSC01523-HDR.jpg', '2017-10-01', 0, 424, 1, 3),
(1192, 'Manoir_Cour_Aulnay/DSC01526-HDR.jpg', '2017-10-01', 0, 424, 1, 3),
(1193, 'Manoir_Cour_Aulnay/DSC01532.jpg', '2017-10-01', 0, 424, 1, 3),
(1194, 'Moulin_Vent_Ardenay.jpg', '2020-05-18', 0, 425, NULL, 1),
(1195, 'Moulin_Vent_Ardenay/DSC08623-HDR.jpg', '2017-07-01', 1, 425, 1, 3),
(1196, 'Moulin_Vent_Ardenay/DSC08626-HDR.jpg', '2017-07-01', 0, 425, 1, 3),
(1197, 'Moulin_Vent_Ardenay/DSC08632-HDR.jpg', '2017-07-01', 0, 425, 1, 3),
(1198, 'Ch_Cour_Cellieres.jpg', '2020-05-18', 0, 426, NULL, 1),
(1199, 'Ch_Cour_Cellieres/DSC08235.jpg', '2017-07-01', 0, 426, 1, 3),
(1200, 'Ch_Cour_Cellieres/DSC08238-HDR.jpg', '2017-07-01', 0, 426, 1, 3),
(1201, 'Ch_Cour_Cellieres/DSC08241-HDR.jpg', '2017-07-01', 0, 426, 1, 3),
(1202, 'Ch_Cour_Cellieres/DSC08244-HDR.jpg', '2017-07-01', 0, 426, 1, 3),
(1203, 'Ch_Cour_Cellieres/DSC08250-HDR.jpg', '2017-07-01', 0, 426, 1, 3),
(1204, 'Ch_Cour_Cellieres/DSC08256-HDR.jpg', '2017-07-01', 0, 426, 1, 3),
(1205, 'Ch_Cour_Cellieres/DSC08259-HDR.jpg', '2017-07-01', 0, 426, 1, 3),
(1206, 'Ch_Cour_Cellieres/DSC08265-HDR.jpg', '2017-07-01', 0, 426, 1, 3),
(1207, 'Ch_Cour_Cellieres/DSC08274-HDR.jpg', '2017-07-01', 0, 426, 1, 3),
(1208, 'Ch_Cour_Cellieres/DSC08280-HDR.jpg', '2017-07-01', 1, 426, 1, 3),
(1209, 'Moulin_Roche.jpg', '2020-05-18', 0, 427, NULL, 1),
(1210, 'Moulin_Roche/DSC08520-HDR.jpg', '2017-07-01', 1, 427, 1, 3),
(1211, 'Moulin_Roche/DSC08526-HDR.jpg', '2017-07-01', 0, 427, 1, 3),
(1212, 'Complexe_Pincourt.jpg', '2020-05-18', 0, 428, NULL, 1),
(1213, 'Complexe_Pincourt/DSC08281-HDR.jpg', '2018-12-01', 1, 428, 1, 3),
(1214, 'Complexe_Pincourt/DSC08287-HDR.jpg', '2018-12-01', 0, 428, 1, 3),
(1215, 'Complexe_Pincourt/DSC08293-HDR.jpg', '2018-12-01', 0, 428, 1, 3),
(1216, 'Complexe_Pincourt/DSC08302-HDR.jpg', '2018-12-01', 0, 428, 1, 3),
(1217, 'Complexe_Pincourt/DSC08308-HDR.jpg', '2018-12-01', 0, 428, 1, 3),
(1218, 'Complexe_Pincourt/DSC08317-HDR.jpg', '2018-12-01', 0, 428, 1, 3),
(1219, 'Complexe_Pincourt/DSC08338-HDR.jpg', '2018-12-01', 0, 428, 1, 3),
(1220, 'Complexe_Pincourt/DSC08381-HDR.jpg', '2018-12-01', 0, 428, 1, 3),
(1221, 'Complexe_Pincourt/DSC08397-HDR.jpg', '2018-12-01', 0, 428, 1, 3),
(1222, 'Complexe_Pincourt/DSC08410-HDR.jpg', '2018-12-01', 0, 428, 1, 3),
(1223, 'Complexe_Pincourt/DSC08443-HDR.jpg', '2018-12-01', 0, 428, 1, 3),
(1224, 'Complexe_Pincourt/DSC08449-HDR.jpg', '2018-12-01', 0, 428, 1, 3),
(1225, 'Complexe_Pincourt/DSC08455-HDR.jpg', '2018-12-01', 0, 428, 1, 3),
(1226, 'Complexe_Pincourt/DSC08464-HDR.jpg', '2018-12-01', 0, 428, 1, 3),
(1227, 'Ruines_Fresnaye.jpg', '2020-05-18', 1, 429, NULL, 1),
(1228, 'Ch_Chevigne.jpg', '2020-05-18', 1, 430, NULL, 1),
(1229, 'Ch_Gonnord.jpg', '2020-05-18', 1, 431, NULL, 1),
(1230, 'Grande_Missee.jpg', '2020-05-18', 1, 432, NULL, 1),
(1231, 'Ch_Romefort.jpg', '2020-05-18', 1, 433, NULL, 1),
(1232, 'LaBoissiere.jpg', '2020-05-18', 1, 434, NULL, 1),
(1233, 'Ch_Creux_SAT.jpg', '2020-05-18', 0, 435, NULL, 1),
(1234, 'Ch_Creux_STR.jpg', '2017-09-01', 1, 435, NULL, 2),
(1235, 'Ch_Isle.jpg', '2020-05-18', 0, 436, NULL, 1),
(1236, 'Ch_Isle/DSC09749-HDR.jpg', '2017-08-01', 1, 436, 1, 3),
(1237, 'Ch_Isle/DSC09753-HDR.jpg', '2017-08-01', 0, 436, 1, 3),
(1238, 'Maison_Chaudenay.jpg', '2020-05-18', 1, 437, NULL, 1),
(1239, 'Usine_Grandjean.jpg', '2020-05-18', 1, 438, NULL, 1),
(1240, 'Ch_Jouy.jpg', '2020-05-18', 1, 439, NULL, 1),
(1241, 'Ch_Aiguemorte.jpg', '2020-05-18', 1, 440, NULL, 1),
(1242, 'Ch_Loubressay.jpg', '2020-05-18', 1, 441, NULL, 1),
(1243, 'Ch_Groie.jpg', '2020-05-18', 1, 442, NULL, 1),
(1244, 'Ch_HautClairvaux.jpg', '2020-05-18', 0, 443, NULL, 1),
(1245, 'DSC05650-HDR.jpg', '2017-06-01', 1, 443, 1, 3),
(1246, 'Chapelle_Gueriteau.jpg', '2020-05-18', 0, 444, NULL, 1),
(1247, 'Chapelle_Gueriteau/DSC03077-HDR.jpg', '2017-06-01', 1, 444, 1, 3),
(1248, 'Chapelle_Gueriteau/DSC03083-HDR.jpg', '2017-06-01', 0, 444, 1, 3),
(1249, 'Chapelle_Gueriteau/DSC03086-HDR.jpg', '2017-06-01', 0, 444, 1, 3),
(1250, 'Chapelle_Gueriteau/DSC03110-HDR.jpg', '2017-06-01', 0, 444, 1, 3),
(1251, 'Chapelle_Gueriteau/DSC03116-HDR.jpg', '2017-06-01', 0, 444, 1, 3),
(1252, 'Ch_Salbart.jpg', '2020-05-18', 1, 445, NULL, 1),
(1254, 'Ch_Melzeard.jpg', '2020-05-18', 1, 447, NULL, 1),
(1255, 'Ch_Germain.jpg', '2020-05-18', 1, 448, NULL, 1),
(1256, 'Ch_Lavardin.jpg', '2020-05-18', 1, 449, NULL, 1),
(1257, 'Maisonette_Verger.jpg', '2020-05-18', 0, 450, NULL, 1),
(1258, 'Maisonette_Verger/DSC03357-HDR.jpg', '2017-06-01', 1, 450, 1, 3),
(1259, 'Maisonette_Verger/DSC03366-HDR.jpg', '2017-06-01', 0, 450, 1, 3),
(1260, 'Maison_Ruines_Chapelle_Seguin.jpg', '2020-05-18', 0, 451, NULL, 1),
(1261, 'Maison_Ruines_Chapelle_Seguin/DSC03438-HDR.jpg', '2017-06-01', 1, 451, 1, 3),
(1262, 'Maison_Ruines_Chapelle_Seguin/DSC03444-HDR.jpg', '2017-06-01', 0, 451, 1, 3),
(1263, 'Maison_Ruines_Chapelle_Seguin/DSC03447-HDR.jpg', '2017-06-01', 0, 451, 1, 3),
(1264, 'Maison_Ruines_Chapelle_Seguin/DSC03453-HDR.jpg', '2017-06-01', 0, 451, 1, 3),
(1265, 'Maison_Bricoleur.jpg', '2020-05-18', 0, 452, NULL, 1),
(1266, 'Maison_Bricoleur/DSC03459-HDR.jpg', '2017-06-01', 0, 452, 1, 3),
(1267, 'Maison_Bricoleur/DSC03468-HDR.jpg', '2017-06-01', 0, 452, 1, 3),
(1268, 'Maison_Bricoleur/DSC03474.jpg', '2017-06-01', 0, 452, 1, 3),
(1269, 'Maison_Bricoleur/DSC03486-HDR.jpg', '2017-06-01', 0, 452, 1, 3),
(1270, 'Maison_Bricoleur/DSC03514.jpg', '2017-06-01', 0, 452, 1, 3),
(1271, 'Maison_Bricoleur/DSC03549-HDR.jpg', '2017-06-01', 1, 452, 1, 3),
(1272, 'Maison_Bricoleur/DSC03557.jpg', '2017-06-01', 0, 452, 1, 3),
(1273, 'Maison_Bricoleur/DSC03562.jpg', '2017-06-01', 0, 452, 1, 3),
(1274, 'Maison_Bricoleur/DSC03577-HDR.jpg', '2017-06-01', 0, 452, 1, 3),
(1275, 'Maison_Bricoleur/DSC03583-HDR.jpg', '2017-06-01', 0, 452, 1, 3),
(1276, 'Maison_Bricoleur/DSC03605-HDR.jpg', '2017-06-01', 0, 452, 1, 3),
(1277, 'Maison_Bricoleur/DSC03611-HDR.jpg', '2017-06-01', 0, 452, 1, 3),
(1278, 'Maison_Bricoleur/DSC03614-HDR.jpg', '2017-06-01', 0, 452, 1, 3),
(1279, 'Maison_Bricoleur/DSC03617-HDR.jpg', '2017-06-01', 0, 452, 1, 3),
(1280, 'Maison_Bricoleur/DSC03623-HDR.jpg', '2017-06-01', 0, 452, 1, 3),
(1281, 'Maison_Bricoleur/DSC03645.jpg', '2017-06-01', 0, 452, 1, 3),
(1282, 'Maison_Bricoleur/DSC03646.jpg', '2017-06-01', 0, 452, 1, 3),
(1283, 'Maison_Bricoleur/DSC03648.jpg', '2017-06-01', 0, 452, 1, 3),
(1284, 'Maison_Bricoleur/DSC03649.jpg', '2017-06-01', 0, 452, 1, 3),
(1285, 'Maison_Bricoleur/DSC03650.jpg', '2017-06-01', 0, 452, 1, 3),
(1286, 'Maison_Bricoleur/DSC03651.jpg', '2017-06-01', 0, 452, 1, 3),
(1287, 'Maison_Bricoleur/DSC03653-HDR.jpg', '2017-06-01', 0, 452, 1, 3),
(1288, 'Maison_Bricoleur/DSC03671-HDR.jpg', '2017-06-01', 0, 452, 1, 3),
(1289, 'Maison_Bricoleur/DSC03683-HDR.jpg', '2017-06-01', 0, 452, 1, 3),
(1290, 'Maison_Bricoleur/DSC03701-HDR.jpg', '2017-06-01', 0, 452, 1, 3),
(1291, 'Maison_Bricoleur/DSC03704.jpg', '2017-06-01', 0, 452, 1, 3),
(1292, 'Maison_Bricoleur/DSC03707.jpg', '2017-06-01', 0, 452, 1, 3),
(1293, 'Maison_Bricoleur/DSC03711-HDR.jpg', '2017-06-01', 0, 452, 1, 3),
(1294, 'Poste_Ctrl_SNCF.jpg', '2020-05-18', 1, 453, NULL, 1),
(1295, 'Maison_Choue.jpg', '2020-05-18', 1, 454, NULL, 1),
(1296, 'Maison_Ruines_Vernoil.jpg', '2020-05-18', 0, 455, NULL, 1),
(1297, 'Maison_Ruines_Vernoil/DSC07497-HDR.jpg', '2017-07-01', 1, 455, 1, 3),
(1298, 'Maison_Ruines_Vernoil/DSC07500-HDR.jpg', '2017-07-01', 0, 455, 1, 3),
(1299, 'Maison_Ruines_Vernoil/DSC07506-HDR.jpg', '2017-07-01', 0, 455, 1, 3),
(1300, 'Maison_Ruines_Vernoil/DSC07509.jpg', '2017-07-01', 0, 455, 1, 3),
(1301, 'Maison_Ruines_Vernoil/DSC07512-HDR.jpg', '2017-07-01', 0, 455, 1, 3),
(1302, 'Maison_Ruines_Vernoil/DSC07515-HDR.jpg', '2017-07-01', 0, 455, 1, 3),
(1303, 'Maison_Ruines_Vernoil/DSC07523.jpg', '2017-07-01', 0, 455, 1, 3),
(1304, 'Ferme_Assay.jpg', '2020-05-18', 0, 456, NULL, 1),
(1305, 'Ferme_Assay/DSC08966-HDR.jpg', '2017-07-01', 0, 456, 1, 3),
(1306, 'Ferme_Assay/DSC08978-HDR.jpg', '2017-07-01', 0, 456, 1, 3),
(1307, 'Ferme_Assay/DSC08981-HDR.jpg', '2017-07-01', 1, 456, 1, 3),
(1308, 'Ferme_Assay/DSC08987-HDR.jpg', '2017-07-01', 0, 456, 1, 3),
(1309, 'Ferme_Assay/DSC08993-HDR.jpg', '2017-07-01', 0, 456, 1, 3),
(1310, 'Manoir_Salle.jpg', '2020-05-18', 0, 457, NULL, 1),
(1311, 'Manoir_Salle/DSC08924.jpg', '2017-07-01', 0, 457, 1, 3),
(1312, 'Manoir_Salle/DSC08927-HDR.jpg', '2017-07-01', 1, 457, 1, 3),
(1313, 'Manoir_Salle/DSC08930-HDR.jpg', '2017-07-01', 0, 457, 1, 3),
(1314, 'Manoir_Salle/DSC08933-HDR.jpg', '2017-07-01', 0, 457, 1, 3),
(1315, 'Manoir_Morellerie.jpg', '2020-05-18', 0, 458, NULL, 1),
(1316, 'Manoir_Morellerie/DSC07006-HDR.jpg', '2017-07-01', 1, 458, 1, 3),
(1317, 'Manoir_Morellerie/DSC07012-HDR.jpg', '2017-07-01', 0, 458, 1, 3),
(1318, 'Manoir_Morellerie/DSC07015-HDR.jpg', '2017-07-01', 0, 458, 1, 3),
(1319, 'Manoir_Morellerie/DSC07018-HDR.jpg', '2017-07-01', 0, 458, 1, 3),
(1320, 'Manoir_Morellerie/DSC07021-HDR.jpg', '2017-07-01', 0, 458, 1, 3),
(1321, 'Manoir_Morellerie/DSC07027-HDR.jpg', '2017-07-01', 0, 458, 1, 3),
(1322, 'Pot_Au_Beurre.jpg', '2020-05-18', 0, 459, NULL, 1),
(1323, 'Pot_Au_Beurre/DSC06925-HDR.jpg', '2017-07-01', 0, 459, 1, 3),
(1324, 'Pot_Au_Beurre/DSC06931-HDR.jpg', '2017-07-01', 1, 459, 1, 3),
(1325, 'Pot_Au_Beurre/DSC06942.jpg', '2017-07-01', 0, 459, 1, 3),
(1326, 'Pot_Au_Beurre/DSC06946-HDR.jpg', '2017-07-01', 0, 459, 1, 3),
(1327, 'Manoit_Mairie.jpg', '2020-05-18', 0, 460, NULL, 1),
(1328, 'Manoir_Mairie/DSC07358.jpg', '2017-07-01', 0, 460, 1, 3),
(1329, 'Manoir_Mairie/DSC07362-HDR.jpg', '2017-07-01', 1, 460, 1, 3),
(1330, 'Manoir_Mairie/DSC07365.jpg', '2017-07-01', 0, 460, 1, 3),
(1331, 'Manoir_Mairie/DSC07378-HDR.jpg', '2017-07-01', 0, 460, 1, 3),
(1332, 'Manoir_Mairie/DSC07381-HDR.jpg', '2017-07-01', 0, 460, 1, 3),
(1333, 'Manoir_Mairie/DSC07384-HDR.jpg', '2017-07-01', 0, 460, 1, 3),
(1334, 'Manoir_Mesnil.jpg', '2020-05-18', 0, 461, NULL, 1),
(1335, 'Manoir_Mesnil/DSC07177-HDR.jpg', '2017-07-01', 0, 461, 1, 3),
(1336, 'Manoir_Mesnil/DSC07195-HDR.jpg', '2017-07-01', 0, 461, 1, 3),
(1337, 'Manoir_Mesnil/DSC07198-HDR.jpg', '2017-07-01', 1, 461, 1, 3),
(1338, 'Manoir_Mesnil/DSC07219.jpg', '2017-07-01', 0, 461, 1, 3),
(1339, 'Manoir_Mesnil/DSC07231.jpg', '2017-07-01', 0, 461, 1, 3),
(1340, 'Manoir_Mesnil/DSC07236.jpg', '2017-07-01', 0, 461, 1, 3),
(1341, 'Manoir_Mesnil/DSC07237.jpg', '2017-07-01', 0, 461, 1, 3),
(1342, 'Ch_Touche.jpg', '2020-05-18', 1, 462, NULL, 1),
(1343, 'Manoir_Petit_Lessigny.jpg', '2020-05-18', 0, 463, NULL, 1),
(1344, 'Manoir_Petit_Lessigny/DSC01628-HDR.jpg', '2017-07-01', 0, 463, 1, 3),
(1345, 'Manoir_Petit_Lessigny/DSC01631-HDR.jpg', '2017-07-01', 0, 463, 1, 3),
(1346, 'Manoir_Petit_Lessigny/DSC01637-HDR.jpg', '2017-07-01', 0, 463, 1, 3),
(1347, 'Manoir_Petit_Lessigny/DSC01648-HDR.jpg', '2017-07-01', 1, 463, 1, 3),
(1348, 'Manoir_Petit_Lessigny/DSC01651-HDR.jpg', '2017-07-01', 0, 463, 1, 3),
(1349, 'Manoir_Petit_Lessigny/DSC07733-HDR.jpg', '2017-07-01', 0, 463, 1, 3),
(1350, 'Manoir_Petit_Lessigny/DSC07739-HDR.jpg', '2017-07-01', 0, 463, 1, 3),
(1351, 'Manoir_Petit_Lessigny/DSC07758-HDR.jpg', '2017-07-01', 0, 463, 1, 3),
(1352, 'Manoir_Raisonniere.jpg', '2020-05-18', 1, 464, NULL, 1),
(1353, 'Voitures_Drache.jpg', '2020-05-18', 0, 465, NULL, 1),
(1354, 'Voitures_Drache/DSC09391-HDR.jpg', '2017-07-01', 1, 465, 1, 3),
(1355, 'Voitures_Drache/DSC09397-HDR.jpg', '2017-07-01', 0, 465, 1, 3),
(1356, 'Voitures_Drache/DSC09400-HDR.jpg', '2017-07-01', 0, 465, 1, 3),
(1357, 'Voitures_Drache/DSC09403-HDR.jpg', '2017-07-01', 0, 465, 1, 3),
(1358, 'Voitures_Drache/DSC09409-HDR.jpg', '2017-07-01', 0, 465, 1, 3),
(1359, 'Voitures_Drache/DSC09415-HDR.jpg', '2017-07-01', 0, 465, 1, 3),
(1360, 'Voitures_Drache/DSC09418-HDR.jpg', '2017-07-01', 0, 465, 1, 3),
(1361, 'Voitures_Drache/DSC09424-HDR.jpg', '2017-07-01', 0, 465, 1, 3),
(1362, 'Voitures_Drache/DSC09430-HDR.jpg', '2017-07-01', 0, 465, 1, 3),
(1363, 'Voitures_Drache/DSC09439-HDR.jpg', '2017-07-01', 0, 465, 1, 3),
(1364, 'Voitures_Drache/DSC09460-HDR.jpg', '2017-07-01', 0, 465, 1, 3),
(1365, 'Voitures_Drache/DSC09472-HDR.jpg', '2017-07-01', 0, 465, 1, 3),
(1366, 'Voitures_Drache/DSC09475-HDR.jpg', '2017-07-01', 0, 465, 1, 3),
(1367, 'Voitures_Drache/DSC09484-HDR.jpg', '2017-07-01', 0, 465, 1, 3),
(1368, 'Moulin_Monts.jpg', '2020-05-18', 0, 466, NULL, 1),
(1369, 'Moulin_Monts/DSC08742-HDR.jpg', '2017-07-01', 1, 466, 1, 3),
(1370, 'Moulin_Monts/DSC08754-HDR.jpg', '2017-07-01', 0, 466, 1, 3),
(1371, 'Rille.jpg', '2020-05-18', 0, 467, NULL, 1),
(1372, 'Rille/DSC07036-HDR.jpg', '2017-07-01', 0, 467, 1, 3),
(1373, 'Rille/DSC07044.jpg', '2017-07-01', 0, 467, 1, 3),
(1374, 'Rille/DSC07047.jpg', '2017-07-01', 0, 467, 1, 3),
(1375, 'Rille/DSC07050.jpg', '2017-07-01', 1, 467, 1, 3),
(1376, 'Rille/DSC07054-HDR.jpg', '2017-07-01', 0, 467, 1, 3),
(1377, 'Rille/DSC07062.jpg', '2017-07-01', 0, 467, 1, 3),
(1378, 'Rille/DSC07065.jpg', '2017-07-01', 0, 467, 1, 3),
(1379, 'Rille/DSC07068.jpg', '2017-07-01', 0, 467, 1, 3),
(1380, 'Rille/DSC07074.jpg', '2017-07-01', 0, 467, 1, 3),
(1381, 'Rille/DSC07080.jpg', '2017-07-01', 0, 467, 1, 3),
(1382, 'Rille/DSC07089.jpg', '2017-07-01', 0, 467, 1, 3),
(1383, 'Rille/DSC07099.jpg', '2017-07-01', 0, 467, 1, 3),
(1384, 'Rille/DSC07107.jpg', '2017-07-01', 0, 467, 1, 3),
(1385, 'Rille/DSC07111.jpg', '2017-07-01', 0, 467, 1, 3),
(1386, 'Rille/DSC07125.jpg', '2017-07-01', 0, 467, 1, 3),
(1387, 'Rille/DSC07126.jpg', '2017-07-01', 0, 467, 1, 3),
(1388, 'Rille/DSC07131.jpg', '2017-07-01', 0, 467, 1, 3),
(1389, 'Rille/DSC07132-HDR.jpg', '2017-07-01', 0, 467, 1, 3),
(1390, 'Rille/DSC07135-HDR.jpg', '2017-07-01', 0, 467, 1, 3),
(1391, 'Rille/DSC07140.jpg', '2017-07-01', 0, 467, 1, 3),
(1392, 'Rille/DSC07146.jpg', '2017-07-01', 0, 467, 1, 3),
(1393, 'Rille/DSC07149.jpg', '2017-07-01', 0, 467, 1, 3),
(1394, 'Rille/DSC07150.jpg', '2017-07-01', 0, 467, 1, 3),
(1395, 'Rille/DSC07153.jpg', '2017-07-01', 0, 467, 1, 3),
(1396, 'Rille/DSC07161.jpg', '2017-07-01', 0, 467, 1, 3),
(1397, 'Rille/DSC07165-HDR.jpg', '2017-07-01', 0, 467, 1, 3),
(1398, 'Moulin_Tauxigny.jpg', '2020-05-18', 0, 468, NULL, 1),
(1399, 'Tauxigny/DSC09640-HDR.jpg', '2017-07-01', 1, 468, 1, 3),
(1400, 'Tauxigny/DSC09643-HDR.jpg', '2017-07-01', 0, 468, 1, 3),
(1401, 'Tauxigny/DSC09650-HDR.jpg', '2017-07-01', 0, 468, 1, 3),
(1402, 'Ch_Temple.jpg', '2020-05-18', 1, 469, NULL, 1),
(1403, 'Manoir_Tours_Nord.jpg', '2020-05-18', 1, 470, NULL, 1),
(1404, 'Abbaye_Gatines.jpg', '2020-05-18', 0, 471, NULL, 1),
(1405, 'Abbaye_Gatines/DSC10185-HDR.jpg', '2017-08-01', 0, 471, 1, 3),
(1406, 'Abbaye_Gatines/DSC10188-HDR.jpg', '2017-08-01', 0, 471, 1, 3),
(1407, 'Abbaye_Gatines/DSC10194-HDR.jpg', '2017-08-01', 0, 471, 1, 3),
(1408, 'Abbaye_Gatines/DSC10206-HDR.jpg', '2017-08-01', 0, 471, 1, 3),
(1409, 'Abbaye_Gatines/DSC10209-HDR.jpg', '2017-08-01', 0, 471, 1, 3),
(1410, 'Abbaye_Gatines/DSC10212-HDR.jpg', '2017-08-01', 0, 471, 1, 3),
(1411, 'Abbaye_Gatines/DSC10228.jpg', '2017-08-01', 0, 471, 1, 3),
(1412, 'Abbaye_Gatines/DSC10230-HDR.jpg', '2017-08-01', 1, 471, 1, 3),
(1413, 'Abbaye_Gatines/DSC10233-HDR.jpg', '2017-08-01', 0, 471, 1, 3),
(1414, 'Abbaye_Gatines/DSC10236-HDR.jpg', '2017-08-01', 0, 471, 1, 3),
(1415, 'Abbaye_Gatines/DSC10248-HDR.jpg', '2017-08-01', 0, 471, 1, 3),
(1416, 'Ferme_Desert.jpg', '2020-05-18', 0, 472, NULL, 1),
(1417, 'Ferme_Desert/DSC08554-HDR.jpg', '2017-07-01', 0, 472, 1, 3),
(1418, 'Ferme_Desert/DSC08557-HDR.jpg', '2017-07-01', 0, 472, 1, 3),
(1419, 'Ferme_Desert/DSC08563-HDR.jpg', '2017-07-01', 0, 472, 1, 3),
(1420, 'Ferme_Desert/DSC08566-HDR.jpg', '2017-07-01', 0, 472, 1, 3),
(1421, 'Ferme_Desert/DSC08569-HDR.jpg', '2017-07-01', 0, 472, 1, 3),
(1422, 'Ferme_Desert/DSC08572-HDR.jpg', '2017-07-01', 1, 472, 1, 3),
(1423, 'Ferme_Desert/DSC08575-HDR.jpg', '2017-07-01', 0, 472, 1, 3),
(1424, 'Ferme_Desert/DSC08581-HDR.jpg', '2017-07-01', 0, 472, 1, 3),
(1425, 'Ferme_Desert/DSC08584-HDR.jpg', '2017-07-01', 0, 472, 1, 3),
(1426, 'Ferme_Desert/DSC08608-HDR.jpg', '2017-07-01', 0, 472, 1, 3),
(1427, 'Mine_Pimorent.jpg', '2020-05-18', 1, 473, NULL, 1),
(1428, 'Sanatorium_Basil_SAT.jpg', '2020-05-18', 0, 474, NULL, 1),
(1429, 'Sanatorium_Basil_STR.jpg', '2016-07-01', 1, 474, NULL, 2),
(1430, 'Ferme_LaBasseCour.jpg', '2020-05-18', 1, 475, NULL, 1),
(1431, 'LaVerriere_StRemy.jpg', '2020-05-18', 1, 476, NULL, 1),
(1432, 'Barrage_Chambon.jpg', '2020-05-18', 1, 477, NULL, 1),
(1433, 'Manoir_Verdure.jpg', '2020-05-18', 1, 478, NULL, 1),
(1434, 'Sanatorium_Aincourt.jpg', '2020-05-18', 1, 479, NULL, 1),
(1435, 'Manoir_Saucerie.jpg', '2020-05-18', 1, 480, NULL, 1),
(1436, 'Eglise_StPierreThaon.jpg', '2020-05-18', 1, 481, NULL, 1),
(1437, 'PC_Entree.jpg', '2020-05-18', 1, 482, NULL, 1),
(1438, 'PC_Sortie.jpg', '2020-05-18', 1, 483, NULL, 1),
(1439, 'Entrepots_Bercy.jpg', '2020-05-18', 1, 484, NULL, 1),
(1440, 'Frigos.jpg', '2020-05-18', 1, 485, NULL, 1),
(1441, 'Maison_Borie.jpg', '2020-05-18', 1, 486, NULL, 1),
(1442, 'Ch_Montchevreuil.jpg', '2020-05-18', 1, 487, NULL, 1),
(1445, 'Pensionnat_Ardoune.jpg', '2020-05-18', 1, 490, NULL, 1),
(1446, 'Pensionnat_Fenetrange.jpg', '2020-05-18', 1, 491, NULL, 1),
(1447, 'Chapelle_Marcay.jpg', '2020-05-18', 0, 492, NULL, 1),
(1448, 'Chapelle_Marcay/DSC05631-HDR.jpg', '2017-06-01', 0, 492, 1, 3),
(1449, 'Chapelle_Marcay/DSC05637-HDR.jpg', '2017-06-01', 0, 492, 1, 3),
(1450, 'Chapelle_Marcay/DSC05640-HDR.jpg', '2017-06-01', 1, 492, 1, 3),
(1451, 'Chapelle_Marcay/DSC05643-HDR.jpg', '2017-06-01', 0, 492, 1, 3),
(1452, 'Sanatorium_Prat.jpg', '2020-05-18', 1, 493, NULL, 1),
(1453, 'Palacio.jpg', '2020-05-18', 1, 494, NULL, 1),
(1454, 'Ferme_Mennouville.jpg', '2020-05-18', 1, 495, NULL, 1),
(1455, 'Eglise_Monolithique_StJean.jpg', '2020-05-18', 1, 496, NULL, 1),
(1456, 'Ch_Radepont.jpg', '2020-05-18', 1, 497, NULL, 1),
(1457, 'Ch_PontStPierre.jpg', '2020-05-18', 1, 498, NULL, 1),
(1458, 'Filature_LeTablier.jpg', '2020-05-18', 1, 499, NULL, 1),
(1459, 'Ch_Coulonges.jpg', '2020-05-18', 1, 500, NULL, 1),
(1460, 'Ch_Vibrac.jpg', '2020-05-18', 1, 501, NULL, 1),
(1461, 'LaGrandVaux.jpg', '2020-05-18', 1, 502, NULL, 1),
(1462, 'Ch_Rouhet.jpg', '2020-05-18', 1, 503, NULL, 1),
(1463, 'Maiseron.jpg', '2020-05-18', 1, 504, NULL, 1),
(1464, 'Ferme_Epinay.jpg', '2020-05-18', 0, 505, NULL, 1),
(1465, 'Ferme_Epinay/DSC00506-HDR.jpg', '2017-10-01', 0, 505, 1, 3),
(1466, 'Ferme_Epinay/DSC00512-HDR.jpg', '2017-10-01', 0, 505, 1, 3),
(1467, 'Ferme_Epinay/DSC00515-HDR.jpg', '2017-10-01', 1, 505, 1, 3),
(1468, 'Ferme_Epinay/DSC00520-HDR.jpg', '2017-10-01', 0, 505, 1, 3),
(1469, 'Ferme_Epinay/DSC00526-HDR.jpg', '2017-10-01', 0, 505, 1, 3),
(1470, 'Ferme_Epinay/DSC00532-HDR.jpg', '2017-10-01', 0, 505, 1, 3),
(1471, 'Ferme_Epinay/DSC00559-HDR.jpg', '2017-10-01', 0, 505, 1, 3),
(1472, 'Ferme_Epinay/DSC00568-HDR.jpg', '2017-10-01', 0, 505, 1, 3),
(1473, 'Ferme_Epinay/DSC00571-HDR.jpg', '2017-10-01', 0, 505, 1, 3),
(1474, 'Terrain_Recuperateur.jpg', '2020-05-18', 0, 506, NULL, 1),
(1475, 'Terrain_Recuperateur/DSC01049-HDR.jpg', '2017-10-01', 0, 506, 1, 3),
(1476, 'Terrain_Recuperateur/DSC01052-HDR.jpg', '2017-10-01', 0, 506, 1, 3),
(1477, 'Terrain_Recuperateur/DSC01055-HDR.jpg', '2017-10-01', 0, 506, 1, 3),
(1478, 'Terrain_Recuperateur/DSC01062-HDR.jpg', '2017-10-01', 1, 506, 1, 3),
(1479, 'Terrain_Recuperateur/DSC01065-HDR.jpg', '2017-10-01', 0, 506, 1, 3),
(1480, 'Terrain_Recuperateur/DSC01068-HDR.jpg', '2017-10-01', 0, 506, 1, 3),
(1481, 'Hangar_Bricoleur.jpg', '2020-05-18', 0, 507, NULL, 1),
(1482, 'Hangar_Bricoleur/DSC00797-HDR.jpg', '2017-10-01', 0, 507, 1, 3),
(1483, 'Hangar_Bricoleur/DSC00800-HDR.jpg', '2017-10-01', 1, 507, 1, 3),
(1484, 'Hangar_Bricoleur/DSC00803-HDR.jpg', '2017-10-01', 0, 507, 1, 3),
(1485, 'Hangar_Bricoleur/DSC00812-HDR.jpg', '2017-10-01', 0, 507, 1, 3),
(1486, 'Maison_Sublaines.jpg', '2020-05-18', 1, 508, NULL, 1),
(1487, 'Ch_Groitieres.jpg', '2020-05-18', 1, 509, NULL, 1),
(1488, 'Hopital_Plaza.jpg', '2020-05-18', 1, 510, NULL, 1),
(1489, 'Chapelle_StAndre.jpg', '2020-05-18', 1, 511, NULL, 1),
(1490, 'Chapelle_Didot.jpg', '2020-05-18', 1, 512, NULL, 1),
(1491, 'Puits_Simon.jpg', '2020-05-18', 1, 513, NULL, 1),
(1492, 'Eglise_SteCroix.jpg', '2020-05-18', 1, 514, NULL, 1),
(1493, 'Ch_Moulinsart.jpg', '2020-05-18', 1, 515, NULL, 1),
(1494, 'Ferme_Renaissance.jpg', '2020-05-18', 1, 516, NULL, 1),
(1495, 'Ouradour_Glane.jpg', '2020-05-18', 1, 517, NULL, 1),
(1496, 'Maison_Berger_Allemand.jpg', '2020-05-18', 0, 518, NULL, 1),
(1497, 'Maison_Berger_Allemand/DSC07592-HDR.jpg', '2017-07-01', 0, 518, 1, 3),
(1498, 'Maison_Berger_Allemand/DSC07604-HDR.jpg', '2017-07-01', 1, 518, 1, 3),
(1499, 'Maison_Tetes_Animaux.jpg', '2020-05-18', 0, 519, NULL, 1),
(1500, 'Maison_Tetes_Animaux/DSC07535-HDR.jpg', '2017-07-01', 0, 519, 1, 3),
(1501, 'Maison_Tetes_Animaux/DSC07540.jpg', '2017-07-01', 0, 519, 1, 3),
(1502, 'Maison_Tetes_Animaux/DSC07541-HDR.jpg', '2017-07-01', 0, 519, 1, 3),
(1503, 'Maison_Tetes_Animaux/DSC07547-HDR.jpg', '2017-07-01', 0, 519, 1, 3),
(1504, 'Maison_Tetes_Animaux/DSC07553-HDR.jpg', '2017-07-01', 1, 519, 1, 3),
(1505, 'Maison_Tetes_Animaux/DSC07570.jpg', '2017-07-01', 0, 519, 1, 3),
(1506, 'Maison_Tetes_Animaux/DSC07574-HDR.jpg', '2017-07-01', 0, 519, 1, 3),
(1507, 'Maison_Tetes_Animaux/DSC07580-HDR.jpg', '2017-07-01', 0, 519, 1, 3),
(1508, 'Vehicules_Langeais.jpg', '2020-05-18', 0, 520, NULL, 1),
(1509, 'Vehicules_Langeais/DSC06826-HDR.jpg', '2017-07-01', 1, 520, 1, 3),
(1510, 'Vehicules_Langeais/DSC06844-HDR.jpg', '2017-07-01', 0, 520, 1, 3),
(1511, 'Vehicules_Langeais/DSC06847-HDR.jpg', '2017-07-01', 0, 520, 1, 3),
(1512, 'Vehicules_Langeais/DSC06862-HDR.jpg', '2017-07-01', 0, 520, 1, 3),
(1513, 'Vehicules_Langeais/DSC06865-HDR.jpg', '2017-07-01', 0, 520, 1, 3),
(1514, 'Vehicules_Langeais/DSC06880-HDR.jpg', '2017-07-01', 0, 520, 1, 3),
(1515, 'Vehicules_Langeais/DSC06886-HDR.jpg', '2017-07-01', 0, 520, 1, 3),
(1516, 'Avrille.jpg', '2020-05-18', 0, 521, NULL, 1),
(1517, 'Avrille/DSC06958.jpg', '2017-07-01', 1, 521, 1, 3),
(1518, 'Avrille/DSC06961-HDR.jpg', '2017-07-01', 0, 521, 1, 3),
(1519, 'Avrille/DSC06967-HDR.jpg', '2017-07-01', 0, 521, 1, 3),
(1520, 'Avrille/DSC06973-HDR.jpg', '2017-07-01', 0, 521, 1, 3),
(1521, 'Avrille/DSC06976.jpg', '2017-07-01', 0, 521, 1, 3),
(1522, 'Avrille/DSC06979-HDR.jpg', '2017-07-01', 0, 521, 1, 3),
(1523, 'Avrille/DSC06984.jpg', '2017-07-01', 0, 521, 1, 3),
(1524, 'Avrille/DSC06985-HDR.jpg', '2017-07-01', 0, 521, 1, 3),
(1525, 'Avrille/DSC06990.jpg', '2017-07-01', 0, 521, 1, 3),
(1526, 'Avrille/DSC06991.jpg', '2017-07-01', 0, 521, 1, 3),
(1527, 'Maison_Gauronnieres.jpg', '2020-05-18', 0, 522, NULL, 1),
(1528, 'DSC07000-HDR.jpg', '2017-07-01', 1, 522, 1, 3),
(1529, 'Haute_Folie.jpg', '2020-05-18', 0, 523, NULL, 1),
(1530, 'DSC07281-HDR.jpg', '2017-07-01', 1, 523, 1, 3),
(1531, 'Maison_Caravance.jpg', '2020-05-18', 0, 524, NULL, 1),
(1532, 'Maison_Caravane/DSC07293-HDR.jpg', '2017-07-01', 0, 524, 1, 3),
(1533, 'Maison_Caravane/DSC07296-HDR.jpg', '2017-07-01', 1, 524, 1, 3),
(1534, 'Maison_Caravane/DSC07299.jpg', '2017-07-01', 0, 524, 1, 3),
(1535, 'Maison_Caravane/DSC07304.jpg', '2017-07-01', 0, 524, 1, 3),
(1536, 'Maison_Caravane/DSC07305.jpg', '2017-07-01', 0, 524, 1, 3),
(1537, 'Maison_Caravane/DSC07311-HDR.jpg', '2017-07-01', 0, 524, 1, 3),
(1538, 'Maison_Caravane/DSC07317-HDR.jpg', '2017-07-01', 0, 524, 1, 3),
(1539, 'Maison_Caravane/DSC07320-HDR.jpg', '2017-07-01', 0, 524, 1, 3),
(1540, 'Maison_Caravane/DSC07329-HDR.jpg', '2017-07-01', 0, 524, 1, 3),
(1541, 'Maison_Deneze.jpg', '2020-05-18', 0, 525, NULL, 1),
(1542, 'Maison_Deneze/DSC07411-HDR.jpg', '2017-07-01', 1, 525, 1, 3),
(1543, 'Maison_Deneze/DSC07414-HDR.jpg', '2017-07-01', 0, 525, 1, 3),
(1544, 'Maison_Deneze/DSC07423-HDR.jpg', '2017-07-01', 0, 525, 1, 3),
(1545, 'Maison_Deneze/DSC07426.jpg', '2017-07-01', 0, 525, 1, 3),
(1546, 'Maison_Deneze/DSC07430-HDR.jpg', '2017-07-01', 0, 525, 1, 3),
(1547, 'Maison_Deneze/DSC07438.jpg', '2017-07-01', 0, 525, 1, 3),
(1548, 'Maison_Deneze/DSC07448-HDR.jpg', '2017-07-01', 0, 525, 1, 3),
(1549, 'Maison_Deneze/DSC07454-HDR.jpg', '2017-07-01', 0, 525, 1, 3),
(1550, 'Maison_Deneze/DSC07461.jpg', '2017-07-01', 0, 525, 1, 3),
(1551, 'Ferme_Vernantes.jpg', '2020-05-18', 0, 526, NULL, 1),
(1552, 'Ferme_Vernantes/DSC01182-HDR.jpg', '2017-07-01', 0, 526, 1, 3),
(1553, 'Ferme_Vernantes/DSC01186-HDR.jpg', '2017-07-01', 1, 526, 1, 3),
(1554, 'Ferme_Vernantes/DSC01204-HDR.jpg', '2017-07-01', 0, 526, 1, 3),
(1555, 'Ferme_Vernantes/DSC07625-HDR.jpg', '2017-07-01', 0, 526, 1, 3),
(1556, 'Ferme_Vernantes/DSC07628-HDR.jpg', '2017-07-01', 0, 526, 1, 3),
(1557, 'Ferme_Vernantes/DSC07631-HDR.jpg', '2017-07-01', 0, 526, 1, 3),
(1558, 'Chars_Fontevraud.jpg', '2020-05-18', 0, 527, NULL, 1),
(1559, 'Chars_Fontevraud/DSC01570-HDR.jpg', '2018-01-01', 0, 527, 1, 3),
(1560, 'Chars_Fontevraud/DSC01573-HDR.jpg', '2018-01-01', 0, 527, 1, 3),
(1561, 'Chars_Fontevraud/DSC01576-HDR.jpg', '2018-01-01', 0, 527, 1, 3),
(1562, 'Chars_Fontevraud/DSC01579-HDR.jpg', '2018-01-01', 0, 527, 1, 3),
(1563, 'Chars_Fontevraud/DSC01594-HDR.jpg', '2018-01-01', 0, 527, 1, 3),
(1564, 'Chars_Fontevraud/DSC01598-HDR.jpg', '2018-01-01', 0, 527, 1, 3),
(1565, 'Chars_Fontevraud/DSC01604-HDR-2.jpg', '2018-01-01', 1, 527, 1, 3),
(1566, 'Chars_Fontevraud/DSC01607-HDR.jpg', '2018-01-01', 0, 527, 1, 3),
(1567, 'Chars_Fontevraud/DSC07691.jpg', '2018-01-01', 0, 527, 1, 3),
(1568, 'Chars_Fontevraud/DSC07706.jpg', '2018-01-01', 0, 527, 1, 3),
(1569, 'Moulin_Chouze.jpg', '2020-05-18', 0, 528, NULL, 1),
(1570, 'Moulin_Chouze/DSC07773-HDR.jpg', '2017-07-01', 0, 528, 1, 3),
(1571, 'Moulin_Chouze/DSC07779-HDR.jpg', '2017-07-01', 1, 528, 1, 3),
(1572, 'Moulin_Chouze/DSC07785-HDR.jpg', '2017-07-01', 0, 528, 1, 3),
(1573, 'Moulin_Chouze/DSC07788-HDR.jpg', '2017-07-01', 0, 528, 1, 3),
(1574, 'Moulin_Chouze/DSC07794-HDR.jpg', '2017-07-01', 0, 528, 1, 3),
(1575, 'Ardoisieres_GdCarreaux.jpg', '2020-05-18', 0, 529, NULL, 1),
(1576, 'Ardoisieres_GdCarreaux/DSC08307-HDR.jpg', '2017-07-01', 0, 529, 1, 3),
(1577, 'Ardoisieres_GdCarreaux/DSC08313-HDR.jpg', '2017-07-01', 0, 529, 1, 3),
(1578, 'Ardoisieres_GdCarreaux/DSC08319-HDR.jpg', '2017-07-01', 0, 529, 1, 3),
(1579, 'Ardoisieres_GdCarreaux/DSC08328-HDR.jpg', '2017-07-01', 0, 529, 1, 3),
(1580, 'Ardoisieres_GdCarreaux/DSC08346-HDR.jpg', '2017-07-01', 0, 529, 1, 3),
(1581, 'Ardoisieres_GdCarreaux/DSC08355-HDR.jpg', '2017-07-01', 0, 529, 1, 3),
(1582, 'Ardoisieres_GdCarreaux/DSC08361-HDR.jpg', '2017-07-01', 0, 529, 1, 3),
(1583, 'Ardoisieres_GdCarreaux/DSC08385-HDR.jpg', '2017-07-01', 0, 529, 1, 3),
(1584, 'Ardoisieres_GdCarreaux/DSC08391-HDR.jpg', '2017-07-01', 1, 529, 1, 3),
(1585, 'Ardoisieres_GdCarreaux/DSC08394-HDR.jpg', '2017-07-01', 0, 529, 1, 3),
(1586, 'Ardoisieres_GdCarreaux/DSC08407.jpg', '2017-07-01', 0, 529, 1, 3),
(1587, 'Ardoisieres_GdCarreaux/DSC08410.jpg', '2017-07-01', 0, 529, 1, 3),
(1588, 'Ardoisieres_GdCarreaux/DSC08413.jpg', '2017-07-01', 0, 529, 1, 3),
(1589, 'Ardoisieres_GdCarreaux/DSC08415-HDR.jpg', '2017-07-01', 0, 529, 1, 3),
(1590, 'Ardoisieres_GdCarreaux/DSC08421-HDR.jpg', '2017-07-01', 0, 529, 1, 3),
(1591, 'Ardoisieres_GdCarreaux/DSC08427-HDR.jpg', '2017-07-01', 0, 529, 1, 3),
(1592, 'Ardoisieres_GdCarreaux/DSC08436-HDR.jpg', '2017-07-01', 0, 529, 1, 3),
(1593, 'Ardoisieres_GdCarreaux/DSC08439-HDR.jpg', '2017-07-01', 0, 529, 1, 3),
(1594, 'Ardoisieres_GdCarreaux/DSC08442-HDR.jpg', '2017-07-01', 0, 529, 1, 3),
(1595, 'Ardoisieres_GdCarreaux/DSC08448-HDR.jpg', '2017-07-01', 0, 529, 1, 3),
(1596, 'Ardoisieres_GdCarreaux/DSC08457-HDR.jpg', '2017-07-01', 0, 529, 1, 3),
(1597, 'Ardoisieres_GdCarreaux/DSC08460-HDR.jpg', '2017-07-01', 0, 529, 1, 3),
(1598, 'Ardoisieres_GdCarreaux/DSC08463-HDR.jpg', '2017-07-01', 0, 529, 1, 3),
(1599, 'Ardoisieres_GdCarreaux/DSC08466-HDR.jpg', '2017-07-01', 0, 529, 1, 3),
(1600, 'Ardoisieres_GdCarreaux/DSC08478-HDR.jpg', '2017-07-01', 0, 529, 1, 3),
(1601, 'Ardoisieres_GdCarreaux/DSC08487-HDR.jpg', '2017-07-01', 0, 529, 1, 3),
(1602, 'Ardoisieres_GdCarreaux/DSC08490-HDR.jpg', '2017-07-01', 0, 529, 1, 3),
(1603, 'Ardoisieres_GdCarreaux/DSC08502-HDR.jpg', '2017-07-01', 0, 529, 1, 3),
(1604, 'Chars_Auvour.jpg', '2020-05-18', 0, 530, NULL, 1),
(1605, 'Chars_Auvour/DSC00254-HDR.jpg', '2017-10-01', 0, 530, 1, 3),
(1606, 'Chars_Auvour/DSC00257-HDR.jpg', '2017-10-01', 0, 530, 1, 3),
(1607, 'Chars_Auvour/DSC00263-HDR.jpg', '2017-10-01', 0, 530, 1, 3),
(1608, 'Chars_Auvour/DSC00266-HDR.jpg', '2017-10-01', 0, 530, 1, 3),
(1609, 'Chars_Auvour/DSC00272-HDR.jpg', '2017-10-01', 0, 530, 1, 3),
(1610, 'Chars_Auvour/DSC00281-HDR.jpg', '2017-10-01', 0, 530, 1, 3),
(1611, 'Chars_Auvour/DSC00284-HDR.jpg', '2017-10-01', 0, 530, 1, 3),
(1612, 'Chars_Auvour/DSC00287-HDR.jpg', '2017-10-01', 0, 530, 1, 3),
(1613, 'Chars_Auvour/DSC00296-HDR.jpg', '2017-10-01', 0, 530, 1, 3),
(1614, 'Chars_Auvour/DSC00299-HDR.jpg', '2017-10-01', 0, 530, 1, 3),
(1615, 'Chars_Auvour/DSC00305-HDR.jpg', '2017-10-01', 0, 530, 1, 3),
(1616, 'Chars_Auvour/DSC00320-HDR.jpg', '2017-10-01', 1, 530, 1, 3),
(1617, 'Chars_Auvour/DSC00323-HDR.jpg', '2017-10-01', 0, 530, 1, 3),
(1618, 'Chars_Auvour/DSC00326-HDR.jpg', '2017-10-01', 0, 530, 1, 3),
(1619, 'Chars_Auvour/DSC00329-HDR.jpg', '2017-10-01', 0, 530, 1, 3),
(1620, 'Chars_Auvour/DSC00332-HDR.jpg', '2017-10-01', 0, 530, 1, 3),
(1621, 'Chars_Auvour/DSC00335-HDR.jpg', '2017-10-01', 0, 530, 1, 3),
(1622, 'Chars_Auvour/DSC00341-HDR.jpg', '2017-10-01', 0, 530, 1, 3),
(1623, 'Chars_Auvour/DSC00344-HDR.jpg', '2017-10-01', 0, 530, 1, 3),
(1624, 'Chars_Auvour/DSC00347-HDR.jpg', '2017-10-01', 0, 530, 1, 3),
(1625, 'Chars_Auvour/DSC00356-HDR.jpg', '2017-10-01', 0, 530, 1, 3),
(1626, 'Chars_Auvour/DSC00362-HDR.jpg', '2017-10-01', 0, 530, 1, 3),
(1627, 'Chars_Auvour/DSC00386-HDR.jpg', '2017-10-01', 0, 530, 1, 3),
(1628, 'Chars_Auvour/DSC00401-HDR.jpg', '2017-10-01', 0, 530, 1, 3),
(1629, 'Ferme_Cellieres.jpg', '2020-05-18', 0, 531, NULL, 1),
(1630, 'Ferme_Cellieres/DSC08142-HDR.jpg', '2017-07-01', 0, 531, 1, 3),
(1631, 'Ferme_Cellieres/DSC08145.jpg', '2017-07-01', 0, 531, 1, 3),
(1632, 'Ferme_Cellieres/DSC08152-HDR.jpg', '2017-07-01', 0, 531, 1, 3),
(1633, 'Ferme_Cellieres/DSC08155-HDR.jpg', '2017-07-01', 0, 531, 1, 3),
(1634, 'Ferme_Cellieres/DSC08158-HDR.jpg', '2017-07-01', 0, 531, 1, 3),
(1635, 'Ferme_Cellieres/DSC08161-HDR.jpg', '2017-07-01', 0, 531, 1, 3),
(1636, 'Ferme_Cellieres/DSC08166.jpg', '2017-07-01', 0, 531, 1, 3),
(1637, 'Ferme_Cellieres/DSC08169.jpg', '2017-07-01', 0, 531, 1, 3),
(1638, 'Ferme_Cellieres/DSC08170-HDR.jpg', '2017-07-01', 0, 531, 1, 3),
(1639, 'Ferme_Cellieres/DSC08173-HDR.jpg', '2017-07-01', 0, 531, 1, 3),
(1640, 'Ferme_Cellieres/DSC08176-HDR.jpg', '2017-07-01', 0, 531, 1, 3),
(1641, 'Ferme_Cellieres/DSC08179-HDR.jpg', '2017-07-01', 0, 531, 1, 3),
(1642, 'Ferme_Cellieres/DSC08185-HDR.jpg', '2017-07-01', 0, 531, 1, 3),
(1643, 'Ferme_Cellieres/DSC08189-HDR.jpg', '2017-07-01', 0, 531, 1, 3),
(1644, 'Ferme_Cellieres/DSC08193-HDR.jpg', '2017-07-01', 0, 531, 1, 3),
(1645, 'Ferme_Cellieres/DSC08196-HDR.jpg', '2017-07-01', 0, 531, 1, 3),
(1646, 'Ferme_Cellieres/DSC08211-HDR.jpg', '2017-07-01', 0, 531, 1, 3),
(1647, 'Ferme_Cellieres/DSC08217-HDR.jpg', '2017-07-01', 0, 531, 1, 3),
(1648, 'Ferme_Cellieres/DSC08226-HDR.jpg', '2017-07-01', 1, 531, 1, 3),
(1649, 'Usine_Bauge.jpg', '2020-05-18', 0, 532, NULL, 1);
INSERT INTO `image` (`id`, `name`, `date_taken`, `is_front`, `marker_id`, `user_id`, `image_type_id`) VALUES
(1650, 'Usine_Bauge/DSC07970-HDR.jpg', '2017-07-01', 1, 532, 1, 3),
(1651, 'Usine_Bauge/DSC07976-HDR.jpg', '2017-07-01', 0, 532, 1, 3),
(1652, 'Usine_Bauge/DSC07979-HDR.jpg', '2017-07-01', 0, 532, 1, 3),
(1653, 'Usine_Bauge/DSC07982.jpg', '2017-07-01', 0, 532, 1, 3),
(1654, 'Usine_Bauge/DSC07989-HDR.jpg', '2017-07-01', 0, 532, 1, 3),
(1655, 'Maisons_Auverse.jpg', '2020-05-18', 0, 533, NULL, 1),
(1656, 'Maisons_Auverse/DSC07890-HDR.jpg', '2017-07-01', 0, 533, 1, 3),
(1657, 'Maisons_Auverse/DSC07896-HDR.jpg', '2017-07-01', 1, 533, 1, 3),
(1658, 'Maisons_Auverse/DSC07902-HDR.jpg', '2017-07-01', 0, 533, 1, 3),
(1659, 'Maisons_Auverse/DSC07911.jpg', '2017-07-01', 0, 533, 1, 3),
(1660, 'Maisons_Auverse/DSC07917.jpg', '2017-07-01', 0, 533, 1, 3),
(1661, 'Moulin_LaPierre.jpg', '2020-05-18', 0, 534, NULL, 1),
(1662, 'DSC07995-HDR.jpg', '2017-07-01', 1, 534, 1, 3),
(1663, 'LaMargonniere.jpg', '2020-05-18', 0, 535, NULL, 1),
(1664, 'LaMargonniere/DSC08004-HDR.jpg', '2017-07-01', 0, 535, 1, 3),
(1665, 'LaMargonniere/DSC08010-HDR.jpg', '2017-07-01', 1, 535, 1, 3),
(1666, 'LaMargonniere/DSC08013-HDR.jpg', '2017-07-01', 0, 535, 1, 3),
(1667, 'LaMargonniere/DSC08016-HDR.jpg', '2017-07-01', 0, 535, 1, 3),
(1668, 'LaMargonniere/DSC08019-HDR.jpg', '2017-07-01', 0, 535, 1, 3),
(1669, 'LaMargonniere/DSC08025.jpg', '2017-07-01', 0, 535, 1, 3),
(1670, 'LaMargonniere/DSC08028.jpg', '2017-07-01', 0, 535, 1, 3),
(1671, 'Maison_Jarze.jpg', '2020-05-18', 0, 536, NULL, 1),
(1672, 'Maison_Jarze/DSC08073-HDR.jpg', '2017-07-01', 0, 536, 1, 3),
(1673, 'Maison_Jarze/DSC08076-HDR.jpg', '2017-07-01', 0, 536, 1, 3),
(1674, 'Maison_Jarze/DSC08079-HDR.jpg', '2017-07-01', 1, 536, 1, 3),
(1675, 'Maison_Echemire.jpg', '2020-05-18', 0, 537, NULL, 1),
(1676, 'Maison_Echemire/DSC08043-HDR.jpg', '2017-07-01', 1, 537, 1, 3),
(1677, 'Maison_Echemire/DSC08046-HDR.jpg', '2017-07-01', 0, 537, 1, 3),
(1678, 'Maison_Echemire/DSC08049-HDR.jpg', '2017-07-01', 0, 537, 1, 3),
(1679, 'Maison_Echemire/DSC08052-HDR.jpg', '2017-07-01', 0, 537, 1, 3),
(1680, 'Maison_Echemire/DSC08058-HDR.jpg', '2017-07-01', 0, 537, 1, 3),
(1681, 'Maison_Echemire/DSC08064-HDR.jpg', '2017-07-01', 0, 537, 1, 3),
(1682, 'Maison_Echemire/DSC08067-HDR.jpg', '2017-07-01', 0, 537, 1, 3),
(1683, 'Moulin_Cheffes.jpg', '2020-05-18', 0, 538, NULL, 1),
(1684, 'Moulin_Cheffes/DSC08088-HDR.jpg', '2017-07-01', 0, 538, 1, 3),
(1685, 'Moulin_Cheffes/DSC08100-HDR.jpg', '2017-07-01', 0, 538, 1, 3),
(1686, 'Moulin_Cheffes/DSC08103.jpg', '2017-07-01', 0, 538, 1, 3),
(1687, 'Moulin_Cheffes/DSC08106-HDR.jpg', '2017-07-01', 0, 538, 1, 3),
(1688, 'Moulin_Cheffes/DSC08112-HDR.jpg', '2017-07-01', 0, 538, 1, 3),
(1689, 'Moulin_Cheffes/DSC08118-HDR.jpg', '2017-07-01', 0, 538, 1, 3),
(1690, 'Moulin_Cheffes/DSC08121-HDR.jpg', '2017-07-01', 1, 538, 1, 3),
(1691, 'Four_PetiteBrosse.jpg', '2020-05-18', 0, 539, NULL, 1),
(1692, 'DSC08678-HDR.jpg', '2017-07-01', 1, 539, 1, 3),
(1693, 'Bateau_Loireauxens.jpg', '2020-05-18', 1, 540, NULL, 1),
(1694, 'Moulin_Boussaye.jpg', '2020-05-18', 0, 541, NULL, 1),
(1695, 'Moulin_Boussaye/DSC01454-HDR.jpg', '2019-04-01', 0, 541, 1, 3),
(1696, 'Moulin_Boussaye/DSC01457-HDR.jpg', '2019-04-01', 1, 541, 1, 3),
(1697, 'Moulin_Boussaye/DSC01472-HDR.jpg', '2019-04-01', 0, 541, 1, 3),
(1698, 'Moulin_Boussaye/DSC01481-HDR.jpg', '2019-04-01', 0, 541, 1, 3),
(1699, 'Maison_Rose_Louroux.jpg', '2020-05-18', 0, 542, NULL, 1),
(1700, 'Maison_Rose_Louroux/DSC09613-HDR.jpg', '2017-07-01', 0, 542, 1, 3),
(1701, 'Maison_Rose_Louroux/DSC09619-HDR.jpg', '2017-07-01', 1, 542, 1, 3),
(1702, 'Maison_Rose_Louroux/DSC09622-HDR.jpg', '2017-07-01', 0, 542, 1, 3),
(1703, 'Maison_Rose_Louroux/DSC09625-HDR.jpg', '2017-07-01', 0, 542, 1, 3),
(1704, 'Maison_Rose_Louroux/DSC09628-HDR.jpg', '2017-07-01', 0, 542, 1, 3),
(1705, 'Manoir_Bouchet.jpg', '2020-05-18', 1, 543, NULL, 1),
(1706, 'Ch_Riviere.jpg', '2020-05-18', 0, 544, NULL, 1),
(1707, 'DSC10024-HDR.jpg', '2017-08-01', 1, 544, 1, 3),
(1711, 'Station_Chateauneuf.jpg', '2020-05-18', 0, 546, NULL, 1),
(1712, 'DSC09762-HDR.jpg', '2017-08-01', 1, 546, 1, 3),
(1713, 'Val_Plastic.jpg', '2020-05-18', 0, 547, NULL, 1),
(1714, 'Val_Plastic/DSC10079-HDR.jpg', '2017-08-01', 0, 547, 1, 3),
(1715, 'Val_Plastic/DSC10085-HDR.jpg', '2017-08-01', 0, 547, 1, 3),
(1716, 'Val_Plastic/DSC10091-HDR.jpg', '2017-08-01', 1, 547, 1, 3),
(1717, 'Val_Plastic/DSC10094-HDR.jpg', '2017-08-01', 0, 547, 1, 3),
(1718, 'Val_Plastic/DSC10100-HDR.jpg', '2017-08-01', 0, 547, 1, 3),
(1719, 'Val_Plastic/DSC10103-HDR.jpg', '2017-08-01', 0, 547, 1, 3),
(1720, 'Etoile_Sud.jpg', '2020-05-18', 1, 548, NULL, 1),
(1723, 'Manoir_Cotieres.jpg', '2020-05-18', 0, 551, NULL, 1),
(1724, 'Manoir_Cotieres/DSC09311-HDR.jpg', '2017-07-01', 0, 551, 1, 3),
(1725, 'Manoir_Cotieres/DSC09317-HDR.jpg', '2017-07-01', 0, 551, 1, 3),
(1726, 'Manoir_Cotieres/DSC09320-HDR.jpg', '2017-07-01', 0, 551, 1, 3),
(1727, 'Manoir_Cotieres/DSC09326.jpg', '2017-07-01', 0, 551, 1, 3),
(1728, 'Manoir_Cotieres/DSC09333-HDR.jpg', '2017-07-01', 0, 551, 1, 3),
(1729, 'Manoir_Cotieres/DSC09343-HDR.jpg', '2017-07-01', 0, 551, 1, 3),
(1730, 'Manoir_Cotieres/DSC09355-HDR.jpg', '2017-07-01', 0, 551, 1, 3),
(1731, 'Manoir_Cotieres/DSC09361-HDR.jpg', '2017-07-01', 0, 551, 1, 3),
(1732, 'Manoir_Cotieres/DSC09364-HDR.jpg', '2017-07-01', 1, 551, 1, 3),
(1733, 'Manoir_Cotieres/DSC09367-HDR.jpg', '2017-07-01', 0, 551, 1, 3),
(1734, 'Ch_BeyrieJoyeuse.jpg', '2020-05-18', 1, 552, NULL, 1),
(1735, 'Ch_Coatfrec.jpg', '2020-05-18', 1, 553, NULL, 1),
(1736, 'Cim_Train_Rouen.jpg', '2020-05-18', 1, 554, NULL, 1),
(1737, 'Clos_Fees.jpg', '2020-05-18', 1, 555, NULL, 1),
(1739, 'Ch_Coetquen.jpg', '2020-05-18', 1, 557, NULL, 1),
(1740, 'Ch_Lezergue.jpg', '2020-05-18', 1, 558, NULL, 1),
(1741, 'Ch_Breil.jpg', '2020-05-18', 1, 559, NULL, 1),
(1742, 'Ch_Palluau.jpg', '2020-05-18', 1, 560, NULL, 1),
(1743, 'Ch_Verrie.jpg', '2020-05-18', 1, 561, NULL, 1),
(1744, 'Ch_Aurouze.jpg', '2020-05-18', 1, 562, NULL, 1),
(1745, 'Ch_Alleuze.jpg', '2020-05-18', 1, 563, NULL, 1),
(1746, 'Ch_Gruimaud.jpg', '2020-05-18', 1, 564, NULL, 1),
(1747, 'Ch_Barriere.jpg', '2020-05-18', 1, 565, NULL, 1),
(1748, 'Ch_Boscla.jpg', '2020-05-18', 1, 566, NULL, 1),
(1749, 'Fort_Portalet.jpg', '2020-05-18', 1, 567, NULL, 1),
(1750, 'Ch_Castillon.jpg', '2020-05-18', 1, 568, NULL, 1),
(1751, 'Ch_DesTours.jpg', '2020-05-18', 1, 569, NULL, 1),
(1752, 'Ch_Rosiere.jpg', '2020-05-18', 1, 570, NULL, 1),
(1753, 'Ch_ArquesLaBataille.jpg', '2020-05-18', 1, 571, NULL, 1),
(1754, 'Ch_Floyras.jpg', '2020-05-18', 1, 572, NULL, 1),
(1755, 'Ch_Couet.jpg', '2020-05-18', 1, 573, NULL, 1),
(1757, 'Ch_Chauffie.jpg', '2020-05-18', 1, 575, NULL, 1),
(1763, 'Ch_Lisa.jpg', '2020-05-18', 1, 577, NULL, 1),
(1764, 'Eglise_SteTherese_Leojac.jpg', '2020-05-18', 1, 578, NULL, 1),
(1765, 'Maison_Oiseaux_SAT.jpg', '2020-05-18', 0, 579, NULL, 1),
(1766, 'Maison_Oiseaux_STR.jpg', '2018-06-01', 1, 579, NULL, 2),
(1767, 'Palais_Ideal.jpg', '2020-05-18', 1, 580, NULL, 1),
(1768, 'Haut_Buisson.jpg', '2020-05-18', 1, 581, NULL, 1),
(1769, 'Silo_Cellerin.jpg', '2020-05-18', 0, 582, NULL, 1),
(1770, 'Silo_Cellerin/DSC00767-HDR.jpg', '2017-10-01', 1, 582, 1, 3),
(1771, 'Silo_Cellerin/DSC00770-HDR.jpg', '2017-10-01', 0, 582, 1, 3),
(1772, 'Silo_Cellerin/DSC00773-HDR.jpg', '2017-10-01', 0, 582, 1, 3),
(1773, 'Silo_Cellerin/DSC00782-HDR.jpg', '2017-10-01', 0, 582, 1, 3),
(1774, 'Silo_Cellerin/DSC00785-HDR.jpg', '2017-10-01', 0, 582, 1, 3),
(1775, 'Silo_Cellerin/DSC00788-HDR.jpg', '2017-10-01', 0, 582, 1, 3),
(1776, 'Maisonette_Charnizay.jpg', '2020-05-18', 0, 583, NULL, 1),
(1777, 'Maisonette_Charnizay/DSC00824-HDR.jpg', '2017-10-01', 1, 583, 1, 3),
(1778, 'Maisonette_Charnizay/DSC00830-HDR.jpg', '2017-10-01', 0, 583, 1, 3),
(1779, 'Ferme_Chaumes.jpg', '2020-05-18', 0, 584, NULL, 1),
(1780, 'Ferme_Chaumes/DSC00921-HDR.jpg', '2017-10-01', 1, 584, 1, 3),
(1781, 'Ferme_Chaumes/DSC00936-HDR.jpg', '2017-10-01', 0, 584, 1, 3),
(1782, 'Ferme_Chaumes/DSC00939-HDR.jpg', '2017-10-01', 0, 584, 1, 3),
(1783, 'Ferme_Chaumes/DSC00942-HDR.jpg', '2017-10-01', 0, 584, 1, 3),
(1784, 'Ferme_Chaumes/DSC00945-HDR.jpg', '2017-10-01', 0, 584, 1, 3),
(1785, 'Ferme_Chaumes/DSC00948-HDR.jpg', '2017-10-01', 0, 584, 1, 3),
(1786, 'Ferme_Chaumes/DSC00951-HDR.jpg', '2017-10-01', 0, 584, 1, 3),
(1787, 'Ferme_Chaumes/DSC00963-HDR.jpg', '2017-10-01', 0, 584, 1, 3),
(1788, 'Ferme_Chaumes/DSC00966-HDR.jpg', '2017-10-01', 0, 584, 1, 3),
(1789, 'Ferme_Chaumes/DSC00972-HDR.jpg', '2017-10-01', 0, 584, 1, 3),
(1790, 'Ferme_Chaumes/DSC00978-HDR.jpg', '2017-10-01', 0, 584, 1, 3),
(1791, 'Ferme_Chaumes/DSC00987-HDR.jpg', '2017-10-01', 0, 584, 1, 3),
(1792, 'Ferme_Reigniere.jpg', '2020-05-18', 0, 585, NULL, 1),
(1793, 'Ferme_Reigniere/DSC00993-HDR.jpg', '2017-10-01', 1, 585, 1, 3),
(1794, 'Ferme_Reigniere/DSC00996-HDR.jpg', '2017-10-01', 0, 585, 1, 3),
(1795, 'Ferme_Reigniere/DSC01002-HDR.jpg', '2017-10-01', 0, 585, 1, 3),
(1796, 'Ferme_Reigniere/DSC01005-HDR.jpg', '2017-10-01', 0, 585, 1, 3),
(1797, 'Ferme_Reigniere/DSC01008-HDR.jpg', '2017-10-01', 0, 585, 1, 3),
(1798, 'Ferme_Reigniere/DSC01011-HDR.jpg', '2017-10-01', 0, 585, 1, 3),
(1799, 'Ferme_Reigniere/DSC01019-HDR.jpg', '2017-10-01', 0, 585, 1, 3),
(1800, 'Maisonette_Vigne_Chatillon.jpg', '2020-05-18', 0, 586, NULL, 1),
(1801, 'Maisonette_Vigne_Chatillon/DSC00897-HDR.jpg', '2017-10-01', 1, 586, 1, 3),
(1802, 'Maisonette_Vigne_Chatillon/DSC00906-HDR.jpg', '2017-10-01', 0, 586, 1, 3),
(1803, 'Voitures_LHomme.jpg', '2020-05-18', 0, 587, NULL, 1),
(1804, 'Voitures_Lhomme/DSC00404-HDR.jpg', '2017-10-01', 0, 587, 1, 3),
(1805, 'Voitures_Lhomme/DSC00410-HDR.jpg', '2017-10-01', 0, 587, 1, 3),
(1806, 'Voitures_Lhomme/DSC00413-HDR.jpg', '2017-10-01', 1, 587, 1, 3),
(1807, 'Voitures_Lhomme/DSC00419-HDR.jpg', '2017-10-01', 0, 587, 1, 3),
(1808, 'Voitures_Lhomme/DSC00425-HDR.jpg', '2017-10-01', 0, 587, 1, 3),
(1809, 'Voitures_Lhomme/DSC00431-HDR.jpg', '2017-10-01', 0, 587, 1, 3),
(1810, 'Voitures_Lhomme/DSC00443-HDR.jpg', '2017-10-01', 0, 587, 1, 3),
(1811, 'Ch_Marchat.jpg', '2020-05-18', 1, 588, NULL, 1),
(1812, 'Ch_Agonnay.jpg', '2020-05-18', 1, 589, NULL, 1),
(1813, 'Ch_Fages.jpg', '2020-05-18', 1, 590, NULL, 1),
(1814, 'Ch_Baffou.jpg', '2020-05-18', 1, 591, NULL, 1),
(1815, 'Ch_Laxion.jpg', '2020-05-18', 1, 592, NULL, 1),
(1816, 'Ch_Remeneuil.jpg', '2020-05-18', 1, 593, NULL, 1),
(1817, 'Ch_Chaumont.jpg', '2020-05-18', 1, 594, NULL, 1),
(1818, 'Prison_Pontaniou.jpg', '2020-05-18', 1, 595, NULL, 1),
(1819, 'Carriere_Vallons.jpg', '2020-05-18', 1, 596, NULL, 1),
(1820, 'Chapelle_StClement.jpg', '2020-05-18', 1, 597, NULL, 1),
(1821, 'Carriere_Vallons_2.jpg', '2020-05-18', 1, 598, NULL, 1),
(1822, 'Carriere_Vallons_3.jpg', '2020-05-18', 1, 599, NULL, 1),
(1823, 'Ferme_LaBerandiere.jpg', '2020-05-18', 1, 600, NULL, 1),
(1824, 'Libaudiere.jpg', '2020-05-18', 1, 601, NULL, 1),
(1825, 'Ferme_Freigne.jpg', '2020-05-18', 1, 602, NULL, 1),
(1826, 'Ch_Belmont.jpg', '2020-05-18', 1, 603, NULL, 1),
(1827, 'Ch_Porce.jpg', '2020-05-18', 1, 604, NULL, 1),
(1828, 'Ch_Glatigny.jpg', '2020-05-18', 1, 605, NULL, 1),
(1829, 'St_Sylvain.jpg', '2020-05-18', 1, 606, NULL, 1),
(1830, 'Ch_Massaye.jpg', '2020-05-18', 1, 607, NULL, 1),
(1831, 'Ch_Magnelay.jpg', '2020-05-18', 1, 608, NULL, 1),
(1832, 'Ch_Pontavesne.jpg', '2020-05-18', 1, 609, NULL, 1),
(1833, 'Fort_LaRochelle.jpg', '2020-05-18', 1, 610, NULL, 1),
(1834, 'Manoir_Renac.jpg', '2020-05-18', 0, 611, NULL, 1),
(1835, 'Manoir_Renac/DSC08715-HDR.jpg', '2018-12-01', 0, 611, 1, 3),
(1836, 'Manoir_Renac/DSC08721-HDR.jpg', '2018-12-01', 0, 611, 1, 3),
(1837, 'Manoir_Renac/DSC08727-HDR.jpg', '2018-12-01', 0, 611, 1, 3),
(1838, 'Manoir_Renac/DSC08733-HDR.jpg', '2018-12-01', 0, 611, 1, 3),
(1839, 'Manoir_Renac/DSC08739-HDR.jpg', '2018-12-01', 1, 611, 1, 3),
(1840, 'Manoir_Renac/DSC08748-HDR.jpg', '2018-12-01', 0, 611, 1, 3),
(1841, 'Manoir_Renac/DSC08754-HDR.jpg', '2018-12-01', 0, 611, 1, 3),
(1842, 'Manoir_Renac/DSC08766-HDR.jpg', '2018-12-01', 0, 611, 1, 3),
(1843, 'Manoir_Renac/DSC08781-HDR.jpg', '2018-12-01', 0, 611, 1, 3),
(1844, 'Manoir_Renac/DSC08790-HDR.jpg', '2018-12-01', 0, 611, 1, 3),
(1845, 'Manoir_Renac/DSC08797-HDR.jpg', '2018-12-01', 0, 611, 1, 3),
(1846, 'Manoir_Renac/DSC08815-HDR.jpg', '2018-12-01', 0, 611, 1, 3),
(1847, 'Manoir_Renac/DSC08851-HDR.jpg', '2018-12-01', 0, 611, 1, 3),
(1848, 'Ch_Provotais.jpg', '2020-05-18', 0, 612, NULL, 1),
(1849, 'DSC08712-HDR.jpg', '2018-12-01', 1, 612, 1, 3),
(1850, 'Ch_Elf.jpg', '2020-05-18', 1, 613, NULL, 1),
(1851, 'Ch_Gramont.jpg', '2020-05-18', 1, 614, NULL, 1),
(1852, 'Hopital_Le_Grau.jpg', '2020-05-18', 1, 615, NULL, 1),
(1853, 'Usine_Amboise.jpg', '2020-05-18', 1, 616, NULL, 1),
(1854, 'Maison_Malvue.jpg', '2020-05-18', 1, 617, NULL, 1),
(1855, 'Coop_Tricherie.jpg', '2020-05-18', 1, 618, NULL, 1),
(1856, 'Maison_Dissay.jpg', '2020-05-18', 1, 619, NULL, 1),
(1857, 'Maison_Vivonne.jpg', '2020-05-18', 1, 620, NULL, 1),
(1858, 'Maison_Vivonne_2.jpg', '2020-05-18', 1, 621, NULL, 1),
(1859, 'Maison_Vivonne_3.jpg', '2020-05-18', 1, 622, NULL, 1),
(1860, 'Hangar_Chaunay.jpg', '2020-05-18', 1, 623, NULL, 1),
(1861, 'Ferme_Plouterie.jpg', '2020-05-18', 1, 624, NULL, 1),
(1862, 'Ferme_Duperrerie.jpg', '2020-05-18', 1, 625, NULL, 1),
(1863, 'Maison_Foucherie.jpg', '2020-05-18', 1, 626, NULL, 1),
(1864, 'Cim_Voit_Freteval.jpg', '2020-05-18', 1, 627, NULL, 1),
(1865, 'Maison_Constantine.jpg', '2020-05-18', 1, 628, NULL, 1),
(1866, 'Maison_Bet_Rochers.jpg', '2020-05-18', 0, 629, NULL, 1),
(1867, 'Maison_Bet_Rochers/DSC06946-HDR.jpg', '2018-11-01', 0, 629, 1, 3),
(1868, 'Maison_Bet_Rochers/DSC06961-HDR.jpg', '2018-11-01', 0, 629, 1, 3),
(1869, 'Maison_Bet_Rochers/DSC06964-HDR.jpg', '2018-11-01', 0, 629, 1, 3),
(1870, 'Maison_Bet_Rochers/DSC06982-HDR.jpg', '2018-11-01', 0, 629, 1, 3),
(1871, 'Maison_Bet_Rochers/DSC07037-HDR.jpg', '2018-11-01', 0, 629, 1, 3),
(1872, 'Maison_Bet_Rochers/DSC07058-HDR.jpg', '2018-11-01', 1, 629, 1, 3),
(1873, 'Maison_Bet_Rochers/DSC07067-HDR.jpg', '2018-11-01', 0, 629, 1, 3),
(1874, 'Cim_Bono.jpg', '2020-05-18', 0, 630, NULL, 1),
(1875, 'Cim_Bono/DSC08946-HDR.jpg', '2018-12-01', 0, 630, 1, 3),
(1876, 'Cim_Bono/DSC08951-HDR.jpg', '2018-12-01', 0, 630, 1, 3),
(1877, 'Cim_Bono/DSC08981-HDR.jpg', '2018-12-01', 0, 630, 1, 3),
(1878, 'Cim_Bono/DSC09007-HDR.jpg', '2018-12-01', 0, 630, 1, 3),
(1879, 'Cim_Bono/DSC09019-HDR.jpg', '2018-12-01', 0, 630, 1, 3),
(1880, 'Cim_Bono/DSC09034-HDR.jpg', '2018-12-01', 0, 630, 1, 3),
(1881, 'Cim_Bono/DSC09037-HDR.jpg', '2018-12-01', 0, 630, 1, 3),
(1882, 'Cim_Bono/DSC09079-HDR.jpg', '2018-12-01', 0, 630, 1, 3),
(1883, 'Cim_Bono/DSC09109.jpg', '2018-12-01', 1, 630, 1, 3),
(1884, 'Cim_Bono/DSC09126-HDR.jpg', '2018-12-01', 0, 630, 1, 3),
(1885, 'Cim_Plougasnou.jpg', '2020-05-18', 1, 631, NULL, 1),
(1886, 'Cim_StMalo.jpg', '2020-05-18', 0, 632, NULL, 1),
(1887, 'Cim_StMalo/DSC06516-HDR.jpg', '2018-11-01', 0, 632, 1, 3),
(1888, 'Cim_StMalo/DSC06522-HDR.jpg', '2018-11-01', 0, 632, 1, 3),
(1889, 'Cim_StMalo/DSC06543-HDR.jpg', '2018-11-01', 0, 632, 1, 3),
(1890, 'Cim_StMalo/DSC06549-HDR.jpg', '2018-11-01', 1, 632, 1, 3),
(1891, 'Cim_StMalo/DSC06555-HDR.jpg', '2018-11-01', 0, 632, 1, 3),
(1892, 'Cim_StMalo/DSC06561-HDR.jpg', '2018-11-01', 0, 632, 1, 3),
(1893, 'Cim_StMalo/DSC06570-HDR.jpg', '2018-11-01', 0, 632, 1, 3),
(1894, 'Cim_StMalo/DSC06573-HDR.jpg', '2018-11-01', 0, 632, 1, 3),
(1895, 'Cim_StMalo/DSC06582-HDR.jpg', '2018-11-01', 0, 632, 1, 3),
(1896, 'Cim_StMalo/DSC06585-HDR.jpg', '2018-11-01', 0, 632, 1, 3),
(1897, 'Cim_StMalo/DSC06591-HDR.jpg', '2018-11-01', 0, 632, 1, 3),
(1898, 'Cim_StMalo/DSC06645.jpg', '2018-11-01', 0, 632, 1, 3),
(1899, 'Mont_St_Michel.jpg', '2020-05-18', 0, 633, NULL, 1),
(1900, 'Mont_St_Michel/DSC06302-HDR.jpg', '2018-11-01', 0, 633, 1, 3),
(1901, 'Mont_St_Michel/DSC06305-HDR.jpg', '2018-11-01', 1, 633, 1, 3),
(1902, 'Mont_St_Michel/DSC06314-HDR.jpg', '2018-11-01', 0, 633, 1, 3),
(1903, 'Mont_St_Michel/DSC06320-HDR.jpg', '2018-11-01', 0, 633, 1, 3),
(1904, 'Mont_St_Michel/DSC06326-HDR.jpg', '2018-11-01', 0, 633, 1, 3),
(1905, 'Mont_St_Michel/DSC06336-HDR.jpg', '2018-11-01', 0, 633, 1, 3),
(1906, 'Mont_St_Michel/DSC06346.jpg', '2018-11-01', 0, 633, 1, 3),
(1907, 'Mont_St_Michel/DSC06353-HDR.jpg', '2018-11-01', 0, 633, 1, 3),
(1908, 'Chapelle_StGildas.jpg', '2020-05-18', 1, 634, NULL, 1),
(1909, 'Chapelle_SteAnneDuTertre.jpg', '2020-05-18', 0, 635, NULL, 1),
(1910, 'Chapelle_SteAnneDuTertre/DSC06471-HDR.jpg', '2018-11-01', 1, 635, 1, 3),
(1911, 'Chapelle_SteAnneDuTertre/DSC06474-HDR.jpg', '2018-11-01', 0, 635, 1, 3),
(1912, 'Chapelle_SteAnneDuTertre/DSC06480-HDR.jpg', '2018-11-01', 0, 635, 1, 3),
(1913, 'Chapelle_Briantais.jpg', '2020-05-18', 1, 636, NULL, 1),
(1914, 'Chapelle_SteElisabeth.jpg', '2020-05-18', 1, 637, NULL, 1),
(1915, 'Ch_Bourgogne.jpg', '2020-05-18', 0, 638, NULL, 1),
(1916, 'Ch_Bourgogne/DSC06826-HDR.jpg', '2018-11-01', 1, 638, 1, 3),
(1917, 'Ch_Bourgogne/DSC06829-HDR.jpg', '2018-11-01', 0, 638, 1, 3),
(1918, 'Ch_Bourgogne/DSC06835-HDR.jpg', '2018-11-01', 0, 638, 1, 3),
(1919, 'Ch_Bourgogne/DSC06838-HDR.jpg', '2018-11-01', 0, 638, 1, 3),
(1920, 'Ch_Bourgogne/DSC06841-HDR.jpg', '2018-11-01', 0, 638, 1, 3),
(1921, 'Ch_Bourgogne/DSC06844-HDR.jpg', '2018-11-01', 0, 638, 1, 3),
(1922, 'Ch_Bourgogne/DSC06847-HDR.jpg', '2018-11-01', 0, 638, 1, 3),
(1923, 'Ch_Bourgogne/DSC06853-HDR.jpg', '2018-11-01', 0, 638, 1, 3),
(1924, 'Ch_Bourgogne/DSC06859-HDR.jpg', '2018-11-01', 0, 638, 1, 3),
(1925, 'Ch_Bourgogne/DSC06862-HDR.jpg', '2018-11-01', 0, 638, 1, 3),
(1926, 'Ch_Bourgogne/DSC06868-HDR.jpg', '2018-11-01', 0, 638, 1, 3),
(1927, 'Ch_Bourgogne/DSC06877-HDR.jpg', '2018-11-01', 0, 638, 1, 3),
(1928, 'Ch_Bourgogne/DSC06880-HDR.jpg', '2018-11-01', 0, 638, 1, 3),
(1929, 'Ch_Bourgogne/DSC06889-HDR.jpg', '2018-11-01', 0, 638, 1, 3),
(1930, 'Ch_Bourgogne/DSC06892-HDR.jpg', '2018-11-01', 0, 638, 1, 3),
(1931, 'Ch_Bourgogne/DSC06895-HDR.jpg', '2018-11-01', 0, 638, 1, 3),
(1933, 'Clinique_Audierne.jpg', '2020-05-18', 1, 640, NULL, 1),
(1934, 'Ecole_Audierne.jpg', '2020-05-18', 1, 641, NULL, 1),
(1935, 'Voitures_Vouvray.jpg', '2020-05-18', 0, 642, NULL, 1),
(1936, 'Voitures_Vouvray/DSC00830-HDR.jpg', '2019-01-01', 0, 642, 1, 3),
(1937, 'Voitures_Vouvray/DSC00833-HDR.jpg', '2019-01-01', 0, 642, 1, 3),
(1938, 'Voitures_Vouvray/DSC00851-HDR.jpg', '2019-01-01', 1, 642, 1, 3),
(1939, 'Voitures_Vouvray/DSC00880.jpg', '2019-01-01', 0, 642, 1, 3),
(1940, 'Voitures_Vouvray/DSC00921.jpg', '2019-01-01', 0, 642, 1, 3),
(1941, 'Prison_Naples.jpg', '2020-05-18', 1, 643, NULL, 1),
(1942, 'Clinique_ValOlonne.jpg', '2020-05-18', 1, 644, NULL, 1),
(1943, 'Hospice_Tronchet.jpg', '2020-05-18', 1, 645, NULL, 1),
(1944, 'Piscine_Compiegne.jpg', '2020-05-18', 1, 646, NULL, 1),
(1945, 'Ch_SteMarie.jpg', '2020-05-18', 1, 647, NULL, 1),
(1946, 'Moulin_Perre.jpg', '2020-05-18', 1, 648, NULL, 1),
(1947, 'Chapelle_StMichelBraspart.jpg', '2020-05-18', 1, 649, NULL, 1),
(1949, 'Cledat.jpg', '2020-05-18', 1, 651, NULL, 1),
(1950, 'Finestras.jpg', '2020-05-18', 1, 652, NULL, 1),
(1951, 'Thines.jpg', '2020-05-18', 1, 653, NULL, 1),
(1952, 'Rochecolombe.jpg', '2020-05-18', 1, 654, NULL, 1),
(1953, 'Paternoy.jpg', '2020-05-18', 1, 655, NULL, 1),
(1954, 'LePoil.jpg', '2020-05-18', 1, 656, NULL, 1),
(1955, 'Ch_Favorite.jpg', '2020-05-18', 1, 657, NULL, 1),
(1956, 'Ch_Bonnefontaine.jpg', '2020-05-18', 1, 658, NULL, 1),
(1957, 'Combe_Glace.jpg', '2020-05-18', 1, 659, NULL, 1),
(1958, 'Perillos.jpg', '2020-05-18', 1, 660, NULL, 1),
(1959, 'Sorbello.jpg', '2020-05-18', 1, 661, NULL, 1),
(1960, 'Filature_Lalobbe.jpg', '2020-05-18', 1, 662, NULL, 1),
(1961, 'Ch_Forge.jpg', '2020-05-18', 1, 663, NULL, 1),
(1962, 'Abbaye_Blasimon.jpg', '2020-05-18', 1, 664, NULL, 1),
(1963, 'Abbaye_StBertin.jpg', '2020-05-18', 1, 665, NULL, 1),
(1964, 'Eglise_StNabor.jpg', '2020-05-18', 1, 666, NULL, 1),
(1965, 'Ch_Yevre.jpg', '2020-05-18', 1, 667, NULL, 1),
(1966, 'Ch_Murol.jpg', '2020-05-18', 1, 668, NULL, 1),
(1967, 'Ch_Sechilienne.jpg', '2020-05-18', 1, 669, NULL, 1),
(1968, 'StGobain.jpg', '2020-05-18', 1, 670, NULL, 1),
(1969, 'Surschiste.jpg', '2020-05-18', 1, 671, NULL, 1),
(1971, 'Banque_Maya.jpg', '2020-05-18', 1, 673, NULL, 1),
(1972, 'Villa_Sapene.jpg', '2020-05-18', 1, 674, NULL, 1),
(1973, 'Villa_Ambassadeur.jpg', '2020-05-18', 1, 675, NULL, 1),
(1974, 'Batterie_Pointe.jpg', '2020-05-18', 1, 676, NULL, 1),
(1975, 'Ch_Combreux.jpg', '2020-05-18', 0, 677, NULL, 1),
(1976, 'DSC10170-HDR.jpg', '2018-07-01', 1, 677, 1, 3),
(1977, 'Coop_Loche.jpg', '2020-05-18', 0, 678, NULL, 1),
(1978, 'DSC01031-HDR.jpg', '2018-07-01', 1, 678, 1, 3),
(1979, 'Ch_Levis.jpg', '2020-05-18', 1, 679, NULL, 1),
(1980, 'Complexe_Aqua_Medan.jpg', '2020-05-18', 1, 680, NULL, 1),
(1981, 'Distillerie_StOuen.jpg', '2020-05-18', 1, 681, NULL, 1),
(1982, 'GdMoulin_Presles.jpg', '2020-05-18', 1, 682, NULL, 1),
(1983, 'Ch_Angeliere.jpg', '2020-05-18', 0, 683, NULL, 1),
(1984, 'Ch_Angeliere/DSC05114-HDR.jpg', '2018-07-01', 0, 683, 1, 3),
(1985, 'Ch_Angeliere/DSC05129-HDR.jpg', '2018-07-01', 0, 683, 1, 3),
(1986, 'Ch_Angeliere/DSC05147-HDR.jpg', '2018-07-01', 1, 683, 1, 3),
(1987, 'Ch_Angeliere/DSC05189-HDR.jpg', '2018-07-01', 0, 683, 1, 3),
(1988, 'Ch_Angeliere/DSC05195-HDR.jpg', '2018-07-01', 0, 683, 1, 3),
(1989, 'Ch_Angeliere/DSC05198-HDR.jpg', '2018-07-01', 0, 683, 1, 3),
(1990, 'Ch_Angeliere/DSC05201-HDR.jpg', '2018-07-01', 0, 683, 1, 3),
(1991, 'Ch_Angeliere/DSC05207.jpg', '2018-07-01', 0, 683, 1, 3),
(1992, 'Ch_Angeliere/DSC05210.jpg', '2018-07-01', 0, 683, 1, 3),
(1993, 'Ch_Angeliere/DSC05237-HDR.jpg', '2018-07-01', 0, 683, 1, 3),
(1994, 'Ch_Angeliere/DSC05251-HDR.jpg', '2018-07-01', 0, 683, 1, 3),
(1995, 'Ch_Angeliere/DSC05270-HDR.jpg', '2018-07-01', 0, 683, 1, 3),
(1996, 'Ch_Angeliere/DSC05276-HDR.jpg', '2018-07-01', 0, 683, 1, 3),
(1997, 'Ch_Angeliere/DSC05282-HDR.jpg', '2018-07-01', 0, 683, 1, 3),
(1998, 'Ch_Angeliere/DSC05300-HDR.jpg', '2018-07-01', 0, 683, 1, 3),
(1999, 'Ch_Angeliere/DSC05309-HDR.jpg', '2018-07-01', 0, 683, 1, 3),
(2000, 'Ch_Angeliere/DSC05331-HDR.jpg', '2018-07-01', 0, 683, 1, 3),
(2001, 'Ch_Angeliere/DSC05337-HDR.jpg', '2018-07-01', 0, 683, 1, 3),
(2002, 'Barrage_Vezins.jpg', '2020-05-18', 1, 684, NULL, 1),
(2003, 'Barrage_Ducey.jpg', '2020-05-18', 1, 685, NULL, 1),
(2004, 'Usine_Cornubia.jpg', '2020-05-18', 1, 686, NULL, 1),
(2005, 'Usine_Soferti.jpg', '2020-05-18', 1, 687, NULL, 1),
(2006, 'Heures_Creatives.jpg', '2020-05-18', 1, 688, NULL, 1),
(2007, 'Manoir_Pantigne.jpg', '2020-05-18', 1, 689, NULL, 1),
(2008, 'Chapelle_Mont_Gargan.jpg', '2020-05-18', 1, 690, NULL, 1),
(2009, 'Usine_Rennes.jpg', '2020-05-18', 1, 691, NULL, 1),
(2010, 'Ch_Bayon.jpg', '2020-05-18', 1, 692, NULL, 1),
(2011, 'Ch_Arcy.jpg', '2020-05-18', 1, 693, NULL, 1),
(2012, 'Ch_Vadencourt.jpg', '2020-05-18', 1, 694, NULL, 1),
(2013, 'Bains_Caille.jpg', '2020-05-18', 1, 695, NULL, 1),
(2014, 'Brasserie_Collignon.jpg', '2020-05-18', 1, 696, NULL, 1),
(2015, 'Ch_StBernard.jpg', '2020-05-18', 1, 697, NULL, 1),
(2016, 'Temple_Donon.jpg', '2020-05-18', 1, 698, NULL, 1),
(2017, 'Ch_Bougon.jpg', '2020-05-18', 1, 699, NULL, 1),
(2018, 'Sanatorium_MichelPeyri.jpg', '2020-05-18', 1, 700, NULL, 1),
(2019, 'Arrezo.jpg', '2020-05-18', 1, 701, NULL, 1),
(2020, 'Papeterie_Courlandon.jpg', '2020-05-18', 1, 702, NULL, 1),
(2021, 'Tannerie_Costil.jpg', '2020-05-18', 1, 703, NULL, 1),
(2022, 'Fort_Vancia.jpg', '2020-05-18', 1, 704, NULL, 1),
(2023, 'Maison_Francois_Coignet.jpg', '2020-05-18', 1, 705, NULL, 1),
(2024, 'Minoterie_Couterne.jpg', '2020-05-18', 1, 706, NULL, 1),
(2026, 'Minoterie_Destandau.jpg', '2020-05-18', 1, 708, NULL, 1),
(2027, 'Abbaye_Barbery.jpg', '2020-05-18', 1, 709, NULL, 1),
(2028, 'Ch_Ecrivain.jpg', '2020-05-18', 1, 710, NULL, 1),
(2029, 'Chapelle_Vierge.jpg', '2020-05-18', 1, 711, NULL, 1),
(2030, 'Filature_Mesnil.jpg', '2020-05-18', 1, 712, NULL, 1),
(2031, 'Manoir_Desert.jpg', '2020-05-18', 1, 713, NULL, 1),
(2032, 'Chalet_Guttinger.jpg', '2020-05-18', 1, 714, NULL, 1),
(2033, 'Dynamiterie_Ablon.jpg', '2020-05-18', 1, 715, NULL, 1),
(2034, 'Minoterie_Saintlot.jpg', '2020-05-18', 1, 716, NULL, 1),
(2035, 'Minoterie_Bernaville.jpg', '2020-05-18', 1, 717, NULL, 1),
(2036, 'Park_Avenue.jpg', '2020-05-18', 1, 718, NULL, 1),
(2037, 'Maison_FortLapin.jpg', '2020-05-18', 1, 719, NULL, 1),
(2038, 'Broves.jpg', '2020-05-18', 1, 720, NULL, 1),
(2039, 'Eglise_Montarouch.jpg', '2020-05-18', 1, 721, NULL, 1),
(2040, 'Chateauneuf_LesMoutiers.jpg', '2020-05-18', 1, 722, NULL, 1),
(2041, 'Moulin_Aiguillon.jpg', '2020-05-18', 1, 723, NULL, 1),
(2042, 'Eglise_StGervais.jpg', '2020-05-18', 1, 724, NULL, 1),
(2043, 'Eglise_StAignan.jpg', '2020-05-18', 1, 725, NULL, 1),
(2044, 'Palacio_Dona_Chica.jpg', '2020-05-18', 0, 726, NULL, 1),
(2045, 'Palacio_Dona_Chica_STR.jpg', '2020-02-01', 1, 726, NULL, 2),
(2046, 'Rest_Montsanto.jpg', '2020-05-18', 0, 727, NULL, 1),
(2047, 'Rest_Montsanto_STR.jpg', '2020-02-01', 1, 727, NULL, 2),
(2048, 'Palacio_FontePipa.jpg', '2020-05-18', 1, 728, NULL, 1),
(2049, 'Termas_Cucos.jpg', '2020-05-18', 0, 729, NULL, 1),
(2050, 'Termas_Cucos_STR.jpg', '2009-01-01', 1, 729, NULL, 2),
(2051, 'Palacio_ReiLixo.jpg', '2020-05-18', 0, 730, NULL, 1),
(2052, 'Palacio_ReiLixo_STR.jpg', '2019-05-01', 1, 730, NULL, 2),
(2053, 'Convento_SaoFrancisco_Monte.jpg', '2020-05-18', 0, 731, NULL, 1),
(2054, 'Convento_SaoFrancisco_Monte_STR.jpg', '2019-07-01', 1, 731, NULL, 2),
(2055, 'Casa_Manuelina.jpg', '2020-05-18', 0, 732, NULL, 1),
(2056, 'Casa_Manuelina_STR.jpg', '2019-09-01', 1, 732, NULL, 2),
(2057, 'Convento_NossaSenhora_Desterro.jpg', '2020-05-18', 0, 733, NULL, 1),
(2058, 'Convento_NossaSenhora_Desterro_STR.jpg', '2019-07-01', 1, 733, NULL, 2),
(2059, 'Convento_Montfurado.jpg', '2020-05-18', 0, 734, NULL, 1),
(2060, 'Convento_Montfurado_STR.jpg', '2016-08-01', 1, 734, NULL, 2),
(2061, 'Palacete_PontePedra.jpg', '2020-05-18', 0, 735, NULL, 1),
(2062, 'Palacete_PontePedra_STR.jpg', '2019-09-01', 1, 735, NULL, 2),
(2063, 'Quinta_Duque.jpg', '2020-05-18', 0, 736, NULL, 1),
(2064, 'Quinta_Duque_STR.jpg', '2017-01-01', 1, 736, NULL, 2),
(2065, 'Palacete_RosaPena.jpg', '2020-05-18', 0, 737, NULL, 1),
(2066, 'Palacete_RosaPena_STR.jpg', '2019-10-01', 1, 737, NULL, 2),
(2067, 'Convento_SantaCruz_Trapa.jpg', '2020-05-18', 0, 738, NULL, 1),
(2068, 'Convento_SantaCruz_Trapa_STR.jpg', '2018-07-01', 1, 738, NULL, 2),
(2069, 'Palacio_Farrobo.jpg', '2020-05-18', 0, 739, NULL, 1),
(2070, 'Palacio_Farrobo_STR.jpg', '2009-12-01', 1, 739, NULL, 2),
(2071, 'Palacio_Midoes.jpg', '2020-05-18', 1, 740, NULL, 1),
(2072, 'Palacio_ObrasNovas.jpg', '2020-05-18', 1, 741, NULL, 1),
(2073, 'Companhia_Fiaào_Crestuma.jpg', '2020-05-18', 0, 742, NULL, 1),
(2074, 'Companhia_Fiaào_Crestuma_STR.jpg', '2010-09-01', 1, 742, NULL, 2),
(2075, 'Forte_NossaSenhora_Graça.jpg', '2020-05-18', 0, 743, NULL, 1),
(2076, 'Forte_NossaSenhora_Graça_STR.jpg', '2020-02-01', 1, 743, NULL, 2),
(2077, 'Villa_Sousa.jpg', '2020-05-18', 0, 744, NULL, 1),
(2078, 'Villa_Sousa_STR.jpg', '2018-09-01', 1, 744, NULL, 2),
(2079, 'Aqueduto_Amoreira.jpg', '2020-05-18', 0, 745, NULL, 1),
(2080, 'Aqueduto_Amoreira_STR.jpg', '2019-10-01', 1, 745, NULL, 2),
(2081, 'Usine_Caima.jpg', '2020-05-18', 1, 746, NULL, 1),
(2082, 'Convento_Montchique.jpg', '2020-05-18', 0, 747, NULL, 1),
(2083, 'Convento_Montchique_STR.jpg', '2019-01-01', 1, 747, NULL, 2),
(2084, 'Fabrica_Papel_Caima.jpg', '2020-05-18', 1, 748, NULL, 1),
(2085, 'Usine_Ponte_Vala.jpg', '2020-05-18', 0, 749, NULL, 1),
(2086, 'Usine_Ponte_Vala_STR.jpg', '2014-10-01', 1, 749, NULL, 2),
(2087, 'Fabrica_Papel_Matrena.jpg', '2020-05-18', 0, 750, NULL, 1),
(2088, 'Fabrica_Papel_Matrena_STR.jpg', '2019-09-01', 1, 750, NULL, 2),
(2089, 'Estaleiros_saoJacinto.jpg', '2020-05-18', 0, 751, NULL, 1),
(2090, 'Estaleiros_saoJacinto_STR.jpg', '2016-09-01', 1, 751, NULL, 2),
(2091, 'Fabrica_Cervejas_Combria.jpg', '2020-05-18', 1, 752, NULL, 1),
(2092, 'Fabrica_Cabos_Avila.jpg', '2020-05-18', 0, 753, NULL, 1),
(2093, 'Fabrica_Cabos_Avila_STR.jpg', '2019-10-01', 1, 753, NULL, 2),
(2094, 'Hotel_Foz_Serta.jpg', '2020-05-18', 0, 754, NULL, 1),
(2095, 'Hotel_Foz_Serta_jpg.jpg', '2014-10-01', 1, 754, NULL, 2),
(2096, 'Termas_Cro.jpg', '2020-05-18', 0, 755, NULL, 1),
(2097, 'Termas_Cro_STR.jpg', '2018-08-01', 1, 755, NULL, 2),
(2098, 'Quinta_Esteiro_Furado.jpg', '2020-05-18', 1, 756, NULL, 1),
(2099, 'Hotel_Muxito.jpg', '2020-05-18', 0, 757, NULL, 1),
(2100, 'Hotel_Muxito_STR.jpg', '2019-09-01', 1, 757, NULL, 2),
(2101, 'Palais_Regaleira.jpg', '2020-05-18', 1, 758, NULL, 1),
(2102, 'Quinta_Abelheira.jpg', '2020-05-18', 1, 759, NULL, 1),
(2103, 'Fabrica_Atanados.jpg', '2020-05-18', 0, 760, NULL, 1),
(2104, 'Fabrica_Atanados_STR.jpg', '2019-10-01', 1, 760, NULL, 2),
(2105, 'Quinta_Aquias.jpg', '2020-05-18', 0, 761, NULL, 1),
(2106, 'Quinta_Aquias_STR.jpg', '2015-07-01', 1, 761, NULL, 2),
(2107, 'Quinta_MonteCarmo.jpg', '2020-05-18', 1, 762, NULL, 1),
(2108, 'Sanatàrio_Albergaria_Grandella.jpg', '2020-05-18', 0, 763, NULL, 1),
(2109, 'Sanatàrio_Albergaria_Grandella_STR.jpg', '2018-01-01', 1, 763, NULL, 2),
(2110, 'Desportos_Nauticos.jpg', '2020-05-18', 0, 764, NULL, 1),
(2111, 'Desportos_Nauticos_STR.jpg', '2010-09-01', 1, 764, NULL, 2),
(2112, 'Foz_Sousa.jpg', '2020-05-18', 0, 765, NULL, 1),
(2113, 'Foz_Sousa_STR.jpg', '2018-05-01', 1, 765, NULL, 2),
(2114, 'Convento_Assunao.jpg', '2020-05-18', 0, 766, NULL, 1),
(2115, 'Convento_Assunao_STR.jpg', '2010-09-01', 1, 766, NULL, 2),
(2116, 'Fabrica_Ceramica_Rosa.jpg', '2020-05-18', 0, 767, NULL, 1),
(2117, 'Fabrica_Ceramica_Rosa_STR.jpg', '2015-01-01', 1, 767, NULL, 2),
(2118, 'Minas_Borralha.jpg', '2020-05-18', 0, 768, NULL, 1),
(2119, 'Minas_Borralha_STR.jpg', '2010-03-01', 1, 768, NULL, 2),
(2120, 'Mina_Esplanadal.jpg', '2020-05-18', 0, 769, NULL, 1),
(2121, 'Mina_Esplanadal_STR.jpg', '2014-08-01', 1, 769, NULL, 2),
(2122, 'Sanatorio_Louredo.jpg', '2020-05-18', 1, 770, NULL, 1),
(2123, 'Sanatorio_Valongo.jpg', '2020-05-18', 0, 771, NULL, 1),
(2124, 'Sanatorio_Valongo_STR.jpg', '2014-08-01', 1, 771, NULL, 2),
(2125, 'sanatorio_PresidenteCarmona.jpg', '2020-05-18', 1, 772, NULL, 1),
(2126, 'Solar_Montalvaes.jpg', '2020-05-18', 0, 773, NULL, 1),
(2127, 'Solar_Montalvaes_STR.jpg', '2009-09-01', 1, 773, NULL, 2),
(2128, 'Albergia_Pehna_Tejo.jpg', '2020-05-18', 0, 774, NULL, 1),
(2129, 'Albergia_Pehna_Tejo_STR.jpg', '2014-09-01', 1, 774, NULL, 2),
(2130, 'Aldeira_Safira.jpg', '2020-05-18', 1, 775, NULL, 1),
(2131, 'Fortaleza_Juromenha.jpg', '2020-05-18', 1, 776, NULL, 1),
(2132, 'Mina_SaoDomingo.jpg', '2020-05-18', 0, 777, NULL, 1),
(2133, 'Mina_SaoDomingo_STR.jpg', '2015-01-01', 1, 777, NULL, 2),
(2134, 'Bureau_Ligus.jpg', '2020-05-18', 0, 778, NULL, 1),
(2135, 'Bureau_Ligus_STR.jpg', '2019-10-01', 1, 778, NULL, 2),
(2136, 'Usine_Lisieux.jpg', '2020-05-18', 0, 779, NULL, 1),
(2137, 'Usine_Lisieux_STR.jpg', '2017-09-01', 1, 779, NULL, 2),
(2138, 'Ch_Nuages.jpg', '2020-05-18', 1, 780, NULL, 1),
(2139, 'Manoir_Trefeuntec.jpg', '2020-05-18', 1, 781, NULL, 1),
(2140, 'Ile_Tristan.jpg', '2020-05-18', 1, 782, NULL, 1),
(2141, 'Chapelle_StVenec.jpg', '2020-05-18', 0, 783, NULL, 1),
(2142, 'Chapelle_StVenec_STR.jpg', '2011-04-01', 1, 783, NULL, 2),
(2143, 'Abbaye_StMaurice.jpg', '2020-05-18', 1, 784, NULL, 1),
(2144, 'Chapelle_Lochrist.jpg', '2020-05-18', 1, 785, NULL, 1),
(2146, 'Ch_Trevarez.jpg', '2020-05-18', 1, 787, NULL, 1),
(2147, 'Manoir_Keriochiou.jpg', '2020-05-18', 1, 788, NULL, 1),
(2148, 'Maison_Mauzac.jpg', '2020-05-18', 1, 789, NULL, 1),
(2149, 'Hotel_StLaurent.jpg', '2020-05-18', 1, 790, NULL, 1),
(2150, 'Chapelle_Rabalot.jpg', '2020-05-18', 1, 791, NULL, 1),
(2151, 'Chapelle_MaryReid.jpg', '2020-05-18', 0, 792, NULL, 1),
(2152, 'Chapelle_MaryReid_STR.jpg', '2013-08-01', 1, 792, NULL, 2),
(2153, 'Maison_Cenac.jpg', '2020-05-18', 1, 793, NULL, 1),
(2154, 'Ch_Ferron.jpg', '2020-05-18', 1, 794, NULL, 1),
(2155, 'Ch_Fontirou.jpg', '2020-05-18', 1, 795, NULL, 1),
(2156, 'Ch_Fantin.jpg', '2020-05-18', 1, 796, NULL, 1),
(2157, 'Ch_Morin.jpg', '2020-05-18', 1, 797, NULL, 1),
(2158, 'Ch_Artigueres.jpg', '2020-05-18', 1, 798, NULL, 1),
(2159, 'Ch_Jovelle.jpg', '2020-05-18', 1, 799, NULL, 1),
(2160, 'Ch_Montrollet.jpg', '2020-05-18', 1, 800, NULL, 1),
(2161, 'Ch_Puycharnaud.jpg', '2020-05-18', 1, 801, NULL, 1),
(2162, 'Chapelle_Laudonie.jpg', '2020-05-18', 1, 802, NULL, 1),
(2163, 'Ch_Neuvillard.jpg', '2020-05-18', 1, 803, NULL, 1),
(2164, 'Ch_Montlebeau.jpg', '2020-05-18', 1, 804, NULL, 1),
(2165, 'Ch_AgeSeigneur.jpg', '2020-05-18', 1, 805, NULL, 1),
(2166, 'Ch_Theil.jpg', '2020-05-18', 1, 806, NULL, 1),
(2167, 'Ch_Montpinier.jpg', '2020-05-18', 1, 807, NULL, 1),
(2168, 'Ch_Bousquetarie.jpg', '2020-05-18', 1, 808, NULL, 1),
(2169, 'Chapelle_Salies_Salat.jpg', '2020-05-18', 1, 809, NULL, 1),
(2170, 'Ch_Griffolet.jpg', '2020-05-18', 1, 810, NULL, 1),
(2171, 'Bains_Sylvanes.jpg', '2020-05-18', 1, 811, NULL, 1),
(2172, 'Mines_Vaulry.jpg', '2020-05-18', 1, 812, NULL, 1),
(2173, 'Clinique_SteMarie.jpg', '2020-05-18', 1, 813, NULL, 1),
(2174, 'Hippodrome_Ris.jpg', '2020-05-18', 1, 814, NULL, 1),
(2175, 'Ch_Montjean.jpg', '2020-05-18', 1, 815, NULL, 1),
(2176, 'Cim_Cadillac.jpg', '2020-05-18', 1, 816, NULL, 1),
(2177, 'College_Juilly.jpg', '2020-05-18', 1, 817, NULL, 1),
(2178, 'Fermes_Rille.jpg', '2020-05-18', 1, 818, NULL, 1),
(2179, 'Four_Chaux_GdPressigny.jpg', '2020-05-18', 1, 819, NULL, 1),
(2180, 'Annaye_Boschaud.jpg', '2020-05-18', 1, 820, NULL, 1),
(2181, 'Ch_Tauzia.jpg', '2020-05-18', 1, 821, NULL, 1),
(2182, 'Chapelle_Farsac.jpg', '2020-05-18', 1, 822, NULL, 1),
(2183, 'Maison_Keller.jpg', '2020-05-18', 1, 823, NULL, 1),
(2184, 'Filature_Harmel.jpg', '2020-05-18', 1, 824, NULL, 1),
(2185, 'Papeterie_Gromelle.jpg', '2020-05-18', 1, 825, NULL, 1),
(2186, 'Papeterie_Renage.jpg', '2020-05-18', 1, 826, NULL, 1),
(2187, 'GdeFabrique.jpg', '2020-05-18', 1, 827, NULL, 1),
(2188, 'Papeterie_FirminDidot.jpg', '2020-05-18', 1, 828, NULL, 1),
(2189, 'Usine_Montfourrat.jpg', '2020-05-18', 1, 829, NULL, 1),
(2190, 'Papault.jpg', '2020-05-18', 1, 830, NULL, 1),
(2191, 'Proxel.jpg', '2020-05-18', 1, 831, NULL, 1),
(2192, 'Hotel_StCyprien.jpg', '2020-05-18', 1, 832, NULL, 1),
(2193, 'Manoir_HtesCour.jpg', '2020-05-18', 1, 833, NULL, 1),
(2194, 'Manoir_Brandelles.jpg', '2020-05-18', 1, 834, NULL, 1),
(2195, 'InterBeton.jpg', '2020-05-18', 1, 835, NULL, 1),
(2196, 'Charbonnage_Sauwartan.jpg', '2020-05-18', 1, 836, NULL, 1),
(2197, 'Moulin_Quinard.jpg', '2020-05-18', 0, 837, NULL, 1),
(2198, 'Moulin_Quinard/DSC06438-HDR.jpg', '2018-11-01', 0, 837, 1, 3),
(2199, 'Moulin_Quinard/DSC06447-HDR.jpg', '2018-11-01', 0, 837, 1, 3),
(2200, 'Moulin_Quinard/DSC06453-HDR.jpg', '2018-11-01', 0, 837, 1, 3),
(2201, 'Moulin_Quinard/DSC06456-HDR.jpg', '2018-11-01', 0, 837, 1, 3),
(2202, 'Moulin_Quinard/DSC06459-HDR.jpg', '2018-11-01', 1, 837, 1, 3),
(2203, 'Colrad.jpg', '2020-05-18', 1, 838, NULL, 1),
(2204, 'Base_Chateaudun.jpg', '2020-05-18', 1, 839, NULL, 1),
(2205, 'Eglise_StVaast.jpg', '2020-05-18', 1, 840, NULL, 1),
(2206, 'Gare_Hombourg.jpg', '2020-05-18', 1, 841, NULL, 1),
(2207, 'Filature_Boussac.jpg', '2020-05-18', 1, 842, NULL, 1),
(2208, 'Gare_Maritime_Boulogne.jpg', '2020-05-18', 1, 843, NULL, 1),
(2209, 'Piscine_Solvay.jpg', '2020-05-18', 1, 844, NULL, 1),
(2210, 'Centrale_OxyLiqu.jpg', '2020-05-18', 1, 845, NULL, 1),
(2211, 'ECVB.jpg', '2020-05-18', 1, 846, NULL, 1),
(2212, 'LostMig.jpg', '2020-05-18', 1, 847, NULL, 1),
(2213, 'Gare_Voroux.jpg', '2020-05-18', 1, 848, NULL, 1),
(2214, 'Couvent_AgnusDei.jpg', '2020-05-18', 1, 849, NULL, 1),
(2215, 'Lavoir_Roton.jpg', '2020-05-18', 1, 850, NULL, 1),
(2216, 'Fort_Suarlee.jpg', '2020-05-18', 1, 851, NULL, 1),
(2217, 'Fort_Cognelee.jpg', '2020-05-18', 1, 852, NULL, 1),
(2218, 'Fort_Laniscourt.jpg', '2020-05-18', 1, 853, NULL, 1),
(2219, 'Prieure_Amay.jpg', '2020-05-18', 1, 854, NULL, 1),
(2220, 'Aerotrain_Orleans.jpg', '2020-05-18', 1, 855, NULL, 1),
(2221, 'Cegram.jpg', '2020-05-18', 1, 856, NULL, 1),
(2222, 'Acierie_Certal.jpg', '2020-05-18', 1, 857, NULL, 1),
(2223, 'Terres_Rouges.jpg', '2020-05-18', 1, 858, NULL, 1),
(2224, 'Tour_StAlbert.jpg', '2020-05-18', 1, 859, NULL, 1),
(2225, 'Usine_VieilleMontagne.jpg', '2020-05-18', 1, 860, NULL, 1),
(2226, 'Maison_StCyr.jpg', '2020-05-18', 1, 861, NULL, 1),
(2227, 'Station_Phy_Chimie.jpg', '2020-05-18', 1, 862, NULL, 1),
(2228, 'Laminoir_Longtain.jpg', '2020-05-18', 1, 863, NULL, 1),
(2229, 'Cimenteries_Delwart.jpg', '2020-05-18', 1, 864, NULL, 1),
(2230, 'Char_Biville_1.jpg', '2020-05-18', 1, 865, NULL, 1),
(2231, 'Char_Biville_1.jpg', '2020-05-18', 1, 866, NULL, 1),
(2232, 'Char_Biville_1.jpg', '2020-05-18', 1, 867, NULL, 1),
(2233, 'Char_Biville_1.jpg', '2020-05-18', 1, 868, NULL, 1),
(2234, 'Char_Biville_1.jpg', '2020-05-18', 1, 869, NULL, 1),
(2235, 'Char_Biville_1.jpg', '2020-05-18', 1, 870, NULL, 1),
(2236, 'Char_Biville_1.jpg', '2020-05-18', 1, 871, NULL, 1),
(2237, 'Char_Biville_1.jpg', '2020-05-18', 1, 872, NULL, 1),
(2238, 'Cimetiere_Fous.jpg', '2020-05-18', 1, 873, NULL, 1),
(2239, 'Avion_Perpignan.jpg', '2020-05-18', 1, 874, NULL, 1),
(2240, 'Avion_Cerbere.jpg', '2020-05-18', 1, 875, NULL, 1),
(2241, 'Avion_Deols.jpg', '2020-05-18', 1, 876, NULL, 1),
(2242, 'Avion_BA104.jpg', '2020-05-18', 1, 877, NULL, 1),
(2243, 'Avion_Persan.jpg', '2020-05-18', 1, 878, NULL, 1),
(2244, 'Ailes_Anciennes.jpg', '2020-05-18', 1, 879, NULL, 1),
(2245, 'Avion_BA110.jpg', '2020-05-18', 1, 880, NULL, 1),
(2246, 'Avion_AeroVannes.jpg', '2020-05-18', 1, 881, NULL, 1),
(2247, 'Avion_Vannes/DSC09337-HDR.jpg', '2018-12-01', 0, 881, 1, 3),
(2248, 'Avion_Vannes/DSC09355-HDR.jpg', '2018-12-01', 0, 881, 1, 3),
(2249, 'Avion_Vannes/DSC09364-HDR.jpg', '2018-12-01', 1, 881, 1, 3),
(2250, 'Avion_Vannes/DSC09370-HDR.jpg', '2018-12-01', 0, 881, 1, 3),
(2251, 'Avion_Vannes/DSC09373-HDR.jpg', '2018-12-01', 0, 881, 1, 3),
(2252, 'Avion_Vannes/DSC09397-HDR.jpg', '2018-12-01', 0, 881, 1, 3),
(2253, 'Avion_Vannes/DSC09400-HDR.jpg', '2018-12-01', 0, 881, 1, 3),
(2254, 'Avion_Vannes/DSC09426-HDR.jpg', '2018-12-01', 0, 881, 1, 3),
(2255, 'Avion_Vannes/DSC09432-HDR.jpg', '2018-12-01', 0, 881, 1, 3),
(2256, 'Avion_Vannes/DSC09435-HDR.jpg', '2018-12-01', 0, 881, 1, 3),
(2257, 'Avion_Vannes/DSC09438-HDR.jpg', '2018-12-01', 0, 881, 1, 3),
(2258, 'Avions_Rivesaltes.jpg', '2018-12-01', 1, 882, 1, 3),
(2259, 'Gallion.jpg', '2020-05-18', 1, 883, NULL, 1),
(2260, 'Couvent_Minimes.jpg', '2020-05-18', 1, 884, NULL, 1),
(2261, 'Traction_Sud.jpg', '2020-05-18', 1, 885, NULL, 1),
(2262, 'HF4.jpg', '2020-05-18', 1, 886, NULL, 1),
(2263, 'Brasserie_Bavery.jpg', '2020-05-18', 1, 887, NULL, 1),
(2264, 'Abattoirs_Verviers.jpg', '2020-05-18', 1, 888, NULL, 1),
(2265, 'Ch_Cheratte.jpg', '2020-05-18', 1, 889, NULL, 1),
(2266, 'Acieries_Meuse.jpg', '2020-05-18', 1, 890, NULL, 1),
(2267, 'Crypte_Belgrade.jpg', '2020-05-18', 1, 891, NULL, 1),
(2268, 'DC4.jpg', '2020-05-18', 1, 892, NULL, 1),
(2269, 'Boeing707.jpg', '2020-05-18', 1, 893, NULL, 1),
(2270, 'Akers.jpg', '2020-05-18', 1, 894, NULL, 1),
(2271, 'GdTheatre_Verviers.jpg', '2020-05-18', 1, 895, NULL, 1),
(2272, 'Maison_CharlesTrenet.jpg', '2020-05-18', 1, 896, NULL, 1),
(2273, 'OrientExpress.jpg', '2020-05-18', 1, 897, NULL, 1),
(2274, 'Filature_Impressionante.jpg', '2020-05-18', 1, 898, NULL, 1),
(2275, 'Liqueur_Grammont.jpg', '2020-05-18', 1, 899, NULL, 1),
(2276, 'Villa_Viktoriastift.jpg', '2020-05-18', 1, 900, NULL, 1),
(2277, 'Villa_Sint_Marie.jpg', '2020-05-18', 1, 901, NULL, 1),
(2278, 'EcoleH.jpg', '2020-05-18', 1, 902, NULL, 1),
(2279, 'Ateliers_Decor.jpg', '2020-05-18', 1, 903, NULL, 1),
(2280, 'ACDS.jpg', '2020-05-18', 1, 904, NULL, 1),
(2281, 'Hotel_Dieu.jpg', '2020-05-18', 1, 905, NULL, 1),
(2282, 'Hotel_Seigliere.jpg', '2020-05-18', 1, 906, NULL, 1),
(2283, 'Hotel_Beausejour.jpg', '2020-05-18', 1, 907, NULL, 1),
(2284, 'Hotel_Charentais.jpg', '2020-05-18', 1, 908, NULL, 1),
(2285, 'Usine_Alger.jpg', '2020-05-18', 1, 909, NULL, 1),
(2286, 'Ch_Vandamme.jpg', '2020-05-18', 1, 910, NULL, 1),
(2287, 'Ferme_Betz.jpg', '2020-05-18', 1, 911, NULL, 1),
(2288, 'Ch_Bezards.jpg', '2020-05-18', 1, 912, NULL, 1),
(2289, 'Manoir_Satis.jpg', '2020-05-18', 1, 913, NULL, 1),
(2290, 'Maison_Tivoli.jpg', '2020-05-18', 1, 914, NULL, 1),
(2291, 'Maison_Sinjoierie.jpg', '2020-05-18', 1, 915, NULL, 1),
(2292, 'Maison_Reuilles.jpg', '2020-05-18', 1, 916, NULL, 1),
(2293, 'Maison_Vignou.jpg', '2020-05-18', 1, 917, NULL, 1),
(2294, 'Ferme_Voizere.jpg', '2020-05-18', 1, 918, NULL, 1),
(2295, 'Chapelle_Argenson.jpg', '2020-05-18', 1, 919, NULL, 1),
(2296, 'Ferme_Epinette.jpg', '2020-05-18', 1, 920, NULL, 1),
(2297, 'Ferme_Poterie.jpg', '2020-05-18', 1, 921, NULL, 1),
(2298, 'Maison_Siaudiere.jpg', '2020-05-18', 1, 922, NULL, 1),
(2299, 'Maison_Rabot.jpg', '2020-05-18', 1, 923, NULL, 1),
(2300, 'Maison_Alger.jpg', '2020-05-18', 1, 924, NULL, 1),
(2301, 'Vallee_Vere.jpg', '2020-05-18', 1, 925, NULL, 1),
(2302, 'Ch_PetitChevincourt.jpg', '2020-05-18', 1, 926, NULL, 1),
(2303, 'LaGreugne.jpg', '2020-05-18', 1, 927, NULL, 1),
(2304, 'Maison_Couleuvre.jpg', '2020-05-18', 0, 928, NULL, 1),
(2305, 'Maison_Couleuvre/DSC01020-HDR.jpg', '2019-04-01', 1, 928, 1, 3),
(2306, 'Maison_Couleuvre/DSC01041-HDR.jpg', '2019-04-01', 0, 928, 1, 3),
(2307, 'Maison_Couleuvre/DSC01048.jpg', '2019-04-01', 0, 928, 1, 3),
(2308, 'Maison_Couleuvre/DSC01058.jpg', '2019-04-01', 0, 928, 1, 3),
(2309, 'Maison_Couleuvre/DSC01078-HDR.jpg', '2019-04-01', 0, 928, 1, 3),
(2310, 'Maison_Couleuvre/DSC01081-HDR.jpg', '2019-04-01', 0, 928, 1, 3),
(2311, 'Maison_Couleuvre/DSC01090-HDR.jpg', '2019-04-01', 0, 928, 1, 3),
(2312, 'Maison_Couleuvre/DSC07437.jpg', '2019-04-01', 0, 928, 1, 3),
(2313, 'Maison_Couleuvre/DSC07442.jpg', '2019-04-01', 0, 928, 1, 3),
(2314, 'Maison_Couleuvre/DSC07445.jpg', '2019-04-01', 0, 928, 1, 3),
(2315, 'Maison_Couleuvre/DSC07464.jpg', '2019-04-01', 0, 928, 1, 3),
(2316, 'Maison_Couleuvre/DSC07475.jpg', '2019-04-01', 0, 928, 1, 3),
(2317, 'Ecole_Lumiere.jpg', '2020-05-18', 0, 929, NULL, 1),
(2318, 'Ecole_Lumiere/DSC09751-HDR.jpg', '2018-12-01', 0, 929, 1, 3),
(2319, 'Ecole_Lumiere/DSC09766-HDR.jpg', '2018-12-01', 0, 929, 1, 3),
(2320, 'Ecole_Lumiere/DSC09781-HDR.jpg', '2018-12-01', 0, 929, 1, 3),
(2321, 'Ecole_Lumiere/DSC09790-HDR.jpg', '2018-12-01', 0, 929, 1, 3),
(2322, 'Ecole_Lumiere/DSC09802-HDR.jpg', '2018-12-01', 1, 929, 1, 3),
(2323, 'Ecole_Lumiere/DSC09805-HDR.jpg', '2018-12-01', 0, 929, 1, 3),
(2324, 'Ecole_Lumiere/DSC09811-HDR.jpg', '2018-12-01', 0, 929, 1, 3),
(2325, 'Ecole_Lumiere/DSC09838-HDR.jpg', '2018-12-01', 0, 929, 1, 3),
(2326, 'Ecole_Lumiere/DSC09841-HDR.jpg', '2018-12-01', 0, 929, 1, 3),
(2327, 'Ecole_Lumiere/DSC09874-HDR.jpg', '2018-12-01', 0, 929, 1, 3),
(2328, 'Ecole_Lumiere/DSC09877-HDR.jpg', '2018-12-01', 0, 929, 1, 3),
(2329, 'Ecole_Lumiere/DSC09892-HDR.jpg', '2018-12-01', 0, 929, 1, 3),
(2330, 'Ecole_Lumiere/DSC09928-HDR.jpg', '2018-12-01', 0, 929, 1, 3),
(2331, 'Ecole_Lumiere/DSC09943-HDR.jpg', '2018-12-01', 0, 929, 1, 3),
(2332, 'Ecole_Lumiere/DSC09952-HDR.jpg', '2018-12-01', 0, 929, 1, 3),
(2333, 'Ecole_Lumiere/DSC09967-HDR.jpg', '2018-12-01', 0, 929, 1, 3),
(2334, 'Bat_Queven.jpg', '2020-05-18', 0, 930, NULL, 1),
(2335, 'Bat_Queven/DSC00185-HDR.jpg', '2018-12-01', 0, 930, 1, 3),
(2336, 'Bat_Queven/DSC00188-HDR.jpg', '2018-12-01', 0, 930, 1, 3),
(2337, 'Bat_Queven/DSC00197-HDR.jpg', '2018-12-01', 1, 930, 1, 3),
(2338, 'Bat_Queven/DSC00212-HDR.jpg', '2018-12-01', 0, 930, 1, 3),
(2339, 'Bat_Queven/DSC00227-HDR.jpg', '2018-12-01', 0, 930, 1, 3),
(2340, 'Eglise_Quimerch.jpg', '2020-05-18', 1, 931, NULL, 1),
(2341, 'Maison_Divette.jpg', '2020-05-18', 1, 932, NULL, 1),
(2342, 'Usine_Divette.jpg', '2020-05-18', 1, 933, NULL, 1),
(2343, 'Manoir_Ortiere.jpg', '2020-05-18', 0, 934, NULL, 1),
(2344, 'Manoir_Ortiere/DSC01493-HDR.jpg', '2019-04-01', 0, 934, 1, 3),
(2345, 'Manoir_Ortiere/DSC01498-HDR.jpg', '2019-04-01', 0, 934, 1, 3),
(2346, 'Manoir_Ortiere/DSC01510-HDR.jpg', '2019-04-01', 0, 934, 1, 3),
(2347, 'Manoir_Ortiere/DSC01514-HDR.jpg', '2019-04-01', 0, 934, 1, 3),
(2348, 'Manoir_Ortiere/DSC01517-HDR.jpg', '2019-04-01', 1, 934, 1, 3),
(2349, 'Manoir_Ortiere/DSC01523.jpg', '2019-04-01', 0, 934, 1, 3),
(2350, 'Wysteria.jpg', '2020-05-18', 1, 935, NULL, 1),
(2351, 'DGA.jpg', '2020-05-18', 1, 936, NULL, 1),
(2352, 'Hotel_Papin.jpg', '2020-05-18', 1, 937, NULL, 1),
(2353, 'Moulin_Naudin.jpg', '2020-05-18', 1, 938, NULL, 1),
(2354, 'Usine_Fenouillet.jpg', '2020-05-18', 1, 939, NULL, 1),
(2355, 'Sanatorium_StPons.jpg', '2020-05-18', 1, 940, NULL, 1),
(2356, 'Maison_Fenouillet.jpg', '2020-05-18', 1, 941, NULL, 1),
(2357, 'Bonna_Sabla.jpg', '2020-05-18', 1, 942, NULL, 1),
(2358, 'Maison_Anche.jpg', '2020-05-18', 1, 943, NULL, 1),
(2359, 'Manoir_Huismes.jpg', '2020-05-18', 1, 944, NULL, 1),
(2360, 'Ferme_Coutiniere.jpg', '2020-05-18', 1, 945, NULL, 1),
(2362, 'Manoir_Beauvais.jpg', '2020-05-18', 1, 947, NULL, 1),
(2363, 'Maison_Chezelles.jpg', '2020-05-18', 1, 948, NULL, 1),
(2364, 'Ch_Paviers.jpg', '2020-05-18', 1, 949, NULL, 1),
(2365, 'Helico_Villeperdue.jpg', '2020-05-18', 1, 950, NULL, 1),
(2366, 'Manoir_Scavenger.jpg', '2020-05-18', 1, 951, NULL, 1),
(2367, 'Manoir_Cande.jpg', '2020-05-18', 1, 952, NULL, 1),
(2368, 'Manoir_Luble.jpg', '2020-05-18', 1, 953, NULL, 1),
(2369, 'Maison_Brocanteur.jpg', '2020-05-18', 1, 954, NULL, 1),
(2370, 'Ch_Corbeville.jpg', '2020-05-18', 1, 955, NULL, 1),
(2371, 'Maison_Chinon.jpg', '2020-05-18', 1, 956, NULL, 1),
(2372, 'Orphelinat_LaRonce.jpg', '2020-05-18', 1, 957, NULL, 1),
(2373, 'Ch_Celeste.jpg', '2020-05-18', 1, 958, NULL, 1),
(2374, 'Crossroad_Mansion.jpg', '2020-05-18', 1, 959, NULL, 1),
(2375, 'House_Ilot.jpg', '2020-05-18', 1, 960, NULL, 1),
(2377, 'AlMachina.jpg', '2020-05-18', 1, 962, NULL, 1),
(2378, 'Ch_Effondre.jpg', '2020-05-18', 1, 963, NULL, 1),
(2379, 'Ch_Bataille.jpg', '2020-05-18', 1, 964, NULL, 1),
(2380, 'Abandonned_Pool.jpg', '2020-05-18', 1, 965, NULL, 1),
(2381, 'Ch_FeeMiracle.jpg', '2020-05-18', 1, 966, NULL, 1),
(2382, 'Complexe_Usine.jpg', '2020-05-18', 1, 967, NULL, 1),
(2384, 'Acquarium.jpg', '2020-05-18', 1, 969, NULL, 1),
(2385, 'Mafia_Hotel.jpg', '2020-05-18', 1, 970, NULL, 1),
(2386, 'Longere_Top4.jpg', '2020-05-18', 1, 971, NULL, 1),
(2387, 'Maison_Oubliee.jpg', '2020-05-18', 1, 972, NULL, 1),
(2388, 'Maison_Maman.jpg', '2020-05-18', 1, 973, NULL, 1),
(2389, 'PlatformW.jpg', '2020-05-18', 1, 974, NULL, 1),
(2390, 'DataCenter.jpg', '2020-05-18', 1, 975, NULL, 1),
(2391, 'Ch_Montees.jpg', '2020-05-18', 1, 976, NULL, 1),
(2392, 'Maison_Mercedes.jpg', '2020-05-18', 1, 977, NULL, 1),
(2393, 'Maison_Prof.jpg', '2020-05-18', 1, 978, NULL, 1),
(2394, 'Maison_TwoCars.jpg', '2020-05-18', 1, 979, NULL, 1),
(2395, 'Couverture65.jpg', '2020-05-18', 1, 980, NULL, 1),
(2396, 'Maison_Ernie.jpg', '2020-05-18', 1, 981, NULL, 1),
(2397, 'CubeProp.jpg', '2020-05-18', 1, 982, NULL, 1),
(2398, 'JardinReine.jpg', '2020-05-18', 1, 983, NULL, 1),
(2399, 'Ch_Anglois.jpg', '2020-05-18', 1, 984, NULL, 1),
(2400, 'Longere_Top2.jpg', '2020-05-18', 1, 985, NULL, 1),
(2401, 'Longere_Top.jpg', '2020-05-18', 1, 986, NULL, 1),
(2402, 'Maison_FinQuartier.jpg', '2020-05-18', 1, 987, NULL, 1),
(2403, 'Maison_Insert.jpg', '2020-05-18', 1, 988, NULL, 1),
(2404, 'Maison_Coorp.jpg', '2020-05-18', 1, 989, NULL, 1),
(2405, 'Maison_Noire.jpg', '2020-05-18', 1, 990, NULL, 1),
(2406, 'Maison_Rentier.jpg', '2020-05-18', 1, 991, NULL, 1),
(2407, 'Ferme_Fusils.jpg', '2020-05-18', 1, 992, NULL, 1),
(2408, 'Maison_Seule.jpg', '2020-05-18', 1, 993, NULL, 1),
(2409, 'Longere_Top3.jpg', '2020-05-18', 1, 994, NULL, 1),
(2410, 'Maison_PiscineArboree.jpg', '2020-05-18', 1, 995, NULL, 1),
(2411, 'Maison_Regard.jpg', '2020-05-18', 1, 996, NULL, 1),
(2412, 'Isle_Forte.jpg', '2020-05-18', 1, 997, NULL, 1),
(2413, 'Maison_Payabi.jpg', '2020-05-18', 1, 998, NULL, 1),
(2414, 'Maison_Pingont.jpg', '2020-05-18', 1, 999, NULL, 1),
(2415, 'Coorp_Chateau.jpg', '2020-05-18', 1, 1000, NULL, 1),
(2416, 'Demeure_Clown.jpg', '2020-05-18', 1, 1001, NULL, 1),
(2417, 'AlEntrepia.jpg', '2020-05-18', 1, 1002, NULL, 1),
(2418, 'AlizoChemical.jpg', '2020-05-18', 1, 1003, NULL, 1),
(2419, 'Ch_Escrignelles.jpg', '2020-05-18', 1, 1004, NULL, 1),
(2420, 'Maison_Singes.jpg', '2020-05-18', 1, 1005, NULL, 1),
(2421, 'Ch_Vierge.jpg', '2020-05-18', 1, 1006, NULL, 1),
(2422, 'Maison_Gride.jpg', '2020-05-18', 1, 1007, NULL, 1),
(2423, 'Fort_Ruines.jpg', '2020-05-18', 1, 1008, NULL, 1),
(2424, 'Moulin_StTient.jpg', '2020-05-18', 1, 1009, NULL, 1),
(2425, 'Village_Chateau.jpg', '2020-05-18', 1, 1010, NULL, 1),
(2426, 'Maison_Christ.jpg', '2020-05-18', 1, 1011, NULL, 1),
(2427, 'Usine_Gatinais_2.jpg', '2020-05-18', 1, 1012, NULL, 1),
(2428, 'Usine_Gatinais.jpg', '2020-05-18', 1, 1013, NULL, 1),
(2429, 'Maison_Viloy.jpg', '2020-05-18', 1, 1014, NULL, 1),
(2430, 'Militaria_School.jpg', '2020-05-18', 1, 1015, NULL, 1),
(2431, 'Maison_V_Express.jpg', '2020-05-18', 1, 1016, NULL, 1),
(2432, 'Maison_Mandeur.jpg', '2020-05-18', 1, 1017, NULL, 1),
(2433, 'Usine_Loing.jpg', '2020-05-18', 1, 1018, NULL, 1),
(2434, 'Moulin_Papier.jpg', '2020-05-18', 1, 1019, NULL, 1),
(2435, 'AlUsine_1.jpg', '2020-05-18', 1, 1020, NULL, 1),
(2436, 'Maison_Ds_Loire.jpg', '2020-05-18', 1, 1021, NULL, 1),
(2437, 'Moulin_Luxe.jpg', '2020-05-18', 1, 1022, NULL, 1),
(2438, 'Moulin_Cellettes.jpg', '2020-05-18', 1, 1023, NULL, 1),
(2439, 'Fort_LaLatte.jpg', '2020-05-18', 1, 1024, NULL, 1),
(2440, 'Chapelle_ND_Bequerel.jpg', '2020-05-18', 0, 1025, NULL, 1),
(2441, 'Chapelle_ND_Bequerel/DSC08869-HDR.jpg', '2018-12-01', 0, 1025, 1, 3),
(2442, 'Chapelle_ND_Bequerel/DSC08878-HDR.jpg', '2018-12-01', 1, 1025, 1, 3),
(2443, 'Chapelle_ND_Bequerel/DSC08884-HDR.jpg', '2018-12-01', 0, 1025, 1, 3),
(2444, 'Chapelle_ND_Bequerel/DSC08887-HDR.jpg', '2018-12-01', 0, 1025, 1, 3),
(2445, 'Chapelle_ND_Bequerel/DSC08896-HDR.jpg', '2018-12-01', 0, 1025, 1, 3),
(2446, 'Chapelle_Trescouet.jpg', '2020-05-18', 0, 1026, NULL, 1),
(2447, 'Chapelle_Trescouet/DSC00017-HDR.jpg', '2018-12-01', 1, 1026, 1, 3),
(2448, 'Chapelle_Trescouet/DSC00020-HDR.jpg', '2018-12-01', 0, 1026, 1, 3),
(2449, 'Chapelle_Trescouet/DSC00042-HDR.jpg', '2018-12-01', 0, 1026, 1, 3),
(2450, 'Chapelle_ND_Verite.jpg', '2020-05-18', 0, 1027, NULL, 1),
(2451, 'Chapelle_ND_Verite/DSC00057-HDR.jpg', '2018-12-01', 0, 1027, 1, 3),
(2452, 'Chapelle_ND_Verite/DSC00075-HDR.jpg', '2018-12-01', 1, 1027, 1, 3),
(2453, 'Chapelle_ND_Verite/DSC00102-HDR.jpg', '2018-12-01', 0, 1027, 1, 3),
(2455, 'Forteresse_Largouet.jpg', '2020-05-18', 1, 1029, NULL, 1),
(2456, 'Chapelle_ND_Burgo.jpg', '2020-05-18', 1, 1030, NULL, 1),
(2457, 'Chapelle_StGuthiern.jpg', '2020-05-18', 1, 1031, NULL, 1),
(2458, 'Chapelle_Locmaria.jpg', '2020-05-18', 1, 1032, NULL, 1),
(2459, 'Chapelle_StClaude.jpg', '2020-05-18', 1, 1033, NULL, 1),
(2460, 'Chapelle_ND_Locadour.jpg', '2020-05-18', 1, 1034, NULL, 1),
(2461, 'Chapelle_ND_Locadour/DSC09542-HDR.jpg', '2018-12-01', 0, 1034, 1, 3),
(2462, 'Chapelle_ND_Locadour/DSC09557-HDR.jpg', '2018-12-01', 0, 1034, 1, 3),
(2463, 'Chapelle_ND_Locadour/DSC09563-HDR.jpg', '2018-12-01', 0, 1034, 1, 3),
(2464, 'Chapelle_ND_Locadour/DSC09584-HDR.jpg', '2018-12-01', 0, 1034, 1, 3),
(2465, 'Manoir_PlessisRebours.jpg', '2020-05-18', 1, 1035, NULL, 1),
(2466, 'Chapelle_ND_Gelhouit.jpg', '2020-05-18', 1, 1036, NULL, 1),
(2467, 'Chapelle_StGuen.jpg', '2020-05-18', 1, 1037, NULL, 1),
(2468, 'Chapelle_Locmaria_2.jpg', '2020-05-18', 1, 1038, NULL, 1),
(2469, 'Ch_Anzeray.jpg', '2020-05-18', 1, 1039, NULL, 1);
INSERT INTO `image` (`id`, `name`, `date_taken`, `is_front`, `marker_id`, `user_id`, `image_type_id`) VALUES
(2470, 'Chapelle_Pelotes.jpg', '2020-05-18', 1, 1040, NULL, 1),
(2471, 'Ch_Boucs.jpg', '2020-05-18', 1, 1041, NULL, 1),
(2472, 'Ch_Tancarville.jpg', '2020-05-18', 1, 1042, NULL, 1),
(2473, 'Ch_SaintSixte.jpg', '2020-05-18', 1, 1043, NULL, 1),
(2474, 'LaFousillere.jpg', '2020-05-18', 1, 1044, NULL, 1),
(2475, 'Ch_DuMoulin.jpg', '2020-05-18', 1, 1045, NULL, 1),
(2476, 'Prieure_Bonhommes.jpg', '2020-05-18', 1, 1046, NULL, 1),
(2481, 'Ch_Ablancourt.jpg', '2020-05-18', 1, 1051, NULL, 1),
(2482, 'Ch_Marcadet.jpg', '2020-05-18', 1, 1052, NULL, 1),
(2483, 'Manoir_Horie.jpg', '2020-05-18', 1, 1053, NULL, 1),
(2485, 'Eglise_StPierreAuxLiens.jpg', '2020-05-18', 1, 1055, NULL, 1),
(2486, 'Eglise_ND_Elan.jpg', '2020-05-18', 1, 1056, NULL, 1),
(2487, 'Ch_Labatut.jpg', '2020-05-18', 1, 1057, NULL, 1),
(2488, 'Chateau_Gonneville.jpg', '2020-05-18', 1, 1058, NULL, 1),
(2489, 'Hangar_Dirigeable.jpg', '2020-05-18', 1, 1059, NULL, 1),
(2490, 'Abbaye_Loroy.jpg', '2020-05-18', 1, 1060, NULL, 1),
(2491, 'Ch_Serrigny.jpg', '2020-05-18', 1, 1061, NULL, 1),
(2492, 'Ch_Lindenbos.jpg', '2020-05-18', 1, 1062, NULL, 1),
(2493, 'Abaye_Fontmorigny.jpg', '2020-05-18', 1, 1063, NULL, 1),
(2494, 'Fun_Park_Fyn.jpg', '2020-05-18', 1, 1064, NULL, 1),
(2495, 'Ch_Tenaille.jpg', '2020-05-18', 1, 1065, NULL, 1),
(2496, 'Ch_PresMignons.jpg', '2020-05-18', 1, 1066, NULL, 1),
(2497, 'Abbaye_StVincent.jpg', '2020-05-18', 1, 1067, NULL, 1),
(2498, 'Pavillon_Tunisie.jpg', '2020-05-18', 1, 1068, NULL, 1),
(2499, 'Theatre_Normandy.jpg', '2020-05-18', 1, 1069, NULL, 1),
(2500, 'Ch_Anglefort.jpg', '2020-05-18', 1, 1070, NULL, 1),
(2501, 'Prison_Autun.jpg', '2020-05-18', 1, 1071, NULL, 1),
(2502, 'Ch_Buis.jpg', '2020-05-18', 1, 1072, NULL, 1),
(2503, 'Maison_Cerf.jpg', '2020-05-18', 1, 1073, NULL, 1),
(2504, 'Maison_Vitron.jpg', '2020-05-18', 1, 1074, NULL, 1),
(2505, 'School_for_Girls.jpg', '2020-05-18', 1, 1075, NULL, 1),
(2506, 'Hopital_LeCelly.jpg', '2020-05-18', 1, 1076, NULL, 1),
(2507, 'Chapelle_SteBarbe.jpg', '2020-05-18', 1, 1077, NULL, 1),
(2508, 'Ch_Douaniers.jpg', '2020-05-18', 1, 1078, NULL, 1),
(2509, 'Ch_Bouchage.jpg', '2020-05-18', 1, 1079, NULL, 1),
(2510, 'Couvent_Carmel.jpg', '2020-05-18', 1, 1080, NULL, 1),
(2511, 'Villa_Kolbe.jpg', '2020-05-18', 1, 1081, NULL, 1),
(2512, 'Sanatorium_Bergesserin.jpg', '2020-05-18', 1, 1082, NULL, 1),
(2513, 'Couvent_ManufactureCapucins.jpg', '2020-05-18', 1, 1083, NULL, 1),
(2514, 'Hopital_FranckJames.jpg', '2020-05-18', 1, 1084, NULL, 1),
(2515, 'Ctr_TroupeBayard.jpg', '2020-05-18', 1, 1085, NULL, 1),
(2516, 'Domaine_BonniersMosson.jpg', '2020-05-18', 1, 1086, NULL, 1),
(2517, 'Ch_Montesqieu.jpg', '2020-05-18', 1, 1087, NULL, 1),
(2518, 'Ch_Ferrieres.jpg', '2020-05-18', 1, 1088, NULL, 1),
(2519, 'Ch_Brassac.jpg', '2020-05-18', 1, 1089, NULL, 1),
(2520, 'Ch_Cabanes.jpg', '2020-05-18', 1, 1090, NULL, 1),
(2521, 'Ch_Villarzel.jpg', '2020-05-18', 1, 1091, NULL, 1),
(2522, 'Ecole_NapIII.jpg', '2020-05-18', 1, 1092, NULL, 1),
(2523, 'Ch_Camaran.jpg', '2020-05-18', 1, 1093, NULL, 1),
(2524, 'Ecole_Angelus.jpg', '2020-05-18', 1, 1094, NULL, 1),
(2525, 'Ch_Fligny.jpg', '2020-05-18', 1, 1095, NULL, 1),
(2526, 'Ctr_BouddhisteArvillard.jpg', '2020-05-18', 1, 1096, NULL, 1),
(2527, 'Ch_Sauveterre.jpg', '2020-05-18', 1, 1097, NULL, 1),
(2528, 'Ch_Champnoul.jpg', '2020-05-18', 1, 1098, NULL, 1),
(2529, 'Thermes_Bourboule.jpg', '2020-05-18', 1, 1099, NULL, 1),
(2530, 'Teinturerie_Blanchin.jpg', '2020-05-18', 1, 1100, NULL, 1),
(2531, 'Hotel_Musardiere.jpg', '2020-05-18', 1, 1101, NULL, 1),
(2532, 'Ch_HellOberkitch.jpg', '2020-05-18', 1, 1102, NULL, 1),
(2533, 'Ch_Salenques.jpg', '2020-05-18', 1, 1103, NULL, 1),
(2534, 'Gare_Varzay.jpg', '2020-05-18', 1, 1104, NULL, 1),
(2535, 'Hopital_Tressilac.jpg', '2020-05-18', 1, 1105, NULL, 1),
(2536, 'Ch_Branchon.jpg', '2020-05-18', 1, 1106, NULL, 1),
(2537, 'Ch_Dongelberg.jpg', '2020-05-18', 1, 1107, NULL, 1),
(2538, 'Ch_BochFreres.jpg', '2020-05-18', 1, 1108, NULL, 1),
(2539, 'Ch_EauTourtaxis.jpg', '2020-05-18', 1, 1109, NULL, 1),
(2540, 'LeMassena.jpg', '2020-05-18', 1, 1110, NULL, 1),
(2541, 'Ch_Werppe.jpg', '2020-05-18', 1, 1111, NULL, 1),
(2542, 'Ch_Rochette.jpg', '2020-05-18', 1, 1112, NULL, 1),
(2543, 'Maison_StBerthevin.jpg', '2020-05-18', 1, 1113, NULL, 1),
(2545, 'Ch_Montbriand.jpg', '2020-05-18', 1, 1115, NULL, 1),
(2546, 'Manoir_Loctudy.jpg', '2020-05-18', 1, 1116, NULL, 1),
(2547, 'Abbaye_StBenoitWoevre.jpg', '2020-05-18', 1, 1117, NULL, 1),
(2548, 'Manoir_Rivaudiere.jpg', '2020-05-18', 1, 1118, NULL, 1),
(2549, 'Ch_Landal.jpg', '2020-05-18', 1, 1119, NULL, 1),
(2550, 'Ch_Goin.jpg', '2020-05-18', 1, 1120, NULL, 1),
(2551, 'Manoir_StAmand.jpg', '2020-05-18', 1, 1121, NULL, 1),
(2552, 'Manoir_Mardilly.jpg', '2020-05-18', 1, 1122, NULL, 1),
(2553, 'Ch_Maille.jpg', '2020-05-18', 1, 1123, NULL, 1),
(2554, 'Relais_Manoir.jpg', '2020-05-18', 1, 1124, NULL, 1),
(2555, 'Hameaux_Brantome.jpg', '2020-05-18', 1, 1125, NULL, 1),
(2556, 'Bq_Tallineau.jpg', '2020-05-18', 1, 1126, NULL, 1),
(2557, 'LesArdillieres.jpg', '2020-05-18', 1, 1127, NULL, 1),
(2558, 'Bastide_LouDeven.jpg', '2020-05-18', 1, 1128, NULL, 1),
(2559, 'Ch_MagnyBessin.jpg', '2020-05-18', 1, 1129, NULL, 1),
(2560, 'Ch_LisleTarn.jpg', '2020-05-18', 1, 1130, NULL, 1),
(2561, 'Ch_Celeyran.jpg', '2020-05-18', 1, 1131, NULL, 1),
(2563, 'Cave_Berliet.jpg', '2020-05-18', 1, 1133, NULL, 1),
(2564, 'Ch_Echelle.jpg', '2020-05-18', 1, 1134, NULL, 1),
(2565, 'Sanatorium_Cambo.jpg', '2020-05-18', 1, 1135, NULL, 1),
(2566, 'sanatorium_RealMartin.jpg', '2020-05-18', 1, 1136, NULL, 1),
(2567, 'Ch_Crissey.jpg', '2020-05-18', 1, 1137, NULL, 1),
(2568, 'Base_Hourtin.jpg', '2020-05-18', 1, 1138, NULL, 1),
(2569, 'Usine_PontOgnon.jpg', '2020-05-18', 1, 1139, NULL, 1),
(2570, 'Ch_BoisPorce.jpg', '2020-05-18', 1, 1140, NULL, 1),
(2571, 'Thermes_Sail.jpg', '2020-05-18', 1, 1141, NULL, 1),
(2572, 'LeTolosan.jpg', '2020-05-18', 1, 1142, NULL, 1),
(2573, 'BlueChurch.jpg', '2020-05-18', 1, 1143, NULL, 1),
(2574, 'Maison_Gambais.jpg', '2020-05-18', 1, 1144, NULL, 1),
(2575, 'Hopital_PontVaux.jpg', '2020-05-18', 1, 1145, NULL, 1),
(2576, 'Ch_Perieux.jpg', '2020-05-18', 1, 1146, NULL, 1),
(2577, 'Manoir_Excenevex.jpg', '2020-05-18', 1, 1147, NULL, 1),
(2578, 'Ch_Castillon.jpg', '2020-05-18', 1, 1148, NULL, 1),
(2580, 'Ch_Rose.jpg', '2020-05-18', 1, 1150, NULL, 1),
(2581, 'Hotel_Sextant.jpg', '2020-05-18', 1, 1151, NULL, 1),
(2582, 'Sanatorium_Clergé.jpg', '2020-05-18', 1, 1152, NULL, 1),
(2583, 'Hotel_PrincesEauxBonnes.jpg', '2020-05-18', 1, 1153, NULL, 1),
(2584, 'Ch_Giverville.jpg', '2020-05-18', 1, 1154, NULL, 1),
(2585, 'Ch_Castelfranc.jpg', '2020-05-18', 1, 1155, NULL, 1),
(2586, 'Couvent_Bocage.jpg', '2020-05-18', 1, 1156, NULL, 1),
(2587, 'Ch_HautBrignon.jpg', '2020-05-18', 1, 1157, NULL, 1),
(2588, 'Ch_Montépin.jpg', '2020-05-18', 1, 1158, NULL, 1),
(2589, 'Ch_StBlancard.jpg', '2020-05-18', 1, 1159, NULL, 1),
(2590, 'Maison_Alchimiste.jpg', '2020-05-18', 1, 1160, NULL, 1),
(2591, 'Ch_Hermite.jpg', '2020-05-18', 1, 1161, NULL, 1),
(2592, 'Ch_Montmery.jpg', '2020-05-18', 1, 1162, NULL, 1),
(2593, 'Ch_Novital.jpg', '2020-05-18', 1, 1163, NULL, 1),
(2594, 'Manoir_Kervihan.jpg', '2020-05-18', 1, 1164, NULL, 1),
(2595, 'Ch_Tasta.jpg', '2020-05-18', 1, 1165, NULL, 1),
(2596, 'Ch_Harispe.jpg', '2020-05-18', 1, 1166, NULL, 1),
(2597, 'Ch_StRemyAvre.jpg', '2020-05-18', 1, 1167, NULL, 1),
(2598, 'Ch_Crevecoeur.jpg', '2020-05-18', 1, 1168, NULL, 1),
(2599, 'Projet_244.jpg', '2020-05-18', 0, 1169, NULL, 1),
(2600, 'Projet_244/DSC03638-HDR.jpg', '2020-05-25', 0, 1169, 1, 3),
(2601, 'Projet_244/DSC03656-HDR.jpg', '2020-05-25', 1, 1169, 1, 3),
(2602, 'Projet_244/DSC03662-HDR.jpg', '2020-05-25', 0, 1169, 1, 3),
(2603, 'Projet_244/DSC03665-HDR.jpg', '2020-05-25', 0, 1169, 1, 3),
(2604, 'Projet_244/DSC03668-HDR.jpg', '2020-05-25', 0, 1169, 1, 3),
(2605, 'Projet_244/DSC03677-HDR.jpg', '2020-05-25', 0, 1169, 1, 3),
(2606, 'Projet_244/DSC03683-HDR.jpg', '2020-05-25', 0, 1169, 1, 3),
(2607, 'Projet_244/DSC03695-HDR.jpg', '2020-05-25', 0, 1169, 1, 3),
(2608, 'Projet_244/DSC03698-HDR.jpg', '2020-05-25', 0, 1169, 1, 3),
(2609, 'Projet_244/DSC03704-HDR.jpg', '2020-05-25', 0, 1169, 1, 3),
(2610, 'Projet_244/DSC03707-HDR.jpg', '2020-05-25', 0, 1169, 1, 3),
(2611, 'Projet_244/DSC03710-HDR.jpg', '2020-05-25', 0, 1169, 1, 3),
(2612, 'Projet_244/DSC03716-HDR.jpg', '2020-05-25', 0, 1169, 1, 3),
(2613, 'Projet_244/DSC03719-HDR.jpg', '2020-05-25', 0, 1169, 1, 3),
(2614, 'Projet_244/DSC03722-HDR.jpg', '2020-05-25', 0, 1169, 1, 3),
(2615, 'Projet_244/DSC03736-HDR.jpg', '2020-05-25', 0, 1169, 1, 3),
(2616, 'Projet_244/DSC03742-HDR.jpg', '2020-05-25', 0, 1169, 1, 3),
(2617, 'Projet_244/DSC03760-HDR.jpg', '2020-05-25', 0, 1169, 1, 3),
(2618, 'Projet_244/DSC03769-HDR.jpg', '2020-05-25', 0, 1169, 1, 3),
(2619, 'Projet_244/DSC03781-HDR.jpg', '2020-05-25', 0, 1169, 1, 3),
(2620, 'Socofer.jpg', '2020-05-18', 0, 1170, NULL, 1),
(2621, 'Socofer/DSC03815-HDR.jpg', '2020-05-25', 0, 1170, 1, 3),
(2622, 'Socofer/DSC03824-HDR.jpg', '2020-05-25', 0, 1170, 1, 3),
(2623, 'Socofer/DSC03830-HDR.jpg', '2020-05-25', 0, 1170, 1, 3),
(2624, 'Socofer/DSC03836-HDR.jpg', '2020-05-25', 0, 1170, 1, 3),
(2625, 'Socofer/DSC03845.jpg', '2020-05-25', 0, 1170, 1, 3),
(2626, 'Socofer/DSC03847-HDR.jpg', '2020-05-25', 0, 1170, 1, 3),
(2627, 'Socofer/DSC03853-HDR.jpg', '2020-05-25', 0, 1170, 1, 3),
(2628, 'Socofer/DSC03862-HDR.jpg', '2020-05-25', 0, 1170, 1, 3),
(2629, 'Socofer/DSC03871-HDR.jpg', '2020-05-25', 1, 1170, 1, 3),
(2630, 'Usine_StFrancois.jpg', '2020-05-18', 0, 1171, NULL, 1),
(2631, 'Usine_StFrancois/DSC03889-HDR.jpg', '2020-05-25', 1, 1171, 1, 3),
(2632, 'Usine_StFrancois/DSC03895-HDR.jpg', '2020-05-25', 0, 1171, 1, 3),
(2633, 'Usine_StFrancois/DSC03901-HDR.jpg', '2020-05-25', 0, 1171, 1, 3),
(2634, 'Maison_FournilVDL.jpg', '2020-05-18', 1, 1172, NULL, 1),
(2635, 'Maison_2Lions.jpg', '2020-05-18', 1, 1173, NULL, 1),
(2636, 'Manoir_Minguionnet.jpg', '2020-05-18', 1, 1174, NULL, 1),
(2637, 'Ch_Sarzay.jpg', '2020-05-18', 1, 1175, NULL, 1),
(2638, 'Ferme_Betones.jpg', '2020-05-18', 1, 1176, NULL, 1),
(2639, 'Ch_Monteil.jpg', '2020-05-18', 1, 1177, NULL, 1),
(2640, 'Ch_Cropieres.jpg', '2020-05-18', 1, 1178, NULL, 1),
(2641, 'Ch_Chelles.jpg', '2020-05-18', 1, 1179, NULL, 1),
(2642, 'Abbaye_Longuay.jpg', '2020-05-18', 1, 1180, NULL, 1),
(2643, 'Ch_Ortenbourg.jpg', '2020-05-18', 1, 1181, NULL, 1),
(2644, 'Ch_HautRibeaupierre.jpg', '2020-05-18', 1, 1182, NULL, 1),
(2645, 'Ch_StPierreCole.jpg', '2020-05-18', 1, 1183, NULL, 1),
(2646, 'Chapelle_Saignes.jpg', '2020-05-18', 1, 1184, NULL, 1),
(2647, 'Moulins_Couze.jpg', '2020-05-18', 1, 1185, NULL, 1),
(2648, 'Ch_Fayolle.jpg', '2020-05-18', 1, 1186, NULL, 1),
(2649, 'Fort_Paté.jpg', '2020-05-18', 1, 1187, NULL, 1),
(2650, 'Forteresse_Blanquefort.jpg', '2020-05-18', 1, 1188, NULL, 1),
(2651, 'Ch_Bermones.jpg', '2020-05-18', 1, 1189, NULL, 1),
(2652, 'Ch_Hausmann.jpg', '2020-05-18', 1, 1190, NULL, 1),
(2653, 'Eglise_StePresentine.jpg', '2020-05-18', 1, 1191, NULL, 1),
(2654, 'Moulin_Loubens.jpg', '2020-05-18', 1, 1192, NULL, 1),
(2655, 'Ch_Cros.jpg', '2020-05-18', 1, 1193, NULL, 1),
(2656, 'Manoir_Bernede.jpg', '2020-05-18', 1, 1194, NULL, 1),
(2657, 'Ch_Beyzac.jpg', '2020-05-18', 1, 1195, NULL, 1),
(2658, 'Ch_Vilerade.jpg', '2020-05-18', 1, 1196, NULL, 1),
(2660, 'Grospierres.jpg', '2020-05-18', 1, 1198, NULL, 1),
(2661, 'ND_Cabane.jpg', '2020-05-18', 1, 1199, NULL, 1),
(2662, 'Ch_Montbrun.jpg', '2020-05-18', 1, 1200, NULL, 1),
(2663, 'Ch_Disney.jpg', '2020-05-18', 1, 1201, NULL, 1),
(2664, 'Fonderie_Mayennaise.jpg', '2020-05-18', 1, 1202, NULL, 1),
(2665, 'Ch_Dillon.jpg', '2020-05-18', 1, 1203, NULL, 1),
(2666, 'Maison_TresBelle.jpg', '2020-05-18', 1, 1204, NULL, 1),
(2668, 'Phare_BonneAnse.jpg', '2020-05-18', 1, 1206, NULL, 1),
(2669, 'Scie_Horreur.jpg', '2020-05-18', 1, 1207, NULL, 1),
(2670, 'Ferme_C.jpg', '2020-05-18', 1, 1208, NULL, 1),
(2671, 'Ch_British.jpg', '2020-05-18', 1, 1209, NULL, 1),
(2672, 'Ch_Lucifer.jpg', '2020-05-18', 1, 1210, NULL, 1),
(2673, 'Ch_Puybellard.jpg', '2020-05-18', 1, 1211, NULL, 1),
(2674, 'Manoir_Dealer.jpg', '2020-05-18', 1, 1212, NULL, 1),
(2675, 'Hotel_Prunet.jpg', '2020-05-18', 1, 1213, NULL, 1),
(2687, '1592394841477_SAT.jpg', '2020-06-17', 1, 1217, NULL, 1),
(2688, '1592396591459_STR.jpg', '2020-06-17', 1, 1218, NULL, 2),
(2689, '1592396591497_SAT.jpg', '2020-06-17', 0, 1218, NULL, 1),
(2692, '1592397406980_STR.jpg', '2020-06-17', 1, 1220, NULL, 2),
(2693, '1592397407006_SAT.jpg', '2020-06-17', 0, 1220, NULL, 1),
(2694, '1592398078585_SAT.jpg', '2020-06-17', 1, 1221, NULL, 1),
(2695, '1592399776032_SAT.jpg', '2020-06-17', 1, 1222, NULL, 1),
(2696, '1592399972131_SAT.jpg', '2020-06-17', 1, 1223, NULL, 1),
(2697, '1592400679640_SAT.jpg', '2020-06-17', 1, 1224, NULL, 1),
(2698, '1592400921867_SAT.jpg', '2020-06-17', 1, 1225, NULL, 1),
(2699, '1592401307890_SAT.jpg', '2020-06-17', 1, 1226, NULL, 1),
(2700, '1592401462282_SAT.jpg', '2020-06-17', 1, 1227, NULL, 1),
(2701, '1592495162031_SAT.jpg', '2020-06-18', 1, 1228, NULL, 1),
(2705, '1593158580249_SAT.jpg', '2020-06-26', 1, 1232, NULL, 1),
(2706, '1593158787867_SAT.jpg', '2020-06-26', 1, 1233, NULL, 1),
(2707, '1593158938645_SAT.jpg', '2020-06-26', 1, 1234, NULL, 1),
(2708, '1593159174190_SAT.jpg', '2020-06-26', 1, 1235, NULL, 1),
(2709, '1593159289517_SAT.jpg', '2020-06-26', 1, 1236, NULL, 1),
(2710, '1593159511283_SAT.jpg', '2020-06-26', 1, 1237, NULL, 1),
(2711, '1593159698409_SAT.jpg', '2020-06-26', 1, 1238, NULL, 1),
(2712, '1593159903389_SAT.jpg', '2020-06-26', 1, 1239, NULL, 1),
(2713, '1593160190000_SAT.jpg', '2020-06-26', 1, 1240, NULL, 1),
(2714, '1593160392133_SAT.jpg', '2020-06-26', 1, 1241, NULL, 1),
(2715, '1593160625487_SAT.jpg', '2020-06-26', 1, 1242, NULL, 1),
(2716, '1593160851243_SAT.jpg', '2020-06-26', 1, 1243, NULL, 1),
(2717, '1593161042561_SAT.jpg', '2020-06-26', 1, 1244, NULL, 1),
(2720, '1593161605733_SAT.jpg', '2020-06-26', 1, 1247, NULL, 1),
(2722, '1593162109034_SAT.jpg', '2020-06-26', 1, 1249, NULL, 1),
(2723, '1593162264456_SAT.jpg', '2020-06-26', 1, 1250, NULL, 1),
(2724, '1593162842744_SAT.jpg', '2020-06-26', 1, 1251, NULL, 1),
(2725, '1593163414631_SAT.jpg', '2020-06-26', 1, 1252, NULL, 1),
(2726, '1593163937512_SAT.jpg', '2020-06-26', 1, 1253, NULL, 1),
(2727, '1593164158127_SAT.jpg', '2020-06-26', 1, 1254, NULL, 1),
(2728, '1593164355194_SAT.jpg', '2020-06-26', 1, 1255, NULL, 1),
(2729, '1593164509224_SAT.jpg', '2020-06-26', 1, 1256, NULL, 1),
(2730, '1593164688818_SAT.jpg', '2020-06-26', 1, 1257, NULL, 1),
(2731, '1593164927587_SAT.jpg', '2020-06-26', 1, 1258, NULL, 1),
(2733, '1593165403950_SAT.jpg', '2020-06-26', 1, 1260, NULL, 1),
(2734, '1593171724566_SAT.jpg', '2020-06-26', 1, 1261, NULL, 1),
(2735, '1593172083786_SAT.jpg', '2020-06-26', 1, 1262, NULL, 1),
(2736, '1593172219585_SAT.jpg', '2020-06-26', 1, 1263, NULL, 1),
(2737, '1593172300973_SAT.jpg', '2020-06-26', 1, 1264, NULL, 1),
(2738, '1593172431002_SAT.jpg', '2020-06-26', 1, 1265, NULL, 1),
(2739, '1593173482758_SAT.jpg', '2020-06-26', 1, 1266, NULL, 1),
(2740, '1593173720188_SAT.jpg', '2020-06-26', 1, 1267, NULL, 1),
(2741, '1593174370715_SAT.jpg', '2020-06-26', 1, 1268, NULL, 1),
(2742, '1593255752742_SAT.jpg', '2020-06-27', 1, 1269, NULL, 1),
(2743, '1593255895584_SAT.jpg', '2020-06-27', 1, 1270, NULL, 1),
(2744, '1593256316382_STR.jpg', '2020-06-27', 1, 1271, NULL, 2),
(2745, '1593256316751_SAT.jpg', '2020-06-27', 0, 1271, NULL, 1),
(2746, '1593258314715_SAT.jpg', '2020-06-27', 1, 1272, NULL, 1),
(2747, '1593258341144_SAT.jpg', '2020-06-27', 1, 1273, NULL, 1),
(2748, '1593334910864_SAT.jpg', '2020-06-28', 1, 1274, NULL, 1),
(2749, '1593356524417_SAT.jpg', '2020-06-28', 1, 1275, NULL, 1),
(2750, '1593431023082_SAT.jpg', '2020-06-29', 1, 1276, NULL, 1),
(2751, '1593431132061_SAT.jpg', '2020-06-29', 1, 1277, NULL, 1),
(2752, '1593513986624_SAT.jpg', '2020-06-30', 1, 1278, NULL, 1),
(2753, '1593514114958_SAT.jpg', '2020-06-30', 1, 1279, NULL, 1),
(2756, '1593612948531_SAT.jpg', '2020-07-01', 1, 1282, NULL, 1),
(2757, '1594121850789_SAT.jpg', '2020-07-07', 1, 1283, NULL, 1),
(2758, '1594122007753_SAT.jpg', '2020-07-07', 1, 1284, NULL, 1),
(2759, '1594122114710_SAT.jpg', '2020-07-07', 1, 1285, NULL, 1),
(2760, '1594122266059_SAT.jpg', '2020-07-07', 1, 1286, NULL, 1),
(2761, '1594122364702_SAT.jpg', '2020-07-07', 1, 1287, NULL, 1),
(2762, '1594122536534_SAT.jpg', '2020-07-07', 1, 1288, NULL, 1),
(2763, '1594122636911_SAT.jpg', '2020-07-07', 1, 1289, NULL, 1),
(2764, '1594122742221_SAT.jpg', '2020-07-07', 1, 1290, NULL, 1),
(2765, '1594122848786_SAT.jpg', '2020-07-07', 1, 1291, NULL, 1),
(2766, '1594123008972_SAT.jpg', '2020-07-07', 1, 1292, NULL, 1),
(2767, '1594123548143_SAT.jpg', '2020-07-07', 1, 1293, NULL, 1),
(2768, '1594123664866_SAT.jpg', '2020-07-07', 1, 1294, NULL, 1),
(2769, 'Route_Usines_Mazamet.jpg', '2020-07-09', 1, 1295, NULL, 1),
(2770, '1594287553030_SAT.jpg', '2020-07-09', 1, 1296, NULL, 1),
(2771, '1594652788056_SAT.jpg', '2020-07-13', 1, 1297, NULL, 1),
(2772, '1594652912460_SAT.jpg', '2020-07-13', 1, 1298, NULL, 1),
(2773, '1594731003269_SAT.jpg', '2020-07-14', 1, 1299, NULL, 1),
(2774, '1594731163506_SAT.jpg', '2020-07-14', 1, 1300, NULL, 1),
(2775, '1594731266862_SAT.jpg', '2020-07-14', 1, 1301, NULL, 1),
(2776, '1594731420135_SAT.jpg', '2020-07-14', 1, 1302, NULL, 1),
(2777, '1594731535879_SAT.jpg', '2020-07-14', 1, 1303, NULL, 1),
(2778, '1594731782245_SAT.jpg', '2020-07-14', 1, 1304, NULL, 1),
(2779, '1594826775548_SAT.jpg', '2020-07-15', 1, 1305, NULL, 1),
(2780, '1595163335489_SAT.jpg', '2020-07-19', 1, 1306, NULL, 1),
(2781, '1595163471828_SAT.jpg', '2020-07-19', 1, 1307, NULL, 1),
(2782, '1595163579502_SAT.jpg', '2020-07-19', 1, 1308, NULL, 1),
(2783, '1595407336524_SAT.jpg', '2020-07-22', 1, 1309, NULL, 1),
(2784, '1595407412919_SAT.jpg', '2020-07-22', 1, 1310, NULL, 1),
(2785, '1595587738015_SAT.jpg', '2020-07-24', 1, 1311, NULL, 1),
(2786, '1595679303353_SAT.jpg', '2020-07-25', 1, 1312, NULL, 1),
(2787, '1595679412874_SAT.jpg', '2020-07-25', 1, 1313, NULL, 1),
(2788, '1595679503648_SAT.jpg', '2020-07-25', 1, 1314, NULL, 1),
(2789, '1595679642612_SAT.jpg', '2020-07-25', 1, 1315, NULL, 1),
(2790, '1595679845120_SAT.jpg', '2020-07-25', 1, 1316, NULL, 1),
(2791, '1595749324592_SAT.jpg', '2020-07-26', 1, 1317, NULL, 1),
(2792, '1595749470762_SAT.jpg', '2020-07-26', 1, 1318, NULL, 1),
(2793, '1596091933189_SAT.jpg', '2020-07-30', 1, 1319, NULL, 1),
(2794, '1596092128958_SAT.jpg', '2020-07-30', 1, 1320, NULL, 1),
(2795, '1596092299143_SAT.jpg', '2020-07-30', 1, 1321, NULL, 1),
(2796, '1596092504306_SAT.jpg', '2020-07-30', 1, 1322, NULL, 1),
(2797, '1596193700439_SAT.jpg', '2020-07-31', 1, 1323, NULL, 1),
(2798, '1596193790925_SAT.jpg', '2020-07-31', 1, 1324, NULL, 1),
(2804, '1596213397861_SAT.jpg', '2020-07-31', 1, 1330, NULL, 1),
(2805, '1596219718494_SAT.jpg', '2020-07-31', 1, 1331, NULL, 1),
(2806, '1596220151216_SAT.jpg', '2020-07-31', 1, 1332, NULL, 1),
(2807, '1596220357674_SAT.jpg', '2020-07-31', 1, 1333, NULL, 1),
(2808, '1596220890829_SAT.jpg', '2020-07-31', 1, 1334, NULL, 1),
(2809, '1596221356596_SAT.jpg', '2020-07-31', 1, 1335, NULL, 1),
(2810, '1596221526144_SAT.jpg', '2020-07-31', 1, 1336, NULL, 1),
(2811, '1596222547762_SAT.jpg', '2020-07-31', 1, 1337, NULL, 1),
(2812, '1596222706025_SAT.jpg', '2020-07-31', 1, 1338, NULL, 1),
(2813, '1596222902486_SAT.jpg', '2020-07-31', 1, 1339, NULL, 1),
(2814, '1596223497756_SAT.jpg', '2020-07-31', 1, 1340, NULL, 1),
(2815, '1596223659890_SAT.jpg', '2020-07-31', 1, 1341, NULL, 1),
(2816, '1596224960712_SAT.jpg', '2020-07-31', 1, 1342, NULL, 1),
(2817, '1596225080831_SAT.jpg', '2020-07-31', 1, 1343, NULL, 1),
(2818, '1596225271951_SAT.jpg', '2020-07-31', 1, 1344, NULL, 1),
(2819, '1596225454511_SAT.jpg', '2020-07-31', 1, 1345, NULL, 1),
(2820, '1596225797506_SAT.jpg', '2020-07-31', 1, 1346, NULL, 1),
(2821, '1596226334934_SAT.jpg', '2020-07-31', 1, 1347, NULL, 1),
(2822, '1596226600270_SAT.jpg', '2020-07-31', 1, 1348, NULL, 1),
(2823, '1596227497419_SAT.jpg', '2020-07-31', 1, 1349, NULL, 1),
(2824, '1596613406355_SAT.jpg', '2020-08-05', 1, 1350, NULL, 1),
(2825, '1596613565682_SAT.jpg', '2020-08-05', 1, 1351, NULL, 1),
(2826, '1596613663249_SAT.jpg', '2020-08-05', 1, 1352, NULL, 1),
(2827, '1596613851163_SAT.jpg', '2020-08-05', 1, 1353, NULL, 1),
(2828, '1596613956484_SAT.jpg', '2020-08-05', 1, 1354, NULL, 1),
(2829, '1596884198335_SAT.jpg', '2020-08-08', 1, 1355, NULL, 1),
(2830, '1596884326624_SAT.jpg', '2020-08-08', 1, 1356, NULL, 1),
(2831, '1596969565292_SAT.jpg', '2020-08-09', 1, 1357, NULL, 1),
(2832, '1597402068125_SAT.jpg', '2020-08-14', 1, 1358, NULL, 1),
(2833, '1597402175740_SAT.jpg', '2020-08-14', 1, 1359, NULL, 1),
(2834, '1597402356996_SAT.jpg', '2020-08-14', 1, 1360, NULL, 1),
(2835, '1597402509971_SAT.jpg', '2020-08-14', 1, 1361, NULL, 1),
(2836, '1597402610122_SAT.jpg', '2020-08-14', 1, 1362, NULL, 1),
(2837, '1597402750656_SAT.jpg', '2020-08-14', 1, 1363, NULL, 1),
(2838, '1597833597085_SAT.jpg', '2020-08-19', 1, 1364, NULL, 1),
(2839, '1597833744703_SAT.jpg', '2020-08-19', 1, 1365, NULL, 1),
(2840, '1597833830386_SAT.jpg', '2020-08-19', 1, 1366, NULL, 1),
(2841, '1597833977126_SAT.jpg', '2020-08-19', 1, 1367, NULL, 1),
(2842, '1597834072996_SAT.jpg', '2020-08-19', 1, 1368, NULL, 1),
(2843, '1597834204910_SAT.jpg', '2020-08-19', 1, 1369, NULL, 1),
(2844, '1597834474798_SAT.jpg', '2020-08-19', 1, 1370, NULL, 1),
(2845, '1597834578059_SAT.jpg', '2020-08-19', 1, 1371, NULL, 1),
(2846, '1597834727167_SAT.jpg', '2020-08-19', 1, 1372, NULL, 1),
(2847, '1597834807211_SAT.jpg', '2020-08-19', 1, 1373, NULL, 1),
(2848, '1597834930751_SAT.jpg', '2020-08-19', 1, 1374, NULL, 1),
(2849, '1597835015822_SAT.jpg', '2020-08-19', 1, 1375, NULL, 1),
(2850, '1597835119286_SAT.jpg', '2020-08-19', 1, 1376, NULL, 1),
(2851, '1597835220504_SAT.jpg', '2020-08-19', 1, 1377, NULL, 1),
(2852, '1597916398045_SAT.jpg', '2020-08-20', 1, 1378, NULL, 1),
(2853, '1598021800019_SAT.jpg', '2020-08-21', 1, 1379, NULL, 1),
(2854, '1598428302086_SAT.jpg', '2020-08-26', 1, 1380, NULL, 1),
(2855, '1598428443919_SAT.jpg', '2020-08-26', 1, 1381, NULL, 1),
(2856, '1598428543914_SAT.jpg', '2020-08-26', 1, 1382, NULL, 1),
(2857, '1600571161582_SAT.jpg', '2020-09-20', 1, 1383, NULL, 1),
(2858, '1600571623543_SAT.jpg', '2020-09-20', 1, 1384, NULL, 1),
(2859, '1600571920298_SAT.jpg', '2020-09-20', 1, 1385, NULL, 1),
(2860, '1600572150407_SAT.jpg', '2020-09-20', 1, 1386, NULL, 1),
(2861, '1600572254749_SAT.jpg', '2020-09-20', 1, 1387, NULL, 1),
(2863, '1600572538507_SAT.jpg', '2020-09-20', 1, 1389, NULL, 1),
(2864, '1600572642159_SAT.jpg', '2020-09-20', 1, 1390, NULL, 1),
(2865, '1600572780784_SAT.jpg', '2020-09-20', 1, 1391, NULL, 1),
(2866, '1600572878671_SAT.jpg', '2020-09-20', 1, 1392, NULL, 1),
(2867, '1600573112030_SAT.jpg', '2020-09-20', 1, 1393, NULL, 1),
(2868, '1600573224821_SAT.jpg', '2020-09-20', 1, 1394, NULL, 1),
(2869, '1600573491547_SAT.jpg', '2020-09-20', 1, 1395, NULL, 1),
(2870, '1600573615846_SAT.jpg', '2020-09-20', 1, 1396, NULL, 1),
(2871, '1600573722149_SAT.jpg', '2020-09-20', 1, 1397, NULL, 1),
(2872, '1600573831203_SAT.jpg', '2020-09-20', 1, 1398, NULL, 1),
(2873, '1600574240692_SAT.jpg', '2020-09-20', 1, 1399, NULL, 1),
(2874, '1600574354709_SAT.jpg', '2020-09-20', 1, 1400, NULL, 1),
(2875, '1600574506017_SAT.jpg', '2020-09-20', 1, 1401, NULL, 1),
(2876, '1600574660235_SAT.jpg', '2020-09-20', 1, 1402, NULL, 1),
(2877, '1600574799920_SAT.jpg', '2020-09-20', 1, 1403, NULL, 1),
(2878, '1600575053489_SAT.jpg', '2020-09-20', 1, 1404, NULL, 1),
(2879, '1600575215632_SAT.jpg', '2020-09-20', 1, 1405, NULL, 1),
(2880, '1600575306484_SAT.jpg', '2020-09-20', 1, 1406, NULL, 1),
(2882, '1600575527170_SAT.jpg', '2020-09-20', 1, 1408, NULL, 1),
(2883, '1600575623615_SAT.jpg', '2020-09-20', 1, 1409, NULL, 1),
(2885, '1600575912482_SAT.jpg', '2020-09-20', 1, 1411, NULL, 1),
(2886, '1600576574530_SAT.jpg', '2020-09-20', 1, 1412, NULL, 1),
(2887, '1600576675963_SAT.jpg', '2020-09-20', 1, 1413, NULL, 1),
(2888, '1600576794902_SAT.jpg', '2020-09-20', 1, 1414, NULL, 1),
(2889, '1600576935610_SAT.jpg', '2020-09-20', 1, 1415, NULL, 1),
(2890, '1600577059771_SAT.jpg', '2020-09-20', 1, 1416, NULL, 1),
(2891, '1602692033103_SAT.jpg', '2020-10-14', 1, 1417, NULL, 1),
(2892, '1602692220235_SAT.jpg', '2020-10-14', 1, 1418, NULL, 1),
(2893, '1602692310348_SAT.jpg', '2020-10-14', 1, 1419, NULL, 1),
(2894, '1602692458267_SAT.jpg', '2020-10-14', 1, 1420, NULL, 1),
(2895, '1602692766640_SAT.jpg', '2020-10-14', 1, 1421, NULL, 1),
(2896, '1602692905140_SAT.jpg', '2020-10-14', 1, 1422, NULL, 1),
(2897, '1602693023751_SAT.jpg', '2020-10-14', 1, 1423, NULL, 1),
(2898, '1602693118941_SAT.jpg', '2020-10-14', 1, 1424, NULL, 1),
(2899, '1602693199868_SAT.jpg', '2020-10-14', 1, 1425, NULL, 1),
(2900, '1602693351916_SAT.jpg', '2020-10-14', 1, 1426, NULL, 1),
(2901, '1602693437789_SAT.jpg', '2020-10-14', 1, 1427, NULL, 1),
(2902, '1602693544822_SAT.jpg', '2020-10-14', 1, 1428, NULL, 1),
(2903, '1602693649963_SAT.jpg', '2020-10-14', 1, 1429, NULL, 1),
(2904, '1602693775943_SAT.jpg', '2020-10-14', 1, 1430, NULL, 1),
(2905, '1602694027859_SAT.jpg', '2020-10-14', 1, 1431, NULL, 1),
(2906, '1602694190099_SAT.jpg', '2020-10-14', 1, 1432, NULL, 1),
(2907, '1602694868773_SAT.jpg', '2020-10-14', 1, 1433, NULL, 1),
(2908, '1602694985127_SAT.jpg', '2020-10-14', 1, 1434, NULL, 1),
(2909, '1602695120447_SAT.jpg', '2020-10-14', 1, 1435, NULL, 1),
(2910, '1602695200713_SAT.jpg', '2020-10-14', 1, 1436, NULL, 1),
(2911, '1602695294000_SAT.jpg', '2020-10-14', 1, 1437, NULL, 1),
(2912, '1602695494852_SAT.jpg', '2020-10-14', 1, 1438, NULL, 1),
(2913, '1602695909636_SAT.jpg', '2020-10-14', 1, 1439, NULL, 1),
(2914, '1602696043940_SAT.jpg', '2020-10-14', 1, 1440, NULL, 1),
(2915, '1602696265124_SAT.jpg', '2020-10-14', 1, 1441, NULL, 1),
(2916, '1602696588035_SAT.jpg', '2020-10-14', 1, 1442, NULL, 1),
(2917, '1602696719658_SAT.jpg', '2020-10-14', 1, 1443, NULL, 1),
(2918, '1602696910654_SAT.jpg', '2020-10-14', 1, 1444, NULL, 1),
(2919, '1602697130044_SAT.jpg', '2020-10-14', 1, 1445, NULL, 1),
(2921, '1602698145405_SAT.jpg', '2020-10-14', 1, 1447, NULL, 1),
(2922, '1602698253462_SAT.jpg', '2020-10-14', 1, 1448, NULL, 1),
(2923, '1602698552205_SAT.jpg', '2020-10-14', 1, 1449, NULL, 1),
(2924, '1602698693131_SAT.jpg', '2020-10-14', 1, 1450, NULL, 1),
(2925, '1602698811994_SAT.jpg', '2020-10-14', 1, 1451, NULL, 1),
(2926, '1603337131797_SAT.jpg', '2020-10-22', 1, 1452, NULL, 1),
(2927, '1603337345785_SAT.jpg', '2020-10-22', 1, 1453, NULL, 1),
(2928, '1603337459651_SAT.jpg', '2020-10-22', 1, 1454, NULL, 1),
(2929, '1603337577011_SAT.jpg', '2020-10-22', 1, 1455, NULL, 1),
(2930, '1603337702133_SAT.jpg', '2020-10-22', 1, 1456, NULL, 1),
(2931, '1603338474928_SAT.jpg', '2020-10-22', 1, 1457, NULL, 1),
(2932, '1603338617216_SAT.jpg', '2020-10-22', 1, 1458, NULL, 1),
(2933, '1603338844244_SAT.jpg', '2020-10-22', 1, 1459, NULL, 1),
(2935, '1603339177104_SAT.jpg', '2020-10-22', 1, 1461, NULL, 1),
(2936, '1603735203634_SAT.jpg', '2020-10-26', 1, 1462, NULL, 1),
(2937, '1604153391268_SAT.jpg', '2020-10-31', 1, 1463, NULL, 1),
(2938, '1604153692238_SAT.jpg', '2020-10-31', 1, 1464, NULL, 1),
(2939, '1604153960445_SAT.jpg', '2020-10-31', 1, 1465, NULL, 1),
(2940, '1604154144750_SAT.jpg', '2020-10-31', 1, 1466, NULL, 1),
(2941, '1604154323164_SAT.jpg', '2020-10-31', 1, 1467, NULL, 1),
(2942, '1604426503334_SAT.jpg', '2020-11-03', 1, 1468, NULL, 1),
(2943, '1604426927278_SAT.jpg', '2020-11-03', 1, 1469, NULL, 1),
(2944, '1604427114524_SAT.jpg', '2020-11-03', 1, 1470, NULL, 1),
(2945, '1604427222009_SAT.jpg', '2020-11-03', 1, 1471, NULL, 1),
(2946, '1604597540551_SAT.jpg', '2020-11-05', 1, 1472, NULL, 1),
(2947, '1604597654577_SAT.jpg', '2020-11-05', 1, 1473, NULL, 1),
(2948, '1604764998786_SAT.jpg', '2020-11-07', 1, 1474, NULL, 1),
(2949, '1604999721842_SAT.jpg', '2020-11-10', 1, 1475, NULL, 1),
(2950, '1604999852388_SAT.jpg', '2020-11-10', 1, 1476, NULL, 1),
(2951, '1605000054769_SAT.jpg', '2020-11-10', 1, 1477, NULL, 1),
(2952, '1605000376281_SAT.jpg', '2020-11-10', 1, 1478, NULL, 1),
(2953, '1605000545486_SAT.jpg', '2020-11-10', 1, 1479, NULL, 1),
(2954, '1605000830125_SAT.jpg', '2020-11-10', 1, 1480, NULL, 1),
(2955, '1605000964109_SAT.jpg', '2020-11-10', 1, 1481, NULL, 1),
(2956, '1605001157387_SAT.jpg', '2020-11-10', 1, 1482, NULL, 1),
(2957, '1605001305196_SAT.jpg', '2020-11-10', 1, 1483, NULL, 1),
(2958, '1605001417189_SAT.jpg', '2020-11-10', 1, 1484, NULL, 1),
(2959, '1605001567764_SAT.jpg', '2020-11-10', 1, 1485, NULL, 1),
(2960, '1605002015726_SAT.jpg', '2020-11-10', 1, 1486, NULL, 1),
(2961, '1605002198029_SAT.jpg', '2020-11-10', 1, 1487, NULL, 1),
(2962, '1605002380142_SAT.jpg', '2020-11-10', 1, 1488, NULL, 1),
(2963, '1605002558089_SAT.jpg', '2020-11-10', 1, 1489, NULL, 1),
(2964, '1605003425865_SAT.jpg', '2020-11-10', 1, 1490, NULL, 1),
(2965, '1605003674557_SAT.jpg', '2020-11-10', 1, 1491, NULL, 1),
(2966, '1605003829423_SAT.jpg', '2020-11-10', 1, 1492, NULL, 1),
(2967, '1605003969965_SAT.jpg', '2020-11-10', 1, 1493, NULL, 1),
(2968, '1605004187641_SAT.jpg', '2020-11-10', 1, 1494, NULL, 1),
(2969, '1605004271858_SAT.jpg', '2020-11-10', 1, 1495, NULL, 1),
(2970, '1605004518363_SAT.jpg', '2020-11-10', 1, 1496, NULL, 1),
(2971, '1605004645783_SAT.jpg', '2020-11-10', 1, 1497, NULL, 1),
(2972, '1605004743150_SAT.jpg', '2020-11-10', 1, 1498, NULL, 1),
(2973, '1605004831947_SAT.jpg', '2020-11-10', 1, 1499, NULL, 1),
(2974, '1605005018356_SAT.jpg', '2020-11-10', 1, 1500, NULL, 1),
(2975, '1605005133800_SAT.jpg', '2020-11-10', 1, 1501, NULL, 1),
(2976, '1605005241647_SAT.jpg', '2020-11-10', 1, 1502, NULL, 1),
(2977, '1605005526917_SAT.jpg', '2020-11-10', 1, 1503, NULL, 1),
(2978, '1605005632714_SAT.jpg', '2020-11-10', 1, 1504, NULL, 1),
(2979, '1605005968754_SAT.jpg', '2020-11-10', 1, 1505, NULL, 1),
(2980, '1605006247110_SAT.jpg', '2020-11-10', 1, 1506, NULL, 1),
(2981, '1605006491563_SAT.jpg', '2020-11-10', 1, 1507, NULL, 1),
(2982, '1605006629035_SAT.jpg', '2020-11-10', 1, 1508, NULL, 1),
(2983, '1605383804707_SAT.jpg', '2020-11-14', 1, 1509, NULL, 1),
(2984, '1605383929026_SAT.jpg', '2020-11-14', 1, 1510, NULL, 1),
(2985, '1605384050294_SAT.jpg', '2020-11-14', 1, 1511, NULL, 1),
(2986, '1605384181140_SAT.jpg', '2020-11-14', 1, 1512, NULL, 1),
(2987, '1605384307728_SAT.jpg', '2020-11-14', 1, 1513, NULL, 1),
(2988, '1605384431776_SAT.jpg', '2020-11-14', 1, 1514, NULL, 1),
(2989, '1605384906240_SAT.jpg', '2020-11-14', 1, 1515, NULL, 1),
(2990, '1605385106848_SAT.jpg', '2020-11-14', 1, 1516, NULL, 1),
(2991, '1605594742066_SAT.jpg', '2020-11-17', 1, 1517, NULL, 1),
(2992, '1605595014412_SAT.jpg', '2020-11-17', 1, 1518, NULL, 1),
(2993, '1605595342625_SAT.jpg', '2020-11-17', 1, 1519, NULL, 1),
(2994, '1605595645327_SAT.jpg', '2020-11-17', 1, 1520, NULL, 1),
(2995, '1605595832713_SAT.jpg', '2020-11-17', 1, 1521, NULL, 1),
(2996, '1606135655424_SAT.jpg', '2020-11-23', 1, 1522, NULL, 1),
(2997, '1606135749160_SAT.jpg', '2020-11-23', 1, 1523, NULL, 1),
(2998, '1606135866240_SAT.jpg', '2020-11-23', 1, 1524, NULL, 1),
(2999, '1606135996191_SAT.jpg', '2020-11-23', 1, 1525, NULL, 1),
(3000, '1606136077316_SAT.jpg', '2020-11-23', 1, 1526, NULL, 1),
(3001, '1606136488395_SAT.jpg', '2020-11-23', 1, 1527, NULL, 1),
(3002, '1606136594666_SAT.jpg', '2020-11-23', 1, 1528, NULL, 1),
(3003, '1606136698460_SAT.jpg', '2020-11-23', 1, 1529, NULL, 1),
(3004, '1606136790868_SAT.jpg', '2020-11-23', 1, 1530, NULL, 1),
(3005, '1606136890486_SAT.jpg', '2020-11-23', 1, 1531, NULL, 1),
(3006, '1606201252071_SAT.jpg', '2020-11-24', 1, 1532, NULL, 1),
(3007, '1606201407946_SAT.jpg', '2020-11-24', 1, 1533, NULL, 1),
(3008, '1606201596580_SAT.jpg', '2020-11-24', 1, 1534, NULL, 1),
(3009, '1606201803115_SAT.jpg', '2020-11-24', 1, 1535, NULL, 1),
(3010, '1606202125973_SAT.jpg', '2020-11-24', 1, 1536, NULL, 1),
(3011, '1606202262546_SAT.jpg', '2020-11-24', 1, 1537, NULL, 1),
(3012, '1606202416601_SAT.jpg', '2020-11-24', 1, 1538, NULL, 1),
(3013, '1606202515077_SAT.jpg', '2020-11-24', 1, 1539, NULL, 1),
(3014, '1606202627127_SAT.jpg', '2020-11-24', 1, 1540, NULL, 1),
(3015, '1606202764095_SAT.jpg', '2020-11-24', 1, 1541, NULL, 1),
(3016, '1606202958022_SAT.jpg', '2020-11-24', 1, 1542, NULL, 1),
(3017, '1606203091498_SAT.jpg', '2020-11-24', 1, 1543, NULL, 1),
(3018, '1606203200499_SAT.jpg', '2020-11-24', 1, 1544, NULL, 1),
(3019, '1610889903959_SAT.jpg', '2021-01-17', 1, 1545, NULL, 1),
(3020, '1610890269090_SAT.jpg', '2021-01-17', 1, 1546, NULL, 1),
(3021, '1610890513278_SAT.jpg', '2021-01-17', 1, 1547, NULL, 1),
(3022, '1610890711820_SAT.jpg', '2021-01-17', 1, 1548, NULL, 1),
(3023, '1610890839764_SAT.jpg', '2021-01-17', 1, 1549, NULL, 1),
(3024, '1610891263807_SAT.jpg', '2021-01-17', 1, 1550, NULL, 1),
(3025, '1610891369060_SAT.jpg', '2021-01-17', 1, 1551, NULL, 1),
(3026, '1610891544738_SAT.jpg', '2021-01-17', 1, 1552, NULL, 1),
(3027, '1610892172837_SAT.jpg', '2021-01-17', 1, 1553, NULL, 1),
(3028, '1610892412382_SAT.jpg', '2021-01-17', 1, 1554, NULL, 1),
(3029, '1610892602218_SAT.jpg', '2021-01-17', 1, 1555, NULL, 1),
(3030, '1610894063002_SAT.jpg', '2021-01-17', 1, 1556, NULL, 1),
(3032, '1610894455964_SAT.jpg', '2021-01-17', 1, 1558, NULL, 1),
(3033, '1610894621931_SAT.jpg', '2021-01-17', 1, 1559, NULL, 1),
(3034, '1610895442036_SAT.jpg', '2021-01-17', 1, 1560, NULL, 1),
(3036, '1610895882963_SAT.jpg', '2021-01-17', 1, 1562, NULL, 1),
(3037, '1610896135275_SAT.jpg', '2021-01-17', 1, 1563, NULL, 1),
(3038, '1610896308732_SAT.jpg', '2021-01-17', 1, 1564, NULL, 1),
(3039, '1610896630387_SAT.jpg', '2021-01-17', 1, 1565, NULL, 1),
(3040, '1610896717464_SAT.jpg', '2021-01-17', 1, 1566, NULL, 1),
(3041, '1610896917120_SAT.jpg', '2021-01-17', 1, 1567, NULL, 1),
(3042, '1610897141338_SAT.jpg', '2021-01-17', 1, 1568, NULL, 1),
(3043, '1610897236510_SAT.jpg', '2021-01-17', 1, 1569, NULL, 1),
(3044, '1610897334116_SAT.jpg', '2021-01-17', 1, 1570, NULL, 1),
(3045, '1610897414564_SAT.jpg', '2021-01-17', 1, 1571, NULL, 1),
(3046, '1610898155361_SAT.jpg', '2021-01-17', 1, 1572, NULL, 1),
(3047, '1610901067345_SAT.jpg', '2021-01-17', 1, 1573, NULL, 1),
(3048, '1610901310704_SAT.jpg', '2021-01-17', 1, 1574, NULL, 1),
(3049, '1610901546044_SAT.jpg', '2021-01-17', 1, 1575, NULL, 1),
(3050, '1610901706458_SAT.jpg', '2021-01-17', 1, 1576, NULL, 1),
(3051, '1610901854649_SAT.jpg', '2021-01-17', 1, 1577, NULL, 1),
(3052, '1610901982305_SAT.jpg', '2021-01-17', 1, 1578, NULL, 1),
(3053, '1610902082734_SAT.jpg', '2021-01-17', 1, 1579, NULL, 1),
(3054, '1610902179503_SAT.jpg', '2021-01-17', 1, 1580, NULL, 1),
(3055, '1610902360134_SAT.jpg', '2021-01-17', 1, 1581, NULL, 1),
(3056, '1610902505157_SAT.jpg', '2021-01-17', 1, 1582, NULL, 1),
(3057, '1610902608265_SAT.jpg', '2021-01-17', 1, 1583, NULL, 1),
(3058, '1610902737958_SAT.jpg', '2021-01-17', 1, 1584, NULL, 1),
(3059, '1610903695073_SAT.jpg', '2021-01-17', 1, 1585, NULL, 1),
(3060, '1610903813973_SAT.jpg', '2021-01-17', 1, 1586, NULL, 1),
(3061, '1610903913853_SAT.jpg', '2021-01-17', 1, 1587, NULL, 1),
(3062, '1610903996674_SAT.jpg', '2021-01-17', 1, 1588, NULL, 1),
(3063, '1610904111381_SAT.jpg', '2021-01-17', 1, 1589, NULL, 1),
(3064, '1610904323517_SAT.jpg', '2021-01-17', 1, 1590, NULL, 1),
(3065, '1610904409603_SAT.jpg', '2021-01-17', 1, 1591, NULL, 1),
(3067, '1610905226664_SAT.jpg', '2021-01-17', 1, 1593, NULL, 1),
(3068, '1610905336389_SAT.jpg', '2021-01-17', 1, 1594, NULL, 1),
(3069, '1610905514641_SAT.jpg', '2021-01-17', 1, 1595, NULL, 1),
(3070, '1610905660126_SAT.jpg', '2021-01-17', 1, 1596, NULL, 1),
(3071, '1610905951120_SAT.jpg', '2021-01-17', 1, 1597, NULL, 1),
(3072, '1610906047449_SAT.jpg', '2021-01-17', 1, 1598, NULL, 1),
(3073, '1610906183053_SAT.jpg', '2021-01-17', 1, 1599, NULL, 1),
(3074, '1610906271862_SAT.jpg', '2021-01-17', 1, 1600, NULL, 1),
(3075, '1610906366808_SAT.jpg', '2021-01-17', 1, 1601, NULL, 1),
(3076, '1614065428597_SAT.jpg', '2021-02-23', 1, 1602, NULL, 1),
(3077, '1616921987791_SAT.jpg', '2021-03-28', 1, 1603, NULL, 1),
(3078, '1616922111470_SAT.jpg', '2021-03-28', 1, 1604, NULL, 1),
(3079, '1616922787207_SAT.jpg', '2021-03-28', 1, 1605, NULL, 1),
(3080, '1616925644800_SAT.jpg', '2021-03-28', 1, 1606, NULL, 1),
(3081, '1616926623095_SAT.jpg', '2021-03-28', 1, 1607, NULL, 1),
(3082, '1616929009999_SAT.jpg', '2021-03-28', 1, 1608, NULL, 1),
(3085, '1621270974133_SAT.jpg', '2021-05-17', 1, 1611, NULL, 1),
(3086, '1625219570050_SAT.jpg', '2021-07-02', 1, 1612, NULL, 1),
(3087, '1625219938708_SAT.jpg', '2021-07-02', 1, 1613, NULL, 1),
(3088, '1625220525151_SAT.jpg', '2021-07-02', 1, 1614, NULL, 1),
(3089, '1625220716419_SAT.jpg', '2021-07-02', 1, 1615, NULL, 1),
(3090, '1625221148176_SAT.jpg', '2021-07-02', 1, 1616, NULL, 1),
(3091, '1625222361414_SAT.jpg', '2021-07-02', 1, 1617, NULL, 1),
(3092, '1625254667479_SAT.jpg', '2021-07-02', 1, 1618, NULL, 1),
(3093, '1625255305008_SAT.jpg', '2021-07-02', 1, 1619, NULL, 1),
(3094, '1625258575010_SAT.jpg', '2021-07-02', 1, 1620, NULL, 1),
(3097, '1625261563217_SAT.jpg', '2021-07-02', 1, 1623, NULL, 1),
(3099, '1625265927929_SAT.jpg', '2021-07-03', 1, 1625, NULL, 1),
(3100, '1625267332829_SAT.jpg', '2021-07-03', 1, 1626, NULL, 1),
(3101, '1625268644194_SAT.jpg', '2021-07-03', 1, 1627, NULL, 1),
(3103, '1625814067738_SAT.jpg', '2021-07-09', 1, 1629, NULL, 1),
(3104, '1625814264112_SAT.jpg', '2021-07-09', 0, 1630, NULL, 1),
(3105, '1625817311183_SAT.jpg', '2021-07-09', 1, 1631, NULL, 1),
(3108, '1626363727424_SAT.jpg', '2021-07-15', 1, 1634, NULL, 1),
(3109, '1626364260040_SAT.jpg', '2021-07-15', 1, 1635, NULL, 1),
(3110, '1626364888011_SAT.jpg', '2021-07-15', 1, 1636, NULL, 1),
(3111, '1626365376056_SAT.jpg', '2021-07-15', 1, 1637, NULL, 1),
(3112, '1627999316022_SAT.jpg', '2021-08-03', 1, 1638, NULL, 1),
(3113, '1627999409921_SAT.jpg', '2021-08-03', 1, 1639, NULL, 1),
(3114, '1627999554201_SAT.jpg', '2021-08-03', 1, 1640, NULL, 1),
(3115, '1631959794538_SAT.jpg', '2021-09-18', 1, 1641, NULL, 1),
(3116, '1631960048560_SAT.jpg', '2021-09-18', 1, 1642, NULL, 1),
(3117, '1631960522213_SAT.jpg', '2021-09-18', 1, 1643, NULL, 1),
(3119, '1631960840312_SAT.jpg', '2021-09-18', 1, 1645, NULL, 1),
(3120, '1631960946139_SAT.jpg', '2021-09-18', 1, 1646, NULL, 1),
(3121, '1631961223457_SAT.jpg', '2021-09-18', 1, 1647, NULL, 1),
(3122, '1631961336971_SAT.jpg', '2021-09-18', 1, 1648, NULL, 1),
(3123, '1632649408429_SAT.jpg', '2021-09-26', 1, 1649, NULL, 1),
(3124, '1632649591207_SAT.jpg', '2021-09-26', 1, 1650, NULL, 1),
(3125, '1632649738816_SAT.jpg', '2021-09-26', 1, 1651, NULL, 1),
(3126, '1632649956947_SAT.jpg', '2021-09-26', 1, 1652, NULL, 1),
(3127, '1632650114569_SAT.jpg', '2021-09-26', 1, 1653, NULL, 1),
(3128, '1634456058728_SAT.jpg', '2021-10-17', 1, 1654, NULL, 1),
(3129, '1634631157262_SAT.jpg', '2021-10-19', 1, 1655, NULL, 1),
(3130, '1634631331406_SAT.jpg', '2021-10-19', 1, 1656, NULL, 1),
(3131, '1634631555570_SAT.jpg', '2021-10-19', 1, 1657, NULL, 1),
(3132, '1634631892015_SAT.jpg', '2021-10-19', 1, 1658, NULL, 1),
(3133, '1634632207273_SAT.jpg', '2021-10-19', 1, 1659, NULL, 1),
(3134, '1634632305754_SAT.jpg', '2021-10-19', 1, 1660, NULL, 1),
(3135, '1634632485800_SAT.jpg', '2021-10-19', 1, 1661, NULL, 1),
(3136, '1634632626746_SAT.jpg', '2021-10-19', 1, 1662, NULL, 1),
(3137, '1634633799294_SAT.jpg', '2021-10-19', 1, 1663, NULL, 1),
(3138, '1634634047830_SAT.jpg', '2021-10-19', 1, 1664, NULL, 1),
(3139, '1634634195511_SAT.jpg', '2021-10-19', 1, 1665, NULL, 1),
(3140, '1635325185032_SAT.jpg', '2021-10-27', 1, 1666, NULL, 1),
(3141, '1635410708769_SAT.jpg', '2021-10-28', 1, 1667, NULL, 1),
(3142, '1639769777119_SAT.jpg', '2021-12-17', 1, 1668, NULL, 1),
(3143, '1639769905774_SAT.jpg', '2021-12-17', 1, 1669, NULL, 1),
(3144, '1639770051716_SAT.jpg', '2021-12-17', 1, 1670, NULL, 1),
(3145, '1639770386134_SAT.jpg', '2021-12-17', 1, 1671, NULL, 1),
(3146, '1639772341749_SAT.jpg', '2021-12-17', 1, 1672, NULL, 1),
(3147, '1639772634937_SAT.jpg', '2021-12-17', 1, 1673, NULL, 1),
(3148, '1639772956178_SAT.jpg', '2021-12-17', 1, 1674, NULL, 1),
(3149, '1639773306649_SAT.jpg', '2021-12-17', 1, 1675, NULL, 1),
(3150, '1639773637780_SAT.jpg', '2021-12-17', 1, 1676, NULL, 1),
(3151, '1639773846399_SAT.jpg', '2021-12-17', 1, 1677, NULL, 1),
(3152, '1639774181768_SAT.jpg', '2021-12-17', 1, 1678, NULL, 1),
(3153, '1639774753631_SAT.jpg', '2021-12-17', 1, 1679, NULL, 1),
(3154, '1639774955724_SAT.jpg', '2021-12-17', 1, 1680, NULL, 1),
(3155, '1639775670242_SAT.jpg', '2021-12-17', 1, 1681, NULL, 1),
(3156, '1639776112327_SAT.jpg', '2021-12-17', 1, 1682, NULL, 1),
(3157, '1639776345214_SAT.jpg', '2021-12-17', 1, 1683, NULL, 1),
(3158, '1639778570918_SAT.jpg', '2021-12-17', 1, 1684, NULL, 1),
(3159, '1639779383336_SAT.jpg', '2021-12-17', 1, 1685, NULL, 1),
(3160, '1639779720723_SAT.jpg', '2021-12-17', 1, 1686, NULL, 1),
(3161, '1641814475695_SAT.jpg', '2022-01-10', 1, 1687, NULL, 1),
(3162, '1642507118802_SAT.jpg', '2022-01-18', 1, 1688, NULL, 1),
(3163, '1642507315592_SAT.jpg', '2022-01-18', 1, 1689, NULL, 1),
(3164, '1642507698750_SAT.jpg', '2022-01-18', 1, 1690, NULL, 1),
(3165, '1642508542631_SAT.jpg', '2022-01-18', 1, 1691, NULL, 1),
(3166, '1642509258881_SAT.jpg', '2022-01-18', 1, 1692, NULL, 1),
(3167, '1642844082975_SAT.jpg', '2022-01-22', 1, 1693, NULL, 1),
(3169, '1649754662007_SAT.JPG', '2022-04-12', 1, 1695, NULL, 1),
(3170, '1649755011687_SAT.JPG', '2022-04-12', 1, 1696, NULL, 1),
(3171, '1649755150052_SAT.JPG', '2022-04-12', 1, 1697, NULL, 1),
(3172, '1649755300929_SAT.JPG', '2022-04-12', 1, 1698, NULL, 1),
(3173, '1649755398423_SAT.JPG', '2022-04-12', 1, 1699, NULL, 1),
(3174, '1649755538745_SAT.JPG', '2022-04-12', 1, 1700, NULL, 1),
(3175, '1649755720827_SAT.JPG', '2022-04-12', 1, 1701, NULL, 1),
(3176, '1649755984070_SAT.JPG', '2022-04-12', 1, 1702, NULL, 1),
(3177, '1649756063392_SAT.JPG', '2022-04-12', 1, 1703, NULL, 1),
(3178, '1649756264231_SAT.JPG', '2022-04-12', 1, 1704, NULL, 1),
(3179, '1649756488794_SAT.JPG', '2022-04-12', 1, 1705, NULL, 1),
(3180, '1649756600236_SAT.JPG', '2022-04-12', 1, 1706, NULL, 1),
(3181, '1649756685261_SAT.JPG', '2022-04-12', 1, 1707, NULL, 1),
(3182, '1649756823647_SAT.JPG', '2022-04-12', 1, 1708, NULL, 1),
(3183, '1649756951485_SAT.JPG', '2022-04-12', 1, 1709, NULL, 1),
(3184, '1649757054838_SAT.JPG', '2022-04-12', 1, 1710, NULL, 1),
(3185, '1649757162758_SAT.JPG', '2022-04-12', 1, 1711, NULL, 1),
(3186, '1649757252763_SAT.JPG', '2022-04-12', 1, 1712, NULL, 1),
(3187, '1651567830129_SAT.JPG', '2022-05-03', 1, 1713, NULL, 1),
(3188, '1670656836892_SAT.JPG', '2022-12-10', 1, 1714, NULL, 1),
(3189, '1670657059665_SAT.JPG', '2022-12-10', 1, 1715, NULL, 1),
(3190, '1670657200091_SAT.JPG', '2022-12-10', 1, 1716, NULL, 1),
(3191, '1671214690835_SAT.JPG', '2022-12-16', 1, 1717, NULL, 1),
(3192, '1674370344342_SAT.JPG', '2023-01-22', 1, 1718, NULL, 1),
(3193, '1676546471543_SAT.JPG', '2023-02-16', 1, 1719, NULL, 1),
(3194, '1676904878948_SAT.JPG', '2023-02-20', 1, 1720, NULL, 1),
(3195, '1678980241042_SAT.JPG', '2023-03-16', 1, 1721, NULL, 1),
(3196, '1678980643357_SAT.JPG', '2023-03-16', 1, 1722, NULL, 1),
(3197, '1678980872188_SAT.JPG', '2023-03-16', 1, 1723, NULL, 1),
(3199, '1679006967942_SAT.JPG', '2023-03-16', 1, 1725, NULL, 1),
(3200, '1680607868327_SAT.JPG', '2023-04-04', 1, 1726, NULL, 1),
(3201, '1684893680349_SAT.JPG', '2023-05-24', 1, 1727, NULL, 1),
(3202, '1684894581586_SAT.JPG', '2023-05-24', 1, 1728, NULL, 1),
(3203, '1686747293751_SAT.JPG', '2023-06-14', 1, 1729, NULL, 1),
(3204, '1686747424820_SAT.JPG', '2023-06-14', 1, 1730, NULL, 1),
(3205, '1686747787008_SAT.JPG', '2023-06-14', 1, 1731, NULL, 1),
(3206, '1686747876967_SAT.JPG', '2023-06-14', 1, 1732, NULL, 1),
(3207, '1686747962479_SAT.JPG', '2023-06-14', 1, 1733, NULL, 1),
(3208, '1686748052052_SAT.JPG', '2023-06-14', 1, 1734, NULL, 1),
(3209, '1686748193598_SAT.JPG', '2023-06-14', 1, 1735, NULL, 1),
(3210, '1686748454908_SAT.JPG', '2023-06-14', 1, 1736, NULL, 1),
(3211, '1686748915193_SAT.JPG', '2023-06-14', 1, 1737, NULL, 1),
(3212, '1686749080995_SAT.JPG', '2023-06-14', 1, 1738, NULL, 1),
(3213, '1686749250853_SAT.JPG', '2023-06-14', 1, 1739, NULL, 1),
(3215, '1697196226001_SAT.JPG', '2023-10-13', 1, 1741, NULL, 1),
(3216, '1697478832020_USR.jpg', '2023-10-16', 0, 1742, 1, 3),
(3217, '1697478832200_USR.jpg', '2023-10-16', 1, 1742, 1, 3),
(3218, '1697478832554_USR.jpg', '2023-10-16', 0, 1742, 1, 3),
(3219, '1697478832642_USR.jpg', '2023-10-16', 0, 1742, 1, 3),
(3220, '1697478832929_USR.jpg', '2023-10-16', 0, 1742, 1, 3),
(3221, '1697478832982_USR.jpg', '2023-10-16', 0, 1742, 1, 3),
(3222, '1697478833239_USR.jpg', '2023-10-16', 0, 1742, 1, 3),
(3223, '1697478833456_USR.jpg', '2023-10-16', 0, 1742, 1, 3),
(3224, '1697478833504_USR.jpg', '2023-10-16', 0, 1742, 1, 3),
(3225, '1697478833569_USR.jpg', '2023-10-16', 0, 1742, 1, 3),
(3226, '1697478833641_SAT.JPG', '2023-10-16', 0, 1742, NULL, 1),
(3227, '1697479383085_USR.jpg', '2023-10-16', 1, 1743, 1, 3),
(3228, '1697479383129_USR.jpg', '2023-10-16', 0, 1743, 1, 3),
(3229, '1697479383193_USR.jpg', '2023-10-16', 0, 1743, 1, 3),
(3230, '1697479383246_USR.jpg', '2023-10-16', 0, 1743, 1, 3),
(3231, '1697479383303_USR.jpg', '2023-10-16', 0, 1743, 1, 3),
(3232, '1697479383375_USR.jpg', '2023-10-16', 0, 1743, 1, 3),
(3233, '1697479383455_USR.jpg', '2023-10-16', 0, 1743, 1, 3),
(3234, '1697479383617_USR.jpg', '2023-10-16', 0, 1743, 1, 3),
(3235, '1697479383744_USR.jpg', '2023-10-16', 0, 1743, 1, 3),
(3236, '1697479383829_USR.jpg', '2023-10-16', 0, 1743, 1, 3),
(3237, '1697479383992_SAT.JPG', '2023-10-16', 0, 1743, NULL, 1),
(3238, '1697479660397_USR.jpg', '2023-10-16', 1, 1744, 1, 3),
(3239, '1697479660478_USR.jpg', '2023-10-16', 0, 1744, 1, 3),
(3240, '1697479660543_USR.jpg', '2023-10-16', 0, 1744, 1, 3),
(3241, '1697479660622_USR.jpg', '2023-10-16', 0, 1744, 1, 3),
(3242, '1697479660708_USR.jpg', '2023-10-16', 0, 1744, 1, 3),
(3243, '1697479660769_SAT.JPG', '2023-10-16', 0, 1744, NULL, 1),
(3244, '1697479925125_USR.jpg', '2023-10-16', 1, 1745, 1, 3),
(3245, '1697479925206_USR.jpg', '2023-10-16', 0, 1745, 1, 3),
(3246, '1697479925275_SAT.JPG', '2023-10-16', 0, 1745, NULL, 1),
(3247, '1697480137927_USR.jpg', '2023-10-16', 1, 1746, 1, 3),
(3248, '1697480137989_USR.jpg', '2023-10-16', 0, 1746, 1, 3),
(3249, '1697480138043_USR.jpg', '2023-10-16', 0, 1746, 1, 3),
(3250, '1697480138141_USR.jpg', '2023-10-16', 0, 1746, 1, 3),
(3251, '1697480138195_SAT.JPG', '2023-10-16', 0, 1746, NULL, 1),
(3252, '1697480612801_USR.jpg', '2023-10-16', 1, 1747, 1, 3),
(3253, '1697480612861_USR.jpg', '2023-10-16', 0, 1747, 1, 3),
(3254, '1697480612920_USR.jpg', '2023-10-16', 0, 1747, 1, 3),
(3255, '1697480612993_SAT.JPG', '2023-10-16', 0, 1747, NULL, 1),
(3256, '1697480973796_USR.jpg', '2023-10-16', 1, 1748, 1, 3),
(3257, '1697480973872_USR.jpg', '2023-10-16', 0, 1748, 1, 3),
(3258, '1697480973966_USR.jpg', '2023-10-16', 0, 1748, 1, 3),
(3259, '1697480974014_USR.jpg', '2023-10-16', 0, 1748, 1, 3),
(3260, '1697480974075_SAT.JPG', '2023-10-16', 0, 1748, NULL, 1),
(3261, '1697481827249_USR.jpg', '2023-10-16', 1, 1749, 1, 3),
(3262, '1697481827262_USR.jpg', '2023-10-16', 0, 1749, 1, 3),
(3263, '1697481827273_USR.jpg', '2023-10-16', 0, 1749, 1, 3),
(3264, '1697481827286_USR.jpg', '2023-10-16', 0, 1749, 1, 3),
(3265, '1697481827296_USR.jpg', '2023-10-16', 0, 1749, 1, 3),
(3266, '1697481827308_USR.jpg', '2023-10-16', 0, 1749, 1, 3),
(3267, '1697481827341_USR.jpg', '2023-10-16', 0, 1749, 1, 3),
(3268, '1697481827359_USR.jpg', '2023-10-16', 0, 1749, 1, 3),
(3269, '1697481827371_USR.jpg', '2023-10-16', 0, 1749, 1, 3),
(3270, '1697481827383_USR.jpg', '2023-10-16', 0, 1749, 1, 3),
(3271, '1697481827395_USR.jpg', '2023-10-16', 0, 1749, 1, 3),
(3272, '1697481827407_USR.jpg', '2023-10-16', 0, 1749, 1, 3),
(3273, '1697481827419_USR.jpg', '2023-10-16', 0, 1749, 1, 3),
(3274, '1697481827430_USR.jpg', '2023-10-16', 0, 1749, 1, 3),
(3275, '1697481827442_USR.jpg', '2023-10-16', 0, 1749, 1, 3),
(3276, '1697481827454_USR.jpg', '2023-10-16', 0, 1749, 1, 3),
(3277, '1697481827464_USR.jpg', '2023-10-16', 0, 1749, 1, 3),
(3278, '1697481827478_USR.jpg', '2023-10-16', 0, 1749, 1, 3),
(3279, '1697481827490_USR.jpg', '2023-10-16', 0, 1749, 1, 3),
(3280, '1697481827503_USR.jpg', '2023-10-16', 0, 1749, 1, 3),
(3281, '1697481827515_USR.jpg', '2023-10-16', 0, 1749, 1, 3),
(3282, '1697481827526_USR.jpg', '2023-10-16', 0, 1749, 1, 3),
(3283, '1697481827541_USR.jpg', '2023-10-16', 0, 1749, 1, 3),
(3284, '1697481827553_USR.jpg', '2023-10-16', 0, 1749, 1, 3),
(3285, '1697481827564_USR.jpg', '2023-10-16', 0, 1749, 1, 3),
(3286, '1697481827576_USR.jpg', '2023-10-16', 0, 1749, 1, 3),
(3287, '1697481827586_USR.jpg', '2023-10-16', 0, 1749, 1, 3),
(3288, '1697481827616_USR.jpg', '2023-10-16', 0, 1749, 1, 3),
(3289, '1697481827642_USR.jpg', '2023-10-16', 0, 1749, 1, 3),
(3290, '1697481827660_USR.jpg', '2023-10-16', 0, 1749, 1, 3),
(3291, '1697481827671_USR.jpg', '2023-10-16', 0, 1749, 1, 3),
(3292, '1697481827685_USR.jpg', '2023-10-16', 0, 1749, 1, 3),
(3293, '1697481827712_SAT.JPG', '2023-10-16', 0, 1749, NULL, 1),
(3294, '1697482285817_USR.jpg', '2023-10-16', 0, 1750, 1, 3),
(3295, '1697482285829_USR.jpg', '2023-10-16', 0, 1750, 1, 3),
(3296, '1697482285839_USR.jpg', '2023-10-16', 1, 1750, 1, 3),
(3297, '1697482285853_USR.jpg', '2023-10-16', 0, 1750, 1, 3),
(3298, '1697482285869_USR.jpg', '2023-10-16', 0, 1750, 1, 3),
(3299, '1697482285882_USR.jpg', '2023-10-16', 0, 1750, 1, 3),
(3300, '1697482285895_USR.jpg', '2023-10-16', 0, 1750, 1, 3),
(3301, '1697482285909_USR.jpg', '2023-10-16', 0, 1750, 1, 3),
(3302, '1697482285920_USR.jpg', '2023-10-16', 0, 1750, 1, 3),
(3303, '1697482285935_USR.jpg', '2023-10-16', 0, 1750, 1, 3),
(3304, '1697482285948_USR.jpg', '2023-10-16', 0, 1750, 1, 3),
(3305, '1697482285960_USR.jpg', '2023-10-16', 0, 1750, 1, 3),
(3306, '1697482285970_SAT.JPG', '2023-10-16', 0, 1750, NULL, 1),
(3307, '1697482713270_USR.jpg', '2023-10-16', 1, 1751, 1, 3),
(3308, '1697482713286_USR.jpg', '2023-10-16', 0, 1751, 1, 3),
(3309, '1697482713303_USR.jpg', '2023-10-16', 0, 1751, 1, 3),
(3310, '1697482713318_USR.jpg', '2023-10-16', 0, 1751, 1, 3),
(3311, '1697482713333_SAT.JPG', '2023-10-16', 0, 1751, NULL, 1),
(3312, '1697482913642_USR.jpg', '2023-10-16', 1, 1752, 1, 3),
(3313, '1697482913692_USR.jpg', '2023-10-16', 0, 1752, 1, 3),
(3314, '1697482913753_USR.jpg', '2023-10-16', 0, 1752, 1, 3),
(3315, '1697482913810_USR.jpg', '2023-10-16', 0, 1752, 1, 3),
(3316, '1697482913884_SAT.JPG', '2023-10-16', 0, 1752, NULL, 1),
(3317, '1697483092018_USR.jpg', '2023-10-16', 0, 1753, 1, 3),
(3318, '1697483092068_USR.jpg', '2023-10-16', 0, 1753, 1, 3),
(3319, '1697483092104_USR.jpg', '2023-10-16', 1, 1753, 1, 3),
(3320, '1697483092173_USR.jpg', '2023-10-16', 0, 1753, 1, 3),
(3321, '1697483092218_SAT.JPG', '2023-10-16', 0, 1753, NULL, 1),
(3322, '1697483292515_USR.jpg', '2023-10-16', 1, 1754, 1, 3),
(3323, '1697483292575_USR.jpg', '2023-10-16', 0, 1754, 1, 3),
(3324, '1697483292638_USR.jpg', '2023-10-16', 0, 1754, 1, 3),
(3325, '1697483292813_SAT.JPG', '2023-10-16', 0, 1754, NULL, 1),
(3342, '1698821872505_SAT.JPG', '2023-11-01', 1, 1772, NULL, 1),
(3343, '1698822322825_USR.jpg', '2023-11-01', 1, 1773, 1, 3),
(3344, '1698822323141_USR.jpg', '2023-11-01', 0, 1773, 1, 3),
(3345, '1698822323157_SAT.JPG', '2023-11-01', 0, 1773, NULL, 1),
(3346, '1698822438556_USR.jpg', '2023-11-01', 0, 1774, 1, 3),
(3347, '1698822438571_USR.jpg', '2023-11-01', 0, 1774, 1, 3);
INSERT INTO `image` (`id`, `name`, `date_taken`, `is_front`, `marker_id`, `user_id`, `image_type_id`) VALUES
(3348, '1698822438587_USR.jpg', '2023-11-01', 0, 1774, 1, 3),
(3350, '1698822438603_SAT.JPG', '2023-11-01', 0, 1774, NULL, 1),
(3354, '1698822986328_USR.jpg', '2023-11-01', 0, 1776, 1, 3),
(3355, '1698822986359_USR.jpg', '2023-11-01', 1, 1776, 1, 3),
(3356, '1698822986382_USR.jpg', '2023-11-01', 0, 1776, 1, 3),
(3357, '1698822986413_SAT.JPG', '2023-11-01', 0, 1776, NULL, 1),
(3358, '1698823191831_USR.jpg', '2023-11-01', 1, 1777, 1, 3),
(3359, '1698823191894_USR.jpg', '2023-11-01', 0, 1777, 1, 3),
(3360, '1698823191916_USR.jpg', '2023-11-01', 0, 1777, 1, 3),
(3362, '1698823191932_SAT.JPG', '2023-11-01', 0, 1777, NULL, 1),
(3363, '1698823368758_USR.jpg', '2023-11-01', 0, 1778, 1, 3),
(3364, '1698823368770_USR.jpg', '2023-11-01', 0, 1778, 1, 3),
(3365, '1698823368778_USR.jpg', '2023-11-01', 1, 1778, 1, 3),
(3366, '1698823368790_SAT.JPG', '2023-11-01', 0, 1778, NULL, 1),
(3367, '1698823572494_USR.jpg', '2023-11-01', 1, 1779, 1, 3),
(3368, '1698823572501_USR.jpg', '2023-11-01', 0, 1779, 1, 3),
(3369, '1698823572516_USR.jpg', '2023-11-01', 0, 1779, 1, 3),
(3370, '1698823572532_USR.jpg', '2023-11-01', 0, 1779, 1, 3),
(3372, '1698823572548_SAT.JPG', '2023-11-01', 0, 1779, NULL, 1),
(3380, '1698824179779_USR.jpg', '2023-11-01', 1, 1781, 1, 3),
(3381, '1698824179785_USR.jpg', '2023-11-01', 0, 1781, 1, 3),
(3382, '1698824179801_SAT.JPG', '2023-11-01', 0, 1781, NULL, 1),
(3397, '1698825103201_USR.jpg', '2023-11-01', 1, 1783, 1, 3),
(3398, '1698825103217_USR.jpg', '2023-11-01', 0, 1783, 1, 3),
(3399, '1698825103217_SAT.JPG', '2023-11-01', 0, 1783, NULL, 1),
(3400, '1698825563747_USR.jpg', '2023-11-01', 0, 1784, 1, 3),
(3402, '1698825563763_USR.jpg', '2023-11-01', 0, 1784, 1, 3),
(3403, '1698825563778_USR.jpg', '2023-11-01', 0, 1784, 1, 3),
(3405, '1698825563794_USR.jpg', '2023-11-01', 1, 1784, 1, 3),
(3406, '1698825563810_SAT.JPG', '2023-11-01', 0, 1784, NULL, 1),
(3407, '1698826337668_USR.jpg', '2023-11-01', 0, 1785, 1, 3),
(3408, '1698826337673_USR.jpg', '2023-11-01', 0, 1785, 1, 3),
(3409, '1698826337678_USR.jpg', '2023-11-01', 0, 1785, 1, 3),
(3410, '1698826337686_USR.jpg', '2023-11-01', 0, 1785, 1, 3),
(3411, '1698826337692_USR.jpg', '2023-11-01', 0, 1785, 1, 3),
(3412, '1698826337697_USR.jpg', '2023-11-01', 0, 1785, 1, 3),
(3413, '1698826337703_USR.jpg', '2023-11-01', 0, 1785, 1, 3),
(3414, '1698826337709_USR.jpg', '2023-11-01', 0, 1785, 1, 3),
(3415, '1698826337717_USR.jpg', '2023-11-01', 0, 1785, 1, 3),
(3416, '1698826337723_USR.jpg', '2023-11-01', 0, 1785, 1, 3),
(3417, '1698826337728_USR.jpg', '2023-11-01', 0, 1785, 1, 3),
(3418, '1698826337735_USR.jpg', '2023-11-01', 1, 1785, 1, 3),
(3419, '1698826337742_USR.jpg', '2023-11-01', 0, 1785, 1, 3),
(3420, '1698826337747_SAT.JPG', '2023-11-01', 0, 1785, NULL, 1),
(3426, '1698827885658_USR.jpg', '2023-11-01', 1, 1787, 1, 3),
(3427, '1698827885689_USR.jpg', '2023-11-01', 0, 1787, 1, 3),
(3428, '1698827885702_USR.jpg', '2023-11-01', 0, 1787, 1, 3),
(3429, '1698827885713_USR.jpg', '2023-11-01', 0, 1787, 1, 3),
(3430, '1698827885725_SAT.JPG', '2023-11-01', 0, 1787, NULL, 1),
(3431, '1698862543687_USR.jpg', '2023-11-01', 0, 1788, 1, 3),
(3432, '1698862543731_USR.jpg', '2023-11-01', 1, 1788, 1, 3),
(3433, '1698862543779_USR.jpg', '2023-11-01', 0, 1788, 1, 3),
(3434, '1698862543814_SAT.JPG', '2023-11-01', 0, 1788, NULL, 1),
(3435, '1698862789823_USR.jpg', '2023-11-01', 0, 1789, 1, 3),
(3436, '1698862789849_USR.jpg', '2023-11-01', 0, 1789, 1, 3),
(3437, '1698862790241_USR.jpg', '2023-11-01', 0, 1789, 1, 3),
(3438, '1698862790381_USR.jpg', '2023-11-01', 1, 1789, 1, 3),
(3439, '1698862790434_SAT.JPG', '2023-11-01', 0, 1789, NULL, 1),
(3440, '1698863040451_USR.jpg', '2023-11-01', 0, 1790, 1, 3),
(3441, '1698863040530_USR.jpg', '2023-11-01', 0, 1790, 1, 3),
(3442, '1698863040560_USR.jpg', '2023-11-01', 0, 1790, 1, 3),
(3443, '1698863040597_USR.jpg', '2023-11-01', 0, 1790, 1, 3),
(3444, '1698863040632_USR.jpg', '2023-11-01', 1, 1790, 1, 3),
(3445, '1698863040668_SAT.JPG', '2023-11-01', 0, 1790, NULL, 1),
(3446, 'DSC09313.jpg', '2023-11-06', 0, 1024, 1, 3),
(3447, 'DSC09327.jpg', '2023-11-06', 1, 1024, 1, 3),
(3448, '1699293707099_SAT.JPG', '2023-11-06', 1, 1791, NULL, 1),
(3449, 'DSC08518.jpg', '2023-11-06', 0, 1791, 1, 3),
(3450, 'DSC08464.jpg', '2023-11-06', 0, 1791, 1, 3),
(3451, 'DSC08529.jpg', '2023-11-06', 1, 1791, 1, 3),
(3452, 'DSC08589.jpg', '2023-11-06', 0, 1791, 1, 3),
(3453, 'DSC08614.jpg', '2023-11-06', 0, 1791, 1, 3),
(3454, '1699294231572_SAT.JPG', '2023-11-06', 1, 1792, NULL, 1),
(3455, 'DSC08624.jpg', '2023-11-06', 0, 1792, 1, 3),
(3456, 'DSC08644.jpg', '2023-11-06', 1, 1792, 1, 3),
(3457, 'DSC08674.jpg', '2023-11-06', 0, 1792, 1, 3),
(3458, 'DSC08693.jpg', '2023-11-06', 0, 1792, 1, 3),
(3459, '1699294689413_SAT.JPG', '2023-11-06', 1, 1793, NULL, 1),
(3460, 'DSC08357.jpg', '2023-11-06', 0, 1793, 1, 3),
(3461, 'DSC08379-HDR.jpg', '2023-11-06', 0, 1793, 1, 3),
(3462, 'DSC08421-HDR.jpg', '2023-11-06', 0, 1793, 1, 3),
(3463, 'DSC08429.jpg', '2023-11-06', 1, 1793, 1, 3),
(3464, '1699295201585_SAT.JPG', '2023-11-06', 1, 1794, NULL, 1),
(3465, 'DSC08729.jpg', '2023-11-06', 0, 1794, 1, 3),
(3466, 'DSC08753.jpg', '2023-11-06', 0, 1794, 1, 3),
(3467, 'DSC08764.jpg', '2023-11-06', 1, 1794, 1, 3),
(3468, 'DSC08709.jpg', '2023-11-06', 0, 1794, 1, 3),
(3471, '1699295909140_SAT.JPG', '2023-11-06', 1, 1795, NULL, 1),
(3472, 'DSC08784.jpg', '2023-11-06', 0, 1795, 1, 3),
(3473, 'DSC08808.jpg', '2023-11-06', 0, 1795, 1, 3),
(3474, 'DSC08825.jpg', '2023-11-06', 0, 1795, 1, 3),
(3475, 'DSC08829.jpg', '2023-11-06', 1, 1795, 1, 3),
(3476, '1699296227558_SAT.JPG', '2023-11-06', 1, 1796, NULL, 1),
(3477, 'DSC08879.jpg', '2023-11-06', 0, 1796, 1, 3),
(3478, 'DSC08920.jpg', '2023-11-06', 0, 1796, 1, 3),
(3479, 'DSC08924.jpg', '2023-11-06', 1, 1796, 1, 3),
(3480, '1699296862829_SAT.JPG', '2023-11-06', 1, 1797, NULL, 1),
(3481, 'DSC08965.jpg', '2023-11-06', 0, 1797, 1, 3),
(3482, 'DSC09049.jpg', '2023-11-06', 0, 1797, 1, 3),
(3483, 'DSC09053.jpg', '2023-11-06', 0, 1797, 1, 3),
(3484, 'DSC09147.jpg', '2023-11-06', 1, 1797, 1, 3),
(3485, 'DSC09194.jpg', '2023-11-06', 0, 1797, 1, 3),
(3486, 'DSC09207.jpg', '2023-11-06', 0, 1797, 1, 3),
(3487, '1699297476842_SAT.JPG', '2023-11-06', 1, 1798, NULL, 1),
(3488, 'DSC09267.jpg', '2023-11-06', 0, 1798, 1, 3),
(3489, 'DSC09272.jpg', '2023-11-06', 1, 1798, 1, 3),
(3490, '1699298544468_SAT.JPG', '2023-11-06', 1, 1799, NULL, 1),
(3491, 'DSC09388.jpg', '2023-11-06', 0, 1799, 1, 3),
(3492, 'DSC09404.jpg', '2023-11-06', 0, 1799, 1, 3),
(3493, 'DSC09434.jpg', '2023-11-06', 1, 1799, 1, 3),
(3494, '1699298858982_SAT.JPG', '2023-11-06', 1, 1800, NULL, 1),
(3496, 'DSC09463.jpg', '2023-11-06', 1, 1800, 1, 3),
(3497, '1699299201982_SAT.JPG', '2023-11-06', 1, 1801, NULL, 1),
(3503, 'DSC09582.jpg', '2023-11-06', 1, 1801, 1, 3),
(3504, 'DSC09567.jpg', '2023-11-06', 0, 1801, 1, 3),
(3505, 'DSC09522.jpg', '2023-11-06', 0, 1801, 1, 3),
(3506, 'DSC09527.jpg', '2023-11-06', 0, 1801, 1, 3),
(3507, 'DSC09537.jpg', '2023-11-06', 0, 1801, 1, 3),
(3508, '1699299760849_SAT.JPG', '2023-11-06', 1, 1802, NULL, 1),
(3509, 'DSC06200-HDR.jpg', '2023-11-06', 0, 1802, 1, 3),
(3510, 'DSC06223-HDR.jpg', '2023-11-06', 0, 1802, 1, 3),
(3511, 'DSC06302.jpg', '2023-11-06', 0, 1802, 1, 3),
(3512, 'DSC06306.jpg', '2023-11-06', 0, 1802, 1, 3),
(3513, 'DSC06315.jpg', '2023-11-06', 0, 1802, 1, 3),
(3514, 'DSC06324.jpg', '2023-11-06', 0, 1802, 1, 3),
(3515, 'DSC07363.jpg', '2023-11-06', 0, 1802, 1, 3),
(3516, 'DSC07376.jpg', '2023-11-06', 0, 1802, 1, 3),
(3517, 'DSC07379.jpg', '2023-11-06', 0, 1802, 1, 3),
(3518, 'DSC07403.jpg', '2023-11-06', 0, 1802, 1, 3),
(3519, 'DSC07418.jpg', '2023-11-06', 0, 1802, 1, 3),
(3520, 'DSC08112.jpg', '2023-11-06', 0, 1802, 1, 3),
(3521, 'DSC08137.jpg', '2023-11-06', 0, 1802, 1, 3),
(3522, 'DSC08156.jpg', '2023-11-06', 0, 1802, 1, 3),
(3523, 'DSC08187.jpg', '2023-11-06', 0, 1802, 1, 3),
(3524, 'DSC08192.jpg', '2023-11-06', 0, 1802, 1, 3),
(3525, 'DSC08207.jpg', '2023-11-06', 0, 1802, 1, 3),
(3526, 'DSC08282.jpg', '2023-11-06', 0, 1802, 1, 3),
(3527, 'DSC08292.jpg', '2023-11-06', 0, 1802, 1, 3),
(3528, 'DSC08297.jpg', '2023-11-06', 0, 1802, 1, 3),
(3529, 'DSC08322.jpg', '2023-11-06', 0, 1802, 1, 3),
(3530, 'DSC08337.jpg', '2023-11-06', 0, 1802, 1, 3),
(3531, 'DSC09596.jpg', '2023-11-06', 0, 1802, 1, 3),
(3532, 'DSC09603.jpg', '2023-11-06', 0, 1802, 1, 3),
(3533, 'DSC09623.jpg', '2023-11-06', 0, 1802, 1, 3),
(3534, 'DSC09632.jpg', '2023-11-06', 1, 1802, 1, 3),
(3535, '1700511702481_SAT.JPG', '2023-11-20', 1, 1806, NULL, 1),
(3536, 'DSC10248.jpg', '2023-11-20', 1, 1806, 1, 3),
(3537, 'DSC10251-HDR.jpg', '2023-11-20', 0, 1806, 1, 3),
(3538, 'DSC10270.jpg', '2023-11-20', 0, 1806, 1, 3),
(3539, 'DSC10274.jpg', '2023-11-20', 0, 1806, 1, 3),
(3540, 'DSC10279.jpg', '2023-11-20', 0, 1806, 1, 3),
(3541, 'DSC10284.jpg', '2023-11-20', 0, 1806, 1, 3),
(3542, 'DSC10294.jpg', '2023-11-20', 0, 1806, 1, 3),
(3543, 'DSC10299.jpg', '2023-11-20', 0, 1806, 1, 3),
(3544, 'DSC10304.jpg', '2023-11-20', 0, 1806, 1, 3),
(3545, 'DSC10323.jpg', '2023-11-20', 0, 1806, 1, 3),
(3546, 'DSC10329.jpg', '2023-11-20', 0, 1806, 1, 3),
(3547, 'DSC10334.jpg', '2023-11-20', 0, 1806, 1, 3),
(3548, 'DSC10340.jpg', '2023-11-20', 0, 1806, 1, 3),
(3549, 'DSC10349.jpg', '2023-11-20', 0, 1806, 1, 3),
(3550, 'DSC10360.jpg', '2023-11-20', 0, 1806, 1, 3),
(3551, 'DSC10364.jpg', '2023-11-20', 0, 1806, 1, 3),
(3552, 'DSC10369.jpg', '2023-11-20', 0, 1806, 1, 3),
(3553, 'DSC10374.jpg', '2023-11-20', 0, 1806, 1, 3),
(3554, 'DSC10380.jpg', '2023-11-20', 0, 1806, 1, 3),
(3555, 'DSC10384.jpg', '2023-11-20', 0, 1806, 1, 3),
(3556, 'DSC10386-HDR.jpg', '2023-11-20', 0, 1806, 1, 3),
(3557, 'DSC10399.jpg', '2023-11-20', 0, 1806, 1, 3),
(3558, 'DSC10401-HDR.jpg', '2023-11-20', 0, 1806, 1, 3),
(3563, 'DSC09907-HDR.jpg', '2023-11-20', 0, 1774, 1, 3),
(3564, 'DSC09917.jpg', '2023-11-20', 0, 1774, 1, 3),
(3565, 'DSC09938.jpg', '2023-11-20', 0, 1774, 1, 3),
(3566, 'DSC09993.jpg', '2023-11-20', 1, 1774, 1, 3),
(3567, '1700516003154_SAT.JPG', '2023-11-20', 0, 1807, NULL, 1),
(3568, 'DSC10008.jpg', '2023-11-20', 0, 1807, 0, 3),
(3569, 'DSC10013.jpg', '2023-11-20', 1, 1807, 1, 3),
(3570, 'DSC10039.jpg', '2023-11-20', 0, 1807, 0, 3),
(3571, 'DSC10104.jpg', '2023-11-20', 0, 1807, 0, 3),
(3572, '1700516644633_SAT.JPG', '2023-11-20', 1, 1808, NULL, 1),
(3573, 'DSC10184.jpg', '2023-11-20', 0, 1808, 1, 3),
(3574, 'DSC10195.jpg', '2023-11-20', 0, 1808, 1, 3),
(3575, 'DSC10224.jpg', '2023-11-20', 0, 1808, 1, 3),
(3576, 'DSC10234.jpg', '2023-11-20', 1, 1808, 1, 3),
(3577, 'DSC10239.jpg', '2023-11-20', 0, 1808, 1, 3),
(3578, '1700516934571_SAT.JPG', '2023-11-20', 0, 1809, NULL, 1),
(3579, 'DSC10419.jpg', '2023-11-20', 0, 1809, 1, 3),
(3580, 'DSC10443.jpg', '2023-11-20', 0, 1809, 1, 3),
(3581, 'DSC10449.jpg', '2023-11-20', 0, 1809, 1, 3),
(3582, 'DSC10454.jpg', '2023-11-20', 1, 1809, 1, 3),
(3583, '1700517167925_SAT.JPG', '2023-11-20', 0, 1810, NULL, 1),
(3584, 'DSC10473.jpg', '2023-11-20', 0, 1810, 1, 3),
(3585, 'DSC10483.jpg', '2023-11-20', 0, 1810, 1, 3),
(3586, 'DSC10535.jpg', '2023-11-20', 0, 1810, 1, 3),
(3587, 'DSC10580.jpg', '2023-11-20', 0, 1810, 1, 3),
(3588, 'DSC10599.jpg', '2023-11-20', 1, 1810, 1, 3),
(3589, '1700517543040_SAT.JPG', '2023-11-20', 1, 1811, NULL, 1),
(3590, 'DSC10628.jpg', '2023-11-20', 0, 1811, 1, 3),
(3591, 'DSC10639.jpg', '2023-11-20', 0, 1811, 1, 3),
(3592, 'DSC10659.jpg', '2023-11-20', 0, 1811, 1, 3),
(3593, 'DSC10670.jpg', '2023-11-20', 0, 1811, 1, 3),
(3594, 'DSC10680.jpg', '2023-11-20', 0, 1811, 1, 3),
(3595, 'DSC10701-HDR.jpg', '2023-11-20', 1, 1811, 1, 3),
(3596, 'DSC05374-HDR.jpg', '2023-11-20', 0, 1630, 1, 3),
(3597, 'DSC05385-HDR.jpg', '2023-11-20', 0, 1630, 1, 3),
(3598, 'DSC05391-HDR.jpg', '2023-11-20', 0, 1630, 1, 3),
(3599, 'DSC05394-HDR.jpg', '2023-11-20', 0, 1630, 1, 3),
(3600, 'DSC05400-HDR.jpg', '2023-11-20', 0, 1630, 1, 3),
(3601, 'DSC05403-HDR.jpg', '2023-11-20', 0, 1630, 1, 3),
(3602, 'DSC05406-HDR.jpg', '2023-11-20', 0, 1630, 1, 3),
(3603, 'DSC05409-HDR.jpg', '2023-11-20', 1, 1630, 1, 3),
(3604, 'DSC05421-HDR.jpg', '2023-11-20', 0, 1630, 1, 3),
(3605, 'DSC05443-HDR.jpg', '2023-11-20', 0, 1630, 1, 3),
(3606, 'DSC05455-HDR.jpg', '2023-11-20', 0, 1630, 1, 3),
(3607, 'DSC05464-HDR.jpg', '2023-11-20', 0, 1630, 1, 3),
(3608, 'DSC05603-HDR.jpg', '2023-11-20', 0, 837, 1, 3),
(3609, 'DSC05612-HDR.jpg', '2023-11-20', 0, 837, 1, 3),
(3610, 'DSC05621-HDR.jpg', '2023-11-20', 0, 837, 1, 3),
(3611, 'DSC05630-HDR.jpg', '2023-11-20', 0, 837, 1, 3),
(3612, 'DSC05633-HDR.jpg', '2023-11-20', 0, 837, 1, 3),
(3613, 'DSC05636-HDR.jpg', '2023-11-20', 0, 837, 1, 3),
(3614, 'DSC05642-HDR.jpg', '2023-11-20', 0, 837, 1, 3),
(3615, 'DSC05651-HDR.jpg', '2023-11-20', 0, 837, 1, 3),
(3616, 'DSC05660-HDR.jpg', '2023-11-20', 0, 837, 1, 3),
(3617, 'DSC05669-HDR.jpg', '2023-11-20', 0, 837, 1, 3),
(3618, 'DSC05702-HDR.jpg', '2023-11-20', 0, 837, 1, 3),
(3619, '1700520676399_SAT.JPG', '2023-11-20', 1, 1812, NULL, 1),
(3620, 'DSC05122-HDR.jpg', '2023-11-20', 0, 1812, 1, 3),
(3621, 'DSC05125-HDR.jpg', '2023-11-20', 0, 1812, 1, 3),
(3622, 'DSC05131-HDR.jpg', '2023-11-20', 1, 1812, 1, 3),
(3623, 'DSC05140-HDR.jpg', '2023-11-20', 0, 1812, 1, 3),
(3624, 'DSC05170-HDR.jpg', '2023-11-20', 0, 1812, 1, 3),
(3625, 'DSC05173-HDR.jpg', '2023-11-20', 0, 1812, 1, 3),
(3626, 'DSC05209-HDR.jpg', '2023-11-20', 0, 1812, 1, 3),
(3627, 'DSC05245-HDR.jpg', '2023-11-20', 0, 1812, 1, 3),
(3628, 'DSC05272-HDR.jpg', '2023-11-20', 0, 1812, 1, 3),
(3629, 'DSC05290-HDR.jpg', '2023-11-20', 0, 1629, 1, 3),
(3630, 'DSC05299-HDR.jpg', '2023-11-20', 1, 1629, 1, 3),
(3631, 'DSC05314-HDR.jpg', '2023-11-20', 0, 1812, 1, 3),
(3632, 'DSC05359-HDR.jpg', '2023-11-20', 0, 1629, 1, 3),
(3633, 'DSC05368-HDR.jpg', '2023-11-20', 0, 1812, 1, 3),
(3634, 'DSC05678-HDR.jpg', '2023-11-21', 1, 1620, 1, 3),
(3635, 'DSC05690-HDR.jpg', '2023-11-21', 0, 1620, 1, 3),
(3636, '1700589565659_SAT.JPG', '2023-11-21', 0, 1813, NULL, 1),
(3640, 'DSC04283-HDR.jpg', '2023-11-21', 0, 1813, 1, 3),
(3641, 'DSC04289-HDR.jpg', '2023-11-21', 1, 1813, 1, 3),
(3642, 'DSC04301-HDR.jpg', '2023-11-21', 0, 1813, 1, 3),
(3643, 'DSC04330-HDR.jpg', '2023-11-21', 0, 1813, 1, 3),
(3644, 'DSC04339-HDR.jpg', '2023-11-21', 0, 1813, 1, 3),
(3645, 'DSC04346-HDR.jpg', '2023-11-21', 0, 1813, 1, 3),
(3646, 'DSC04438-HDR.jpg', '2023-11-21', 0, 1814, 1, 3),
(3647, 'DSC04441-HDR.jpg', '2023-11-21', 1, 1814, 1, 3),
(3648, 'DSC04447-HDR.jpg', '2023-11-21', 0, 1814, 1, 3),
(3649, 'DSC04457-HDR.jpg', '2023-11-21', 0, 1814, 1, 3),
(3650, '1700590509341_SAT.JPG', '2023-11-21', 0, 1814, NULL, 1),
(3651, '1700591384719_SAT.JPG', '2023-11-21', 1, 1815, NULL, 1),
(3652, 'DSC04626-HDR.jpg', '2023-11-21', 0, 1815, 1, 3),
(3653, 'DSC04638-HDR.jpg', '2023-11-21', 0, 1815, 1, 3),
(3654, 'DSC04650-HDR.jpg', '2023-11-21', 1, 1815, 1, 3),
(3655, 'DSC04656-HDR.jpg', '2023-11-21', 0, 1815, 1, 3),
(3656, '1700591668185_SAT.JPG', '2023-11-21', 1, 1816, NULL, 1),
(3661, '1700592059473_SAT.JPG', '2023-11-21', 1, 1817, NULL, 1),
(3662, 'DSC04537-HDR.jpg', '2023-11-21', 1, 1817, 1, 3),
(3663, 'DSC04556-HDR.jpg', '2023-11-21', 0, 1817, 1, 3),
(3664, 'DSC04580-HDR.jpg', '2023-11-21', 0, 1817, 1, 3),
(3665, 'DSC04586-HDR.jpg', '2023-11-21', 0, 1817, 1, 3),
(3666, 'DSC04593-HDR.jpg', '2023-11-21', 0, 1817, 1, 3),
(3667, 'DSC04617-HDR.jpg', '2023-11-21', 0, 1817, 1, 3),
(3671, 'DSC04753-HDR.jpg', '2023-11-21', 0, 1816, 1, 3),
(3672, 'DSC04756.jpg', '2023-11-21', 1, 1816, 1, 3),
(3673, 'DSC04771-HDR.jpg', '2023-11-21', 0, 1816, 1, 3),
(3674, 'DSC04777.jpg', '2023-11-21', 0, 1816, 1, 3),
(3675, '1700592762158_SAT.JPG', '2023-11-21', 1, 1818, NULL, 1),
(3678, 'DSC04780-HDR.jpg', '2023-11-21', 0, 1818, 1, 3),
(3679, 'DSC04789-HDR.jpg', '2023-11-21', 1, 1818, 1, 3),
(3680, 'DSC04801-HDR.jpg', '2023-11-21', 0, 1818, 1, 3),
(3681, '1700593192466_SAT.JPG', '2023-11-21', 1, 1819, NULL, 1),
(3682, 'DSC04822-HDR.jpg', '2023-11-21', 0, 1819, 1, 3),
(3683, 'DSC04825-HDR.jpg', '2023-11-21', 0, 1819, 1, 3),
(3684, 'DSC04831-HDR.jpg', '2023-11-21', 0, 1819, 1, 3),
(3685, 'DSC04837-HDR.jpg', '2023-11-21', 0, 1819, 1, 3),
(3687, '1700593440114_SAT.JPG', '2023-11-21', 1, 1820, NULL, 1),
(3688, 'DSC04849-HDR.jpg', '2023-11-21', 1, 1820, 1, 3),
(3691, '1700593759753_SAT.JPG', '2023-11-21', 1, 1821, NULL, 1),
(3692, 'DSC04843-HDR.jpg', '2023-11-21', 1, 1819, 1, 3),
(3693, 'DSC04868-HDR.jpg', '2023-11-21', 0, 1820, 1, 3),
(3694, 'DSC04871-HDR.jpg', '2023-11-21', 0, 1820, 1, 3),
(3695, 'DSC04886-HDR.jpg', '2023-11-21', 0, 1821, 1, 3),
(3696, 'DSC04895-HDR.jpg', '2023-11-21', 0, 1821, 1, 3),
(3697, 'DSC04907-HDR.jpg', '2023-11-21', 1, 1821, 1, 3),
(3698, '1700594328586_SAT.JPG', '2023-11-21', 1, 1822, NULL, 1),
(3699, 'DSC04922-HDR.jpg', '2023-11-21', 1, 1822, 1, 3),
(3700, 'DSC04928-HDR.jpg', '2023-11-21', 0, 1822, 1, 3),
(3701, 'DSC04934-HDR.jpg', '2023-11-21', 0, 1822, 1, 3),
(3702, 'DSC04940-HDR.jpg', '2023-11-21', 0, 1822, 1, 3),
(3703, 'DSC04949-HDR.jpg', '2023-11-21', 0, 1822, 1, 3),
(3704, '1700594649914_SAT.JPG', '2023-11-21', 1, 1823, NULL, 1),
(3705, 'DSC04952-HDR.jpg', '2023-11-21', 1, 1823, 1, 3),
(3706, 'DSC04961-HDR.jpg', '2023-11-21', 0, 1823, 1, 3),
(3707, 'DSC04967-HDR.jpg', '2023-11-21', 0, 1823, 1, 3),
(3708, 'DSC04979-HDR.jpg', '2023-11-21', 0, 1823, 1, 3),
(3709, 'DSC04982-HDR.jpg', '2023-11-21', 0, 1823, 1, 3),
(3710, '1700594904412_SAT.JPG', '2023-11-21', 1, 1824, NULL, 1),
(3711, 'DSC05000-HDR.jpg', '2023-11-21', 1, 1824, 1, 3),
(3712, 'DSC05009-HDR.jpg', '2023-11-21', 0, 1824, 1, 3),
(3713, '1700595379027_SAT.JPG', '2023-11-21', 1, 1825, NULL, 1),
(3714, 'DSC05015-HDR.jpg', '2023-11-21', 1, 1825, 1, 3),
(3715, 'DSC05021-HDR.jpg', '2023-11-21', 0, 1825, 1, 3),
(3716, 'DSC05024-HDR.jpg', '2023-11-21', 0, 1825, 1, 3),
(3717, 'DSC05030-HDR.jpg', '2023-11-21', 0, 1825, 1, 3),
(3718, '1700595696944_SAT.JPG', '2023-11-21', 1, 1826, NULL, 1),
(3719, 'DSC05039.jpg', '2023-11-21', 0, 1826, 1, 3),
(3720, 'DSC05047-HDR.jpg', '2023-11-21', 1, 1826, 1, 3),
(3721, 'DSC05056-HDR.jpg', '2023-11-21', 0, 1826, 1, 3),
(3722, '1700595926887_SAT.JPG', '2023-11-21', 1, 1827, NULL, 1),
(3723, 'DSC05062-HDR.jpg', '2023-11-21', 0, 1827, 1, 3),
(3724, 'DSC05071-HDR.jpg', '2023-11-21', 0, 1827, 1, 3),
(3725, 'DSC05080-HDR.jpg', '2023-11-21', 0, 1827, 1, 3),
(3726, 'DSC05083-HDR.jpg', '2023-11-21', 0, 1827, 1, 3),
(3727, 'DSC05092-HDR.jpg', '2023-11-21', 0, 1827, 1, 3),
(3728, 'DSC05095-HDR.jpg', '2023-11-21', 0, 1827, 1, 3),
(3729, 'DSC05098-HDR.jpg', '2023-11-21', 0, 1827, 1, 3),
(3730, 'DSC05108-HDR.jpg', '2023-11-21', 0, 1827, 1, 3),
(3731, 'DSC05113-HDR.jpg', '2023-11-21', 1, 1827, 1, 3),
(3732, '1700596500393_SAT.JPG', '2023-11-21', 1, 1828, NULL, 1),
(3733, 'DSC04262-HDR.jpg', '2023-11-21', 1, 1828, 1, 3),
(3734, 'DSC04147-HDR.jpg', '2023-11-21', 0, 1046, 1, 3),
(3735, 'DSC04184-HDR.jpg', '2023-11-21', 1, 1046, 1, 3),
(3736, 'DSC04206-HDR.jpg', '2023-11-21', 0, 1046, 1, 3),
(3737, 'DSC04705-HDR.jpg', '2023-11-21', 0, 1816, 1, 3),
(3738, 'DSC04708-HDR.jpg', '2023-11-21', 0, 1816, 1, 3),
(3739, 'DSC04723-HDR.jpg', '2023-11-21', 0, 1816, 1, 3),
(3740, 'DSC04750-HDR.jpg', '2023-11-21', 0, 1816, 1, 3),
(3741, '1700597526823_SAT.JPG', '2023-11-21', 1, 1829, NULL, 1),
(3742, 'DSC04659-HDR.jpg', '2023-11-21', 1, 1829, 1, 3),
(3743, 'DSC04676-HDR.jpg', '2023-11-21', 0, 1829, 1, 3),
(3744, 'DSC04232-HDR.jpg', '2023-11-21', 1, 1313, 1, 3),
(3745, 'DSC04239.jpg', '2023-11-21', 0, 1313, 1, 3),
(3746, 'DSC04245.jpg', '2023-11-21', 0, 1313, 1, 3),
(3747, '1700675045171_SAT.JPG', '2023-11-22', 1, 1830, NULL, 1),
(3748, 'DSC01950.jpg', '2023-11-22', 0, 1830, 1, 3),
(3749, 'DSC01986.jpg', '2023-11-22', 0, 1830, 1, 3),
(3750, 'DSC01990.jpg', '2023-11-22', 0, 1830, 1, 3),
(3751, 'DSC02023.jpg', '2023-11-22', 0, 1830, 1, 3),
(3752, 'DSC02035.jpg', '2023-11-22', 0, 1830, 1, 3),
(3753, 'DSC02094.jpg', '2023-11-22', 0, 1830, 1, 3),
(3754, 'DSC02109.jpg', '2023-11-22', 0, 1830, 1, 3),
(3755, 'DSC02460.jpg', '2023-11-22', 0, 1830, 1, 3),
(3756, 'DSC03623-HDR.jpg', '2023-11-22', 0, 1830, 1, 3),
(3757, 'DSC03635-HDR.jpg', '2023-11-22', 0, 1830, 1, 3),
(3758, 'DSC03638-HDR.jpg', '2023-11-22', 0, 1830, 1, 3),
(3759, 'DSC03934-HDR.jpg', '2023-11-22', 0, 1830, 1, 3),
(3760, 'DSC03943-HDR.jpg', '2023-11-22', 0, 1830, 1, 3),
(3761, 'DSC03970-HDR.jpg', '2023-11-22', 0, 1830, 1, 3),
(3762, 'DSC03971.jpg', '2023-11-22', 0, 1830, 1, 3),
(3763, 'DSC03976-HDR.jpg', '2023-11-22', 0, 1830, 1, 3),
(3764, 'DSC03991-HDR.jpg', '2023-11-22', 0, 1830, 1, 3),
(3765, 'DSC04007.jpg', '2023-11-22', 0, 1830, 1, 3),
(3766, 'DSC07236.jpg', '2023-11-22', 1, 1830, 1, 3),
(3767, 'DSC07239.jpg', '2023-11-22', 0, 1830, 1, 3),
(3768, 'DSC07251.jpg', '2023-11-22', 0, 1830, 1, 3),
(3769, 'DSC07294.jpg', '2023-11-22', 0, 1830, 1, 3),
(3770, 'DSC07312.jpg', '2023-11-22', 0, 1830, 1, 3),
(3771, '1700679325345_SAT.JPG', '2023-11-22', 1, 1831, NULL, 1),
(3772, 'DSC00110-HDR.jpg', '2023-11-22', 0, 1831, 1, 3),
(3773, 'DSC00116-HDR.jpg', '2023-11-22', 0, 1831, 1, 3),
(3774, 'DSC01838-HDR.jpg', '2023-11-22', 0, 1831, 1, 3),
(3775, 'DSC01844-HDR.jpg', '2023-11-22', 0, 1831, 1, 3),
(3776, 'DSC02565.jpg', '2023-11-22', 1, 1831, 1, 3),
(3777, 'DSC02569-HDR.jpg', '2023-11-22', 0, 1831, 1, 3),
(3778, 'DSC02602-HDR.jpg', '2023-11-22', 0, 1831, 1, 3),
(3779, 'DSC02614-HDR.jpg', '2023-11-22', 0, 1831, 1, 3),
(3780, 'DSC02617-HDR.jpg', '2023-11-22', 0, 1831, 1, 3),
(3781, 'Photo 015.jpg', '2023-11-22', 0, 1831, 1, 3),
(3782, '1700679839085_SAT.JPG', '2023-11-22', 1, 1832, NULL, 1),
(3783, 'DSC00340.JPG', '2023-11-22', 0, 1832, 1, 3),
(3784, 'DSC00347.JPG', '2023-11-22', 0, 1832, 1, 3),
(3785, 'DSC01886-HDR.jpg', '2023-11-22', 0, 1832, 1, 3),
(3786, 'DSC01894-HDR.jpg', '2023-11-22', 0, 1832, 1, 3),
(3787, 'DSC01909-HDR.jpg', '2023-11-22', 1, 1832, 1, 3),
(3788, 'DSC01921-HDR.jpg', '2023-11-22', 0, 1832, 1, 3),
(3789, '1700680064844_SAT.JPG', '2023-11-22', 1, 1833, NULL, 1),
(3790, 'DSC00270.JPG', '2023-11-22', 0, 1833, 1, 3),
(3791, 'DSC01852-HDR.jpg', '2023-11-22', 1, 1833, 1, 3),
(3792, 'DSC01861-HDR.jpg', '2023-11-22', 0, 1833, 1, 3),
(3793, 'DSC02049-HDR.jpg', '2023-11-22', 0, 1833, 1, 3),
(3794, 'DSC02055-HDR.jpg', '2023-11-22', 0, 1833, 1, 3),
(3795, 'DSC02058-HDR.jpg', '2023-11-22', 0, 1833, 1, 3),
(3796, '1700680542906_SAT.JPG', '2023-11-22', 1, 1834, NULL, 1),
(3797, 'DSC00313.JPG', '2023-11-22', 0, 1834, 1, 3),
(3798, 'DSC00486.jpg', '2023-11-22', 0, 1834, 1, 3),
(3799, 'DSC00507.jpg', '2023-11-22', 1, 1834, 1, 3),
(3800, 'DSC00574.jpg', '2023-11-22', 0, 1834, 1, 3),
(3801, 'DSC00964-HDR.jpg', '2023-11-22', 0, 1834, 1, 3),
(3802, 'DSC01876-HDR.jpg', '2023-11-22', 0, 1834, 1, 3),
(3803, 'DSC01880-HDR.jpg', '2023-11-22', 0, 1834, 1, 3),
(3804, 'DSC01904-HDR.jpg', '2023-11-22', 0, 1834, 1, 3),
(3805, 'DSC01911.jpg', '2023-11-22', 0, 1834, 1, 3),
(3806, 'DSC02261-HDR.jpg', '2023-11-22', 0, 1834, 1, 3),
(3807, 'DSC02266.jpg', '2023-11-22', 0, 1834, 1, 3),
(3808, 'DSC02276-HDR.jpg', '2023-11-22', 0, 1834, 1, 3),
(3809, 'DSC02292.jpg', '2023-11-22', 0, 1834, 1, 3),
(3810, 'DSC02295.jpg', '2023-11-22', 0, 1834, 1, 3),
(3811, 'DSC02343.jpg', '2023-11-22', 0, 1834, 1, 3),
(3812, 'DSC02360.jpg', '2023-11-22', 0, 1834, 1, 3),
(3813, 'DSC02368.jpg', '2023-11-22', 0, 1834, 1, 3),
(3814, 'DSC02369.jpg', '2023-11-22', 0, 1834, 1, 3),
(3815, 'DSC02383.jpg', '2023-11-22', 0, 1834, 1, 3),
(3816, 'DSC02447-HDR.jpg', '2023-11-22', 0, 1834, 1, 3),
(3817, '1700680867234_SAT.JPG', '2023-11-22', 1, 1835, NULL, 1),
(3818, 'DSC00703.jpg', '2023-11-22', 0, 1835, 1, 3),
(3819, 'DSC00722.jpg', '2023-11-22', 0, 1835, 1, 3),
(3820, 'DSC00749.jpg', '2023-11-22', 0, 1835, 1, 3),
(3821, 'DSC00820-HDR.jpg', '2023-11-22', 0, 1835, 1, 3),
(3822, 'DSC00866-HDR.jpg', '2023-11-22', 1, 1835, 1, 3),
(3823, 'DSC00881-HDR.jpg', '2023-11-22', 0, 1835, 1, 3),
(3824, 'DSC00906-HDR.jpg', '2023-11-22', 0, 1835, 1, 3),
(3825, 'DSC00926.jpg', '2023-11-22', 0, 1835, 1, 3),
(3826, 'DSC00970-HDR.jpg', '2023-11-22', 0, 1835, 1, 3),
(3827, 'DSC00977-HDR.jpg', '2023-11-22', 0, 1835, 1, 3),
(3828, '1700681155927_SAT.JPG', '2023-11-22', 1, 1836, NULL, 1),
(3829, 'DSC01619.jpg', '2023-11-22', 1, 1836, 1, 3),
(3830, 'DSC01622.jpg', '2023-11-22', 0, 1836, 1, 3),
(3831, 'DSC01625.jpg', '2023-11-22', 0, 1836, 1, 3),
(3832, 'DSC01628.jpg', '2023-11-22', 0, 1836, 1, 3),
(3833, 'DSC01640.jpg', '2023-11-22', 0, 1836, 1, 3),
(3834, 'DSC01646.jpg', '2023-11-22', 0, 1836, 1, 3),
(3835, 'DSC01649.jpg', '2023-11-22', 0, 1836, 1, 3),
(3836, 'DSC01652.jpg', '2023-11-22', 0, 1836, 1, 3),
(3837, 'DSC01655.jpg', '2023-11-22', 0, 1836, 1, 3),
(3838, 'DSC01658.jpg', '2023-11-22', 0, 1836, 1, 3),
(3839, '1700681365560_SAT.JPG', '2023-11-22', 1, 1837, NULL, 1),
(3840, 'DSC01685-HDR.jpg', '2023-11-22', 0, 1837, 1, 3),
(3841, 'DSC01712.jpg', '2023-11-22', 0, 1837, 1, 3),
(3842, 'DSC01739.jpg', '2023-11-22', 0, 1837, 1, 3),
(3843, 'DSC01745.jpg', '2023-11-22', 0, 1837, 1, 3),
(3844, 'DSC01759-HDR.jpg', '2023-11-22', 0, 1837, 1, 3),
(3845, 'DSC01762-HDR.jpg', '2023-11-22', 1, 1837, 1, 3),
(3846, '1700681616809_SAT.JPG', '2023-11-22', 1, 1838, NULL, 1),
(3847, 'DSC02025-HDR.jpg', '2023-11-22', 0, 1838, 1, 3),
(3848, 'DSC02031-HDR.jpg', '2023-11-22', 1, 1838, 1, 3),
(3849, 'DSC02034-HDR.jpg', '2023-11-22', 0, 1838, 1, 3),
(3850, 'DSC02037-HDR.jpg', '2023-11-22', 0, 1838, 1, 3),
(3851, 'DSC02040-HDR.jpg', '2023-11-22', 0, 1838, 1, 3),
(3852, 'DSC06622-HDR.jpg', '2023-11-22', 0, 1838, 1, 3),
(3853, 'DSC06637-HDR.jpg', '2023-11-22', 0, 1838, 1, 3),
(3854, '1700682043153_SAT.JPG', '2023-11-22', 1, 1839, NULL, 1),
(3855, 'DSC02073-HDR.jpg', '2023-11-22', 0, 1839, 1, 3),
(3856, 'DSC02079-HDR.jpg', '2023-11-22', 1, 1839, 1, 3),
(3857, 'DSC02085.jpg', '2023-11-22', 0, 1839, 1, 3),
(3858, 'DSC02091.jpg', '2023-11-22', 0, 1839, 1, 3),
(3859, 'DSC02095.jpg', '2023-11-22', 0, 1839, 1, 3),
(3860, 'DSC02097.jpg', '2023-11-22', 0, 1839, 1, 3),
(3861, 'DSC02103.jpg', '2023-11-22', 0, 1839, 1, 3),
(3862, 'DSC02121.jpg', '2023-11-22', 0, 1839, 1, 3),
(3863, 'DSC02130.jpg', '2023-11-22', 0, 1839, 1, 3),
(3864, '1700682280998_SAT.JPG', '2023-11-22', 0, 1840, NULL, 1),
(3865, 'DSC02050-HDR.jpg', '2023-11-22', 0, 1840, 1, 3),
(3866, 'DSC02113-HDR.jpg', '2023-11-22', 0, 1840, 1, 3),
(3867, 'DSC02142-HDR.jpg', '2023-11-22', 0, 1840, 1, 3),
(3868, 'DSC02743-HDR.jpg', '2023-11-22', 0, 1840, 1, 3),
(3869, 'DSC05785-HDR.jpg', '2023-11-22', 1, 1840, 1, 3),
(3870, 'DSC05800-HDR.jpg', '2023-11-22', 0, 1840, 1, 3),
(3871, 'DSC05812-HDR.jpg', '2023-11-22', 0, 1840, 1, 3),
(3872, '1700682608436_SAT.JPG', '2023-11-22', 1, 1841, NULL, 1),
(3873, 'DSC00866-HDR.jpg', '2023-11-22', 1, 1841, 1, 3),
(3874, 'DSC02146-HDR.jpg', '2023-11-22', 0, 1841, 1, 3),
(3875, 'DSC02157-HDR.jpg', '2023-11-22', 0, 1841, 1, 3),
(3876, 'DSC02405-HDR.jpg', '2023-11-22', 0, 1841, 1, 3),
(3877, 'DSC02419-HDR.jpg', '2023-11-22', 0, 1841, 1, 3),
(3878, 'DSC02432-HDR.jpg', '2023-11-22', 0, 1841, 1, 3),
(3879, 'DSC06651-HDR.jpg', '2023-11-22', 0, 1841, 1, 3),
(3880, '1700683195584_SAT.JPG', '2023-11-22', 1, 1842, NULL, 1),
(3881, 'DSC02485-HDR.jpg', '2023-11-22', 0, 1842, 1, 3),
(3882, 'DSC04021-HDR.jpg', '2023-11-22', 1, 1842, 1, 3),
(3883, '1700683391370_SAT.JPG', '2023-11-22', 0, 1843, NULL, 1),
(3885, 'DSC04009-HDR.jpg', '2023-11-22', 0, 1843, 1, 3),
(3886, 'DSC07408.jpg', '2023-11-22', 0, 1843, 1, 3),
(3887, 'DSC07411.jpg', '2023-11-22', 0, 1843, 1, 3),
(3889, 'DSC02183.jpg', '2023-11-22', 1, 1843, 1, 3),
(3890, '1700683855089_SAT.JPG', '2023-11-22', 1, 1844, NULL, 1),
(3892, 'DSC02301-HDR.jpg', '2023-11-22', 1, 1844, 1, 3),
(3893, '1700684098854_SAT.JPG', '2023-11-22', 1, 1845, NULL, 1),
(3894, 'DSC02199-HDR.jpg', '2023-11-22', 1, 1845, 1, 3),
(3895, 'DSC05956-HDR.jpg', '2023-11-22', 0, 1844, 1, 3),
(3896, '1700684664254_SAT.JPG', '2023-11-22', 1, 1846, NULL, 1),
(3897, 'DSC05839-HDR.jpg', '2023-11-22', 0, 1846, 1, 3),
(3898, 'DSC05860-HDR.jpg', '2023-11-22', 0, 1846, 1, 3),
(3899, 'DSC05866-HDR.jpg', '2023-11-22', 0, 1846, 1, 3),
(3900, 'DSC05878-HDR.jpg', '2023-11-22', 0, 1846, 1, 3),
(3901, 'DSC05896-HDR.jpg', '2023-11-22', 0, 1846, 1, 3),
(3902, 'DSC05907.jpg', '2023-11-22', 0, 1846, 1, 3),
(3903, 'DSC05926.jpg', '2023-11-22', 0, 1846, 1, 3),
(3904, 'DSC05931.jpg', '2023-11-22', 0, 1846, 1, 3),
(3905, 'DSC05935.jpg', '2023-11-22', 0, 1846, 1, 3),
(3906, 'DSC06001-HDR.jpg', '2023-11-22', 1, 1846, 1, 3),
(3907, 'DSC06004-HDR.jpg', '2023-11-22', 0, 1846, 1, 3),
(3908, 'DSC06010-HDR.jpg', '2023-11-22', 0, 1846, 1, 3),
(3909, 'DSC06013-HDR.jpg', '2023-11-22', 0, 1846, 1, 3),
(3910, 'DSC06016-HDR.jpg', '2023-11-22', 0, 1846, 1, 3),
(3911, 'DSC06031-HDR.jpg', '2023-11-22', 0, 1846, 1, 3),
(3912, 'DSC06034-HDR.jpg', '2023-11-22', 0, 1846, 1, 3),
(3913, 'DSC06040-HDR.jpg', '2023-11-22', 0, 1846, 1, 3),
(3914, 'DSC06061-HDR.jpg', '2023-11-22', 0, 1846, 1, 3),
(3915, 'DSC06066.jpg', '2023-11-22', 0, 1846, 1, 3),
(3916, 'DSC06067-HDR.jpg', '2023-11-22', 0, 1846, 1, 3),
(3917, 'DSC06076-HDR.jpg', '2023-11-22', 0, 1846, 1, 3),
(3918, 'DSC06079-HDR.jpg', '2023-11-22', 0, 1846, 1, 3),
(3919, 'DSC06094-HDR.jpg', '2023-11-22', 0, 1846, 1, 3),
(3920, 'DSC06100-HDR.jpg', '2023-11-22', 0, 1846, 1, 3),
(3921, 'DSC06114.jpg', '2023-11-22', 0, 1846, 1, 3),
(3922, 'DSC06118-HDR.jpg', '2023-11-22', 0, 1846, 1, 3),
(3923, 'DSC06123.jpg', '2023-11-22', 0, 1846, 1, 3),
(3924, 'DSC06148-HDR.jpg', '2023-11-22', 0, 1846, 1, 3),
(3925, 'DSC06160.jpg', '2023-11-22', 0, 1846, 1, 3),
(3926, 'DSC06175.jpg', '2023-11-22', 0, 1846, 1, 3),
(3927, '1700684974445_SAT.JPG', '2023-11-22', 1, 1847, NULL, 1),
(3928, 'DSC05953-HDR.jpg', '2023-11-22', 1, 1847, 1, 3),
(3929, '1700685216807_SAT.JPG', '2023-11-22', 1, 1848, NULL, 1),
(3930, 'DSC06130-HDR.jpg', '2023-11-22', 1, 1848, 1, 3),
(3931, 'DSC06133-HDR.jpg', '2023-11-22', 0, 1848, 1, 3),
(3932, 'DSC06136.jpg', '2023-11-22', 0, 1848, 1, 3),
(3933, '1700685440374_SAT.JPG', '2023-11-22', 1, 1849, NULL, 1),
(3934, 'DSC05977-HDR.jpg', '2023-11-22', 1, 1849, 1, 3),
(3935, 'DSC06181-HDR.jpg', '2023-11-22', 0, 1849, 1, 3),
(3936, 'DSC06205-HDR.jpg', '2023-11-22', 0, 1849, 1, 3),
(3937, 'DSC06211-HDR.jpg', '2023-11-22', 0, 1849, 1, 3),
(3938, 'DSC06214-HDR.jpg', '2023-11-22', 0, 1849, 1, 3),
(3939, 'DSC06217.jpg', '2023-11-22', 0, 1849, 1, 3),
(3940, 'DSC06223-HDR.jpg', '2023-11-22', 0, 1849, 1, 3),
(3941, 'DSC06232-HDR.jpg', '2023-11-22', 0, 1849, 1, 3),
(3942, 'DSC06262-HDR.jpg', '2023-11-22', 0, 1849, 1, 3),
(3943, 'DSC06276.jpg', '2023-11-22', 0, 1849, 1, 3),
(3944, 'DSC06277-HDR.jpg', '2023-11-22', 0, 1849, 1, 3),
(3945, 'DSC06283.jpg', '2023-11-22', 0, 1849, 1, 3),
(3946, 'DSC06295-HDR.jpg', '2023-11-22', 0, 1849, 1, 3),
(3947, 'DSC06304-HDR.jpg', '2023-11-22', 0, 1849, 1, 3),
(3948, '1700685664847_SAT.JPG', '2023-11-22', 1, 1850, NULL, 1),
(3949, 'DSC06310-HDR.jpg', '2023-11-22', 1, 1850, 1, 3),
(3950, 'DSC06313-HDR.jpg', '2023-11-22', 0, 1850, 1, 3),
(3951, '1700685883564_SAT.JPG', '2023-11-22', 1, 1851, NULL, 1),
(3952, 'DSC06316-HDR.jpg', '2023-11-22', 1, 1851, 1, 3),
(3953, 'DSC06319-HDR.jpg', '2023-11-22', 0, 1851, 1, 3),
(3954, 'DSC06337-HDR.jpg', '2023-11-22', 0, 1851, 1, 3),
(3955, 'DSC06343-HDR.jpg', '2023-11-22', 0, 1851, 1, 3),
(3956, 'DSC06349-HDR.jpg', '2023-11-22', 0, 1851, 1, 3),
(3957, 'DSC06355-HDR.jpg', '2023-11-22', 0, 1851, 1, 3),
(3958, 'DSC06358-HDR.jpg', '2023-11-22', 0, 1851, 1, 3),
(3959, 'DSC06370-HDR.jpg', '2023-11-22', 0, 1851, 1, 3),
(3960, 'DSC06376-HDR.jpg', '2023-11-22', 0, 1851, 1, 3),
(3961, 'DSC06415-HDR.jpg', '2023-11-22', 0, 1851, 1, 3),
(3962, 'DSC06436-HDR.jpg', '2023-11-22', 0, 1851, 1, 3),
(3963, 'DSC06448-HDR.jpg', '2023-11-22', 0, 1851, 1, 3),
(3964, 'DSC06457-HDR.jpg', '2023-11-22', 0, 1851, 1, 3),
(3965, 'DSC06470.jpg', '2023-11-22', 0, 1851, 1, 3),
(3966, 'DSC06499-HDR.jpg', '2023-11-22', 0, 1851, 1, 3),
(3967, 'DSC06514-HDR.jpg', '2023-11-22', 0, 1851, 1, 3),
(3968, 'DSC06526-HDR.jpg', '2023-11-22', 0, 1851, 1, 3),
(3969, 'DSC06529-HDR.jpg', '2023-11-22', 0, 1851, 1, 3),
(3970, 'DSC06532-HDR.jpg', '2023-11-22', 0, 1851, 1, 3),
(3971, 'DSC06559-HDR.jpg', '2023-11-22', 0, 1851, 1, 3),
(3972, 'DSC06565-HDR.jpg', '2023-11-22', 0, 1851, 1, 3),
(3973, 'DSC06577-HDR.jpg', '2023-11-22', 0, 1851, 1, 3),
(3974, 'DSC06586-HDR.jpg', '2023-11-22', 0, 1851, 1, 3),
(3975, 'DSC06604-HDR.jpg', '2023-11-22', 0, 1851, 1, 3),
(3976, 'DSC01768.JPG', '2023-11-22', 0, 1831, 1, 3),
(3977, 'DSC01956.JPG', '2023-11-22', 0, 1831, 1, 3),
(3978, 'DSC02067.JPG', '2023-11-22', 0, 1831, 1, 3),
(3979, 'DSC02129.JPG', '2023-11-22', 0, 1831, 1, 3),
(3980, '1701111936611_USR.jpg', '2023-11-27', 1, 1852, 1, 3),
(3981, '1701111936660_SAT.JPG', '2023-11-27', 0, 1852, NULL, 1),
(3982, '1701112229732_USR.jpg', '2023-11-27', 0, 1853, 1, 3),
(3983, '1701112229743_USR.jpg', '2023-11-27', 1, 1853, 1, 3),
(3984, '1701112229752_USR.jpg', '2023-11-27', 0, 1853, 1, 3),
(3985, '1701112229761_USR.jpg', '2023-11-27', 0, 1853, 1, 3),
(3986, '1701112229769_SAT.JPG', '2023-11-27', 0, 1853, NULL, 1),
(3987, '1701112594871_USR.jpg', '2023-11-27', 1, 1854, 1, 3),
(3988, '1701112594932_USR.jpg', '2023-11-27', 0, 1854, 1, 3),
(3989, '1701112594953_USR.jpg', '2023-11-27', 0, 1854, 1, 3),
(3990, '1701112594969_USR.jpg', '2023-11-27', 0, 1854, 1, 3),
(3991, '1701112594980_SAT.JPG', '2023-11-27', 0, 1854, NULL, 1),
(3992, '1701112835838_USR.jpg', '2023-11-27', 0, 1855, 1, 3),
(3993, '1701112835867_USR.jpg', '2023-11-27', 0, 1855, 1, 3),
(3994, '1701112835879_USR.jpg', '2023-11-27', 0, 1855, 1, 3),
(3995, '1701112835891_USR.jpg', '2023-11-27', 1, 1855, 1, 3),
(3996, '1701112835901_USR.jpg', '2023-11-27', 0, 1855, 1, 3),
(3997, '1701112835912_USR.jpg', '2023-11-27', 0, 1855, 1, 3),
(3998, '1701112835923_USR.jpg', '2023-11-27', 0, 1855, 1, 3),
(3999, '1701112835936_SAT.JPG', '2023-11-27', 0, 1855, NULL, 1),
(4000, '1701113058329_USR.jpg', '2023-11-27', 0, 1856, 1, 3),
(4001, '1701113058338_USR.jpg', '2023-11-27', 0, 1856, 1, 3),
(4002, '1701113058346_USR.jpg', '2023-11-27', 1, 1856, 1, 3),
(4003, '1701113058357_USR.jpg', '2023-11-27', 0, 1856, 1, 3),
(4004, '1701113058407_SAT.JPG', '2023-11-27', 0, 1856, NULL, 1),
(4005, '1701113239774_USR.jpg', '2023-11-27', 1, 1857, 1, 3),
(4006, '1701113239809_USR.jpg', '2023-11-27', 0, 1857, 1, 3),
(4007, '1701113239842_USR.jpg', '2023-11-27', 0, 1857, 1, 3),
(4008, '1701113239853_USR.jpg', '2023-11-27', 0, 1857, 1, 3),
(4009, '1701113239864_SAT.JPG', '2023-11-27', 0, 1857, NULL, 1),
(4010, '1701113555581_USR.jpg', '2023-11-27', 1, 1858, 1, 3),
(4011, '1701113555591_USR.jpg', '2023-11-27', 0, 1858, 1, 3),
(4012, '1701113555605_USR.jpg', '2023-11-27', 0, 1858, 1, 3),
(4013, '1701113555624_USR.jpg', '2023-11-27', 0, 1858, 1, 3),
(4014, '1701113555633_USR.jpg', '2023-11-27', 0, 1858, 1, 3),
(4015, '1701113555651_USR.jpg', '2023-11-27', 0, 1858, 1, 3),
(4016, '1701113555661_USR.jpg', '2023-11-27', 0, 1858, 1, 3),
(4017, '1701113555671_SAT.JPG', '2023-11-27', 0, 1858, NULL, 1),
(4018, '1701113894576_USR.jpg', '2023-11-27', 0, 1859, 1, 3),
(4019, '1701113894586_USR.jpg', '2023-11-27', 0, 1859, 1, 3),
(4020, '1701113894596_USR.jpg', '2023-11-27', 0, 1859, 1, 3),
(4021, '1701113894606_USR.jpg', '2023-11-27', 1, 1859, 1, 3),
(4022, '1701113894616_USR.jpg', '2023-11-27', 0, 1859, 1, 3),
(4023, '1701113894627_USR.jpg', '2023-11-27', 0, 1859, 1, 3),
(4024, '1701113894638_USR.jpg', '2023-11-27', 0, 1859, 1, 3),
(4025, '1701113894649_USR.jpg', '2023-11-27', 0, 1859, 1, 3),
(4026, '1701113894660_USR.jpg', '2023-11-27', 0, 1859, 1, 3),
(4027, '1701113894697_USR.jpg', '2023-11-27', 0, 1859, 1, 3),
(4028, '1701113894705_USR.jpg', '2023-11-27', 0, 1859, 1, 3),
(4029, '1701113894729_SAT.JPG', '2023-11-27', 0, 1859, NULL, 1),
(4030, '1701114203503_USR.jpg', '2023-11-27', 1, 1860, 1, 3),
(4031, '1701114203553_USR.jpg', '2023-11-27', 0, 1860, 1, 3),
(4032, '1701114203563_USR.jpg', '2023-11-27', 0, 1860, 1, 3),
(4033, '1701114203575_USR.jpg', '2023-11-27', 0, 1860, 1, 3),
(4034, '1701114203584_USR.jpg', '2023-11-27', 0, 1860, 1, 3),
(4035, '1701114203594_USR.jpg', '2023-11-27', 0, 1860, 1, 3),
(4036, '1701114203606_USR.jpg', '2023-11-27', 0, 1860, 1, 3),
(4037, '1701114203621_USR.jpg', '2023-11-27', 0, 1860, 1, 3),
(4038, '1701114203634_USR.jpg', '2023-11-27', 0, 1860, 1, 3),
(4039, '1701114203645_USR.jpg', '2023-11-27', 0, 1860, 1, 3),
(4040, '1701114203656_USR.jpg', '2023-11-27', 0, 1860, 1, 3),
(4041, '1701114203667_SAT.JPG', '2023-11-27', 0, 1860, NULL, 1),
(4042, '1701114400913_USR.jpg', '2023-11-27', 1, 1861, 1, 3),
(4043, '1701114400923_USR.jpg', '2023-11-27', 0, 1861, 1, 3),
(4044, '1701114400933_USR.jpg', '2023-11-27', 0, 1861, 1, 3),
(4045, '1701114400956_USR.jpg', '2023-11-27', 0, 1861, 1, 3),
(4046, '1701114400968_USR.jpg', '2023-11-27', 0, 1861, 1, 3),
(4047, '1701114400980_USR.jpg', '2023-11-27', 0, 1861, 1, 3),
(4048, '1701114400991_USR.jpg', '2023-11-27', 0, 1861, 1, 3),
(4049, '1701114401001_USR.jpg', '2023-11-27', 0, 1861, 1, 3),
(4050, '1701114401016_USR.jpg', '2023-11-27', 0, 1861, 1, 3),
(4051, '1701114401028_USR.jpg', '2023-11-27', 0, 1861, 1, 3),
(4052, '1701114401038_USR.jpg', '2023-11-27', 0, 1861, 1, 3),
(4053, '1701114401049_SAT.JPG', '2023-11-27', 0, 1861, NULL, 1),
(4054, '1701114598449_USR.jpg', '2023-11-27', 0, 1862, 1, 3),
(4055, '1701114598465_USR.jpg', '2023-11-27', 0, 1862, 1, 3),
(4056, '1701114598488_USR.jpg', '2023-11-27', 0, 1862, 1, 3),
(4057, '1701114598500_USR.jpg', '2023-11-27', 0, 1862, 1, 3),
(4058, '1701114598511_USR.jpg', '2023-11-27', 0, 1862, 1, 3),
(4059, '1701114598521_USR.jpg', '2023-11-27', 0, 1862, 1, 3),
(4060, '1701114598545_USR.jpg', '2023-11-27', 0, 1862, 1, 3),
(4061, '1701114598556_USR.jpg', '2023-11-27', 0, 1862, 1, 3),
(4062, '1701114598566_USR.jpg', '2023-11-27', 0, 1862, 1, 3),
(4063, '1701114598577_USR.jpg', '2023-11-27', 1, 1862, 1, 3),
(4064, '1701114598587_USR.jpg', '2023-11-27', 0, 1862, 1, 3),
(4065, '1701114598599_USR.jpg', '2023-11-27', 0, 1862, 1, 3),
(4066, '1701114598608_USR.jpg', '2023-11-27', 0, 1862, 1, 3),
(4067, '1701114598619_SAT.JPG', '2023-11-27', 0, 1862, NULL, 1),
(4068, '1701114984432_USR.jpg', '2023-11-27', 1, 1863, 1, 3),
(4069, '1701114984442_USR.jpg', '2023-11-27', 0, 1863, 1, 3),
(4070, '1701114984491_USR.jpg', '2023-11-27', 0, 1863, 1, 3),
(4071, '1701114984507_USR.jpg', '2023-11-27', 0, 1863, 1, 3),
(4072, '1701114984531_USR.jpg', '2023-11-27', 0, 1863, 1, 3),
(4073, '1701114984543_USR.jpg', '2023-11-27', 0, 1863, 1, 3),
(4074, '1701114984565_USR.jpg', '2023-11-27', 0, 1863, 1, 3),
(4075, '1701114984586_USR.jpg', '2023-11-27', 0, 1863, 1, 3),
(4076, '1701114984596_USR.jpg', '2023-11-27', 0, 1863, 1, 3),
(4077, '1701114984608_USR.jpg', '2023-11-27', 0, 1863, 1, 3),
(4078, '1701114984619_USR.jpg', '2023-11-27', 0, 1863, 1, 3),
(4079, '1701114984630_USR.jpg', '2023-11-27', 0, 1863, 1, 3),
(4080, '1701114984643_USR.jpg', '2023-11-27', 0, 1863, 1, 3),
(4081, '1701114984654_SAT.JPG', '2023-11-27', 0, 1863, NULL, 1),
(4082, '1701115184257_USR.jpg', '2023-11-27', 0, 1864, 1, 3),
(4083, '1701115184267_USR.jpg', '2023-11-27', 0, 1864, 1, 3),
(4084, '1701115184276_USR.jpg', '2023-11-27', 0, 1864, 1, 3),
(4085, '1701115184287_USR.jpg', '2023-11-27', 0, 1864, 1, 3),
(4086, '1701115184298_USR.jpg', '2023-11-27', 0, 1864, 1, 3),
(4087, '1701115184325_USR.jpg', '2023-11-27', 0, 1864, 1, 3),
(4088, '1701115184338_USR.jpg', '2023-11-27', 0, 1864, 1, 3),
(4089, '1701115184351_USR.jpg', '2023-11-27', 0, 1864, 1, 3),
(4090, '1701115184361_USR.jpg', '2023-11-27', 1, 1864, 1, 3),
(4091, '1701115184373_SAT.JPG', '2023-11-27', 0, 1864, NULL, 1),
(4092, '1701115580377_USR.jpg', '2023-11-27', 0, 1865, 1, 3),
(4093, '1701115580388_USR.jpg', '2023-11-27', 0, 1865, 1, 3),
(4094, '1701115580398_USR.jpg', '2023-11-27', 0, 1865, 1, 3),
(4095, '1701115580409_USR.jpg', '2023-11-27', 0, 1865, 1, 3),
(4096, '1701115580419_USR.jpg', '2023-11-27', 0, 1865, 1, 3),
(4097, '1701115580430_USR.jpg', '2023-11-27', 1, 1865, 1, 3),
(4098, '1701115580442_USR.jpg', '2023-11-27', 0, 1865, 1, 3),
(4099, '1701115580454_USR.jpg', '2023-11-27', 0, 1865, 1, 3),
(4100, '1701115580464_USR.jpg', '2023-11-27', 0, 1865, 1, 3),
(4101, '1701115580474_USR.jpg', '2023-11-27', 0, 1865, 1, 3),
(4102, '1701115580485_SAT.JPG', '2023-11-27', 0, 1865, NULL, 1),
(4103, '1701115752751_USR.jpg', '2023-11-27', 1, 1866, 1, 3),
(4104, '1701115752762_USR.jpg', '2023-11-27', 0, 1866, 1, 3),
(4105, '1701115752772_USR.jpg', '2023-11-27', 0, 1866, 1, 3),
(4106, '1701115752780_USR.jpg', '2023-11-27', 0, 1866, 1, 3),
(4107, '1701115752789_USR.jpg', '2023-11-27', 0, 1866, 1, 3),
(4108, '1701115752800_SAT.JPG', '2023-11-27', 0, 1866, NULL, 1),
(4109, '1701116066542_USR.jpg', '2023-11-27', 1, 1867, 1, 3),
(4110, '1701116066553_USR.jpg', '2023-11-27', 0, 1867, 1, 3),
(4111, '1701116066563_USR.jpg', '2023-11-27', 0, 1867, 1, 3),
(4112, '1701116066573_USR.jpg', '2023-11-27', 0, 1867, 1, 3),
(4113, '1701116066581_USR.jpg', '2023-11-27', 0, 1867, 1, 3),
(4114, '1701116066589_USR.jpg', '2023-11-27', 0, 1867, 1, 3),
(4115, '1701116066599_USR.jpg', '2023-11-27', 0, 1867, 1, 3),
(4116, '1701116066608_USR.jpg', '2023-11-27', 0, 1867, 1, 3),
(4117, '1701116066618_USR.jpg', '2023-11-27', 0, 1867, 1, 3),
(4118, '1701116066628_USR.jpg', '2023-11-27', 0, 1867, 1, 3),
(4119, '1701116066638_USR.jpg', '2023-11-27', 0, 1867, 1, 3),
(4120, '1701116066647_SAT.JPG', '2023-11-27', 0, 1867, NULL, 1),
(4128, '1701707407355_SAT.JPG', '2023-12-04', 0, 1868, NULL, 1),
(4129, 'DSC04104.jpg', '2023-12-04', 0, 1868, 1, 3),
(4130, 'DSC04109.jpg', '2023-12-04', 0, 1868, 1, 3),
(4131, 'DSC04119.jpg', '2023-12-04', 0, 1868, 1, 3),
(4132, 'DSC04139.jpg', '2023-12-04', 0, 1868, 1, 3),
(4133, 'DSC04144.jpg', '2023-12-04', 0, 1868, 1, 3),
(4134, 'DSC04159.jpg', '2023-12-04', 1, 1868, 1, 3),
(4135, 'DSC04179.jpg', '2023-12-04', 0, 1868, 1, 3),
(4136, 'DSC04184.jpg', '2023-12-04', 0, 1868, 1, 3),
(4137, 'DSC04194.jpg', '2023-12-04', 0, 1868, 1, 3),
(4138, 'DSC04209.jpg', '2023-12-04', 0, 1868, 1, 3),
(4139, 'DSC04213.jpg', '2023-12-04', 0, 1868, 1, 3),
(4140, 'DSC04230.jpg', '2023-12-04', 0, 1868, 1, 3),
(4141, 'DSC04235.jpg', '2023-12-04', 0, 1868, 1, 3),
(4142, 'DSC04265.jpg', '2023-12-04', 0, 1868, 1, 3),
(4143, 'DSC04279.jpg', '2023-12-04', 0, 1868, 1, 3),
(4144, 'DSC04305.jpg', '2023-12-04', 0, 1868, 1, 3),
(4145, 'DSC04328.jpg', '2023-12-04', 0, 1868, 1, 3),
(4146, 'DSC04338.jpg', '2023-12-04', 0, 1868, 1, 3),
(4147, 'DSC04343.jpg', '2023-12-04', 0, 1868, 1, 3),
(4148, '1701708036844_USR.jpg', '2023-12-04', 1, 1869, 1, 3),
(4149, '1701708036871_USR.jpg', '2023-12-04', 0, 1869, 1, 3),
(4150, '1701708036899_USR.jpg', '2023-12-04', 0, 1869, 1, 3),
(4151, '1701708036945_USR.jpg', '2023-12-04', 0, 1869, 1, 3),
(4152, '1701708036973_USR.jpg', '2023-12-04', 0, 1869, 1, 3),
(4153, '1701708037000_USR.jpg', '2023-12-04', 0, 1869, 1, 3),
(4154, '1701708037027_SAT.JPG', '2023-12-04', 0, 1869, NULL, 1),
(4155, '1701708184404_USR.jpg', '2023-12-04', 1, 1870, 1, 3),
(4156, '1701708184433_USR.jpg', '2023-12-04', 0, 1870, 1, 3),
(4157, '1701708184458_USR.jpg', '2023-12-04', 0, 1870, 1, 3),
(4158, '1701708184483_USR.jpg', '2023-12-04', 0, 1870, 1, 3),
(4159, '1701708184513_USR.jpg', '2023-12-04', 0, 1870, 1, 3),
(4160, '1701708184543_USR.jpg', '2023-12-04', 0, 1870, 1, 3),
(4161, '1701708184571_USR.jpg', '2023-12-04', 0, 1870, 1, 3),
(4162, '1701708184616_USR.jpg', '2023-12-04', 0, 1870, 1, 3),
(4163, '1701708184641_USR.jpg', '2023-12-04', 0, 1870, 1, 3),
(4164, '1701708184669_USR.jpg', '2023-12-04', 0, 1870, 1, 3),
(4165, '1701708184711_USR.jpg', '2023-12-04', 0, 1870, 1, 3),
(4166, '1701708184739_USR.jpg', '2023-12-04', 0, 1870, 1, 3),
(4167, '1701708184766_USR.jpg', '2023-12-04', 0, 1870, 1, 3),
(4168, '1701708184793_SAT.JPG', '2023-12-04', 0, 1870, NULL, 1),
(4169, '1701708456427_USR.jpg', '2023-12-04', 1, 1871, 1, 3),
(4170, '1701708456461_USR.jpg', '2023-12-04', 0, 1871, 1, 3),
(4171, '1701708456505_USR.jpg', '2023-12-04', 0, 1871, 1, 3),
(4172, '1701708456531_USR.jpg', '2023-12-04', 0, 1871, 1, 3),
(4173, '1701708456615_USR.jpg', '2023-12-04', 0, 1871, 1, 3),
(4174, '1701708456657_USR.jpg', '2023-12-04', 0, 1871, 1, 3),
(4175, '1701708456722_USR.jpg', '2023-12-04', 0, 1871, 1, 3),
(4176, '1701708456760_USR.jpg', '2023-12-04', 0, 1871, 1, 3),
(4177, '1701708456801_USR.jpg', '2023-12-04', 0, 1871, 1, 3),
(4178, '1701708456829_USR.jpg', '2023-12-04', 0, 1871, 1, 3),
(4179, '1701708456857_USR.jpg', '2023-12-04', 0, 1871, 1, 3),
(4180, '1701708456883_USR.jpg', '2023-12-04', 0, 1871, 1, 3),
(4181, '1701708456911_USR.jpg', '2023-12-04', 0, 1871, 1, 3),
(4182, '1701708456937_USR.jpg', '2023-12-04', 0, 1871, 1, 3),
(4183, '1701708456967_USR.jpg', '2023-12-04', 0, 1871, 1, 3),
(4184, '1701708456992_SAT.JPG', '2023-12-04', 0, 1871, NULL, 1),
(4185, '1701708678070_USR.jpg', '2023-12-04', 1, 1872, 1, 3),
(4186, '1701708678083_USR.jpg', '2023-12-04', 0, 1872, 1, 3),
(4187, '1701708678094_USR.jpg', '2023-12-04', 0, 1872, 1, 3),
(4188, '1701708678106_USR.jpg', '2023-12-04', 0, 1872, 1, 3),
(4189, '1701708678122_USR.jpg', '2023-12-04', 0, 1872, 1, 3),
(4190, '1701708678144_USR.jpg', '2023-12-04', 0, 1872, 1, 3),
(4191, '1701708678184_USR.jpg', '2023-12-04', 0, 1872, 1, 3),
(4192, '1701708678211_USR.jpg', '2023-12-04', 0, 1872, 1, 3),
(4193, '1701708678251_USR.jpg', '2023-12-04', 0, 1872, 1, 3),
(4194, '1701708678280_USR.jpg', '2023-12-04', 0, 1872, 1, 3),
(4195, '1701708678320_USR.jpg', '2023-12-04', 0, 1872, 1, 3),
(4196, '1701708678351_USR.jpg', '2023-12-04', 0, 1872, 1, 3),
(4197, '1701708678381_USR.jpg', '2023-12-04', 0, 1872, 1, 3),
(4198, '1701708678413_SAT.JPG', '2023-12-04', 0, 1872, NULL, 1),
(4199, '1701709083962_USR.jpg', '2023-12-04', 1, 1873, 1, 3),
(4200, '1701709084008_USR.jpg', '2023-12-04', 0, 1873, 1, 3),
(4201, '1701709084046_USR.jpg', '2023-12-04', 0, 1873, 1, 3),
(4202, '1701709084080_USR.jpg', '2023-12-04', 0, 1873, 1, 3),
(4203, '1701709084121_SAT.JPG', '2023-12-04', 0, 1873, NULL, 1),
(4207, '1701709252112_SAT.JPG', '2023-12-04', 0, 1874, NULL, 1),
(4208, 'DSC04863.jpg', '2023-12-04', 0, 1874, 1, 3),
(4209, 'DSC04888.jpg', '2023-12-04', 0, 1874, 1, 3),
(4210, 'DSC04903.jpg', '2023-12-04', 1, 1874, 1, 3),
(4211, '1701709656026_USR.jpg', '2023-12-04', 1, 1875, 1, 3),
(4212, '1701709656043_USR.jpg', '2023-12-04', 0, 1875, 1, 3),
(4213, '1701709656062_USR.jpg', '2023-12-04', 0, 1875, 1, 3),
(4214, '1701709656088_SAT.JPG', '2023-12-04', 0, 1875, NULL, 1),
(4215, '1701710120656_USR.jpg', '2023-12-04', 1, 1876, 1, 3),
(4216, '1701710120684_USR.jpg', '2023-12-04', 0, 1876, 1, 3),
(4217, '1701710120717_USR.jpg', '2023-12-04', 0, 1876, 1, 3),
(4218, '1701710120744_USR.jpg', '2023-12-04', 0, 1876, 1, 3),
(4219, '1701710120770_USR.jpg', '2023-12-04', 0, 1876, 1, 3),
(4220, '1701710120796_USR.jpg', '2023-12-04', 0, 1876, 1, 3),
(4221, '1701710120822_USR.jpg', '2023-12-04', 0, 1876, 1, 3),
(4222, '1701710120851_USR.jpg', '2023-12-04', 0, 1876, 1, 3),
(4223, '1701710120878_USR.jpg', '2023-12-04', 0, 1876, 1, 3),
(4224, '1701710120903_USR.jpg', '2023-12-04', 0, 1876, 1, 3),
(4225, '1701710120927_USR.jpg', '2023-12-04', 0, 1876, 1, 3),
(4226, '1701710120955_USR.jpg', '2023-12-04', 0, 1876, 1, 3),
(4227, '1701710120984_USR.jpg', '2023-12-04', 0, 1876, 1, 3),
(4228, '1701710121013_USR.jpg', '2023-12-04', 0, 1876, 1, 3),
(4229, '1701710121044_USR.jpg', '2023-12-04', 0, 1876, 1, 3),
(4230, '1701710121069_USR.jpg', '2023-12-04', 0, 1876, 1, 3),
(4231, '1701710121098_USR.jpg', '2023-12-04', 0, 1876, 1, 3),
(4232, '1701710121126_USR.jpg', '2023-12-04', 0, 1876, 1, 3),
(4233, '1701710121152_USR.jpg', '2023-12-04', 0, 1876, 1, 3),
(4234, '1701710121182_USR.jpg', '2023-12-04', 0, 1876, 1, 3),
(4235, '1701710121209_USR.jpg', '2023-12-04', 0, 1876, 1, 3),
(4236, '1701710121235_USR.jpg', '2023-12-04', 0, 1876, 1, 3),
(4237, '1701710121425_USR.jpg', '2023-12-04', 0, 1876, 1, 3),
(4238, '1701710121454_USR.jpg', '2023-12-04', 0, 1876, 1, 3),
(4239, '1701710121530_USR.jpg', '2023-12-04', 0, 1876, 1, 3),
(4240, '1701710121555_USR.jpg', '2023-12-04', 0, 1876, 1, 3),
(4241, '1701710121584_USR.jpg', '2023-12-04', 0, 1876, 1, 3),
(4242, '1701710121612_USR.jpg', '2023-12-04', 0, 1876, 1, 3),
(4243, '1701710121638_USR.jpg', '2023-12-04', 0, 1876, 1, 3),
(4244, '1701710121663_USR.jpg', '2023-12-04', 0, 1876, 1, 3),
(4245, '1701710121690_USR.jpg', '2023-12-04', 0, 1876, 1, 3),
(4246, '1701710121727_USR.jpg', '2023-12-04', 0, 1876, 1, 3),
(4247, '1701710121762_USR.jpg', '2023-12-04', 0, 1876, 1, 3),
(4248, '1701710121795_USR.jpg', '2023-12-04', 0, 1876, 1, 3),
(4249, '1701710121829_USR.jpg', '2023-12-04', 0, 1876, 1, 3),
(4250, '1701710121871_USR.jpg', '2023-12-04', 0, 1876, 1, 3),
(4251, '1701710121910_USR.jpg', '2023-12-04', 0, 1876, 1, 3),
(4252, '1701710121950_USR.jpg', '2023-12-04', 0, 1876, 1, 3),
(4253, '1701710121983_USR.jpg', '2023-12-04', 0, 1876, 1, 3),
(4254, '1701710122014_USR.jpg', '2023-12-04', 0, 1876, 1, 3),
(4255, '1701710122045_USR.jpg', '2023-12-04', 0, 1876, 1, 3),
(4256, '1701710122073_USR.jpg', '2023-12-04', 0, 1876, 1, 3),
(4257, '1701710122099_USR.jpg', '2023-12-04', 0, 1876, 1, 3),
(4258, '1701710122127_USR.jpg', '2023-12-04', 0, 1876, 1, 3),
(4259, '1701710122153_USR.jpg', '2023-12-04', 0, 1876, 1, 3),
(4260, '1701710122179_USR.jpg', '2023-12-04', 0, 1876, 1, 3),
(4261, '1701710122207_USR.jpg', '2023-12-04', 0, 1876, 1, 3),
(4262, '1701710122234_USR.jpg', '2023-12-04', 0, 1876, 1, 3),
(4263, '1701710122266_USR.jpg', '2023-12-04', 0, 1876, 1, 3),
(4264, '1701710122301_USR.jpg', '2023-12-04', 0, 1876, 1, 3),
(4265, '1701710122364_USR.jpg', '2023-12-04', 0, 1876, 1, 3),
(4266, '1701710122419_USR.jpg', '2023-12-04', 0, 1876, 1, 3),
(4267, '1701710122462_USR.jpg', '2023-12-04', 0, 1876, 1, 3),
(4268, '1701710122504_USR.jpg', '2023-12-04', 0, 1876, 1, 3),
(4269, '1701710122544_USR.jpg', '2023-12-04', 0, 1876, 1, 3),
(4270, '1701710122599_USR.jpg', '2023-12-04', 0, 1876, 1, 3),
(4271, '1701710122640_USR.jpg', '2023-12-04', 0, 1876, 1, 3),
(4272, '1701710122697_USR.jpg', '2023-12-04', 0, 1876, 1, 3),
(4273, '1701710122708_USR.jpg', '2023-12-04', 0, 1876, 1, 3),
(4274, '1701710122719_USR.jpg', '2023-12-04', 0, 1876, 1, 3),
(4275, '1701710122734_USR.jpg', '2023-12-04', 0, 1876, 1, 3),
(4276, '1701710122750_USR.jpg', '2023-12-04', 0, 1876, 1, 3),
(4277, '1701710122767_USR.jpg', '2023-12-04', 0, 1876, 1, 3),
(4278, '1701710122784_USR.jpg', '2023-12-04', 0, 1876, 1, 3),
(4279, '1701710122804_USR.jpg', '2023-12-04', 0, 1876, 1, 3),
(4280, '1701710122820_USR.jpg', '2023-12-04', 0, 1876, 1, 3),
(4281, '1701710122838_USR.jpg', '2023-12-04', 0, 1876, 1, 3),
(4282, '1701710122853_USR.jpg', '2023-12-04', 0, 1876, 1, 3),
(4283, '1701710122869_USR.jpg', '2023-12-04', 0, 1876, 1, 3),
(4284, '1701710122888_USR.jpg', '2023-12-04', 0, 1876, 1, 3),
(4285, '1701710122906_USR.jpg', '2023-12-04', 0, 1876, 1, 3),
(4286, '1701710122924_USR.jpg', '2023-12-04', 0, 1876, 1, 3),
(4287, '1701710122944_USR.jpg', '2023-12-04', 0, 1876, 1, 3),
(4288, '1701710122967_SAT.JPG', '2023-12-04', 0, 1876, NULL, 1);

-- --------------------------------------------------------

--
-- Structure de la table `image_type`
--

DROP TABLE IF EXISTS `image_type`;
CREATE TABLE IF NOT EXISTS `image_type` (
  `id` int(11) NOT NULL AUTO_INCREMENT,
  `label` varchar(50) NOT NULL,
  `code_type` varchar(3) NOT NULL,
  PRIMARY KEY (`id`)
) ENGINE=InnoDB AUTO_INCREMENT=4 DEFAULT CHARSET=utf8mb4 COLLATE=utf8mb4_general_ci;

--
-- Déchargement des données de la table `image_type`
--

INSERT INTO `image_type` (`id`, `label`, `code_type`) VALUES
(1, 'Satellite', 'SAT'),
(2, 'StreetView', 'STR'),
(3, 'User', 'USE');

-- --------------------------------------------------------

--
-- Structure de la table `marker`
--

DROP TABLE IF EXISTS `marker`;
CREATE TABLE IF NOT EXISTS `marker` (
  `id` int(11) NOT NULL AUTO_INCREMENT,
  `name` varchar(100) NOT NULL,
  `description` text NOT NULL,
  `latitude` float(100,9) NOT NULL,
  `longitude` float(100,9) NOT NULL,
  `is_urbex` tinyint(1) NOT NULL,
  `maps_link` varchar(500) NOT NULL,
  `marker_type_id` int(11) NOT NULL,
  `marker_status_id` int(11) NOT NULL,
  `motif_id` int(11) DEFAULT NULL,
  `level_id` int(11) NOT NULL,
  `department_id` varchar(3) DEFAULT NULL,
  `region_id` int(11) DEFAULT NULL,
  `country_id` int(11) NOT NULL,
  PRIMARY KEY (`id`),
  KEY `marker_type_id` (`marker_type_id`),
  KEY `marker_status_id` (`marker_status_id`),
  KEY `motif_id` (`motif_id`),
  KEY `marker_department` (`department_id`),
  KEY `marker_region` (`region_id`),
  KEY `marker_country` (`country_id`)
) ENGINE=InnoDB AUTO_INCREMENT=1877 DEFAULT CHARSET=utf8mb4 COLLATE=utf8mb4_general_ci;

--
-- Déchargement des données de la table `marker`
--

INSERT INTO `marker` (`id`, `name`, `description`, `latitude`, `longitude`, `is_urbex`, `maps_link`, `marker_type_id`, `marker_status_id`, `motif_id`, `level_id`, `department_id`, `region_id`, `country_id`) VALUES
(2, 'Hotel Tetznerljkkhjkh645', '', 51.761829376, 10.672692299, 1, 'https://www.google.fr/maps/place/51%C2%B045\'42.6%22N+10%C2%B040\'21.7%22E/@51.76183,10.6705033,533m/data=!3m2!1e3!4b1!4m5!3m4!1s0x0:0x0!8m2!3d51.76183!4d10.672692', 20, 3, NULL, 4, NULL, NULL, 136),
(6, 'Doelhythertty', '', 51.310596466, 4.264975071, 0, 'https://www.google.fr/maps/place/51%C2%B018\'38.2%22N+4%C2%B015\'53.9%22E/@51.310497,4.2652968,538m/data=!3m1!1e3!4m5!3m4!1s0x0:0x0!8m2!3d51.3105976!4d4.2649749', 21, 2, NULL, 1, NULL, NULL, 140),
(7, 'La haute barde', '', 47.568408966, 0.624100029, 1, 'https://www.google.fr/maps/place/47%C2%B034\'06.3%22N+0%C2%B037\'26.8%22E/@47.5682869,0.6242717,581m/data=!3m1!1e3!4m5!3m4!1s0x0:0x0!8m2!3d47.56841!4d0.6241', 22, 3, NULL, 4, '37', 4, 150),
(8, 'Sanatorium de Dreux', '', 48.759338379, 1.335337758, 1, 'https://www.google.fr/maps/place/48%C2%B045\'33.6%22N+1%C2%B020\'07.2%22E/@48.7591558,1.3350374,568m/data=!3m1!1e3!4m5!3m4!1s0x0:0x0!8m2!3d48.7593397!4d1.3353378', 18, 2, NULL, 4, '28', 4, 150),
(10, 'Sanatorium Beelitz', '', 52.259117126, 12.928226471, 1, 'https://www.google.fr/maps/place/52%C2%B015\'32.8%22N+12%C2%B055\'41.6%22E/@52.2591155,12.9260373,527m/data=!3m2!1e3!4b1!4m5!3m4!1s0x0:0x0!8m2!3d52.2591155!4d12.928226', 18, 2, 4, 3, NULL, NULL, 136),
(67, 'Charbonnerie du Hasarder', '', 50.681339264, 5.669546127, 1, 'https://www.google.fr/maps/place/50%C2%B040\'52.8%22N+5%C2%B040\'10.4%22E/@50.6815633,5.6694173,546m/data=!3m1!1e3!4m5!3m4!1s0x0:0x0!8m2!3d50.681339!4d5.669546', 11, 3, 5, 4, NULL, NULL, 140),
(68, 'Charbonnerie du Hasard', '', 50.681339264, 5.669546127, 1, 'https://www.google.fr/maps/place/50%C2%B040\'52.8%22N+5%C2%B040\'10.4%22E/@50.6815633,5.6694173,546m/data=!3m1!1e3!4m5!3m4!1s0x0:0x0!8m2!3d50.681339!4d5.669546', 11, 3, 5, 4, NULL, NULL, 140),
(1113, 'Maison St Berthevin', '', 48.067501068, -0.841417015, 1, 'https://www.google.fr/maps/place/48%C2%B004\'03.0%22N+0%C2%B050\'29.1%22W/@48.0673789,-0.841524,171m/data=!3m1!1e3!4m5!3m4!1s0x0:0x0!8m2!3d48.0675!4d-0.8414167', 6, 1, NULL, 4, '53', 12, 150),
(1313, 'Château de La Villaudra', '', 47.979499817, -0.974583030, 1, 'https://www.google.fr/maps/place/47%C2%B058\'46.2%22N+0%C2%B058\'28.5%22W/@47.9794503,-0.9759013,289m/data=!3m1!1e3!4m5!3m4!1s0x0:0x0!8m2!3d47.9795!4d-0.9745833', 5, 1, NULL, 4, '53', 12, 150),
(1742, 'Chateau de St Ilan', '', 48.508331299, -2.700831890, 1, 'https://www.google.fr/maps/place/48%C2%B030\'29.9%22N+2%C2%B042\'03.1%22W/@48.5083202,-2.7006388,133m/data=!3m1!1e3!4m21!1m16!4m15!1m6!1m2!1s0x480e1c8241ce764f:0xede0fc241b0f981a!2sAFPA+-+Centre+de+Saint-Brieuc%2F+Langueux,+Rue+des+Madi%C3%A8res,+Langueux!2m2!1d-2.6948337!2d48.4939046!1m6!1m2!1s0x47e02f2395218b7d:0x5bc1867aaf33af12!2sLe+Havre!2m2!1d0.107929!2d49.49437!3e0!3m3!8m2!3d48.5083!4d-2.700851?entry=ttu', 5, 2, NULL, 4, '22', 3, 150),
(1743, 'Manoir de Kermathéman ', '', 48.594947815, -3.280086994, 1, 'https://www.google.fr/maps/place/48%C2%B035\'41.0%22N+3%C2%B016\'48.7%22W/@48.5947918,-3.2804408,403m/data=!3m1!1e3!4m5!3m4!1s0x0:0x0!8m2!3d48.5947222!4d-3.2801944', 5, 2, NULL, 2, '22', 3, 150),
(1744, 'Papeterie Vallée', '', 48.553794861, -3.398243904, 0, 'https://www.google.fr/maps/place/48%C2%B033\'15.2%22N+3%C2%B023\'53.9%22W/@48.5539339,-3.3982295,403m/data=!3m1!1e3!4m5!3m4!1s0x0:0x0!8m2!3d48.554215!4d-3.398298', 11, 2, NULL, 2, '22', 3, 150);

-- --------------------------------------------------------

--
-- Structure de la table `marker_status`
--

DROP TABLE IF EXISTS `marker_status`;
CREATE TABLE IF NOT EXISTS `marker_status` (
  `id` int(11) NOT NULL AUTO_INCREMENT,
  `label` varchar(50) NOT NULL,
  `code_status` varchar(3) NOT NULL,
  PRIMARY KEY (`id`)
) ENGINE=InnoDB AUTO_INCREMENT=5 DEFAULT CHARSET=utf8mb4 COLLATE=utf8mb4_general_ci;

--
-- Déchargement des données de la table `marker_status`
--

INSERT INTO `marker_status` (`id`, `label`, `code_status`) VALUES
(1, 'Dead', 'D'),
(2, 'Ok', 'O'),
(3, 'Incertain', 'I'),
(4, 'Visiteur', 'V');

-- --------------------------------------------------------

--
-- Structure de la table `marker_type`
--

DROP TABLE IF EXISTS `marker_type`;
CREATE TABLE IF NOT EXISTS `marker_type` (
  `id` int(11) NOT NULL AUTO_INCREMENT,
  `label` varchar(50) NOT NULL,
  `code_type` varchar(3) NOT NULL,
  PRIMARY KEY (`id`)
) ENGINE=InnoDB AUTO_INCREMENT=34 DEFAULT CHARSET=utf8mb4 COLLATE=utf8mb4_general_ci;

--
-- Déchargement des données de la table `marker_type`
--

INSERT INTO `marker_type` (`id`, `label`, `code_type`) VALUES
(1, 'Abbaye', 'ABB'),
(2, 'Chapelle', 'CHA'),
(3, 'Eglise', 'EGL'),
(4, 'Cathédrale', 'CAT'),
(5, 'Château', 'CHT'),
(6, 'Maison', 'MAI'),
(7, 'Ruines Château', 'RUC'),
(8, 'Cimetière Bateaux', 'CIB'),
(9, 'Cimetière Voitures', 'CIV'),
(10, 'Cimetière Avions', 'CIA'),
(11, 'Usine', 'USI'),
(12, 'Cimetière', 'CIM'),
(13, 'Discothèque', 'DIS'),
(14, 'Barrage', 'BAR'),
(15, 'Cimetière Trains', 'CIT'),
(16, 'Must See', 'MUS'),
(17, 'Hopital', 'HOP'),
(18, 'Sanatorium', 'SAN'),
(19, 'Parc Atractions', 'PAA'),
(20, 'Hôtel', 'HOT'),
(21, 'Ville / Village', 'VIL'),
(22, 'Orphelinat', 'ORP'),
(23, 'Residence', 'RES'),
(24, 'Sportif', 'SPO'),
(25, 'Aéroport', 'AER'),
(26, 'Séminaire', 'SEM'),
(27, 'Other', 'OTH'),
(28, 'Militaire', 'MIL'),
(29, 'Piscine / Thermes', 'PIS'),
(30, 'Gouvernemental', 'GOU'),
(31, 'Scolaire', 'SCO'),
(32, 'Restaurant', 'RST'),
(33, 'Street Art', 'STA');

-- --------------------------------------------------------

--
-- Structure de la table `motif`
--

DROP TABLE IF EXISTS `motif`;
CREATE TABLE IF NOT EXISTS `motif` (
  `id` int(11) NOT NULL AUTO_INCREMENT,
  `label` varchar(50) NOT NULL,
  `code_motif` varchar(3) NOT NULL,
  PRIMARY KEY (`id`)
) ENGINE=InnoDB AUTO_INCREMENT=102 DEFAULT CHARSET=utf8mb4 COLLATE=utf8mb4_general_ci;

--
-- Déchargement des données de la table `motif`
--

INSERT INTO `motif` (`id`, `label`, `code_motif`) VALUES
(1, 'Rasé', 'RAS'),
(2, 'Brulé', 'BRU'),
(3, 'Réhabilité', 'REH'),
(4, 'Officiel', 'OFF'),
(5, 'Projet', 'PRO'),
(6, 'Sécurité', 'SEC'),
(7, 'Club tir', 'TIR'),
(8, 'Privé', 'PRV');

-- --------------------------------------------------------

--
-- Structure de la table `region`
--

DROP TABLE IF EXISTS `region`;
CREATE TABLE IF NOT EXISTS `region` (
  `id` int(11) NOT NULL AUTO_INCREMENT,
  `name` varchar(100) NOT NULL,
  `country_id` int(11) NOT NULL,
  PRIMARY KEY (`id`),
  KEY `country_id` (`country_id`)
) ENGINE=InnoDB AUTO_INCREMENT=15 DEFAULT CHARSET=utf8mb4 COLLATE=utf8mb4_general_ci;

--
-- Déchargement des données de la table `region`
--

INSERT INTO `region` (`id`, `name`, `country_id`) VALUES
(1, 'Auvergne-Rhône-Alpes', 150),
(2, 'Bourgogne-Franche-Comté', 150),
(3, 'Bretagne', 150),
(4, 'Centre-Val de Loire', 150),
(5, 'Corse', 150),
(6, 'Grand Est', 150),
(7, 'Hauts-de-France', 150),
(8, 'Île-de-France', 150),
(9, 'Normandie', 150),
(10, 'Nouvelle-Aquitaine', 150),
(11, 'Occitanie', 150),
(12, 'Pays de la Loire', 150),
(13, 'Provence-Alpes-Côte d\'Azur', 150),
(14, 'Outre-Mer', 150);

-- --------------------------------------------------------

--
-- Structure de la table `user`
--

DROP TABLE IF EXISTS `user`;
CREATE TABLE IF NOT EXISTS `user` (
  `id` int(11) NOT NULL AUTO_INCREMENT,
  `nickname` varchar(80) NOT NULL,
  `email` varchar(100) NOT NULL,
  `password` varchar(100) NOT NULL,
  `user_type_id` int(11) NOT NULL,
  PRIMARY KEY (`id`),
  KEY `user_type_id` (`user_type_id`)
) ENGINE=InnoDB AUTO_INCREMENT=42 DEFAULT CHARSET=utf8mb4 COLLATE=utf8mb4_general_ci;

--
-- Déchargement des données de la table `user`
--

INSERT INTO `user` (`id`, `nickname`, `email`, `password`, `user_type_id`) VALUES
(1, 'Nick Urban', 'ng.gaud@gmail.com', 'wqpfur@rd2', 4),
(6, 'Silvy & Serge', 'silvygaud@hotmail.com', 'silvygaud@hotmail.com', 2),
(7, 'Agnès & Didier', 'ad-gaud@sfr.fr', 'ad-gaud@sfr.fr', 2),
(8, 'Camille & Jean', 'camillegaud@hotmail.com', 'camillegaud@hotmail.com', 2),
(9, 'Svetlana & Hervé', 'herve.caillard@me.com', 'gribouille_U', 2),
(10, 'Laurem Lorelei', 'lauremdpy@gmail.com', 'lauremdpy@gmail.com', 2),
(11, 'Antoine', 'antoine_777@hotmail.fr', 'antoine_777@hotmail.fr', 2),
(12, 'Chacha & Vincent', 'charlotte.zamparo@hotmail.fr', 'charlotte.zamparo@hotmail.fr', 2),
(13, 'Maxou', 'mmongondry@gmail.com', 'mmongondry@gmail.com', 2),
(14, 'Gaëlle & Dany', 'gaellecartry@hotmail.fr', 'gaellecartry@hotmail.fr', 2),
(15, 'Anne Charlotte', 'ach.nice@neuf.fr', 'ach.nice@neuf.fr', 2),
(17, 'Mamat', 'sivaultm@gmail.com', 'sivaultm@gmail.com', 2),
(18, 'Manu', 'manu_desevre@yahoo.fr', 'manu_desevre@yahoo.fr', 2),
(19, 'Claire & Oliv', 'olivieroger33@orange.fr', 'olivieroger33@orange.fr', 2),
(20, 'Salvado Family', 'salvadofamily@mac.com', 'salvadofamily@mac.com', 2),
(21, 'Soraya & Fabrice', 'soraya-13015@hotmail.fr', 'soraya-13015@hotmail.fr', 2),
(22, 'Julie & Sylvain', 'sylv.busson@gmail.com', 'sylv.busson@gmail.com', 2),
(23, 'Celia & Théo', 'theo.mongondry@yahoo.fr', 'theo.mongondry@yahoo.fr', 2),
(24, 'Emma & Vidda', 'davidsinger37000@gmail.com', 'davidsinger37000@gmail.com', 2),
(25, 'Yann', 'singer.yann@laposte.net', 'singer.yann@laposte.net', 2),
(27, 'Bill', 'bill@gmail.com', 'bill@gmail.com', 2),
(28, 'Mathieu', 'Mathieu@gmail.com', 'Mathieu@gmail.com', 2),
(29, 'Hugh', 'Hugh@gmail.com', 'Hugh@gmail.com', 2),
(30, 'Kylian', 'Kylian@gmail.com', 'Kylian@gmail.com', 2),
(31, 'Dominique', 'Dominique@gmail.com', 'Dominique@gmail.com', 2),
(32, 'Fabien', 'Fabien@gmail.com', 'Fabien@gmail.com', 2),
(33, 'Ludovic', 'Ludovic@gmail.com', 'Ludovic@gmail.com', 2),
(34, 'Neuven', 'Neuven@gmail.com', 'Neuven@gmail.com', 2),
(35, 'Romain', 'Romain@gmail.com', 'Romain@gmail.com', 2),
(36, 'Winona', 'Winona@gmail.com', 'Winona@gmail.com', 2),
(37, 'Maxime', 'Maxime@gmail.com', 'Maxime@gmail.com', 2),
(38, 'Kevin', 'Kevin@gmail.com', 'Kevin@gmail.com', 2),
(39, 'Melcki', 'Melcki@gmail.com', 'Melcki@gmail.com', 2),
(41, '@gmail.com', 'test@gmail.com', '$2a$10$nsuEdQyJZ7wf5brN8uyMruUSh3b6q.8BS.SyUqOTwVkbn.Ln5PWZW', 4),
(42, '@gmail.com', 'test1@gmail.com', '$2a$10$nsuEdQyJZ7wf5brN8uyMruUSh3b6q.8BS.SyUqOTwVkbn.Ln5PWZW', 1),
(43, '@gmail.com', 'test2@gmail.com', '$2a$10$nsuEdQyJZ7wf5brN8uyMruUSh3b6q.8BS.SyUqOTwVkbn.Ln5PWZW', 2),
(44, '@gmail.com', 'test3@gmail.com', '$2a$10$nsuEdQyJZ7wf5brN8uyMruUSh3b6q.8BS.SyUqOTwVkbn.Ln5PWZW', 3);

-- --------------------------------------------------------

--
-- Structure de la table `user_marker`
--

DROP TABLE IF EXISTS `user_marker`;
CREATE TABLE IF NOT EXISTS `user_marker` (
  `id` int(11) NOT NULL AUTO_INCREMENT,
  `marker_id` int(11) NOT NULL,
  `user_id` int(11) NOT NULL,
  PRIMARY KEY (`id`),
  KEY `user_marker_marker` (`marker_id`),
  KEY `user_marker_user` (`user_id`)
) ENGINE=InnoDB AUTO_INCREMENT=299 DEFAULT CHARSET=utf8mb4 COLLATE=utf8mb4_general_ci;

--
-- Déchargement des données de la table `user_marker`
--

INSERT INTO `user_marker` (`id`, `marker_id`, `user_id`) VALUES
(1, 49, 1),
(2, 50, 1),
(3, 60, 1),
(4, 61, 1),
(5, 62, 1),
(6, 63, 1),
(7, 64, 1),
(9, 72, 1),
(10, 80, 1),
(11, 81, 1),
(12, 82, 1),
(13, 83, 1),
(14, 89, 1),
(15, 96, 1),
(16, 98, 1),
(17, 99, 1),
(18, 129, 1),
(19, 131, 1),
(20, 136, 1),
(21, 145, 1),
(22, 146, 1),
(23, 148, 1),
(24, 159, 1),
(25, 160, 1),
(26, 173, 1),
(27, 175, 1),
(28, 178, 1),
(29, 179, 1),
(30, 183, 1),
(31, 184, 1),
(32, 187, 1),
(33, 189, 1),
(34, 192, 1),
(35, 193, 1),
(36, 194, 1),
(37, 196, 1),
(38, 220, 1),
(39, 222, 1),
(40, 225, 1),
(41, 242, 1),
(42, 265, 1),
(43, 269, 1),
(44, 278, 1),
(45, 279, 1),
(46, 284, 1),
(47, 285, 1),
(48, 286, 1),
(49, 294, 1),
(50, 296, 1),
(51, 305, 1),
(52, 317, 1),
(53, 318, 1),
(54, 320, 1),
(55, 323, 1),
(56, 325, 1),
(57, 330, 1),
(58, 356, 1),
(59, 358, 1),
(60, 370, 1),
(61, 372, 1),
(62, 374, 1),
(63, 376, 1),
(64, 382, 1),
(65, 386, 1),
(66, 387, 1),
(67, 388, 1),
(68, 397, 1),
(69, 406, 1),
(70, 407, 1),
(71, 408, 1),
(73, 411, 1),
(74, 413, 1),
(75, 415, 1),
(76, 417, 1),
(77, 424, 1),
(78, 425, 1),
(79, 426, 1),
(80, 427, 1),
(81, 428, 1),
(82, 436, 1),
(83, 443, 1),
(84, 444, 1),
(85, 450, 1),
(86, 451, 1),
(87, 452, 1),
(88, 455, 1),
(89, 456, 1),
(90, 457, 1),
(91, 458, 1),
(92, 459, 1),
(93, 460, 1),
(94, 461, 1),
(95, 463, 1),
(96, 465, 1),
(97, 466, 1),
(98, 467, 1),
(99, 468, 1),
(100, 471, 1),
(101, 472, 1),
(102, 492, 1),
(103, 505, 1),
(104, 506, 1),
(105, 507, 1),
(106, 518, 1),
(107, 519, 1),
(108, 520, 1),
(109, 521, 1),
(110, 522, 1),
(111, 523, 1),
(112, 524, 1),
(113, 525, 1),
(114, 526, 1),
(115, 527, 1),
(116, 528, 1),
(117, 529, 1),
(118, 530, 1),
(119, 531, 1),
(120, 532, 1),
(121, 533, 1),
(122, 534, 1),
(123, 535, 1),
(124, 536, 1),
(125, 537, 1),
(126, 538, 1),
(127, 539, 1),
(128, 541, 1),
(129, 542, 1),
(130, 544, 1),
(132, 546, 1),
(133, 547, 1),
(134, 548, 1),
(135, 551, 1),
(137, 582, 1),
(138, 583, 1),
(139, 584, 1),
(140, 585, 1),
(141, 586, 1),
(142, 587, 1),
(143, 611, 1),
(144, 612, 1),
(145, 629, 1),
(146, 630, 1),
(147, 632, 1),
(148, 633, 1),
(149, 635, 1),
(150, 638, 1),
(151, 642, 1),
(152, 668, 1),
(153, 677, 1),
(154, 678, 1),
(155, 683, 1),
(156, 837, 1),
(157, 881, 1),
(158, 928, 1),
(159, 929, 1),
(160, 930, 1),
(161, 934, 1),
(162, 1025, 1),
(163, 1026, 1),
(164, 1027, 1),
(165, 1034, 1),
(166, 1169, 1),
(167, 1170, 1),
(168, 1171, 1),
(173, 1742, 1),
(174, 1743, 1),
(175, 1744, 1),
(176, 1745, 1),
(177, 1746, 1),
(178, 1747, 1),
(179, 1748, 1),
(180, 1749, 1),
(181, 1750, 1),
(182, 1751, 1),
(183, 1752, 1),
(184, 1753, 1),
(185, 1754, 1),
(186, 1773, 1),
(187, 1774, 1),
(189, 1776, 1),
(190, 1777, 1),
(191, 1778, 1),
(192, 1779, 1),
(194, 1781, 1),
(196, 1783, 1),
(197, 1784, 1),
(198, 1785, 1),
(200, 1787, 1),
(201, 1788, 1),
(202, 1789, 1),
(203, 1790, 1),
(204, 1024, 1),
(205, 1791, 1),
(206, 1792, 1),
(207, 1793, 1),
(208, 1794, 1),
(210, 1795, 1),
(211, 1796, 1),
(212, 1797, 1),
(213, 1798, 1),
(214, 1799, 1),
(215, 1800, 1),
(217, 1801, 1),
(218, 1802, 1),
(219, 1806, 1),
(220, 1774, 1),
(221, 1807, 1),
(222, 1808, 1),
(223, 1809, 1),
(224, 1810, 1),
(225, 1811, 1),
(226, 1630, 1),
(227, 1812, 1),
(228, 1812, 1),
(229, 1629, 1),
(230, 1620, 1),
(231, 1813, 1),
(232, 1814, 1),
(233, 1815, 1),
(234, 1816, 1),
(235, 1817, 1),
(236, 1817, 1),
(237, 1818, 1),
(238, 1819, 1),
(239, 1820, 1),
(240, 1821, 1),
(241, 1822, 1),
(242, 1823, 1),
(243, 1824, 1),
(245, 1825, 1),
(246, 1826, 1),
(247, 1827, 1),
(248, 1828, 1),
(249, 1046, 1),
(250, 1829, 1),
(251, 1313, 1),
(252, 1830, 1),
(253, 1831, 1),
(254, 1832, 1),
(255, 1833, 1),
(256, 1834, 1),
(257, 1835, 1),
(258, 1836, 1),
(259, 1837, 1),
(260, 1838, 1),
(261, 1839, 1),
(262, 1840, 1),
(263, 1841, 1),
(264, 1842, 1),
(265, 1843, 1),
(266, 1844, 1),
(267, 1845, 1),
(268, 1846, 1),
(269, 1847, 1),
(270, 1848, 1),
(271, 1849, 1),
(272, 1850, 1),
(273, 1851, 1),
(274, 1852, 1),
(275, 1853, 1),
(276, 1854, 1),
(277, 1855, 1),
(278, 1856, 1),
(279, 1857, 1),
(280, 1858, 1),
(281, 1859, 1),
(282, 1860, 1),
(283, 1861, 1),
(284, 1862, 1),
(285, 1863, 1),
(286, 1864, 1),
(287, 1865, 1),
(288, 1866, 1),
(289, 1867, 1),
(290, 1868, 1),
(291, 1869, 1),
(292, 1870, 1),
(293, 1871, 1),
(294, 1872, 1),
(295, 1873, 1),
(296, 1874, 1),
(297, 1875, 1),
(298, 1876, 1);

-- --------------------------------------------------------

--
-- Structure de la table `user_type`
--

DROP TABLE IF EXISTS `user_type`;
CREATE TABLE IF NOT EXISTS `user_type` (
  `id` int(11) NOT NULL AUTO_INCREMENT,
  `label` varchar(50) NOT NULL,
  `code_type` varchar(3) NOT NULL,
  PRIMARY KEY (`id`)
) ENGINE=InnoDB AUTO_INCREMENT=5 DEFAULT CHARSET=utf8mb4 COLLATE=utf8mb4_general_ci;

--
-- Déchargement des données de la table `user_type`
--

INSERT INTO `user_type` (`id`, `label`, `code_type`) VALUES
(1, 'User', 'U'),
(2, 'Super User', 'S'),
(3, 'Vip', 'V'),
(4, 'Admin', 'A');

--
-- Contraintes pour les tables déchargées
--

--
-- Contraintes pour la table `country`
--
ALTER TABLE `country`
  ADD CONSTRAINT `continent_id` FOREIGN KEY (`continent_id`) REFERENCES `continent` (`id`);

--
-- Contraintes pour la table `department`
--
ALTER TABLE `department`
  ADD CONSTRAINT `region_id` FOREIGN KEY (`region_id`) REFERENCES `region` (`id`);

--
-- Contraintes pour la table `marker`
--
ALTER TABLE `marker`
  ADD CONSTRAINT `marker_country` FOREIGN KEY (`country_id`) REFERENCES `country` (`id`),
  ADD CONSTRAINT `marker_department` FOREIGN KEY (`department_id`) REFERENCES `department` (`id`),
  ADD CONSTRAINT `marker_region` FOREIGN KEY (`region_id`) REFERENCES `region` (`id`),
  ADD CONSTRAINT `marker_status_id` FOREIGN KEY (`marker_status_id`) REFERENCES `marker_status` (`id`),
  ADD CONSTRAINT `marker_type_id` FOREIGN KEY (`marker_type_id`) REFERENCES `marker_type` (`id`),
  ADD CONSTRAINT `motif_id` FOREIGN KEY (`motif_id`) REFERENCES `motif` (`id`);
COMMIT;

/*!40101 SET CHARACTER_SET_CLIENT=@OLD_CHARACTER_SET_CLIENT */;
/*!40101 SET CHARACTER_SET_RESULTS=@OLD_CHARACTER_SET_RESULTS */;
/*!40101 SET COLLATION_CONNECTION=@OLD_COLLATION_CONNECTION */;
