-- phpMyAdmin SQL Dump
-- version 5.0.1
-- https://www.phpmyadmin.net/
--
-- Host: 127.0.0.1
-- Generation Time: May 06, 2020 at 05:31 AM
-- Server version: 10.4.11-MariaDB
-- PHP Version: 7.4.3

SET SQL_MODE = "NO_AUTO_VALUE_ON_ZERO";
SET AUTOCOMMIT = 0;
START TRANSACTION;
SET time_zone = "+00:00";


/*!40101 SET @OLD_CHARACTER_SET_CLIENT=@@CHARACTER_SET_CLIENT */;
/*!40101 SET @OLD_CHARACTER_SET_RESULTS=@@CHARACTER_SET_RESULTS */;
/*!40101 SET @OLD_COLLATION_CONNECTION=@@COLLATION_CONNECTION */;
/*!40101 SET NAMES utf8mb4 */;

--
-- Database: `luncher`
--

-- --------------------------------------------------------

--
-- Table structure for table `aauth_groups`
--

CREATE TABLE `aauth_groups` (
  `id` int(11) UNSIGNED NOT NULL,
  `name` varchar(100) DEFAULT NULL,
  `definition` text DEFAULT NULL
) ENGINE=InnoDB DEFAULT CHARSET=utf8;

--
-- Dumping data for table `aauth_groups`
--

INSERT INTO `aauth_groups` (`id`, `name`, `definition`) VALUES
(1, 'Admin', 'Superadmin Group'),
(2, 'Public', 'Public Group'),
(3, 'Default', 'Default Access Group'),
(4, 'Member', 'Member Access Group');

-- --------------------------------------------------------

--
-- Table structure for table `aauth_group_to_group`
--

CREATE TABLE `aauth_group_to_group` (
  `group_id` int(11) UNSIGNED NOT NULL,
  `subgroup_id` int(11) UNSIGNED NOT NULL
) ENGINE=InnoDB DEFAULT CHARSET=utf8;

-- --------------------------------------------------------

--
-- Table structure for table `aauth_login_attempts`
--

CREATE TABLE `aauth_login_attempts` (
  `id` int(11) UNSIGNED NOT NULL,
  `ip_address` varchar(39) DEFAULT NULL,
  `timestamp` datetime DEFAULT NULL,
  `login_attempts` tinyint(2) UNSIGNED DEFAULT NULL
) ENGINE=InnoDB DEFAULT CHARSET=utf8;

-- --------------------------------------------------------

--
-- Table structure for table `aauth_perms`
--

CREATE TABLE `aauth_perms` (
  `id` int(11) UNSIGNED NOT NULL,
  `name` varchar(100) DEFAULT NULL,
  `definition` text DEFAULT NULL
) ENGINE=InnoDB DEFAULT CHARSET=utf8;

--
-- Dumping data for table `aauth_perms`
--

INSERT INTO `aauth_perms` (`id`, `name`, `definition`) VALUES
(1, 'menu_dashboard', NULL),
(2, 'menu_crud_builder', NULL),
(3, 'menu_api_builder', NULL),
(4, 'menu_page_builder', NULL),
(5, 'menu_form_builder', NULL),
(6, 'menu_menu', NULL),
(7, 'menu_auth', NULL),
(8, 'menu_user', NULL),
(9, 'menu_group', NULL),
(10, 'menu_access', NULL),
(11, 'menu_permission', NULL),
(12, 'menu_api_documentation', NULL),
(13, 'menu_web_documentation', NULL),
(14, 'menu_settings', NULL),
(15, 'user_list', NULL),
(16, 'user_update_status', NULL),
(17, 'user_export', NULL),
(18, 'user_add', NULL),
(19, 'user_update', NULL),
(20, 'user_update_profile', NULL),
(21, 'user_update_password', NULL),
(22, 'user_profile', NULL),
(23, 'user_view', NULL),
(24, 'user_delete', NULL),
(25, 'blog_list', NULL),
(26, 'blog_export', NULL),
(27, 'blog_add', NULL),
(28, 'blog_update', NULL),
(29, 'blog_view', NULL),
(30, 'blog_delete', NULL),
(31, 'form_list', NULL),
(32, 'form_export', NULL),
(33, 'form_add', NULL),
(34, 'form_update', NULL),
(35, 'form_view', NULL),
(36, 'form_manage', NULL),
(37, 'form_delete', NULL),
(38, 'crud_list', NULL),
(39, 'crud_export', NULL),
(40, 'crud_add', NULL),
(41, 'crud_update', NULL),
(42, 'crud_view', NULL),
(43, 'crud_delete', NULL),
(44, 'rest_list', NULL),
(45, 'rest_export', NULL),
(46, 'rest_add', NULL),
(47, 'rest_update', NULL),
(48, 'rest_view', NULL),
(49, 'rest_delete', NULL),
(50, 'group_list', NULL),
(51, 'group_export', NULL),
(52, 'group_add', NULL),
(53, 'group_update', NULL),
(54, 'group_view', NULL),
(55, 'group_delete', NULL),
(56, 'permission_list', NULL),
(57, 'permission_export', NULL),
(58, 'permission_add', NULL),
(59, 'permission_update', NULL),
(60, 'permission_view', NULL),
(61, 'permission_delete', NULL),
(62, 'access_list', NULL),
(63, 'access_add', NULL),
(64, 'access_update', NULL),
(65, 'menu_list', NULL),
(66, 'menu_add', NULL),
(67, 'menu_update', NULL),
(68, 'menu_delete', NULL),
(69, 'menu_save_ordering', NULL),
(70, 'menu_type_add', NULL),
(71, 'page_list', NULL),
(72, 'page_export', NULL),
(73, 'page_add', NULL),
(74, 'page_update', NULL),
(75, 'page_view', NULL),
(76, 'page_delete', NULL),
(77, 'blog_list', NULL),
(78, 'blog_export', NULL),
(79, 'blog_add', NULL),
(80, 'blog_update', NULL),
(81, 'blog_view', NULL),
(82, 'blog_delete', NULL),
(83, 'setting', NULL),
(84, 'setting_update', NULL),
(85, 'dashboard', NULL),
(86, 'extension_list', NULL),
(87, 'extension_activate', NULL),
(88, 'extension_deactivate', NULL);

-- --------------------------------------------------------

--
-- Table structure for table `aauth_perm_to_group`
--

CREATE TABLE `aauth_perm_to_group` (
  `perm_id` int(11) NOT NULL,
  `group_id` int(11) NOT NULL
) ENGINE=InnoDB DEFAULT CHARSET=utf8;

-- --------------------------------------------------------

--
-- Table structure for table `aauth_perm_to_user`
--

CREATE TABLE `aauth_perm_to_user` (
  `perm_id` int(11) UNSIGNED NOT NULL,
  `user_id` int(11) UNSIGNED NOT NULL
) ENGINE=InnoDB DEFAULT CHARSET=utf8;

-- --------------------------------------------------------

--
-- Table structure for table `aauth_pms`
--

CREATE TABLE `aauth_pms` (
  `id` int(11) UNSIGNED NOT NULL,
  `sender_id` int(11) UNSIGNED NOT NULL,
  `receiver_id` int(11) UNSIGNED NOT NULL,
  `title` varchar(225) NOT NULL,
  `message` text DEFAULT NULL,
  `date_sent` datetime DEFAULT NULL,
  `date_read` datetime DEFAULT NULL,
  `pm_deleted_sender` int(1) DEFAULT NULL,
  `pm_deleted_receiver` int(1) DEFAULT NULL
) ENGINE=InnoDB DEFAULT CHARSET=utf8;

-- --------------------------------------------------------

--
-- Table structure for table `aauth_user`
--

CREATE TABLE `aauth_user` (
  `id` int(11) UNSIGNED NOT NULL,
  `name` varchar(100) DEFAULT NULL,
  `definition` text DEFAULT NULL
) ENGINE=InnoDB DEFAULT CHARSET=utf8;

-- --------------------------------------------------------

--
-- Table structure for table `aauth_users`
--

CREATE TABLE `aauth_users` (
  `id` int(11) UNSIGNED NOT NULL,
  `email` varchar(100) NOT NULL,
  `oauth_uid` text DEFAULT NULL,
  `oauth_provider` varchar(100) DEFAULT NULL,
  `pass` varchar(64) NOT NULL,
  `username` varchar(100) NOT NULL,
  `full_name` varchar(200) NOT NULL,
  `avatar` text NOT NULL,
  `banned` tinyint(1) DEFAULT 0,
  `last_login` datetime DEFAULT NULL,
  `last_activity` datetime DEFAULT NULL,
  `date_created` datetime DEFAULT NULL,
  `forgot_exp` text DEFAULT NULL,
  `remember_time` datetime DEFAULT NULL,
  `remember_exp` text DEFAULT NULL,
  `verification_code` text DEFAULT NULL,
  `top_secret` varchar(16) DEFAULT NULL,
  `ip_address` text DEFAULT NULL
) ENGINE=InnoDB DEFAULT CHARSET=utf8;

--
-- Dumping data for table `aauth_users`
--

INSERT INTO `aauth_users` (`id`, `email`, `oauth_uid`, `oauth_provider`, `pass`, `username`, `full_name`, `avatar`, `banned`, `last_login`, `last_activity`, `date_created`, `forgot_exp`, `remember_time`, `remember_exp`, `verification_code`, `top_secret`, `ip_address`) VALUES
(1, 'cc.chinathip@gmail.com', NULL, NULL, '564fec61575e0557f033d6248877cabc8a1749df771ea8af9714a063213a76d1', 'ccchinathip', 'ccchinathip', '', 0, '2020-05-06 09:35:13', '2020-05-06 09:35:14', '2020-05-06 04:34:52', NULL, NULL, NULL, NULL, NULL, '::1');

-- --------------------------------------------------------

--
-- Table structure for table `aauth_user_to_group`
--

CREATE TABLE `aauth_user_to_group` (
  `user_id` int(11) UNSIGNED NOT NULL,
  `group_id` int(11) UNSIGNED NOT NULL
) ENGINE=InnoDB DEFAULT CHARSET=utf8;

--
-- Dumping data for table `aauth_user_to_group`
--

INSERT INTO `aauth_user_to_group` (`user_id`, `group_id`) VALUES
(1, 1),
(1, 3);

-- --------------------------------------------------------

--
-- Table structure for table `aauth_user_variables`
--

CREATE TABLE `aauth_user_variables` (
  `id` int(11) UNSIGNED NOT NULL,
  `user_id` int(11) UNSIGNED NOT NULL,
  `data_key` varchar(100) NOT NULL,
  `value` text DEFAULT NULL
) ENGINE=InnoDB DEFAULT CHARSET=utf8;

-- --------------------------------------------------------

--
-- Table structure for table `blog`
--

CREATE TABLE `blog` (
  `id` int(11) UNSIGNED NOT NULL,
  `title` varchar(200) NOT NULL,
  `slug` varchar(200) NOT NULL,
  `content` text NOT NULL,
  `image` text NOT NULL,
  `tags` text NOT NULL,
  `category` varchar(200) NOT NULL,
  `status` varchar(10) NOT NULL,
  `author` varchar(100) NOT NULL,
  `viewers` int(11) NOT NULL,
  `created_at` datetime NOT NULL,
  `updated_at` datetime NOT NULL
) ENGINE=InnoDB DEFAULT CHARSET=utf8;

--
-- Dumping data for table `blog`
--

INSERT INTO `blog` (`id`, `title`, `slug`, `content`, `image`, `tags`, `category`, `status`, `author`, `viewers`, `created_at`, `updated_at`) VALUES
(1, 'Hello Wellcome To Cicool Builder', 'Hello-Wellcome-To-Ciool-Builder', 'greetings from our team I hope to be happy! ', 'wellcome.jpg', 'greetings', '1', 'publish', 'admin', 0, '2020-05-06 04:34:51', '0000-00-00 00:00:00');

-- --------------------------------------------------------

--
-- Table structure for table `blog_category`
--

CREATE TABLE `blog_category` (
  `category_id` int(11) UNSIGNED NOT NULL,
  `category_name` varchar(200) NOT NULL,
  `category_desc` text NOT NULL
) ENGINE=InnoDB DEFAULT CHARSET=utf8;

--
-- Dumping data for table `blog_category`
--

INSERT INTO `blog_category` (`category_id`, `category_name`, `category_desc`) VALUES
(1, 'Technology', ''),
(2, 'Lifestyle', '');

-- --------------------------------------------------------

--
-- Table structure for table `captcha`
--

CREATE TABLE `captcha` (
  `captcha_id` int(11) UNSIGNED NOT NULL,
  `captcha_time` int(10) DEFAULT NULL,
  `ip_address` varchar(45) NOT NULL,
  `word` varchar(20) NOT NULL
) ENGINE=InnoDB DEFAULT CHARSET=utf8;

-- --------------------------------------------------------

--
-- Table structure for table `cc_options`
--

CREATE TABLE `cc_options` (
  `id` int(11) UNSIGNED NOT NULL,
  `option_name` varchar(200) NOT NULL,
  `option_value` text DEFAULT NULL
) ENGINE=InnoDB DEFAULT CHARSET=utf8;

--
-- Dumping data for table `cc_options`
--

INSERT INTO `cc_options` (`id`, `option_name`, `option_value`) VALUES
(1, 'active_theme', 'cicool'),
(2, 'favicon', 'default.png'),
(3, 'site_name', 'luncher'),
(4, 'timezone', 'asia/jakarta'),
(5, 'enable_crud_builder', NULL),
(6, 'enable_api_builder', NULL),
(7, 'enable_form_builder', NULL),
(8, 'enable_page_builder', NULL),
(9, 'enable_api_builder', NULL),
(10, 'enable_crud_builder', NULL),
(11, 'enable_form_builder', NULL),
(12, 'enable_page_builder', NULL),
(13, 'site_description', NULL),
(14, 'keywords', NULL),
(15, 'author', NULL),
(16, 'logo', NULL);

-- --------------------------------------------------------

--
-- Table structure for table `cc_session`
--

CREATE TABLE `cc_session` (
  `id` int(11) NOT NULL,
  `ip_address` varchar(45) NOT NULL,
  `timestamp` int(10) NOT NULL,
  `data` blob NOT NULL
) ENGINE=InnoDB DEFAULT CHARSET=utf8;

-- --------------------------------------------------------

--
-- Table structure for table `crud`
--

CREATE TABLE `crud` (
  `id` int(11) UNSIGNED NOT NULL,
  `title` varchar(200) NOT NULL,
  `subject` varchar(200) NOT NULL,
  `table_name` varchar(200) NOT NULL,
  `primary_key` varchar(200) NOT NULL,
  `page_read` varchar(20) DEFAULT NULL,
  `page_create` varchar(20) DEFAULT NULL,
  `page_update` varchar(20) DEFAULT NULL
) ENGINE=InnoDB DEFAULT CHARSET=utf8;

-- --------------------------------------------------------

--
-- Table structure for table `crud_custom_option`
--

CREATE TABLE `crud_custom_option` (
  `id` int(11) UNSIGNED NOT NULL,
  `crud_field_id` int(11) NOT NULL,
  `crud_id` int(11) NOT NULL,
  `option_value` text NOT NULL,
  `option_label` text NOT NULL
) ENGINE=InnoDB DEFAULT CHARSET=utf8;

-- --------------------------------------------------------

--
-- Table structure for table `crud_field`
--

CREATE TABLE `crud_field` (
  `id` int(11) UNSIGNED NOT NULL,
  `crud_id` int(11) NOT NULL,
  `field_name` varchar(200) NOT NULL,
  `field_label` varchar(200) DEFAULT NULL,
  `input_type` varchar(200) NOT NULL,
  `show_column` varchar(10) DEFAULT NULL,
  `show_add_form` varchar(10) DEFAULT NULL,
  `show_update_form` varchar(10) DEFAULT NULL,
  `show_detail_page` varchar(10) DEFAULT NULL,
  `sort` int(11) NOT NULL,
  `relation_table` varchar(200) DEFAULT NULL,
  `relation_value` varchar(200) DEFAULT NULL,
  `relation_label` varchar(200) DEFAULT NULL
) ENGINE=InnoDB DEFAULT CHARSET=utf8;

-- --------------------------------------------------------

--
-- Table structure for table `crud_field_configuration`
--

CREATE TABLE `crud_field_configuration` (
  `id` int(11) UNSIGNED NOT NULL,
  `crud_field_id` int(11) NOT NULL,
  `crud_id` int(11) NOT NULL,
  `group_config` varchar(200) NOT NULL,
  `config_name` text NOT NULL,
  `config_value` text NOT NULL
) ENGINE=InnoDB DEFAULT CHARSET=utf8;

-- --------------------------------------------------------

--
-- Table structure for table `crud_field_validation`
--

CREATE TABLE `crud_field_validation` (
  `id` int(11) UNSIGNED NOT NULL,
  `crud_field_id` int(11) NOT NULL,
  `crud_id` int(11) NOT NULL,
  `validation_name` varchar(200) NOT NULL,
  `validation_value` text NOT NULL
) ENGINE=InnoDB DEFAULT CHARSET=utf8;

-- --------------------------------------------------------

--
-- Table structure for table `crud_input_chained`
--

CREATE TABLE `crud_input_chained` (
  `id` int(11) UNSIGNED NOT NULL,
  `chain_field` varchar(250) DEFAULT NULL,
  `chain_field_eq` varchar(250) DEFAULT NULL,
  `crud_field_id` int(11) DEFAULT NULL,
  `crud_id` int(11) DEFAULT NULL
) ENGINE=InnoDB DEFAULT CHARSET=utf8;

-- --------------------------------------------------------

--
-- Table structure for table `crud_input_type`
--

CREATE TABLE `crud_input_type` (
  `id` int(11) UNSIGNED NOT NULL,
  `type` varchar(200) NOT NULL,
  `relation` varchar(20) NOT NULL,
  `custom_value` int(11) NOT NULL,
  `validation_group` varchar(200) NOT NULL
) ENGINE=InnoDB DEFAULT CHARSET=utf8;

--
-- Dumping data for table `crud_input_type`
--

INSERT INTO `crud_input_type` (`id`, `type`, `relation`, `custom_value`, `validation_group`) VALUES
(1, 'input', '0', 0, 'input'),
(2, 'textarea', '0', 0, 'text'),
(3, 'select', '1', 0, 'select'),
(4, 'editor_wysiwyg', '0', 0, 'editor'),
(5, 'password', '0', 0, 'password'),
(6, 'email', '0', 0, 'email'),
(7, 'address_map', '0', 0, 'address_map'),
(8, 'file', '0', 0, 'file'),
(9, 'file_multiple', '0', 0, 'file_multiple'),
(10, 'datetime', '0', 0, 'datetime'),
(11, 'date', '0', 0, 'date'),
(12, 'timestamp', '0', 0, 'timestamp'),
(13, 'number', '0', 0, 'number'),
(14, 'yes_no', '0', 0, 'yes_no'),
(15, 'time', '0', 0, 'time'),
(16, 'year', '0', 0, 'year'),
(17, 'select_multiple', '1', 0, 'select_multiple'),
(18, 'checkboxes', '1', 0, 'checkboxes'),
(19, 'options', '1', 0, 'options'),
(20, 'true_false', '0', 0, 'true_false'),
(21, 'current_user_username', '0', 0, 'user_username'),
(22, 'current_user_id', '0', 0, 'current_user_id'),
(23, 'custom_option', '0', 1, 'custom_option'),
(24, 'custom_checkbox', '0', 1, 'custom_checkbox'),
(25, 'custom_select_multiple', '0', 1, 'custom_select_multiple'),
(26, 'custom_select', '0', 1, 'custom_select'),
(27, 'chained', '1', 0, 'chained');

-- --------------------------------------------------------

--
-- Table structure for table `crud_input_validation`
--

CREATE TABLE `crud_input_validation` (
  `id` int(11) UNSIGNED NOT NULL,
  `validation` varchar(200) NOT NULL,
  `input_able` varchar(20) NOT NULL,
  `group_input` text NOT NULL,
  `input_placeholder` text NOT NULL,
  `call_back` varchar(10) NOT NULL,
  `input_validation` text NOT NULL
) ENGINE=InnoDB DEFAULT CHARSET=utf8;

--
-- Dumping data for table `crud_input_validation`
--

INSERT INTO `crud_input_validation` (`id`, `validation`, `input_able`, `group_input`, `input_placeholder`, `call_back`, `input_validation`) VALUES
(1, 'required', 'no', 'input, file, number, text, datetime, select, password, email, editor, date, yes_no, time, year, select_multiple, options, checkboxes, true_false, address_map, custom_option, custom_checkbox, custom_select_multiple, custom_select, file_multiple, chained', '', '', ''),
(2, 'max_length', 'yes', 'input, number, text, select, password, email, editor, yes_no, time, year, select_multiple, options, checkboxes, address_map', '', '', 'numeric'),
(3, 'min_length', 'yes', 'input, number, text, select, password, email, editor, time, year, select_multiple, address_map', '', '', 'numeric'),
(4, 'valid_email', 'no', 'input, email', '', '', ''),
(5, 'valid_emails', 'no', 'input, email', '', '', ''),
(6, 'regex', 'yes', 'input, number, text, datetime, select, password, email, editor, date, yes_no, time, year, select_multiple, options, checkboxes', '', 'yes', 'callback_valid_regex'),
(7, 'decimal', 'no', 'input, number, text, select', '', '', ''),
(8, 'allowed_extension', 'yes', 'file, file_multiple', 'ex : jpg,png,..', '', 'callback_valid_extension_list'),
(9, 'max_width', 'yes', 'file, file_multiple', '', '', 'numeric'),
(10, 'max_height', 'yes', 'file, file_multiple', '', '', 'numeric'),
(11, 'max_size', 'yes', 'file, file_multiple', '... kb', '', 'numeric'),
(12, 'max_item', 'yes', 'file_multiple', '', '', 'numeric'),
(13, 'valid_url', 'no', 'input, text', '', '', ''),
(14, 'alpha', 'no', 'input, text, select, password, editor, yes_no', '', '', ''),
(15, 'alpha_numeric', 'no', 'input, number, text, select, password, editor', '', '', ''),
(16, 'alpha_numeric_spaces', 'no', 'input, number, text,select, password, editor', '', '', ''),
(17, 'valid_number', 'no', 'input, number, text, password, editor, true_false', '', 'yes', ''),
(18, 'valid_datetime', 'no', 'input, datetime, text', '', 'yes', ''),
(19, 'valid_date', 'no', 'input, datetime, date, text', '', 'yes', ''),
(20, 'valid_max_selected_option', 'yes', 'select_multiple, custom_select_multiple, custom_checkbox, checkboxes', '', 'yes', 'numeric'),
(21, 'valid_min_selected_option', 'yes', 'select_multiple, custom_select_multiple, custom_checkbox, checkboxes', '', 'yes', 'numeric'),
(22, 'valid_alpha_numeric_spaces_underscores', 'no', 'input, text,select, password, editor', '', 'yes', ''),
(23, 'matches', 'yes', 'input, number, text, password, email', 'any field', 'no', 'callback_valid_alpha_numeric_spaces_underscores'),
(24, 'valid_json', 'no', 'input, text, editor', '', 'yes', ' '),
(25, 'valid_url', 'no', 'input, text, editor', '', 'no', ' '),
(26, 'exact_length', 'yes', 'input, text, number', '0 - 99999*', 'no', 'numeric'),
(27, 'alpha_dash', 'no', 'input, text', '', 'no', ''),
(28, 'integer', 'no', 'input, text, number', '', 'no', ''),
(29, 'differs', 'yes', 'input, text, number, email, password, editor, options, select', 'any field', 'no', 'callback_valid_alpha_numeric_spaces_underscores'),
(30, 'is_natural', 'no', 'input, text, number', '', 'no', ''),
(31, 'is_natural_no_zero', 'no', 'input, text, number', '', 'no', ''),
(32, 'less_than', 'yes', 'input, text, number', '', 'no', 'numeric'),
(33, 'less_than_equal_to', 'yes', 'input, text, number', '', 'no', 'numeric'),
(34, 'greater_than', 'yes', 'input, text, number', '', 'no', 'numeric'),
(35, 'greater_than_equal_to', 'yes', 'input, text, number', '', 'no', 'numeric'),
(36, 'in_list', 'yes', 'input, text, number, select, options', '', 'no', 'callback_valid_multiple_value'),
(37, 'valid_ip', 'no', 'input, text', '', 'no', '');

-- --------------------------------------------------------

--
-- Table structure for table `form`
--

CREATE TABLE `form` (
  `id` int(11) UNSIGNED NOT NULL,
  `title` varchar(200) NOT NULL,
  `subject` varchar(200) NOT NULL,
  `table_name` varchar(200) NOT NULL
) ENGINE=InnoDB DEFAULT CHARSET=utf8;

-- --------------------------------------------------------

--
-- Table structure for table `form_custom_attribute`
--

CREATE TABLE `form_custom_attribute` (
  `id` int(11) UNSIGNED NOT NULL,
  `form_field_id` int(11) NOT NULL,
  `form_id` int(11) NOT NULL,
  `attribute_value` text NOT NULL,
  `attribute_label` text NOT NULL
) ENGINE=InnoDB DEFAULT CHARSET=utf8;

-- --------------------------------------------------------

--
-- Table structure for table `form_custom_option`
--

CREATE TABLE `form_custom_option` (
  `id` int(11) UNSIGNED NOT NULL,
  `form_field_id` int(11) NOT NULL,
  `form_id` int(11) NOT NULL,
  `option_value` text NOT NULL,
  `option_label` text NOT NULL
) ENGINE=InnoDB DEFAULT CHARSET=utf8;

-- --------------------------------------------------------

--
-- Table structure for table `form_field`
--

CREATE TABLE `form_field` (
  `id` int(11) UNSIGNED NOT NULL,
  `form_id` int(11) NOT NULL,
  `sort` int(11) NOT NULL,
  `field_name` varchar(200) NOT NULL,
  `input_type` varchar(200) NOT NULL,
  `field_label` varchar(200) DEFAULT NULL,
  `placeholder` text DEFAULT NULL,
  `auto_generate_help_block` varchar(10) DEFAULT NULL,
  `help_block` text DEFAULT NULL,
  `relation_table` varchar(200) DEFAULT NULL,
  `relation_value` varchar(200) DEFAULT NULL,
  `relation_label` varchar(200) DEFAULT NULL
) ENGINE=InnoDB DEFAULT CHARSET=utf8;

-- --------------------------------------------------------

--
-- Table structure for table `form_field_validation`
--

CREATE TABLE `form_field_validation` (
  `id` int(11) UNSIGNED NOT NULL,
  `form_field_id` int(11) NOT NULL,
  `form_id` int(11) NOT NULL,
  `validation_name` varchar(200) NOT NULL,
  `validation_value` text NOT NULL
) ENGINE=InnoDB DEFAULT CHARSET=utf8;

-- --------------------------------------------------------

--
-- Table structure for table `keys`
--

CREATE TABLE `keys` (
  `id` int(11) UNSIGNED NOT NULL,
  `user_id` int(11) NOT NULL,
  `key` varchar(40) NOT NULL,
  `level` int(2) NOT NULL,
  `ignore_limits` tinyint(1) NOT NULL,
  `is_private_key` tinyint(1) NOT NULL,
  `ip_addresses` text DEFAULT NULL,
  `date_created` timestamp NOT NULL DEFAULT current_timestamp() ON UPDATE current_timestamp()
) ENGINE=InnoDB DEFAULT CHARSET=utf8;

--
-- Dumping data for table `keys`
--

INSERT INTO `keys` (`id`, `user_id`, `key`, `level`, `ignore_limits`, `is_private_key`, `ip_addresses`, `date_created`) VALUES
(1, 0, 'B3E925CF049554FE771D71561A2F6CA4', 0, 0, 0, NULL, '2020-05-05 21:34:52');

-- --------------------------------------------------------

--
-- Table structure for table `menu`
--

CREATE TABLE `menu` (
  `id` int(11) UNSIGNED NOT NULL,
  `label` varchar(200) DEFAULT NULL,
  `type` varchar(200) DEFAULT NULL,
  `icon_color` varchar(200) DEFAULT NULL,
  `link` varchar(200) DEFAULT NULL,
  `sort` int(11) NOT NULL,
  `parent` int(11) NOT NULL,
  `icon` varchar(50) DEFAULT NULL,
  `menu_type_id` int(11) NOT NULL,
  `active` int(11) NOT NULL
) ENGINE=InnoDB DEFAULT CHARSET=utf8;

--
-- Dumping data for table `menu`
--

INSERT INTO `menu` (`id`, `label`, `type`, `icon_color`, `link`, `sort`, `parent`, `icon`, `menu_type_id`, `active`) VALUES
(1, 'MAIN NAVIGATION', 'label', '', '{admin_url}/dashboard', 1, 0, '', 1, 1),
(2, 'Dashboard', 'menu', '', '{admin_url}/dashboard', 2, 0, 'fa-dashboard', 1, 1),
(3, 'CRUD Builder', 'menu', '', '{admin_url}/crud', 3, 0, 'fa-table', 1, 1),
(4, 'API Builder', 'menu', '', '{admin_url}/rest', 4, 0, 'fa-code', 1, 1),
(5, 'Page Builder', 'menu', '', '{admin_url}/page', 5, 0, 'fa-file-o', 1, 1),
(6, 'Form Builder', 'menu', '', '{admin_url}/form', 6, 0, 'fa-newspaper-o', 1, 1),
(7, 'Blog', 'menu', '', '{admin_url}/blog', 7, 0, 'fa-file-text-o', 1, 1),
(8, 'Menu', 'menu', '', '{admin_url}/menu', 8, 0, 'fa-bars', 1, 1),
(9, 'Auth', 'menu', '', '', 9, 0, 'fa-shield', 1, 1),
(10, 'User', 'menu', '', '{admin_url}/user', 10, 9, '', 1, 1),
(11, 'Groups', 'menu', '', '{admin_url}/group', 11, 9, '', 1, 1),
(12, 'Access', 'menu', '', '{admin_url}/access', 12, 9, '', 1, 1),
(13, 'Permission', 'menu', '', '{admin_url}/permission', 13, 9, '', 1, 1),
(14, 'API Keys', 'menu', '', '{admin_url}/keys', 14, 9, '', 1, 1),
(15, 'Extension', 'menu', '', '{admin_url}/extension', 15, 0, 'fa-puzzle-piece', 1, 1),
(16, 'OTHER', 'label', '', '', 16, 0, '', 1, 1),
(17, 'Settings', 'menu', 'text-red', '{admin_url}/setting', 17, 0, 'fa-circle-o', 1, 1),
(18, 'Web Documentation', 'menu', 'text-blue', '{admin_url}/doc/web', 18, 0, 'fa-circle-o', 1, 1),
(19, 'API Documentation', 'menu', 'text-yellow', '{admin_url}/doc/api', 19, 0, 'fa-circle-o', 1, 1),
(20, 'Home', 'menu', '', '/', 1, 0, '', 2, 1),
(21, 'Blog', 'menu', '', 'blog', 4, 0, '', 2, 1),
(22, 'Dashboard', 'menu', '', 'administrator/dashboard', 5, 0, '', 2, 1);

-- --------------------------------------------------------

--
-- Table structure for table `menu_type`
--

CREATE TABLE `menu_type` (
  `id` int(11) UNSIGNED NOT NULL,
  `name` varchar(200) NOT NULL,
  `definition` text DEFAULT NULL
) ENGINE=InnoDB DEFAULT CHARSET=utf8;

--
-- Dumping data for table `menu_type`
--

INSERT INTO `menu_type` (`id`, `name`, `definition`) VALUES
(1, 'side menu', NULL),
(2, 'top menu', NULL);

-- --------------------------------------------------------

--
-- Table structure for table `migrations`
--

CREATE TABLE `migrations` (
  `version` bigint(20) NOT NULL
) ENGINE=InnoDB DEFAULT CHARSET=utf8;

--
-- Dumping data for table `migrations`
--

INSERT INTO `migrations` (`version`) VALUES
(1);

-- --------------------------------------------------------

--
-- Table structure for table `page`
--

CREATE TABLE `page` (
  `id` int(11) UNSIGNED NOT NULL,
  `title` varchar(200) NOT NULL,
  `type` varchar(200) NOT NULL,
  `content` text NOT NULL,
  `fresh_content` text NOT NULL,
  `keyword` text DEFAULT NULL,
  `description` text DEFAULT NULL,
  `link` varchar(200) DEFAULT NULL,
  `template` varchar(200) DEFAULT NULL,
  `created_at` timestamp NOT NULL DEFAULT current_timestamp() ON UPDATE current_timestamp()
) ENGINE=InnoDB DEFAULT CHARSET=utf8;

-- --------------------------------------------------------

--
-- Table structure for table `page_block_element`
--

CREATE TABLE `page_block_element` (
  `id` int(11) UNSIGNED NOT NULL,
  `group_name` varchar(200) NOT NULL,
  `content` text NOT NULL,
  `image_preview` varchar(200) NOT NULL,
  `block_name` varchar(200) NOT NULL,
  `content_type` varchar(100) NOT NULL
) ENGINE=InnoDB DEFAULT CHARSET=utf8;

-- --------------------------------------------------------

--
-- Table structure for table `product`
--

CREATE TABLE `product` (
  `id` int(11) UNSIGNED NOT NULL,
  `product_name` varchar(250) DEFAULT NULL,
  `sku` varchar(250) DEFAULT NULL,
  `url` varchar(250) DEFAULT NULL,
  `weight` double DEFAULT NULL,
  `price` varchar(39) DEFAULT NULL,
  `description` text DEFAULT NULL,
  `image` varchar(250) DEFAULT NULL,
  `stock` int(11) DEFAULT NULL,
  `variant` varchar(250) DEFAULT NULL,
  `created_at` datetime DEFAULT NULL
) ENGINE=InnoDB DEFAULT CHARSET=utf8;

-- --------------------------------------------------------

--
-- Table structure for table `rest`
--

CREATE TABLE `rest` (
  `id` int(11) UNSIGNED NOT NULL,
  `subject` varchar(200) NOT NULL,
  `table_name` varchar(200) NOT NULL,
  `primary_key` varchar(200) NOT NULL,
  `x_api_key` varchar(20) DEFAULT NULL,
  `x_token` varchar(20) DEFAULT NULL
) ENGINE=InnoDB DEFAULT CHARSET=utf8;

-- --------------------------------------------------------

--
-- Table structure for table `rest_field`
--

CREATE TABLE `rest_field` (
  `id` int(11) UNSIGNED NOT NULL,
  `rest_id` int(11) NOT NULL,
  `field_name` varchar(200) NOT NULL,
  `field_label` varchar(200) DEFAULT NULL,
  `input_type` varchar(200) NOT NULL,
  `show_column` varchar(10) DEFAULT NULL,
  `show_add_api` varchar(10) DEFAULT NULL,
  `show_update_api` varchar(10) DEFAULT NULL,
  `show_detail_api` varchar(10) DEFAULT NULL,
  `relation_table` varchar(200) DEFAULT NULL,
  `relation_value` varchar(200) DEFAULT NULL,
  `relation_label` varchar(200) DEFAULT NULL
) ENGINE=InnoDB DEFAULT CHARSET=utf8;

-- --------------------------------------------------------

--
-- Table structure for table `rest_field_validation`
--

CREATE TABLE `rest_field_validation` (
  `id` int(11) UNSIGNED NOT NULL,
  `rest_field_id` int(11) NOT NULL,
  `rest_id` int(11) NOT NULL,
  `validation_name` varchar(200) NOT NULL,
  `validation_value` text NOT NULL
) ENGINE=InnoDB DEFAULT CHARSET=utf8;

-- --------------------------------------------------------

--
-- Table structure for table `rest_input_type`
--

CREATE TABLE `rest_input_type` (
  `id` int(11) UNSIGNED NOT NULL,
  `type` varchar(200) NOT NULL,
  `relation` varchar(20) NOT NULL,
  `validation_group` varchar(200) NOT NULL
) ENGINE=InnoDB DEFAULT CHARSET=utf8;

--
-- Dumping data for table `rest_input_type`
--

INSERT INTO `rest_input_type` (`id`, `type`, `relation`, `validation_group`) VALUES
(1, 'input', '0', 'input'),
(2, 'timestamp', '0', 'timestamp'),
(3, 'file', '0', 'file'),
(4, 'select', '1', 'select');

-- --------------------------------------------------------

--
-- Table structure for table `users`
--

CREATE TABLE `users` (
  `id` int(11) NOT NULL,
  `name` varchar(255) COLLATE utf8_unicode_ci NOT NULL,
  `email` varchar(255) COLLATE utf8_unicode_ci NOT NULL,
  `password` varchar(255) COLLATE utf8_unicode_ci NOT NULL,
  `image` varchar(255) COLLATE utf8_unicode_ci NOT NULL
) ENGINE=InnoDB DEFAULT CHARSET=utf8 COLLATE=utf8_unicode_ci;

--
-- Indexes for dumped tables
--

--
-- Indexes for table `aauth_groups`
--
ALTER TABLE `aauth_groups`
  ADD PRIMARY KEY (`id`);

--
-- Indexes for table `aauth_group_to_group`
--
ALTER TABLE `aauth_group_to_group`
  ADD PRIMARY KEY (`group_id`,`subgroup_id`);

--
-- Indexes for table `aauth_login_attempts`
--
ALTER TABLE `aauth_login_attempts`
  ADD PRIMARY KEY (`id`);

--
-- Indexes for table `aauth_perms`
--
ALTER TABLE `aauth_perms`
  ADD PRIMARY KEY (`id`);

--
-- Indexes for table `aauth_perm_to_user`
--
ALTER TABLE `aauth_perm_to_user`
  ADD PRIMARY KEY (`user_id`,`perm_id`);

--
-- Indexes for table `aauth_pms`
--
ALTER TABLE `aauth_pms`
  ADD PRIMARY KEY (`id`);

--
-- Indexes for table `aauth_user`
--
ALTER TABLE `aauth_user`
  ADD PRIMARY KEY (`id`);

--
-- Indexes for table `aauth_users`
--
ALTER TABLE `aauth_users`
  ADD PRIMARY KEY (`id`);

--
-- Indexes for table `aauth_user_to_group`
--
ALTER TABLE `aauth_user_to_group`
  ADD PRIMARY KEY (`user_id`,`group_id`);

--
-- Indexes for table `aauth_user_variables`
--
ALTER TABLE `aauth_user_variables`
  ADD PRIMARY KEY (`id`);

--
-- Indexes for table `blog`
--
ALTER TABLE `blog`
  ADD PRIMARY KEY (`id`);

--
-- Indexes for table `blog_category`
--
ALTER TABLE `blog_category`
  ADD PRIMARY KEY (`category_id`);

--
-- Indexes for table `captcha`
--
ALTER TABLE `captcha`
  ADD PRIMARY KEY (`captcha_id`);

--
-- Indexes for table `cc_options`
--
ALTER TABLE `cc_options`
  ADD PRIMARY KEY (`id`);

--
-- Indexes for table `crud`
--
ALTER TABLE `crud`
  ADD PRIMARY KEY (`id`);

--
-- Indexes for table `crud_custom_option`
--
ALTER TABLE `crud_custom_option`
  ADD PRIMARY KEY (`id`);

--
-- Indexes for table `crud_field`
--
ALTER TABLE `crud_field`
  ADD PRIMARY KEY (`id`);

--
-- Indexes for table `crud_field_configuration`
--
ALTER TABLE `crud_field_configuration`
  ADD PRIMARY KEY (`id`);

--
-- Indexes for table `crud_field_validation`
--
ALTER TABLE `crud_field_validation`
  ADD PRIMARY KEY (`id`);

--
-- Indexes for table `crud_input_chained`
--
ALTER TABLE `crud_input_chained`
  ADD PRIMARY KEY (`id`);

--
-- Indexes for table `crud_input_type`
--
ALTER TABLE `crud_input_type`
  ADD PRIMARY KEY (`id`);

--
-- Indexes for table `crud_input_validation`
--
ALTER TABLE `crud_input_validation`
  ADD PRIMARY KEY (`id`);

--
-- Indexes for table `form`
--
ALTER TABLE `form`
  ADD PRIMARY KEY (`id`);

--
-- Indexes for table `form_custom_attribute`
--
ALTER TABLE `form_custom_attribute`
  ADD PRIMARY KEY (`id`);

--
-- Indexes for table `form_custom_option`
--
ALTER TABLE `form_custom_option`
  ADD PRIMARY KEY (`id`);

--
-- Indexes for table `form_field`
--
ALTER TABLE `form_field`
  ADD PRIMARY KEY (`id`);

--
-- Indexes for table `form_field_validation`
--
ALTER TABLE `form_field_validation`
  ADD PRIMARY KEY (`id`);

--
-- Indexes for table `keys`
--
ALTER TABLE `keys`
  ADD PRIMARY KEY (`id`);

--
-- Indexes for table `menu`
--
ALTER TABLE `menu`
  ADD PRIMARY KEY (`id`);

--
-- Indexes for table `menu_type`
--
ALTER TABLE `menu_type`
  ADD PRIMARY KEY (`id`);

--
-- Indexes for table `page`
--
ALTER TABLE `page`
  ADD PRIMARY KEY (`id`);

--
-- Indexes for table `page_block_element`
--
ALTER TABLE `page_block_element`
  ADD PRIMARY KEY (`id`);

--
-- Indexes for table `product`
--
ALTER TABLE `product`
  ADD PRIMARY KEY (`id`);

--
-- Indexes for table `rest`
--
ALTER TABLE `rest`
  ADD PRIMARY KEY (`id`);

--
-- Indexes for table `rest_field`
--
ALTER TABLE `rest_field`
  ADD PRIMARY KEY (`id`);

--
-- Indexes for table `rest_field_validation`
--
ALTER TABLE `rest_field_validation`
  ADD PRIMARY KEY (`id`);

--
-- Indexes for table `rest_input_type`
--
ALTER TABLE `rest_input_type`
  ADD PRIMARY KEY (`id`);

--
-- Indexes for table `users`
--
ALTER TABLE `users`
  ADD PRIMARY KEY (`id`);

--
-- AUTO_INCREMENT for dumped tables
--

--
-- AUTO_INCREMENT for table `aauth_groups`
--
ALTER TABLE `aauth_groups`
  MODIFY `id` int(11) UNSIGNED NOT NULL AUTO_INCREMENT, AUTO_INCREMENT=5;

--
-- AUTO_INCREMENT for table `aauth_login_attempts`
--
ALTER TABLE `aauth_login_attempts`
  MODIFY `id` int(11) UNSIGNED NOT NULL AUTO_INCREMENT, AUTO_INCREMENT=2;

--
-- AUTO_INCREMENT for table `aauth_perms`
--
ALTER TABLE `aauth_perms`
  MODIFY `id` int(11) UNSIGNED NOT NULL AUTO_INCREMENT, AUTO_INCREMENT=89;

--
-- AUTO_INCREMENT for table `aauth_pms`
--
ALTER TABLE `aauth_pms`
  MODIFY `id` int(11) UNSIGNED NOT NULL AUTO_INCREMENT;

--
-- AUTO_INCREMENT for table `aauth_user`
--
ALTER TABLE `aauth_user`
  MODIFY `id` int(11) UNSIGNED NOT NULL AUTO_INCREMENT;

--
-- AUTO_INCREMENT for table `aauth_users`
--
ALTER TABLE `aauth_users`
  MODIFY `id` int(11) UNSIGNED NOT NULL AUTO_INCREMENT, AUTO_INCREMENT=2;

--
-- AUTO_INCREMENT for table `aauth_user_variables`
--
ALTER TABLE `aauth_user_variables`
  MODIFY `id` int(11) UNSIGNED NOT NULL AUTO_INCREMENT;

--
-- AUTO_INCREMENT for table `blog`
--
ALTER TABLE `blog`
  MODIFY `id` int(11) UNSIGNED NOT NULL AUTO_INCREMENT, AUTO_INCREMENT=2;

--
-- AUTO_INCREMENT for table `blog_category`
--
ALTER TABLE `blog_category`
  MODIFY `category_id` int(11) UNSIGNED NOT NULL AUTO_INCREMENT, AUTO_INCREMENT=3;

--
-- AUTO_INCREMENT for table `captcha`
--
ALTER TABLE `captcha`
  MODIFY `captcha_id` int(11) UNSIGNED NOT NULL AUTO_INCREMENT;

--
-- AUTO_INCREMENT for table `cc_options`
--
ALTER TABLE `cc_options`
  MODIFY `id` int(11) UNSIGNED NOT NULL AUTO_INCREMENT, AUTO_INCREMENT=17;

--
-- AUTO_INCREMENT for table `crud`
--
ALTER TABLE `crud`
  MODIFY `id` int(11) UNSIGNED NOT NULL AUTO_INCREMENT;

--
-- AUTO_INCREMENT for table `crud_custom_option`
--
ALTER TABLE `crud_custom_option`
  MODIFY `id` int(11) UNSIGNED NOT NULL AUTO_INCREMENT;

--
-- AUTO_INCREMENT for table `crud_field`
--
ALTER TABLE `crud_field`
  MODIFY `id` int(11) UNSIGNED NOT NULL AUTO_INCREMENT;

--
-- AUTO_INCREMENT for table `crud_field_configuration`
--
ALTER TABLE `crud_field_configuration`
  MODIFY `id` int(11) UNSIGNED NOT NULL AUTO_INCREMENT;

--
-- AUTO_INCREMENT for table `crud_field_validation`
--
ALTER TABLE `crud_field_validation`
  MODIFY `id` int(11) UNSIGNED NOT NULL AUTO_INCREMENT;

--
-- AUTO_INCREMENT for table `crud_input_chained`
--
ALTER TABLE `crud_input_chained`
  MODIFY `id` int(11) UNSIGNED NOT NULL AUTO_INCREMENT;

--
-- AUTO_INCREMENT for table `crud_input_type`
--
ALTER TABLE `crud_input_type`
  MODIFY `id` int(11) UNSIGNED NOT NULL AUTO_INCREMENT, AUTO_INCREMENT=28;

--
-- AUTO_INCREMENT for table `crud_input_validation`
--
ALTER TABLE `crud_input_validation`
  MODIFY `id` int(11) UNSIGNED NOT NULL AUTO_INCREMENT, AUTO_INCREMENT=38;

--
-- AUTO_INCREMENT for table `form`
--
ALTER TABLE `form`
  MODIFY `id` int(11) UNSIGNED NOT NULL AUTO_INCREMENT;

--
-- AUTO_INCREMENT for table `form_custom_attribute`
--
ALTER TABLE `form_custom_attribute`
  MODIFY `id` int(11) UNSIGNED NOT NULL AUTO_INCREMENT;

--
-- AUTO_INCREMENT for table `form_custom_option`
--
ALTER TABLE `form_custom_option`
  MODIFY `id` int(11) UNSIGNED NOT NULL AUTO_INCREMENT;

--
-- AUTO_INCREMENT for table `form_field`
--
ALTER TABLE `form_field`
  MODIFY `id` int(11) UNSIGNED NOT NULL AUTO_INCREMENT;

--
-- AUTO_INCREMENT for table `form_field_validation`
--
ALTER TABLE `form_field_validation`
  MODIFY `id` int(11) UNSIGNED NOT NULL AUTO_INCREMENT;

--
-- AUTO_INCREMENT for table `keys`
--
ALTER TABLE `keys`
  MODIFY `id` int(11) UNSIGNED NOT NULL AUTO_INCREMENT, AUTO_INCREMENT=2;

--
-- AUTO_INCREMENT for table `menu`
--
ALTER TABLE `menu`
  MODIFY `id` int(11) UNSIGNED NOT NULL AUTO_INCREMENT, AUTO_INCREMENT=23;

--
-- AUTO_INCREMENT for table `menu_type`
--
ALTER TABLE `menu_type`
  MODIFY `id` int(11) UNSIGNED NOT NULL AUTO_INCREMENT, AUTO_INCREMENT=3;

--
-- AUTO_INCREMENT for table `page`
--
ALTER TABLE `page`
  MODIFY `id` int(11) UNSIGNED NOT NULL AUTO_INCREMENT;

--
-- AUTO_INCREMENT for table `page_block_element`
--
ALTER TABLE `page_block_element`
  MODIFY `id` int(11) UNSIGNED NOT NULL AUTO_INCREMENT;

--
-- AUTO_INCREMENT for table `product`
--
ALTER TABLE `product`
  MODIFY `id` int(11) UNSIGNED NOT NULL AUTO_INCREMENT;

--
-- AUTO_INCREMENT for table `rest`
--
ALTER TABLE `rest`
  MODIFY `id` int(11) UNSIGNED NOT NULL AUTO_INCREMENT;

--
-- AUTO_INCREMENT for table `rest_field`
--
ALTER TABLE `rest_field`
  MODIFY `id` int(11) UNSIGNED NOT NULL AUTO_INCREMENT;

--
-- AUTO_INCREMENT for table `rest_field_validation`
--
ALTER TABLE `rest_field_validation`
  MODIFY `id` int(11) UNSIGNED NOT NULL AUTO_INCREMENT;

--
-- AUTO_INCREMENT for table `rest_input_type`
--
ALTER TABLE `rest_input_type`
  MODIFY `id` int(11) UNSIGNED NOT NULL AUTO_INCREMENT, AUTO_INCREMENT=5;

--
-- AUTO_INCREMENT for table `users`
--
ALTER TABLE `users`
  MODIFY `id` int(11) NOT NULL AUTO_INCREMENT;
COMMIT;

/*!40101 SET CHARACTER_SET_CLIENT=@OLD_CHARACTER_SET_CLIENT */;
/*!40101 SET CHARACTER_SET_RESULTS=@OLD_CHARACTER_SET_RESULTS */;
/*!40101 SET COLLATION_CONNECTION=@OLD_COLLATION_CONNECTION */;
