﻿--
-- Script was generated by Devart dbForge Studio for MySQL, Version 8.0.40.0
-- Product home page: http://www.devart.com/dbforge/mysql/studio
-- Script date 07/06/2022 17:07:32
-- Server version: 5.5.5-10.1.40-MariaDB
-- Client version: 4.1
--

-- 
-- Disable foreign keys
-- 
/*!40014 SET @OLD_FOREIGN_KEY_CHECKS=@@FOREIGN_KEY_CHECKS, FOREIGN_KEY_CHECKS=0 */;

-- 
-- Set SQL mode
-- 
/*!40101 SET @OLD_SQL_MODE=@@SQL_MODE, SQL_MODE='NO_AUTO_VALUE_ON_ZERO' */;

-- 
-- Set character set the client will use to send SQL statements to the server
--
SET NAMES 'utf8';

--
-- Set default database
--
USE gestionordenadores;

--
-- Drop table `prestamos`
--
DROP TABLE IF EXISTS prestamos;

--
-- Drop table `estudios`
--
DROP TABLE IF EXISTS estudios;

--
-- Drop table `turnos`
--
DROP TABLE IF EXISTS turnos;

--
-- Drop table `portatiles`
--
DROP TABLE IF EXISTS portatiles;

--
-- Drop table `aulas`
--
DROP TABLE IF EXISTS aulas;

--
-- Drop table `estados`
--
DROP TABLE IF EXISTS estados;

--
-- Set default database
--
USE gestionordenadores;

--
-- Create table `estados`
--
CREATE TABLE estados (
  idestado int(10) NOT NULL AUTO_INCREMENT,
  status tinyint(1) DEFAULT NULL,
  descripcion varchar(70) DEFAULT NULL,
  observaciones varchar(100) DEFAULT NULL,
  PRIMARY KEY (idestado)
)
ENGINE = INNODB,
AUTO_INCREMENT = 11,
AVG_ROW_LENGTH = 2730,
CHARACTER SET latin1,
COLLATE latin1_swedish_ci;

--
-- Create table `aulas`
--
CREATE TABLE aulas (
  idaula int(10) NOT NULL AUTO_INCREMENT,
  numero int(10) DEFAULT NULL,
  descripcion varchar(40) DEFAULT NULL,
  PRIMARY KEY (idaula)
)
ENGINE = INNODB,
AUTO_INCREMENT = 11,
AVG_ROW_LENGTH = 1638,
CHARACTER SET latin1,
COLLATE latin1_swedish_ci;

--
-- Create table `portatiles`
--
CREATE TABLE portatiles (
  idportatil int(10) NOT NULL AUTO_INCREMENT,
  estado int(10) DEFAULT NULL,
  aula int(10) DEFAULT NULL,
  numeroportatil int(10) DEFAULT NULL,
  procesador varchar(30) DEFAULT NULL,
  disco varchar(30) DEFAULT NULL,
  memoria varchar(30) DEFAULT NULL,
  PRIMARY KEY (idportatil)
)
ENGINE = INNODB,
AUTO_INCREMENT = 13,
AVG_ROW_LENGTH = 1260,
CHARACTER SET latin1,
COLLATE latin1_swedish_ci;

--
-- Create foreign key
--
ALTER TABLE portatiles
ADD CONSTRAINT FK_PORTATILES_AULAS FOREIGN KEY (aula)
REFERENCES aulas (idaula);

--
-- Create foreign key
--
ALTER TABLE portatiles
ADD CONSTRAINT FK_PORTATILES_ESTADOS FOREIGN KEY (estado)
REFERENCES estados (idestado);

--
-- Create table `turnos`
--
CREATE TABLE turnos (
  idturno int(10) NOT NULL AUTO_INCREMENT,
  nombre varchar(50) DEFAULT NULL,
  horario time DEFAULT NULL,
  descripcion varchar(100) DEFAULT NULL,
  diassemana varchar(30) DEFAULT NULL,
  PRIMARY KEY (idturno)
)
ENGINE = INNODB,
AUTO_INCREMENT = 11,
AVG_ROW_LENGTH = 1638,
CHARACTER SET latin1,
COLLATE latin1_swedish_ci;

--
-- Create table `estudios`
--
CREATE TABLE estudios (
  idestudio int(10) NOT NULL AUTO_INCREMENT,
  abreviatura varchar(30) DEFAULT NULL,
  turno int(10) DEFAULT NULL,
  descripcion varchar(100) DEFAULT NULL,
  finicio date DEFAULT NULL,
  ffinal date DEFAULT NULL,
  PRIMARY KEY (idestudio)
)
ENGINE = INNODB,
AUTO_INCREMENT = 11,
AVG_ROW_LENGTH = 1638,
CHARACTER SET latin1,
COLLATE latin1_swedish_ci;

--
-- Create foreign key
--
ALTER TABLE estudios
ADD CONSTRAINT FK_ESTUDIOS_TURNOS FOREIGN KEY (turno)
REFERENCES turnos (idturno);

--
-- Create table `prestamos`
--
CREATE TABLE prestamos (
  idprestamo int(10) NOT NULL AUTO_INCREMENT,
  portatil int(10) DEFAULT NULL,
  estudio int(10) DEFAULT NULL,
  alumno varchar(50) NOT NULL,
  PRIMARY KEY (idprestamo)
)
ENGINE = INNODB,
AUTO_INCREMENT = 11,
AVG_ROW_LENGTH = 1820,
CHARACTER SET latin1,
COLLATE latin1_swedish_ci;

--
-- Create index `UK_PORTATILES_ESTUDIOS` on table `prestamos`
--
ALTER TABLE prestamos
ADD UNIQUE INDEX UK_PORTATILES_ESTUDIOS (portatil, estudio);

--
-- Create foreign key
--
ALTER TABLE prestamos
ADD CONSTRAINT FK_PRESTAMOS_ESTUDIOS FOREIGN KEY (estudio)
REFERENCES estudios (idestudio);

--
-- Create foreign key
--
ALTER TABLE prestamos
ADD CONSTRAINT FK_PRESTAMOS_PORTATILES FOREIGN KEY (portatil)
REFERENCES portatiles (idportatil);

-- 
-- Dumping data for table estados
--
INSERT INTO estados VALUES
(1, 0, 'Funciona', 'El ordenador se encuentra en perfecto estado'),
(2, 0, 'Funciona', 'No funciona la entrada HDMI'),
(4, 0, 'Funciona', 'No funciona el TouchPad'),
(7, 1, 'No Funciona', 'Formatear, Instalar Windows 10 '),
(8, 1, 'No Funciona', 'No funcionan el teclado'),
(10, 1, 'No Funciona', 'Cambiar disco duro');

-- 
-- Dumping data for table aulas
--
INSERT INTO aulas VALUES
(2, 5, '1FPB'),
(3, 5, '1DAM '),
(4, 6, '2AYF'),
(5, 2, '1AYF'),
(6, 7, '2FPB'),
(7, 3, '1DAS '),
(8, 1, '2DAS'),
(9, 7, '1AyF'),
(10, 6, '2DAM');

-- 
-- Dumping data for table turnos
--
INSERT INTO turnos VALUES
(1, 'Mañana', '08:30:01', 'Profesora María Hoyos', 'M J V'),
(2, 'Tarde', '13:37:52', 'Profesora Marta', 'L M M J V'),
(3, 'Tarde', '09:46:39', 'Profesor Manuel ', 'L M M J V'),
(4, 'Mañana', '10:10:12', 'Profesor Agustín', 'L M J'),
(5, 'Tarde', '08:30:03', 'Profesor Alberto', 'L M V'),
(6, 'Mañana', '19:47:22', 'Profesora Claudia', 'L M V'),
(7, 'Mañana', '17:08:45', 'Profesora María', 'M J V'),
(8, 'Tarde', '20:57:08', 'De 16:00 a 20:30', 'L M M J V'),
(9, 'Tarde', '13:53:28', 'De 16:00 a 20:30', 'L M M J V'),
(10, 'Mañana', '09:35:01', 'De 8:30 a 14:00', 'L M J');

-- 
-- Dumping data for table portatiles
--
INSERT INTO portatiles VALUES
(1, 1, 6, 101, 'Intel(R) Core(TM) i5-8300H CPU', '260GB', '2GB'),
(2, 1, 4, 102, 'Intel(R) Core(TM) i5-7300H CPU', '100GB', '4GB'),
(3, 7, 6, 103, 'Intel(R) Core(TM) i3-5300H CPU', '300GB', '3GB'),
(4, 2, 3, 201, 'Intel(R) Core(TM) i7-6300H CPU', '180GB', '8GB'),
(5, 1, 8, 202, 'Intel(R) Core(TM) i7-6300H CPU', '80GB', '16GB '),
(6, 1, 5, 203, 'Intel(R) Core(TM) i5-8300H CPU', '350GB', '6GB'),
(7, 1, 3, 301, 'Intel(R) Core(TM) i3-5300H CPU', '240GB', '4GB'),
(8, 8, 5, 302, 'Intel(R) Core(TM) i5-7300H CPU', '120GB', '8GB'),
(9, 7, 6, 303, 'Intel(R) Core(TM) i5-8300H CPU', '100GB', '16GB '),
(10, 1, 2, 401, 'Intel(R) Core(TM) i5-7300H CPU', '120GB', '2GB'),
(11, 1, 10, 402, 'Intel(R) Core(TM) i5-7300H CPU', '220GB', '8GB'),
(12, 1, 7, 403, 'Intel(R) Core(TM) i5-7300H CPU', '120GB', '6GB');

-- 
-- Dumping data for table estudios
--
INSERT INTO estudios VALUES
(1, '2AYF', 3, '2 Administración y finanzas', '2021-02-15', '2020-11-02'),
(2, '2AYF', 3, '2 Administración y finanzas', '2020-12-26', '2020-01-07'),
(3, '2FPB', 8, '2 Formación profesional basica', '2020-03-25', '2020-01-09'),
(4, '1AYF', 2, '1 Administración y finanzas', '2021-07-11', '2021-01-21'),
(5, '1FPB', 10, '1 Formación profesional basica', '2020-04-01', '2020-01-12'),
(6, '1DAM ', 6, '1 Desarrollo de aplicaciones multiplataforma', '2021-11-21', '2020-01-08'),
(7, '2DAS', 10, '2 Documentación y administración sanitarias', '2021-05-07', '2020-07-16'),
(8, '1DAS ', 8, '1 Documentación y administración sanitarias', '2021-06-10', '2023-04-01'),
(9, '2DAM', 9, '2 Desarrollo de aplicaciones multiplataforma', '2021-06-16', '2022-10-16'),
(10, '1AyF', 7, '1 Administración y finanzas', '2021-06-16', '2022-10-16');

-- 
-- Dumping data for table prestamos
--
INSERT INTO prestamos VALUES
(1, 10, 10, 'Carlos'),
(2, 5, 5, 'Alvaro'),
(3, 1, 1, 'Oscar'),
(4, 6, 6, 'Josue'),
(5, 2, 2, 'Angel'),
(6, 7, 7, 'Mateo'),
(8, 8, 8, 'Jose'),
(9, 4, 4, 'Manuel'),
(10, 9, 9, 'Cristian');

-- 
-- Restore previous SQL mode
-- 
/*!40101 SET SQL_MODE=@OLD_SQL_MODE */;

-- 
-- Enable foreign keys
-- 
/*!40014 SET FOREIGN_KEY_CHECKS = @OLD_FOREIGN_KEY_CHECKS */;