--
-- PostgreSQL database dump
--

-- Dumped from database version 11.1
-- Dumped by pg_dump version 11.1

SET statement_timeout = 0;
SET lock_timeout = 0;
SET idle_in_transaction_session_timeout = 0;
SET client_encoding = 'UTF8';
SET standard_conforming_strings = on;
SELECT pg_catalog.set_config('search_path', '', false);
SET check_function_bodies = false;
SET client_min_messages = warning;
SET row_security = off;

SET default_tablespace = '';

SET default_with_oids = false;

--
-- Name: passenger; Type: TABLE; Schema: public; Owner: postgres
--

CREATE TABLE public.passenger (
    id_passenger integer NOT NULL,
    name character varying(64) NOT NULL,
    surename character varying(64) NOT NULL,
    username character varying(32),
    password character varying(64)
);


ALTER TABLE public.passenger OWNER TO postgres;

--
-- Name: passenger_id_passenger_seq; Type: SEQUENCE; Schema: public; Owner: postgres
--

CREATE SEQUENCE public.passenger_id_passenger_seq
    AS integer
    START WITH 1
    INCREMENT BY 1
    NO MINVALUE
    NO MAXVALUE
    CACHE 1;


ALTER TABLE public.passenger_id_passenger_seq OWNER TO postgres;

--
-- Name: passenger_id_passenger_seq; Type: SEQUENCE OWNED BY; Schema: public; Owner: postgres
--

ALTER SEQUENCE public.passenger_id_passenger_seq OWNED BY public.passenger.id_passenger;


--
-- Name: place; Type: TABLE; Schema: public; Owner: postgres
--

CREATE TABLE public.place (
    id_place integer NOT NULL,
    place_num integer NOT NULL,
    id_wagon integer NOT NULL
);


ALTER TABLE public.place OWNER TO postgres;

--
-- Name: place_id_place_seq; Type: SEQUENCE; Schema: public; Owner: postgres
--

CREATE SEQUENCE public.place_id_place_seq
    AS integer
    START WITH 1
    INCREMENT BY 1
    NO MINVALUE
    NO MAXVALUE
    CACHE 1;


ALTER TABLE public.place_id_place_seq OWNER TO postgres;

--
-- Name: place_id_place_seq; Type: SEQUENCE OWNED BY; Schema: public; Owner: postgres
--

ALTER SEQUENCE public.place_id_place_seq OWNED BY public.place.id_place;


--
-- Name: route; Type: TABLE; Schema: public; Owner: postgres
--

CREATE TABLE public.route (
    id_route_point integer NOT NULL,
    id_station integer NOT NULL,
    arrival_date date,
    arrival_time time without time zone,
    departure_date date,
    departure_time time without time zone,
    id_trip integer NOT NULL
);


ALTER TABLE public.route OWNER TO postgres;

--
-- Name: route_id_route_point_seq; Type: SEQUENCE; Schema: public; Owner: postgres
--

CREATE SEQUENCE public.route_id_route_point_seq
    AS integer
    START WITH 1
    INCREMENT BY 1
    NO MINVALUE
    NO MAXVALUE
    CACHE 1;


ALTER TABLE public.route_id_route_point_seq OWNER TO postgres;

--
-- Name: route_id_route_point_seq; Type: SEQUENCE OWNED BY; Schema: public; Owner: postgres
--

ALTER SEQUENCE public.route_id_route_point_seq OWNED BY public.route.id_route_point;


--
-- Name: station; Type: TABLE; Schema: public; Owner: postgres
--

CREATE TABLE public.station (
    id_station integer NOT NULL,
    station_name character varying(64) NOT NULL
);


ALTER TABLE public.station OWNER TO postgres;

--
-- Name: station_id_station_seq; Type: SEQUENCE; Schema: public; Owner: postgres
--

CREATE SEQUENCE public.station_id_station_seq
    AS integer
    START WITH 1
    INCREMENT BY 1
    NO MINVALUE
    NO MAXVALUE
    CACHE 1;


ALTER TABLE public.station_id_station_seq OWNER TO postgres;

--
-- Name: station_id_station_seq; Type: SEQUENCE OWNED BY; Schema: public; Owner: postgres
--

ALTER SEQUENCE public.station_id_station_seq OWNED BY public.station.id_station;


--
-- Name: ticket; Type: TABLE; Schema: public; Owner: postgres
--

CREATE TABLE public.ticket (
    id_ticket integer NOT NULL,
    from_station integer NOT NULL,
    to_station integer NOT NULL,
    price numeric NOT NULL,
    id_passenger integer NOT NULL,
    id_place integer NOT NULL
);


ALTER TABLE public.ticket OWNER TO postgres;

--
-- Name: ticket_id_ticket_seq; Type: SEQUENCE; Schema: public; Owner: postgres
--

CREATE SEQUENCE public.ticket_id_ticket_seq
    AS integer
    START WITH 1
    INCREMENT BY 1
    NO MINVALUE
    NO MAXVALUE
    CACHE 1;


ALTER TABLE public.ticket_id_ticket_seq OWNER TO postgres;

--
-- Name: ticket_id_ticket_seq; Type: SEQUENCE OWNED BY; Schema: public; Owner: postgres
--

ALTER SEQUENCE public.ticket_id_ticket_seq OWNED BY public.ticket.id_ticket;


--
-- Name: train; Type: TABLE; Schema: public; Owner: postgres
--

CREATE TABLE public.train (
    id_train integer NOT NULL,
    train_num character varying(8) NOT NULL,
    id_type integer NOT NULL
);


ALTER TABLE public.train OWNER TO postgres;

--
-- Name: train_id_train_seq; Type: SEQUENCE; Schema: public; Owner: postgres
--

CREATE SEQUENCE public.train_id_train_seq
    AS integer
    START WITH 1
    INCREMENT BY 1
    NO MINVALUE
    NO MAXVALUE
    CACHE 1;


ALTER TABLE public.train_id_train_seq OWNER TO postgres;

--
-- Name: train_id_train_seq; Type: SEQUENCE OWNED BY; Schema: public; Owner: postgres
--

ALTER SEQUENCE public.train_id_train_seq OWNED BY public.train.id_train;


--
-- Name: traintype; Type: TABLE; Schema: public; Owner: postgres
--

CREATE TABLE public.traintype (
    id_type integer NOT NULL,
    type_name character varying(64) NOT NULL
);


ALTER TABLE public.traintype OWNER TO postgres;

--
-- Name: traintype_id_type_seq; Type: SEQUENCE; Schema: public; Owner: postgres
--

CREATE SEQUENCE public.traintype_id_type_seq
    AS integer
    START WITH 1
    INCREMENT BY 1
    NO MINVALUE
    NO MAXVALUE
    CACHE 1;


ALTER TABLE public.traintype_id_type_seq OWNER TO postgres;

--
-- Name: traintype_id_type_seq; Type: SEQUENCE OWNED BY; Schema: public; Owner: postgres
--

ALTER SEQUENCE public.traintype_id_type_seq OWNED BY public.traintype.id_type;


--
-- Name: trip; Type: TABLE; Schema: public; Owner: postgres
--

CREATE TABLE public.trip (
    id_trip integer NOT NULL,
    id_train integer NOT NULL
);


ALTER TABLE public.trip OWNER TO postgres;

--
-- Name: trip_id_trip_seq; Type: SEQUENCE; Schema: public; Owner: postgres
--

CREATE SEQUENCE public.trip_id_trip_seq
    AS integer
    START WITH 1
    INCREMENT BY 1
    NO MINVALUE
    NO MAXVALUE
    CACHE 1;


ALTER TABLE public.trip_id_trip_seq OWNER TO postgres;

--
-- Name: trip_id_trip_seq; Type: SEQUENCE OWNED BY; Schema: public; Owner: postgres
--

ALTER SEQUENCE public.trip_id_trip_seq OWNED BY public.trip.id_trip;


--
-- Name: wagon; Type: TABLE; Schema: public; Owner: postgres
--

CREATE TABLE public.wagon (
    id_wagon integer NOT NULL,
    wagon_num integer NOT NULL,
    id_trip integer,
    id_type integer
);


ALTER TABLE public.wagon OWNER TO postgres;

--
-- Name: wagon_id_wagon_seq; Type: SEQUENCE; Schema: public; Owner: postgres
--

CREATE SEQUENCE public.wagon_id_wagon_seq
    AS integer
    START WITH 1
    INCREMENT BY 1
    NO MINVALUE
    NO MAXVALUE
    CACHE 1;


ALTER TABLE public.wagon_id_wagon_seq OWNER TO postgres;

--
-- Name: wagon_id_wagon_seq; Type: SEQUENCE OWNED BY; Schema: public; Owner: postgres
--

ALTER SEQUENCE public.wagon_id_wagon_seq OWNED BY public.wagon.id_wagon;


--
-- Name: wagontype; Type: TABLE; Schema: public; Owner: postgres
--

CREATE TABLE public.wagontype (
    id_type integer NOT NULL,
    type_name character varying(64)
);


ALTER TABLE public.wagontype OWNER TO postgres;

--
-- Name: wagontype_id_type_seq; Type: SEQUENCE; Schema: public; Owner: postgres
--

CREATE SEQUENCE public.wagontype_id_type_seq
    AS integer
    START WITH 1
    INCREMENT BY 1
    NO MINVALUE
    NO MAXVALUE
    CACHE 1;


ALTER TABLE public.wagontype_id_type_seq OWNER TO postgres;

--
-- Name: wagontype_id_type_seq; Type: SEQUENCE OWNED BY; Schema: public; Owner: postgres
--

ALTER SEQUENCE public.wagontype_id_type_seq OWNED BY public.wagontype.id_type;


--
-- Name: passenger id_passenger; Type: DEFAULT; Schema: public; Owner: postgres
--

ALTER TABLE ONLY public.passenger ALTER COLUMN id_passenger SET DEFAULT nextval('public.passenger_id_passenger_seq'::regclass);


--
-- Name: place id_place; Type: DEFAULT; Schema: public; Owner: postgres
--

ALTER TABLE ONLY public.place ALTER COLUMN id_place SET DEFAULT nextval('public.place_id_place_seq'::regclass);


--
-- Name: route id_route_point; Type: DEFAULT; Schema: public; Owner: postgres
--

ALTER TABLE ONLY public.route ALTER COLUMN id_route_point SET DEFAULT nextval('public.route_id_route_point_seq'::regclass);


--
-- Name: station id_station; Type: DEFAULT; Schema: public; Owner: postgres
--

ALTER TABLE ONLY public.station ALTER COLUMN id_station SET DEFAULT nextval('public.station_id_station_seq'::regclass);


--
-- Name: ticket id_ticket; Type: DEFAULT; Schema: public; Owner: postgres
--

ALTER TABLE ONLY public.ticket ALTER COLUMN id_ticket SET DEFAULT nextval('public.ticket_id_ticket_seq'::regclass);


--
-- Name: train id_train; Type: DEFAULT; Schema: public; Owner: postgres
--

ALTER TABLE ONLY public.train ALTER COLUMN id_train SET DEFAULT nextval('public.train_id_train_seq'::regclass);


--
-- Name: traintype id_type; Type: DEFAULT; Schema: public; Owner: postgres
--

ALTER TABLE ONLY public.traintype ALTER COLUMN id_type SET DEFAULT nextval('public.traintype_id_type_seq'::regclass);


--
-- Name: trip id_trip; Type: DEFAULT; Schema: public; Owner: postgres
--

ALTER TABLE ONLY public.trip ALTER COLUMN id_trip SET DEFAULT nextval('public.trip_id_trip_seq'::regclass);


--
-- Name: wagon id_wagon; Type: DEFAULT; Schema: public; Owner: postgres
--

ALTER TABLE ONLY public.wagon ALTER COLUMN id_wagon SET DEFAULT nextval('public.wagon_id_wagon_seq'::regclass);


--
-- Name: wagontype id_type; Type: DEFAULT; Schema: public; Owner: postgres
--

ALTER TABLE ONLY public.wagontype ALTER COLUMN id_type SET DEFAULT nextval('public.wagontype_id_type_seq'::regclass);


--
-- Data for Name: passenger; Type: TABLE DATA; Schema: public; Owner: postgres
--

COPY public.passenger (id_passenger, name, surename, username, password) FROM stdin;
1	Ілля	Бусов	busov.ilyaa	5f4feb45520978addd800c4032471d26a244a990116e4e568bdba79d3d8b7f0a
5	Ilya	Busov	ilya_dnp	ef797c8118f02dfb649607dd5d3f8c7623048c9c063d532cc95c5ed7a898a64f
\.


--
-- Data for Name: place; Type: TABLE DATA; Schema: public; Owner: postgres
--

COPY public.place (id_place, place_num, id_wagon) FROM stdin;
11916	1	1
11917	2	1
11918	3	1
11919	4	1
11920	5	1
11921	6	1
11922	7	1
11923	8	1
11924	9	1
11925	10	1
11926	11	1
11927	12	1
11928	13	1
11929	14	1
11930	15	1
11931	16	1
11932	17	1
11933	18	1
11934	19	1
11935	20	1
11936	21	1
11937	22	1
11938	23	1
11939	24	1
11940	25	1
11941	26	1
11942	27	1
11943	28	1
11944	29	1
11945	30	1
11946	1	2
11947	2	2
11948	3	2
11949	4	2
11950	5	2
11951	6	2
11952	7	2
11953	8	2
11954	9	2
11955	10	2
11956	11	2
11957	12	2
11958	13	2
11959	14	2
11960	15	2
11961	16	2
11962	17	2
11963	18	2
11964	19	2
11965	20	2
11966	21	2
11967	22	2
11968	23	2
11969	24	2
11970	25	2
11971	26	2
11972	27	2
11973	28	2
11974	29	2
11975	30	2
11976	1	3
11977	2	3
11978	3	3
11979	4	3
11980	5	3
11981	6	3
11982	7	3
11983	8	3
11984	9	3
11985	10	3
11986	11	3
11987	12	3
11988	13	3
11989	14	3
11990	15	3
11991	16	3
11992	17	3
11993	18	3
11994	19	3
11995	20	3
11996	21	3
11997	22	3
11998	23	3
11999	24	3
12000	25	3
12001	26	3
12002	27	3
12003	28	3
12004	29	3
12005	30	3
12006	1	4
12007	2	4
12008	3	4
12009	4	4
12010	5	4
12011	6	4
12012	7	4
12013	8	4
12014	9	4
12015	10	4
12016	11	4
12017	12	4
12018	13	4
12019	14	4
12020	15	4
12021	16	4
12022	17	4
12023	18	4
12024	19	4
12025	20	4
12026	21	4
12027	22	4
12028	23	4
12029	24	4
12030	25	4
12031	26	4
12032	27	4
12033	28	4
12034	29	4
12035	30	4
12036	31	4
12037	32	4
12038	33	4
12039	34	4
12040	35	4
12041	36	4
12042	37	4
12043	38	4
12044	39	4
12045	40	4
12046	1	5
12047	2	5
12048	3	5
12049	4	5
12050	5	5
12051	6	5
12052	7	5
12053	8	5
12054	9	5
12055	10	5
12056	11	5
12057	12	5
12058	13	5
12059	14	5
12060	15	5
12061	16	5
12062	17	5
12063	18	5
12064	19	5
12065	20	5
12066	21	5
12067	22	5
12068	23	5
12069	24	5
12070	25	5
12071	26	5
12072	27	5
12073	28	5
12074	29	5
12075	30	5
12076	31	5
12077	32	5
12078	33	5
12079	34	5
12080	35	5
12081	36	5
12082	37	5
12083	38	5
12084	39	5
12085	40	5
12086	1	6
12087	2	6
12088	3	6
12089	4	6
12090	5	6
12091	6	6
12092	7	6
12093	8	6
12094	9	6
12095	10	6
12096	11	6
12097	12	6
12098	13	6
12099	14	6
12100	15	6
12101	16	6
12102	17	6
12103	18	6
12104	19	6
12105	20	6
12106	21	6
12107	22	6
12108	23	6
12109	24	6
12110	25	6
12111	26	6
12112	27	6
12113	28	6
12114	29	6
12115	30	6
12116	1	7
12117	2	7
12118	3	7
12119	4	7
12120	5	7
12121	6	7
12122	7	7
12123	8	7
12124	9	7
12125	10	7
12126	11	7
12127	12	7
12128	13	7
12129	14	7
12130	15	7
12131	16	7
12132	17	7
12133	18	7
12134	19	7
12135	20	7
12136	21	7
12137	22	7
12138	23	7
12139	24	7
12140	25	7
12141	26	7
12142	27	7
12143	28	7
12144	29	7
12145	30	7
12146	1	8
12147	2	8
12148	3	8
12149	4	8
12150	5	8
12151	6	8
12152	7	8
12153	8	8
12154	9	8
12155	10	8
12156	11	8
12157	12	8
12158	13	8
12159	14	8
12160	15	8
12161	16	8
12162	17	8
12163	18	8
12164	19	8
12165	20	8
12166	21	8
12167	22	8
12168	23	8
12169	24	8
12170	25	8
12171	26	8
12172	27	8
12173	28	8
12174	29	8
12175	30	8
12176	1	9
12177	2	9
12178	3	9
12179	4	9
12180	5	9
12181	6	9
12182	7	9
12183	8	9
12184	9	9
12185	10	9
12186	11	9
12187	12	9
12188	13	9
12189	14	9
12190	15	9
12191	16	9
12192	17	9
12193	18	9
12194	19	9
12195	20	9
12196	21	9
12197	22	9
12198	23	9
12199	24	9
12200	25	9
12201	26	9
12202	27	9
12203	28	9
12204	29	9
12205	30	9
12206	31	9
12207	32	9
12208	33	9
12209	34	9
12210	35	9
12211	36	9
12212	37	9
12213	38	9
12214	39	9
12215	40	9
12216	1	10
12217	2	10
12218	3	10
12219	4	10
12220	5	10
12221	6	10
12222	7	10
12223	8	10
12224	9	10
12225	10	10
12226	11	10
12227	12	10
12228	13	10
12229	14	10
12230	15	10
12231	16	10
12232	17	10
12233	18	10
12234	19	10
12235	20	10
12236	21	10
12237	22	10
12238	23	10
12239	24	10
12240	25	10
12241	26	10
12242	27	10
12243	28	10
12244	29	10
12245	30	10
12246	31	10
12247	32	10
12248	33	10
12249	34	10
12250	35	10
12251	36	10
12252	37	10
12253	38	10
12254	39	10
12255	40	10
12256	1	11
12257	2	11
12258	3	11
12259	4	11
12260	5	11
12261	6	11
12262	7	11
12263	8	11
12264	9	11
12265	10	11
12266	11	11
12267	12	11
12268	13	11
12269	14	11
12270	15	11
12271	16	11
12272	17	11
12273	18	11
12274	19	11
12275	20	11
12276	21	11
12277	22	11
12278	23	11
12279	24	11
12280	25	11
12281	26	11
12282	27	11
12283	28	11
12284	29	11
12285	30	11
12286	1	12
12287	2	12
12288	3	12
12289	4	12
12290	5	12
12291	6	12
12292	7	12
12293	8	12
12294	9	12
12295	10	12
12296	11	12
12297	12	12
12298	13	12
12299	14	12
12300	15	12
12301	16	12
12302	17	12
12303	18	12
12304	19	12
12305	20	12
12306	21	12
12307	22	12
12308	23	12
12309	24	12
12310	25	12
12311	26	12
12312	27	12
12313	28	12
12314	29	12
12315	30	12
12316	1	13
12317	2	13
12318	3	13
12319	4	13
12320	5	13
12321	6	13
12322	7	13
12323	8	13
12324	9	13
12325	10	13
12326	11	13
12327	12	13
12328	13	13
12329	14	13
12330	15	13
12331	16	13
12332	17	13
12333	18	13
12334	19	13
12335	20	13
12336	21	13
12337	22	13
12338	23	13
12339	24	13
12340	25	13
12341	26	13
12342	27	13
12343	28	13
12344	29	13
12345	30	13
12346	1	14
12347	2	14
12348	3	14
12349	4	14
12350	5	14
12351	6	14
12352	7	14
12353	8	14
12354	9	14
12355	10	14
12356	11	14
12357	12	14
12358	13	14
12359	14	14
12360	15	14
12361	16	14
12362	17	14
12363	18	14
12364	19	14
12365	20	14
12366	21	14
12367	22	14
12368	23	14
12369	24	14
12370	25	14
12371	26	14
12372	27	14
12373	28	14
12374	29	14
12375	30	14
12376	31	14
12377	32	14
12378	33	14
12379	34	14
12380	35	14
12381	36	14
12382	37	14
12383	38	14
12384	39	14
12385	40	14
12386	1	15
12387	2	15
12388	3	15
12389	4	15
12390	5	15
12391	6	15
12392	7	15
12393	8	15
12394	9	15
12395	10	15
12396	11	15
12397	12	15
12398	13	15
12399	14	15
12400	15	15
12401	16	15
12402	17	15
12403	18	15
12404	19	15
12405	20	15
12406	21	15
12407	22	15
12408	23	15
12409	24	15
12410	25	15
12411	26	15
12412	27	15
12413	28	15
12414	29	15
12415	30	15
12416	31	15
12417	32	15
12418	33	15
12419	34	15
12420	35	15
12421	36	15
12422	37	15
12423	38	15
12424	39	15
12425	40	15
12426	1	16
12427	2	16
12428	3	16
12429	4	16
12430	5	16
12431	6	16
12432	7	16
12433	8	16
12434	9	16
12435	10	16
12436	11	16
12437	12	16
12438	13	16
12439	14	16
12440	15	16
12441	16	16
12442	17	16
12443	18	16
12444	19	16
12445	20	16
12446	21	16
12447	22	16
12448	23	16
12449	24	16
12450	25	16
12451	26	16
12452	27	16
12453	28	16
12454	29	16
12455	30	16
12456	31	16
12457	32	16
12458	33	16
12459	34	16
12460	35	16
12461	36	16
12462	37	16
12463	38	16
12464	39	16
12465	40	16
12466	41	16
12467	42	16
12468	43	16
12469	44	16
12470	45	16
12471	46	16
12472	47	16
12473	48	16
12474	49	16
12475	50	16
12476	51	16
12477	52	16
12478	53	16
12479	54	16
12480	55	16
12481	56	16
12482	57	16
12483	58	16
12484	59	16
12485	60	16
12486	1	17
12487	2	17
12488	3	17
12489	4	17
12490	5	17
12491	6	17
12492	7	17
12493	8	17
12494	9	17
12495	10	17
12496	11	17
12497	12	17
12498	13	17
12499	14	17
12500	15	17
12501	16	17
12502	17	17
12503	18	17
12504	19	17
12505	20	17
12506	21	17
12507	22	17
12508	23	17
12509	24	17
12510	25	17
12511	26	17
12512	27	17
12513	28	17
12514	29	17
12515	30	17
12516	31	17
12517	32	17
12518	33	17
12519	34	17
12520	35	17
12521	36	17
12522	37	17
12523	38	17
12524	39	17
12525	40	17
12526	41	17
12527	42	17
12528	43	17
12529	44	17
12530	45	17
12531	46	17
12532	47	17
12533	48	17
12534	49	17
12535	50	17
12536	51	17
12537	52	17
12538	53	17
12539	54	17
12540	55	17
12541	56	17
12542	57	17
12543	58	17
12544	59	17
12545	60	17
12546	1	18
12547	2	18
12548	3	18
12549	4	18
12550	5	18
12551	6	18
12552	7	18
12553	8	18
12554	9	18
12555	10	18
12556	11	18
12557	12	18
12558	13	18
12559	14	18
12560	15	18
12561	16	18
12562	17	18
12563	18	18
12564	19	18
12565	20	18
12566	21	18
12567	22	18
12568	23	18
12569	24	18
12570	25	18
12571	26	18
12572	27	18
12573	28	18
12574	29	18
12575	30	18
12576	31	18
12577	32	18
12578	33	18
12579	34	18
12580	35	18
12581	36	18
12582	37	18
12583	38	18
12584	39	18
12585	40	18
12586	41	18
12587	42	18
12588	43	18
12589	44	18
12590	45	18
12591	46	18
12592	47	18
12593	48	18
12594	49	18
12595	50	18
12596	51	18
12597	52	18
12598	53	18
12599	54	18
12600	55	18
12601	56	18
12602	57	18
12603	58	18
12604	59	18
12605	60	18
12606	1	19
12607	2	19
12608	3	19
12609	4	19
12610	5	19
12611	6	19
12612	7	19
12613	8	19
12614	9	19
12615	10	19
12616	11	19
12617	12	19
12618	13	19
12619	14	19
12620	15	19
12621	16	19
12622	17	19
12623	18	19
12624	19	19
12625	20	19
12626	21	19
12627	22	19
12628	23	19
12629	24	19
12630	25	19
12631	26	19
12632	27	19
12633	28	19
12634	29	19
12635	30	19
12636	31	19
12637	32	19
12638	33	19
12639	34	19
12640	35	19
12641	36	19
12642	37	19
12643	38	19
12644	39	19
12645	40	19
12646	41	19
12647	42	19
12648	43	19
12649	44	19
12650	45	19
12651	46	19
12652	47	19
12653	48	19
12654	49	19
12655	50	19
12656	51	19
12657	52	19
12658	53	19
12659	54	19
12660	55	19
12661	56	19
12662	57	19
12663	58	19
12664	59	19
12665	60	19
12666	1	20
12667	2	20
12668	3	20
12669	4	20
12670	5	20
12671	6	20
12672	7	20
12673	8	20
12674	9	20
12675	10	20
12676	11	20
12677	12	20
12678	13	20
12679	14	20
12680	15	20
12681	16	20
12682	17	20
12683	18	20
12684	19	20
12685	20	20
12686	21	20
12687	22	20
12688	23	20
12689	24	20
12690	25	20
12691	26	20
12692	27	20
12693	28	20
12694	29	20
12695	30	20
12696	31	20
12697	32	20
12698	33	20
12699	34	20
12700	35	20
12701	36	20
12702	37	20
12703	38	20
12704	39	20
12705	40	20
12706	41	20
12707	42	20
12708	43	20
12709	44	20
12710	45	20
12711	46	20
12712	47	20
12713	48	20
12714	49	20
12715	50	20
12716	51	20
12717	52	20
12718	53	20
12719	54	20
12720	55	20
12721	56	20
12722	57	20
12723	58	20
12724	59	20
12725	60	20
12726	1	21
12727	2	21
12728	3	21
12729	4	21
12730	5	21
12731	6	21
12732	7	21
12733	8	21
12734	9	21
12735	10	21
12736	11	21
12737	12	21
12738	13	21
12739	14	21
12740	15	21
12741	16	21
12742	17	21
12743	18	21
12744	19	21
12745	20	21
12746	21	21
12747	22	21
12748	23	21
12749	24	21
12750	25	21
12751	26	21
12752	27	21
12753	28	21
12754	29	21
12755	30	21
12756	31	21
12757	32	21
12758	33	21
12759	34	21
12760	35	21
12761	36	21
12762	37	21
12763	38	21
12764	39	21
12765	40	21
12766	41	21
12767	42	21
12768	43	21
12769	44	21
12770	45	21
12771	46	21
12772	47	21
12773	48	21
12774	49	21
12775	50	21
12776	51	21
12777	52	21
12778	53	21
12779	54	21
12780	55	21
12781	56	21
12782	57	21
12783	58	21
12784	59	21
12785	60	21
12786	1	22
12787	2	22
12788	3	22
12789	4	22
12790	5	22
12791	6	22
12792	7	22
12793	8	22
12794	9	22
12795	10	22
12796	11	22
12797	12	22
12798	13	22
12799	14	22
12800	15	22
12801	16	22
12802	17	22
12803	18	22
12804	19	22
12805	20	22
12806	21	22
12807	22	22
12808	23	22
12809	24	22
12810	25	22
12811	26	22
12812	27	22
12813	28	22
12814	29	22
12815	30	22
12816	31	22
12817	32	22
12818	33	22
12819	34	22
12820	35	22
12821	36	22
12822	37	22
12823	38	22
12824	39	22
12825	40	22
12826	41	22
12827	42	22
12828	43	22
12829	44	22
12830	45	22
12831	46	22
12832	47	22
12833	48	22
12834	49	22
12835	50	22
12836	51	22
12837	52	22
12838	53	22
12839	54	22
12840	55	22
12841	56	22
12842	57	22
12843	58	22
12844	59	22
12845	60	22
12846	1	23
12847	2	23
12848	3	23
12849	4	23
12850	5	23
12851	6	23
12852	7	23
12853	8	23
12854	9	23
12855	10	23
12856	11	23
12857	12	23
12858	13	23
12859	14	23
12860	15	23
12861	16	23
12862	17	23
12863	18	23
12864	19	23
12865	20	23
12866	21	23
12867	22	23
12868	23	23
12869	24	23
12870	25	23
12871	26	23
12872	27	23
12873	28	23
12874	29	23
12875	30	23
12876	31	23
12877	32	23
12878	33	23
12879	34	23
12880	35	23
12881	36	23
12882	37	23
12883	38	23
12884	39	23
12885	40	23
12886	41	23
12887	42	23
12888	43	23
12889	44	23
12890	45	23
12891	46	23
12892	47	23
12893	48	23
12894	49	23
12895	50	23
12896	51	23
12897	52	23
12898	53	23
12899	54	23
12900	55	23
12901	56	23
12902	57	23
12903	58	23
12904	59	23
12905	60	23
12906	1	24
12907	2	24
12908	3	24
12909	4	24
12910	5	24
12911	6	24
12912	7	24
12913	8	24
12914	9	24
12915	10	24
12916	11	24
12917	12	24
12918	13	24
12919	14	24
12920	15	24
12921	16	24
12922	17	24
12923	18	24
12924	19	24
12925	20	24
12926	21	24
12927	22	24
12928	23	24
12929	24	24
12930	25	24
12931	26	24
12932	27	24
12933	28	24
12934	29	24
12935	30	24
12936	31	24
12937	32	24
12938	33	24
12939	34	24
12940	35	24
12941	36	24
12942	37	24
12943	38	24
12944	39	24
12945	40	24
12946	41	24
12947	42	24
12948	43	24
12949	44	24
12950	45	24
12951	46	24
12952	47	24
12953	48	24
12954	49	24
12955	50	24
12956	51	24
12957	52	24
12958	53	24
12959	54	24
12960	55	24
12961	56	24
12962	57	24
12963	58	24
12964	59	24
12965	60	24
12966	1	25
12967	2	25
12968	3	25
12969	4	25
12970	5	25
12971	6	25
12972	7	25
12973	8	25
12974	9	25
12975	10	25
12976	11	25
12977	12	25
12978	13	25
12979	14	25
12980	15	25
12981	16	25
12982	17	25
12983	18	25
12984	19	25
12985	20	25
12986	21	25
12987	22	25
12988	23	25
12989	24	25
12990	25	25
12991	26	25
12992	27	25
12993	28	25
12994	29	25
12995	30	25
12996	31	25
12997	32	25
12998	33	25
12999	34	25
13000	35	25
13001	36	25
13002	37	25
13003	38	25
13004	39	25
13005	40	25
13006	41	25
13007	42	25
13008	43	25
13009	44	25
13010	45	25
13011	46	25
13012	47	25
13013	48	25
13014	49	25
13015	50	25
13016	51	25
13017	52	25
13018	53	25
13019	54	25
13020	55	25
13021	56	25
13022	57	25
13023	58	25
13024	59	25
13025	60	25
13026	1	26
13027	2	26
13028	3	26
13029	4	26
13030	5	26
13031	6	26
13032	7	26
13033	8	26
13034	9	26
13035	10	26
13036	11	26
13037	12	26
13038	13	26
13039	14	26
13040	15	26
13041	16	26
13042	17	26
13043	18	26
13044	19	26
13045	20	26
13046	21	26
13047	22	26
13048	23	26
13049	24	26
13050	25	26
13051	26	26
13052	27	26
13053	28	26
13054	29	26
13055	30	26
13056	31	26
13057	32	26
13058	33	26
13059	34	26
13060	35	26
13061	36	26
13062	37	26
13063	38	26
13064	39	26
13065	40	26
13066	41	26
13067	42	26
13068	43	26
13069	44	26
13070	45	26
13071	46	26
13072	47	26
13073	48	26
13074	49	26
13075	50	26
13076	51	26
13077	52	26
13078	53	26
13079	54	26
13080	55	26
13081	56	26
13082	57	26
13083	58	26
13084	59	26
13085	60	26
13086	1	27
13087	2	27
13088	3	27
13089	4	27
13090	5	27
13091	6	27
13092	7	27
13093	8	27
13094	9	27
13095	10	27
13096	11	27
13097	12	27
13098	13	27
13099	14	27
13100	15	27
13101	16	27
13102	17	27
13103	18	27
13104	19	27
13105	20	27
13106	21	27
13107	22	27
13108	23	27
13109	24	27
13110	25	27
13111	26	27
13112	27	27
13113	28	27
13114	29	27
13115	30	27
13116	31	27
13117	32	27
13118	33	27
13119	34	27
13120	35	27
13121	36	27
13122	37	27
13123	38	27
13124	39	27
13125	40	27
13126	41	27
13127	42	27
13128	43	27
13129	44	27
13130	45	27
13131	46	27
13132	47	27
13133	48	27
13134	49	27
13135	50	27
13136	51	27
13137	52	27
13138	53	27
13139	54	27
13140	55	27
13141	56	27
13142	57	27
13143	58	27
13144	59	27
13145	60	27
13146	1	28
13147	2	28
13148	3	28
13149	4	28
13150	5	28
13151	6	28
13152	7	28
13153	8	28
13154	9	28
13155	10	28
13156	11	28
13157	12	28
13158	13	28
13159	14	28
13160	15	28
13161	16	28
13162	17	28
13163	18	28
13164	19	28
13165	20	28
13166	21	28
13167	22	28
13168	23	28
13169	24	28
13170	25	28
13171	26	28
13172	27	28
13173	28	28
13174	29	28
13175	30	28
13176	31	28
13177	32	28
13178	33	28
13179	34	28
13180	35	28
13181	36	28
13182	37	28
13183	38	28
13184	39	28
13185	40	28
13186	41	28
13187	42	28
13188	43	28
13189	44	28
13190	45	28
13191	46	28
13192	47	28
13193	48	28
13194	49	28
13195	50	28
13196	51	28
13197	52	28
13198	53	28
13199	54	28
13200	55	28
13201	56	28
13202	57	28
13203	58	28
13204	59	28
13205	60	28
13206	1	29
13207	2	29
13208	3	29
13209	4	29
13210	5	29
13211	6	29
13212	7	29
13213	8	29
13214	9	29
13215	10	29
13216	11	29
13217	12	29
13218	13	29
13219	14	29
13220	15	29
13221	16	29
13222	17	29
13223	18	29
13224	19	29
13225	20	29
13226	21	29
13227	22	29
13228	23	29
13229	24	29
13230	25	29
13231	26	29
13232	27	29
13233	28	29
13234	29	29
13235	30	29
13236	31	29
13237	32	29
13238	33	29
13239	34	29
13240	35	29
13241	36	29
13242	37	29
13243	38	29
13244	39	29
13245	40	29
13246	41	29
13247	42	29
13248	43	29
13249	44	29
13250	45	29
13251	46	29
13252	47	29
13253	48	29
13254	49	29
13255	50	29
13256	51	29
13257	52	29
13258	53	29
13259	54	29
13260	55	29
13261	56	29
13262	57	29
13263	58	29
13264	59	29
13265	60	29
13266	1	30
13267	2	30
13268	3	30
13269	4	30
13270	5	30
13271	6	30
13272	7	30
13273	8	30
13274	9	30
13275	10	30
13276	11	30
13277	12	30
13278	13	30
13279	14	30
13280	15	30
13281	16	30
13282	17	30
13283	18	30
13284	19	30
13285	20	30
13286	21	30
13287	22	30
13288	23	30
13289	24	30
13290	25	30
13291	26	30
13292	27	30
13293	28	30
13294	29	30
13295	30	30
13296	31	30
13297	32	30
13298	33	30
13299	34	30
13300	35	30
13301	36	30
13302	37	30
13303	38	30
13304	39	30
13305	40	30
13306	41	30
13307	42	30
13308	43	30
13309	44	30
13310	45	30
13311	46	30
13312	47	30
13313	48	30
13314	49	30
13315	50	30
13316	51	30
13317	52	30
13318	53	30
13319	54	30
13320	55	30
13321	56	30
13322	57	30
13323	58	30
13324	59	30
13325	60	30
13326	1	31
13327	2	31
13328	3	31
13329	4	31
13330	5	31
13331	6	31
13332	7	31
13333	8	31
13334	9	31
13335	10	31
13336	11	31
13337	12	31
13338	13	31
13339	14	31
13340	15	31
13341	16	31
13342	17	31
13343	18	31
13344	19	31
13345	20	31
13346	21	31
13347	22	31
13348	23	31
13349	24	31
13350	25	31
13351	26	31
13352	27	31
13353	28	31
13354	29	31
13355	30	31
13356	31	31
13357	32	31
13358	33	31
13359	34	31
13360	35	31
13361	36	31
13362	37	31
13363	38	31
13364	39	31
13365	40	31
13366	41	31
13367	42	31
13368	43	31
13369	44	31
13370	45	31
13371	46	31
13372	47	31
13373	48	31
13374	49	31
13375	50	31
13376	51	31
13377	52	31
13378	53	31
13379	54	31
13380	55	31
13381	56	31
13382	57	31
13383	58	31
13384	59	31
13385	60	31
13386	1	32
13387	2	32
13388	3	32
13389	4	32
13390	5	32
13391	6	32
13392	7	32
13393	8	32
13394	9	32
13395	10	32
13396	11	32
13397	12	32
13398	13	32
13399	14	32
13400	15	32
13401	16	32
13402	17	32
13403	18	32
13404	19	32
13405	20	32
13406	21	32
13407	22	32
13408	23	32
13409	24	32
13410	25	32
13411	26	32
13412	27	32
13413	28	32
13414	29	32
13415	30	32
13416	31	32
13417	32	32
13418	33	32
13419	34	32
13420	35	32
13421	36	32
13422	37	32
13423	38	32
13424	39	32
13425	40	32
13426	41	32
13427	42	32
13428	43	32
13429	44	32
13430	45	32
13431	46	32
13432	47	32
13433	48	32
13434	49	32
13435	50	32
13436	51	32
13437	52	32
13438	53	32
13439	54	32
13440	55	32
13441	56	32
13442	57	32
13443	58	32
13444	59	32
13445	60	32
13446	1	33
13447	2	33
13448	3	33
13449	4	33
13450	5	33
13451	6	33
13452	7	33
13453	8	33
13454	9	33
13455	10	33
13456	11	33
13457	12	33
13458	13	33
13459	14	33
13460	15	33
13461	16	33
13462	17	33
13463	18	33
13464	19	33
13465	20	33
13466	21	33
13467	22	33
13468	23	33
13469	24	33
13470	25	33
13471	26	33
13472	27	33
13473	28	33
13474	29	33
13475	30	33
13476	31	33
13477	32	33
13478	33	33
13479	34	33
13480	35	33
13481	36	33
13482	37	33
13483	38	33
13484	39	33
13485	40	33
13486	41	33
13487	42	33
13488	43	33
13489	44	33
13490	45	33
13491	46	33
13492	47	33
13493	48	33
13494	49	33
13495	50	33
13496	51	33
13497	52	33
13498	53	33
13499	54	33
13500	55	33
13501	56	33
13502	57	33
13503	58	33
13504	59	33
13505	60	33
13506	1	34
13507	2	34
13508	3	34
13509	4	34
13510	5	34
13511	6	34
13512	7	34
13513	8	34
13514	9	34
13515	10	34
13516	11	34
13517	12	34
13518	13	34
13519	14	34
13520	15	34
13521	16	34
13522	17	34
13523	18	34
13524	19	34
13525	20	34
13526	21	34
13527	22	34
13528	23	34
13529	24	34
13530	25	34
13531	26	34
13532	27	34
13533	28	34
13534	29	34
13535	30	34
13536	31	34
13537	32	34
13538	33	34
13539	34	34
13540	35	34
13541	36	34
13542	37	34
13543	38	34
13544	39	34
13545	40	34
13546	41	34
13547	42	34
13548	43	34
13549	44	34
13550	45	34
13551	46	34
13552	47	34
13553	48	34
13554	49	34
13555	50	34
13556	51	34
13557	52	34
13558	53	34
13559	54	34
13560	55	34
13561	56	34
13562	57	34
13563	58	34
13564	59	34
13565	60	34
13566	1	35
13567	2	35
13568	3	35
13569	4	35
13570	5	35
13571	6	35
13572	7	35
13573	8	35
13574	9	35
13575	10	35
13576	11	35
13577	12	35
13578	13	35
13579	14	35
13580	15	35
13581	16	35
13582	17	35
13583	18	35
13584	19	35
13585	20	35
13586	21	35
13587	22	35
13588	23	35
13589	24	35
13590	25	35
13591	26	35
13592	27	35
13593	28	35
13594	29	35
13595	30	35
13596	31	35
13597	32	35
13598	33	35
13599	34	35
13600	35	35
13601	36	35
13602	37	35
13603	38	35
13604	39	35
13605	40	35
13606	41	35
13607	42	35
13608	43	35
13609	44	35
13610	45	35
13611	46	35
13612	47	35
13613	48	35
13614	49	35
13615	50	35
13616	51	35
13617	52	35
13618	53	35
13619	54	35
13620	55	35
13621	56	35
13622	57	35
13623	58	35
13624	59	35
13625	60	35
13626	1	36
13627	2	36
13628	3	36
13629	4	36
13630	5	36
13631	6	36
13632	7	36
13633	8	36
13634	9	36
13635	10	36
13636	11	36
13637	12	36
13638	13	36
13639	14	36
13640	15	36
13641	16	36
13642	17	36
13643	18	36
13644	19	36
13645	20	36
13646	21	36
13647	22	36
13648	23	36
13649	24	36
13650	25	36
13651	26	36
13652	27	36
13653	28	36
13654	29	36
13655	30	36
13656	31	36
13657	32	36
13658	33	36
13659	34	36
13660	35	36
13661	36	36
13662	37	36
13663	38	36
13664	39	36
13665	40	36
13666	41	36
13667	42	36
13668	43	36
13669	44	36
13670	45	36
13671	46	36
13672	47	36
13673	48	36
13674	49	36
13675	50	36
13676	51	36
13677	52	36
13678	53	36
13679	54	36
13680	55	36
13681	56	36
13682	57	36
13683	58	36
13684	59	36
13685	60	36
13686	1	37
13687	2	37
13688	3	37
13689	4	37
13690	5	37
13691	6	37
13692	7	37
13693	8	37
13694	9	37
13695	10	37
13696	11	37
13697	12	37
13698	13	37
13699	14	37
13700	15	37
13701	16	37
13702	17	37
13703	18	37
13704	19	37
13705	20	37
13706	21	37
13707	22	37
13708	23	37
13709	24	37
13710	25	37
13711	26	37
13712	27	37
13713	28	37
13714	29	37
13715	30	37
13716	31	37
13717	32	37
13718	33	37
13719	34	37
13720	35	37
13721	36	37
13722	37	37
13723	38	37
13724	39	37
13725	40	37
13726	41	37
13727	42	37
13728	43	37
13729	44	37
13730	45	37
13731	46	37
13732	47	37
13733	48	37
13734	49	37
13735	50	37
13736	51	37
13737	52	37
13738	53	37
13739	54	37
13740	55	37
13741	56	37
13742	57	37
13743	58	37
13744	59	37
13745	60	37
13746	1	38
13747	2	38
13748	3	38
13749	4	38
13750	5	38
13751	6	38
13752	7	38
13753	8	38
13754	9	38
13755	10	38
13756	11	38
13757	12	38
13758	13	38
13759	14	38
13760	15	38
13761	16	38
13762	17	38
13763	18	38
13764	19	38
13765	20	38
13766	21	38
13767	22	38
13768	23	38
13769	24	38
13770	25	38
13771	26	38
13772	27	38
13773	28	38
13774	29	38
13775	30	38
13776	31	38
13777	32	38
13778	33	38
13779	34	38
13780	35	38
13781	36	38
13782	37	38
13783	38	38
13784	39	38
13785	40	38
13786	41	38
13787	42	38
13788	43	38
13789	44	38
13790	45	38
13791	46	38
13792	47	38
13793	48	38
13794	49	38
13795	50	38
13796	51	38
13797	52	38
13798	53	38
13799	54	38
13800	55	38
13801	56	38
13802	57	38
13803	58	38
13804	59	38
13805	60	38
13806	1	39
13807	2	39
13808	3	39
13809	4	39
13810	5	39
13811	6	39
13812	7	39
13813	8	39
13814	9	39
13815	10	39
13816	11	39
13817	12	39
13818	13	39
13819	14	39
13820	15	39
13821	16	39
13822	17	39
13823	18	39
13824	19	39
13825	20	39
13826	21	39
13827	22	39
13828	23	39
13829	24	39
13830	25	39
13831	26	39
13832	27	39
13833	28	39
13834	29	39
13835	30	39
13836	31	39
13837	32	39
13838	33	39
13839	34	39
13840	35	39
13841	36	39
13842	37	39
13843	38	39
13844	39	39
13845	40	39
13846	41	39
13847	42	39
13848	43	39
13849	44	39
13850	45	39
13851	46	39
13852	47	39
13853	48	39
13854	49	39
13855	50	39
13856	51	39
13857	52	39
13858	53	39
13859	54	39
13860	55	39
13861	56	39
13862	57	39
13863	58	39
13864	59	39
13865	60	39
13866	1	40
13867	2	40
13868	3	40
13869	4	40
13870	5	40
13871	6	40
13872	7	40
13873	8	40
13874	9	40
13875	10	40
13876	11	40
13877	12	40
13878	13	40
13879	14	40
13880	15	40
13881	16	40
13882	17	40
13883	18	40
13884	19	40
13885	20	40
13886	21	40
13887	22	40
13888	23	40
13889	24	40
13890	25	40
13891	26	40
13892	27	40
13893	28	40
13894	29	40
13895	30	40
13896	31	40
13897	32	40
13898	33	40
13899	34	40
13900	35	40
13901	36	40
13902	37	40
13903	38	40
13904	39	40
13905	40	40
13906	41	40
13907	42	40
13908	43	40
13909	44	40
13910	45	40
13911	46	40
13912	47	40
13913	48	40
13914	49	40
13915	50	40
13916	51	40
13917	52	40
13918	53	40
13919	54	40
13920	55	40
13921	56	40
13922	57	40
13923	58	40
13924	59	40
13925	60	40
13926	1	66
13927	2	66
13928	3	66
13929	4	66
13930	5	66
13931	6	66
13932	7	66
13933	8	66
13934	9	66
13935	10	66
13936	11	66
13937	12	66
13938	13	66
13939	14	66
13940	15	66
13941	16	66
13942	17	66
13943	18	66
13944	19	66
13945	20	66
13946	21	66
13947	22	66
13948	23	66
13949	24	66
13950	25	66
13951	26	66
13952	27	66
13953	28	66
13954	29	66
13955	30	66
13956	31	66
13957	32	66
13958	33	66
13959	34	66
13960	35	66
13961	36	66
13962	37	66
13963	38	66
13964	39	66
13965	40	66
13966	41	66
13967	42	66
13968	43	66
13969	44	66
13970	45	66
13971	46	66
13972	47	66
13973	48	66
13974	49	66
13975	50	66
13976	51	66
13977	52	66
13978	53	66
13979	54	66
13980	55	66
13981	56	66
13982	57	66
13983	58	66
13984	59	66
13985	60	66
13986	1	67
13987	2	67
13988	3	67
13989	4	67
13990	5	67
13991	6	67
13992	7	67
13993	8	67
13994	9	67
13995	10	67
13996	11	67
13997	12	67
13998	13	67
13999	14	67
14000	15	67
14001	16	67
14002	17	67
14003	18	67
14004	19	67
14005	20	67
14006	21	67
14007	22	67
14008	23	67
14009	24	67
14010	25	67
14011	26	67
14012	27	67
14013	28	67
14014	29	67
14015	30	67
14016	31	67
14017	32	67
14018	33	67
14019	34	67
14020	35	67
14021	36	67
14022	37	67
14023	38	67
14024	39	67
14025	40	67
14026	41	67
14027	42	67
14028	43	67
14029	44	67
14030	45	67
14031	46	67
14032	47	67
14033	48	67
14034	49	67
14035	50	67
14036	51	67
14037	52	67
14038	53	67
14039	54	67
14040	55	67
14041	56	67
14042	57	67
14043	58	67
14044	59	67
14045	60	67
14046	1	68
14047	2	68
14048	3	68
14049	4	68
14050	5	68
14051	6	68
14052	7	68
14053	8	68
14054	9	68
14055	10	68
14056	11	68
14057	12	68
14058	13	68
14059	14	68
14060	15	68
14061	16	68
14062	17	68
14063	18	68
14064	19	68
14065	20	68
14066	21	68
14067	22	68
14068	23	68
14069	24	68
14070	25	68
14071	26	68
14072	27	68
14073	28	68
14074	29	68
14075	30	68
14076	31	68
14077	32	68
14078	33	68
14079	34	68
14080	35	68
14081	36	68
14082	37	68
14083	38	68
14084	39	68
14085	40	68
14086	41	68
14087	42	68
14088	43	68
14089	44	68
14090	45	68
14091	46	68
14092	47	68
14093	48	68
14094	49	68
14095	50	68
14096	51	68
14097	52	68
14098	53	68
14099	54	68
14100	55	68
14101	56	68
14102	57	68
14103	58	68
14104	59	68
14105	60	68
14106	1	69
14107	2	69
14108	3	69
14109	4	69
14110	5	69
14111	6	69
14112	7	69
14113	8	69
14114	9	69
14115	10	69
14116	11	69
14117	12	69
14118	13	69
14119	14	69
14120	15	69
14121	16	69
14122	17	69
14123	18	69
14124	19	69
14125	20	69
14126	21	69
14127	22	69
14128	23	69
14129	24	69
14130	25	69
14131	26	69
14132	27	69
14133	28	69
14134	29	69
14135	30	69
14136	31	69
14137	32	69
14138	33	69
14139	34	69
14140	35	69
14141	36	69
14142	37	69
14143	38	69
14144	39	69
14145	40	69
14146	41	69
14147	42	69
14148	43	69
14149	44	69
14150	45	69
14151	46	69
14152	47	69
14153	48	69
14154	49	69
14155	50	69
14156	51	69
14157	52	69
14158	53	69
14159	54	69
14160	55	69
14161	56	69
14162	57	69
14163	58	69
14164	59	69
14165	60	69
14166	1	70
14167	2	70
14168	3	70
14169	4	70
14170	5	70
14171	6	70
14172	7	70
14173	8	70
14174	9	70
14175	10	70
14176	11	70
14177	12	70
14178	13	70
14179	14	70
14180	15	70
14181	16	70
14182	17	70
14183	18	70
14184	19	70
14185	20	70
14186	21	70
14187	22	70
14188	23	70
14189	24	70
14190	25	70
14191	26	70
14192	27	70
14193	28	70
14194	29	70
14195	30	70
14196	31	70
14197	32	70
14198	33	70
14199	34	70
14200	35	70
14201	36	70
14202	37	70
14203	38	70
14204	39	70
14205	40	70
14206	41	70
14207	42	70
14208	43	70
14209	44	70
14210	45	70
14211	46	70
14212	47	70
14213	48	70
14214	49	70
14215	50	70
14216	51	70
14217	52	70
14218	53	70
14219	54	70
14220	55	70
14221	56	70
14222	57	70
14223	58	70
14224	59	70
14225	60	70
14226	1	71
14227	2	71
14228	3	71
14229	4	71
14230	5	71
14231	6	71
14232	7	71
14233	8	71
14234	9	71
14235	10	71
14236	11	71
14237	12	71
14238	13	71
14239	14	71
14240	15	71
14241	16	71
14242	17	71
14243	18	71
14244	19	71
14245	20	71
14246	21	71
14247	22	71
14248	23	71
14249	24	71
14250	25	71
14251	26	71
14252	27	71
14253	28	71
14254	29	71
14255	30	71
14256	31	71
14257	32	71
14258	33	71
14259	34	71
14260	35	71
14261	36	71
14262	37	71
14263	38	71
14264	39	71
14265	40	71
14266	41	71
14267	42	71
14268	43	71
14269	44	71
14270	45	71
14271	46	71
14272	47	71
14273	48	71
14274	49	71
14275	50	71
14276	51	71
14277	52	71
14278	53	71
14279	54	71
14280	55	71
14281	56	71
14282	57	71
14283	58	71
14284	59	71
14285	60	71
14286	1	72
14287	2	72
14288	3	72
14289	4	72
14290	5	72
14291	6	72
14292	7	72
14293	8	72
14294	9	72
14295	10	72
14296	11	72
14297	12	72
14298	13	72
14299	14	72
14300	15	72
14301	16	72
14302	17	72
14303	18	72
14304	19	72
14305	20	72
14306	21	72
14307	22	72
14308	23	72
14309	24	72
14310	25	72
14311	26	72
14312	27	72
14313	28	72
14314	29	72
14315	30	72
14316	31	72
14317	32	72
14318	33	72
14319	34	72
14320	35	72
14321	36	72
14322	37	72
14323	38	72
14324	39	72
14325	40	72
14326	41	72
14327	42	72
14328	43	72
14329	44	72
14330	45	72
14331	46	72
14332	47	72
14333	48	72
14334	49	72
14335	50	72
14336	51	72
14337	52	72
14338	53	72
14339	54	72
14340	55	72
14341	56	72
14342	57	72
14343	58	72
14344	59	72
14345	60	72
14346	1	73
14347	2	73
14348	3	73
14349	4	73
14350	5	73
14351	6	73
14352	7	73
14353	8	73
14354	9	73
14355	10	73
14356	11	73
14357	12	73
14358	13	73
14359	14	73
14360	15	73
14361	16	73
14362	17	73
14363	18	73
14364	19	73
14365	20	73
14366	21	73
14367	22	73
14368	23	73
14369	24	73
14370	25	73
14371	26	73
14372	27	73
14373	28	73
14374	29	73
14375	30	73
14376	31	73
14377	32	73
14378	33	73
14379	34	73
14380	35	73
14381	36	73
14382	37	73
14383	38	73
14384	39	73
14385	40	73
14386	41	73
14387	42	73
14388	43	73
14389	44	73
14390	45	73
14391	46	73
14392	47	73
14393	48	73
14394	49	73
14395	50	73
14396	51	73
14397	52	73
14398	53	73
14399	54	73
14400	55	73
14401	56	73
14402	57	73
14403	58	73
14404	59	73
14405	60	73
14406	1	74
14407	2	74
14408	3	74
14409	4	74
14410	5	74
14411	6	74
14412	7	74
14413	8	74
14414	9	74
14415	10	74
14416	11	74
14417	12	74
14418	13	74
14419	14	74
14420	15	74
14421	16	74
14422	17	74
14423	18	74
14424	19	74
14425	20	74
14426	21	74
14427	22	74
14428	23	74
14429	24	74
14430	25	74
14431	26	74
14432	27	74
14433	28	74
14434	29	74
14435	30	74
14436	31	74
14437	32	74
14438	33	74
14439	34	74
14440	35	74
14441	36	74
14442	37	74
14443	38	74
14444	39	74
14445	40	74
14446	41	74
14447	42	74
14448	43	74
14449	44	74
14450	45	74
14451	46	74
14452	47	74
14453	48	74
14454	49	74
14455	50	74
14456	51	74
14457	52	74
14458	53	74
14459	54	74
14460	55	74
14461	56	74
14462	57	74
14463	58	74
14464	59	74
14465	60	74
14466	1	75
14467	2	75
14468	3	75
14469	4	75
14470	5	75
14471	6	75
14472	7	75
14473	8	75
14474	9	75
14475	10	75
14476	11	75
14477	12	75
14478	13	75
14479	14	75
14480	15	75
14481	16	75
14482	17	75
14483	18	75
14484	19	75
14485	20	75
14486	21	75
14487	22	75
14488	23	75
14489	24	75
14490	25	75
14491	26	75
14492	27	75
14493	28	75
14494	29	75
14495	30	75
14496	31	75
14497	32	75
14498	33	75
14499	34	75
14500	35	75
14501	36	75
14502	37	75
14503	38	75
14504	39	75
14505	40	75
14506	41	75
14507	42	75
14508	43	75
14509	44	75
14510	45	75
14511	46	75
14512	47	75
14513	48	75
14514	49	75
14515	50	75
14516	51	75
14517	52	75
14518	53	75
14519	54	75
14520	55	75
14521	56	75
14522	57	75
14523	58	75
14524	59	75
14525	60	75
14526	1	76
14527	2	76
14528	3	76
14529	4	76
14530	5	76
14531	6	76
14532	7	76
14533	8	76
14534	9	76
14535	10	76
14536	11	76
14537	12	76
14538	13	76
14539	14	76
14540	15	76
14541	16	76
14542	17	76
14543	18	76
14544	19	76
14545	20	76
14546	21	76
14547	22	76
14548	23	76
14549	24	76
14550	25	76
14551	26	76
14552	27	76
14553	28	76
14554	29	76
14555	30	76
14556	31	76
14557	32	76
14558	33	76
14559	34	76
14560	35	76
14561	36	76
14562	37	76
14563	38	76
14564	39	76
14565	40	76
14566	41	76
14567	42	76
14568	43	76
14569	44	76
14570	45	76
14571	46	76
14572	47	76
14573	48	76
14574	49	76
14575	50	76
14576	51	76
14577	52	76
14578	53	76
14579	54	76
14580	55	76
14581	56	76
14582	57	76
14583	58	76
14584	59	76
14585	60	76
14586	1	77
14587	2	77
14588	3	77
14589	4	77
14590	5	77
14591	6	77
14592	7	77
14593	8	77
14594	9	77
14595	10	77
14596	11	77
14597	12	77
14598	13	77
14599	14	77
14600	15	77
14601	16	77
14602	17	77
14603	18	77
14604	19	77
14605	20	77
14606	21	77
14607	22	77
14608	23	77
14609	24	77
14610	25	77
14611	26	77
14612	27	77
14613	28	77
14614	29	77
14615	30	77
14616	31	77
14617	32	77
14618	33	77
14619	34	77
14620	35	77
14621	36	77
14622	37	77
14623	38	77
14624	39	77
14625	40	77
14626	41	77
14627	42	77
14628	43	77
14629	44	77
14630	45	77
14631	46	77
14632	47	77
14633	48	77
14634	49	77
14635	50	77
14636	51	77
14637	52	77
14638	53	77
14639	54	77
14640	55	77
14641	56	77
14642	57	77
14643	58	77
14644	59	77
14645	60	77
14646	1	78
14647	2	78
14648	3	78
14649	4	78
14650	5	78
14651	6	78
14652	7	78
14653	8	78
14654	9	78
14655	10	78
14656	11	78
14657	12	78
14658	13	78
14659	14	78
14660	15	78
14661	16	78
14662	17	78
14663	18	78
14664	19	78
14665	20	78
14666	21	78
14667	22	78
14668	23	78
14669	24	78
14670	25	78
14671	26	78
14672	27	78
14673	28	78
14674	29	78
14675	30	78
14676	31	78
14677	32	78
14678	33	78
14679	34	78
14680	35	78
14681	36	78
14682	37	78
14683	38	78
14684	39	78
14685	40	78
14686	41	78
14687	42	78
14688	43	78
14689	44	78
14690	45	78
14691	46	78
14692	47	78
14693	48	78
14694	49	78
14695	50	78
14696	51	78
14697	52	78
14698	53	78
14699	54	78
14700	55	78
14701	56	78
14702	57	78
14703	58	78
14704	59	78
14705	60	78
14706	1	79
14707	2	79
14708	3	79
14709	4	79
14710	5	79
14711	6	79
14712	7	79
14713	8	79
14714	9	79
14715	10	79
14716	11	79
14717	12	79
14718	13	79
14719	14	79
14720	15	79
14721	16	79
14722	17	79
14723	18	79
14724	19	79
14725	20	79
14726	21	79
14727	22	79
14728	23	79
14729	24	79
14730	25	79
14731	26	79
14732	27	79
14733	28	79
14734	29	79
14735	30	79
14736	31	79
14737	32	79
14738	33	79
14739	34	79
14740	35	79
14741	36	79
14742	37	79
14743	38	79
14744	39	79
14745	40	79
14746	41	79
14747	42	79
14748	43	79
14749	44	79
14750	45	79
14751	46	79
14752	47	79
14753	48	79
14754	49	79
14755	50	79
14756	51	79
14757	52	79
14758	53	79
14759	54	79
14760	55	79
14761	56	79
14762	57	79
14763	58	79
14764	59	79
14765	60	79
14766	1	80
14767	2	80
14768	3	80
14769	4	80
14770	5	80
14771	6	80
14772	7	80
14773	8	80
14774	9	80
14775	10	80
14776	11	80
14777	12	80
14778	13	80
14779	14	80
14780	15	80
14781	16	80
14782	17	80
14783	18	80
14784	19	80
14785	20	80
14786	21	80
14787	22	80
14788	23	80
14789	24	80
14790	25	80
14791	26	80
14792	27	80
14793	28	80
14794	29	80
14795	30	80
14796	31	80
14797	32	80
14798	33	80
14799	34	80
14800	35	80
14801	36	80
14802	37	80
14803	38	80
14804	39	80
14805	40	80
14806	41	80
14807	42	80
14808	43	80
14809	44	80
14810	45	80
14811	46	80
14812	47	80
14813	48	80
14814	49	80
14815	50	80
14816	51	80
14817	52	80
14818	53	80
14819	54	80
14820	55	80
14821	56	80
14822	57	80
14823	58	80
14824	59	80
14825	60	80
14826	1	81
14827	2	81
14828	3	81
14829	4	81
14830	5	81
14831	6	81
14832	7	81
14833	8	81
14834	9	81
14835	10	81
14836	11	81
14837	12	81
14838	13	81
14839	14	81
14840	15	81
14841	16	81
14842	17	81
14843	18	81
14844	19	81
14845	20	81
14846	21	81
14847	22	81
14848	23	81
14849	24	81
14850	25	81
14851	26	81
14852	27	81
14853	28	81
14854	29	81
14855	30	81
14856	31	81
14857	32	81
14858	33	81
14859	34	81
14860	35	81
14861	36	81
14862	37	81
14863	38	81
14864	39	81
14865	40	81
14866	41	81
14867	42	81
14868	43	81
14869	44	81
14870	45	81
14871	46	81
14872	47	81
14873	48	81
14874	49	81
14875	50	81
14876	51	81
14877	52	81
14878	53	81
14879	54	81
14880	55	81
14881	56	81
14882	57	81
14883	58	81
14884	59	81
14885	60	81
14886	1	82
14887	2	82
14888	3	82
14889	4	82
14890	5	82
14891	6	82
14892	7	82
14893	8	82
14894	9	82
14895	10	82
14896	11	82
14897	12	82
14898	13	82
14899	14	82
14900	15	82
14901	16	82
14902	17	82
14903	18	82
14904	19	82
14905	20	82
14906	21	82
14907	22	82
14908	23	82
14909	24	82
14910	25	82
14911	26	82
14912	27	82
14913	28	82
14914	29	82
14915	30	82
14916	31	82
14917	32	82
14918	33	82
14919	34	82
14920	35	82
14921	36	82
14922	37	82
14923	38	82
14924	39	82
14925	40	82
14926	41	82
14927	42	82
14928	43	82
14929	44	82
14930	45	82
14931	46	82
14932	47	82
14933	48	82
14934	49	82
14935	50	82
14936	51	82
14937	52	82
14938	53	82
14939	54	82
14940	55	82
14941	56	82
14942	57	82
14943	58	82
14944	59	82
14945	60	82
14946	1	83
14947	2	83
14948	3	83
14949	4	83
14950	5	83
14951	6	83
14952	7	83
14953	8	83
14954	9	83
14955	10	83
14956	11	83
14957	12	83
14958	13	83
14959	14	83
14960	15	83
14961	16	83
14962	17	83
14963	18	83
14964	19	83
14965	20	83
14966	21	83
14967	22	83
14968	23	83
14969	24	83
14970	25	83
14971	26	83
14972	27	83
14973	28	83
14974	29	83
14975	30	83
14976	31	83
14977	32	83
14978	33	83
14979	34	83
14980	35	83
14981	36	83
14982	37	83
14983	38	83
14984	39	83
14985	40	83
14986	41	83
14987	42	83
14988	43	83
14989	44	83
14990	45	83
14991	46	83
14992	47	83
14993	48	83
14994	49	83
14995	50	83
14996	51	83
14997	52	83
14998	53	83
14999	54	83
15000	55	83
15001	56	83
15002	57	83
15003	58	83
15004	59	83
15005	60	83
15006	1	84
15007	2	84
15008	3	84
15009	4	84
15010	5	84
15011	6	84
15012	7	84
15013	8	84
15014	9	84
15015	10	84
15016	11	84
15017	12	84
15018	13	84
15019	14	84
15020	15	84
15021	16	84
15022	17	84
15023	18	84
15024	19	84
15025	20	84
15026	21	84
15027	22	84
15028	23	84
15029	24	84
15030	25	84
15031	26	84
15032	27	84
15033	28	84
15034	29	84
15035	30	84
15036	31	84
15037	32	84
15038	33	84
15039	34	84
15040	35	84
15041	36	84
15042	37	84
15043	38	84
15044	39	84
15045	40	84
15046	41	84
15047	42	84
15048	43	84
15049	44	84
15050	45	84
15051	46	84
15052	47	84
15053	48	84
15054	49	84
15055	50	84
15056	51	84
15057	52	84
15058	53	84
15059	54	84
15060	55	84
15061	56	84
15062	57	84
15063	58	84
15064	59	84
15065	60	84
15066	1	85
15067	2	85
15068	3	85
15069	4	85
15070	5	85
15071	6	85
15072	7	85
15073	8	85
15074	9	85
15075	10	85
15076	11	85
15077	12	85
15078	13	85
15079	14	85
15080	15	85
15081	16	85
15082	17	85
15083	18	85
15084	19	85
15085	20	85
15086	21	85
15087	22	85
15088	23	85
15089	24	85
15090	25	85
15091	26	85
15092	27	85
15093	28	85
15094	29	85
15095	30	85
15096	31	85
15097	32	85
15098	33	85
15099	34	85
15100	35	85
15101	36	85
15102	37	85
15103	38	85
15104	39	85
15105	40	85
15106	41	85
15107	42	85
15108	43	85
15109	44	85
15110	45	85
15111	46	85
15112	47	85
15113	48	85
15114	49	85
15115	50	85
15116	51	85
15117	52	85
15118	53	85
15119	54	85
15120	55	85
15121	56	85
15122	57	85
15123	58	85
15124	59	85
15125	60	85
15126	1	86
15127	2	86
15128	3	86
15129	4	86
15130	5	86
15131	6	86
15132	7	86
15133	8	86
15134	9	86
15135	10	86
15136	11	86
15137	12	86
15138	13	86
15139	14	86
15140	15	86
15141	16	86
15142	17	86
15143	18	86
15144	19	86
15145	20	86
15146	21	86
15147	22	86
15148	23	86
15149	24	86
15150	25	86
15151	26	86
15152	27	86
15153	28	86
15154	29	86
15155	30	86
15156	31	86
15157	32	86
15158	33	86
15159	34	86
15160	35	86
15161	36	86
15162	37	86
15163	38	86
15164	39	86
15165	40	86
15166	41	86
15167	42	86
15168	43	86
15169	44	86
15170	45	86
15171	46	86
15172	47	86
15173	48	86
15174	49	86
15175	50	86
15176	51	86
15177	52	86
15178	53	86
15179	54	86
15180	55	86
15181	56	86
15182	57	86
15183	58	86
15184	59	86
15185	60	86
15186	1	87
15187	2	87
15188	3	87
15189	4	87
15190	5	87
15191	6	87
15192	7	87
15193	8	87
15194	9	87
15195	10	87
15196	11	87
15197	12	87
15198	13	87
15199	14	87
15200	15	87
15201	16	87
15202	17	87
15203	18	87
15204	19	87
15205	20	87
15206	21	87
15207	22	87
15208	23	87
15209	24	87
15210	25	87
15211	26	87
15212	27	87
15213	28	87
15214	29	87
15215	30	87
15216	31	87
15217	32	87
15218	33	87
15219	34	87
15220	35	87
15221	36	87
15222	37	87
15223	38	87
15224	39	87
15225	40	87
15226	41	87
15227	42	87
15228	43	87
15229	44	87
15230	45	87
15231	46	87
15232	47	87
15233	48	87
15234	49	87
15235	50	87
15236	51	87
15237	52	87
15238	53	87
15239	54	87
15240	55	87
15241	56	87
15242	57	87
15243	58	87
15244	59	87
15245	60	87
15246	1	88
15247	2	88
15248	3	88
15249	4	88
15250	5	88
15251	6	88
15252	7	88
15253	8	88
15254	9	88
15255	10	88
15256	11	88
15257	12	88
15258	13	88
15259	14	88
15260	15	88
15261	16	88
15262	17	88
15263	18	88
15264	19	88
15265	20	88
15266	21	88
15267	22	88
15268	23	88
15269	24	88
15270	25	88
15271	26	88
15272	27	88
15273	28	88
15274	29	88
15275	30	88
15276	31	88
15277	32	88
15278	33	88
15279	34	88
15280	35	88
15281	36	88
15282	37	88
15283	38	88
15284	39	88
15285	40	88
15286	41	88
15287	42	88
15288	43	88
15289	44	88
15290	45	88
15291	46	88
15292	47	88
15293	48	88
15294	49	88
15295	50	88
15296	51	88
15297	52	88
15298	53	88
15299	54	88
15300	55	88
15301	56	88
15302	57	88
15303	58	88
15304	59	88
15305	60	88
15306	1	89
15307	2	89
15308	3	89
15309	4	89
15310	5	89
15311	6	89
15312	7	89
15313	8	89
15314	9	89
15315	10	89
15316	11	89
15317	12	89
15318	13	89
15319	14	89
15320	15	89
15321	16	89
15322	17	89
15323	18	89
15324	19	89
15325	20	89
15326	21	89
15327	22	89
15328	23	89
15329	24	89
15330	25	89
15331	26	89
15332	27	89
15333	28	89
15334	29	89
15335	30	89
15336	31	89
15337	32	89
15338	33	89
15339	34	89
15340	35	89
15341	36	89
15342	37	89
15343	38	89
15344	39	89
15345	40	89
15346	41	89
15347	42	89
15348	43	89
15349	44	89
15350	45	89
15351	46	89
15352	47	89
15353	48	89
15354	49	89
15355	50	89
15356	51	89
15357	52	89
15358	53	89
15359	54	89
15360	55	89
15361	56	89
15362	57	89
15363	58	89
15364	59	89
15365	60	89
15366	1	90
15367	2	90
15368	3	90
15369	4	90
15370	5	90
15371	6	90
15372	7	90
15373	8	90
15374	9	90
15375	10	90
15376	11	90
15377	12	90
15378	13	90
15379	14	90
15380	15	90
15381	16	90
15382	17	90
15383	18	90
15384	19	90
15385	20	90
15386	21	90
15387	22	90
15388	23	90
15389	24	90
15390	25	90
15391	26	90
15392	27	90
15393	28	90
15394	29	90
15395	30	90
15396	31	90
15397	32	90
15398	33	90
15399	34	90
15400	35	90
15401	36	90
15402	37	90
15403	38	90
15404	39	90
15405	40	90
15406	41	90
15407	42	90
15408	43	90
15409	44	90
15410	45	90
15411	46	90
15412	47	90
15413	48	90
15414	49	90
15415	50	90
15416	51	90
15417	52	90
15418	53	90
15419	54	90
15420	55	90
15421	56	90
15422	57	90
15423	58	90
15424	59	90
15425	60	90
15426	1	91
15427	2	91
15428	3	91
15429	4	91
15430	5	91
15431	6	91
15432	7	91
15433	8	91
15434	9	91
15435	10	91
15436	11	91
15437	12	91
15438	13	91
15439	14	91
15440	15	91
15441	16	91
15442	17	91
15443	18	91
15444	19	91
15445	20	91
15446	21	91
15447	22	91
15448	23	91
15449	24	91
15450	25	91
15451	26	91
15452	27	91
15453	28	91
15454	29	91
15455	30	91
15456	31	91
15457	32	91
15458	33	91
15459	34	91
15460	35	91
15461	36	91
15462	37	91
15463	38	91
15464	39	91
15465	40	91
15466	41	91
15467	42	91
15468	43	91
15469	44	91
15470	45	91
15471	46	91
15472	47	91
15473	48	91
15474	49	91
15475	50	91
15476	51	91
15477	52	91
15478	53	91
15479	54	91
15480	55	91
15481	56	91
15482	57	91
15483	58	91
15484	59	91
15485	60	91
15486	1	92
15487	2	92
15488	3	92
15489	4	92
15490	5	92
15491	6	92
15492	7	92
15493	8	92
15494	9	92
15495	10	92
15496	11	92
15497	12	92
15498	13	92
15499	14	92
15500	15	92
15501	16	92
15502	17	92
15503	18	92
15504	19	92
15505	20	92
15506	21	92
15507	22	92
15508	23	92
15509	24	92
15510	25	92
15511	26	92
15512	27	92
15513	28	92
15514	29	92
15515	30	92
15516	31	92
15517	32	92
15518	33	92
15519	34	92
15520	35	92
15521	36	92
15522	37	92
15523	38	92
15524	39	92
15525	40	92
15526	41	92
15527	42	92
15528	43	92
15529	44	92
15530	45	92
15531	46	92
15532	47	92
15533	48	92
15534	49	92
15535	50	92
15536	51	92
15537	52	92
15538	53	92
15539	54	92
15540	55	92
15541	56	92
15542	57	92
15543	58	92
15544	59	92
15545	60	92
15546	1	93
15547	2	93
15548	3	93
15549	4	93
15550	5	93
15551	6	93
15552	7	93
15553	8	93
15554	9	93
15555	10	93
15556	11	93
15557	12	93
15558	13	93
15559	14	93
15560	15	93
15561	16	93
15562	17	93
15563	18	93
15564	19	93
15565	20	93
15566	21	93
15567	22	93
15568	23	93
15569	24	93
15570	25	93
15571	26	93
15572	27	93
15573	28	93
15574	29	93
15575	30	93
15576	31	93
15577	32	93
15578	33	93
15579	34	93
15580	35	93
15581	36	93
15582	37	93
15583	38	93
15584	39	93
15585	40	93
15586	41	93
15587	42	93
15588	43	93
15589	44	93
15590	45	93
15591	46	93
15592	47	93
15593	48	93
15594	49	93
15595	50	93
15596	51	93
15597	52	93
15598	53	93
15599	54	93
15600	55	93
15601	56	93
15602	57	93
15603	58	93
15604	59	93
15605	60	93
15606	1	94
15607	2	94
15608	3	94
15609	4	94
15610	5	94
15611	6	94
15612	7	94
15613	8	94
15614	9	94
15615	10	94
15616	11	94
15617	12	94
15618	13	94
15619	14	94
15620	15	94
15621	16	94
15622	17	94
15623	18	94
15624	19	94
15625	20	94
15626	21	94
15627	22	94
15628	23	94
15629	24	94
15630	25	94
15631	26	94
15632	27	94
15633	28	94
15634	29	94
15635	30	94
15636	31	94
15637	32	94
15638	33	94
15639	34	94
15640	35	94
15641	36	94
15642	37	94
15643	38	94
15644	39	94
15645	40	94
15646	41	94
15647	42	94
15648	43	94
15649	44	94
15650	45	94
15651	46	94
15652	47	94
15653	48	94
15654	49	94
15655	50	94
15656	51	94
15657	52	94
15658	53	94
15659	54	94
15660	55	94
15661	56	94
15662	57	94
15663	58	94
15664	59	94
15665	60	94
15666	1	95
15667	2	95
15668	3	95
15669	4	95
15670	5	95
15671	6	95
15672	7	95
15673	8	95
15674	9	95
15675	10	95
15676	11	95
15677	12	95
15678	13	95
15679	14	95
15680	15	95
15681	16	95
15682	17	95
15683	18	95
15684	19	95
15685	20	95
15686	21	95
15687	22	95
15688	23	95
15689	24	95
15690	25	95
15691	26	95
15692	27	95
15693	28	95
15694	29	95
15695	30	95
15696	31	95
15697	32	95
15698	33	95
15699	34	95
15700	35	95
15701	36	95
15702	37	95
15703	38	95
15704	39	95
15705	40	95
15706	41	95
15707	42	95
15708	43	95
15709	44	95
15710	45	95
15711	46	95
15712	47	95
15713	48	95
15714	49	95
15715	50	95
15716	51	95
15717	52	95
15718	53	95
15719	54	95
15720	55	95
15721	56	95
15722	57	95
15723	58	95
15724	59	95
15725	60	95
15726	1	96
15727	2	96
15728	3	96
15729	4	96
15730	5	96
15731	6	96
15732	7	96
15733	8	96
15734	9	96
15735	10	96
15736	11	96
15737	12	96
15738	13	96
15739	14	96
15740	15	96
15741	16	96
15742	17	96
15743	18	96
15744	19	96
15745	20	96
15746	21	96
15747	22	96
15748	23	96
15749	24	96
15750	25	96
15751	26	96
15752	27	96
15753	28	96
15754	29	96
15755	30	96
15756	31	96
15757	32	96
15758	33	96
15759	34	96
15760	35	96
15761	36	96
15762	37	96
15763	38	96
15764	39	96
15765	40	96
15766	41	96
15767	42	96
15768	43	96
15769	44	96
15770	45	96
15771	46	96
15772	47	96
15773	48	96
15774	49	96
15775	50	96
15776	51	96
15777	52	96
15778	53	96
15779	54	96
15780	55	96
15781	56	96
15782	57	96
15783	58	96
15784	59	96
15785	60	96
15786	1	97
15787	2	97
15788	3	97
15789	4	97
15790	5	97
15791	6	97
15792	7	97
15793	8	97
15794	9	97
15795	10	97
15796	11	97
15797	12	97
15798	13	97
15799	14	97
15800	15	97
15801	16	97
15802	17	97
15803	18	97
15804	19	97
15805	20	97
15806	21	97
15807	22	97
15808	23	97
15809	24	97
15810	25	97
15811	26	97
15812	27	97
15813	28	97
15814	29	97
15815	30	97
15816	31	97
15817	32	97
15818	33	97
15819	34	97
15820	35	97
15821	36	97
15822	37	97
15823	38	97
15824	39	97
15825	40	97
15826	41	97
15827	42	97
15828	43	97
15829	44	97
15830	45	97
15831	46	97
15832	47	97
15833	48	97
15834	49	97
15835	50	97
15836	51	97
15837	52	97
15838	53	97
15839	54	97
15840	55	97
15841	56	97
15842	57	97
15843	58	97
15844	59	97
15845	60	97
15846	1	98
15847	2	98
15848	3	98
15849	4	98
15850	5	98
15851	6	98
15852	7	98
15853	8	98
15854	9	98
15855	10	98
15856	11	98
15857	12	98
15858	13	98
15859	14	98
15860	15	98
15861	16	98
15862	17	98
15863	18	98
15864	19	98
15865	20	98
15866	21	98
15867	22	98
15868	23	98
15869	24	98
15870	25	98
15871	26	98
15872	27	98
15873	28	98
15874	29	98
15875	30	98
15876	31	98
15877	32	98
15878	33	98
15879	34	98
15880	35	98
15881	36	98
15882	37	98
15883	38	98
15884	39	98
15885	40	98
15886	41	98
15887	42	98
15888	43	98
15889	44	98
15890	45	98
15891	46	98
15892	47	98
15893	48	98
15894	49	98
15895	50	98
15896	51	98
15897	52	98
15898	53	98
15899	54	98
15900	55	98
15901	56	98
15902	57	98
15903	58	98
15904	59	98
15905	60	98
15906	1	99
15907	2	99
15908	3	99
15909	4	99
15910	5	99
15911	6	99
15912	7	99
15913	8	99
15914	9	99
15915	10	99
15916	11	99
15917	12	99
15918	13	99
15919	14	99
15920	15	99
15921	16	99
15922	17	99
15923	18	99
15924	19	99
15925	20	99
15926	21	99
15927	22	99
15928	23	99
15929	24	99
15930	25	99
15931	26	99
15932	27	99
15933	28	99
15934	29	99
15935	30	99
15936	31	99
15937	32	99
15938	33	99
15939	34	99
15940	35	99
15941	36	99
15942	37	99
15943	38	99
15944	39	99
15945	40	99
15946	41	99
15947	42	99
15948	43	99
15949	44	99
15950	45	99
15951	46	99
15952	47	99
15953	48	99
15954	49	99
15955	50	99
15956	51	99
15957	52	99
15958	53	99
15959	54	99
15960	55	99
15961	56	99
15962	57	99
15963	58	99
15964	59	99
15965	60	99
15966	1	100
15967	2	100
15968	3	100
15969	4	100
15970	5	100
15971	6	100
15972	7	100
15973	8	100
15974	9	100
15975	10	100
15976	11	100
15977	12	100
15978	13	100
15979	14	100
15980	15	100
15981	16	100
15982	17	100
15983	18	100
15984	19	100
15985	20	100
15986	21	100
15987	22	100
15988	23	100
15989	24	100
15990	25	100
15991	26	100
15992	27	100
15993	28	100
15994	29	100
15995	30	100
15996	31	100
15997	32	100
15998	33	100
15999	34	100
16000	35	100
16001	36	100
16002	37	100
16003	38	100
16004	39	100
16005	40	100
16006	41	100
16007	42	100
16008	43	100
16009	44	100
16010	45	100
16011	46	100
16012	47	100
16013	48	100
16014	49	100
16015	50	100
16016	51	100
16017	52	100
16018	53	100
16019	54	100
16020	55	100
16021	56	100
16022	57	100
16023	58	100
16024	59	100
16025	60	100
16026	1	101
16027	2	101
16028	3	101
16029	4	101
16030	5	101
16031	6	101
16032	7	101
16033	8	101
16034	9	101
16035	10	101
16036	11	101
16037	12	101
16038	13	101
16039	14	101
16040	15	101
16041	16	101
16042	17	101
16043	18	101
16044	19	101
16045	20	101
16046	21	101
16047	22	101
16048	23	101
16049	24	101
16050	25	101
16051	26	101
16052	27	101
16053	28	101
16054	29	101
16055	30	101
16056	31	101
16057	32	101
16058	33	101
16059	34	101
16060	35	101
16061	36	101
16062	37	101
16063	38	101
16064	39	101
16065	40	101
16066	41	101
16067	42	101
16068	43	101
16069	44	101
16070	45	101
16071	46	101
16072	47	101
16073	48	101
16074	49	101
16075	50	101
16076	51	101
16077	52	101
16078	53	101
16079	54	101
16080	55	101
16081	56	101
16082	57	101
16083	58	101
16084	59	101
16085	60	101
16086	1	102
16087	2	102
16088	3	102
16089	4	102
16090	5	102
16091	6	102
16092	7	102
16093	8	102
16094	9	102
16095	10	102
16096	11	102
16097	12	102
16098	13	102
16099	14	102
16100	15	102
16101	16	102
16102	17	102
16103	18	102
16104	19	102
16105	20	102
16106	21	102
16107	22	102
16108	23	102
16109	24	102
16110	25	102
16111	26	102
16112	27	102
16113	28	102
16114	29	102
16115	30	102
16116	31	102
16117	32	102
16118	33	102
16119	34	102
16120	35	102
16121	36	102
16122	37	102
16123	38	102
16124	39	102
16125	40	102
16126	41	102
16127	42	102
16128	43	102
16129	44	102
16130	45	102
16131	46	102
16132	47	102
16133	48	102
16134	49	102
16135	50	102
16136	51	102
16137	52	102
16138	53	102
16139	54	102
16140	55	102
16141	56	102
16142	57	102
16143	58	102
16144	59	102
16145	60	102
16146	1	103
16147	2	103
16148	3	103
16149	4	103
16150	5	103
16151	6	103
16152	7	103
16153	8	103
16154	9	103
16155	10	103
16156	11	103
16157	12	103
16158	13	103
16159	14	103
16160	15	103
16161	16	103
16162	17	103
16163	18	103
16164	19	103
16165	20	103
16166	21	103
16167	22	103
16168	23	103
16169	24	103
16170	25	103
16171	26	103
16172	27	103
16173	28	103
16174	29	103
16175	30	103
16176	31	103
16177	32	103
16178	33	103
16179	34	103
16180	35	103
16181	36	103
16182	37	103
16183	38	103
16184	39	103
16185	40	103
16186	41	103
16187	42	103
16188	43	103
16189	44	103
16190	45	103
16191	46	103
16192	47	103
16193	48	103
16194	49	103
16195	50	103
16196	51	103
16197	52	103
16198	53	103
16199	54	103
16200	55	103
16201	56	103
16202	57	103
16203	58	103
16204	59	103
16205	60	103
16206	1	104
16207	2	104
16208	3	104
16209	4	104
16210	5	104
16211	6	104
16212	7	104
16213	8	104
16214	9	104
16215	10	104
16216	11	104
16217	12	104
16218	13	104
16219	14	104
16220	15	104
16221	16	104
16222	17	104
16223	18	104
16224	19	104
16225	20	104
16226	21	104
16227	22	104
16228	23	104
16229	24	104
16230	25	104
16231	26	104
16232	27	104
16233	28	104
16234	29	104
16235	30	104
16236	31	104
16237	32	104
16238	33	104
16239	34	104
16240	35	104
16241	36	104
16242	37	104
16243	38	104
16244	39	104
16245	40	104
16246	41	104
16247	42	104
16248	43	104
16249	44	104
16250	45	104
16251	46	104
16252	47	104
16253	48	104
16254	49	104
16255	50	104
16256	51	104
16257	52	104
16258	53	104
16259	54	104
16260	55	104
16261	56	104
16262	57	104
16263	58	104
16264	59	104
16265	60	104
16266	1	105
16267	2	105
16268	3	105
16269	4	105
16270	5	105
16271	6	105
16272	7	105
16273	8	105
16274	9	105
16275	10	105
16276	11	105
16277	12	105
16278	13	105
16279	14	105
16280	15	105
16281	16	105
16282	17	105
16283	18	105
16284	19	105
16285	20	105
16286	21	105
16287	22	105
16288	23	105
16289	24	105
16290	25	105
16291	26	105
16292	27	105
16293	28	105
16294	29	105
16295	30	105
16296	31	105
16297	32	105
16298	33	105
16299	34	105
16300	35	105
16301	36	105
16302	37	105
16303	38	105
16304	39	105
16305	40	105
16306	41	105
16307	42	105
16308	43	105
16309	44	105
16310	45	105
16311	46	105
16312	47	105
16313	48	105
16314	49	105
16315	50	105
16316	51	105
16317	52	105
16318	53	105
16319	54	105
16320	55	105
16321	56	105
16322	57	105
16323	58	105
16324	59	105
16325	60	105
16326	1	106
16327	2	106
16328	3	106
16329	4	106
16330	5	106
16331	6	106
16332	7	106
16333	8	106
16334	9	106
16335	10	106
16336	11	106
16337	12	106
16338	13	106
16339	14	106
16340	15	106
16341	16	106
16342	17	106
16343	18	106
16344	19	106
16345	20	106
16346	21	106
16347	22	106
16348	23	106
16349	24	106
16350	25	106
16351	26	106
16352	27	106
16353	28	106
16354	29	106
16355	30	106
16356	31	106
16357	32	106
16358	33	106
16359	34	106
16360	35	106
16361	36	106
16362	37	106
16363	38	106
16364	39	106
16365	40	106
16366	41	106
16367	42	106
16368	43	106
16369	44	106
16370	45	106
16371	46	106
16372	47	106
16373	48	106
16374	49	106
16375	50	106
16376	51	106
16377	52	106
16378	53	106
16379	54	106
16380	55	106
16381	56	106
16382	57	106
16383	58	106
16384	59	106
16385	60	106
16386	1	107
16387	2	107
16388	3	107
16389	4	107
16390	5	107
16391	6	107
16392	7	107
16393	8	107
16394	9	107
16395	10	107
16396	11	107
16397	12	107
16398	13	107
16399	14	107
16400	15	107
16401	16	107
16402	17	107
16403	18	107
16404	19	107
16405	20	107
16406	21	107
16407	22	107
16408	23	107
16409	24	107
16410	25	107
16411	26	107
16412	27	107
16413	28	107
16414	29	107
16415	30	107
16416	31	107
16417	32	107
16418	33	107
16419	34	107
16420	35	107
16421	36	107
16422	37	107
16423	38	107
16424	39	107
16425	40	107
16426	41	107
16427	42	107
16428	43	107
16429	44	107
16430	45	107
16431	46	107
16432	47	107
16433	48	107
16434	49	107
16435	50	107
16436	51	107
16437	52	107
16438	53	107
16439	54	107
16440	55	107
16441	56	107
16442	57	107
16443	58	107
16444	59	107
16445	60	107
16446	1	108
16447	2	108
16448	3	108
16449	4	108
16450	5	108
16451	6	108
16452	7	108
16453	8	108
16454	9	108
16455	10	108
16456	11	108
16457	12	108
16458	13	108
16459	14	108
16460	15	108
16461	16	108
16462	17	108
16463	18	108
16464	19	108
16465	20	108
16466	21	108
16467	22	108
16468	23	108
16469	24	108
16470	25	108
16471	26	108
16472	27	108
16473	28	108
16474	29	108
16475	30	108
16476	31	108
16477	32	108
16478	33	108
16479	34	108
16480	35	108
16481	36	108
16482	37	108
16483	38	108
16484	39	108
16485	40	108
16486	41	108
16487	42	108
16488	43	108
16489	44	108
16490	45	108
16491	46	108
16492	47	108
16493	48	108
16494	49	108
16495	50	108
16496	51	108
16497	52	108
16498	53	108
16499	54	108
16500	55	108
16501	56	108
16502	57	108
16503	58	108
16504	59	108
16505	60	108
16506	1	109
16507	2	109
16508	3	109
16509	4	109
16510	5	109
16511	6	109
16512	7	109
16513	8	109
16514	9	109
16515	10	109
16516	11	109
16517	12	109
16518	13	109
16519	14	109
16520	15	109
16521	16	109
16522	17	109
16523	18	109
16524	19	109
16525	20	109
16526	21	109
16527	22	109
16528	23	109
16529	24	109
16530	25	109
16531	26	109
16532	27	109
16533	28	109
16534	29	109
16535	30	109
16536	31	109
16537	32	109
16538	33	109
16539	34	109
16540	35	109
16541	36	109
16542	37	109
16543	38	109
16544	39	109
16545	40	109
16546	41	109
16547	42	109
16548	43	109
16549	44	109
16550	45	109
16551	46	109
16552	47	109
16553	48	109
16554	49	109
16555	50	109
16556	51	109
16557	52	109
16558	53	109
16559	54	109
16560	55	109
16561	56	109
16562	57	109
16563	58	109
16564	59	109
16565	60	109
16566	1	110
16567	2	110
16568	3	110
16569	4	110
16570	5	110
16571	6	110
16572	7	110
16573	8	110
16574	9	110
16575	10	110
16576	11	110
16577	12	110
16578	13	110
16579	14	110
16580	15	110
16581	16	110
16582	17	110
16583	18	110
16584	19	110
16585	20	110
16586	21	110
16587	22	110
16588	23	110
16589	24	110
16590	25	110
16591	26	110
16592	27	110
16593	28	110
16594	29	110
16595	30	110
16596	31	110
16597	32	110
16598	33	110
16599	34	110
16600	35	110
16601	36	110
16602	37	110
16603	38	110
16604	39	110
16605	40	110
16606	41	110
16607	42	110
16608	43	110
16609	44	110
16610	45	110
16611	46	110
16612	47	110
16613	48	110
16614	49	110
16615	50	110
16616	51	110
16617	52	110
16618	53	110
16619	54	110
16620	55	110
16621	56	110
16622	57	110
16623	58	110
16624	59	110
16625	60	110
16626	1	111
16627	2	111
16628	3	111
16629	4	111
16630	5	111
16631	6	111
16632	7	111
16633	8	111
16634	9	111
16635	10	111
16636	11	111
16637	12	111
16638	13	111
16639	14	111
16640	15	111
16641	16	111
16642	17	111
16643	18	111
16644	19	111
16645	20	111
16646	21	111
16647	22	111
16648	23	111
16649	24	111
16650	25	111
16651	26	111
16652	27	111
16653	28	111
16654	29	111
16655	30	111
16656	31	111
16657	32	111
16658	33	111
16659	34	111
16660	35	111
16661	36	111
16662	37	111
16663	38	111
16664	39	111
16665	40	111
16666	41	111
16667	42	111
16668	43	111
16669	44	111
16670	45	111
16671	46	111
16672	47	111
16673	48	111
16674	49	111
16675	50	111
16676	51	111
16677	52	111
16678	53	111
16679	54	111
16680	55	111
16681	56	111
16682	57	111
16683	58	111
16684	59	111
16685	60	111
16686	1	112
16687	2	112
16688	3	112
16689	4	112
16690	5	112
16691	6	112
16692	7	112
16693	8	112
16694	9	112
16695	10	112
16696	11	112
16697	12	112
16698	13	112
16699	14	112
16700	15	112
16701	16	112
16702	17	112
16703	18	112
16704	19	112
16705	20	112
16706	21	112
16707	22	112
16708	23	112
16709	24	112
16710	25	112
16711	26	112
16712	27	112
16713	28	112
16714	29	112
16715	30	112
16716	31	112
16717	32	112
16718	33	112
16719	34	112
16720	35	112
16721	36	112
16722	37	112
16723	38	112
16724	39	112
16725	40	112
16726	41	112
16727	42	112
16728	43	112
16729	44	112
16730	45	112
16731	46	112
16732	47	112
16733	48	112
16734	49	112
16735	50	112
16736	51	112
16737	52	112
16738	53	112
16739	54	112
16740	55	112
16741	56	112
16742	57	112
16743	58	112
16744	59	112
16745	60	112
16746	1	113
16747	2	113
16748	3	113
16749	4	113
16750	5	113
16751	6	113
16752	7	113
16753	8	113
16754	9	113
16755	10	113
16756	11	113
16757	12	113
16758	13	113
16759	14	113
16760	15	113
16761	16	113
16762	17	113
16763	18	113
16764	19	113
16765	20	113
16766	21	113
16767	22	113
16768	23	113
16769	24	113
16770	25	113
16771	26	113
16772	27	113
16773	28	113
16774	29	113
16775	30	113
16776	31	113
16777	32	113
16778	33	113
16779	34	113
16780	35	113
16781	36	113
16782	37	113
16783	38	113
16784	39	113
16785	40	113
16786	41	113
16787	42	113
16788	43	113
16789	44	113
16790	45	113
16791	46	113
16792	47	113
16793	48	113
16794	49	113
16795	50	113
16796	51	113
16797	52	113
16798	53	113
16799	54	113
16800	55	113
16801	56	113
16802	57	113
16803	58	113
16804	59	113
16805	60	113
16806	1	114
16807	2	114
16808	3	114
16809	4	114
16810	5	114
16811	6	114
16812	7	114
16813	8	114
16814	9	114
16815	10	114
16816	11	114
16817	12	114
16818	13	114
16819	14	114
16820	15	114
16821	16	114
16822	17	114
16823	18	114
16824	19	114
16825	20	114
16826	21	114
16827	22	114
16828	23	114
16829	24	114
16830	25	114
16831	26	114
16832	27	114
16833	28	114
16834	29	114
16835	30	114
16836	31	114
16837	32	114
16838	33	114
16839	34	114
16840	35	114
16841	36	114
16842	37	114
16843	38	114
16844	39	114
16845	40	114
16846	41	114
16847	42	114
16848	43	114
16849	44	114
16850	45	114
16851	46	114
16852	47	114
16853	48	114
16854	49	114
16855	50	114
16856	51	114
16857	52	114
16858	53	114
16859	54	114
16860	55	114
16861	56	114
16862	57	114
16863	58	114
16864	59	114
16865	60	114
16866	1	115
16867	2	115
16868	3	115
16869	4	115
16870	5	115
16871	6	115
16872	7	115
16873	8	115
16874	9	115
16875	10	115
16876	11	115
16877	12	115
16878	13	115
16879	14	115
16880	15	115
16881	16	115
16882	17	115
16883	18	115
16884	19	115
16885	20	115
16886	21	115
16887	22	115
16888	23	115
16889	24	115
16890	25	115
16891	26	115
16892	27	115
16893	28	115
16894	29	115
16895	30	115
16896	31	115
16897	32	115
16898	33	115
16899	34	115
16900	35	115
16901	36	115
16902	37	115
16903	38	115
16904	39	115
16905	40	115
16906	41	115
16907	42	115
16908	43	115
16909	44	115
16910	45	115
16911	46	115
16912	47	115
16913	48	115
16914	49	115
16915	50	115
16916	51	115
16917	52	115
16918	53	115
16919	54	115
16920	55	115
16921	56	115
16922	57	115
16923	58	115
16924	59	115
16925	60	115
16926	1	116
16927	2	116
16928	3	116
16929	4	116
16930	5	116
16931	6	116
16932	7	116
16933	8	116
16934	9	116
16935	10	116
16936	11	116
16937	12	116
16938	13	116
16939	14	116
16940	15	116
16941	16	116
16942	17	116
16943	18	116
16944	19	116
16945	20	116
16946	21	116
16947	22	116
16948	23	116
16949	24	116
16950	25	116
16951	26	116
16952	27	116
16953	28	116
16954	29	116
16955	30	116
16956	31	116
16957	32	116
16958	33	116
16959	34	116
16960	35	116
16961	36	116
16962	37	116
16963	38	116
16964	39	116
16965	40	116
16966	41	116
16967	42	116
16968	43	116
16969	44	116
16970	45	116
16971	46	116
16972	47	116
16973	48	116
16974	49	116
16975	50	116
16976	51	116
16977	52	116
16978	53	116
16979	54	116
16980	55	116
16981	56	116
16982	57	116
16983	58	116
16984	59	116
16985	60	116
16986	1	117
16987	2	117
16988	3	117
16989	4	117
16990	5	117
16991	6	117
16992	7	117
16993	8	117
16994	9	117
16995	10	117
16996	11	117
16997	12	117
16998	13	117
16999	14	117
17000	15	117
17001	16	117
17002	17	117
17003	18	117
17004	19	117
17005	20	117
17006	21	117
17007	22	117
17008	23	117
17009	24	117
17010	25	117
17011	26	117
17012	27	117
17013	28	117
17014	29	117
17015	30	117
17016	31	117
17017	32	117
17018	33	117
17019	34	117
17020	35	117
17021	36	117
17022	37	117
17023	38	117
17024	39	117
17025	40	117
17026	41	117
17027	42	117
17028	43	117
17029	44	117
17030	45	117
17031	46	117
17032	47	117
17033	48	117
17034	49	117
17035	50	117
17036	51	117
17037	52	117
17038	53	117
17039	54	117
17040	55	117
17041	56	117
17042	57	117
17043	58	117
17044	59	117
17045	60	117
17046	1	118
17047	2	118
17048	3	118
17049	4	118
17050	5	118
17051	6	118
17052	7	118
17053	8	118
17054	9	118
17055	10	118
17056	11	118
17057	12	118
17058	13	118
17059	14	118
17060	15	118
17061	16	118
17062	17	118
17063	18	118
17064	19	118
17065	20	118
17066	21	118
17067	22	118
17068	23	118
17069	24	118
17070	25	118
17071	26	118
17072	27	118
17073	28	118
17074	29	118
17075	30	118
17076	31	118
17077	32	118
17078	33	118
17079	34	118
17080	35	118
17081	36	118
17082	37	118
17083	38	118
17084	39	118
17085	40	118
17086	41	118
17087	42	118
17088	43	118
17089	44	118
17090	45	118
17091	46	118
17092	47	118
17093	48	118
17094	49	118
17095	50	118
17096	51	118
17097	52	118
17098	53	118
17099	54	118
17100	55	118
17101	56	118
17102	57	118
17103	58	118
17104	59	118
17105	60	118
17106	1	119
17107	2	119
17108	3	119
17109	4	119
17110	5	119
17111	6	119
17112	7	119
17113	8	119
17114	9	119
17115	10	119
17116	11	119
17117	12	119
17118	13	119
17119	14	119
17120	15	119
17121	16	119
17122	17	119
17123	18	119
17124	19	119
17125	20	119
17126	21	119
17127	22	119
17128	23	119
17129	24	119
17130	25	119
17131	26	119
17132	27	119
17133	28	119
17134	29	119
17135	30	119
17136	31	119
17137	32	119
17138	33	119
17139	34	119
17140	35	119
17141	36	119
17142	37	119
17143	38	119
17144	39	119
17145	40	119
17146	41	119
17147	42	119
17148	43	119
17149	44	119
17150	45	119
17151	46	119
17152	47	119
17153	48	119
17154	49	119
17155	50	119
17156	51	119
17157	52	119
17158	53	119
17159	54	119
17160	55	119
17161	56	119
17162	57	119
17163	58	119
17164	59	119
17165	60	119
17166	1	120
17167	2	120
17168	3	120
17169	4	120
17170	5	120
17171	6	120
17172	7	120
17173	8	120
17174	9	120
17175	10	120
17176	11	120
17177	12	120
17178	13	120
17179	14	120
17180	15	120
17181	16	120
17182	17	120
17183	18	120
17184	19	120
17185	20	120
17186	21	120
17187	22	120
17188	23	120
17189	24	120
17190	25	120
17191	26	120
17192	27	120
17193	28	120
17194	29	120
17195	30	120
17196	31	120
17197	32	120
17198	33	120
17199	34	120
17200	35	120
17201	36	120
17202	37	120
17203	38	120
17204	39	120
17205	40	120
17206	41	120
17207	42	120
17208	43	120
17209	44	120
17210	45	120
17211	46	120
17212	47	120
17213	48	120
17214	49	120
17215	50	120
17216	51	120
17217	52	120
17218	53	120
17219	54	120
17220	55	120
17221	56	120
17222	57	120
17223	58	120
17224	59	120
17225	60	120
17226	1	121
17227	2	121
17228	3	121
17229	4	121
17230	5	121
17231	6	121
17232	7	121
17233	8	121
17234	9	121
17235	10	121
17236	11	121
17237	12	121
17238	13	121
17239	14	121
17240	15	121
17241	16	121
17242	17	121
17243	18	121
17244	19	121
17245	20	121
17246	21	121
17247	22	121
17248	23	121
17249	24	121
17250	25	121
17251	26	121
17252	27	121
17253	28	121
17254	29	121
17255	30	121
17256	31	121
17257	32	121
17258	33	121
17259	34	121
17260	35	121
17261	36	121
17262	37	121
17263	38	121
17264	39	121
17265	40	121
17266	41	121
17267	42	121
17268	43	121
17269	44	121
17270	45	121
17271	46	121
17272	47	121
17273	48	121
17274	49	121
17275	50	121
17276	51	121
17277	52	121
17278	53	121
17279	54	121
17280	55	121
17281	56	121
17282	57	121
17283	58	121
17284	59	121
17285	60	121
17286	1	122
17287	2	122
17288	3	122
17289	4	122
17290	5	122
17291	6	122
17292	7	122
17293	8	122
17294	9	122
17295	10	122
17296	11	122
17297	12	122
17298	13	122
17299	14	122
17300	15	122
17301	16	122
17302	17	122
17303	18	122
17304	19	122
17305	20	122
17306	21	122
17307	22	122
17308	23	122
17309	24	122
17310	25	122
17311	26	122
17312	27	122
17313	28	122
17314	29	122
17315	30	122
17316	31	122
17317	32	122
17318	33	122
17319	34	122
17320	35	122
17321	36	122
17322	37	122
17323	38	122
17324	39	122
17325	40	122
17326	41	122
17327	42	122
17328	43	122
17329	44	122
17330	45	122
17331	46	122
17332	47	122
17333	48	122
17334	49	122
17335	50	122
17336	51	122
17337	52	122
17338	53	122
17339	54	122
17340	55	122
17341	56	122
17342	57	122
17343	58	122
17344	59	122
17345	60	122
17346	1	123
17347	2	123
17348	3	123
17349	4	123
17350	5	123
17351	6	123
17352	7	123
17353	8	123
17354	9	123
17355	10	123
17356	11	123
17357	12	123
17358	13	123
17359	14	123
17360	15	123
17361	16	123
17362	17	123
17363	18	123
17364	19	123
17365	20	123
17366	21	123
17367	22	123
17368	23	123
17369	24	123
17370	25	123
17371	26	123
17372	27	123
17373	28	123
17374	29	123
17375	30	123
17376	31	123
17377	32	123
17378	33	123
17379	34	123
17380	35	123
17381	36	123
17382	37	123
17383	38	123
17384	39	123
17385	40	123
17386	41	123
17387	42	123
17388	43	123
17389	44	123
17390	45	123
17391	46	123
17392	47	123
17393	48	123
17394	49	123
17395	50	123
17396	51	123
17397	52	123
17398	53	123
17399	54	123
17400	55	123
17401	56	123
17402	57	123
17403	58	123
17404	59	123
17405	60	123
17406	1	124
17407	2	124
17408	3	124
17409	4	124
17410	5	124
17411	6	124
17412	7	124
17413	8	124
17414	9	124
17415	10	124
17416	11	124
17417	12	124
17418	13	124
17419	14	124
17420	15	124
17421	16	124
17422	17	124
17423	18	124
17424	19	124
17425	20	124
17426	21	124
17427	22	124
17428	23	124
17429	24	124
17430	25	124
17431	26	124
17432	27	124
17433	28	124
17434	29	124
17435	30	124
17436	31	124
17437	32	124
17438	33	124
17439	34	124
17440	35	124
17441	36	124
17442	37	124
17443	38	124
17444	39	124
17445	40	124
17446	41	124
17447	42	124
17448	43	124
17449	44	124
17450	45	124
17451	46	124
17452	47	124
17453	48	124
17454	49	124
17455	50	124
17456	51	124
17457	52	124
17458	53	124
17459	54	124
17460	55	124
17461	56	124
17462	57	124
17463	58	124
17464	59	124
17465	60	124
17466	1	125
17467	2	125
17468	3	125
17469	4	125
17470	5	125
17471	6	125
17472	7	125
17473	8	125
17474	9	125
17475	10	125
17476	11	125
17477	12	125
17478	13	125
17479	14	125
17480	15	125
17481	16	125
17482	17	125
17483	18	125
17484	19	125
17485	20	125
17486	21	125
17487	22	125
17488	23	125
17489	24	125
17490	25	125
17491	26	125
17492	27	125
17493	28	125
17494	29	125
17495	30	125
17496	31	125
17497	32	125
17498	33	125
17499	34	125
17500	35	125
17501	36	125
17502	37	125
17503	38	125
17504	39	125
17505	40	125
17506	41	125
17507	42	125
17508	43	125
17509	44	125
17510	45	125
17511	46	125
17512	47	125
17513	48	125
17514	49	125
17515	50	125
17516	51	125
17517	52	125
17518	53	125
17519	54	125
17520	55	125
17521	56	125
17522	57	125
17523	58	125
17524	59	125
17525	60	125
17526	1	126
17527	2	126
17528	3	126
17529	4	126
17530	5	126
17531	6	126
17532	7	126
17533	8	126
17534	9	126
17535	10	126
17536	11	126
17537	12	126
17538	13	126
17539	14	126
17540	15	126
17541	16	126
17542	17	126
17543	18	126
17544	19	126
17545	20	126
17546	21	126
17547	22	126
17548	23	126
17549	24	126
17550	25	126
17551	26	126
17552	27	126
17553	28	126
17554	29	126
17555	30	126
17556	31	126
17557	32	126
17558	33	126
17559	34	126
17560	35	126
17561	36	126
17562	37	126
17563	38	126
17564	39	126
17565	40	126
17566	41	126
17567	42	126
17568	43	126
17569	44	126
17570	45	126
17571	46	126
17572	47	126
17573	48	126
17574	49	126
17575	50	126
17576	51	126
17577	52	126
17578	53	126
17579	54	126
17580	55	126
17581	56	126
17582	57	126
17583	58	126
17584	59	126
17585	60	126
17586	1	127
17587	2	127
17588	3	127
17589	4	127
17590	5	127
17591	6	127
17592	7	127
17593	8	127
17594	9	127
17595	10	127
17596	11	127
17597	12	127
17598	13	127
17599	14	127
17600	15	127
17601	16	127
17602	17	127
17603	18	127
17604	19	127
17605	20	127
17606	21	127
17607	22	127
17608	23	127
17609	24	127
17610	25	127
17611	26	127
17612	27	127
17613	28	127
17614	29	127
17615	30	127
17616	31	127
17617	32	127
17618	33	127
17619	34	127
17620	35	127
17621	36	127
17622	37	127
17623	38	127
17624	39	127
17625	40	127
17626	41	127
17627	42	127
17628	43	127
17629	44	127
17630	45	127
17631	46	127
17632	47	127
17633	48	127
17634	49	127
17635	50	127
17636	51	127
17637	52	127
17638	53	127
17639	54	127
17640	55	127
17641	56	127
17642	57	127
17643	58	127
17644	59	127
17645	60	127
17646	1	128
17647	2	128
17648	3	128
17649	4	128
17650	5	128
17651	6	128
17652	7	128
17653	8	128
17654	9	128
17655	10	128
17656	11	128
17657	12	128
17658	13	128
17659	14	128
17660	15	128
17661	16	128
17662	17	128
17663	18	128
17664	19	128
17665	20	128
17666	21	128
17667	22	128
17668	23	128
17669	24	128
17670	25	128
17671	26	128
17672	27	128
17673	28	128
17674	29	128
17675	30	128
17676	31	128
17677	32	128
17678	33	128
17679	34	128
17680	35	128
17681	36	128
17682	37	128
17683	38	128
17684	39	128
17685	40	128
17686	41	128
17687	42	128
17688	43	128
17689	44	128
17690	45	128
17691	46	128
17692	47	128
17693	48	128
17694	49	128
17695	50	128
17696	51	128
17697	52	128
17698	53	128
17699	54	128
17700	55	128
17701	56	128
17702	57	128
17703	58	128
17704	59	128
17705	60	128
17706	1	129
17707	2	129
17708	3	129
17709	4	129
17710	5	129
17711	6	129
17712	7	129
17713	8	129
17714	9	129
17715	10	129
17716	11	129
17717	12	129
17718	13	129
17719	14	129
17720	15	129
17721	16	129
17722	17	129
17723	18	129
17724	19	129
17725	20	129
17726	21	129
17727	22	129
17728	23	129
17729	24	129
17730	25	129
17731	26	129
17732	27	129
17733	28	129
17734	29	129
17735	30	129
17736	31	129
17737	32	129
17738	33	129
17739	34	129
17740	35	129
17741	36	129
17742	37	129
17743	38	129
17744	39	129
17745	40	129
17746	41	129
17747	42	129
17748	43	129
17749	44	129
17750	45	129
17751	46	129
17752	47	129
17753	48	129
17754	49	129
17755	50	129
17756	51	129
17757	52	129
17758	53	129
17759	54	129
17760	55	129
17761	56	129
17762	57	129
17763	58	129
17764	59	129
17765	60	129
17766	1	130
17767	2	130
17768	3	130
17769	4	130
17770	5	130
17771	6	130
17772	7	130
17773	8	130
17774	9	130
17775	10	130
17776	11	130
17777	12	130
17778	13	130
17779	14	130
17780	15	130
17781	16	130
17782	17	130
17783	18	130
17784	19	130
17785	20	130
17786	21	130
17787	22	130
17788	23	130
17789	24	130
17790	25	130
17791	26	130
17792	27	130
17793	28	130
17794	29	130
17795	30	130
17796	31	130
17797	32	130
17798	33	130
17799	34	130
17800	35	130
17801	36	130
17802	37	130
17803	38	130
17804	39	130
17805	40	130
17806	41	130
17807	42	130
17808	43	130
17809	44	130
17810	45	130
17811	46	130
17812	47	130
17813	48	130
17814	49	130
17815	50	130
17816	51	130
17817	52	130
17818	53	130
17819	54	130
17820	55	130
17821	56	130
17822	57	130
17823	58	130
17824	59	130
17825	60	130
17826	1	131
17827	2	131
17828	3	131
17829	4	131
17830	5	131
17831	6	131
17832	7	131
17833	8	131
17834	9	131
17835	10	131
17836	11	131
17837	12	131
17838	13	131
17839	14	131
17840	15	131
17841	16	131
17842	17	131
17843	18	131
17844	19	131
17845	20	131
17846	21	131
17847	22	131
17848	23	131
17849	24	131
17850	25	131
17851	26	131
17852	27	131
17853	28	131
17854	29	131
17855	30	131
17856	31	131
17857	32	131
17858	33	131
17859	34	131
17860	35	131
17861	36	131
17862	37	131
17863	38	131
17864	39	131
17865	40	131
17866	41	131
17867	42	131
17868	43	131
17869	44	131
17870	45	131
17871	46	131
17872	47	131
17873	48	131
17874	49	131
17875	50	131
17876	51	131
17877	52	131
17878	53	131
17879	54	131
17880	55	131
17881	56	131
17882	57	131
17883	58	131
17884	59	131
17885	60	131
17886	1	132
17887	2	132
17888	3	132
17889	4	132
17890	5	132
17891	6	132
17892	7	132
17893	8	132
17894	9	132
17895	10	132
17896	11	132
17897	12	132
17898	13	132
17899	14	132
17900	15	132
17901	16	132
17902	17	132
17903	18	132
17904	19	132
17905	20	132
17906	21	132
17907	22	132
17908	23	132
17909	24	132
17910	25	132
17911	26	132
17912	27	132
17913	28	132
17914	29	132
17915	30	132
17916	31	132
17917	32	132
17918	33	132
17919	34	132
17920	35	132
17921	36	132
17922	37	132
17923	38	132
17924	39	132
17925	40	132
17926	41	132
17927	42	132
17928	43	132
17929	44	132
17930	45	132
17931	46	132
17932	47	132
17933	48	132
17934	49	132
17935	50	132
17936	51	132
17937	52	132
17938	53	132
17939	54	132
17940	55	132
17941	56	132
17942	57	132
17943	58	132
17944	59	132
17945	60	132
17946	1	133
17947	2	133
17948	3	133
17949	4	133
17950	5	133
17951	6	133
17952	7	133
17953	8	133
17954	9	133
17955	10	133
17956	11	133
17957	12	133
17958	13	133
17959	14	133
17960	15	133
17961	16	133
17962	17	133
17963	18	133
17964	19	133
17965	20	133
17966	21	133
17967	22	133
17968	23	133
17969	24	133
17970	25	133
17971	26	133
17972	27	133
17973	28	133
17974	29	133
17975	30	133
17976	31	133
17977	32	133
17978	33	133
17979	34	133
17980	35	133
17981	36	133
17982	37	133
17983	38	133
17984	39	133
17985	40	133
17986	41	133
17987	42	133
17988	43	133
17989	44	133
17990	45	133
17991	46	133
17992	47	133
17993	48	133
17994	49	133
17995	50	133
17996	51	133
17997	52	133
17998	53	133
17999	54	133
18000	55	133
18001	56	133
18002	57	133
18003	58	133
18004	59	133
18005	60	133
18006	1	134
18007	2	134
18008	3	134
18009	4	134
18010	5	134
18011	6	134
18012	7	134
18013	8	134
18014	9	134
18015	10	134
18016	11	134
18017	12	134
18018	13	134
18019	14	134
18020	15	134
18021	16	134
18022	17	134
18023	18	134
18024	19	134
18025	20	134
18026	21	134
18027	22	134
18028	23	134
18029	24	134
18030	25	134
18031	26	134
18032	27	134
18033	28	134
18034	29	134
18035	30	134
18036	31	134
18037	32	134
18038	33	134
18039	34	134
18040	35	134
18041	36	134
18042	37	134
18043	38	134
18044	39	134
18045	40	134
18046	41	134
18047	42	134
18048	43	134
18049	44	134
18050	45	134
18051	46	134
18052	47	134
18053	48	134
18054	49	134
18055	50	134
18056	51	134
18057	52	134
18058	53	134
18059	54	134
18060	55	134
18061	56	134
18062	57	134
18063	58	134
18064	59	134
18065	60	134
18066	1	135
18067	2	135
18068	3	135
18069	4	135
18070	5	135
18071	6	135
18072	7	135
18073	8	135
18074	9	135
18075	10	135
18076	11	135
18077	12	135
18078	13	135
18079	14	135
18080	15	135
18081	16	135
18082	17	135
18083	18	135
18084	19	135
18085	20	135
18086	21	135
18087	22	135
18088	23	135
18089	24	135
18090	25	135
18091	26	135
18092	27	135
18093	28	135
18094	29	135
18095	30	135
18096	31	135
18097	32	135
18098	33	135
18099	34	135
18100	35	135
18101	36	135
18102	37	135
18103	38	135
18104	39	135
18105	40	135
18106	41	135
18107	42	135
18108	43	135
18109	44	135
18110	45	135
18111	46	135
18112	47	135
18113	48	135
18114	49	135
18115	50	135
18116	51	135
18117	52	135
18118	53	135
18119	54	135
18120	55	135
18121	56	135
18122	57	135
18123	58	135
18124	59	135
18125	60	135
18126	1	136
18127	2	136
18128	3	136
18129	4	136
18130	5	136
18131	6	136
18132	7	136
18133	8	136
18134	9	136
18135	10	136
18136	11	136
18137	12	136
18138	13	136
18139	14	136
18140	15	136
18141	16	136
18142	17	136
18143	18	136
18144	19	136
18145	20	136
18146	21	136
18147	22	136
18148	23	136
18149	24	136
18150	25	136
18151	26	136
18152	27	136
18153	28	136
18154	29	136
18155	30	136
18156	31	136
18157	32	136
18158	33	136
18159	34	136
18160	35	136
18161	36	136
18162	37	136
18163	38	136
18164	39	136
18165	40	136
18166	41	136
18167	42	136
18168	43	136
18169	44	136
18170	45	136
18171	46	136
18172	47	136
18173	48	136
18174	49	136
18175	50	136
18176	51	136
18177	52	136
18178	53	136
18179	54	136
18180	55	136
18181	56	136
18182	57	136
18183	58	136
18184	59	136
18185	60	136
18186	1	137
18187	2	137
18188	3	137
18189	4	137
18190	5	137
18191	6	137
18192	7	137
18193	8	137
18194	9	137
18195	10	137
18196	11	137
18197	12	137
18198	13	137
18199	14	137
18200	15	137
18201	16	137
18202	17	137
18203	18	137
18204	19	137
18205	20	137
18206	21	137
18207	22	137
18208	23	137
18209	24	137
18210	25	137
18211	26	137
18212	27	137
18213	28	137
18214	29	137
18215	30	137
18216	31	137
18217	32	137
18218	33	137
18219	34	137
18220	35	137
18221	36	137
18222	37	137
18223	38	137
18224	39	137
18225	40	137
18226	41	137
18227	42	137
18228	43	137
18229	44	137
18230	45	137
18231	46	137
18232	47	137
18233	48	137
18234	49	137
18235	50	137
18236	51	137
18237	52	137
18238	53	137
18239	54	137
18240	55	137
18241	56	137
18242	57	137
18243	58	137
18244	59	137
18245	60	137
18246	1	138
18247	2	138
18248	3	138
18249	4	138
18250	5	138
18251	6	138
18252	7	138
18253	8	138
18254	9	138
18255	10	138
18256	11	138
18257	12	138
18258	13	138
18259	14	138
18260	15	138
18261	16	138
18262	17	138
18263	18	138
18264	19	138
18265	20	138
18266	21	138
18267	22	138
18268	23	138
18269	24	138
18270	25	138
18271	26	138
18272	27	138
18273	28	138
18274	29	138
18275	30	138
18276	31	138
18277	32	138
18278	33	138
18279	34	138
18280	35	138
18281	36	138
18282	37	138
18283	38	138
18284	39	138
18285	40	138
18286	41	138
18287	42	138
18288	43	138
18289	44	138
18290	45	138
18291	46	138
18292	47	138
18293	48	138
18294	49	138
18295	50	138
18296	51	138
18297	52	138
18298	53	138
18299	54	138
18300	55	138
18301	56	138
18302	57	138
18303	58	138
18304	59	138
18305	60	138
18306	1	139
18307	2	139
18308	3	139
18309	4	139
18310	5	139
18311	6	139
18312	7	139
18313	8	139
18314	9	139
18315	10	139
18316	11	139
18317	12	139
18318	13	139
18319	14	139
18320	15	139
18321	16	139
18322	17	139
18323	18	139
18324	19	139
18325	20	139
18326	21	139
18327	22	139
18328	23	139
18329	24	139
18330	25	139
18331	26	139
18332	27	139
18333	28	139
18334	29	139
18335	30	139
18336	31	139
18337	32	139
18338	33	139
18339	34	139
18340	35	139
18341	36	139
18342	37	139
18343	38	139
18344	39	139
18345	40	139
18346	41	139
18347	42	139
18348	43	139
18349	44	139
18350	45	139
18351	46	139
18352	47	139
18353	48	139
18354	49	139
18355	50	139
18356	51	139
18357	52	139
18358	53	139
18359	54	139
18360	55	139
18361	56	139
18362	57	139
18363	58	139
18364	59	139
18365	60	139
18366	1	140
18367	2	140
18368	3	140
18369	4	140
18370	5	140
18371	6	140
18372	7	140
18373	8	140
18374	9	140
18375	10	140
18376	11	140
18377	12	140
18378	13	140
18379	14	140
18380	15	140
18381	16	140
18382	17	140
18383	18	140
18384	19	140
18385	20	140
18386	21	140
18387	22	140
18388	23	140
18389	24	140
18390	25	140
18391	26	140
18392	27	140
18393	28	140
18394	29	140
18395	30	140
18396	31	140
18397	32	140
18398	33	140
18399	34	140
18400	35	140
18401	36	140
18402	37	140
18403	38	140
18404	39	140
18405	40	140
18406	41	140
18407	42	140
18408	43	140
18409	44	140
18410	45	140
18411	46	140
18412	47	140
18413	48	140
18414	49	140
18415	50	140
18416	51	140
18417	52	140
18418	53	140
18419	54	140
18420	55	140
18421	56	140
18422	57	140
18423	58	140
18424	59	140
18425	60	140
18426	1	141
18427	2	141
18428	3	141
18429	4	141
18430	5	141
18431	6	141
18432	7	141
18433	8	141
18434	9	141
18435	10	141
18436	11	141
18437	12	141
18438	13	141
18439	14	141
18440	15	141
18441	16	141
18442	17	141
18443	18	141
18444	19	141
18445	20	141
18446	21	141
18447	22	141
18448	23	141
18449	24	141
18450	25	141
18451	26	141
18452	27	141
18453	28	141
18454	29	141
18455	30	141
18456	31	141
18457	32	141
18458	33	141
18459	34	141
18460	35	141
18461	36	141
18462	37	141
18463	38	141
18464	39	141
18465	40	141
18466	41	141
18467	42	141
18468	43	141
18469	44	141
18470	45	141
18471	46	141
18472	47	141
18473	48	141
18474	49	141
18475	50	141
18476	51	141
18477	52	141
18478	53	141
18479	54	141
18480	55	141
18481	56	141
18482	57	141
18483	58	141
18484	59	141
18485	60	141
18486	1	142
18487	2	142
18488	3	142
18489	4	142
18490	5	142
18491	6	142
18492	7	142
18493	8	142
18494	9	142
18495	10	142
18496	11	142
18497	12	142
18498	13	142
18499	14	142
18500	15	142
18501	16	142
18502	17	142
18503	18	142
18504	19	142
18505	20	142
18506	21	142
18507	22	142
18508	23	142
18509	24	142
18510	25	142
18511	26	142
18512	27	142
18513	28	142
18514	29	142
18515	30	142
18516	31	142
18517	32	142
18518	33	142
18519	34	142
18520	35	142
18521	36	142
18522	37	142
18523	38	142
18524	39	142
18525	40	142
18526	41	142
18527	42	142
18528	43	142
18529	44	142
18530	45	142
18531	46	142
18532	47	142
18533	48	142
18534	49	142
18535	50	142
18536	51	142
18537	52	142
18538	53	142
18539	54	142
18540	55	142
18541	56	142
18542	57	142
18543	58	142
18544	59	142
18545	60	142
18546	1	143
18547	2	143
18548	3	143
18549	4	143
18550	5	143
18551	6	143
18552	7	143
18553	8	143
18554	9	143
18555	10	143
18556	11	143
18557	12	143
18558	13	143
18559	14	143
18560	15	143
18561	16	143
18562	17	143
18563	18	143
18564	19	143
18565	20	143
18566	21	143
18567	22	143
18568	23	143
18569	24	143
18570	25	143
18571	26	143
18572	27	143
18573	28	143
18574	29	143
18575	30	143
18576	31	143
18577	32	143
18578	33	143
18579	34	143
18580	35	143
18581	36	143
18582	37	143
18583	38	143
18584	39	143
18585	40	143
18586	41	143
18587	42	143
18588	43	143
18589	44	143
18590	45	143
18591	46	143
18592	47	143
18593	48	143
18594	49	143
18595	50	143
18596	51	143
18597	52	143
18598	53	143
18599	54	143
18600	55	143
18601	56	143
18602	57	143
18603	58	143
18604	59	143
18605	60	143
18606	1	144
18607	2	144
18608	3	144
18609	4	144
18610	5	144
18611	6	144
18612	7	144
18613	8	144
18614	9	144
18615	10	144
18616	11	144
18617	12	144
18618	13	144
18619	14	144
18620	15	144
18621	16	144
18622	17	144
18623	18	144
18624	19	144
18625	20	144
18626	21	144
18627	22	144
18628	23	144
18629	24	144
18630	25	144
18631	26	144
18632	27	144
18633	28	144
18634	29	144
18635	30	144
18636	31	144
18637	32	144
18638	33	144
18639	34	144
18640	35	144
18641	36	144
18642	37	144
18643	38	144
18644	39	144
18645	40	144
18646	41	144
18647	42	144
18648	43	144
18649	44	144
18650	45	144
18651	46	144
18652	47	144
18653	48	144
18654	49	144
18655	50	144
18656	51	144
18657	52	144
18658	53	144
18659	54	144
18660	55	144
18661	56	144
18662	57	144
18663	58	144
18664	59	144
18665	60	144
18666	1	145
18667	2	145
18668	3	145
18669	4	145
18670	5	145
18671	6	145
18672	7	145
18673	8	145
18674	9	145
18675	10	145
18676	11	145
18677	12	145
18678	13	145
18679	14	145
18680	15	145
18681	16	145
18682	17	145
18683	18	145
18684	19	145
18685	20	145
18686	21	145
18687	22	145
18688	23	145
18689	24	145
18690	25	145
18691	26	145
18692	27	145
18693	28	145
18694	29	145
18695	30	145
18696	31	145
18697	32	145
18698	33	145
18699	34	145
18700	35	145
18701	36	145
18702	37	145
18703	38	145
18704	39	145
18705	40	145
18706	41	145
18707	42	145
18708	43	145
18709	44	145
18710	45	145
18711	46	145
18712	47	145
18713	48	145
18714	49	145
18715	50	145
18716	51	145
18717	52	145
18718	53	145
18719	54	145
18720	55	145
18721	56	145
18722	57	145
18723	58	145
18724	59	145
18725	60	145
18726	1	146
18727	2	146
18728	3	146
18729	4	146
18730	5	146
18731	6	146
18732	7	146
18733	8	146
18734	9	146
18735	10	146
18736	11	146
18737	12	146
18738	13	146
18739	14	146
18740	15	146
18741	16	146
18742	17	146
18743	18	146
18744	19	146
18745	20	146
18746	21	146
18747	22	146
18748	23	146
18749	24	146
18750	25	146
18751	26	146
18752	27	146
18753	28	146
18754	29	146
18755	30	146
18756	31	146
18757	32	146
18758	33	146
18759	34	146
18760	35	146
18761	36	146
18762	37	146
18763	38	146
18764	39	146
18765	40	146
18766	41	146
18767	42	146
18768	43	146
18769	44	146
18770	45	146
18771	46	146
18772	47	146
18773	48	146
18774	49	146
18775	50	146
18776	51	146
18777	52	146
18778	53	146
18779	54	146
18780	55	146
18781	56	146
18782	57	146
18783	58	146
18784	59	146
18785	60	146
18786	1	147
18787	2	147
18788	3	147
18789	4	147
18790	5	147
18791	6	147
18792	7	147
18793	8	147
18794	9	147
18795	10	147
18796	11	147
18797	12	147
18798	13	147
18799	14	147
18800	15	147
18801	16	147
18802	17	147
18803	18	147
18804	19	147
18805	20	147
18806	21	147
18807	22	147
18808	23	147
18809	24	147
18810	25	147
18811	26	147
18812	27	147
18813	28	147
18814	29	147
18815	30	147
18816	31	147
18817	32	147
18818	33	147
18819	34	147
18820	35	147
18821	36	147
18822	37	147
18823	38	147
18824	39	147
18825	40	147
18826	41	147
18827	42	147
18828	43	147
18829	44	147
18830	45	147
18831	46	147
18832	47	147
18833	48	147
18834	49	147
18835	50	147
18836	51	147
18837	52	147
18838	53	147
18839	54	147
18840	55	147
18841	56	147
18842	57	147
18843	58	147
18844	59	147
18845	60	147
18846	1	148
18847	2	148
18848	3	148
18849	4	148
18850	5	148
18851	6	148
18852	7	148
18853	8	148
18854	9	148
18855	10	148
18856	11	148
18857	12	148
18858	13	148
18859	14	148
18860	15	148
18861	16	148
18862	17	148
18863	18	148
18864	19	148
18865	20	148
18866	21	148
18867	22	148
18868	23	148
18869	24	148
18870	25	148
18871	26	148
18872	27	148
18873	28	148
18874	29	148
18875	30	148
18876	31	148
18877	32	148
18878	33	148
18879	34	148
18880	35	148
18881	36	148
18882	37	148
18883	38	148
18884	39	148
18885	40	148
18886	41	148
18887	42	148
18888	43	148
18889	44	148
18890	45	148
18891	46	148
18892	47	148
18893	48	148
18894	49	148
18895	50	148
18896	51	148
18897	52	148
18898	53	148
18899	54	148
18900	55	148
18901	56	148
18902	57	148
18903	58	148
18904	59	148
18905	60	148
18906	1	149
18907	2	149
18908	3	149
18909	4	149
18910	5	149
18911	6	149
18912	7	149
18913	8	149
18914	9	149
18915	10	149
18916	11	149
18917	12	149
18918	13	149
18919	14	149
18920	15	149
18921	16	149
18922	17	149
18923	18	149
18924	19	149
18925	20	149
18926	21	149
18927	22	149
18928	23	149
18929	24	149
18930	25	149
18931	26	149
18932	27	149
18933	28	149
18934	29	149
18935	30	149
18936	31	149
18937	32	149
18938	33	149
18939	34	149
18940	35	149
18941	36	149
18942	37	149
18943	38	149
18944	39	149
18945	40	149
18946	41	149
18947	42	149
18948	43	149
18949	44	149
18950	45	149
18951	46	149
18952	47	149
18953	48	149
18954	49	149
18955	50	149
18956	51	149
18957	52	149
18958	53	149
18959	54	149
18960	55	149
18961	56	149
18962	57	149
18963	58	149
18964	59	149
18965	60	149
18966	1	150
18967	2	150
18968	3	150
18969	4	150
18970	5	150
18971	6	150
18972	7	150
18973	8	150
18974	9	150
18975	10	150
18976	11	150
18977	12	150
18978	13	150
18979	14	150
18980	15	150
18981	16	150
18982	17	150
18983	18	150
18984	19	150
18985	20	150
18986	21	150
18987	22	150
18988	23	150
18989	24	150
18990	25	150
18991	26	150
18992	27	150
18993	28	150
18994	29	150
18995	30	150
18996	31	150
18997	32	150
18998	33	150
18999	34	150
19000	35	150
19001	36	150
19002	37	150
19003	38	150
19004	39	150
19005	40	150
19006	41	150
19007	42	150
19008	43	150
19009	44	150
19010	45	150
19011	46	150
19012	47	150
19013	48	150
19014	49	150
19015	50	150
19016	51	150
19017	52	150
19018	53	150
19019	54	150
19020	55	150
19021	56	150
19022	57	150
19023	58	150
19024	59	150
19025	60	150
19026	1	151
19027	2	151
19028	3	151
19029	4	151
19030	5	151
19031	6	151
19032	7	151
19033	8	151
19034	9	151
19035	10	151
19036	11	151
19037	12	151
19038	13	151
19039	14	151
19040	15	151
19041	16	151
19042	17	151
19043	18	151
19044	19	151
19045	20	151
19046	21	151
19047	22	151
19048	23	151
19049	24	151
19050	25	151
19051	26	151
19052	27	151
19053	28	151
19054	29	151
19055	30	151
19056	31	151
19057	32	151
19058	33	151
19059	34	151
19060	35	151
19061	36	151
19062	37	151
19063	38	151
19064	39	151
19065	40	151
19066	41	151
19067	42	151
19068	43	151
19069	44	151
19070	45	151
19071	46	151
19072	47	151
19073	48	151
19074	49	151
19075	50	151
19076	51	151
19077	52	151
19078	53	151
19079	54	151
19080	55	151
19081	56	151
19082	57	151
19083	58	151
19084	59	151
19085	60	151
19086	1	152
19087	2	152
19088	3	152
19089	4	152
19090	5	152
19091	6	152
19092	7	152
19093	8	152
19094	9	152
19095	10	152
19096	11	152
19097	12	152
19098	13	152
19099	14	152
19100	15	152
19101	16	152
19102	17	152
19103	18	152
19104	19	152
19105	20	152
19106	21	152
19107	22	152
19108	23	152
19109	24	152
19110	25	152
19111	26	152
19112	27	152
19113	28	152
19114	29	152
19115	30	152
19116	31	152
19117	32	152
19118	33	152
19119	34	152
19120	35	152
19121	36	152
19122	37	152
19123	38	152
19124	39	152
19125	40	152
19126	41	152
19127	42	152
19128	43	152
19129	44	152
19130	45	152
19131	46	152
19132	47	152
19133	48	152
19134	49	152
19135	50	152
19136	51	152
19137	52	152
19138	53	152
19139	54	152
19140	55	152
19141	56	152
19142	57	152
19143	58	152
19144	59	152
19145	60	152
19146	1	153
19147	2	153
19148	3	153
19149	4	153
19150	5	153
19151	6	153
19152	7	153
19153	8	153
19154	9	153
19155	10	153
19156	11	153
19157	12	153
19158	13	153
19159	14	153
19160	15	153
19161	16	153
19162	17	153
19163	18	153
19164	19	153
19165	20	153
19166	21	153
19167	22	153
19168	23	153
19169	24	153
19170	25	153
19171	26	153
19172	27	153
19173	28	153
19174	29	153
19175	30	153
19176	31	153
19177	32	153
19178	33	153
19179	34	153
19180	35	153
19181	36	153
19182	37	153
19183	38	153
19184	39	153
19185	40	153
19186	41	153
19187	42	153
19188	43	153
19189	44	153
19190	45	153
19191	46	153
19192	47	153
19193	48	153
19194	49	153
19195	50	153
19196	51	153
19197	52	153
19198	53	153
19199	54	153
19200	55	153
19201	56	153
19202	57	153
19203	58	153
19204	59	153
19205	60	153
19206	1	154
19207	2	154
19208	3	154
19209	4	154
19210	5	154
19211	6	154
19212	7	154
19213	8	154
19214	9	154
19215	10	154
19216	11	154
19217	12	154
19218	13	154
19219	14	154
19220	15	154
19221	16	154
19222	17	154
19223	18	154
19224	19	154
19225	20	154
19226	21	154
19227	22	154
19228	23	154
19229	24	154
19230	25	154
19231	26	154
19232	27	154
19233	28	154
19234	29	154
19235	30	154
19236	31	154
19237	32	154
19238	33	154
19239	34	154
19240	35	154
19241	36	154
19242	37	154
19243	38	154
19244	39	154
19245	40	154
19246	41	154
19247	42	154
19248	43	154
19249	44	154
19250	45	154
19251	46	154
19252	47	154
19253	48	154
19254	49	154
19255	50	154
19256	51	154
19257	52	154
19258	53	154
19259	54	154
19260	55	154
19261	56	154
19262	57	154
19263	58	154
19264	59	154
19265	60	154
19266	1	155
19267	2	155
19268	3	155
19269	4	155
19270	5	155
19271	6	155
19272	7	155
19273	8	155
19274	9	155
19275	10	155
19276	11	155
19277	12	155
19278	13	155
19279	14	155
19280	15	155
19281	16	155
19282	17	155
19283	18	155
19284	19	155
19285	20	155
19286	21	155
19287	22	155
19288	23	155
19289	24	155
19290	25	155
19291	26	155
19292	27	155
19293	28	155
19294	29	155
19295	30	155
19296	31	155
19297	32	155
19298	33	155
19299	34	155
19300	35	155
19301	36	155
19302	37	155
19303	38	155
19304	39	155
19305	40	155
19306	41	155
19307	42	155
19308	43	155
19309	44	155
19310	45	155
19311	46	155
19312	47	155
19313	48	155
19314	49	155
19315	50	155
19316	51	155
19317	52	155
19318	53	155
19319	54	155
19320	55	155
19321	56	155
19322	57	155
19323	58	155
19324	59	155
19325	60	155
19326	1	156
19327	2	156
19328	3	156
19329	4	156
19330	5	156
19331	6	156
19332	7	156
19333	8	156
19334	9	156
19335	10	156
19336	11	156
19337	12	156
19338	13	156
19339	14	156
19340	15	156
19341	16	156
19342	17	156
19343	18	156
19344	19	156
19345	20	156
19346	21	156
19347	22	156
19348	23	156
19349	24	156
19350	25	156
19351	26	156
19352	27	156
19353	28	156
19354	29	156
19355	30	156
19356	31	156
19357	32	156
19358	33	156
19359	34	156
19360	35	156
19361	36	156
19362	37	156
19363	38	156
19364	39	156
19365	40	156
19366	41	156
19367	42	156
19368	43	156
19369	44	156
19370	45	156
19371	46	156
19372	47	156
19373	48	156
19374	49	156
19375	50	156
19376	51	156
19377	52	156
19378	53	156
19379	54	156
19380	55	156
19381	56	156
19382	57	156
19383	58	156
19384	59	156
19385	60	156
19386	1	157
19387	2	157
19388	3	157
19389	4	157
19390	5	157
19391	6	157
19392	7	157
19393	8	157
19394	9	157
19395	10	157
19396	11	157
19397	12	157
19398	13	157
19399	14	157
19400	15	157
19401	16	157
19402	17	157
19403	18	157
19404	19	157
19405	20	157
19406	21	157
19407	22	157
19408	23	157
19409	24	157
19410	25	157
19411	26	157
19412	27	157
19413	28	157
19414	29	157
19415	30	157
19416	31	157
19417	32	157
19418	33	157
19419	34	157
19420	35	157
19421	36	157
19422	37	157
19423	38	157
19424	39	157
19425	40	157
19426	41	157
19427	42	157
19428	43	157
19429	44	157
19430	45	157
19431	46	157
19432	47	157
19433	48	157
19434	49	157
19435	50	157
19436	51	157
19437	52	157
19438	53	157
19439	54	157
19440	55	157
19441	56	157
19442	57	157
19443	58	157
19444	59	157
19445	60	157
19446	1	158
19447	2	158
19448	3	158
19449	4	158
19450	5	158
19451	6	158
19452	7	158
19453	8	158
19454	9	158
19455	10	158
19456	11	158
19457	12	158
19458	13	158
19459	14	158
19460	15	158
19461	16	158
19462	17	158
19463	18	158
19464	19	158
19465	20	158
19466	21	158
19467	22	158
19468	23	158
19469	24	158
19470	25	158
19471	26	158
19472	27	158
19473	28	158
19474	29	158
19475	30	158
19476	31	158
19477	32	158
19478	33	158
19479	34	158
19480	35	158
19481	36	158
19482	37	158
19483	38	158
19484	39	158
19485	40	158
19486	41	158
19487	42	158
19488	43	158
19489	44	158
19490	45	158
19491	46	158
19492	47	158
19493	48	158
19494	49	158
19495	50	158
19496	51	158
19497	52	158
19498	53	158
19499	54	158
19500	55	158
19501	56	158
19502	57	158
19503	58	158
19504	59	158
19505	60	158
19506	1	159
19507	2	159
19508	3	159
19509	4	159
19510	5	159
19511	6	159
19512	7	159
19513	8	159
19514	9	159
19515	10	159
19516	11	159
19517	12	159
19518	13	159
19519	14	159
19520	15	159
19521	16	159
19522	17	159
19523	18	159
19524	19	159
19525	20	159
19526	21	159
19527	22	159
19528	23	159
19529	24	159
19530	25	159
19531	26	159
19532	27	159
19533	28	159
19534	29	159
19535	30	159
19536	31	159
19537	32	159
19538	33	159
19539	34	159
19540	35	159
19541	36	159
19542	37	159
19543	38	159
19544	39	159
19545	40	159
19546	41	159
19547	42	159
19548	43	159
19549	44	159
19550	45	159
19551	46	159
19552	47	159
19553	48	159
19554	49	159
19555	50	159
19556	51	159
19557	52	159
19558	53	159
19559	54	159
19560	55	159
19561	56	159
19562	57	159
19563	58	159
19564	59	159
19565	60	159
19566	1	160
19567	2	160
19568	3	160
19569	4	160
19570	5	160
19571	6	160
19572	7	160
19573	8	160
19574	9	160
19575	10	160
19576	11	160
19577	12	160
19578	13	160
19579	14	160
19580	15	160
19581	16	160
19582	17	160
19583	18	160
19584	19	160
19585	20	160
19586	21	160
19587	22	160
19588	23	160
19589	24	160
19590	25	160
19591	26	160
19592	27	160
19593	28	160
19594	29	160
19595	30	160
19596	31	160
19597	32	160
19598	33	160
19599	34	160
19600	35	160
19601	36	160
19602	37	160
19603	38	160
19604	39	160
19605	40	160
19606	41	160
19607	42	160
19608	43	160
19609	44	160
19610	45	160
19611	46	160
19612	47	160
19613	48	160
19614	49	160
19615	50	160
19616	51	160
19617	52	160
19618	53	160
19619	54	160
19620	55	160
19621	56	160
19622	57	160
19623	58	160
19624	59	160
19625	60	160
19626	1	161
19627	2	161
19628	3	161
19629	4	161
19630	5	161
19631	6	161
19632	7	161
19633	8	161
19634	9	161
19635	10	161
19636	11	161
19637	12	161
19638	13	161
19639	14	161
19640	15	161
19641	16	161
19642	17	161
19643	18	161
19644	19	161
19645	20	161
19646	21	161
19647	22	161
19648	23	161
19649	24	161
19650	25	161
19651	26	161
19652	27	161
19653	28	161
19654	29	161
19655	30	161
19656	31	161
19657	32	161
19658	33	161
19659	34	161
19660	35	161
19661	36	161
19662	37	161
19663	38	161
19664	39	161
19665	40	161
19666	41	161
19667	42	161
19668	43	161
19669	44	161
19670	45	161
19671	46	161
19672	47	161
19673	48	161
19674	49	161
19675	50	161
19676	51	161
19677	52	161
19678	53	161
19679	54	161
19680	55	161
19681	56	161
19682	57	161
19683	58	161
19684	59	161
19685	60	161
19686	1	162
19687	2	162
19688	3	162
19689	4	162
19690	5	162
19691	6	162
19692	7	162
19693	8	162
19694	9	162
19695	10	162
19696	11	162
19697	12	162
19698	13	162
19699	14	162
19700	15	162
19701	16	162
19702	17	162
19703	18	162
19704	19	162
19705	20	162
19706	21	162
19707	22	162
19708	23	162
19709	24	162
19710	25	162
19711	26	162
19712	27	162
19713	28	162
19714	29	162
19715	30	162
19716	31	162
19717	32	162
19718	33	162
19719	34	162
19720	35	162
19721	36	162
19722	37	162
19723	38	162
19724	39	162
19725	40	162
19726	41	162
19727	42	162
19728	43	162
19729	44	162
19730	45	162
19731	46	162
19732	47	162
19733	48	162
19734	49	162
19735	50	162
19736	51	162
19737	52	162
19738	53	162
19739	54	162
19740	55	162
19741	56	162
19742	57	162
19743	58	162
19744	59	162
19745	60	162
19746	1	163
19747	2	163
19748	3	163
19749	4	163
19750	5	163
19751	6	163
19752	7	163
19753	8	163
19754	9	163
19755	10	163
19756	11	163
19757	12	163
19758	13	163
19759	14	163
19760	15	163
19761	16	163
19762	17	163
19763	18	163
19764	19	163
19765	20	163
19766	21	163
19767	22	163
19768	23	163
19769	24	163
19770	25	163
19771	26	163
19772	27	163
19773	28	163
19774	29	163
19775	30	163
19776	31	163
19777	32	163
19778	33	163
19779	34	163
19780	35	163
19781	36	163
19782	37	163
19783	38	163
19784	39	163
19785	40	163
19786	41	163
19787	42	163
19788	43	163
19789	44	163
19790	45	163
19791	46	163
19792	47	163
19793	48	163
19794	49	163
19795	50	163
19796	51	163
19797	52	163
19798	53	163
19799	54	163
19800	55	163
19801	56	163
19802	57	163
19803	58	163
19804	59	163
19805	60	163
19806	1	164
19807	2	164
19808	3	164
19809	4	164
19810	5	164
19811	6	164
19812	7	164
19813	8	164
19814	9	164
19815	10	164
19816	11	164
19817	12	164
19818	13	164
19819	14	164
19820	15	164
19821	16	164
19822	17	164
19823	18	164
19824	19	164
19825	20	164
19826	21	164
19827	22	164
19828	23	164
19829	24	164
19830	25	164
19831	26	164
19832	27	164
19833	28	164
19834	29	164
19835	30	164
19836	31	164
19837	32	164
19838	33	164
19839	34	164
19840	35	164
19841	36	164
19842	37	164
19843	38	164
19844	39	164
19845	40	164
19846	41	164
19847	42	164
19848	43	164
19849	44	164
19850	45	164
19851	46	164
19852	47	164
19853	48	164
19854	49	164
19855	50	164
19856	51	164
19857	52	164
19858	53	164
19859	54	164
19860	55	164
19861	56	164
19862	57	164
19863	58	164
19864	59	164
19865	60	164
19866	1	165
19867	2	165
19868	3	165
19869	4	165
19870	5	165
19871	6	165
19872	7	165
19873	8	165
19874	9	165
19875	10	165
19876	11	165
19877	12	165
19878	13	165
19879	14	165
19880	15	165
19881	16	165
19882	17	165
19883	18	165
19884	19	165
19885	20	165
19886	21	165
19887	22	165
19888	23	165
19889	24	165
19890	25	165
19891	26	165
19892	27	165
19893	28	165
19894	29	165
19895	30	165
19896	31	165
19897	32	165
19898	33	165
19899	34	165
19900	35	165
19901	36	165
19902	37	165
19903	38	165
19904	39	165
19905	40	165
19906	41	165
19907	42	165
19908	43	165
19909	44	165
19910	45	165
19911	46	165
19912	47	165
19913	48	165
19914	49	165
19915	50	165
19916	51	165
19917	52	165
19918	53	165
19919	54	165
19920	55	165
19921	56	165
19922	57	165
19923	58	165
19924	59	165
19925	60	165
19926	1	166
19927	2	166
19928	3	166
19929	4	166
19930	5	166
19931	6	166
19932	7	166
19933	8	166
19934	9	166
19935	10	166
19936	11	166
19937	12	166
19938	13	166
19939	14	166
19940	15	166
19941	16	166
19942	17	166
19943	18	166
19944	19	166
19945	20	166
19946	21	166
19947	22	166
19948	23	166
19949	24	166
19950	25	166
19951	26	166
19952	27	166
19953	28	166
19954	29	166
19955	30	166
19956	31	166
19957	32	166
19958	33	166
19959	34	166
19960	35	166
19961	36	166
19962	37	166
19963	38	166
19964	39	166
19965	40	166
19966	41	166
19967	42	166
19968	43	166
19969	44	166
19970	45	166
19971	46	166
19972	47	166
19973	48	166
19974	49	166
19975	50	166
19976	51	166
19977	52	166
19978	53	166
19979	54	166
19980	55	166
19981	56	166
19982	57	166
19983	58	166
19984	59	166
19985	60	166
19986	1	167
19987	2	167
19988	3	167
19989	4	167
19990	5	167
19991	6	167
19992	7	167
19993	8	167
19994	9	167
19995	10	167
19996	11	167
19997	12	167
19998	13	167
19999	14	167
20000	15	167
20001	16	167
20002	17	167
20003	18	167
20004	19	167
20005	20	167
20006	21	167
20007	22	167
20008	23	167
20009	24	167
20010	25	167
20011	26	167
20012	27	167
20013	28	167
20014	29	167
20015	30	167
20016	31	167
20017	32	167
20018	33	167
20019	34	167
20020	35	167
20021	36	167
20022	37	167
20023	38	167
20024	39	167
20025	40	167
20026	41	167
20027	42	167
20028	43	167
20029	44	167
20030	45	167
20031	46	167
20032	47	167
20033	48	167
20034	49	167
20035	50	167
20036	51	167
20037	52	167
20038	53	167
20039	54	167
20040	55	167
20041	56	167
20042	57	167
20043	58	167
20044	59	167
20045	60	167
20046	1	168
20047	2	168
20048	3	168
20049	4	168
20050	5	168
20051	6	168
20052	7	168
20053	8	168
20054	9	168
20055	10	168
20056	11	168
20057	12	168
20058	13	168
20059	14	168
20060	15	168
20061	16	168
20062	17	168
20063	18	168
20064	19	168
20065	20	168
20066	21	168
20067	22	168
20068	23	168
20069	24	168
20070	25	168
20071	26	168
20072	27	168
20073	28	168
20074	29	168
20075	30	168
20076	31	168
20077	32	168
20078	33	168
20079	34	168
20080	35	168
20081	36	168
20082	37	168
20083	38	168
20084	39	168
20085	40	168
20086	41	168
20087	42	168
20088	43	168
20089	44	168
20090	45	168
20091	46	168
20092	47	168
20093	48	168
20094	49	168
20095	50	168
20096	51	168
20097	52	168
20098	53	168
20099	54	168
20100	55	168
20101	56	168
20102	57	168
20103	58	168
20104	59	168
20105	60	168
20106	1	169
20107	2	169
20108	3	169
20109	4	169
20110	5	169
20111	6	169
20112	7	169
20113	8	169
20114	9	169
20115	10	169
20116	11	169
20117	12	169
20118	13	169
20119	14	169
20120	15	169
20121	16	169
20122	17	169
20123	18	169
20124	19	169
20125	20	169
20126	21	169
20127	22	169
20128	23	169
20129	24	169
20130	25	169
20131	26	169
20132	27	169
20133	28	169
20134	29	169
20135	30	169
20136	31	169
20137	32	169
20138	33	169
20139	34	169
20140	35	169
20141	36	169
20142	37	169
20143	38	169
20144	39	169
20145	40	169
20146	41	169
20147	42	169
20148	43	169
20149	44	169
20150	45	169
20151	46	169
20152	47	169
20153	48	169
20154	49	169
20155	50	169
20156	51	169
20157	52	169
20158	53	169
20159	54	169
20160	55	169
20161	56	169
20162	57	169
20163	58	169
20164	59	169
20165	60	169
20166	1	170
20167	2	170
20168	3	170
20169	4	170
20170	5	170
20171	6	170
20172	7	170
20173	8	170
20174	9	170
20175	10	170
20176	11	170
20177	12	170
20178	13	170
20179	14	170
20180	15	170
20181	16	170
20182	17	170
20183	18	170
20184	19	170
20185	20	170
20186	21	170
20187	22	170
20188	23	170
20189	24	170
20190	25	170
20191	26	170
20192	27	170
20193	28	170
20194	29	170
20195	30	170
20196	31	170
20197	32	170
20198	33	170
20199	34	170
20200	35	170
20201	36	170
20202	37	170
20203	38	170
20204	39	170
20205	40	170
20206	41	170
20207	42	170
20208	43	170
20209	44	170
20210	45	170
20211	46	170
20212	47	170
20213	48	170
20214	49	170
20215	50	170
20216	51	170
20217	52	170
20218	53	170
20219	54	170
20220	55	170
20221	56	170
20222	57	170
20223	58	170
20224	59	170
20225	60	170
20226	1	52
20227	2	52
20228	3	52
20229	4	52
20230	5	52
20231	6	52
20232	7	52
20233	8	52
20234	9	52
20235	10	52
20236	11	52
20237	12	52
20238	13	52
20239	14	52
20240	15	52
20241	16	52
20242	17	52
20243	18	52
20244	19	52
20245	20	52
20246	21	52
20247	22	52
20248	23	52
20249	24	52
20250	25	52
20251	26	52
20252	27	52
20253	28	52
20254	29	52
20255	30	52
20256	1	51
20257	2	51
20258	3	51
20259	4	51
20260	5	51
20261	6	51
20262	7	51
20263	8	51
20264	9	51
20265	10	51
20266	11	51
20267	12	51
20268	13	51
20269	14	51
20270	15	51
20271	16	51
20272	17	51
20273	18	51
20274	19	51
20275	20	51
20276	21	51
20277	22	51
20278	23	51
20279	24	51
20280	25	51
20281	26	51
20282	27	51
20283	28	51
20284	29	51
20285	30	51
20286	1	48
20287	2	48
20288	3	48
20289	4	48
20290	5	48
20291	6	48
20292	7	48
20293	8	48
20294	9	48
20295	10	48
20296	11	48
20297	12	48
20298	13	48
20299	14	48
20300	15	48
20301	16	48
20302	17	48
20303	18	48
20304	19	48
20305	20	48
20306	21	48
20307	22	48
20308	23	48
20309	24	48
20310	25	48
20311	26	48
20312	27	48
20313	28	48
20314	29	48
20315	30	48
20316	1	45
20317	2	45
20318	3	45
20319	4	45
20320	5	45
20321	6	45
20322	7	45
20323	8	45
20324	9	45
20325	10	45
20326	11	45
20327	12	45
20328	13	45
20329	14	45
20330	15	45
20331	16	45
20332	17	45
20333	18	45
20334	19	45
20335	20	45
20336	21	45
20337	22	45
20338	23	45
20339	24	45
20340	25	45
20341	26	45
20342	27	45
20343	28	45
20344	29	45
20345	30	45
20346	31	45
20347	32	45
20348	33	45
20349	34	45
20350	35	45
20351	36	45
20352	37	45
20353	38	45
20354	39	45
20355	40	45
20356	1	44
20357	2	44
20358	3	44
20359	4	44
20360	5	44
20361	6	44
20362	7	44
20363	8	44
20364	9	44
20365	10	44
20366	11	44
20367	12	44
20368	13	44
20369	14	44
20370	15	44
20371	16	44
20372	17	44
20373	18	44
20374	19	44
20375	20	44
20376	21	44
20377	22	44
20378	23	44
20379	24	44
20380	25	44
20381	26	44
20382	27	44
20383	28	44
20384	29	44
20385	30	44
20386	31	44
20387	32	44
20388	33	44
20389	34	44
20390	35	44
20391	36	44
20392	37	44
20393	38	44
20394	39	44
20395	40	44
20396	1	53
20397	2	53
20398	3	53
20399	4	53
20400	5	53
20401	6	53
20402	7	53
20403	8	53
20404	9	53
20405	10	53
20406	11	53
20407	12	53
20408	13	53
20409	14	53
20410	15	53
20411	16	53
20412	17	53
20413	18	53
20414	19	53
20415	20	53
20416	21	53
20417	22	53
20418	23	53
20419	24	53
20420	25	53
20421	26	53
20422	27	53
20423	28	53
20424	29	53
20425	30	53
20426	1	50
20427	2	50
20428	3	50
20429	4	50
20430	5	50
20431	6	50
20432	7	50
20433	8	50
20434	9	50
20435	10	50
20436	11	50
20437	12	50
20438	13	50
20439	14	50
20440	15	50
20441	16	50
20442	17	50
20443	18	50
20444	19	50
20445	20	50
20446	21	50
20447	22	50
20448	23	50
20449	24	50
20450	25	50
20451	26	50
20452	27	50
20453	28	50
20454	29	50
20455	30	50
20456	31	50
20457	32	50
20458	33	50
20459	34	50
20460	35	50
20461	36	50
20462	37	50
20463	38	50
20464	39	50
20465	40	50
20466	1	49
20467	2	49
20468	3	49
20469	4	49
20470	5	49
20471	6	49
20472	7	49
20473	8	49
20474	9	49
20475	10	49
20476	11	49
20477	12	49
20478	13	49
20479	14	49
20480	15	49
20481	16	49
20482	17	49
20483	18	49
20484	19	49
20485	20	49
20486	21	49
20487	22	49
20488	23	49
20489	24	49
20490	25	49
20491	26	49
20492	27	49
20493	28	49
20494	29	49
20495	30	49
20496	31	49
20497	32	49
20498	33	49
20499	34	49
20500	35	49
20501	36	49
20502	37	49
20503	38	49
20504	39	49
20505	40	49
20506	1	58
20507	2	58
20508	3	58
20509	4	58
20510	5	58
20511	6	58
20512	7	58
20513	8	58
20514	9	58
20515	10	58
20516	11	58
20517	12	58
20518	13	58
20519	14	58
20520	15	58
20521	16	58
20522	17	58
20523	18	58
20524	19	58
20525	20	58
20526	21	58
20527	22	58
20528	23	58
20529	24	58
20530	25	58
20531	26	58
20532	27	58
20533	28	58
20534	29	58
20535	30	58
20536	1	55
20537	2	55
20538	3	55
20539	4	55
20540	5	55
20541	6	55
20542	7	55
20543	8	55
20544	9	55
20545	10	55
20546	11	55
20547	12	55
20548	13	55
20549	14	55
20550	15	55
20551	16	55
20552	17	55
20553	18	55
20554	19	55
20555	20	55
20556	21	55
20557	22	55
20558	23	55
20559	24	55
20560	25	55
20561	26	55
20562	27	55
20563	28	55
20564	29	55
20565	30	55
20566	31	55
20567	32	55
20568	33	55
20569	34	55
20570	35	55
20571	36	55
20572	37	55
20573	38	55
20574	39	55
20575	40	55
20576	1	54
20577	2	54
20578	3	54
20579	4	54
20580	5	54
20581	6	54
20582	7	54
20583	8	54
20584	9	54
20585	10	54
20586	11	54
20587	12	54
20588	13	54
20589	14	54
20590	15	54
20591	16	54
20592	17	54
20593	18	54
20594	19	54
20595	20	54
20596	21	54
20597	22	54
20598	23	54
20599	24	54
20600	25	54
20601	26	54
20602	27	54
20603	28	54
20604	29	54
20605	30	54
20606	31	54
20607	32	54
20608	33	54
20609	34	54
20610	35	54
20611	36	54
20612	37	54
20613	38	54
20614	39	54
20615	40	54
20616	1	63
20617	2	63
20618	3	63
20619	4	63
20620	5	63
20621	6	63
20622	7	63
20623	8	63
20624	9	63
20625	10	63
20626	11	63
20627	12	63
20628	13	63
20629	14	63
20630	15	63
20631	16	63
20632	17	63
20633	18	63
20634	19	63
20635	20	63
20636	21	63
20637	22	63
20638	23	63
20639	24	63
20640	25	63
20641	26	63
20642	27	63
20643	28	63
20644	29	63
20645	30	63
20646	1	62
20647	2	62
20648	3	62
20649	4	62
20650	5	62
20651	6	62
20652	7	62
20653	8	62
20654	9	62
20655	10	62
20656	11	62
20657	12	62
20658	13	62
20659	14	62
20660	15	62
20661	16	62
20662	17	62
20663	18	62
20664	19	62
20665	20	62
20666	21	62
20667	22	62
20668	23	62
20669	24	62
20670	25	62
20671	26	62
20672	27	62
20673	28	62
20674	29	62
20675	30	62
20676	1	59
20677	2	59
20678	3	59
20679	4	59
20680	5	59
20681	6	59
20682	7	59
20683	8	59
20684	9	59
20685	10	59
20686	11	59
20687	12	59
20688	13	59
20689	14	59
20690	15	59
20691	16	59
20692	17	59
20693	18	59
20694	19	59
20695	20	59
20696	21	59
20697	22	59
20698	23	59
20699	24	59
20700	25	59
20701	26	59
20702	27	59
20703	28	59
20704	29	59
20705	30	59
20706	31	59
20707	32	59
20708	33	59
20709	34	59
20710	35	59
20711	36	59
20712	37	59
20713	38	59
20714	39	59
20715	40	59
20716	1	61
20717	2	61
20718	3	61
20719	4	61
20720	5	61
20721	6	61
20722	7	61
20723	8	61
20724	9	61
20725	10	61
20726	11	61
20727	12	61
20728	13	61
20729	14	61
20730	15	61
20731	16	61
20732	17	61
20733	18	61
20734	19	61
20735	20	61
20736	21	61
20737	22	61
20738	23	61
20739	24	61
20740	25	61
20741	26	61
20742	27	61
20743	28	61
20744	29	61
20745	30	61
20746	1	60
20747	2	60
20748	3	60
20749	4	60
20750	5	60
20751	6	60
20752	7	60
20753	8	60
20754	9	60
20755	10	60
20756	11	60
20757	12	60
20758	13	60
20759	14	60
20760	15	60
20761	16	60
20762	17	60
20763	18	60
20764	19	60
20765	20	60
20766	21	60
20767	22	60
20768	23	60
20769	24	60
20770	25	60
20771	26	60
20772	27	60
20773	28	60
20774	29	60
20775	30	60
20776	31	60
20777	32	60
20778	33	60
20779	34	60
20780	35	60
20781	36	60
20782	37	60
20783	38	60
20784	39	60
20785	40	60
20786	1	56
20787	2	56
20788	3	56
20789	4	56
20790	5	56
20791	6	56
20792	7	56
20793	8	56
20794	9	56
20795	10	56
20796	11	56
20797	12	56
20798	13	56
20799	14	56
20800	15	56
20801	16	56
20802	17	56
20803	18	56
20804	19	56
20805	20	56
20806	21	56
20807	22	56
20808	23	56
20809	24	56
20810	25	56
20811	26	56
20812	27	56
20813	28	56
20814	29	56
20815	30	56
20816	1	57
20817	2	57
20818	3	57
20819	4	57
20820	5	57
20821	6	57
20822	7	57
20823	8	57
20824	9	57
20825	10	57
20826	11	57
20827	12	57
20828	13	57
20829	14	57
20830	15	57
20831	16	57
20832	17	57
20833	18	57
20834	19	57
20835	20	57
20836	21	57
20837	22	57
20838	23	57
20839	24	57
20840	25	57
20841	26	57
20842	27	57
20843	28	57
20844	29	57
20845	30	57
20846	1	65
20847	2	65
20848	3	65
20849	4	65
20850	5	65
20851	6	65
20852	7	65
20853	8	65
20854	9	65
20855	10	65
20856	11	65
20857	12	65
20858	13	65
20859	14	65
20860	15	65
20861	16	65
20862	17	65
20863	18	65
20864	19	65
20865	20	65
20866	21	65
20867	22	65
20868	23	65
20869	24	65
20870	25	65
20871	26	65
20872	27	65
20873	28	65
20874	29	65
20875	30	65
20876	31	65
20877	32	65
20878	33	65
20879	34	65
20880	35	65
20881	36	65
20882	37	65
20883	38	65
20884	39	65
20885	40	65
20886	1	64
20887	2	64
20888	3	64
20889	4	64
20890	5	64
20891	6	64
20892	7	64
20893	8	64
20894	9	64
20895	10	64
20896	11	64
20897	12	64
20898	13	64
20899	14	64
20900	15	64
20901	16	64
20902	17	64
20903	18	64
20904	19	64
20905	20	64
20906	21	64
20907	22	64
20908	23	64
20909	24	64
20910	25	64
20911	26	64
20912	27	64
20913	28	64
20914	29	64
20915	30	64
20916	31	64
20917	32	64
20918	33	64
20919	34	64
20920	35	64
20921	36	64
20922	37	64
20923	38	64
20924	39	64
20925	40	64
20926	1	43
20927	2	43
20928	3	43
20929	4	43
20930	5	43
20931	6	43
20932	7	43
20933	8	43
20934	9	43
20935	10	43
20936	11	43
20937	12	43
20938	13	43
20939	14	43
20940	15	43
20941	16	43
20942	17	43
20943	18	43
20944	19	43
20945	20	43
20946	21	43
20947	22	43
20948	23	43
20949	24	43
20950	25	43
20951	26	43
20952	27	43
20953	28	43
20954	29	43
20955	30	43
20956	1	42
20957	2	42
20958	3	42
20959	4	42
20960	5	42
20961	6	42
20962	7	42
20963	8	42
20964	9	42
20965	10	42
20966	11	42
20967	12	42
20968	13	42
20969	14	42
20970	15	42
20971	16	42
20972	17	42
20973	18	42
20974	19	42
20975	20	42
20976	21	42
20977	22	42
20978	23	42
20979	24	42
20980	25	42
20981	26	42
20982	27	42
20983	28	42
20984	29	42
20985	30	42
20986	1	41
20987	2	41
20988	3	41
20989	4	41
20990	5	41
20991	6	41
20992	7	41
20993	8	41
20994	9	41
20995	10	41
20996	11	41
20997	12	41
20998	13	41
20999	14	41
21000	15	41
21001	16	41
21002	17	41
21003	18	41
21004	19	41
21005	20	41
21006	21	41
21007	22	41
21008	23	41
21009	24	41
21010	25	41
21011	26	41
21012	27	41
21013	28	41
21014	29	41
21015	30	41
21016	1	47
21017	2	47
21018	3	47
21019	4	47
21020	5	47
21021	6	47
21022	7	47
21023	8	47
21024	9	47
21025	10	47
21026	11	47
21027	12	47
21028	13	47
21029	14	47
21030	15	47
21031	16	47
21032	17	47
21033	18	47
21034	19	47
21035	20	47
21036	21	47
21037	22	47
21038	23	47
21039	24	47
21040	25	47
21041	26	47
21042	27	47
21043	28	47
21044	29	47
21045	30	47
21046	1	46
21047	2	46
21048	3	46
21049	4	46
21050	5	46
21051	6	46
21052	7	46
21053	8	46
21054	9	46
21055	10	46
21056	11	46
21057	12	46
21058	13	46
21059	14	46
21060	15	46
21061	16	46
21062	17	46
21063	18	46
21064	19	46
21065	20	46
21066	21	46
21067	22	46
21068	23	46
21069	24	46
21070	25	46
21071	26	46
21072	27	46
21073	28	46
21074	29	46
21075	30	46
\.


--
-- Data for Name: route; Type: TABLE DATA; Schema: public; Owner: postgres
--

COPY public.route (id_route_point, id_station, arrival_date, arrival_time, departure_date, departure_time, id_trip) FROM stdin;
1	48	\N	\N	2018-12-21	22:25:00	1
2	44	2018-12-22	07:00:00	\N	\N	1
3	48	\N	\N	2018-12-22	22:25:00	2
4	44	2018-12-23	07:00:00	\N	\N	2
7	44	\N	\N	2018-12-22	23:00:00	3
8	48	2018-12-23	08:00:00	\N	\N	3
9	54	2018-12-21	23:00:00	2018-12-21	23:10:00	1
11	50	\N	\N	2018-12-26	22:25:00	4
12	48	2018-12-27	00:12:00	2018-12-27	00:22:00	4
13	44	2018-12-27	06:07:00	\N	\N	4
14	50	\N	\N	2018-12-27	22:25:00	5
15	48	2018-12-28	00:12:00	2018-12-28	00:22:00	5
16	44	2018-12-28	06:07:00	\N	\N	5
17	50	\N	\N	2018-12-28	22:25:00	6
18	48	2018-12-29	00:12:00	2018-12-29	00:22:00	6
19	44	2018-12-29	06:07:00	\N	\N	6
20	50	\N	\N	2018-12-29	22:25:00	7
21	48	2018-12-30	00:12:00	2018-12-30	00:22:00	7
22	44	2018-12-30	06:07:00	\N	\N	7
23	50	\N	\N	2018-12-30	22:25:00	8
24	48	2018-12-31	00:12:00	2018-12-31	00:22:00	8
25	44	2018-12-31	06:07:00	\N	\N	8
26	48	\N	\N	2018-12-26	22:25:00	9
27	44	2018-12-27	07:00:00	\N	\N	9
28	48	\N	\N	2018-12-27	22:25:00	10
29	44	2018-12-28	07:00:00	\N	\N	10
30	48	\N	\N	2018-12-28	22:25:00	11
31	44	2018-12-29	07:00:00	\N	\N	11
38	48	\N	\N	2018-12-29	22:25:00	12
39	44	2018-12-30	07:00:00	\N	\N	12
40	48	\N	\N	2018-12-30	22:25:00	13
41	44	2018-12-31	07:00:00	\N	\N	13
48	52	2018-12-26	05:47:00	\N	\N	14
49	44	\N	\N	2018-12-26	00:14:00	14
50	44	\N	\N	2018-12-27	00:14:00	15
51	52	2018-12-27	05:47:00	\N	\N	15
52	44	\N	\N	2018-12-28	00:14:00	16
53	52	2018-12-28	05:47:00	\N	\N	16
54	44	\N	\N	2018-12-29	00:14:00	17
55	52	2018-12-29	05:47:00	\N	\N	17
56	44	\N	\N	2018-12-30	00:14:00	18
57	52	2018-12-30	05:47:00	\N	\N	18
58	63	\N	\N	2018-12-26	15:45:00	19
59	52	2018-12-26	18:36:00	2018-12-26	18:46:00	19
60	44	2018-12-26	23:53:00	\N	\N	19
61	63	\N	\N	2018-12-27	15:45:00	20
62	52	2018-12-27	18:36:00	2018-12-27	18:46:00	20
63	44	2018-12-27	23:53:00	\N	\N	20
64	63	\N	\N	2018-12-28	15:45:00	21
65	52	2018-12-28	18:36:00	2018-12-28	18:46:00	21
66	44	2018-12-28	23:53:00	\N	\N	21
67	63	\N	\N	2018-12-29	15:45:00	22
68	52	2018-12-29	18:36:00	2018-12-29	18:46:00	22
69	44	2018-12-29	23:53:00	\N	\N	22
70	63	\N	\N	2018-12-30	15:45:00	23
71	52	2018-12-30	18:36:00	2018-12-30	18:46:00	23
72	44	2018-12-30	23:53:00	\N	\N	23
73	44	\N	\N	2018-12-26	18:02:00	24
74	47	2018-12-26	22:47:00	\N	\N	24
75	44	\N	\N	2018-12-27	18:02:00	25
76	47	2018-12-27	22:47:00	\N	\N	25
77	44	\N	\N	2018-12-28	18:02:00	26
78	47	2018-12-28	22:47:00	\N	\N	26
79	44	\N	\N	2018-12-29	18:02:00	27
80	47	2018-12-29	22:47:00	\N	\N	27
81	44	\N	\N	2018-12-30	18:02:00	28
82	47	2018-12-30	22:47:00	\N	\N	28
83	47	\N	\N	2018-12-26	13:15:00	29
84	48	2018-12-26	18:00:00	\N	\N	29
85	47	\N	\N	2018-12-27	13:15:00	30
86	48	2018-12-27	18:00:00	\N	\N	30
87	47	\N	\N	2018-12-28	13:15:00	31
88	48	2018-12-28	18:00:00	\N	\N	31
89	47	\N	\N	2018-12-29	13:15:00	32
90	48	2018-12-29	18:00:00	\N	\N	32
91	47	\N	\N	2018-12-30	13:15:00	33
92	48	2018-12-30	18:00:00	\N	\N	33
93	47	\N	\N	2018-12-31	13:15:00	34
94	48	2018-12-31	18:00:00	\N	\N	34
\.


--
-- Data for Name: station; Type: TABLE DATA; Schema: public; Owner: postgres
--

COPY public.station (id_station, station_name) FROM stdin;
48	Дніпро
52	Львів
54	Кам'янське
55	Хмельницький
56	Вінниця
57	Луцьк
58	ім. Тараса Шевченко
59	Полтава
60	Миколаїв
61	Херсон
62	Покровськ
63	Пшемисль
64	Ужгород
44	Київ
46	Одеса
47	Харків
50	Запоріжжя
\.


--
-- Data for Name: ticket; Type: TABLE DATA; Schema: public; Owner: postgres
--

COPY public.ticket (id_ticket, from_station, to_station, price, id_passenger, id_place) FROM stdin;
27	52	44	300	5	16390
28	48	44	200	1	20818
\.


--
-- Data for Name: train; Type: TABLE DATA; Schema: public; Owner: postgres
--

COPY public.train (id_train, train_num, id_type) FROM stdin;
1	079 К	2
5	080 K	2
9	736	1
10	755	1
11	705	1
12	726	1
13	723	1
\.


--
-- Data for Name: traintype; Type: TABLE DATA; Schema: public; Owner: postgres
--

COPY public.traintype (id_type, type_name) FROM stdin;
1	Швидкий
2	Пасажирський
\.


--
-- Data for Name: trip; Type: TABLE DATA; Schema: public; Owner: postgres
--

COPY public.trip (id_trip, id_train) FROM stdin;
1	1
2	1
3	5
4	9
5	9
6	9
7	9
8	9
9	1
10	1
11	1
12	1
13	1
14	10
15	10
16	10
17	10
18	10
19	11
20	11
21	11
22	11
23	11
24	12
25	12
26	12
27	12
28	12
29	13
30	13
31	13
32	13
33	13
34	13
\.


--
-- Data for Name: wagon; Type: TABLE DATA; Schema: public; Owner: postgres
--

COPY public.wagon (id_wagon, wagon_num, id_trip, id_type) FROM stdin;
1	1	1	1
2	2	1	1
3	3	1	1
4	4	1	2
5	5	1	2
6	1	2	1
7	2	2	1
8	3	2	1
9	4	2	2
10	5	2	2
11	1	3	1
12	2	3	1
13	3	3	1
14	4	3	2
15	5	3	2
16	1	4	3
17	2	4	3
18	3	4	3
19	4	4	3
20	5	4	3
21	1	5	3
22	2	5	3
23	3	5	3
24	4	5	3
25	5	5	3
26	1	6	3
27	2	6	3
28	3	6	3
29	4	6	3
30	5	6	3
31	1	7	3
32	2	7	3
33	3	7	3
34	4	7	3
35	5	7	3
36	1	8	3
37	2	8	3
38	3	8	3
39	4	8	3
40	5	8	3
66	1	14	3
67	2	14	3
68	3	14	3
69	4	14	3
70	5	14	3
71	1	15	3
72	2	15	3
73	3	15	3
74	4	15	3
75	5	15	3
76	1	16	3
77	2	16	3
78	3	16	3
79	4	16	3
80	5	16	3
81	1	17	3
82	2	17	3
83	3	17	3
84	4	17	3
85	5	17	3
86	1	18	3
87	2	18	3
88	3	18	3
89	4	18	3
90	5	18	3
91	1	19	3
92	2	19	3
93	3	19	3
94	4	19	3
95	5	19	3
96	1	20	3
97	2	20	3
98	3	20	3
99	4	20	3
100	5	20	3
101	1	21	3
102	2	21	3
103	3	21	3
104	4	21	3
105	5	21	3
106	1	22	3
107	2	22	3
108	3	22	3
109	4	22	3
110	5	22	3
111	1	23	3
112	2	23	3
113	3	23	3
114	4	23	3
115	5	23	3
116	1	24	3
117	2	24	3
118	3	24	3
119	4	24	3
120	5	24	3
121	1	25	3
122	2	25	3
123	3	25	3
124	4	25	3
125	5	25	3
126	1	26	3
127	2	26	3
128	3	26	3
129	4	26	3
130	5	26	3
131	1	27	3
132	2	27	3
133	3	27	3
134	4	27	3
135	5	27	3
136	1	28	3
137	2	28	3
138	3	28	3
139	4	28	3
140	5	28	3
141	1	29	3
142	2	29	3
143	3	29	3
144	4	29	3
145	5	29	3
146	1	30	3
147	2	30	3
148	3	30	3
149	4	30	3
150	5	30	3
151	1	31	3
152	2	31	3
153	3	31	3
154	4	31	3
155	5	31	3
156	1	32	3
157	2	32	3
158	3	32	3
159	4	32	3
160	5	32	3
161	1	33	3
162	2	33	3
163	3	33	3
164	4	33	3
165	5	33	3
166	1	34	3
167	2	34	3
168	3	34	3
169	4	34	3
170	5	34	3
52	2	11	1
51	1	11	1
48	3	10	1
45	5	9	2
44	4	9	2
53	3	11	1
50	5	10	2
49	4	10	2
58	3	12	1
55	5	11	2
54	4	11	2
63	3	13	1
62	2	13	1
59	4	12	2
61	1	13	1
60	5	12	2
56	1	12	1
57	2	12	1
65	5	13	2
64	4	13	2
43	3	9	1
42	2	9	1
41	1	9	1
47	2	10	1
46	1	10	1
\.


--
-- Data for Name: wagontype; Type: TABLE DATA; Schema: public; Owner: postgres
--

COPY public.wagontype (id_type, type_name) FROM stdin;
3	Сидячий
2	Купе
1	Плацкарт
\.


--
-- Name: passenger_id_passenger_seq; Type: SEQUENCE SET; Schema: public; Owner: postgres
--

SELECT pg_catalog.setval('public.passenger_id_passenger_seq', 5, true);


--
-- Name: place_id_place_seq; Type: SEQUENCE SET; Schema: public; Owner: postgres
--

SELECT pg_catalog.setval('public.place_id_place_seq', 21075, true);


--
-- Name: route_id_route_point_seq; Type: SEQUENCE SET; Schema: public; Owner: postgres
--

SELECT pg_catalog.setval('public.route_id_route_point_seq', 94, true);


--
-- Name: station_id_station_seq; Type: SEQUENCE SET; Schema: public; Owner: postgres
--

SELECT pg_catalog.setval('public.station_id_station_seq', 64, true);


--
-- Name: ticket_id_ticket_seq; Type: SEQUENCE SET; Schema: public; Owner: postgres
--

SELECT pg_catalog.setval('public.ticket_id_ticket_seq', 28, true);


--
-- Name: train_id_train_seq; Type: SEQUENCE SET; Schema: public; Owner: postgres
--

SELECT pg_catalog.setval('public.train_id_train_seq', 14, true);


--
-- Name: traintype_id_type_seq; Type: SEQUENCE SET; Schema: public; Owner: postgres
--

SELECT pg_catalog.setval('public.traintype_id_type_seq', 2, true);


--
-- Name: trip_id_trip_seq; Type: SEQUENCE SET; Schema: public; Owner: postgres
--

SELECT pg_catalog.setval('public.trip_id_trip_seq', 3, true);


--
-- Name: wagon_id_wagon_seq; Type: SEQUENCE SET; Schema: public; Owner: postgres
--

SELECT pg_catalog.setval('public.wagon_id_wagon_seq', 170, true);


--
-- Name: wagontype_id_type_seq; Type: SEQUENCE SET; Schema: public; Owner: postgres
--

SELECT pg_catalog.setval('public.wagontype_id_type_seq', 3, true);


--
-- Name: passenger passenger_pkey; Type: CONSTRAINT; Schema: public; Owner: postgres
--

ALTER TABLE ONLY public.passenger
    ADD CONSTRAINT passenger_pkey PRIMARY KEY (id_passenger);


--
-- Name: place place_pkey; Type: CONSTRAINT; Schema: public; Owner: postgres
--

ALTER TABLE ONLY public.place
    ADD CONSTRAINT place_pkey PRIMARY KEY (id_place);


--
-- Name: route route_pkey; Type: CONSTRAINT; Schema: public; Owner: postgres
--

ALTER TABLE ONLY public.route
    ADD CONSTRAINT route_pkey PRIMARY KEY (id_route_point);


--
-- Name: station station_pkey; Type: CONSTRAINT; Schema: public; Owner: postgres
--

ALTER TABLE ONLY public.station
    ADD CONSTRAINT station_pkey PRIMARY KEY (id_station);


--
-- Name: station station_station_name_key; Type: CONSTRAINT; Schema: public; Owner: postgres
--

ALTER TABLE ONLY public.station
    ADD CONSTRAINT station_station_name_key UNIQUE (station_name);


--
-- Name: ticket ticket_pkey; Type: CONSTRAINT; Schema: public; Owner: postgres
--

ALTER TABLE ONLY public.ticket
    ADD CONSTRAINT ticket_pkey PRIMARY KEY (id_ticket);


--
-- Name: train train_pkey; Type: CONSTRAINT; Schema: public; Owner: postgres
--

ALTER TABLE ONLY public.train
    ADD CONSTRAINT train_pkey PRIMARY KEY (id_train);


--
-- Name: train train_train_num_key; Type: CONSTRAINT; Schema: public; Owner: postgres
--

ALTER TABLE ONLY public.train
    ADD CONSTRAINT train_train_num_key UNIQUE (train_num);


--
-- Name: traintype traintype_pkey; Type: CONSTRAINT; Schema: public; Owner: postgres
--

ALTER TABLE ONLY public.traintype
    ADD CONSTRAINT traintype_pkey PRIMARY KEY (id_type);


--
-- Name: traintype traintype_type_name_key; Type: CONSTRAINT; Schema: public; Owner: postgres
--

ALTER TABLE ONLY public.traintype
    ADD CONSTRAINT traintype_type_name_key UNIQUE (type_name);


--
-- Name: trip trip_pkey; Type: CONSTRAINT; Schema: public; Owner: postgres
--

ALTER TABLE ONLY public.trip
    ADD CONSTRAINT trip_pkey PRIMARY KEY (id_trip);


--
-- Name: wagon wagon_pkey; Type: CONSTRAINT; Schema: public; Owner: postgres
--

ALTER TABLE ONLY public.wagon
    ADD CONSTRAINT wagon_pkey PRIMARY KEY (id_wagon);


--
-- Name: wagontype wagontype_pkey; Type: CONSTRAINT; Schema: public; Owner: postgres
--

ALTER TABLE ONLY public.wagontype
    ADD CONSTRAINT wagontype_pkey PRIMARY KEY (id_type);


--
-- Name: place place_id_wagon_fkey; Type: FK CONSTRAINT; Schema: public; Owner: postgres
--

ALTER TABLE ONLY public.place
    ADD CONSTRAINT place_id_wagon_fkey FOREIGN KEY (id_wagon) REFERENCES public.wagon(id_wagon);


--
-- Name: route route_id_station_fkey; Type: FK CONSTRAINT; Schema: public; Owner: postgres
--

ALTER TABLE ONLY public.route
    ADD CONSTRAINT route_id_station_fkey FOREIGN KEY (id_station) REFERENCES public.station(id_station);


--
-- Name: route route_id_trip_fkey; Type: FK CONSTRAINT; Schema: public; Owner: postgres
--

ALTER TABLE ONLY public.route
    ADD CONSTRAINT route_id_trip_fkey FOREIGN KEY (id_trip) REFERENCES public.trip(id_trip);


--
-- Name: ticket ticket_from_station_fkey; Type: FK CONSTRAINT; Schema: public; Owner: postgres
--

ALTER TABLE ONLY public.ticket
    ADD CONSTRAINT ticket_from_station_fkey FOREIGN KEY (from_station) REFERENCES public.station(id_station);


--
-- Name: ticket ticket_id_passenger_fkey; Type: FK CONSTRAINT; Schema: public; Owner: postgres
--

ALTER TABLE ONLY public.ticket
    ADD CONSTRAINT ticket_id_passenger_fkey FOREIGN KEY (id_passenger) REFERENCES public.passenger(id_passenger);


--
-- Name: ticket ticket_id_place_fkey; Type: FK CONSTRAINT; Schema: public; Owner: postgres
--

ALTER TABLE ONLY public.ticket
    ADD CONSTRAINT ticket_id_place_fkey FOREIGN KEY (id_place) REFERENCES public.place(id_place);


--
-- Name: ticket ticket_to_station_fkey; Type: FK CONSTRAINT; Schema: public; Owner: postgres
--

ALTER TABLE ONLY public.ticket
    ADD CONSTRAINT ticket_to_station_fkey FOREIGN KEY (to_station) REFERENCES public.station(id_station);


--
-- Name: train train_id_type_fkey; Type: FK CONSTRAINT; Schema: public; Owner: postgres
--

ALTER TABLE ONLY public.train
    ADD CONSTRAINT train_id_type_fkey FOREIGN KEY (id_type) REFERENCES public.traintype(id_type);


--
-- Name: trip trip_id_train_fkey; Type: FK CONSTRAINT; Schema: public; Owner: postgres
--

ALTER TABLE ONLY public.trip
    ADD CONSTRAINT trip_id_train_fkey FOREIGN KEY (id_train) REFERENCES public.train(id_train);


--
-- Name: wagon wagon_id_trip_fkey; Type: FK CONSTRAINT; Schema: public; Owner: postgres
--

ALTER TABLE ONLY public.wagon
    ADD CONSTRAINT wagon_id_trip_fkey FOREIGN KEY (id_trip) REFERENCES public.trip(id_trip);


--
-- Name: wagon wagon_id_type_fkey; Type: FK CONSTRAINT; Schema: public; Owner: postgres
--

ALTER TABLE ONLY public.wagon
    ADD CONSTRAINT wagon_id_type_fkey FOREIGN KEY (id_type) REFERENCES public.wagontype(id_type);


--
-- PostgreSQL database dump complete
--

