/*
 Navicat Premium Data Transfer

 Source Server         : localhost_3306
 Source Server Type    : MySQL
 Source Server Version : 100417
 Source Host           : localhost:3513
 Source Schema         : aspirante

 Target Server Type    : MySQL
 Target Server Version : 100417
 File Encoding         : 65001

 Date: 22/03/2021 03:35:35
*/

SET NAMES utf8mb4;
SET FOREIGN_KEY_CHECKS = 0;

-- ----------------------------
-- Table structure for ac_blog_categories
-- ----------------------------
DROP TABLE IF EXISTS `ac_blog_categories`;
CREATE TABLE `ac_blog_categories`  (
  `blog_category_id` int(10) UNSIGNED NOT NULL AUTO_INCREMENT,
  `account_id` int(10) UNSIGNED NULL DEFAULT NULL,
  `title` varchar(100) CHARACTER SET utf8 COLLATE utf8_general_ci NOT NULL,
  `status` tinyint(4) NOT NULL DEFAULT 1,
  `created_at` datetime(0) NULL DEFAULT NULL,
  `updated_at` datetime(0) NULL DEFAULT NULL,
  PRIMARY KEY (`blog_category_id`) USING BTREE
) ENGINE = InnoDB AUTO_INCREMENT = 4 CHARACTER SET = utf8 COLLATE = utf8_general_ci ROW_FORMAT = DYNAMIC;

-- ----------------------------
-- Records of ac_blog_categories
-- ----------------------------
INSERT INTO `ac_blog_categories` VALUES (1, NULL, 'Principal', 1, '2020-12-24 02:38:33', '2021-03-19 14:19:25');
INSERT INTO `ac_blog_categories` VALUES (2, NULL, 'Category 2', 0, '2020-12-24 02:38:33', '2020-12-24 02:38:33');
INSERT INTO `ac_blog_categories` VALUES (3, NULL, 'Category 3', 0, '2020-12-24 02:38:33', '2020-12-24 02:38:33');

-- ----------------------------
-- Table structure for ac_blogs
-- ----------------------------
DROP TABLE IF EXISTS `ac_blogs`;
CREATE TABLE `ac_blogs`  (
  `blog_id` int(10) UNSIGNED NOT NULL AUTO_INCREMENT,
  `blog_category_id` int(10) UNSIGNED NOT NULL,
  `account_id` int(10) UNSIGNED NULL DEFAULT NULL,
  `title` text CHARACTER SET utf8 COLLATE utf8_general_ci NOT NULL,
  `description` text CHARACTER SET utf8 COLLATE utf8_general_ci NULL,
  `status` tinyint(4) NOT NULL DEFAULT 1,
  `created_at` datetime(0) NULL DEFAULT NULL,
  `updated_at` datetime(0) NULL DEFAULT NULL,
  PRIMARY KEY (`blog_id`) USING BTREE
) ENGINE = InnoDB AUTO_INCREMENT = 9 CHARACTER SET = utf8 COLLATE = utf8_general_ci ROW_FORMAT = DYNAMIC;

-- ----------------------------
-- Records of ac_blogs
-- ----------------------------
INSERT INTO `ac_blogs` VALUES (1, 1, NULL, 'Preguntas Frecuentes', '<h2>¿Aspirantecertificado.com comparte     mis datos?</h2>\r\n\r\n<p>No, siempre que una empresa quiera acceder a tu información, te preguntará tu consentemiento para poder aplicar a vacantes.</p>\r\n\r\n<h2>¿Si en la vacante que estoy postulado fui rechazado puedo aplicar a otras vacan-tes?</h2>\r\n\r\n<p>Aspirantecertificado.com te enviará vacantes que puede ser de tu interés, siempre que tu autorices aplicar, entonces se le compartiran los datos</p>\r\n\r\n<h2>¿Si estoy aplicando a una vacante que  no esta en aspirantecertificado.com pue-do compartir mi constancia de validación de información?</h2>\r\n\r\n<p>Si, te llegará un correo con la validación de tus datos para que pueda ser compartido con otras empresas y con tu autorización pueda validar la información.</p>\r\n', 1, '2020-12-24 02:38:33', '2021-03-19 14:21:56');
INSERT INTO `ac_blogs` VALUES (2, 1, NULL, '¿Cómo Aplicar?', '<h2>¿Cómo Aplicar?</h2>\r\n\r\n<p>La empresa que publica la vancante te enviará una invitación para que sigas el proceso, en todo momento puedes ver el estao de tu vacante.</p>\r\n\r\n<p>Aspirantecertificado.com te notificar el estado de tu contratación por:</p>\r\n\r\n<p>Email</p>\r\n\r\n<p>SMS</p>\r\n\r\n<p> </p>\r\n', 1, '2020-12-24 02:38:33', '2021-03-19 14:26:29');
INSERT INTO `ac_blogs` VALUES (3, 1, NULL, 'Consejos para dar una Videoentrevista', '<p><strong>No des nada por hecho</strong></p>\r\n\r\n<p>Este es uno de los consejos más valiosos que podemos darte. Aunque hayas realizado más de una videoentrevista, asegúrate de que toda la mecánica funciona.</p>\r\n\r\n<p><strong>Revisa la conexión</strong>, la cámara del computadora o del celular, comprueba que el internet tenga una velocidad decente, etcétera.</p>\r\n\r\n<p>Es importante que te hayas instalado por lo menos 5 minutos antes de empezar la entrevista. Pero antes de esos 5 minutos es necesario que hagas por lo menos alguna prueba: pídele a alguien de confianza que te haga una videollamada con la aplicación que usarás para la entrevista y comprueba que todo funciona, se ve y se oye correctamente.</p>\r\n\r\n<h3><strong>El espacio</strong></h3>\r\n\r\n<p>Busca un lugar donde no haya mucho ruido. Es importante que haya luz, ojalá natural.</p>\r\n\r\n<p>Recuerda que los reclutadores te conocerán solo a través de la pantalla, así que necesitas verte con nitidez para que la conversación resulte fluida.</p>\r\n\r\n<p>¿Por qué la imagen, si es una conversación? Es que en el lenguaje no solo impacta la voz, también los gestos y las expresiones faciales. Así que reiteramos, una <strong>buena iluminación</strong> será esencial para que tanto tú como la persona que te entreviste puedan mantener una buena charla.</p>\r\n\r\n<p><strong>Un proceso de selección serio, pocas interrupciones</strong></p>\r\n\r\n<p>Es importante que durante la entrevista desactives todas las notificaciones: tu tiempo está dedicado a la persona que te entrevista, nadie más.</p>\r\n\r\n<p>Si vives con más gente, un consejo adicional es que pegues un papelito en la puerta donde diga que estás en una entrevista y no se puede molestar. Si hay niños pequeños, intenta que alguien esté con ellos durante esa hora.</p>\r\n\r\n<p>Las interrupciones son más comprensibles ahora. Tarde o temprano van a ocurrir. Pero por esta ocasión lo que más juega a tu favor es demostrar que eres capaz de crear un espacio de trabajo tranquilo donde desarrollar tus tareas.</p>\r\n\r\n<h3><strong>Una conversación distendida</strong></h3>\r\n\r\n<p>En las entrevistas presenciales se da mucho lo de juntarse en la recepción de la oficina y de ahí tomar un ascensor o caminar por un pasillo hasta la sala de reuniones. Es el momento de hablar de cosas triviales, de romper el hielo y de que los reclutadores puedan hacerse una idea de cómo te desarrolla socialmente.</p>\r\n\r\n<p>Por el momento, eso se acabó.</p>\r\n\r\n<p>Ahora las reuniones virtuales empiezan con unas cuantas <strong>preguntas distendidas</strong>, de cortesía, para romper el hielo e intentar crear un ambiente más cómodo para realizar la entrevista.</p>\r\n\r\n<p>Asegúrate de mantener esa conversación y evita responder con monosílabos. Tampoco demuestres tu nerviosismo o impaciencia para empezar, pero si es primera vez menciónalo: todo forma parte de un ritual que se está estableciendo poco a poco.</p>\r\n\r\n<h3><strong>S.O.S.: problemas técnicos</strong></h3>\r\n\r\n<p>Imagínate, verificaste todo pero igual se dio un problema técnico. <strong>No te preocupes y mantén la calma</strong>.</p>\r\n\r\n<p>Lo mismo que te sucede a ti también le puede pasar a la persona que te entrevista, esto no va a ser ninguna gran sorpresa. Así que muestra tu mejor cara, intenta solucionarlo y si es posible continúa con la entrevista hasta el final.</p>\r\n\r\n<h3><strong>La vestimenta</strong></h3>\r\n\r\n<p>Aunque respondas la entrevista desde tu casa, es importante que te vistas pensando en dar buena impresión. Recuerda todos los tips que te hemos ido dando para acudir a una entrevista con ropa cómoda pero formal.</p>\r\n\r\n<h3><strong>Vocalizar, gestualizar y sonreír</strong></h3>\r\n\r\n<p>Estos son 3 verbos que deben estar muy presentes en la entrevista. No hace falta que exageres, pero al transmitir a través de una videollamada es importante que vocalices, que dejes una pausa para ver si el reclutador quiere decir algo y también que uses esas pausas para evitar las interrupciones.</p>\r\n\r\n<p>La gestualización te ayudará a dar énfasis a lo que estás contando. Usa las manos y las expresiones faciales para ayudar a la persona del otro lado de la pantalla a entender mejor lo que estás contando.</p>\r\n\r\n<p>Sonreír es importante, muestra seguridad y hace que se cree un vínculo de confianza entre dos personas. Dentro de la labor de los reclutadores se considera que si un candidato no sonríe durante la entrevista eso puede ser motivo de que no pase a la siguiente fase.</p>\r\n\r\n<p><strong>La falta de sonrisas puede crear desconfianza</strong> en el interlocutor y puede que des una imagen que no corresponde con la realidad.</p>\r\n\r\n<h3><strong>Responde con ejemplos concretos y conoce la empresa</strong></h3>\r\n\r\n<p>Recuerda que debes asistir habiéndote informado sobre cómo es la empresa, en qué sector se desarrolla y cuáles son sus valores.</p>\r\n\r\n<p>Una de las principales preocupaciones de los gestores de talento es saber si la persona a la que están entrevistando encaja con la cultura de la emresa o no. Usa tus respuestas para demostrar que ese es el mejor lugar que puedes encontrar para desarrollar tu carrera.</p>\r\n\r\n<p>Practica con alguien que te conozca para saber cómo hacer funcionar la tecnología y escoger el mejor ángulo para realizar la entrevista. Prepara la escenografía y úsala a tu favor.</p>\r\n', 1, '2020-12-24 02:38:33', '2021-03-19 14:35:27');
INSERT INTO `ac_blogs` VALUES (4, 1, NULL, 'Privacy Policy', '<h2>What is Lorem Ipsum?</h2>\r\n<p>Lorem Ipsum is simply dummy text of the printing and typesetting industry. Lorem Ipsum has been the industry\'s standard dummy text ever since the 1500s, when an unknown printer took a galley of type and scrambled it to make a type specimen book. It has survived not only five centuries, but also the leap into electronic typesetting, remaining essentially unchanged. It was popularised in the 1960s with the release of Letraset sheets containing Lorem Ipsum passages, and more recently with desktop publishing software like Aldus PageMaker including versions of Lorem Ipsum.</p\r\n\r\n<h2>Why do we use it?</h2>\r\n<p>It is a long established fact that a reader will be distracted by the readable content of a page when looking at its layout. The point of using Lorem Ipsum is that it has a more-or-less normal distribution of letters, as opposed to using \'Content here, content here\', making it look like readable English. Many desktop publishing packages and web page editors now use Lorem Ipsum as their default model text, and a search for \'lorem ipsum\' will uncover many web sites still in their infancy. Various versions have evolved over the years, sometimes by accident, sometimes on purpose (injected humour and the like).</p>\r\n\r\n<h2>Where does it come from?</h2>\r\n<p>Contrary to popular belief, Lorem Ipsum is not simply random text. It has roots in a piece of classical Latin literature from 45 BC, making it over 2000 years old. Richard McClintock, a Latin professor at Hampden-Sydney College in Virginia, looked up one of the more obscure Latin words, consectetur, from a Lorem Ipsum passage, and going through the cites of the word in classical literature, discovered the undoubtable source. Lorem Ipsum comes from sections 1.10.32 and 1.10.33 of \"de Finibus Bonorum et Malorum\" (The Extremes of Good and Evil) by Cicero, written in 45 BC. This book is a treatise on the theory of ethics, very popular during the Renaissance. The first line of Lorem Ipsum, \"Lorem ipsum dolor sit amet..\", comes from a line in section 1.10.32.</p>\r\n\r\n<p>The standard chunk of Lorem Ipsum used since the 1500s is reproduced below for those interested. Sections 1.10.32 and 1.10.33 from \"de Finibus Bonorum et Malorum\" by Cicero are also reproduced in their exact original form, accompanied by English versions from the 1914 translation by H. Rackham.</p>\r\n\r\n<h2>Where can I get some?</h2>\r\n<p>There are many variations of passages of Lorem Ipsum available, but the majority have suffered alteration in some form, by injected humour, or randomised words which don\'t look even slightly believable. If you are going to use a passage of Lorem Ipsum, you need to be sure there isn\'t anything embarrassing hidden in the middle of text. All the Lorem Ipsum generators on the Internet tend to repeat predefined chunks as necessary, making this the first true generator on the Internet. It uses a dictionary of over 200 Latin words, combined with a handful of model sentence structures, to generate Lorem Ipsum which looks reasonable. The generated Lorem Ipsum is therefore always free from repetition, injected humour, or non-characteristic words etc.</p>', 0, '2020-12-24 02:38:33', '2020-12-24 02:38:33');

-- ----------------------------
-- Table structure for ac_candidate_interviews
-- ----------------------------
DROP TABLE IF EXISTS `ac_candidate_interviews`;
CREATE TABLE `ac_candidate_interviews`  (
  `candidate_interview_id` int(10) UNSIGNED NOT NULL AUTO_INCREMENT,
  `candidate_id` int(11) NOT NULL,
  `job_id` int(10) UNSIGNED NOT NULL,
  `user_id` int(10) UNSIGNED NOT NULL,
  `interview_title` varchar(250) CHARACTER SET utf8 COLLATE utf8_general_ci NOT NULL,
  `interview_data` text CHARACTER SET utf8 COLLATE utf8_general_ci NULL,
  `answers_data` text CHARACTER SET utf8 COLLATE utf8_general_ci NULL,
  `total_questions` int(11) NULL DEFAULT NULL,
  `overall_rating` int(11) NULL DEFAULT NULL,
  `status` tinyint(4) NOT NULL DEFAULT 0,
  `interview_time` datetime(0) NULL DEFAULT NULL,
  `description` text CHARACTER SET utf8 COLLATE utf8_general_ci NULL,
  `updated_at` datetime(0) NULL DEFAULT NULL,
  `created_at` datetime(0) NULL DEFAULT NULL,
  PRIMARY KEY (`candidate_interview_id`) USING BTREE
) ENGINE = InnoDB AUTO_INCREMENT = 16 CHARACTER SET = utf8 COLLATE = utf8_general_ci ROW_FORMAT = DYNAMIC;

-- ----------------------------
-- Records of ac_candidate_interviews
-- ----------------------------
INSERT INTO `ac_candidate_interviews` VALUES (2, 2, 1, 4, 'General Interview', '{\"interview\":{\"interview_id\":\"3\",\"interview_category_id\":\"4\",\"account_id\":null,\"title\":\"General Interview\",\"description\":\"Lorem Ipsum is simply dummy text of the printing and typesetting industry. Lorem Ipsum has been the industry\'s standard dummy text ever since the 1500s, when an unknown printer took a galley of type and scrambled it to make a type specimen book. It has survived not only five centuries, but also the leap into electronic typesetting, remaining essentially unchanged.\",\"created_at\":\"2020-12-24 02:38:32\",\"updated_at\":\"2020-12-24 02:38:32\"},\"questions\":[{\"interview_question_id\":\"1\",\"interview_id\":\"3\",\"account_id\":null,\"title\":\"Tell me a little about yourself.\",\"image\":\"\",\"order\":\"0\",\"created_at\":\"2020-12-24 02:38:32\",\"updated_at\":\"2020-12-24 02:38:32\"},{\"interview_question_id\":\"2\",\"interview_id\":\"3\",\"account_id\":null,\"title\":\"What are your biggest weaknesses?\",\"image\":\"\",\"order\":\"0\",\"created_at\":\"2020-12-24 02:38:32\",\"updated_at\":\"2020-12-24 02:38:32\"},{\"interview_question_id\":\"3\",\"interview_id\":\"3\",\"account_id\":null,\"title\":\"What are your biggest strengths?\",\"image\":\"\",\"order\":\"0\",\"created_at\":\"2020-12-24 02:38:32\",\"updated_at\":\"2020-12-24 02:38:32\"},{\"interview_question_id\":\"4\",\"interview_id\":\"3\",\"account_id\":null,\"title\":\"Where do you see yourself in five years?\",\"image\":\"\",\"order\":\"0\",\"created_at\":\"2020-12-24 02:38:32\",\"updated_at\":\"2020-12-24 02:38:32\"},{\"interview_question_id\":\"5\",\"interview_id\":\"3\",\"account_id\":null,\"title\":\"Out of all the other candidates, why should we hire you?\",\"image\":\"\",\"order\":\"0\",\"created_at\":\"2020-12-24 02:38:32\",\"updated_at\":\"2020-12-24 02:38:32\"},{\"interview_question_id\":\"6\",\"interview_id\":\"3\",\"account_id\":null,\"title\":\"How did you learn about the opening?\",\"image\":\"\",\"order\":\"0\",\"created_at\":\"2020-12-24 02:38:32\",\"updated_at\":\"2020-12-24 02:38:32\"},{\"interview_question_id\":\"7\",\"interview_id\":\"3\",\"account_id\":null,\"title\":\"Why do you want this job?\",\"image\":\"\",\"order\":\"0\",\"created_at\":\"2020-12-24 02:38:32\",\"updated_at\":\"2020-12-24 02:38:32\"},{\"interview_question_id\":\"8\",\"interview_id\":\"3\",\"account_id\":null,\"title\":\"What do you consider to be your biggest professional achievement?\",\"image\":\"\",\"order\":\"0\",\"created_at\":\"2020-12-24 02:38:32\",\"updated_at\":\"2020-12-24 02:38:32\"},{\"interview_question_id\":\"9\",\"interview_id\":\"3\",\"account_id\":null,\"title\":\"Tell me about the last time a co-worker or customer got angry with you. What happened?\",\"image\":\"\",\"order\":\"0\",\"created_at\":\"2020-12-24 02:38:32\",\"updated_at\":\"2020-12-24 02:38:32\"},{\"interview_question_id\":\"10\",\"interview_id\":\"3\",\"account_id\":null,\"title\":\"Describe your dream job.\",\"image\":\"\",\"order\":\"0\",\"created_at\":\"2020-12-24 02:38:32\",\"updated_at\":\"2020-12-24 02:38:32\"},{\"interview_question_id\":\"11\",\"interview_id\":\"3\",\"account_id\":null,\"title\":\"Why do you want to leave your current job?\",\"image\":\"\",\"order\":\"0\",\"created_at\":\"2020-12-24 02:38:32\",\"updated_at\":\"2020-12-24 02:38:32\"},{\"interview_question_id\":\"12\",\"interview_id\":\"3\",\"account_id\":null,\"title\":\"What kind of work environment do you like best?\",\"image\":\"\",\"order\":\"0\",\"created_at\":\"2020-12-24 02:38:32\",\"updated_at\":\"2020-12-24 02:38:32\"},{\"interview_question_id\":\"13\",\"interview_id\":\"3\",\"account_id\":null,\"title\":\"Tell me about the toughest decision you had to make in the last six months.\",\"image\":\"\",\"order\":\"0\",\"created_at\":\"2020-12-24 02:38:32\",\"updated_at\":\"2020-12-24 02:38:32\"},{\"interview_question_id\":\"14\",\"interview_id\":\"3\",\"account_id\":null,\"title\":\"What is your leadership style?\",\"image\":\"\",\"order\":\"0\",\"created_at\":\"2020-12-24 02:38:32\",\"updated_at\":\"2020-12-24 02:38:32\"},{\"interview_question_id\":\"15\",\"interview_id\":\"3\",\"account_id\":null,\"title\":\"Tell me about a time you disagreed with a decision. What did you do?\",\"image\":\"\",\"order\":\"0\",\"created_at\":\"2020-12-24 02:38:32\",\"updated_at\":\"2020-12-24 02:38:32\"},{\"interview_question_id\":\"16\",\"interview_id\":\"3\",\"account_id\":null,\"title\":\"Tell me how you think other people would describe you.\",\"image\":\"\",\"order\":\"0\",\"created_at\":\"2020-12-24 02:38:32\",\"updated_at\":\"2020-12-24 02:38:32\"},{\"interview_question_id\":\"17\",\"interview_id\":\"3\",\"account_id\":null,\"title\":\"What can we expect from you in your first three months?\",\"image\":\"\",\"order\":\"0\",\"created_at\":\"2020-12-24 02:38:32\",\"updated_at\":\"2020-12-24 02:38:32\"},{\"interview_question_id\":\"18\",\"interview_id\":\"3\",\"account_id\":null,\"title\":\"What do you like to do outside of work?\",\"image\":\"\",\"order\":\"0\",\"created_at\":\"2020-12-24 02:38:32\",\"updated_at\":\"2020-12-24 02:38:32\"},{\"interview_question_id\":\"19\",\"interview_id\":\"3\",\"account_id\":null,\"title\":\"What was your salary in your last job?\",\"image\":\"\",\"order\":\"0\",\"created_at\":\"2020-12-24 02:38:32\",\"updated_at\":\"2020-12-24 02:38:32\"},{\"interview_question_id\":\"20\",\"interview_id\":\"3\",\"account_id\":null,\"title\":\"A snail is at the bottom of a 30-foot well. Each day he climbs up three feet, but at night he slips back two feet. How many days will it take him to climb out of the well?\",\"image\":\"\",\"order\":\"0\",\"created_at\":\"2020-12-24 02:38:32\",\"updated_at\":\"2020-12-24 02:38:32\"},{\"interview_question_id\":\"21\",\"interview_id\":\"3\",\"account_id\":null,\"title\":\"What do you expect me to accomplish in the first 90 days?\",\"image\":\"\",\"order\":\"0\",\"created_at\":\"2020-12-24 02:38:32\",\"updated_at\":\"2020-12-24 02:38:32\"},{\"interview_question_id\":\"22\",\"interview_id\":\"3\",\"account_id\":null,\"title\":\"If you were to rank them, what are the three traits your top performers have in common?\",\"image\":\"\",\"order\":\"0\",\"created_at\":\"2020-12-24 02:38:32\",\"updated_at\":\"2020-12-24 02:38:32\"},{\"interview_question_id\":\"23\",\"interview_id\":\"3\",\"account_id\":null,\"title\":\"What really drives results in this job?\",\"image\":\"\",\"order\":\"0\",\"created_at\":\"2020-12-24 02:38:32\",\"updated_at\":\"2020-12-24 02:38:32\"},{\"interview_question_id\":\"24\",\"interview_id\":\"3\",\"account_id\":null,\"title\":\"What are the company\'s highest-priority goals this year, and how would my role contribute?\",\"image\":\"\",\"order\":\"0\",\"created_at\":\"2020-12-24 02:38:32\",\"updated_at\":\"2020-12-24 02:38:32\"},{\"interview_question_id\":\"25\",\"interview_id\":\"3\",\"account_id\":null,\"title\":\"What do you plan to do if...?\",\"image\":\"\",\"order\":\"0\",\"created_at\":\"2020-12-24 02:38:32\",\"updated_at\":\"2020-12-24 02:38:32\"}]}', NULL, 25, 109, 1, NULL, NULL, NULL, '2020-12-24 02:38:34');
INSERT INTO `ac_candidate_interviews` VALUES (3, 3, 1, 8, 'General Interview', '{\"interview\":{\"interview_id\":\"3\",\"interview_category_id\":\"4\",\"account_id\":null,\"title\":\"General Interview\",\"description\":\"Lorem Ipsum is simply dummy text of the printing and typesetting industry. Lorem Ipsum has been the industry\'s standard dummy text ever since the 1500s, when an unknown printer took a galley of type and scrambled it to make a type specimen book. It has survived not only five centuries, but also the leap into electronic typesetting, remaining essentially unchanged.\",\"created_at\":\"2020-12-24 02:38:32\",\"updated_at\":\"2020-12-24 02:38:32\"},\"questions\":[{\"interview_question_id\":\"1\",\"interview_id\":\"3\",\"account_id\":null,\"title\":\"Tell me a little about yourself.\",\"image\":\"\",\"order\":\"0\",\"created_at\":\"2020-12-24 02:38:32\",\"updated_at\":\"2020-12-24 02:38:32\"},{\"interview_question_id\":\"2\",\"interview_id\":\"3\",\"account_id\":null,\"title\":\"What are your biggest weaknesses?\",\"image\":\"\",\"order\":\"0\",\"created_at\":\"2020-12-24 02:38:32\",\"updated_at\":\"2020-12-24 02:38:32\"},{\"interview_question_id\":\"3\",\"interview_id\":\"3\",\"account_id\":null,\"title\":\"What are your biggest strengths?\",\"image\":\"\",\"order\":\"0\",\"created_at\":\"2020-12-24 02:38:32\",\"updated_at\":\"2020-12-24 02:38:32\"},{\"interview_question_id\":\"4\",\"interview_id\":\"3\",\"account_id\":null,\"title\":\"Where do you see yourself in five years?\",\"image\":\"\",\"order\":\"0\",\"created_at\":\"2020-12-24 02:38:32\",\"updated_at\":\"2020-12-24 02:38:32\"},{\"interview_question_id\":\"5\",\"interview_id\":\"3\",\"account_id\":null,\"title\":\"Out of all the other candidates, why should we hire you?\",\"image\":\"\",\"order\":\"0\",\"created_at\":\"2020-12-24 02:38:32\",\"updated_at\":\"2020-12-24 02:38:32\"},{\"interview_question_id\":\"6\",\"interview_id\":\"3\",\"account_id\":null,\"title\":\"How did you learn about the opening?\",\"image\":\"\",\"order\":\"0\",\"created_at\":\"2020-12-24 02:38:32\",\"updated_at\":\"2020-12-24 02:38:32\"},{\"interview_question_id\":\"7\",\"interview_id\":\"3\",\"account_id\":null,\"title\":\"Why do you want this job?\",\"image\":\"\",\"order\":\"0\",\"created_at\":\"2020-12-24 02:38:32\",\"updated_at\":\"2020-12-24 02:38:32\"},{\"interview_question_id\":\"8\",\"interview_id\":\"3\",\"account_id\":null,\"title\":\"What do you consider to be your biggest professional achievement?\",\"image\":\"\",\"order\":\"0\",\"created_at\":\"2020-12-24 02:38:32\",\"updated_at\":\"2020-12-24 02:38:32\"},{\"interview_question_id\":\"9\",\"interview_id\":\"3\",\"account_id\":null,\"title\":\"Tell me about the last time a co-worker or customer got angry with you. What happened?\",\"image\":\"\",\"order\":\"0\",\"created_at\":\"2020-12-24 02:38:32\",\"updated_at\":\"2020-12-24 02:38:32\"},{\"interview_question_id\":\"10\",\"interview_id\":\"3\",\"account_id\":null,\"title\":\"Describe your dream job.\",\"image\":\"\",\"order\":\"0\",\"created_at\":\"2020-12-24 02:38:32\",\"updated_at\":\"2020-12-24 02:38:32\"},{\"interview_question_id\":\"11\",\"interview_id\":\"3\",\"account_id\":null,\"title\":\"Why do you want to leave your current job?\",\"image\":\"\",\"order\":\"0\",\"created_at\":\"2020-12-24 02:38:32\",\"updated_at\":\"2020-12-24 02:38:32\"},{\"interview_question_id\":\"12\",\"interview_id\":\"3\",\"account_id\":null,\"title\":\"What kind of work environment do you like best?\",\"image\":\"\",\"order\":\"0\",\"created_at\":\"2020-12-24 02:38:32\",\"updated_at\":\"2020-12-24 02:38:32\"},{\"interview_question_id\":\"13\",\"interview_id\":\"3\",\"account_id\":null,\"title\":\"Tell me about the toughest decision you had to make in the last six months.\",\"image\":\"\",\"order\":\"0\",\"created_at\":\"2020-12-24 02:38:32\",\"updated_at\":\"2020-12-24 02:38:32\"},{\"interview_question_id\":\"14\",\"interview_id\":\"3\",\"account_id\":null,\"title\":\"What is your leadership style?\",\"image\":\"\",\"order\":\"0\",\"created_at\":\"2020-12-24 02:38:32\",\"updated_at\":\"2020-12-24 02:38:32\"},{\"interview_question_id\":\"15\",\"interview_id\":\"3\",\"account_id\":null,\"title\":\"Tell me about a time you disagreed with a decision. What did you do?\",\"image\":\"\",\"order\":\"0\",\"created_at\":\"2020-12-24 02:38:32\",\"updated_at\":\"2020-12-24 02:38:32\"},{\"interview_question_id\":\"16\",\"interview_id\":\"3\",\"account_id\":null,\"title\":\"Tell me how you think other people would describe you.\",\"image\":\"\",\"order\":\"0\",\"created_at\":\"2020-12-24 02:38:32\",\"updated_at\":\"2020-12-24 02:38:32\"},{\"interview_question_id\":\"17\",\"interview_id\":\"3\",\"account_id\":null,\"title\":\"What can we expect from you in your first three months?\",\"image\":\"\",\"order\":\"0\",\"created_at\":\"2020-12-24 02:38:32\",\"updated_at\":\"2020-12-24 02:38:32\"},{\"interview_question_id\":\"18\",\"interview_id\":\"3\",\"account_id\":null,\"title\":\"What do you like to do outside of work?\",\"image\":\"\",\"order\":\"0\",\"created_at\":\"2020-12-24 02:38:32\",\"updated_at\":\"2020-12-24 02:38:32\"},{\"interview_question_id\":\"19\",\"interview_id\":\"3\",\"account_id\":null,\"title\":\"What was your salary in your last job?\",\"image\":\"\",\"order\":\"0\",\"created_at\":\"2020-12-24 02:38:32\",\"updated_at\":\"2020-12-24 02:38:32\"},{\"interview_question_id\":\"20\",\"interview_id\":\"3\",\"account_id\":null,\"title\":\"A snail is at the bottom of a 30-foot well. Each day he climbs up three feet, but at night he slips back two feet. How many days will it take him to climb out of the well?\",\"image\":\"\",\"order\":\"0\",\"created_at\":\"2020-12-24 02:38:32\",\"updated_at\":\"2020-12-24 02:38:32\"},{\"interview_question_id\":\"21\",\"interview_id\":\"3\",\"account_id\":null,\"title\":\"What do you expect me to accomplish in the first 90 days?\",\"image\":\"\",\"order\":\"0\",\"created_at\":\"2020-12-24 02:38:32\",\"updated_at\":\"2020-12-24 02:38:32\"},{\"interview_question_id\":\"22\",\"interview_id\":\"3\",\"account_id\":null,\"title\":\"If you were to rank them, what are the three traits your top performers have in common?\",\"image\":\"\",\"order\":\"0\",\"created_at\":\"2020-12-24 02:38:32\",\"updated_at\":\"2020-12-24 02:38:32\"},{\"interview_question_id\":\"23\",\"interview_id\":\"3\",\"account_id\":null,\"title\":\"What really drives results in this job?\",\"image\":\"\",\"order\":\"0\",\"created_at\":\"2020-12-24 02:38:32\",\"updated_at\":\"2020-12-24 02:38:32\"},{\"interview_question_id\":\"24\",\"interview_id\":\"3\",\"account_id\":null,\"title\":\"What are the company\'s highest-priority goals this year, and how would my role contribute?\",\"image\":\"\",\"order\":\"0\",\"created_at\":\"2020-12-24 02:38:32\",\"updated_at\":\"2020-12-24 02:38:32\"},{\"interview_question_id\":\"25\",\"interview_id\":\"3\",\"account_id\":null,\"title\":\"What do you plan to do if...?\",\"image\":\"\",\"order\":\"0\",\"created_at\":\"2020-12-24 02:38:32\",\"updated_at\":\"2020-12-24 02:38:32\"}]}', NULL, 25, 1, 1, NULL, NULL, NULL, '2020-12-24 02:38:34');
INSERT INTO `ac_candidate_interviews` VALUES (4, 4, 1, 10, 'General Interview', '{\"interview\":{\"interview_id\":\"3\",\"interview_category_id\":\"4\",\"account_id\":null,\"title\":\"General Interview\",\"description\":\"Lorem Ipsum is simply dummy text of the printing and typesetting industry. Lorem Ipsum has been the industry\'s standard dummy text ever since the 1500s, when an unknown printer took a galley of type and scrambled it to make a type specimen book. It has survived not only five centuries, but also the leap into electronic typesetting, remaining essentially unchanged.\",\"created_at\":\"2020-12-24 02:38:32\",\"updated_at\":\"2020-12-24 02:38:32\"},\"questions\":[{\"interview_question_id\":\"1\",\"interview_id\":\"3\",\"account_id\":null,\"title\":\"Tell me a little about yourself.\",\"image\":\"\",\"order\":\"0\",\"created_at\":\"2020-12-24 02:38:32\",\"updated_at\":\"2020-12-24 02:38:32\"},{\"interview_question_id\":\"2\",\"interview_id\":\"3\",\"account_id\":null,\"title\":\"What are your biggest weaknesses?\",\"image\":\"\",\"order\":\"0\",\"created_at\":\"2020-12-24 02:38:32\",\"updated_at\":\"2020-12-24 02:38:32\"},{\"interview_question_id\":\"3\",\"interview_id\":\"3\",\"account_id\":null,\"title\":\"What are your biggest strengths?\",\"image\":\"\",\"order\":\"0\",\"created_at\":\"2020-12-24 02:38:32\",\"updated_at\":\"2020-12-24 02:38:32\"},{\"interview_question_id\":\"4\",\"interview_id\":\"3\",\"account_id\":null,\"title\":\"Where do you see yourself in five years?\",\"image\":\"\",\"order\":\"0\",\"created_at\":\"2020-12-24 02:38:32\",\"updated_at\":\"2020-12-24 02:38:32\"},{\"interview_question_id\":\"5\",\"interview_id\":\"3\",\"account_id\":null,\"title\":\"Out of all the other candidates, why should we hire you?\",\"image\":\"\",\"order\":\"0\",\"created_at\":\"2020-12-24 02:38:32\",\"updated_at\":\"2020-12-24 02:38:32\"},{\"interview_question_id\":\"6\",\"interview_id\":\"3\",\"account_id\":null,\"title\":\"How did you learn about the opening?\",\"image\":\"\",\"order\":\"0\",\"created_at\":\"2020-12-24 02:38:32\",\"updated_at\":\"2020-12-24 02:38:32\"},{\"interview_question_id\":\"7\",\"interview_id\":\"3\",\"account_id\":null,\"title\":\"Why do you want this job?\",\"image\":\"\",\"order\":\"0\",\"created_at\":\"2020-12-24 02:38:32\",\"updated_at\":\"2020-12-24 02:38:32\"},{\"interview_question_id\":\"8\",\"interview_id\":\"3\",\"account_id\":null,\"title\":\"What do you consider to be your biggest professional achievement?\",\"image\":\"\",\"order\":\"0\",\"created_at\":\"2020-12-24 02:38:32\",\"updated_at\":\"2020-12-24 02:38:32\"},{\"interview_question_id\":\"9\",\"interview_id\":\"3\",\"account_id\":null,\"title\":\"Tell me about the last time a co-worker or customer got angry with you. What happened?\",\"image\":\"\",\"order\":\"0\",\"created_at\":\"2020-12-24 02:38:32\",\"updated_at\":\"2020-12-24 02:38:32\"},{\"interview_question_id\":\"10\",\"interview_id\":\"3\",\"account_id\":null,\"title\":\"Describe your dream job.\",\"image\":\"\",\"order\":\"0\",\"created_at\":\"2020-12-24 02:38:32\",\"updated_at\":\"2020-12-24 02:38:32\"},{\"interview_question_id\":\"11\",\"interview_id\":\"3\",\"account_id\":null,\"title\":\"Why do you want to leave your current job?\",\"image\":\"\",\"order\":\"0\",\"created_at\":\"2020-12-24 02:38:32\",\"updated_at\":\"2020-12-24 02:38:32\"},{\"interview_question_id\":\"12\",\"interview_id\":\"3\",\"account_id\":null,\"title\":\"What kind of work environment do you like best?\",\"image\":\"\",\"order\":\"0\",\"created_at\":\"2020-12-24 02:38:32\",\"updated_at\":\"2020-12-24 02:38:32\"},{\"interview_question_id\":\"13\",\"interview_id\":\"3\",\"account_id\":null,\"title\":\"Tell me about the toughest decision you had to make in the last six months.\",\"image\":\"\",\"order\":\"0\",\"created_at\":\"2020-12-24 02:38:32\",\"updated_at\":\"2020-12-24 02:38:32\"},{\"interview_question_id\":\"14\",\"interview_id\":\"3\",\"account_id\":null,\"title\":\"What is your leadership style?\",\"image\":\"\",\"order\":\"0\",\"created_at\":\"2020-12-24 02:38:32\",\"updated_at\":\"2020-12-24 02:38:32\"},{\"interview_question_id\":\"15\",\"interview_id\":\"3\",\"account_id\":null,\"title\":\"Tell me about a time you disagreed with a decision. What did you do?\",\"image\":\"\",\"order\":\"0\",\"created_at\":\"2020-12-24 02:38:32\",\"updated_at\":\"2020-12-24 02:38:32\"},{\"interview_question_id\":\"16\",\"interview_id\":\"3\",\"account_id\":null,\"title\":\"Tell me how you think other people would describe you.\",\"image\":\"\",\"order\":\"0\",\"created_at\":\"2020-12-24 02:38:32\",\"updated_at\":\"2020-12-24 02:38:32\"},{\"interview_question_id\":\"17\",\"interview_id\":\"3\",\"account_id\":null,\"title\":\"What can we expect from you in your first three months?\",\"image\":\"\",\"order\":\"0\",\"created_at\":\"2020-12-24 02:38:32\",\"updated_at\":\"2020-12-24 02:38:32\"},{\"interview_question_id\":\"18\",\"interview_id\":\"3\",\"account_id\":null,\"title\":\"What do you like to do outside of work?\",\"image\":\"\",\"order\":\"0\",\"created_at\":\"2020-12-24 02:38:32\",\"updated_at\":\"2020-12-24 02:38:32\"},{\"interview_question_id\":\"19\",\"interview_id\":\"3\",\"account_id\":null,\"title\":\"What was your salary in your last job?\",\"image\":\"\",\"order\":\"0\",\"created_at\":\"2020-12-24 02:38:32\",\"updated_at\":\"2020-12-24 02:38:32\"},{\"interview_question_id\":\"20\",\"interview_id\":\"3\",\"account_id\":null,\"title\":\"A snail is at the bottom of a 30-foot well. Each day he climbs up three feet, but at night he slips back two feet. How many days will it take him to climb out of the well?\",\"image\":\"\",\"order\":\"0\",\"created_at\":\"2020-12-24 02:38:32\",\"updated_at\":\"2020-12-24 02:38:32\"},{\"interview_question_id\":\"21\",\"interview_id\":\"3\",\"account_id\":null,\"title\":\"What do you expect me to accomplish in the first 90 days?\",\"image\":\"\",\"order\":\"0\",\"created_at\":\"2020-12-24 02:38:32\",\"updated_at\":\"2020-12-24 02:38:32\"},{\"interview_question_id\":\"22\",\"interview_id\":\"3\",\"account_id\":null,\"title\":\"If you were to rank them, what are the three traits your top performers have in common?\",\"image\":\"\",\"order\":\"0\",\"created_at\":\"2020-12-24 02:38:32\",\"updated_at\":\"2020-12-24 02:38:32\"},{\"interview_question_id\":\"23\",\"interview_id\":\"3\",\"account_id\":null,\"title\":\"What really drives results in this job?\",\"image\":\"\",\"order\":\"0\",\"created_at\":\"2020-12-24 02:38:32\",\"updated_at\":\"2020-12-24 02:38:32\"},{\"interview_question_id\":\"24\",\"interview_id\":\"3\",\"account_id\":null,\"title\":\"What are the company\'s highest-priority goals this year, and how would my role contribute?\",\"image\":\"\",\"order\":\"0\",\"created_at\":\"2020-12-24 02:38:32\",\"updated_at\":\"2020-12-24 02:38:32\"},{\"interview_question_id\":\"25\",\"interview_id\":\"3\",\"account_id\":null,\"title\":\"What do you plan to do if...?\",\"image\":\"\",\"order\":\"0\",\"created_at\":\"2020-12-24 02:38:32\",\"updated_at\":\"2020-12-24 02:38:32\"}]}', NULL, 25, 35, 1, NULL, NULL, NULL, '2020-12-24 02:38:34');
INSERT INTO `ac_candidate_interviews` VALUES (5, 5, 1, 2, 'General Interview', '{\"interview\":{\"interview_id\":\"3\",\"interview_category_id\":\"4\",\"account_id\":null,\"title\":\"General Interview\",\"description\":\"Lorem Ipsum is simply dummy text of the printing and typesetting industry. Lorem Ipsum has been the industry\'s standard dummy text ever since the 1500s, when an unknown printer took a galley of type and scrambled it to make a type specimen book. It has survived not only five centuries, but also the leap into electronic typesetting, remaining essentially unchanged.\",\"created_at\":\"2020-12-24 02:38:32\",\"updated_at\":\"2020-12-24 02:38:32\"},\"questions\":[{\"interview_question_id\":\"1\",\"interview_id\":\"3\",\"account_id\":null,\"title\":\"Tell me a little about yourself.\",\"image\":\"\",\"order\":\"0\",\"created_at\":\"2020-12-24 02:38:32\",\"updated_at\":\"2020-12-24 02:38:32\"},{\"interview_question_id\":\"2\",\"interview_id\":\"3\",\"account_id\":null,\"title\":\"What are your biggest weaknesses?\",\"image\":\"\",\"order\":\"0\",\"created_at\":\"2020-12-24 02:38:32\",\"updated_at\":\"2020-12-24 02:38:32\"},{\"interview_question_id\":\"3\",\"interview_id\":\"3\",\"account_id\":null,\"title\":\"What are your biggest strengths?\",\"image\":\"\",\"order\":\"0\",\"created_at\":\"2020-12-24 02:38:32\",\"updated_at\":\"2020-12-24 02:38:32\"},{\"interview_question_id\":\"4\",\"interview_id\":\"3\",\"account_id\":null,\"title\":\"Where do you see yourself in five years?\",\"image\":\"\",\"order\":\"0\",\"created_at\":\"2020-12-24 02:38:32\",\"updated_at\":\"2020-12-24 02:38:32\"},{\"interview_question_id\":\"5\",\"interview_id\":\"3\",\"account_id\":null,\"title\":\"Out of all the other candidates, why should we hire you?\",\"image\":\"\",\"order\":\"0\",\"created_at\":\"2020-12-24 02:38:32\",\"updated_at\":\"2020-12-24 02:38:32\"},{\"interview_question_id\":\"6\",\"interview_id\":\"3\",\"account_id\":null,\"title\":\"How did you learn about the opening?\",\"image\":\"\",\"order\":\"0\",\"created_at\":\"2020-12-24 02:38:32\",\"updated_at\":\"2020-12-24 02:38:32\"},{\"interview_question_id\":\"7\",\"interview_id\":\"3\",\"account_id\":null,\"title\":\"Why do you want this job?\",\"image\":\"\",\"order\":\"0\",\"created_at\":\"2020-12-24 02:38:32\",\"updated_at\":\"2020-12-24 02:38:32\"},{\"interview_question_id\":\"8\",\"interview_id\":\"3\",\"account_id\":null,\"title\":\"What do you consider to be your biggest professional achievement?\",\"image\":\"\",\"order\":\"0\",\"created_at\":\"2020-12-24 02:38:32\",\"updated_at\":\"2020-12-24 02:38:32\"},{\"interview_question_id\":\"9\",\"interview_id\":\"3\",\"account_id\":null,\"title\":\"Tell me about the last time a co-worker or customer got angry with you. What happened?\",\"image\":\"\",\"order\":\"0\",\"created_at\":\"2020-12-24 02:38:32\",\"updated_at\":\"2020-12-24 02:38:32\"},{\"interview_question_id\":\"10\",\"interview_id\":\"3\",\"account_id\":null,\"title\":\"Describe your dream job.\",\"image\":\"\",\"order\":\"0\",\"created_at\":\"2020-12-24 02:38:32\",\"updated_at\":\"2020-12-24 02:38:32\"},{\"interview_question_id\":\"11\",\"interview_id\":\"3\",\"account_id\":null,\"title\":\"Why do you want to leave your current job?\",\"image\":\"\",\"order\":\"0\",\"created_at\":\"2020-12-24 02:38:32\",\"updated_at\":\"2020-12-24 02:38:32\"},{\"interview_question_id\":\"12\",\"interview_id\":\"3\",\"account_id\":null,\"title\":\"What kind of work environment do you like best?\",\"image\":\"\",\"order\":\"0\",\"created_at\":\"2020-12-24 02:38:32\",\"updated_at\":\"2020-12-24 02:38:32\"},{\"interview_question_id\":\"13\",\"interview_id\":\"3\",\"account_id\":null,\"title\":\"Tell me about the toughest decision you had to make in the last six months.\",\"image\":\"\",\"order\":\"0\",\"created_at\":\"2020-12-24 02:38:32\",\"updated_at\":\"2020-12-24 02:38:32\"},{\"interview_question_id\":\"14\",\"interview_id\":\"3\",\"account_id\":null,\"title\":\"What is your leadership style?\",\"image\":\"\",\"order\":\"0\",\"created_at\":\"2020-12-24 02:38:32\",\"updated_at\":\"2020-12-24 02:38:32\"},{\"interview_question_id\":\"15\",\"interview_id\":\"3\",\"account_id\":null,\"title\":\"Tell me about a time you disagreed with a decision. What did you do?\",\"image\":\"\",\"order\":\"0\",\"created_at\":\"2020-12-24 02:38:32\",\"updated_at\":\"2020-12-24 02:38:32\"},{\"interview_question_id\":\"16\",\"interview_id\":\"3\",\"account_id\":null,\"title\":\"Tell me how you think other people would describe you.\",\"image\":\"\",\"order\":\"0\",\"created_at\":\"2020-12-24 02:38:32\",\"updated_at\":\"2020-12-24 02:38:32\"},{\"interview_question_id\":\"17\",\"interview_id\":\"3\",\"account_id\":null,\"title\":\"What can we expect from you in your first three months?\",\"image\":\"\",\"order\":\"0\",\"created_at\":\"2020-12-24 02:38:32\",\"updated_at\":\"2020-12-24 02:38:32\"},{\"interview_question_id\":\"18\",\"interview_id\":\"3\",\"account_id\":null,\"title\":\"What do you like to do outside of work?\",\"image\":\"\",\"order\":\"0\",\"created_at\":\"2020-12-24 02:38:32\",\"updated_at\":\"2020-12-24 02:38:32\"},{\"interview_question_id\":\"19\",\"interview_id\":\"3\",\"account_id\":null,\"title\":\"What was your salary in your last job?\",\"image\":\"\",\"order\":\"0\",\"created_at\":\"2020-12-24 02:38:32\",\"updated_at\":\"2020-12-24 02:38:32\"},{\"interview_question_id\":\"20\",\"interview_id\":\"3\",\"account_id\":null,\"title\":\"A snail is at the bottom of a 30-foot well. Each day he climbs up three feet, but at night he slips back two feet. How many days will it take him to climb out of the well?\",\"image\":\"\",\"order\":\"0\",\"created_at\":\"2020-12-24 02:38:32\",\"updated_at\":\"2020-12-24 02:38:32\"},{\"interview_question_id\":\"21\",\"interview_id\":\"3\",\"account_id\":null,\"title\":\"What do you expect me to accomplish in the first 90 days?\",\"image\":\"\",\"order\":\"0\",\"created_at\":\"2020-12-24 02:38:32\",\"updated_at\":\"2020-12-24 02:38:32\"},{\"interview_question_id\":\"22\",\"interview_id\":\"3\",\"account_id\":null,\"title\":\"If you were to rank them, what are the three traits your top performers have in common?\",\"image\":\"\",\"order\":\"0\",\"created_at\":\"2020-12-24 02:38:32\",\"updated_at\":\"2020-12-24 02:38:32\"},{\"interview_question_id\":\"23\",\"interview_id\":\"3\",\"account_id\":null,\"title\":\"What really drives results in this job?\",\"image\":\"\",\"order\":\"0\",\"created_at\":\"2020-12-24 02:38:32\",\"updated_at\":\"2020-12-24 02:38:32\"},{\"interview_question_id\":\"24\",\"interview_id\":\"3\",\"account_id\":null,\"title\":\"What are the company\'s highest-priority goals this year, and how would my role contribute?\",\"image\":\"\",\"order\":\"0\",\"created_at\":\"2020-12-24 02:38:32\",\"updated_at\":\"2020-12-24 02:38:32\"},{\"interview_question_id\":\"25\",\"interview_id\":\"3\",\"account_id\":null,\"title\":\"What do you plan to do if...?\",\"image\":\"\",\"order\":\"0\",\"created_at\":\"2020-12-24 02:38:32\",\"updated_at\":\"2020-12-24 02:38:32\"}]}', NULL, 25, 42, 1, NULL, NULL, NULL, '2020-12-24 02:38:34');
INSERT INTO `ac_candidate_interviews` VALUES (6, 6, 1, 4, 'General Interview', '{\"interview\":{\"interview_id\":\"3\",\"interview_category_id\":\"4\",\"account_id\":null,\"title\":\"General Interview\",\"description\":\"Lorem Ipsum is simply dummy text of the printing and typesetting industry. Lorem Ipsum has been the industry\'s standard dummy text ever since the 1500s, when an unknown printer took a galley of type and scrambled it to make a type specimen book. It has survived not only five centuries, but also the leap into electronic typesetting, remaining essentially unchanged.\",\"created_at\":\"2020-12-24 02:38:32\",\"updated_at\":\"2020-12-24 02:38:32\"},\"questions\":[{\"interview_question_id\":\"1\",\"interview_id\":\"3\",\"account_id\":null,\"title\":\"Tell me a little about yourself.\",\"image\":\"\",\"order\":\"0\",\"created_at\":\"2020-12-24 02:38:32\",\"updated_at\":\"2020-12-24 02:38:32\"},{\"interview_question_id\":\"2\",\"interview_id\":\"3\",\"account_id\":null,\"title\":\"What are your biggest weaknesses?\",\"image\":\"\",\"order\":\"0\",\"created_at\":\"2020-12-24 02:38:32\",\"updated_at\":\"2020-12-24 02:38:32\"},{\"interview_question_id\":\"3\",\"interview_id\":\"3\",\"account_id\":null,\"title\":\"What are your biggest strengths?\",\"image\":\"\",\"order\":\"0\",\"created_at\":\"2020-12-24 02:38:32\",\"updated_at\":\"2020-12-24 02:38:32\"},{\"interview_question_id\":\"4\",\"interview_id\":\"3\",\"account_id\":null,\"title\":\"Where do you see yourself in five years?\",\"image\":\"\",\"order\":\"0\",\"created_at\":\"2020-12-24 02:38:32\",\"updated_at\":\"2020-12-24 02:38:32\"},{\"interview_question_id\":\"5\",\"interview_id\":\"3\",\"account_id\":null,\"title\":\"Out of all the other candidates, why should we hire you?\",\"image\":\"\",\"order\":\"0\",\"created_at\":\"2020-12-24 02:38:32\",\"updated_at\":\"2020-12-24 02:38:32\"},{\"interview_question_id\":\"6\",\"interview_id\":\"3\",\"account_id\":null,\"title\":\"How did you learn about the opening?\",\"image\":\"\",\"order\":\"0\",\"created_at\":\"2020-12-24 02:38:32\",\"updated_at\":\"2020-12-24 02:38:32\"},{\"interview_question_id\":\"7\",\"interview_id\":\"3\",\"account_id\":null,\"title\":\"Why do you want this job?\",\"image\":\"\",\"order\":\"0\",\"created_at\":\"2020-12-24 02:38:32\",\"updated_at\":\"2020-12-24 02:38:32\"},{\"interview_question_id\":\"8\",\"interview_id\":\"3\",\"account_id\":null,\"title\":\"What do you consider to be your biggest professional achievement?\",\"image\":\"\",\"order\":\"0\",\"created_at\":\"2020-12-24 02:38:32\",\"updated_at\":\"2020-12-24 02:38:32\"},{\"interview_question_id\":\"9\",\"interview_id\":\"3\",\"account_id\":null,\"title\":\"Tell me about the last time a co-worker or customer got angry with you. What happened?\",\"image\":\"\",\"order\":\"0\",\"created_at\":\"2020-12-24 02:38:32\",\"updated_at\":\"2020-12-24 02:38:32\"},{\"interview_question_id\":\"10\",\"interview_id\":\"3\",\"account_id\":null,\"title\":\"Describe your dream job.\",\"image\":\"\",\"order\":\"0\",\"created_at\":\"2020-12-24 02:38:32\",\"updated_at\":\"2020-12-24 02:38:32\"},{\"interview_question_id\":\"11\",\"interview_id\":\"3\",\"account_id\":null,\"title\":\"Why do you want to leave your current job?\",\"image\":\"\",\"order\":\"0\",\"created_at\":\"2020-12-24 02:38:32\",\"updated_at\":\"2020-12-24 02:38:32\"},{\"interview_question_id\":\"12\",\"interview_id\":\"3\",\"account_id\":null,\"title\":\"What kind of work environment do you like best?\",\"image\":\"\",\"order\":\"0\",\"created_at\":\"2020-12-24 02:38:32\",\"updated_at\":\"2020-12-24 02:38:32\"},{\"interview_question_id\":\"13\",\"interview_id\":\"3\",\"account_id\":null,\"title\":\"Tell me about the toughest decision you had to make in the last six months.\",\"image\":\"\",\"order\":\"0\",\"created_at\":\"2020-12-24 02:38:32\",\"updated_at\":\"2020-12-24 02:38:32\"},{\"interview_question_id\":\"14\",\"interview_id\":\"3\",\"account_id\":null,\"title\":\"What is your leadership style?\",\"image\":\"\",\"order\":\"0\",\"created_at\":\"2020-12-24 02:38:32\",\"updated_at\":\"2020-12-24 02:38:32\"},{\"interview_question_id\":\"15\",\"interview_id\":\"3\",\"account_id\":null,\"title\":\"Tell me about a time you disagreed with a decision. What did you do?\",\"image\":\"\",\"order\":\"0\",\"created_at\":\"2020-12-24 02:38:32\",\"updated_at\":\"2020-12-24 02:38:32\"},{\"interview_question_id\":\"16\",\"interview_id\":\"3\",\"account_id\":null,\"title\":\"Tell me how you think other people would describe you.\",\"image\":\"\",\"order\":\"0\",\"created_at\":\"2020-12-24 02:38:32\",\"updated_at\":\"2020-12-24 02:38:32\"},{\"interview_question_id\":\"17\",\"interview_id\":\"3\",\"account_id\":null,\"title\":\"What can we expect from you in your first three months?\",\"image\":\"\",\"order\":\"0\",\"created_at\":\"2020-12-24 02:38:32\",\"updated_at\":\"2020-12-24 02:38:32\"},{\"interview_question_id\":\"18\",\"interview_id\":\"3\",\"account_id\":null,\"title\":\"What do you like to do outside of work?\",\"image\":\"\",\"order\":\"0\",\"created_at\":\"2020-12-24 02:38:32\",\"updated_at\":\"2020-12-24 02:38:32\"},{\"interview_question_id\":\"19\",\"interview_id\":\"3\",\"account_id\":null,\"title\":\"What was your salary in your last job?\",\"image\":\"\",\"order\":\"0\",\"created_at\":\"2020-12-24 02:38:32\",\"updated_at\":\"2020-12-24 02:38:32\"},{\"interview_question_id\":\"20\",\"interview_id\":\"3\",\"account_id\":null,\"title\":\"A snail is at the bottom of a 30-foot well. Each day he climbs up three feet, but at night he slips back two feet. How many days will it take him to climb out of the well?\",\"image\":\"\",\"order\":\"0\",\"created_at\":\"2020-12-24 02:38:32\",\"updated_at\":\"2020-12-24 02:38:32\"},{\"interview_question_id\":\"21\",\"interview_id\":\"3\",\"account_id\":null,\"title\":\"What do you expect me to accomplish in the first 90 days?\",\"image\":\"\",\"order\":\"0\",\"created_at\":\"2020-12-24 02:38:32\",\"updated_at\":\"2020-12-24 02:38:32\"},{\"interview_question_id\":\"22\",\"interview_id\":\"3\",\"account_id\":null,\"title\":\"If you were to rank them, what are the three traits your top performers have in common?\",\"image\":\"\",\"order\":\"0\",\"created_at\":\"2020-12-24 02:38:32\",\"updated_at\":\"2020-12-24 02:38:32\"},{\"interview_question_id\":\"23\",\"interview_id\":\"3\",\"account_id\":null,\"title\":\"What really drives results in this job?\",\"image\":\"\",\"order\":\"0\",\"created_at\":\"2020-12-24 02:38:32\",\"updated_at\":\"2020-12-24 02:38:32\"},{\"interview_question_id\":\"24\",\"interview_id\":\"3\",\"account_id\":null,\"title\":\"What are the company\'s highest-priority goals this year, and how would my role contribute?\",\"image\":\"\",\"order\":\"0\",\"created_at\":\"2020-12-24 02:38:32\",\"updated_at\":\"2020-12-24 02:38:32\"},{\"interview_question_id\":\"25\",\"interview_id\":\"3\",\"account_id\":null,\"title\":\"What do you plan to do if...?\",\"image\":\"\",\"order\":\"0\",\"created_at\":\"2020-12-24 02:38:32\",\"updated_at\":\"2020-12-24 02:38:32\"}]}', NULL, 25, 235, 1, NULL, NULL, NULL, '2020-12-24 02:38:34');
INSERT INTO `ac_candidate_interviews` VALUES (7, 7, 1, 6, 'General Interview', '{\"interview\":{\"interview_id\":\"3\",\"interview_category_id\":\"4\",\"account_id\":null,\"title\":\"General Interview\",\"description\":\"Lorem Ipsum is simply dummy text of the printing and typesetting industry. Lorem Ipsum has been the industry\'s standard dummy text ever since the 1500s, when an unknown printer took a galley of type and scrambled it to make a type specimen book. It has survived not only five centuries, but also the leap into electronic typesetting, remaining essentially unchanged.\",\"created_at\":\"2020-12-24 02:38:32\",\"updated_at\":\"2020-12-24 02:38:32\"},\"questions\":[{\"interview_question_id\":\"1\",\"interview_id\":\"3\",\"account_id\":null,\"title\":\"Tell me a little about yourself.\",\"image\":\"\",\"order\":\"0\",\"created_at\":\"2020-12-24 02:38:32\",\"updated_at\":\"2020-12-24 02:38:32\"},{\"interview_question_id\":\"2\",\"interview_id\":\"3\",\"account_id\":null,\"title\":\"What are your biggest weaknesses?\",\"image\":\"\",\"order\":\"0\",\"created_at\":\"2020-12-24 02:38:32\",\"updated_at\":\"2020-12-24 02:38:32\"},{\"interview_question_id\":\"3\",\"interview_id\":\"3\",\"account_id\":null,\"title\":\"What are your biggest strengths?\",\"image\":\"\",\"order\":\"0\",\"created_at\":\"2020-12-24 02:38:32\",\"updated_at\":\"2020-12-24 02:38:32\"},{\"interview_question_id\":\"4\",\"interview_id\":\"3\",\"account_id\":null,\"title\":\"Where do you see yourself in five years?\",\"image\":\"\",\"order\":\"0\",\"created_at\":\"2020-12-24 02:38:32\",\"updated_at\":\"2020-12-24 02:38:32\"},{\"interview_question_id\":\"5\",\"interview_id\":\"3\",\"account_id\":null,\"title\":\"Out of all the other candidates, why should we hire you?\",\"image\":\"\",\"order\":\"0\",\"created_at\":\"2020-12-24 02:38:32\",\"updated_at\":\"2020-12-24 02:38:32\"},{\"interview_question_id\":\"6\",\"interview_id\":\"3\",\"account_id\":null,\"title\":\"How did you learn about the opening?\",\"image\":\"\",\"order\":\"0\",\"created_at\":\"2020-12-24 02:38:32\",\"updated_at\":\"2020-12-24 02:38:32\"},{\"interview_question_id\":\"7\",\"interview_id\":\"3\",\"account_id\":null,\"title\":\"Why do you want this job?\",\"image\":\"\",\"order\":\"0\",\"created_at\":\"2020-12-24 02:38:32\",\"updated_at\":\"2020-12-24 02:38:32\"},{\"interview_question_id\":\"8\",\"interview_id\":\"3\",\"account_id\":null,\"title\":\"What do you consider to be your biggest professional achievement?\",\"image\":\"\",\"order\":\"0\",\"created_at\":\"2020-12-24 02:38:32\",\"updated_at\":\"2020-12-24 02:38:32\"},{\"interview_question_id\":\"9\",\"interview_id\":\"3\",\"account_id\":null,\"title\":\"Tell me about the last time a co-worker or customer got angry with you. What happened?\",\"image\":\"\",\"order\":\"0\",\"created_at\":\"2020-12-24 02:38:32\",\"updated_at\":\"2020-12-24 02:38:32\"},{\"interview_question_id\":\"10\",\"interview_id\":\"3\",\"account_id\":null,\"title\":\"Describe your dream job.\",\"image\":\"\",\"order\":\"0\",\"created_at\":\"2020-12-24 02:38:32\",\"updated_at\":\"2020-12-24 02:38:32\"},{\"interview_question_id\":\"11\",\"interview_id\":\"3\",\"account_id\":null,\"title\":\"Why do you want to leave your current job?\",\"image\":\"\",\"order\":\"0\",\"created_at\":\"2020-12-24 02:38:32\",\"updated_at\":\"2020-12-24 02:38:32\"},{\"interview_question_id\":\"12\",\"interview_id\":\"3\",\"account_id\":null,\"title\":\"What kind of work environment do you like best?\",\"image\":\"\",\"order\":\"0\",\"created_at\":\"2020-12-24 02:38:32\",\"updated_at\":\"2020-12-24 02:38:32\"},{\"interview_question_id\":\"13\",\"interview_id\":\"3\",\"account_id\":null,\"title\":\"Tell me about the toughest decision you had to make in the last six months.\",\"image\":\"\",\"order\":\"0\",\"created_at\":\"2020-12-24 02:38:32\",\"updated_at\":\"2020-12-24 02:38:32\"},{\"interview_question_id\":\"14\",\"interview_id\":\"3\",\"account_id\":null,\"title\":\"What is your leadership style?\",\"image\":\"\",\"order\":\"0\",\"created_at\":\"2020-12-24 02:38:32\",\"updated_at\":\"2020-12-24 02:38:32\"},{\"interview_question_id\":\"15\",\"interview_id\":\"3\",\"account_id\":null,\"title\":\"Tell me about a time you disagreed with a decision. What did you do?\",\"image\":\"\",\"order\":\"0\",\"created_at\":\"2020-12-24 02:38:32\",\"updated_at\":\"2020-12-24 02:38:32\"},{\"interview_question_id\":\"16\",\"interview_id\":\"3\",\"account_id\":null,\"title\":\"Tell me how you think other people would describe you.\",\"image\":\"\",\"order\":\"0\",\"created_at\":\"2020-12-24 02:38:32\",\"updated_at\":\"2020-12-24 02:38:32\"},{\"interview_question_id\":\"17\",\"interview_id\":\"3\",\"account_id\":null,\"title\":\"What can we expect from you in your first three months?\",\"image\":\"\",\"order\":\"0\",\"created_at\":\"2020-12-24 02:38:32\",\"updated_at\":\"2020-12-24 02:38:32\"},{\"interview_question_id\":\"18\",\"interview_id\":\"3\",\"account_id\":null,\"title\":\"What do you like to do outside of work?\",\"image\":\"\",\"order\":\"0\",\"created_at\":\"2020-12-24 02:38:32\",\"updated_at\":\"2020-12-24 02:38:32\"},{\"interview_question_id\":\"19\",\"interview_id\":\"3\",\"account_id\":null,\"title\":\"What was your salary in your last job?\",\"image\":\"\",\"order\":\"0\",\"created_at\":\"2020-12-24 02:38:32\",\"updated_at\":\"2020-12-24 02:38:32\"},{\"interview_question_id\":\"20\",\"interview_id\":\"3\",\"account_id\":null,\"title\":\"A snail is at the bottom of a 30-foot well. Each day he climbs up three feet, but at night he slips back two feet. How many days will it take him to climb out of the well?\",\"image\":\"\",\"order\":\"0\",\"created_at\":\"2020-12-24 02:38:32\",\"updated_at\":\"2020-12-24 02:38:32\"},{\"interview_question_id\":\"21\",\"interview_id\":\"3\",\"account_id\":null,\"title\":\"What do you expect me to accomplish in the first 90 days?\",\"image\":\"\",\"order\":\"0\",\"created_at\":\"2020-12-24 02:38:32\",\"updated_at\":\"2020-12-24 02:38:32\"},{\"interview_question_id\":\"22\",\"interview_id\":\"3\",\"account_id\":null,\"title\":\"If you were to rank them, what are the three traits your top performers have in common?\",\"image\":\"\",\"order\":\"0\",\"created_at\":\"2020-12-24 02:38:32\",\"updated_at\":\"2020-12-24 02:38:32\"},{\"interview_question_id\":\"23\",\"interview_id\":\"3\",\"account_id\":null,\"title\":\"What really drives results in this job?\",\"image\":\"\",\"order\":\"0\",\"created_at\":\"2020-12-24 02:38:32\",\"updated_at\":\"2020-12-24 02:38:32\"},{\"interview_question_id\":\"24\",\"interview_id\":\"3\",\"account_id\":null,\"title\":\"What are the company\'s highest-priority goals this year, and how would my role contribute?\",\"image\":\"\",\"order\":\"0\",\"created_at\":\"2020-12-24 02:38:32\",\"updated_at\":\"2020-12-24 02:38:32\"},{\"interview_question_id\":\"25\",\"interview_id\":\"3\",\"account_id\":null,\"title\":\"What do you plan to do if...?\",\"image\":\"\",\"order\":\"0\",\"created_at\":\"2020-12-24 02:38:32\",\"updated_at\":\"2020-12-24 02:38:32\"}]}', NULL, 25, 132, 1, NULL, NULL, NULL, '2020-12-24 02:38:34');
INSERT INTO `ac_candidate_interviews` VALUES (8, 8, 1, 3, 'General Interview', '{\"interview\":{\"interview_id\":\"3\",\"interview_category_id\":\"4\",\"account_id\":null,\"title\":\"General Interview\",\"description\":\"Lorem Ipsum is simply dummy text of the printing and typesetting industry. Lorem Ipsum has been the industry\'s standard dummy text ever since the 1500s, when an unknown printer took a galley of type and scrambled it to make a type specimen book. It has survived not only five centuries, but also the leap into electronic typesetting, remaining essentially unchanged.\",\"created_at\":\"2020-12-24 02:38:32\",\"updated_at\":\"2020-12-24 02:38:32\"},\"questions\":[{\"interview_question_id\":\"1\",\"interview_id\":\"3\",\"account_id\":null,\"title\":\"Tell me a little about yourself.\",\"image\":\"\",\"order\":\"0\",\"created_at\":\"2020-12-24 02:38:32\",\"updated_at\":\"2020-12-24 02:38:32\"},{\"interview_question_id\":\"2\",\"interview_id\":\"3\",\"account_id\":null,\"title\":\"What are your biggest weaknesses?\",\"image\":\"\",\"order\":\"0\",\"created_at\":\"2020-12-24 02:38:32\",\"updated_at\":\"2020-12-24 02:38:32\"},{\"interview_question_id\":\"3\",\"interview_id\":\"3\",\"account_id\":null,\"title\":\"What are your biggest strengths?\",\"image\":\"\",\"order\":\"0\",\"created_at\":\"2020-12-24 02:38:32\",\"updated_at\":\"2020-12-24 02:38:32\"},{\"interview_question_id\":\"4\",\"interview_id\":\"3\",\"account_id\":null,\"title\":\"Where do you see yourself in five years?\",\"image\":\"\",\"order\":\"0\",\"created_at\":\"2020-12-24 02:38:32\",\"updated_at\":\"2020-12-24 02:38:32\"},{\"interview_question_id\":\"5\",\"interview_id\":\"3\",\"account_id\":null,\"title\":\"Out of all the other candidates, why should we hire you?\",\"image\":\"\",\"order\":\"0\",\"created_at\":\"2020-12-24 02:38:32\",\"updated_at\":\"2020-12-24 02:38:32\"},{\"interview_question_id\":\"6\",\"interview_id\":\"3\",\"account_id\":null,\"title\":\"How did you learn about the opening?\",\"image\":\"\",\"order\":\"0\",\"created_at\":\"2020-12-24 02:38:32\",\"updated_at\":\"2020-12-24 02:38:32\"},{\"interview_question_id\":\"7\",\"interview_id\":\"3\",\"account_id\":null,\"title\":\"Why do you want this job?\",\"image\":\"\",\"order\":\"0\",\"created_at\":\"2020-12-24 02:38:32\",\"updated_at\":\"2020-12-24 02:38:32\"},{\"interview_question_id\":\"8\",\"interview_id\":\"3\",\"account_id\":null,\"title\":\"What do you consider to be your biggest professional achievement?\",\"image\":\"\",\"order\":\"0\",\"created_at\":\"2020-12-24 02:38:32\",\"updated_at\":\"2020-12-24 02:38:32\"},{\"interview_question_id\":\"9\",\"interview_id\":\"3\",\"account_id\":null,\"title\":\"Tell me about the last time a co-worker or customer got angry with you. What happened?\",\"image\":\"\",\"order\":\"0\",\"created_at\":\"2020-12-24 02:38:32\",\"updated_at\":\"2020-12-24 02:38:32\"},{\"interview_question_id\":\"10\",\"interview_id\":\"3\",\"account_id\":null,\"title\":\"Describe your dream job.\",\"image\":\"\",\"order\":\"0\",\"created_at\":\"2020-12-24 02:38:32\",\"updated_at\":\"2020-12-24 02:38:32\"},{\"interview_question_id\":\"11\",\"interview_id\":\"3\",\"account_id\":null,\"title\":\"Why do you want to leave your current job?\",\"image\":\"\",\"order\":\"0\",\"created_at\":\"2020-12-24 02:38:32\",\"updated_at\":\"2020-12-24 02:38:32\"},{\"interview_question_id\":\"12\",\"interview_id\":\"3\",\"account_id\":null,\"title\":\"What kind of work environment do you like best?\",\"image\":\"\",\"order\":\"0\",\"created_at\":\"2020-12-24 02:38:32\",\"updated_at\":\"2020-12-24 02:38:32\"},{\"interview_question_id\":\"13\",\"interview_id\":\"3\",\"account_id\":null,\"title\":\"Tell me about the toughest decision you had to make in the last six months.\",\"image\":\"\",\"order\":\"0\",\"created_at\":\"2020-12-24 02:38:32\",\"updated_at\":\"2020-12-24 02:38:32\"},{\"interview_question_id\":\"14\",\"interview_id\":\"3\",\"account_id\":null,\"title\":\"What is your leadership style?\",\"image\":\"\",\"order\":\"0\",\"created_at\":\"2020-12-24 02:38:32\",\"updated_at\":\"2020-12-24 02:38:32\"},{\"interview_question_id\":\"15\",\"interview_id\":\"3\",\"account_id\":null,\"title\":\"Tell me about a time you disagreed with a decision. What did you do?\",\"image\":\"\",\"order\":\"0\",\"created_at\":\"2020-12-24 02:38:32\",\"updated_at\":\"2020-12-24 02:38:32\"},{\"interview_question_id\":\"16\",\"interview_id\":\"3\",\"account_id\":null,\"title\":\"Tell me how you think other people would describe you.\",\"image\":\"\",\"order\":\"0\",\"created_at\":\"2020-12-24 02:38:32\",\"updated_at\":\"2020-12-24 02:38:32\"},{\"interview_question_id\":\"17\",\"interview_id\":\"3\",\"account_id\":null,\"title\":\"What can we expect from you in your first three months?\",\"image\":\"\",\"order\":\"0\",\"created_at\":\"2020-12-24 02:38:32\",\"updated_at\":\"2020-12-24 02:38:32\"},{\"interview_question_id\":\"18\",\"interview_id\":\"3\",\"account_id\":null,\"title\":\"What do you like to do outside of work?\",\"image\":\"\",\"order\":\"0\",\"created_at\":\"2020-12-24 02:38:32\",\"updated_at\":\"2020-12-24 02:38:32\"},{\"interview_question_id\":\"19\",\"interview_id\":\"3\",\"account_id\":null,\"title\":\"What was your salary in your last job?\",\"image\":\"\",\"order\":\"0\",\"created_at\":\"2020-12-24 02:38:32\",\"updated_at\":\"2020-12-24 02:38:32\"},{\"interview_question_id\":\"20\",\"interview_id\":\"3\",\"account_id\":null,\"title\":\"A snail is at the bottom of a 30-foot well. Each day he climbs up three feet, but at night he slips back two feet. How many days will it take him to climb out of the well?\",\"image\":\"\",\"order\":\"0\",\"created_at\":\"2020-12-24 02:38:32\",\"updated_at\":\"2020-12-24 02:38:32\"},{\"interview_question_id\":\"21\",\"interview_id\":\"3\",\"account_id\":null,\"title\":\"What do you expect me to accomplish in the first 90 days?\",\"image\":\"\",\"order\":\"0\",\"created_at\":\"2020-12-24 02:38:32\",\"updated_at\":\"2020-12-24 02:38:32\"},{\"interview_question_id\":\"22\",\"interview_id\":\"3\",\"account_id\":null,\"title\":\"If you were to rank them, what are the three traits your top performers have in common?\",\"image\":\"\",\"order\":\"0\",\"created_at\":\"2020-12-24 02:38:32\",\"updated_at\":\"2020-12-24 02:38:32\"},{\"interview_question_id\":\"23\",\"interview_id\":\"3\",\"account_id\":null,\"title\":\"What really drives results in this job?\",\"image\":\"\",\"order\":\"0\",\"created_at\":\"2020-12-24 02:38:32\",\"updated_at\":\"2020-12-24 02:38:32\"},{\"interview_question_id\":\"24\",\"interview_id\":\"3\",\"account_id\":null,\"title\":\"What are the company\'s highest-priority goals this year, and how would my role contribute?\",\"image\":\"\",\"order\":\"0\",\"created_at\":\"2020-12-24 02:38:32\",\"updated_at\":\"2020-12-24 02:38:32\"},{\"interview_question_id\":\"25\",\"interview_id\":\"3\",\"account_id\":null,\"title\":\"What do you plan to do if...?\",\"image\":\"\",\"order\":\"0\",\"created_at\":\"2020-12-24 02:38:32\",\"updated_at\":\"2020-12-24 02:38:32\"}]}', NULL, 25, 168, 1, NULL, NULL, NULL, '2020-12-24 02:38:34');
INSERT INTO `ac_candidate_interviews` VALUES (9, 9, 1, 10, 'General Interview', '{\"interview\":{\"interview_id\":\"3\",\"interview_category_id\":\"4\",\"account_id\":null,\"title\":\"General Interview\",\"description\":\"Lorem Ipsum is simply dummy text of the printing and typesetting industry. Lorem Ipsum has been the industry\'s standard dummy text ever since the 1500s, when an unknown printer took a galley of type and scrambled it to make a type specimen book. It has survived not only five centuries, but also the leap into electronic typesetting, remaining essentially unchanged.\",\"created_at\":\"2020-12-24 02:38:32\",\"updated_at\":\"2020-12-24 02:38:32\"},\"questions\":[{\"interview_question_id\":\"1\",\"interview_id\":\"3\",\"account_id\":null,\"title\":\"Tell me a little about yourself.\",\"image\":\"\",\"order\":\"0\",\"created_at\":\"2020-12-24 02:38:32\",\"updated_at\":\"2020-12-24 02:38:32\"},{\"interview_question_id\":\"2\",\"interview_id\":\"3\",\"account_id\":null,\"title\":\"What are your biggest weaknesses?\",\"image\":\"\",\"order\":\"0\",\"created_at\":\"2020-12-24 02:38:32\",\"updated_at\":\"2020-12-24 02:38:32\"},{\"interview_question_id\":\"3\",\"interview_id\":\"3\",\"account_id\":null,\"title\":\"What are your biggest strengths?\",\"image\":\"\",\"order\":\"0\",\"created_at\":\"2020-12-24 02:38:32\",\"updated_at\":\"2020-12-24 02:38:32\"},{\"interview_question_id\":\"4\",\"interview_id\":\"3\",\"account_id\":null,\"title\":\"Where do you see yourself in five years?\",\"image\":\"\",\"order\":\"0\",\"created_at\":\"2020-12-24 02:38:32\",\"updated_at\":\"2020-12-24 02:38:32\"},{\"interview_question_id\":\"5\",\"interview_id\":\"3\",\"account_id\":null,\"title\":\"Out of all the other candidates, why should we hire you?\",\"image\":\"\",\"order\":\"0\",\"created_at\":\"2020-12-24 02:38:32\",\"updated_at\":\"2020-12-24 02:38:32\"},{\"interview_question_id\":\"6\",\"interview_id\":\"3\",\"account_id\":null,\"title\":\"How did you learn about the opening?\",\"image\":\"\",\"order\":\"0\",\"created_at\":\"2020-12-24 02:38:32\",\"updated_at\":\"2020-12-24 02:38:32\"},{\"interview_question_id\":\"7\",\"interview_id\":\"3\",\"account_id\":null,\"title\":\"Why do you want this job?\",\"image\":\"\",\"order\":\"0\",\"created_at\":\"2020-12-24 02:38:32\",\"updated_at\":\"2020-12-24 02:38:32\"},{\"interview_question_id\":\"8\",\"interview_id\":\"3\",\"account_id\":null,\"title\":\"What do you consider to be your biggest professional achievement?\",\"image\":\"\",\"order\":\"0\",\"created_at\":\"2020-12-24 02:38:32\",\"updated_at\":\"2020-12-24 02:38:32\"},{\"interview_question_id\":\"9\",\"interview_id\":\"3\",\"account_id\":null,\"title\":\"Tell me about the last time a co-worker or customer got angry with you. What happened?\",\"image\":\"\",\"order\":\"0\",\"created_at\":\"2020-12-24 02:38:32\",\"updated_at\":\"2020-12-24 02:38:32\"},{\"interview_question_id\":\"10\",\"interview_id\":\"3\",\"account_id\":null,\"title\":\"Describe your dream job.\",\"image\":\"\",\"order\":\"0\",\"created_at\":\"2020-12-24 02:38:32\",\"updated_at\":\"2020-12-24 02:38:32\"},{\"interview_question_id\":\"11\",\"interview_id\":\"3\",\"account_id\":null,\"title\":\"Why do you want to leave your current job?\",\"image\":\"\",\"order\":\"0\",\"created_at\":\"2020-12-24 02:38:32\",\"updated_at\":\"2020-12-24 02:38:32\"},{\"interview_question_id\":\"12\",\"interview_id\":\"3\",\"account_id\":null,\"title\":\"What kind of work environment do you like best?\",\"image\":\"\",\"order\":\"0\",\"created_at\":\"2020-12-24 02:38:32\",\"updated_at\":\"2020-12-24 02:38:32\"},{\"interview_question_id\":\"13\",\"interview_id\":\"3\",\"account_id\":null,\"title\":\"Tell me about the toughest decision you had to make in the last six months.\",\"image\":\"\",\"order\":\"0\",\"created_at\":\"2020-12-24 02:38:32\",\"updated_at\":\"2020-12-24 02:38:32\"},{\"interview_question_id\":\"14\",\"interview_id\":\"3\",\"account_id\":null,\"title\":\"What is your leadership style?\",\"image\":\"\",\"order\":\"0\",\"created_at\":\"2020-12-24 02:38:32\",\"updated_at\":\"2020-12-24 02:38:32\"},{\"interview_question_id\":\"15\",\"interview_id\":\"3\",\"account_id\":null,\"title\":\"Tell me about a time you disagreed with a decision. What did you do?\",\"image\":\"\",\"order\":\"0\",\"created_at\":\"2020-12-24 02:38:32\",\"updated_at\":\"2020-12-24 02:38:32\"},{\"interview_question_id\":\"16\",\"interview_id\":\"3\",\"account_id\":null,\"title\":\"Tell me how you think other people would describe you.\",\"image\":\"\",\"order\":\"0\",\"created_at\":\"2020-12-24 02:38:32\",\"updated_at\":\"2020-12-24 02:38:32\"},{\"interview_question_id\":\"17\",\"interview_id\":\"3\",\"account_id\":null,\"title\":\"What can we expect from you in your first three months?\",\"image\":\"\",\"order\":\"0\",\"created_at\":\"2020-12-24 02:38:32\",\"updated_at\":\"2020-12-24 02:38:32\"},{\"interview_question_id\":\"18\",\"interview_id\":\"3\",\"account_id\":null,\"title\":\"What do you like to do outside of work?\",\"image\":\"\",\"order\":\"0\",\"created_at\":\"2020-12-24 02:38:32\",\"updated_at\":\"2020-12-24 02:38:32\"},{\"interview_question_id\":\"19\",\"interview_id\":\"3\",\"account_id\":null,\"title\":\"What was your salary in your last job?\",\"image\":\"\",\"order\":\"0\",\"created_at\":\"2020-12-24 02:38:32\",\"updated_at\":\"2020-12-24 02:38:32\"},{\"interview_question_id\":\"20\",\"interview_id\":\"3\",\"account_id\":null,\"title\":\"A snail is at the bottom of a 30-foot well. Each day he climbs up three feet, but at night he slips back two feet. How many days will it take him to climb out of the well?\",\"image\":\"\",\"order\":\"0\",\"created_at\":\"2020-12-24 02:38:32\",\"updated_at\":\"2020-12-24 02:38:32\"},{\"interview_question_id\":\"21\",\"interview_id\":\"3\",\"account_id\":null,\"title\":\"What do you expect me to accomplish in the first 90 days?\",\"image\":\"\",\"order\":\"0\",\"created_at\":\"2020-12-24 02:38:32\",\"updated_at\":\"2020-12-24 02:38:32\"},{\"interview_question_id\":\"22\",\"interview_id\":\"3\",\"account_id\":null,\"title\":\"If you were to rank them, what are the three traits your top performers have in common?\",\"image\":\"\",\"order\":\"0\",\"created_at\":\"2020-12-24 02:38:32\",\"updated_at\":\"2020-12-24 02:38:32\"},{\"interview_question_id\":\"23\",\"interview_id\":\"3\",\"account_id\":null,\"title\":\"What really drives results in this job?\",\"image\":\"\",\"order\":\"0\",\"created_at\":\"2020-12-24 02:38:32\",\"updated_at\":\"2020-12-24 02:38:32\"},{\"interview_question_id\":\"24\",\"interview_id\":\"3\",\"account_id\":null,\"title\":\"What are the company\'s highest-priority goals this year, and how would my role contribute?\",\"image\":\"\",\"order\":\"0\",\"created_at\":\"2020-12-24 02:38:32\",\"updated_at\":\"2020-12-24 02:38:32\"},{\"interview_question_id\":\"25\",\"interview_id\":\"3\",\"account_id\":null,\"title\":\"What do you plan to do if...?\",\"image\":\"\",\"order\":\"0\",\"created_at\":\"2020-12-24 02:38:32\",\"updated_at\":\"2020-12-24 02:38:32\"}]}', NULL, 25, 137, 1, NULL, NULL, NULL, '2020-12-24 02:38:34');
INSERT INTO `ac_candidate_interviews` VALUES (10, 10, 1, 5, 'General Interview', '{\"interview\":{\"interview_id\":\"3\",\"interview_category_id\":\"4\",\"account_id\":null,\"title\":\"General Interview\",\"description\":\"Lorem Ipsum is simply dummy text of the printing and typesetting industry. Lorem Ipsum has been the industry\'s standard dummy text ever since the 1500s, when an unknown printer took a galley of type and scrambled it to make a type specimen book. It has survived not only five centuries, but also the leap into electronic typesetting, remaining essentially unchanged.\",\"created_at\":\"2020-12-24 02:38:32\",\"updated_at\":\"2020-12-24 02:38:32\"},\"questions\":[{\"interview_question_id\":\"1\",\"interview_id\":\"3\",\"account_id\":null,\"title\":\"Tell me a little about yourself.\",\"image\":\"\",\"order\":\"0\",\"created_at\":\"2020-12-24 02:38:32\",\"updated_at\":\"2020-12-24 02:38:32\"},{\"interview_question_id\":\"2\",\"interview_id\":\"3\",\"account_id\":null,\"title\":\"What are your biggest weaknesses?\",\"image\":\"\",\"order\":\"0\",\"created_at\":\"2020-12-24 02:38:32\",\"updated_at\":\"2020-12-24 02:38:32\"},{\"interview_question_id\":\"3\",\"interview_id\":\"3\",\"account_id\":null,\"title\":\"What are your biggest strengths?\",\"image\":\"\",\"order\":\"0\",\"created_at\":\"2020-12-24 02:38:32\",\"updated_at\":\"2020-12-24 02:38:32\"},{\"interview_question_id\":\"4\",\"interview_id\":\"3\",\"account_id\":null,\"title\":\"Where do you see yourself in five years?\",\"image\":\"\",\"order\":\"0\",\"created_at\":\"2020-12-24 02:38:32\",\"updated_at\":\"2020-12-24 02:38:32\"},{\"interview_question_id\":\"5\",\"interview_id\":\"3\",\"account_id\":null,\"title\":\"Out of all the other candidates, why should we hire you?\",\"image\":\"\",\"order\":\"0\",\"created_at\":\"2020-12-24 02:38:32\",\"updated_at\":\"2020-12-24 02:38:32\"},{\"interview_question_id\":\"6\",\"interview_id\":\"3\",\"account_id\":null,\"title\":\"How did you learn about the opening?\",\"image\":\"\",\"order\":\"0\",\"created_at\":\"2020-12-24 02:38:32\",\"updated_at\":\"2020-12-24 02:38:32\"},{\"interview_question_id\":\"7\",\"interview_id\":\"3\",\"account_id\":null,\"title\":\"Why do you want this job?\",\"image\":\"\",\"order\":\"0\",\"created_at\":\"2020-12-24 02:38:32\",\"updated_at\":\"2020-12-24 02:38:32\"},{\"interview_question_id\":\"8\",\"interview_id\":\"3\",\"account_id\":null,\"title\":\"What do you consider to be your biggest professional achievement?\",\"image\":\"\",\"order\":\"0\",\"created_at\":\"2020-12-24 02:38:32\",\"updated_at\":\"2020-12-24 02:38:32\"},{\"interview_question_id\":\"9\",\"interview_id\":\"3\",\"account_id\":null,\"title\":\"Tell me about the last time a co-worker or customer got angry with you. What happened?\",\"image\":\"\",\"order\":\"0\",\"created_at\":\"2020-12-24 02:38:32\",\"updated_at\":\"2020-12-24 02:38:32\"},{\"interview_question_id\":\"10\",\"interview_id\":\"3\",\"account_id\":null,\"title\":\"Describe your dream job.\",\"image\":\"\",\"order\":\"0\",\"created_at\":\"2020-12-24 02:38:32\",\"updated_at\":\"2020-12-24 02:38:32\"},{\"interview_question_id\":\"11\",\"interview_id\":\"3\",\"account_id\":null,\"title\":\"Why do you want to leave your current job?\",\"image\":\"\",\"order\":\"0\",\"created_at\":\"2020-12-24 02:38:32\",\"updated_at\":\"2020-12-24 02:38:32\"},{\"interview_question_id\":\"12\",\"interview_id\":\"3\",\"account_id\":null,\"title\":\"What kind of work environment do you like best?\",\"image\":\"\",\"order\":\"0\",\"created_at\":\"2020-12-24 02:38:32\",\"updated_at\":\"2020-12-24 02:38:32\"},{\"interview_question_id\":\"13\",\"interview_id\":\"3\",\"account_id\":null,\"title\":\"Tell me about the toughest decision you had to make in the last six months.\",\"image\":\"\",\"order\":\"0\",\"created_at\":\"2020-12-24 02:38:32\",\"updated_at\":\"2020-12-24 02:38:32\"},{\"interview_question_id\":\"14\",\"interview_id\":\"3\",\"account_id\":null,\"title\":\"What is your leadership style?\",\"image\":\"\",\"order\":\"0\",\"created_at\":\"2020-12-24 02:38:32\",\"updated_at\":\"2020-12-24 02:38:32\"},{\"interview_question_id\":\"15\",\"interview_id\":\"3\",\"account_id\":null,\"title\":\"Tell me about a time you disagreed with a decision. What did you do?\",\"image\":\"\",\"order\":\"0\",\"created_at\":\"2020-12-24 02:38:32\",\"updated_at\":\"2020-12-24 02:38:32\"},{\"interview_question_id\":\"16\",\"interview_id\":\"3\",\"account_id\":null,\"title\":\"Tell me how you think other people would describe you.\",\"image\":\"\",\"order\":\"0\",\"created_at\":\"2020-12-24 02:38:32\",\"updated_at\":\"2020-12-24 02:38:32\"},{\"interview_question_id\":\"17\",\"interview_id\":\"3\",\"account_id\":null,\"title\":\"What can we expect from you in your first three months?\",\"image\":\"\",\"order\":\"0\",\"created_at\":\"2020-12-24 02:38:32\",\"updated_at\":\"2020-12-24 02:38:32\"},{\"interview_question_id\":\"18\",\"interview_id\":\"3\",\"account_id\":null,\"title\":\"What do you like to do outside of work?\",\"image\":\"\",\"order\":\"0\",\"created_at\":\"2020-12-24 02:38:32\",\"updated_at\":\"2020-12-24 02:38:32\"},{\"interview_question_id\":\"19\",\"interview_id\":\"3\",\"account_id\":null,\"title\":\"What was your salary in your last job?\",\"image\":\"\",\"order\":\"0\",\"created_at\":\"2020-12-24 02:38:32\",\"updated_at\":\"2020-12-24 02:38:32\"},{\"interview_question_id\":\"20\",\"interview_id\":\"3\",\"account_id\":null,\"title\":\"A snail is at the bottom of a 30-foot well. Each day he climbs up three feet, but at night he slips back two feet. How many days will it take him to climb out of the well?\",\"image\":\"\",\"order\":\"0\",\"created_at\":\"2020-12-24 02:38:32\",\"updated_at\":\"2020-12-24 02:38:32\"},{\"interview_question_id\":\"21\",\"interview_id\":\"3\",\"account_id\":null,\"title\":\"What do you expect me to accomplish in the first 90 days?\",\"image\":\"\",\"order\":\"0\",\"created_at\":\"2020-12-24 02:38:32\",\"updated_at\":\"2020-12-24 02:38:32\"},{\"interview_question_id\":\"22\",\"interview_id\":\"3\",\"account_id\":null,\"title\":\"If you were to rank them, what are the three traits your top performers have in common?\",\"image\":\"\",\"order\":\"0\",\"created_at\":\"2020-12-24 02:38:32\",\"updated_at\":\"2020-12-24 02:38:32\"},{\"interview_question_id\":\"23\",\"interview_id\":\"3\",\"account_id\":null,\"title\":\"What really drives results in this job?\",\"image\":\"\",\"order\":\"0\",\"created_at\":\"2020-12-24 02:38:32\",\"updated_at\":\"2020-12-24 02:38:32\"},{\"interview_question_id\":\"24\",\"interview_id\":\"3\",\"account_id\":null,\"title\":\"What are the company\'s highest-priority goals this year, and how would my role contribute?\",\"image\":\"\",\"order\":\"0\",\"created_at\":\"2020-12-24 02:38:32\",\"updated_at\":\"2020-12-24 02:38:32\"},{\"interview_question_id\":\"25\",\"interview_id\":\"3\",\"account_id\":null,\"title\":\"What do you plan to do if...?\",\"image\":\"\",\"order\":\"0\",\"created_at\":\"2020-12-24 02:38:32\",\"updated_at\":\"2020-12-24 02:38:32\"}]}', NULL, 25, 158, 1, NULL, NULL, NULL, '2020-12-24 02:38:34');
INSERT INTO `ac_candidate_interviews` VALUES (11, 11, 1, 6, 'General Interview', '{\"interview\":{\"interview_id\":\"3\",\"interview_category_id\":\"4\",\"account_id\":null,\"title\":\"General Interview\",\"description\":\"Lorem Ipsum is simply dummy text of the printing and typesetting industry. Lorem Ipsum has been the industry\'s standard dummy text ever since the 1500s, when an unknown printer took a galley of type and scrambled it to make a type specimen book. It has survived not only five centuries, but also the leap into electronic typesetting, remaining essentially unchanged.\",\"created_at\":\"2020-12-24 02:38:32\",\"updated_at\":\"2020-12-24 02:38:32\"},\"questions\":[{\"interview_question_id\":\"1\",\"interview_id\":\"3\",\"account_id\":null,\"title\":\"Tell me a little about yourself.\",\"image\":\"\",\"order\":\"0\",\"created_at\":\"2020-12-24 02:38:32\",\"updated_at\":\"2020-12-24 02:38:32\"},{\"interview_question_id\":\"2\",\"interview_id\":\"3\",\"account_id\":null,\"title\":\"What are your biggest weaknesses?\",\"image\":\"\",\"order\":\"0\",\"created_at\":\"2020-12-24 02:38:32\",\"updated_at\":\"2020-12-24 02:38:32\"},{\"interview_question_id\":\"3\",\"interview_id\":\"3\",\"account_id\":null,\"title\":\"What are your biggest strengths?\",\"image\":\"\",\"order\":\"0\",\"created_at\":\"2020-12-24 02:38:32\",\"updated_at\":\"2020-12-24 02:38:32\"},{\"interview_question_id\":\"4\",\"interview_id\":\"3\",\"account_id\":null,\"title\":\"Where do you see yourself in five years?\",\"image\":\"\",\"order\":\"0\",\"created_at\":\"2020-12-24 02:38:32\",\"updated_at\":\"2020-12-24 02:38:32\"},{\"interview_question_id\":\"5\",\"interview_id\":\"3\",\"account_id\":null,\"title\":\"Out of all the other candidates, why should we hire you?\",\"image\":\"\",\"order\":\"0\",\"created_at\":\"2020-12-24 02:38:32\",\"updated_at\":\"2020-12-24 02:38:32\"},{\"interview_question_id\":\"6\",\"interview_id\":\"3\",\"account_id\":null,\"title\":\"How did you learn about the opening?\",\"image\":\"\",\"order\":\"0\",\"created_at\":\"2020-12-24 02:38:32\",\"updated_at\":\"2020-12-24 02:38:32\"},{\"interview_question_id\":\"7\",\"interview_id\":\"3\",\"account_id\":null,\"title\":\"Why do you want this job?\",\"image\":\"\",\"order\":\"0\",\"created_at\":\"2020-12-24 02:38:32\",\"updated_at\":\"2020-12-24 02:38:32\"},{\"interview_question_id\":\"8\",\"interview_id\":\"3\",\"account_id\":null,\"title\":\"What do you consider to be your biggest professional achievement?\",\"image\":\"\",\"order\":\"0\",\"created_at\":\"2020-12-24 02:38:32\",\"updated_at\":\"2020-12-24 02:38:32\"},{\"interview_question_id\":\"9\",\"interview_id\":\"3\",\"account_id\":null,\"title\":\"Tell me about the last time a co-worker or customer got angry with you. What happened?\",\"image\":\"\",\"order\":\"0\",\"created_at\":\"2020-12-24 02:38:32\",\"updated_at\":\"2020-12-24 02:38:32\"},{\"interview_question_id\":\"10\",\"interview_id\":\"3\",\"account_id\":null,\"title\":\"Describe your dream job.\",\"image\":\"\",\"order\":\"0\",\"created_at\":\"2020-12-24 02:38:32\",\"updated_at\":\"2020-12-24 02:38:32\"},{\"interview_question_id\":\"11\",\"interview_id\":\"3\",\"account_id\":null,\"title\":\"Why do you want to leave your current job?\",\"image\":\"\",\"order\":\"0\",\"created_at\":\"2020-12-24 02:38:32\",\"updated_at\":\"2020-12-24 02:38:32\"},{\"interview_question_id\":\"12\",\"interview_id\":\"3\",\"account_id\":null,\"title\":\"What kind of work environment do you like best?\",\"image\":\"\",\"order\":\"0\",\"created_at\":\"2020-12-24 02:38:32\",\"updated_at\":\"2020-12-24 02:38:32\"},{\"interview_question_id\":\"13\",\"interview_id\":\"3\",\"account_id\":null,\"title\":\"Tell me about the toughest decision you had to make in the last six months.\",\"image\":\"\",\"order\":\"0\",\"created_at\":\"2020-12-24 02:38:32\",\"updated_at\":\"2020-12-24 02:38:32\"},{\"interview_question_id\":\"14\",\"interview_id\":\"3\",\"account_id\":null,\"title\":\"What is your leadership style?\",\"image\":\"\",\"order\":\"0\",\"created_at\":\"2020-12-24 02:38:32\",\"updated_at\":\"2020-12-24 02:38:32\"},{\"interview_question_id\":\"15\",\"interview_id\":\"3\",\"account_id\":null,\"title\":\"Tell me about a time you disagreed with a decision. What did you do?\",\"image\":\"\",\"order\":\"0\",\"created_at\":\"2020-12-24 02:38:32\",\"updated_at\":\"2020-12-24 02:38:32\"},{\"interview_question_id\":\"16\",\"interview_id\":\"3\",\"account_id\":null,\"title\":\"Tell me how you think other people would describe you.\",\"image\":\"\",\"order\":\"0\",\"created_at\":\"2020-12-24 02:38:32\",\"updated_at\":\"2020-12-24 02:38:32\"},{\"interview_question_id\":\"17\",\"interview_id\":\"3\",\"account_id\":null,\"title\":\"What can we expect from you in your first three months?\",\"image\":\"\",\"order\":\"0\",\"created_at\":\"2020-12-24 02:38:32\",\"updated_at\":\"2020-12-24 02:38:32\"},{\"interview_question_id\":\"18\",\"interview_id\":\"3\",\"account_id\":null,\"title\":\"What do you like to do outside of work?\",\"image\":\"\",\"order\":\"0\",\"created_at\":\"2020-12-24 02:38:32\",\"updated_at\":\"2020-12-24 02:38:32\"},{\"interview_question_id\":\"19\",\"interview_id\":\"3\",\"account_id\":null,\"title\":\"What was your salary in your last job?\",\"image\":\"\",\"order\":\"0\",\"created_at\":\"2020-12-24 02:38:32\",\"updated_at\":\"2020-12-24 02:38:32\"},{\"interview_question_id\":\"20\",\"interview_id\":\"3\",\"account_id\":null,\"title\":\"A snail is at the bottom of a 30-foot well. Each day he climbs up three feet, but at night he slips back two feet. How many days will it take him to climb out of the well?\",\"image\":\"\",\"order\":\"0\",\"created_at\":\"2020-12-24 02:38:32\",\"updated_at\":\"2020-12-24 02:38:32\"},{\"interview_question_id\":\"21\",\"interview_id\":\"3\",\"account_id\":null,\"title\":\"What do you expect me to accomplish in the first 90 days?\",\"image\":\"\",\"order\":\"0\",\"created_at\":\"2020-12-24 02:38:32\",\"updated_at\":\"2020-12-24 02:38:32\"},{\"interview_question_id\":\"22\",\"interview_id\":\"3\",\"account_id\":null,\"title\":\"If you were to rank them, what are the three traits your top performers have in common?\",\"image\":\"\",\"order\":\"0\",\"created_at\":\"2020-12-24 02:38:32\",\"updated_at\":\"2020-12-24 02:38:32\"},{\"interview_question_id\":\"23\",\"interview_id\":\"3\",\"account_id\":null,\"title\":\"What really drives results in this job?\",\"image\":\"\",\"order\":\"0\",\"created_at\":\"2020-12-24 02:38:32\",\"updated_at\":\"2020-12-24 02:38:32\"},{\"interview_question_id\":\"24\",\"interview_id\":\"3\",\"account_id\":null,\"title\":\"What are the company\'s highest-priority goals this year, and how would my role contribute?\",\"image\":\"\",\"order\":\"0\",\"created_at\":\"2020-12-24 02:38:32\",\"updated_at\":\"2020-12-24 02:38:32\"},{\"interview_question_id\":\"25\",\"interview_id\":\"3\",\"account_id\":null,\"title\":\"What do you plan to do if...?\",\"image\":\"\",\"order\":\"0\",\"created_at\":\"2020-12-24 02:38:32\",\"updated_at\":\"2020-12-24 02:38:32\"}]}', NULL, 25, 101, 1, NULL, NULL, NULL, '2020-12-24 02:38:34');
INSERT INTO `ac_candidate_interviews` VALUES (12, 12, 1, 4, 'General Interview', '{\"interview\":{\"interview_id\":\"3\",\"interview_category_id\":\"4\",\"account_id\":null,\"title\":\"General Interview\",\"description\":\"Lorem Ipsum is simply dummy text of the printing and typesetting industry. Lorem Ipsum has been the industry\'s standard dummy text ever since the 1500s, when an unknown printer took a galley of type and scrambled it to make a type specimen book. It has survived not only five centuries, but also the leap into electronic typesetting, remaining essentially unchanged.\",\"created_at\":\"2020-12-24 02:38:32\",\"updated_at\":\"2020-12-24 02:38:32\"},\"questions\":[{\"interview_question_id\":\"1\",\"interview_id\":\"3\",\"account_id\":null,\"title\":\"Tell me a little about yourself.\",\"image\":\"\",\"order\":\"0\",\"created_at\":\"2020-12-24 02:38:32\",\"updated_at\":\"2020-12-24 02:38:32\"},{\"interview_question_id\":\"2\",\"interview_id\":\"3\",\"account_id\":null,\"title\":\"What are your biggest weaknesses?\",\"image\":\"\",\"order\":\"0\",\"created_at\":\"2020-12-24 02:38:32\",\"updated_at\":\"2020-12-24 02:38:32\"},{\"interview_question_id\":\"3\",\"interview_id\":\"3\",\"account_id\":null,\"title\":\"What are your biggest strengths?\",\"image\":\"\",\"order\":\"0\",\"created_at\":\"2020-12-24 02:38:32\",\"updated_at\":\"2020-12-24 02:38:32\"},{\"interview_question_id\":\"4\",\"interview_id\":\"3\",\"account_id\":null,\"title\":\"Where do you see yourself in five years?\",\"image\":\"\",\"order\":\"0\",\"created_at\":\"2020-12-24 02:38:32\",\"updated_at\":\"2020-12-24 02:38:32\"},{\"interview_question_id\":\"5\",\"interview_id\":\"3\",\"account_id\":null,\"title\":\"Out of all the other candidates, why should we hire you?\",\"image\":\"\",\"order\":\"0\",\"created_at\":\"2020-12-24 02:38:32\",\"updated_at\":\"2020-12-24 02:38:32\"},{\"interview_question_id\":\"6\",\"interview_id\":\"3\",\"account_id\":null,\"title\":\"How did you learn about the opening?\",\"image\":\"\",\"order\":\"0\",\"created_at\":\"2020-12-24 02:38:32\",\"updated_at\":\"2020-12-24 02:38:32\"},{\"interview_question_id\":\"7\",\"interview_id\":\"3\",\"account_id\":null,\"title\":\"Why do you want this job?\",\"image\":\"\",\"order\":\"0\",\"created_at\":\"2020-12-24 02:38:32\",\"updated_at\":\"2020-12-24 02:38:32\"},{\"interview_question_id\":\"8\",\"interview_id\":\"3\",\"account_id\":null,\"title\":\"What do you consider to be your biggest professional achievement?\",\"image\":\"\",\"order\":\"0\",\"created_at\":\"2020-12-24 02:38:32\",\"updated_at\":\"2020-12-24 02:38:32\"},{\"interview_question_id\":\"9\",\"interview_id\":\"3\",\"account_id\":null,\"title\":\"Tell me about the last time a co-worker or customer got angry with you. What happened?\",\"image\":\"\",\"order\":\"0\",\"created_at\":\"2020-12-24 02:38:32\",\"updated_at\":\"2020-12-24 02:38:32\"},{\"interview_question_id\":\"10\",\"interview_id\":\"3\",\"account_id\":null,\"title\":\"Describe your dream job.\",\"image\":\"\",\"order\":\"0\",\"created_at\":\"2020-12-24 02:38:32\",\"updated_at\":\"2020-12-24 02:38:32\"},{\"interview_question_id\":\"11\",\"interview_id\":\"3\",\"account_id\":null,\"title\":\"Why do you want to leave your current job?\",\"image\":\"\",\"order\":\"0\",\"created_at\":\"2020-12-24 02:38:32\",\"updated_at\":\"2020-12-24 02:38:32\"},{\"interview_question_id\":\"12\",\"interview_id\":\"3\",\"account_id\":null,\"title\":\"What kind of work environment do you like best?\",\"image\":\"\",\"order\":\"0\",\"created_at\":\"2020-12-24 02:38:32\",\"updated_at\":\"2020-12-24 02:38:32\"},{\"interview_question_id\":\"13\",\"interview_id\":\"3\",\"account_id\":null,\"title\":\"Tell me about the toughest decision you had to make in the last six months.\",\"image\":\"\",\"order\":\"0\",\"created_at\":\"2020-12-24 02:38:32\",\"updated_at\":\"2020-12-24 02:38:32\"},{\"interview_question_id\":\"14\",\"interview_id\":\"3\",\"account_id\":null,\"title\":\"What is your leadership style?\",\"image\":\"\",\"order\":\"0\",\"created_at\":\"2020-12-24 02:38:32\",\"updated_at\":\"2020-12-24 02:38:32\"},{\"interview_question_id\":\"15\",\"interview_id\":\"3\",\"account_id\":null,\"title\":\"Tell me about a time you disagreed with a decision. What did you do?\",\"image\":\"\",\"order\":\"0\",\"created_at\":\"2020-12-24 02:38:32\",\"updated_at\":\"2020-12-24 02:38:32\"},{\"interview_question_id\":\"16\",\"interview_id\":\"3\",\"account_id\":null,\"title\":\"Tell me how you think other people would describe you.\",\"image\":\"\",\"order\":\"0\",\"created_at\":\"2020-12-24 02:38:32\",\"updated_at\":\"2020-12-24 02:38:32\"},{\"interview_question_id\":\"17\",\"interview_id\":\"3\",\"account_id\":null,\"title\":\"What can we expect from you in your first three months?\",\"image\":\"\",\"order\":\"0\",\"created_at\":\"2020-12-24 02:38:32\",\"updated_at\":\"2020-12-24 02:38:32\"},{\"interview_question_id\":\"18\",\"interview_id\":\"3\",\"account_id\":null,\"title\":\"What do you like to do outside of work?\",\"image\":\"\",\"order\":\"0\",\"created_at\":\"2020-12-24 02:38:32\",\"updated_at\":\"2020-12-24 02:38:32\"},{\"interview_question_id\":\"19\",\"interview_id\":\"3\",\"account_id\":null,\"title\":\"What was your salary in your last job?\",\"image\":\"\",\"order\":\"0\",\"created_at\":\"2020-12-24 02:38:32\",\"updated_at\":\"2020-12-24 02:38:32\"},{\"interview_question_id\":\"20\",\"interview_id\":\"3\",\"account_id\":null,\"title\":\"A snail is at the bottom of a 30-foot well. Each day he climbs up three feet, but at night he slips back two feet. How many days will it take him to climb out of the well?\",\"image\":\"\",\"order\":\"0\",\"created_at\":\"2020-12-24 02:38:32\",\"updated_at\":\"2020-12-24 02:38:32\"},{\"interview_question_id\":\"21\",\"interview_id\":\"3\",\"account_id\":null,\"title\":\"What do you expect me to accomplish in the first 90 days?\",\"image\":\"\",\"order\":\"0\",\"created_at\":\"2020-12-24 02:38:32\",\"updated_at\":\"2020-12-24 02:38:32\"},{\"interview_question_id\":\"22\",\"interview_id\":\"3\",\"account_id\":null,\"title\":\"If you were to rank them, what are the three traits your top performers have in common?\",\"image\":\"\",\"order\":\"0\",\"created_at\":\"2020-12-24 02:38:32\",\"updated_at\":\"2020-12-24 02:38:32\"},{\"interview_question_id\":\"23\",\"interview_id\":\"3\",\"account_id\":null,\"title\":\"What really drives results in this job?\",\"image\":\"\",\"order\":\"0\",\"created_at\":\"2020-12-24 02:38:32\",\"updated_at\":\"2020-12-24 02:38:32\"},{\"interview_question_id\":\"24\",\"interview_id\":\"3\",\"account_id\":null,\"title\":\"What are the company\'s highest-priority goals this year, and how would my role contribute?\",\"image\":\"\",\"order\":\"0\",\"created_at\":\"2020-12-24 02:38:32\",\"updated_at\":\"2020-12-24 02:38:32\"},{\"interview_question_id\":\"25\",\"interview_id\":\"3\",\"account_id\":null,\"title\":\"What do you plan to do if...?\",\"image\":\"\",\"order\":\"0\",\"created_at\":\"2020-12-24 02:38:32\",\"updated_at\":\"2020-12-24 02:38:32\"}]}', NULL, 25, 96, 1, NULL, NULL, NULL, '2020-12-24 02:38:35');
INSERT INTO `ac_candidate_interviews` VALUES (13, 5, 3, 2, 'General Interview', '{\"interview\":{\"interview_id\":\"3\",\"interview_category_id\":\"4\",\"account_id\":null,\"title\":\"General Interview\",\"description\":\"Lorem Ipsum is simply dummy text of the printing and typesetting industry. Lorem Ipsum has been the industry\'s standard dummy text ever since the 1500s, when an unknown printer took a galley of type and scrambled it to make a type specimen book. It has survived not only five centuries, but also the leap into electronic typesetting, remaining essentially unchanged.\",\"created_at\":\"2020-12-24 02:38:32\",\"updated_at\":\"2020-12-24 02:38:32\"},\"questions\":[{\"interview_question_id\":\"1\",\"interview_id\":\"3\",\"account_id\":null,\"title\":\"Tell me a little about yourself.\",\"image\":\"\",\"order\":\"0\",\"created_at\":\"2020-12-24 02:38:32\",\"updated_at\":\"2020-12-24 02:38:32\"},{\"interview_question_id\":\"2\",\"interview_id\":\"3\",\"account_id\":null,\"title\":\"What are your biggest weaknesses?\",\"image\":\"\",\"order\":\"0\",\"created_at\":\"2020-12-24 02:38:32\",\"updated_at\":\"2020-12-24 02:38:32\"},{\"interview_question_id\":\"3\",\"interview_id\":\"3\",\"account_id\":null,\"title\":\"What are your biggest strengths?\",\"image\":\"\",\"order\":\"0\",\"created_at\":\"2020-12-24 02:38:32\",\"updated_at\":\"2020-12-24 02:38:32\"},{\"interview_question_id\":\"4\",\"interview_id\":\"3\",\"account_id\":null,\"title\":\"Where do you see yourself in five years?\",\"image\":\"\",\"order\":\"0\",\"created_at\":\"2020-12-24 02:38:32\",\"updated_at\":\"2020-12-24 02:38:32\"},{\"interview_question_id\":\"5\",\"interview_id\":\"3\",\"account_id\":null,\"title\":\"Out of all the other candidates, why should we hire you?\",\"image\":\"\",\"order\":\"0\",\"created_at\":\"2020-12-24 02:38:32\",\"updated_at\":\"2020-12-24 02:38:32\"},{\"interview_question_id\":\"6\",\"interview_id\":\"3\",\"account_id\":null,\"title\":\"How did you learn about the opening?\",\"image\":\"\",\"order\":\"0\",\"created_at\":\"2020-12-24 02:38:32\",\"updated_at\":\"2020-12-24 02:38:32\"},{\"interview_question_id\":\"7\",\"interview_id\":\"3\",\"account_id\":null,\"title\":\"Why do you want this job?\",\"image\":\"\",\"order\":\"0\",\"created_at\":\"2020-12-24 02:38:32\",\"updated_at\":\"2020-12-24 02:38:32\"},{\"interview_question_id\":\"8\",\"interview_id\":\"3\",\"account_id\":null,\"title\":\"What do you consider to be your biggest professional achievement?\",\"image\":\"\",\"order\":\"0\",\"created_at\":\"2020-12-24 02:38:32\",\"updated_at\":\"2020-12-24 02:38:32\"},{\"interview_question_id\":\"9\",\"interview_id\":\"3\",\"account_id\":null,\"title\":\"Tell me about the last time a co-worker or customer got angry with you. What happened?\",\"image\":\"\",\"order\":\"0\",\"created_at\":\"2020-12-24 02:38:32\",\"updated_at\":\"2020-12-24 02:38:32\"},{\"interview_question_id\":\"10\",\"interview_id\":\"3\",\"account_id\":null,\"title\":\"Describe your dream job.\",\"image\":\"\",\"order\":\"0\",\"created_at\":\"2020-12-24 02:38:32\",\"updated_at\":\"2020-12-24 02:38:32\"},{\"interview_question_id\":\"11\",\"interview_id\":\"3\",\"account_id\":null,\"title\":\"Why do you want to leave your current job?\",\"image\":\"\",\"order\":\"0\",\"created_at\":\"2020-12-24 02:38:32\",\"updated_at\":\"2020-12-24 02:38:32\"},{\"interview_question_id\":\"12\",\"interview_id\":\"3\",\"account_id\":null,\"title\":\"What kind of work environment do you like best?\",\"image\":\"\",\"order\":\"0\",\"created_at\":\"2020-12-24 02:38:32\",\"updated_at\":\"2020-12-24 02:38:32\"},{\"interview_question_id\":\"13\",\"interview_id\":\"3\",\"account_id\":null,\"title\":\"Tell me about the toughest decision you had to make in the last six months.\",\"image\":\"\",\"order\":\"0\",\"created_at\":\"2020-12-24 02:38:32\",\"updated_at\":\"2020-12-24 02:38:32\"},{\"interview_question_id\":\"14\",\"interview_id\":\"3\",\"account_id\":null,\"title\":\"What is your leadership style?\",\"image\":\"\",\"order\":\"0\",\"created_at\":\"2020-12-24 02:38:32\",\"updated_at\":\"2020-12-24 02:38:32\"},{\"interview_question_id\":\"15\",\"interview_id\":\"3\",\"account_id\":null,\"title\":\"Tell me about a time you disagreed with a decision. What did you do?\",\"image\":\"\",\"order\":\"0\",\"created_at\":\"2020-12-24 02:38:32\",\"updated_at\":\"2020-12-24 02:38:32\"},{\"interview_question_id\":\"16\",\"interview_id\":\"3\",\"account_id\":null,\"title\":\"Tell me how you think other people would describe you.\",\"image\":\"\",\"order\":\"0\",\"created_at\":\"2020-12-24 02:38:32\",\"updated_at\":\"2020-12-24 02:38:32\"},{\"interview_question_id\":\"17\",\"interview_id\":\"3\",\"account_id\":null,\"title\":\"What can we expect from you in your first three months?\",\"image\":\"\",\"order\":\"0\",\"created_at\":\"2020-12-24 02:38:32\",\"updated_at\":\"2020-12-24 02:38:32\"},{\"interview_question_id\":\"18\",\"interview_id\":\"3\",\"account_id\":null,\"title\":\"What do you like to do outside of work?\",\"image\":\"\",\"order\":\"0\",\"created_at\":\"2020-12-24 02:38:32\",\"updated_at\":\"2020-12-24 02:38:32\"},{\"interview_question_id\":\"19\",\"interview_id\":\"3\",\"account_id\":null,\"title\":\"What was your salary in your last job?\",\"image\":\"\",\"order\":\"0\",\"created_at\":\"2020-12-24 02:38:32\",\"updated_at\":\"2020-12-24 02:38:32\"},{\"interview_question_id\":\"20\",\"interview_id\":\"3\",\"account_id\":null,\"title\":\"A snail is at the bottom of a 30-foot well. Each day he climbs up three feet, but at night he slips back two feet. How many days will it take him to climb out of the well?\",\"image\":\"\",\"order\":\"0\",\"created_at\":\"2020-12-24 02:38:32\",\"updated_at\":\"2020-12-24 02:38:32\"},{\"interview_question_id\":\"21\",\"interview_id\":\"3\",\"account_id\":null,\"title\":\"What do you expect me to accomplish in the first 90 days?\",\"image\":\"\",\"order\":\"0\",\"created_at\":\"2020-12-24 02:38:32\",\"updated_at\":\"2020-12-24 02:38:32\"},{\"interview_question_id\":\"22\",\"interview_id\":\"3\",\"account_id\":null,\"title\":\"If you were to rank them, what are the three traits your top performers have in common?\",\"image\":\"\",\"order\":\"0\",\"created_at\":\"2020-12-24 02:38:32\",\"updated_at\":\"2020-12-24 02:38:32\"},{\"interview_question_id\":\"23\",\"interview_id\":\"3\",\"account_id\":null,\"title\":\"What really drives results in this job?\",\"image\":\"\",\"order\":\"0\",\"created_at\":\"2020-12-24 02:38:32\",\"updated_at\":\"2020-12-24 02:38:32\"},{\"interview_question_id\":\"24\",\"interview_id\":\"3\",\"account_id\":null,\"title\":\"What are the company\'s highest-priority goals this year, and how would my role contribute?\",\"image\":\"\",\"order\":\"0\",\"created_at\":\"2020-12-24 02:38:32\",\"updated_at\":\"2020-12-24 02:38:32\"},{\"interview_question_id\":\"25\",\"interview_id\":\"3\",\"account_id\":null,\"title\":\"What do you plan to do if...?\",\"image\":\"\",\"order\":\"0\",\"created_at\":\"2020-12-24 02:38:32\",\"updated_at\":\"2020-12-24 02:38:32\"}]}', NULL, 25, 15, 1, NULL, NULL, NULL, '2020-12-24 02:38:35');
INSERT INTO `ac_candidate_interviews` VALUES (14, 6, 3, 4, 'General Interview', '{\"interview\":{\"interview_id\":\"3\",\"interview_category_id\":\"4\",\"account_id\":null,\"title\":\"General Interview\",\"description\":\"Lorem Ipsum is simply dummy text of the printing and typesetting industry. Lorem Ipsum has been the industry\'s standard dummy text ever since the 1500s, when an unknown printer took a galley of type and scrambled it to make a type specimen book. It has survived not only five centuries, but also the leap into electronic typesetting, remaining essentially unchanged.\",\"created_at\":\"2020-12-24 02:38:32\",\"updated_at\":\"2020-12-24 02:38:32\"},\"questions\":[{\"interview_question_id\":\"1\",\"interview_id\":\"3\",\"account_id\":null,\"title\":\"Tell me a little about yourself.\",\"image\":\"\",\"order\":\"0\",\"created_at\":\"2020-12-24 02:38:32\",\"updated_at\":\"2020-12-24 02:38:32\"},{\"interview_question_id\":\"2\",\"interview_id\":\"3\",\"account_id\":null,\"title\":\"What are your biggest weaknesses?\",\"image\":\"\",\"order\":\"0\",\"created_at\":\"2020-12-24 02:38:32\",\"updated_at\":\"2020-12-24 02:38:32\"},{\"interview_question_id\":\"3\",\"interview_id\":\"3\",\"account_id\":null,\"title\":\"What are your biggest strengths?\",\"image\":\"\",\"order\":\"0\",\"created_at\":\"2020-12-24 02:38:32\",\"updated_at\":\"2020-12-24 02:38:32\"},{\"interview_question_id\":\"4\",\"interview_id\":\"3\",\"account_id\":null,\"title\":\"Where do you see yourself in five years?\",\"image\":\"\",\"order\":\"0\",\"created_at\":\"2020-12-24 02:38:32\",\"updated_at\":\"2020-12-24 02:38:32\"},{\"interview_question_id\":\"5\",\"interview_id\":\"3\",\"account_id\":null,\"title\":\"Out of all the other candidates, why should we hire you?\",\"image\":\"\",\"order\":\"0\",\"created_at\":\"2020-12-24 02:38:32\",\"updated_at\":\"2020-12-24 02:38:32\"},{\"interview_question_id\":\"6\",\"interview_id\":\"3\",\"account_id\":null,\"title\":\"How did you learn about the opening?\",\"image\":\"\",\"order\":\"0\",\"created_at\":\"2020-12-24 02:38:32\",\"updated_at\":\"2020-12-24 02:38:32\"},{\"interview_question_id\":\"7\",\"interview_id\":\"3\",\"account_id\":null,\"title\":\"Why do you want this job?\",\"image\":\"\",\"order\":\"0\",\"created_at\":\"2020-12-24 02:38:32\",\"updated_at\":\"2020-12-24 02:38:32\"},{\"interview_question_id\":\"8\",\"interview_id\":\"3\",\"account_id\":null,\"title\":\"What do you consider to be your biggest professional achievement?\",\"image\":\"\",\"order\":\"0\",\"created_at\":\"2020-12-24 02:38:32\",\"updated_at\":\"2020-12-24 02:38:32\"},{\"interview_question_id\":\"9\",\"interview_id\":\"3\",\"account_id\":null,\"title\":\"Tell me about the last time a co-worker or customer got angry with you. What happened?\",\"image\":\"\",\"order\":\"0\",\"created_at\":\"2020-12-24 02:38:32\",\"updated_at\":\"2020-12-24 02:38:32\"},{\"interview_question_id\":\"10\",\"interview_id\":\"3\",\"account_id\":null,\"title\":\"Describe your dream job.\",\"image\":\"\",\"order\":\"0\",\"created_at\":\"2020-12-24 02:38:32\",\"updated_at\":\"2020-12-24 02:38:32\"},{\"interview_question_id\":\"11\",\"interview_id\":\"3\",\"account_id\":null,\"title\":\"Why do you want to leave your current job?\",\"image\":\"\",\"order\":\"0\",\"created_at\":\"2020-12-24 02:38:32\",\"updated_at\":\"2020-12-24 02:38:32\"},{\"interview_question_id\":\"12\",\"interview_id\":\"3\",\"account_id\":null,\"title\":\"What kind of work environment do you like best?\",\"image\":\"\",\"order\":\"0\",\"created_at\":\"2020-12-24 02:38:32\",\"updated_at\":\"2020-12-24 02:38:32\"},{\"interview_question_id\":\"13\",\"interview_id\":\"3\",\"account_id\":null,\"title\":\"Tell me about the toughest decision you had to make in the last six months.\",\"image\":\"\",\"order\":\"0\",\"created_at\":\"2020-12-24 02:38:32\",\"updated_at\":\"2020-12-24 02:38:32\"},{\"interview_question_id\":\"14\",\"interview_id\":\"3\",\"account_id\":null,\"title\":\"What is your leadership style?\",\"image\":\"\",\"order\":\"0\",\"created_at\":\"2020-12-24 02:38:32\",\"updated_at\":\"2020-12-24 02:38:32\"},{\"interview_question_id\":\"15\",\"interview_id\":\"3\",\"account_id\":null,\"title\":\"Tell me about a time you disagreed with a decision. What did you do?\",\"image\":\"\",\"order\":\"0\",\"created_at\":\"2020-12-24 02:38:32\",\"updated_at\":\"2020-12-24 02:38:32\"},{\"interview_question_id\":\"16\",\"interview_id\":\"3\",\"account_id\":null,\"title\":\"Tell me how you think other people would describe you.\",\"image\":\"\",\"order\":\"0\",\"created_at\":\"2020-12-24 02:38:32\",\"updated_at\":\"2020-12-24 02:38:32\"},{\"interview_question_id\":\"17\",\"interview_id\":\"3\",\"account_id\":null,\"title\":\"What can we expect from you in your first three months?\",\"image\":\"\",\"order\":\"0\",\"created_at\":\"2020-12-24 02:38:32\",\"updated_at\":\"2020-12-24 02:38:32\"},{\"interview_question_id\":\"18\",\"interview_id\":\"3\",\"account_id\":null,\"title\":\"What do you like to do outside of work?\",\"image\":\"\",\"order\":\"0\",\"created_at\":\"2020-12-24 02:38:32\",\"updated_at\":\"2020-12-24 02:38:32\"},{\"interview_question_id\":\"19\",\"interview_id\":\"3\",\"account_id\":null,\"title\":\"What was your salary in your last job?\",\"image\":\"\",\"order\":\"0\",\"created_at\":\"2020-12-24 02:38:32\",\"updated_at\":\"2020-12-24 02:38:32\"},{\"interview_question_id\":\"20\",\"interview_id\":\"3\",\"account_id\":null,\"title\":\"A snail is at the bottom of a 30-foot well. Each day he climbs up three feet, but at night he slips back two feet. How many days will it take him to climb out of the well?\",\"image\":\"\",\"order\":\"0\",\"created_at\":\"2020-12-24 02:38:32\",\"updated_at\":\"2020-12-24 02:38:32\"},{\"interview_question_id\":\"21\",\"interview_id\":\"3\",\"account_id\":null,\"title\":\"What do you expect me to accomplish in the first 90 days?\",\"image\":\"\",\"order\":\"0\",\"created_at\":\"2020-12-24 02:38:32\",\"updated_at\":\"2020-12-24 02:38:32\"},{\"interview_question_id\":\"22\",\"interview_id\":\"3\",\"account_id\":null,\"title\":\"If you were to rank them, what are the three traits your top performers have in common?\",\"image\":\"\",\"order\":\"0\",\"created_at\":\"2020-12-24 02:38:32\",\"updated_at\":\"2020-12-24 02:38:32\"},{\"interview_question_id\":\"23\",\"interview_id\":\"3\",\"account_id\":null,\"title\":\"What really drives results in this job?\",\"image\":\"\",\"order\":\"0\",\"created_at\":\"2020-12-24 02:38:32\",\"updated_at\":\"2020-12-24 02:38:32\"},{\"interview_question_id\":\"24\",\"interview_id\":\"3\",\"account_id\":null,\"title\":\"What are the company\'s highest-priority goals this year, and how would my role contribute?\",\"image\":\"\",\"order\":\"0\",\"created_at\":\"2020-12-24 02:38:32\",\"updated_at\":\"2020-12-24 02:38:32\"},{\"interview_question_id\":\"25\",\"interview_id\":\"3\",\"account_id\":null,\"title\":\"What do you plan to do if...?\",\"image\":\"\",\"order\":\"0\",\"created_at\":\"2020-12-24 02:38:32\",\"updated_at\":\"2020-12-24 02:38:32\"}]}', NULL, 25, 209, 1, NULL, NULL, NULL, '2020-12-24 02:38:35');

-- ----------------------------
-- Table structure for ac_candidate_quizes
-- ----------------------------
DROP TABLE IF EXISTS `ac_candidate_quizes`;
CREATE TABLE `ac_candidate_quizes`  (
  `candidate_quiz_id` int(10) UNSIGNED NOT NULL AUTO_INCREMENT,
  `candidate_id` int(11) NOT NULL,
  `job_id` int(10) UNSIGNED NOT NULL,
  `job_quiz_id` int(10) UNSIGNED NOT NULL,
  `quiz_title` varchar(100) CHARACTER SET utf8 COLLATE utf8_general_ci NOT NULL,
  `quiz_data` text CHARACTER SET utf8 COLLATE utf8_general_ci NULL,
  `answers_data` text CHARACTER SET utf8 COLLATE utf8_general_ci NULL,
  `total_questions` tinyint(4) NULL DEFAULT NULL,
  `allowed_time` tinyint(4) NULL DEFAULT NULL,
  `correct_answers` tinyint(4) NULL DEFAULT NULL,
  `attempt` tinyint(4) NULL DEFAULT NULL,
  `started_at` datetime(0) NULL DEFAULT NULL,
  `created_at` datetime(0) NULL DEFAULT NULL,
  PRIMARY KEY (`candidate_quiz_id`) USING BTREE
) ENGINE = InnoDB AUTO_INCREMENT = 30 CHARACTER SET = utf8 COLLATE = utf8_general_ci ROW_FORMAT = DYNAMIC;

-- ----------------------------
-- Records of ac_candidate_quizes
-- ----------------------------
INSERT INTO `ac_candidate_quizes` VALUES (3, 2, 1, 0, 'Marketing Position Quiz', '{\"quiz\":{\"quiz_id\":\"2\",\"quiz_category_id\":\"1\",\"account_id\":null,\"title\":\"Marketing Position Quiz\",\"description\":\"Lorem Ipsum is simply dummy text of the printing and typesetting industry. Lorem Ipsum has been the industry\'s standard dummy text ever since the 1500s, when an unknown printer took a galley of type and scrambled it to make a type specimen book. It has survived not only five centuries, but also the leap into electronic typesetting, remaining essentially unchanged.\",\"allowed_time\":\"30\",\"created_at\":\"2020-12-24 02:38:31\",\"updated_at\":\"2020-12-24 02:38:31\"},\"questions\":[{\"quiz_question_id\":\"21\",\"quiz_id\":\"2\",\"account_id\":null,\"title\":\"Good marketing is no accident, but a result of careful planning and ________\",\"image\":\"\",\"type\":\"radio\",\"order\":\"0\",\"created_at\":\"2020-12-24 02:38:31\",\"updated_at\":\"2020-12-24 02:38:31\",\"answers\":[{\"quiz_question_answer_id\":\"75\",\"quiz_question_id\":\"21\",\"title\":\"execution\",\"is_correct\":\"1\"},{\"quiz_question_answer_id\":\"76\",\"quiz_question_id\":\"21\",\"title\":\"selling\",\"is_correct\":\"0\"},{\"quiz_question_answer_id\":\"77\",\"quiz_question_id\":\"21\",\"title\":\"strategies\",\"is_correct\":\"0\"},{\"quiz_question_answer_id\":\"78\",\"quiz_question_id\":\"21\",\"title\":\"tactics\",\"is_correct\":\"0\"},{\"quiz_question_answer_id\":\"79\",\"quiz_question_id\":\"21\",\"title\":\"research\",\"is_correct\":\"0\"}]},{\"quiz_question_id\":\"22\",\"quiz_id\":\"2\",\"account_id\":null,\"title\":\"The most formal definition of marketing is ________\",\"image\":\"\",\"type\":\"radio\",\"order\":\"0\",\"created_at\":\"2020-12-24 02:38:31\",\"updated_at\":\"2020-12-24 02:38:31\",\"answers\":[{\"quiz_question_answer_id\":\"80\",\"quiz_question_id\":\"22\",\"title\":\"meeting needs profitably\",\"is_correct\":\"0\"},{\"quiz_question_answer_id\":\"81\",\"quiz_question_id\":\"22\",\"title\":\"identifying and meeting human and social needs\",\"is_correct\":\"0\"},{\"quiz_question_answer_id\":\"82\",\"quiz_question_id\":\"22\",\"title\":\"the 4Ps (Product, Price, Place, Promotion)\",\"is_correct\":\"0\"},{\"quiz_question_answer_id\":\"83\",\"quiz_question_id\":\"22\",\"title\":\"an organizational function and a set of processes for creating, communicating,and delivering, value \",\"is_correct\":\"1\"},{\"quiz_question_answer_id\":\"84\",\"quiz_question_id\":\"22\",\"title\":\"improving the quality of life for consumers\",\"is_correct\":\"0\"}]},{\"quiz_question_id\":\"23\",\"quiz_id\":\"2\",\"account_id\":null,\"title\":\"________ can be produced and marketed as a product.\",\"image\":\"\",\"type\":\"radio\",\"order\":\"0\",\"created_at\":\"2020-12-24 02:38:31\",\"updated_at\":\"2020-12-24 02:38:31\",\"answers\":[{\"quiz_question_answer_id\":\"85\",\"quiz_question_id\":\"23\",\"title\":\"Information\",\"is_correct\":\"1\"},{\"quiz_question_answer_id\":\"86\",\"quiz_question_id\":\"23\",\"title\":\"Celebrities\",\"is_correct\":\"0\"},{\"quiz_question_answer_id\":\"87\",\"quiz_question_id\":\"23\",\"title\":\"Durable goods\",\"is_correct\":\"0\"},{\"quiz_question_answer_id\":\"88\",\"quiz_question_id\":\"23\",\"title\":\"Organizations\",\"is_correct\":\"0\"},{\"quiz_question_answer_id\":\"89\",\"quiz_question_id\":\"23\",\"title\":\"Properties\",\"is_correct\":\"0\"}]},{\"quiz_question_id\":\"24\",\"quiz_id\":\"2\",\"account_id\":null,\"title\":\"The   ________   promises   to   lead   to   more   accurate   levels   of   production,   moretargeted communications, and more relevant pricing.\",\"image\":\"\",\"type\":\"radio\",\"order\":\"0\",\"created_at\":\"2020-12-24 02:38:31\",\"updated_at\":\"2020-12-24 02:38:31\",\"answers\":[{\"quiz_question_answer_id\":\"90\",\"quiz_question_id\":\"24\",\"title\":\"Age of Globalization\",\"is_correct\":\"0\"},{\"quiz_question_answer_id\":\"91\",\"quiz_question_id\":\"24\",\"title\":\"Age of Deregulation\",\"is_correct\":\"0\"},{\"quiz_question_answer_id\":\"92\",\"quiz_question_id\":\"24\",\"title\":\"Industrial Age\",\"is_correct\":\"0\"},{\"quiz_question_answer_id\":\"93\",\"quiz_question_id\":\"24\",\"title\":\"Information Ag\",\"is_correct\":\"1\"},{\"quiz_question_answer_id\":\"94\",\"quiz_question_id\":\"24\",\"title\":\"Production Age\",\"is_correct\":\"0\"}]},{\"quiz_question_id\":\"25\",\"quiz_id\":\"2\",\"account_id\":null,\"title\":\"Marketers often use the term ________ to cover various groupings of customers.\",\"image\":\"\",\"type\":\"radio\",\"order\":\"0\",\"created_at\":\"2020-12-24 02:38:31\",\"updated_at\":\"2020-12-24 02:38:31\",\"answers\":[{\"quiz_question_answer_id\":\"95\",\"quiz_question_id\":\"25\",\"title\":\"people\",\"is_correct\":\"0\"},{\"quiz_question_answer_id\":\"96\",\"quiz_question_id\":\"25\",\"title\":\"buying power\",\"is_correct\":\"0\"},{\"quiz_question_answer_id\":\"97\",\"quiz_question_id\":\"25\",\"title\":\"demographic segment\",\"is_correct\":\"0\"},{\"quiz_question_answer_id\":\"98\",\"quiz_question_id\":\"25\",\"title\":\"social class position\",\"is_correct\":\"0\"},{\"quiz_question_answer_id\":\"99\",\"quiz_question_id\":\"25\",\"title\":\"market\",\"is_correct\":\"1\"}]},{\"quiz_question_id\":\"26\",\"quiz_id\":\"2\",\"account_id\":null,\"title\":\"Customers are showing greater price sensitivity in their search for ________\",\"image\":\"\",\"type\":\"radio\",\"order\":\"0\",\"created_at\":\"2020-12-24 02:38:31\",\"updated_at\":\"2020-12-24 02:38:31\",\"answers\":[{\"quiz_question_answer_id\":\"100\",\"quiz_question_id\":\"26\",\"title\":\"The right product\",\"is_correct\":\"0\"},{\"quiz_question_answer_id\":\"101\",\"quiz_question_id\":\"26\",\"title\":\"The right service\",\"is_correct\":\"0\"},{\"quiz_question_answer_id\":\"102\",\"quiz_question_id\":\"26\",\"title\":\"The right store\",\"is_correct\":\"0\"},{\"quiz_question_answer_id\":\"103\",\"quiz_question_id\":\"26\",\"title\":\"Value\",\"is_correct\":\"1\"},{\"quiz_question_answer_id\":\"104\",\"quiz_question_id\":\"26\",\"title\":\"Relationships\",\"is_correct\":\"0\"}]},{\"quiz_question_id\":\"27\",\"quiz_id\":\"2\",\"account_id\":null,\"title\":\"The ________ concept holds that consumers will favor those products that offerthe most quality, performance, or innovative features.\",\"image\":\"\",\"type\":\"radio\",\"order\":\"0\",\"created_at\":\"2020-12-24 02:38:31\",\"updated_at\":\"2020-12-24 02:38:31\",\"answers\":[{\"quiz_question_answer_id\":\"105\",\"quiz_question_id\":\"27\",\"title\":\"product\",\"is_correct\":\"1\"},{\"quiz_question_answer_id\":\"106\",\"quiz_question_id\":\"27\",\"title\":\"marketing\",\"is_correct\":\"0\"},{\"quiz_question_answer_id\":\"107\",\"quiz_question_id\":\"27\",\"title\":\"production\",\"is_correct\":\"0\"},{\"quiz_question_answer_id\":\"108\",\"quiz_question_id\":\"27\",\"title\":\"selling\",\"is_correct\":\"0\"},{\"quiz_question_answer_id\":\"109\",\"quiz_question_id\":\"27\",\"title\":\"holistic marketing\",\"is_correct\":\"0\"}]},{\"quiz_question_id\":\"28\",\"quiz_id\":\"2\",\"account_id\":null,\"title\":\"The ________ concept holds that consumers and businesses, if left alone, willordinarily not buy enough of the organization\\u2019s products.\",\"image\":\"\",\"type\":\"radio\",\"order\":\"0\",\"created_at\":\"2020-12-24 02:38:31\",\"updated_at\":\"2020-12-24 02:38:31\",\"answers\":[{\"quiz_question_answer_id\":\"110\",\"quiz_question_id\":\"28\",\"title\":\"production\",\"is_correct\":\"0\"},{\"quiz_question_answer_id\":\"111\",\"quiz_question_id\":\"28\",\"title\":\"selling\",\"is_correct\":\"1\"},{\"quiz_question_answer_id\":\"112\",\"quiz_question_id\":\"28\",\"title\":\"marketing\",\"is_correct\":\"0\"},{\"quiz_question_answer_id\":\"113\",\"quiz_question_id\":\"28\",\"title\":\"product\",\"is_correct\":\"0\"},{\"quiz_question_answer_id\":\"114\",\"quiz_question_id\":\"28\",\"title\":\"holistic marketing\",\"is_correct\":\"0\"}]},{\"quiz_question_id\":\"29\",\"quiz_id\":\"2\",\"account_id\":null,\"title\":\"In the course of converting to a marketing orientation, a company faces threehurdles\\u2014________.\",\"image\":\"\",\"type\":\"radio\",\"order\":\"0\",\"created_at\":\"2020-12-24 02:38:31\",\"updated_at\":\"2020-12-24 02:38:31\",\"answers\":[{\"quiz_question_answer_id\":\"115\",\"quiz_question_id\":\"29\",\"title\":\"organized resistance, slow learning, and fast forgetting\",\"is_correct\":\"1\"},{\"quiz_question_answer_id\":\"116\",\"quiz_question_id\":\"29\",\"title\":\"management, customer reaction, competitive response\",\"is_correct\":\"0\"},{\"quiz_question_answer_id\":\"117\",\"quiz_question_id\":\"29\",\"title\":\"decreased profits, increased R&D, additional distribution\",\"is_correct\":\"0\"},{\"quiz_question_answer_id\":\"118\",\"quiz_question_id\":\"29\",\"title\":\"forecasted demand, increased sales expense, increased inventory costs\",\"is_correct\":\"0\"},{\"quiz_question_answer_id\":\"119\",\"quiz_question_id\":\"29\",\"title\":\"customer focus, profitability, slow learning\",\"is_correct\":\"0\"}]},{\"quiz_question_id\":\"30\",\"quiz_id\":\"2\",\"account_id\":null,\"title\":\"Marketers argue for a ________ in which all functions work together to respondto, serve, and satisfy the customer.\",\"image\":\"\",\"type\":\"radio\",\"order\":\"0\",\"created_at\":\"2020-12-24 02:38:31\",\"updated_at\":\"2020-12-24 02:38:31\",\"answers\":[{\"quiz_question_answer_id\":\"120\",\"quiz_question_id\":\"30\",\"title\":\"cross-functional team orientation\",\"is_correct\":\"0\"},{\"quiz_question_answer_id\":\"121\",\"quiz_question_id\":\"30\",\"title\":\"collaboration model\",\"is_correct\":\"0\"},{\"quiz_question_answer_id\":\"122\",\"quiz_question_id\":\"30\",\"title\":\"customer orientation\",\"is_correct\":\"1\"},{\"quiz_question_answer_id\":\"123\",\"quiz_question_id\":\"30\",\"title\":\"management-driven organization\",\"is_correct\":\"0\"},{\"quiz_question_answer_id\":\"124\",\"quiz_question_id\":\"30\",\"title\":\"total quality model\",\"is_correct\":\"0\"}]},{\"quiz_question_id\":\"31\",\"quiz_id\":\"2\",\"account_id\":null,\"title\":\"One traditional depiction of marketing activities is in terms of the marketing mixor four Ps. The four Ps are characterized as being ________.\",\"image\":\"\",\"type\":\"radio\",\"order\":\"0\",\"created_at\":\"2020-12-24 02:38:31\",\"updated_at\":\"2020-12-24 02:38:31\",\"answers\":[{\"quiz_question_answer_id\":\"125\",\"quiz_question_id\":\"31\",\"title\":\"product, positioning, place, and price\",\"is_correct\":\"0\"},{\"quiz_question_answer_id\":\"126\",\"quiz_question_id\":\"31\",\"title\":\"product, production, price, and place\",\"is_correct\":\"0\"},{\"quiz_question_answer_id\":\"127\",\"quiz_question_id\":\"31\",\"title\":\"promotion, place, positioning, and price\",\"is_correct\":\"0\"},{\"quiz_question_answer_id\":\"128\",\"quiz_question_id\":\"31\",\"title\":\"place, promotion, production, and positioning\",\"is_correct\":\"0\"},{\"quiz_question_answer_id\":\"129\",\"quiz_question_id\":\"31\",\"title\":\"product, price, promotion, and place\",\"is_correct\":\"1\"}]},{\"quiz_question_id\":\"32\",\"quiz_id\":\"2\",\"account_id\":null,\"title\":\"Marketing is not a department so much as a ________.\",\"image\":\"\",\"type\":\"radio\",\"order\":\"0\",\"created_at\":\"2020-12-24 02:38:31\",\"updated_at\":\"2020-12-24 02:38:31\",\"answers\":[{\"quiz_question_answer_id\":\"130\",\"quiz_question_id\":\"32\",\"title\":\"company orientation\",\"is_correct\":\"1\"},{\"quiz_question_answer_id\":\"131\",\"quiz_question_id\":\"32\",\"title\":\"philosophy\",\"is_correct\":\"0\"},{\"quiz_question_answer_id\":\"132\",\"quiz_question_id\":\"32\",\"title\":\"function\",\"is_correct\":\"0\"},{\"quiz_question_answer_id\":\"133\",\"quiz_question_id\":\"32\",\"title\":\"branch of management\",\"is_correct\":\"0\"},{\"quiz_question_answer_id\":\"134\",\"quiz_question_id\":\"32\",\"title\":\"branch of economics\",\"is_correct\":\"0\"}]},{\"quiz_question_id\":\"33\",\"quiz_id\":\"2\",\"account_id\":null,\"title\":\"When a customer has a(n) ________ need he\\/she wants a car whose operatingcost, not its initial price, is low.\",\"image\":\"\",\"type\":\"radio\",\"order\":\"0\",\"created_at\":\"2020-12-24 02:38:31\",\"updated_at\":\"2020-12-24 02:38:31\",\"answers\":[{\"quiz_question_answer_id\":\"135\",\"quiz_question_id\":\"33\",\"title\":\"stated\",\"is_correct\":\"0\"},{\"quiz_question_answer_id\":\"136\",\"quiz_question_id\":\"33\",\"title\":\"real\",\"is_correct\":\"1\"},{\"quiz_question_answer_id\":\"137\",\"quiz_question_id\":\"33\",\"title\":\"unstated\",\"is_correct\":\"0\"},{\"quiz_question_answer_id\":\"138\",\"quiz_question_id\":\"33\",\"title\":\"delight\",\"is_correct\":\"0\"},{\"quiz_question_answer_id\":\"139\",\"quiz_question_id\":\"33\",\"title\":\"secret\",\"is_correct\":\"0\"}]},{\"quiz_question_id\":\"34\",\"quiz_id\":\"2\",\"account_id\":null,\"title\":\"When a  customer has  a(n)  ________  need the  customer  wants  to  be seen   byfriends as a savvy consumer.\",\"image\":\"\",\"type\":\"radio\",\"order\":\"0\",\"created_at\":\"2020-12-24 02:38:31\",\"updated_at\":\"2020-12-24 02:38:31\",\"answers\":[{\"quiz_question_answer_id\":\"140\",\"quiz_question_id\":\"34\",\"title\":\"real\",\"is_correct\":\"0\"},{\"quiz_question_answer_id\":\"141\",\"quiz_question_id\":\"34\",\"title\":\"unstated\",\"is_correct\":\"0\"},{\"quiz_question_answer_id\":\"142\",\"quiz_question_id\":\"34\",\"title\":\"delight\",\"is_correct\":\"0\"},{\"quiz_question_answer_id\":\"143\",\"quiz_question_id\":\"34\",\"title\":\"secret\",\"is_correct\":\"1\"},{\"quiz_question_answer_id\":\"144\",\"quiz_question_id\":\"34\",\"title\":\"stated\",\"is_correct\":\"0\"}]},{\"quiz_question_id\":\"35\",\"quiz_id\":\"2\",\"account_id\":null,\"title\":\"________  reflects   the   perceived   tangible   and   intangible   benefits   and   costs   tocustomers.\",\"image\":\"\",\"type\":\"radio\",\"order\":\"0\",\"created_at\":\"2020-12-24 02:38:31\",\"updated_at\":\"2020-12-24 02:38:31\",\"answers\":[{\"quiz_question_answer_id\":\"145\",\"quiz_question_id\":\"35\",\"title\":\"Loyalty\",\"is_correct\":\"0\"},{\"quiz_question_answer_id\":\"146\",\"quiz_question_id\":\"35\",\"title\":\"Satisfaction\",\"is_correct\":\"0\"},{\"quiz_question_answer_id\":\"147\",\"quiz_question_id\":\"35\",\"title\":\"Value\",\"is_correct\":\"1\"},{\"quiz_question_answer_id\":\"148\",\"quiz_question_id\":\"35\",\"title\":\"Expectations\",\"is_correct\":\"0\"},{\"quiz_question_answer_id\":\"149\",\"quiz_question_id\":\"35\",\"title\":\"Comparison shopping\",\"is_correct\":\"0\"}]}]}', NULL, 15, 30, 5, 15, '2019-01-01 00:00:00', NULL);
INSERT INTO `ac_candidate_quizes` VALUES (4, 2, 1, 0, 'General Knowledge Quiz', '{\"quiz\":{\"quiz_id\":\"3\",\"quiz_category_id\":\"4\",\"account_id\":null,\"title\":\"General Knowledge Quiz\",\"description\":\"Lorem Ipsum is simply dummy text of the printing and typesetting industry. Lorem Ipsum has been the industry\'s standard dummy text ever since the 1500s, when an unknown printer took a galley of type and scrambled it to make a type specimen book. It has survived not only five centuries, but also the leap into electronic typesetting, remaining essentially unchanged.\",\"allowed_time\":\"30\",\"created_at\":\"2020-12-24 02:38:31\",\"updated_at\":\"2020-12-24 02:38:31\"},\"questions\":[{\"quiz_question_id\":\"36\",\"quiz_id\":\"3\",\"account_id\":null,\"title\":\"Entomology is the science that studies\",\"image\":\"\",\"type\":\"radio\",\"order\":\"0\",\"created_at\":\"2020-12-24 02:38:31\",\"updated_at\":\"2020-12-24 02:38:31\",\"answers\":[{\"quiz_question_answer_id\":\"150\",\"quiz_question_id\":\"36\",\"title\":\"Behavior of human beings\",\"is_correct\":\"0\"},{\"quiz_question_answer_id\":\"151\",\"quiz_question_id\":\"36\",\"title\":\"Insects\",\"is_correct\":\"1\"},{\"quiz_question_answer_id\":\"152\",\"quiz_question_id\":\"36\",\"title\":\"The origin and history of technical and scientific terms\",\"is_correct\":\"0\"},{\"quiz_question_answer_id\":\"153\",\"quiz_question_id\":\"36\",\"title\":\"The formation of rocks\",\"is_correct\":\"0\"}]},{\"quiz_question_id\":\"37\",\"quiz_id\":\"3\",\"account_id\":null,\"title\":\"For which of the following disciplines is Nobel Prize awarded?\",\"image\":\"\",\"type\":\"checkbox\",\"order\":\"0\",\"created_at\":\"2020-12-24 02:38:31\",\"updated_at\":\"2020-12-24 02:38:31\",\"answers\":[{\"quiz_question_answer_id\":\"154\",\"quiz_question_id\":\"37\",\"title\":\"Physics and Chemistry\",\"is_correct\":\"1\"},{\"quiz_question_answer_id\":\"155\",\"quiz_question_id\":\"37\",\"title\":\"Physiology or Medicine\",\"is_correct\":\"1\"},{\"quiz_question_answer_id\":\"156\",\"quiz_question_id\":\"37\",\"title\":\"Literature, Peace and Economics\",\"is_correct\":\"1\"}]},{\"quiz_question_id\":\"38\",\"quiz_id\":\"3\",\"account_id\":null,\"title\":\"Galileo was an Italian astronomer who\",\"image\":\"\",\"type\":\"radio\",\"order\":\"0\",\"created_at\":\"2020-12-24 02:38:31\",\"updated_at\":\"2020-12-24 02:38:31\",\"answers\":[{\"quiz_question_answer_id\":\"157\",\"quiz_question_id\":\"38\",\"title\":\"developed the telescope\",\"is_correct\":\"0\"},{\"quiz_question_answer_id\":\"158\",\"quiz_question_id\":\"38\",\"title\":\"discovered four satellites of Jupiter\",\"is_correct\":\"0\"},{\"quiz_question_answer_id\":\"159\",\"quiz_question_id\":\"38\",\"title\":\"discovered that the movement of pendulum produces a regular time measurement\",\"is_correct\":\"0\"},{\"quiz_question_answer_id\":\"160\",\"quiz_question_id\":\"38\",\"title\":\"All of the above\",\"is_correct\":\"1\"}]},{\"quiz_question_id\":\"39\",\"quiz_id\":\"3\",\"account_id\":null,\"title\":\"Exposure to sunlight helps a person improve his health because\",\"image\":\"\",\"type\":\"radio\",\"order\":\"0\",\"created_at\":\"2020-12-24 02:38:31\",\"updated_at\":\"2020-12-24 02:38:31\",\"answers\":[{\"quiz_question_answer_id\":\"161\",\"quiz_question_id\":\"39\",\"title\":\"the infrared light kills bacteria in the body\",\"is_correct\":\"0\"},{\"quiz_question_answer_id\":\"162\",\"quiz_question_id\":\"39\",\"title\":\"resistance power increases\",\"is_correct\":\"0\"},{\"quiz_question_answer_id\":\"163\",\"quiz_question_id\":\"39\",\"title\":\"the pigment cells in the skin get stimulated and produce a healthy tan\",\"is_correct\":\"0\"},{\"quiz_question_answer_id\":\"164\",\"quiz_question_id\":\"39\",\"title\":\"the ultraviolet rays convert skin oil into Vitamin D\",\"is_correct\":\"1\"}]},{\"quiz_question_id\":\"40\",\"quiz_id\":\"3\",\"account_id\":null,\"title\":\"For the Olympics and World Tournaments, the dimensions of basketball court are\",\"image\":\"\",\"type\":\"radio\",\"order\":\"0\",\"created_at\":\"2020-12-24 02:38:31\",\"updated_at\":\"2020-12-24 02:38:31\",\"answers\":[{\"quiz_question_answer_id\":\"165\",\"quiz_question_id\":\"40\",\"title\":\"26 m x 14 m\",\"is_correct\":\"0\"},{\"quiz_question_answer_id\":\"166\",\"quiz_question_id\":\"40\",\"title\":\"28 m x 15 m\",\"is_correct\":\"1\"},{\"quiz_question_answer_id\":\"167\",\"quiz_question_id\":\"40\",\"title\":\"27 m x 16 m\",\"is_correct\":\"0\"},{\"quiz_question_answer_id\":\"168\",\"quiz_question_id\":\"40\",\"title\":\"28 m x 16 m\",\"is_correct\":\"0\"}]},{\"quiz_question_id\":\"41\",\"quiz_id\":\"3\",\"account_id\":null,\"title\":\"Friction can be reduced by changing from\",\"image\":\"\",\"type\":\"radio\",\"order\":\"0\",\"created_at\":\"2020-12-24 02:38:31\",\"updated_at\":\"2020-12-24 02:38:31\",\"answers\":[{\"quiz_question_answer_id\":\"169\",\"quiz_question_id\":\"41\",\"title\":\"sliding to rolling\",\"is_correct\":\"1\"},{\"quiz_question_answer_id\":\"170\",\"quiz_question_id\":\"41\",\"title\":\"rolling to sliding\",\"is_correct\":\"0\"},{\"quiz_question_answer_id\":\"171\",\"quiz_question_id\":\"41\",\"title\":\"potential energy to kinetic energy\",\"is_correct\":\"0\"},{\"quiz_question_answer_id\":\"172\",\"quiz_question_id\":\"41\",\"title\":\"dynamic to static\",\"is_correct\":\"0\"}]},{\"quiz_question_id\":\"42\",\"quiz_id\":\"3\",\"account_id\":null,\"title\":\"Ecology deals with\",\"image\":\"\",\"type\":\"radio\",\"order\":\"0\",\"created_at\":\"2020-12-24 02:38:31\",\"updated_at\":\"2020-12-24 02:38:31\",\"answers\":[{\"quiz_question_answer_id\":\"173\",\"quiz_question_id\":\"42\",\"title\":\"Birds\",\"is_correct\":\"0\"},{\"quiz_question_answer_id\":\"174\",\"quiz_question_id\":\"42\",\"title\":\"Cell formation\",\"is_correct\":\"0\"},{\"quiz_question_answer_id\":\"175\",\"quiz_question_id\":\"42\",\"title\":\"Relation between organisms and their environment\",\"is_correct\":\"1\"},{\"quiz_question_answer_id\":\"176\",\"quiz_question_id\":\"42\",\"title\":\"Tissues\",\"is_correct\":\"0\"}]},{\"quiz_question_id\":\"43\",\"quiz_id\":\"3\",\"account_id\":null,\"title\":\"Durand Cup is associated with the game of\",\"image\":\"\",\"type\":\"radio\",\"order\":\"0\",\"created_at\":\"2020-12-24 02:38:31\",\"updated_at\":\"2020-12-24 02:38:31\",\"answers\":[{\"quiz_question_answer_id\":\"177\",\"quiz_question_id\":\"43\",\"title\":\"Cricket\",\"is_correct\":\"0\"},{\"quiz_question_answer_id\":\"178\",\"quiz_question_id\":\"43\",\"title\":\"Football\",\"is_correct\":\"1\"},{\"quiz_question_answer_id\":\"179\",\"quiz_question_id\":\"43\",\"title\":\"Hockey\",\"is_correct\":\"0\"},{\"quiz_question_answer_id\":\"180\",\"quiz_question_id\":\"43\",\"title\":\"Volleyball\",\"is_correct\":\"0\"}]},{\"quiz_question_id\":\"44\",\"quiz_id\":\"3\",\"account_id\":null,\"title\":\"Headquarters of UNO are situated at\",\"image\":\"\",\"type\":\"radio\",\"order\":\"0\",\"created_at\":\"2020-12-24 02:38:31\",\"updated_at\":\"2020-12-24 02:38:31\",\"answers\":[{\"quiz_question_answer_id\":\"181\",\"quiz_question_id\":\"44\",\"title\":\"New York, USA\",\"is_correct\":\"1\"},{\"quiz_question_answer_id\":\"182\",\"quiz_question_id\":\"44\",\"title\":\"Hague (Netherlands)\",\"is_correct\":\"0\"},{\"quiz_question_answer_id\":\"183\",\"quiz_question_id\":\"44\",\"title\":\"Geneva\",\"is_correct\":\"0\"},{\"quiz_question_answer_id\":\"184\",\"quiz_question_id\":\"44\",\"title\":\"Paris\",\"is_correct\":\"0\"}]},{\"quiz_question_id\":\"45\",\"quiz_id\":\"3\",\"account_id\":null,\"title\":\"First International Peace Congress was held in London in\",\"image\":\"\",\"type\":\"radio\",\"order\":\"0\",\"created_at\":\"2020-12-24 02:38:31\",\"updated_at\":\"2020-12-24 02:38:31\",\"answers\":[{\"quiz_question_answer_id\":\"185\",\"quiz_question_id\":\"45\",\"title\":\"1564 AD\",\"is_correct\":\"0\"},{\"quiz_question_answer_id\":\"186\",\"quiz_question_id\":\"45\",\"title\":\"1798 AD\",\"is_correct\":\"0\"},{\"quiz_question_answer_id\":\"187\",\"quiz_question_id\":\"45\",\"title\":\"1843 AD\",\"is_correct\":\"1\"},{\"quiz_question_answer_id\":\"188\",\"quiz_question_id\":\"45\",\"title\":\"1901 AD\",\"is_correct\":\"0\"}]},{\"quiz_question_id\":\"46\",\"quiz_id\":\"3\",\"account_id\":null,\"title\":\"For galvanizing iron which of the following metals is used?\",\"image\":\"\",\"type\":\"radio\",\"order\":\"0\",\"created_at\":\"2020-12-24 02:38:31\",\"updated_at\":\"2020-12-24 02:38:31\",\"answers\":[{\"quiz_question_answer_id\":\"189\",\"quiz_question_id\":\"46\",\"title\":\"Aluminium\",\"is_correct\":\"0\"},{\"quiz_question_answer_id\":\"190\",\"quiz_question_id\":\"46\",\"title\":\"Copper\",\"is_correct\":\"0\"},{\"quiz_question_answer_id\":\"191\",\"quiz_question_id\":\"46\",\"title\":\"Lead\",\"is_correct\":\"0\"},{\"quiz_question_answer_id\":\"192\",\"quiz_question_id\":\"46\",\"title\":\"Zinc\",\"is_correct\":\"1\"}]},{\"quiz_question_id\":\"47\",\"quiz_id\":\"3\",\"account_id\":null,\"title\":\"For purifying drinking water alum is used\",\"image\":\"\",\"type\":\"radio\",\"order\":\"0\",\"created_at\":\"2020-12-24 02:38:31\",\"updated_at\":\"2020-12-24 02:38:31\",\"answers\":[{\"quiz_question_answer_id\":\"193\",\"quiz_question_id\":\"47\",\"title\":\"for coagulation of mud particles\",\"is_correct\":\"1\"},{\"quiz_question_answer_id\":\"194\",\"quiz_question_id\":\"47\",\"title\":\"to kill bacteria\",\"is_correct\":\"0\"},{\"quiz_question_answer_id\":\"195\",\"quiz_question_id\":\"47\",\"title\":\"to remove salts\",\"is_correct\":\"0\"},{\"quiz_question_answer_id\":\"196\",\"quiz_question_id\":\"47\",\"title\":\"to remove gases\",\"is_correct\":\"0\"}]},{\"quiz_question_id\":\"48\",\"quiz_id\":\"3\",\"account_id\":null,\"title\":\"In a normal human body, the total number of red blood cells is\",\"image\":\"\",\"type\":\"radio\",\"order\":\"0\",\"created_at\":\"2020-12-24 02:38:31\",\"updated_at\":\"2020-12-24 02:38:31\",\"answers\":[{\"quiz_question_answer_id\":\"197\",\"quiz_question_id\":\"48\",\"title\":\"15 trillion\",\"is_correct\":\"0\"},{\"quiz_question_answer_id\":\"198\",\"quiz_question_id\":\"48\",\"title\":\"20 trillion\",\"is_correct\":\"0\"},{\"quiz_question_answer_id\":\"199\",\"quiz_question_id\":\"48\",\"title\":\"25 trillion\",\"is_correct\":\"0\"},{\"quiz_question_answer_id\":\"200\",\"quiz_question_id\":\"48\",\"title\":\"30 trillion\",\"is_correct\":\"1\"}]},{\"quiz_question_id\":\"49\",\"quiz_id\":\"3\",\"account_id\":null,\"title\":\"In which season do we need more fat?\",\"image\":\"\",\"type\":\"radio\",\"order\":\"0\",\"created_at\":\"2020-12-24 02:38:31\",\"updated_at\":\"2020-12-24 02:38:31\",\"answers\":[{\"quiz_question_answer_id\":\"201\",\"quiz_question_id\":\"49\",\"title\":\"Rainy season\",\"is_correct\":\"0\"},{\"quiz_question_answer_id\":\"202\",\"quiz_question_id\":\"49\",\"title\":\"Spring\",\"is_correct\":\"0\"},{\"quiz_question_answer_id\":\"203\",\"quiz_question_id\":\"49\",\"title\":\"Winter\",\"is_correct\":\"1\"},{\"quiz_question_answer_id\":\"204\",\"quiz_question_id\":\"49\",\"title\":\"Summer\",\"is_correct\":\"0\"}]},{\"quiz_question_id\":\"50\",\"quiz_id\":\"3\",\"account_id\":null,\"title\":\"How many times has Brazil won the World Cup Football Championship?\",\"image\":\"\",\"type\":\"radio\",\"order\":\"0\",\"created_at\":\"2020-12-24 02:38:31\",\"updated_at\":\"2020-12-24 02:38:31\",\"answers\":[{\"quiz_question_answer_id\":\"205\",\"quiz_question_id\":\"50\",\"title\":\"Four times\",\"is_correct\":\"0\"},{\"quiz_question_answer_id\":\"206\",\"quiz_question_id\":\"50\",\"title\":\"Twice\",\"is_correct\":\"0\"},{\"quiz_question_answer_id\":\"207\",\"quiz_question_id\":\"50\",\"title\":\"Five times\",\"is_correct\":\"1\"},{\"quiz_question_answer_id\":\"208\",\"quiz_question_id\":\"50\",\"title\":\"Once\",\"is_correct\":\"0\"}]}]}', NULL, 15, 30, 11, 15, '2019-01-01 00:00:00', NULL);
INSERT INTO `ac_candidate_quizes` VALUES (5, 3, 1, 0, 'Marketing Position Quiz', '{\"quiz\":{\"quiz_id\":\"2\",\"quiz_category_id\":\"1\",\"account_id\":null,\"title\":\"Marketing Position Quiz\",\"description\":\"Lorem Ipsum is simply dummy text of the printing and typesetting industry. Lorem Ipsum has been the industry\'s standard dummy text ever since the 1500s, when an unknown printer took a galley of type and scrambled it to make a type specimen book. It has survived not only five centuries, but also the leap into electronic typesetting, remaining essentially unchanged.\",\"allowed_time\":\"30\",\"created_at\":\"2020-12-24 02:38:31\",\"updated_at\":\"2020-12-24 02:38:31\"},\"questions\":[{\"quiz_question_id\":\"21\",\"quiz_id\":\"2\",\"account_id\":null,\"title\":\"Good marketing is no accident, but a result of careful planning and ________\",\"image\":\"\",\"type\":\"radio\",\"order\":\"0\",\"created_at\":\"2020-12-24 02:38:31\",\"updated_at\":\"2020-12-24 02:38:31\",\"answers\":[{\"quiz_question_answer_id\":\"75\",\"quiz_question_id\":\"21\",\"title\":\"execution\",\"is_correct\":\"1\"},{\"quiz_question_answer_id\":\"76\",\"quiz_question_id\":\"21\",\"title\":\"selling\",\"is_correct\":\"0\"},{\"quiz_question_answer_id\":\"77\",\"quiz_question_id\":\"21\",\"title\":\"strategies\",\"is_correct\":\"0\"},{\"quiz_question_answer_id\":\"78\",\"quiz_question_id\":\"21\",\"title\":\"tactics\",\"is_correct\":\"0\"},{\"quiz_question_answer_id\":\"79\",\"quiz_question_id\":\"21\",\"title\":\"research\",\"is_correct\":\"0\"}]},{\"quiz_question_id\":\"22\",\"quiz_id\":\"2\",\"account_id\":null,\"title\":\"The most formal definition of marketing is ________\",\"image\":\"\",\"type\":\"radio\",\"order\":\"0\",\"created_at\":\"2020-12-24 02:38:31\",\"updated_at\":\"2020-12-24 02:38:31\",\"answers\":[{\"quiz_question_answer_id\":\"80\",\"quiz_question_id\":\"22\",\"title\":\"meeting needs profitably\",\"is_correct\":\"0\"},{\"quiz_question_answer_id\":\"81\",\"quiz_question_id\":\"22\",\"title\":\"identifying and meeting human and social needs\",\"is_correct\":\"0\"},{\"quiz_question_answer_id\":\"82\",\"quiz_question_id\":\"22\",\"title\":\"the 4Ps (Product, Price, Place, Promotion)\",\"is_correct\":\"0\"},{\"quiz_question_answer_id\":\"83\",\"quiz_question_id\":\"22\",\"title\":\"an organizational function and a set of processes for creating, communicating,and delivering, value \",\"is_correct\":\"1\"},{\"quiz_question_answer_id\":\"84\",\"quiz_question_id\":\"22\",\"title\":\"improving the quality of life for consumers\",\"is_correct\":\"0\"}]},{\"quiz_question_id\":\"23\",\"quiz_id\":\"2\",\"account_id\":null,\"title\":\"________ can be produced and marketed as a product.\",\"image\":\"\",\"type\":\"radio\",\"order\":\"0\",\"created_at\":\"2020-12-24 02:38:31\",\"updated_at\":\"2020-12-24 02:38:31\",\"answers\":[{\"quiz_question_answer_id\":\"85\",\"quiz_question_id\":\"23\",\"title\":\"Information\",\"is_correct\":\"1\"},{\"quiz_question_answer_id\":\"86\",\"quiz_question_id\":\"23\",\"title\":\"Celebrities\",\"is_correct\":\"0\"},{\"quiz_question_answer_id\":\"87\",\"quiz_question_id\":\"23\",\"title\":\"Durable goods\",\"is_correct\":\"0\"},{\"quiz_question_answer_id\":\"88\",\"quiz_question_id\":\"23\",\"title\":\"Organizations\",\"is_correct\":\"0\"},{\"quiz_question_answer_id\":\"89\",\"quiz_question_id\":\"23\",\"title\":\"Properties\",\"is_correct\":\"0\"}]},{\"quiz_question_id\":\"24\",\"quiz_id\":\"2\",\"account_id\":null,\"title\":\"The   ________   promises   to   lead   to   more   accurate   levels   of   production,   moretargeted communications, and more relevant pricing.\",\"image\":\"\",\"type\":\"radio\",\"order\":\"0\",\"created_at\":\"2020-12-24 02:38:31\",\"updated_at\":\"2020-12-24 02:38:31\",\"answers\":[{\"quiz_question_answer_id\":\"90\",\"quiz_question_id\":\"24\",\"title\":\"Age of Globalization\",\"is_correct\":\"0\"},{\"quiz_question_answer_id\":\"91\",\"quiz_question_id\":\"24\",\"title\":\"Age of Deregulation\",\"is_correct\":\"0\"},{\"quiz_question_answer_id\":\"92\",\"quiz_question_id\":\"24\",\"title\":\"Industrial Age\",\"is_correct\":\"0\"},{\"quiz_question_answer_id\":\"93\",\"quiz_question_id\":\"24\",\"title\":\"Information Ag\",\"is_correct\":\"1\"},{\"quiz_question_answer_id\":\"94\",\"quiz_question_id\":\"24\",\"title\":\"Production Age\",\"is_correct\":\"0\"}]},{\"quiz_question_id\":\"25\",\"quiz_id\":\"2\",\"account_id\":null,\"title\":\"Marketers often use the term ________ to cover various groupings of customers.\",\"image\":\"\",\"type\":\"radio\",\"order\":\"0\",\"created_at\":\"2020-12-24 02:38:31\",\"updated_at\":\"2020-12-24 02:38:31\",\"answers\":[{\"quiz_question_answer_id\":\"95\",\"quiz_question_id\":\"25\",\"title\":\"people\",\"is_correct\":\"0\"},{\"quiz_question_answer_id\":\"96\",\"quiz_question_id\":\"25\",\"title\":\"buying power\",\"is_correct\":\"0\"},{\"quiz_question_answer_id\":\"97\",\"quiz_question_id\":\"25\",\"title\":\"demographic segment\",\"is_correct\":\"0\"},{\"quiz_question_answer_id\":\"98\",\"quiz_question_id\":\"25\",\"title\":\"social class position\",\"is_correct\":\"0\"},{\"quiz_question_answer_id\":\"99\",\"quiz_question_id\":\"25\",\"title\":\"market\",\"is_correct\":\"1\"}]},{\"quiz_question_id\":\"26\",\"quiz_id\":\"2\",\"account_id\":null,\"title\":\"Customers are showing greater price sensitivity in their search for ________\",\"image\":\"\",\"type\":\"radio\",\"order\":\"0\",\"created_at\":\"2020-12-24 02:38:31\",\"updated_at\":\"2020-12-24 02:38:31\",\"answers\":[{\"quiz_question_answer_id\":\"100\",\"quiz_question_id\":\"26\",\"title\":\"The right product\",\"is_correct\":\"0\"},{\"quiz_question_answer_id\":\"101\",\"quiz_question_id\":\"26\",\"title\":\"The right service\",\"is_correct\":\"0\"},{\"quiz_question_answer_id\":\"102\",\"quiz_question_id\":\"26\",\"title\":\"The right store\",\"is_correct\":\"0\"},{\"quiz_question_answer_id\":\"103\",\"quiz_question_id\":\"26\",\"title\":\"Value\",\"is_correct\":\"1\"},{\"quiz_question_answer_id\":\"104\",\"quiz_question_id\":\"26\",\"title\":\"Relationships\",\"is_correct\":\"0\"}]},{\"quiz_question_id\":\"27\",\"quiz_id\":\"2\",\"account_id\":null,\"title\":\"The ________ concept holds that consumers will favor those products that offerthe most quality, performance, or innovative features.\",\"image\":\"\",\"type\":\"radio\",\"order\":\"0\",\"created_at\":\"2020-12-24 02:38:31\",\"updated_at\":\"2020-12-24 02:38:31\",\"answers\":[{\"quiz_question_answer_id\":\"105\",\"quiz_question_id\":\"27\",\"title\":\"product\",\"is_correct\":\"1\"},{\"quiz_question_answer_id\":\"106\",\"quiz_question_id\":\"27\",\"title\":\"marketing\",\"is_correct\":\"0\"},{\"quiz_question_answer_id\":\"107\",\"quiz_question_id\":\"27\",\"title\":\"production\",\"is_correct\":\"0\"},{\"quiz_question_answer_id\":\"108\",\"quiz_question_id\":\"27\",\"title\":\"selling\",\"is_correct\":\"0\"},{\"quiz_question_answer_id\":\"109\",\"quiz_question_id\":\"27\",\"title\":\"holistic marketing\",\"is_correct\":\"0\"}]},{\"quiz_question_id\":\"28\",\"quiz_id\":\"2\",\"account_id\":null,\"title\":\"The ________ concept holds that consumers and businesses, if left alone, willordinarily not buy enough of the organization\\u2019s products.\",\"image\":\"\",\"type\":\"radio\",\"order\":\"0\",\"created_at\":\"2020-12-24 02:38:31\",\"updated_at\":\"2020-12-24 02:38:31\",\"answers\":[{\"quiz_question_answer_id\":\"110\",\"quiz_question_id\":\"28\",\"title\":\"production\",\"is_correct\":\"0\"},{\"quiz_question_answer_id\":\"111\",\"quiz_question_id\":\"28\",\"title\":\"selling\",\"is_correct\":\"1\"},{\"quiz_question_answer_id\":\"112\",\"quiz_question_id\":\"28\",\"title\":\"marketing\",\"is_correct\":\"0\"},{\"quiz_question_answer_id\":\"113\",\"quiz_question_id\":\"28\",\"title\":\"product\",\"is_correct\":\"0\"},{\"quiz_question_answer_id\":\"114\",\"quiz_question_id\":\"28\",\"title\":\"holistic marketing\",\"is_correct\":\"0\"}]},{\"quiz_question_id\":\"29\",\"quiz_id\":\"2\",\"account_id\":null,\"title\":\"In the course of converting to a marketing orientation, a company faces threehurdles\\u2014________.\",\"image\":\"\",\"type\":\"radio\",\"order\":\"0\",\"created_at\":\"2020-12-24 02:38:31\",\"updated_at\":\"2020-12-24 02:38:31\",\"answers\":[{\"quiz_question_answer_id\":\"115\",\"quiz_question_id\":\"29\",\"title\":\"organized resistance, slow learning, and fast forgetting\",\"is_correct\":\"1\"},{\"quiz_question_answer_id\":\"116\",\"quiz_question_id\":\"29\",\"title\":\"management, customer reaction, competitive response\",\"is_correct\":\"0\"},{\"quiz_question_answer_id\":\"117\",\"quiz_question_id\":\"29\",\"title\":\"decreased profits, increased R&D, additional distribution\",\"is_correct\":\"0\"},{\"quiz_question_answer_id\":\"118\",\"quiz_question_id\":\"29\",\"title\":\"forecasted demand, increased sales expense, increased inventory costs\",\"is_correct\":\"0\"},{\"quiz_question_answer_id\":\"119\",\"quiz_question_id\":\"29\",\"title\":\"customer focus, profitability, slow learning\",\"is_correct\":\"0\"}]},{\"quiz_question_id\":\"30\",\"quiz_id\":\"2\",\"account_id\":null,\"title\":\"Marketers argue for a ________ in which all functions work together to respondto, serve, and satisfy the customer.\",\"image\":\"\",\"type\":\"radio\",\"order\":\"0\",\"created_at\":\"2020-12-24 02:38:31\",\"updated_at\":\"2020-12-24 02:38:31\",\"answers\":[{\"quiz_question_answer_id\":\"120\",\"quiz_question_id\":\"30\",\"title\":\"cross-functional team orientation\",\"is_correct\":\"0\"},{\"quiz_question_answer_id\":\"121\",\"quiz_question_id\":\"30\",\"title\":\"collaboration model\",\"is_correct\":\"0\"},{\"quiz_question_answer_id\":\"122\",\"quiz_question_id\":\"30\",\"title\":\"customer orientation\",\"is_correct\":\"1\"},{\"quiz_question_answer_id\":\"123\",\"quiz_question_id\":\"30\",\"title\":\"management-driven organization\",\"is_correct\":\"0\"},{\"quiz_question_answer_id\":\"124\",\"quiz_question_id\":\"30\",\"title\":\"total quality model\",\"is_correct\":\"0\"}]},{\"quiz_question_id\":\"31\",\"quiz_id\":\"2\",\"account_id\":null,\"title\":\"One traditional depiction of marketing activities is in terms of the marketing mixor four Ps. The four Ps are characterized as being ________.\",\"image\":\"\",\"type\":\"radio\",\"order\":\"0\",\"created_at\":\"2020-12-24 02:38:31\",\"updated_at\":\"2020-12-24 02:38:31\",\"answers\":[{\"quiz_question_answer_id\":\"125\",\"quiz_question_id\":\"31\",\"title\":\"product, positioning, place, and price\",\"is_correct\":\"0\"},{\"quiz_question_answer_id\":\"126\",\"quiz_question_id\":\"31\",\"title\":\"product, production, price, and place\",\"is_correct\":\"0\"},{\"quiz_question_answer_id\":\"127\",\"quiz_question_id\":\"31\",\"title\":\"promotion, place, positioning, and price\",\"is_correct\":\"0\"},{\"quiz_question_answer_id\":\"128\",\"quiz_question_id\":\"31\",\"title\":\"place, promotion, production, and positioning\",\"is_correct\":\"0\"},{\"quiz_question_answer_id\":\"129\",\"quiz_question_id\":\"31\",\"title\":\"product, price, promotion, and place\",\"is_correct\":\"1\"}]},{\"quiz_question_id\":\"32\",\"quiz_id\":\"2\",\"account_id\":null,\"title\":\"Marketing is not a department so much as a ________.\",\"image\":\"\",\"type\":\"radio\",\"order\":\"0\",\"created_at\":\"2020-12-24 02:38:31\",\"updated_at\":\"2020-12-24 02:38:31\",\"answers\":[{\"quiz_question_answer_id\":\"130\",\"quiz_question_id\":\"32\",\"title\":\"company orientation\",\"is_correct\":\"1\"},{\"quiz_question_answer_id\":\"131\",\"quiz_question_id\":\"32\",\"title\":\"philosophy\",\"is_correct\":\"0\"},{\"quiz_question_answer_id\":\"132\",\"quiz_question_id\":\"32\",\"title\":\"function\",\"is_correct\":\"0\"},{\"quiz_question_answer_id\":\"133\",\"quiz_question_id\":\"32\",\"title\":\"branch of management\",\"is_correct\":\"0\"},{\"quiz_question_answer_id\":\"134\",\"quiz_question_id\":\"32\",\"title\":\"branch of economics\",\"is_correct\":\"0\"}]},{\"quiz_question_id\":\"33\",\"quiz_id\":\"2\",\"account_id\":null,\"title\":\"When a customer has a(n) ________ need he\\/she wants a car whose operatingcost, not its initial price, is low.\",\"image\":\"\",\"type\":\"radio\",\"order\":\"0\",\"created_at\":\"2020-12-24 02:38:31\",\"updated_at\":\"2020-12-24 02:38:31\",\"answers\":[{\"quiz_question_answer_id\":\"135\",\"quiz_question_id\":\"33\",\"title\":\"stated\",\"is_correct\":\"0\"},{\"quiz_question_answer_id\":\"136\",\"quiz_question_id\":\"33\",\"title\":\"real\",\"is_correct\":\"1\"},{\"quiz_question_answer_id\":\"137\",\"quiz_question_id\":\"33\",\"title\":\"unstated\",\"is_correct\":\"0\"},{\"quiz_question_answer_id\":\"138\",\"quiz_question_id\":\"33\",\"title\":\"delight\",\"is_correct\":\"0\"},{\"quiz_question_answer_id\":\"139\",\"quiz_question_id\":\"33\",\"title\":\"secret\",\"is_correct\":\"0\"}]},{\"quiz_question_id\":\"34\",\"quiz_id\":\"2\",\"account_id\":null,\"title\":\"When a  customer has  a(n)  ________  need the  customer  wants  to  be seen   byfriends as a savvy consumer.\",\"image\":\"\",\"type\":\"radio\",\"order\":\"0\",\"created_at\":\"2020-12-24 02:38:31\",\"updated_at\":\"2020-12-24 02:38:31\",\"answers\":[{\"quiz_question_answer_id\":\"140\",\"quiz_question_id\":\"34\",\"title\":\"real\",\"is_correct\":\"0\"},{\"quiz_question_answer_id\":\"141\",\"quiz_question_id\":\"34\",\"title\":\"unstated\",\"is_correct\":\"0\"},{\"quiz_question_answer_id\":\"142\",\"quiz_question_id\":\"34\",\"title\":\"delight\",\"is_correct\":\"0\"},{\"quiz_question_answer_id\":\"143\",\"quiz_question_id\":\"34\",\"title\":\"secret\",\"is_correct\":\"1\"},{\"quiz_question_answer_id\":\"144\",\"quiz_question_id\":\"34\",\"title\":\"stated\",\"is_correct\":\"0\"}]},{\"quiz_question_id\":\"35\",\"quiz_id\":\"2\",\"account_id\":null,\"title\":\"________  reflects   the   perceived   tangible   and   intangible   benefits   and   costs   tocustomers.\",\"image\":\"\",\"type\":\"radio\",\"order\":\"0\",\"created_at\":\"2020-12-24 02:38:31\",\"updated_at\":\"2020-12-24 02:38:31\",\"answers\":[{\"quiz_question_answer_id\":\"145\",\"quiz_question_id\":\"35\",\"title\":\"Loyalty\",\"is_correct\":\"0\"},{\"quiz_question_answer_id\":\"146\",\"quiz_question_id\":\"35\",\"title\":\"Satisfaction\",\"is_correct\":\"0\"},{\"quiz_question_answer_id\":\"147\",\"quiz_question_id\":\"35\",\"title\":\"Value\",\"is_correct\":\"1\"},{\"quiz_question_answer_id\":\"148\",\"quiz_question_id\":\"35\",\"title\":\"Expectations\",\"is_correct\":\"0\"},{\"quiz_question_answer_id\":\"149\",\"quiz_question_id\":\"35\",\"title\":\"Comparison shopping\",\"is_correct\":\"0\"}]}]}', NULL, 15, 30, 3, 15, '2019-01-01 00:00:00', NULL);
INSERT INTO `ac_candidate_quizes` VALUES (6, 3, 1, 0, 'General Knowledge Quiz', '{\"quiz\":{\"quiz_id\":\"3\",\"quiz_category_id\":\"4\",\"account_id\":null,\"title\":\"General Knowledge Quiz\",\"description\":\"Lorem Ipsum is simply dummy text of the printing and typesetting industry. Lorem Ipsum has been the industry\'s standard dummy text ever since the 1500s, when an unknown printer took a galley of type and scrambled it to make a type specimen book. It has survived not only five centuries, but also the leap into electronic typesetting, remaining essentially unchanged.\",\"allowed_time\":\"30\",\"created_at\":\"2020-12-24 02:38:31\",\"updated_at\":\"2020-12-24 02:38:31\"},\"questions\":[{\"quiz_question_id\":\"36\",\"quiz_id\":\"3\",\"account_id\":null,\"title\":\"Entomology is the science that studies\",\"image\":\"\",\"type\":\"radio\",\"order\":\"0\",\"created_at\":\"2020-12-24 02:38:31\",\"updated_at\":\"2020-12-24 02:38:31\",\"answers\":[{\"quiz_question_answer_id\":\"150\",\"quiz_question_id\":\"36\",\"title\":\"Behavior of human beings\",\"is_correct\":\"0\"},{\"quiz_question_answer_id\":\"151\",\"quiz_question_id\":\"36\",\"title\":\"Insects\",\"is_correct\":\"1\"},{\"quiz_question_answer_id\":\"152\",\"quiz_question_id\":\"36\",\"title\":\"The origin and history of technical and scientific terms\",\"is_correct\":\"0\"},{\"quiz_question_answer_id\":\"153\",\"quiz_question_id\":\"36\",\"title\":\"The formation of rocks\",\"is_correct\":\"0\"}]},{\"quiz_question_id\":\"37\",\"quiz_id\":\"3\",\"account_id\":null,\"title\":\"For which of the following disciplines is Nobel Prize awarded?\",\"image\":\"\",\"type\":\"checkbox\",\"order\":\"0\",\"created_at\":\"2020-12-24 02:38:31\",\"updated_at\":\"2020-12-24 02:38:31\",\"answers\":[{\"quiz_question_answer_id\":\"154\",\"quiz_question_id\":\"37\",\"title\":\"Physics and Chemistry\",\"is_correct\":\"1\"},{\"quiz_question_answer_id\":\"155\",\"quiz_question_id\":\"37\",\"title\":\"Physiology or Medicine\",\"is_correct\":\"1\"},{\"quiz_question_answer_id\":\"156\",\"quiz_question_id\":\"37\",\"title\":\"Literature, Peace and Economics\",\"is_correct\":\"1\"}]},{\"quiz_question_id\":\"38\",\"quiz_id\":\"3\",\"account_id\":null,\"title\":\"Galileo was an Italian astronomer who\",\"image\":\"\",\"type\":\"radio\",\"order\":\"0\",\"created_at\":\"2020-12-24 02:38:31\",\"updated_at\":\"2020-12-24 02:38:31\",\"answers\":[{\"quiz_question_answer_id\":\"157\",\"quiz_question_id\":\"38\",\"title\":\"developed the telescope\",\"is_correct\":\"0\"},{\"quiz_question_answer_id\":\"158\",\"quiz_question_id\":\"38\",\"title\":\"discovered four satellites of Jupiter\",\"is_correct\":\"0\"},{\"quiz_question_answer_id\":\"159\",\"quiz_question_id\":\"38\",\"title\":\"discovered that the movement of pendulum produces a regular time measurement\",\"is_correct\":\"0\"},{\"quiz_question_answer_id\":\"160\",\"quiz_question_id\":\"38\",\"title\":\"All of the above\",\"is_correct\":\"1\"}]},{\"quiz_question_id\":\"39\",\"quiz_id\":\"3\",\"account_id\":null,\"title\":\"Exposure to sunlight helps a person improve his health because\",\"image\":\"\",\"type\":\"radio\",\"order\":\"0\",\"created_at\":\"2020-12-24 02:38:31\",\"updated_at\":\"2020-12-24 02:38:31\",\"answers\":[{\"quiz_question_answer_id\":\"161\",\"quiz_question_id\":\"39\",\"title\":\"the infrared light kills bacteria in the body\",\"is_correct\":\"0\"},{\"quiz_question_answer_id\":\"162\",\"quiz_question_id\":\"39\",\"title\":\"resistance power increases\",\"is_correct\":\"0\"},{\"quiz_question_answer_id\":\"163\",\"quiz_question_id\":\"39\",\"title\":\"the pigment cells in the skin get stimulated and produce a healthy tan\",\"is_correct\":\"0\"},{\"quiz_question_answer_id\":\"164\",\"quiz_question_id\":\"39\",\"title\":\"the ultraviolet rays convert skin oil into Vitamin D\",\"is_correct\":\"1\"}]},{\"quiz_question_id\":\"40\",\"quiz_id\":\"3\",\"account_id\":null,\"title\":\"For the Olympics and World Tournaments, the dimensions of basketball court are\",\"image\":\"\",\"type\":\"radio\",\"order\":\"0\",\"created_at\":\"2020-12-24 02:38:31\",\"updated_at\":\"2020-12-24 02:38:31\",\"answers\":[{\"quiz_question_answer_id\":\"165\",\"quiz_question_id\":\"40\",\"title\":\"26 m x 14 m\",\"is_correct\":\"0\"},{\"quiz_question_answer_id\":\"166\",\"quiz_question_id\":\"40\",\"title\":\"28 m x 15 m\",\"is_correct\":\"1\"},{\"quiz_question_answer_id\":\"167\",\"quiz_question_id\":\"40\",\"title\":\"27 m x 16 m\",\"is_correct\":\"0\"},{\"quiz_question_answer_id\":\"168\",\"quiz_question_id\":\"40\",\"title\":\"28 m x 16 m\",\"is_correct\":\"0\"}]},{\"quiz_question_id\":\"41\",\"quiz_id\":\"3\",\"account_id\":null,\"title\":\"Friction can be reduced by changing from\",\"image\":\"\",\"type\":\"radio\",\"order\":\"0\",\"created_at\":\"2020-12-24 02:38:31\",\"updated_at\":\"2020-12-24 02:38:31\",\"answers\":[{\"quiz_question_answer_id\":\"169\",\"quiz_question_id\":\"41\",\"title\":\"sliding to rolling\",\"is_correct\":\"1\"},{\"quiz_question_answer_id\":\"170\",\"quiz_question_id\":\"41\",\"title\":\"rolling to sliding\",\"is_correct\":\"0\"},{\"quiz_question_answer_id\":\"171\",\"quiz_question_id\":\"41\",\"title\":\"potential energy to kinetic energy\",\"is_correct\":\"0\"},{\"quiz_question_answer_id\":\"172\",\"quiz_question_id\":\"41\",\"title\":\"dynamic to static\",\"is_correct\":\"0\"}]},{\"quiz_question_id\":\"42\",\"quiz_id\":\"3\",\"account_id\":null,\"title\":\"Ecology deals with\",\"image\":\"\",\"type\":\"radio\",\"order\":\"0\",\"created_at\":\"2020-12-24 02:38:31\",\"updated_at\":\"2020-12-24 02:38:31\",\"answers\":[{\"quiz_question_answer_id\":\"173\",\"quiz_question_id\":\"42\",\"title\":\"Birds\",\"is_correct\":\"0\"},{\"quiz_question_answer_id\":\"174\",\"quiz_question_id\":\"42\",\"title\":\"Cell formation\",\"is_correct\":\"0\"},{\"quiz_question_answer_id\":\"175\",\"quiz_question_id\":\"42\",\"title\":\"Relation between organisms and their environment\",\"is_correct\":\"1\"},{\"quiz_question_answer_id\":\"176\",\"quiz_question_id\":\"42\",\"title\":\"Tissues\",\"is_correct\":\"0\"}]},{\"quiz_question_id\":\"43\",\"quiz_id\":\"3\",\"account_id\":null,\"title\":\"Durand Cup is associated with the game of\",\"image\":\"\",\"type\":\"radio\",\"order\":\"0\",\"created_at\":\"2020-12-24 02:38:31\",\"updated_at\":\"2020-12-24 02:38:31\",\"answers\":[{\"quiz_question_answer_id\":\"177\",\"quiz_question_id\":\"43\",\"title\":\"Cricket\",\"is_correct\":\"0\"},{\"quiz_question_answer_id\":\"178\",\"quiz_question_id\":\"43\",\"title\":\"Football\",\"is_correct\":\"1\"},{\"quiz_question_answer_id\":\"179\",\"quiz_question_id\":\"43\",\"title\":\"Hockey\",\"is_correct\":\"0\"},{\"quiz_question_answer_id\":\"180\",\"quiz_question_id\":\"43\",\"title\":\"Volleyball\",\"is_correct\":\"0\"}]},{\"quiz_question_id\":\"44\",\"quiz_id\":\"3\",\"account_id\":null,\"title\":\"Headquarters of UNO are situated at\",\"image\":\"\",\"type\":\"radio\",\"order\":\"0\",\"created_at\":\"2020-12-24 02:38:31\",\"updated_at\":\"2020-12-24 02:38:31\",\"answers\":[{\"quiz_question_answer_id\":\"181\",\"quiz_question_id\":\"44\",\"title\":\"New York, USA\",\"is_correct\":\"1\"},{\"quiz_question_answer_id\":\"182\",\"quiz_question_id\":\"44\",\"title\":\"Hague (Netherlands)\",\"is_correct\":\"0\"},{\"quiz_question_answer_id\":\"183\",\"quiz_question_id\":\"44\",\"title\":\"Geneva\",\"is_correct\":\"0\"},{\"quiz_question_answer_id\":\"184\",\"quiz_question_id\":\"44\",\"title\":\"Paris\",\"is_correct\":\"0\"}]},{\"quiz_question_id\":\"45\",\"quiz_id\":\"3\",\"account_id\":null,\"title\":\"First International Peace Congress was held in London in\",\"image\":\"\",\"type\":\"radio\",\"order\":\"0\",\"created_at\":\"2020-12-24 02:38:31\",\"updated_at\":\"2020-12-24 02:38:31\",\"answers\":[{\"quiz_question_answer_id\":\"185\",\"quiz_question_id\":\"45\",\"title\":\"1564 AD\",\"is_correct\":\"0\"},{\"quiz_question_answer_id\":\"186\",\"quiz_question_id\":\"45\",\"title\":\"1798 AD\",\"is_correct\":\"0\"},{\"quiz_question_answer_id\":\"187\",\"quiz_question_id\":\"45\",\"title\":\"1843 AD\",\"is_correct\":\"1\"},{\"quiz_question_answer_id\":\"188\",\"quiz_question_id\":\"45\",\"title\":\"1901 AD\",\"is_correct\":\"0\"}]},{\"quiz_question_id\":\"46\",\"quiz_id\":\"3\",\"account_id\":null,\"title\":\"For galvanizing iron which of the following metals is used?\",\"image\":\"\",\"type\":\"radio\",\"order\":\"0\",\"created_at\":\"2020-12-24 02:38:31\",\"updated_at\":\"2020-12-24 02:38:31\",\"answers\":[{\"quiz_question_answer_id\":\"189\",\"quiz_question_id\":\"46\",\"title\":\"Aluminium\",\"is_correct\":\"0\"},{\"quiz_question_answer_id\":\"190\",\"quiz_question_id\":\"46\",\"title\":\"Copper\",\"is_correct\":\"0\"},{\"quiz_question_answer_id\":\"191\",\"quiz_question_id\":\"46\",\"title\":\"Lead\",\"is_correct\":\"0\"},{\"quiz_question_answer_id\":\"192\",\"quiz_question_id\":\"46\",\"title\":\"Zinc\",\"is_correct\":\"1\"}]},{\"quiz_question_id\":\"47\",\"quiz_id\":\"3\",\"account_id\":null,\"title\":\"For purifying drinking water alum is used\",\"image\":\"\",\"type\":\"radio\",\"order\":\"0\",\"created_at\":\"2020-12-24 02:38:31\",\"updated_at\":\"2020-12-24 02:38:31\",\"answers\":[{\"quiz_question_answer_id\":\"193\",\"quiz_question_id\":\"47\",\"title\":\"for coagulation of mud particles\",\"is_correct\":\"1\"},{\"quiz_question_answer_id\":\"194\",\"quiz_question_id\":\"47\",\"title\":\"to kill bacteria\",\"is_correct\":\"0\"},{\"quiz_question_answer_id\":\"195\",\"quiz_question_id\":\"47\",\"title\":\"to remove salts\",\"is_correct\":\"0\"},{\"quiz_question_answer_id\":\"196\",\"quiz_question_id\":\"47\",\"title\":\"to remove gases\",\"is_correct\":\"0\"}]},{\"quiz_question_id\":\"48\",\"quiz_id\":\"3\",\"account_id\":null,\"title\":\"In a normal human body, the total number of red blood cells is\",\"image\":\"\",\"type\":\"radio\",\"order\":\"0\",\"created_at\":\"2020-12-24 02:38:31\",\"updated_at\":\"2020-12-24 02:38:31\",\"answers\":[{\"quiz_question_answer_id\":\"197\",\"quiz_question_id\":\"48\",\"title\":\"15 trillion\",\"is_correct\":\"0\"},{\"quiz_question_answer_id\":\"198\",\"quiz_question_id\":\"48\",\"title\":\"20 trillion\",\"is_correct\":\"0\"},{\"quiz_question_answer_id\":\"199\",\"quiz_question_id\":\"48\",\"title\":\"25 trillion\",\"is_correct\":\"0\"},{\"quiz_question_answer_id\":\"200\",\"quiz_question_id\":\"48\",\"title\":\"30 trillion\",\"is_correct\":\"1\"}]},{\"quiz_question_id\":\"49\",\"quiz_id\":\"3\",\"account_id\":null,\"title\":\"In which season do we need more fat?\",\"image\":\"\",\"type\":\"radio\",\"order\":\"0\",\"created_at\":\"2020-12-24 02:38:31\",\"updated_at\":\"2020-12-24 02:38:31\",\"answers\":[{\"quiz_question_answer_id\":\"201\",\"quiz_question_id\":\"49\",\"title\":\"Rainy season\",\"is_correct\":\"0\"},{\"quiz_question_answer_id\":\"202\",\"quiz_question_id\":\"49\",\"title\":\"Spring\",\"is_correct\":\"0\"},{\"quiz_question_answer_id\":\"203\",\"quiz_question_id\":\"49\",\"title\":\"Winter\",\"is_correct\":\"1\"},{\"quiz_question_answer_id\":\"204\",\"quiz_question_id\":\"49\",\"title\":\"Summer\",\"is_correct\":\"0\"}]},{\"quiz_question_id\":\"50\",\"quiz_id\":\"3\",\"account_id\":null,\"title\":\"How many times has Brazil won the World Cup Football Championship?\",\"image\":\"\",\"type\":\"radio\",\"order\":\"0\",\"created_at\":\"2020-12-24 02:38:31\",\"updated_at\":\"2020-12-24 02:38:31\",\"answers\":[{\"quiz_question_answer_id\":\"205\",\"quiz_question_id\":\"50\",\"title\":\"Four times\",\"is_correct\":\"0\"},{\"quiz_question_answer_id\":\"206\",\"quiz_question_id\":\"50\",\"title\":\"Twice\",\"is_correct\":\"0\"},{\"quiz_question_answer_id\":\"207\",\"quiz_question_id\":\"50\",\"title\":\"Five times\",\"is_correct\":\"1\"},{\"quiz_question_answer_id\":\"208\",\"quiz_question_id\":\"50\",\"title\":\"Once\",\"is_correct\":\"0\"}]}]}', NULL, 15, 30, 3, 15, '2019-01-01 00:00:00', NULL);
INSERT INTO `ac_candidate_quizes` VALUES (7, 4, 1, 0, 'Marketing Position Quiz', '{\"quiz\":{\"quiz_id\":\"2\",\"quiz_category_id\":\"1\",\"account_id\":null,\"title\":\"Marketing Position Quiz\",\"description\":\"Lorem Ipsum is simply dummy text of the printing and typesetting industry. Lorem Ipsum has been the industry\'s standard dummy text ever since the 1500s, when an unknown printer took a galley of type and scrambled it to make a type specimen book. It has survived not only five centuries, but also the leap into electronic typesetting, remaining essentially unchanged.\",\"allowed_time\":\"30\",\"created_at\":\"2020-12-24 02:38:31\",\"updated_at\":\"2020-12-24 02:38:31\"},\"questions\":[{\"quiz_question_id\":\"21\",\"quiz_id\":\"2\",\"account_id\":null,\"title\":\"Good marketing is no accident, but a result of careful planning and ________\",\"image\":\"\",\"type\":\"radio\",\"order\":\"0\",\"created_at\":\"2020-12-24 02:38:31\",\"updated_at\":\"2020-12-24 02:38:31\",\"answers\":[{\"quiz_question_answer_id\":\"75\",\"quiz_question_id\":\"21\",\"title\":\"execution\",\"is_correct\":\"1\"},{\"quiz_question_answer_id\":\"76\",\"quiz_question_id\":\"21\",\"title\":\"selling\",\"is_correct\":\"0\"},{\"quiz_question_answer_id\":\"77\",\"quiz_question_id\":\"21\",\"title\":\"strategies\",\"is_correct\":\"0\"},{\"quiz_question_answer_id\":\"78\",\"quiz_question_id\":\"21\",\"title\":\"tactics\",\"is_correct\":\"0\"},{\"quiz_question_answer_id\":\"79\",\"quiz_question_id\":\"21\",\"title\":\"research\",\"is_correct\":\"0\"}]},{\"quiz_question_id\":\"22\",\"quiz_id\":\"2\",\"account_id\":null,\"title\":\"The most formal definition of marketing is ________\",\"image\":\"\",\"type\":\"radio\",\"order\":\"0\",\"created_at\":\"2020-12-24 02:38:31\",\"updated_at\":\"2020-12-24 02:38:31\",\"answers\":[{\"quiz_question_answer_id\":\"80\",\"quiz_question_id\":\"22\",\"title\":\"meeting needs profitably\",\"is_correct\":\"0\"},{\"quiz_question_answer_id\":\"81\",\"quiz_question_id\":\"22\",\"title\":\"identifying and meeting human and social needs\",\"is_correct\":\"0\"},{\"quiz_question_answer_id\":\"82\",\"quiz_question_id\":\"22\",\"title\":\"the 4Ps (Product, Price, Place, Promotion)\",\"is_correct\":\"0\"},{\"quiz_question_answer_id\":\"83\",\"quiz_question_id\":\"22\",\"title\":\"an organizational function and a set of processes for creating, communicating,and delivering, value \",\"is_correct\":\"1\"},{\"quiz_question_answer_id\":\"84\",\"quiz_question_id\":\"22\",\"title\":\"improving the quality of life for consumers\",\"is_correct\":\"0\"}]},{\"quiz_question_id\":\"23\",\"quiz_id\":\"2\",\"account_id\":null,\"title\":\"________ can be produced and marketed as a product.\",\"image\":\"\",\"type\":\"radio\",\"order\":\"0\",\"created_at\":\"2020-12-24 02:38:31\",\"updated_at\":\"2020-12-24 02:38:31\",\"answers\":[{\"quiz_question_answer_id\":\"85\",\"quiz_question_id\":\"23\",\"title\":\"Information\",\"is_correct\":\"1\"},{\"quiz_question_answer_id\":\"86\",\"quiz_question_id\":\"23\",\"title\":\"Celebrities\",\"is_correct\":\"0\"},{\"quiz_question_answer_id\":\"87\",\"quiz_question_id\":\"23\",\"title\":\"Durable goods\",\"is_correct\":\"0\"},{\"quiz_question_answer_id\":\"88\",\"quiz_question_id\":\"23\",\"title\":\"Organizations\",\"is_correct\":\"0\"},{\"quiz_question_answer_id\":\"89\",\"quiz_question_id\":\"23\",\"title\":\"Properties\",\"is_correct\":\"0\"}]},{\"quiz_question_id\":\"24\",\"quiz_id\":\"2\",\"account_id\":null,\"title\":\"The   ________   promises   to   lead   to   more   accurate   levels   of   production,   moretargeted communications, and more relevant pricing.\",\"image\":\"\",\"type\":\"radio\",\"order\":\"0\",\"created_at\":\"2020-12-24 02:38:31\",\"updated_at\":\"2020-12-24 02:38:31\",\"answers\":[{\"quiz_question_answer_id\":\"90\",\"quiz_question_id\":\"24\",\"title\":\"Age of Globalization\",\"is_correct\":\"0\"},{\"quiz_question_answer_id\":\"91\",\"quiz_question_id\":\"24\",\"title\":\"Age of Deregulation\",\"is_correct\":\"0\"},{\"quiz_question_answer_id\":\"92\",\"quiz_question_id\":\"24\",\"title\":\"Industrial Age\",\"is_correct\":\"0\"},{\"quiz_question_answer_id\":\"93\",\"quiz_question_id\":\"24\",\"title\":\"Information Ag\",\"is_correct\":\"1\"},{\"quiz_question_answer_id\":\"94\",\"quiz_question_id\":\"24\",\"title\":\"Production Age\",\"is_correct\":\"0\"}]},{\"quiz_question_id\":\"25\",\"quiz_id\":\"2\",\"account_id\":null,\"title\":\"Marketers often use the term ________ to cover various groupings of customers.\",\"image\":\"\",\"type\":\"radio\",\"order\":\"0\",\"created_at\":\"2020-12-24 02:38:31\",\"updated_at\":\"2020-12-24 02:38:31\",\"answers\":[{\"quiz_question_answer_id\":\"95\",\"quiz_question_id\":\"25\",\"title\":\"people\",\"is_correct\":\"0\"},{\"quiz_question_answer_id\":\"96\",\"quiz_question_id\":\"25\",\"title\":\"buying power\",\"is_correct\":\"0\"},{\"quiz_question_answer_id\":\"97\",\"quiz_question_id\":\"25\",\"title\":\"demographic segment\",\"is_correct\":\"0\"},{\"quiz_question_answer_id\":\"98\",\"quiz_question_id\":\"25\",\"title\":\"social class position\",\"is_correct\":\"0\"},{\"quiz_question_answer_id\":\"99\",\"quiz_question_id\":\"25\",\"title\":\"market\",\"is_correct\":\"1\"}]},{\"quiz_question_id\":\"26\",\"quiz_id\":\"2\",\"account_id\":null,\"title\":\"Customers are showing greater price sensitivity in their search for ________\",\"image\":\"\",\"type\":\"radio\",\"order\":\"0\",\"created_at\":\"2020-12-24 02:38:31\",\"updated_at\":\"2020-12-24 02:38:31\",\"answers\":[{\"quiz_question_answer_id\":\"100\",\"quiz_question_id\":\"26\",\"title\":\"The right product\",\"is_correct\":\"0\"},{\"quiz_question_answer_id\":\"101\",\"quiz_question_id\":\"26\",\"title\":\"The right service\",\"is_correct\":\"0\"},{\"quiz_question_answer_id\":\"102\",\"quiz_question_id\":\"26\",\"title\":\"The right store\",\"is_correct\":\"0\"},{\"quiz_question_answer_id\":\"103\",\"quiz_question_id\":\"26\",\"title\":\"Value\",\"is_correct\":\"1\"},{\"quiz_question_answer_id\":\"104\",\"quiz_question_id\":\"26\",\"title\":\"Relationships\",\"is_correct\":\"0\"}]},{\"quiz_question_id\":\"27\",\"quiz_id\":\"2\",\"account_id\":null,\"title\":\"The ________ concept holds that consumers will favor those products that offerthe most quality, performance, or innovative features.\",\"image\":\"\",\"type\":\"radio\",\"order\":\"0\",\"created_at\":\"2020-12-24 02:38:31\",\"updated_at\":\"2020-12-24 02:38:31\",\"answers\":[{\"quiz_question_answer_id\":\"105\",\"quiz_question_id\":\"27\",\"title\":\"product\",\"is_correct\":\"1\"},{\"quiz_question_answer_id\":\"106\",\"quiz_question_id\":\"27\",\"title\":\"marketing\",\"is_correct\":\"0\"},{\"quiz_question_answer_id\":\"107\",\"quiz_question_id\":\"27\",\"title\":\"production\",\"is_correct\":\"0\"},{\"quiz_question_answer_id\":\"108\",\"quiz_question_id\":\"27\",\"title\":\"selling\",\"is_correct\":\"0\"},{\"quiz_question_answer_id\":\"109\",\"quiz_question_id\":\"27\",\"title\":\"holistic marketing\",\"is_correct\":\"0\"}]},{\"quiz_question_id\":\"28\",\"quiz_id\":\"2\",\"account_id\":null,\"title\":\"The ________ concept holds that consumers and businesses, if left alone, willordinarily not buy enough of the organization\\u2019s products.\",\"image\":\"\",\"type\":\"radio\",\"order\":\"0\",\"created_at\":\"2020-12-24 02:38:31\",\"updated_at\":\"2020-12-24 02:38:31\",\"answers\":[{\"quiz_question_answer_id\":\"110\",\"quiz_question_id\":\"28\",\"title\":\"production\",\"is_correct\":\"0\"},{\"quiz_question_answer_id\":\"111\",\"quiz_question_id\":\"28\",\"title\":\"selling\",\"is_correct\":\"1\"},{\"quiz_question_answer_id\":\"112\",\"quiz_question_id\":\"28\",\"title\":\"marketing\",\"is_correct\":\"0\"},{\"quiz_question_answer_id\":\"113\",\"quiz_question_id\":\"28\",\"title\":\"product\",\"is_correct\":\"0\"},{\"quiz_question_answer_id\":\"114\",\"quiz_question_id\":\"28\",\"title\":\"holistic marketing\",\"is_correct\":\"0\"}]},{\"quiz_question_id\":\"29\",\"quiz_id\":\"2\",\"account_id\":null,\"title\":\"In the course of converting to a marketing orientation, a company faces threehurdles\\u2014________.\",\"image\":\"\",\"type\":\"radio\",\"order\":\"0\",\"created_at\":\"2020-12-24 02:38:31\",\"updated_at\":\"2020-12-24 02:38:31\",\"answers\":[{\"quiz_question_answer_id\":\"115\",\"quiz_question_id\":\"29\",\"title\":\"organized resistance, slow learning, and fast forgetting\",\"is_correct\":\"1\"},{\"quiz_question_answer_id\":\"116\",\"quiz_question_id\":\"29\",\"title\":\"management, customer reaction, competitive response\",\"is_correct\":\"0\"},{\"quiz_question_answer_id\":\"117\",\"quiz_question_id\":\"29\",\"title\":\"decreased profits, increased R&D, additional distribution\",\"is_correct\":\"0\"},{\"quiz_question_answer_id\":\"118\",\"quiz_question_id\":\"29\",\"title\":\"forecasted demand, increased sales expense, increased inventory costs\",\"is_correct\":\"0\"},{\"quiz_question_answer_id\":\"119\",\"quiz_question_id\":\"29\",\"title\":\"customer focus, profitability, slow learning\",\"is_correct\":\"0\"}]},{\"quiz_question_id\":\"30\",\"quiz_id\":\"2\",\"account_id\":null,\"title\":\"Marketers argue for a ________ in which all functions work together to respondto, serve, and satisfy the customer.\",\"image\":\"\",\"type\":\"radio\",\"order\":\"0\",\"created_at\":\"2020-12-24 02:38:31\",\"updated_at\":\"2020-12-24 02:38:31\",\"answers\":[{\"quiz_question_answer_id\":\"120\",\"quiz_question_id\":\"30\",\"title\":\"cross-functional team orientation\",\"is_correct\":\"0\"},{\"quiz_question_answer_id\":\"121\",\"quiz_question_id\":\"30\",\"title\":\"collaboration model\",\"is_correct\":\"0\"},{\"quiz_question_answer_id\":\"122\",\"quiz_question_id\":\"30\",\"title\":\"customer orientation\",\"is_correct\":\"1\"},{\"quiz_question_answer_id\":\"123\",\"quiz_question_id\":\"30\",\"title\":\"management-driven organization\",\"is_correct\":\"0\"},{\"quiz_question_answer_id\":\"124\",\"quiz_question_id\":\"30\",\"title\":\"total quality model\",\"is_correct\":\"0\"}]},{\"quiz_question_id\":\"31\",\"quiz_id\":\"2\",\"account_id\":null,\"title\":\"One traditional depiction of marketing activities is in terms of the marketing mixor four Ps. The four Ps are characterized as being ________.\",\"image\":\"\",\"type\":\"radio\",\"order\":\"0\",\"created_at\":\"2020-12-24 02:38:31\",\"updated_at\":\"2020-12-24 02:38:31\",\"answers\":[{\"quiz_question_answer_id\":\"125\",\"quiz_question_id\":\"31\",\"title\":\"product, positioning, place, and price\",\"is_correct\":\"0\"},{\"quiz_question_answer_id\":\"126\",\"quiz_question_id\":\"31\",\"title\":\"product, production, price, and place\",\"is_correct\":\"0\"},{\"quiz_question_answer_id\":\"127\",\"quiz_question_id\":\"31\",\"title\":\"promotion, place, positioning, and price\",\"is_correct\":\"0\"},{\"quiz_question_answer_id\":\"128\",\"quiz_question_id\":\"31\",\"title\":\"place, promotion, production, and positioning\",\"is_correct\":\"0\"},{\"quiz_question_answer_id\":\"129\",\"quiz_question_id\":\"31\",\"title\":\"product, price, promotion, and place\",\"is_correct\":\"1\"}]},{\"quiz_question_id\":\"32\",\"quiz_id\":\"2\",\"account_id\":null,\"title\":\"Marketing is not a department so much as a ________.\",\"image\":\"\",\"type\":\"radio\",\"order\":\"0\",\"created_at\":\"2020-12-24 02:38:31\",\"updated_at\":\"2020-12-24 02:38:31\",\"answers\":[{\"quiz_question_answer_id\":\"130\",\"quiz_question_id\":\"32\",\"title\":\"company orientation\",\"is_correct\":\"1\"},{\"quiz_question_answer_id\":\"131\",\"quiz_question_id\":\"32\",\"title\":\"philosophy\",\"is_correct\":\"0\"},{\"quiz_question_answer_id\":\"132\",\"quiz_question_id\":\"32\",\"title\":\"function\",\"is_correct\":\"0\"},{\"quiz_question_answer_id\":\"133\",\"quiz_question_id\":\"32\",\"title\":\"branch of management\",\"is_correct\":\"0\"},{\"quiz_question_answer_id\":\"134\",\"quiz_question_id\":\"32\",\"title\":\"branch of economics\",\"is_correct\":\"0\"}]},{\"quiz_question_id\":\"33\",\"quiz_id\":\"2\",\"account_id\":null,\"title\":\"When a customer has a(n) ________ need he\\/she wants a car whose operatingcost, not its initial price, is low.\",\"image\":\"\",\"type\":\"radio\",\"order\":\"0\",\"created_at\":\"2020-12-24 02:38:31\",\"updated_at\":\"2020-12-24 02:38:31\",\"answers\":[{\"quiz_question_answer_id\":\"135\",\"quiz_question_id\":\"33\",\"title\":\"stated\",\"is_correct\":\"0\"},{\"quiz_question_answer_id\":\"136\",\"quiz_question_id\":\"33\",\"title\":\"real\",\"is_correct\":\"1\"},{\"quiz_question_answer_id\":\"137\",\"quiz_question_id\":\"33\",\"title\":\"unstated\",\"is_correct\":\"0\"},{\"quiz_question_answer_id\":\"138\",\"quiz_question_id\":\"33\",\"title\":\"delight\",\"is_correct\":\"0\"},{\"quiz_question_answer_id\":\"139\",\"quiz_question_id\":\"33\",\"title\":\"secret\",\"is_correct\":\"0\"}]},{\"quiz_question_id\":\"34\",\"quiz_id\":\"2\",\"account_id\":null,\"title\":\"When a  customer has  a(n)  ________  need the  customer  wants  to  be seen   byfriends as a savvy consumer.\",\"image\":\"\",\"type\":\"radio\",\"order\":\"0\",\"created_at\":\"2020-12-24 02:38:31\",\"updated_at\":\"2020-12-24 02:38:31\",\"answers\":[{\"quiz_question_answer_id\":\"140\",\"quiz_question_id\":\"34\",\"title\":\"real\",\"is_correct\":\"0\"},{\"quiz_question_answer_id\":\"141\",\"quiz_question_id\":\"34\",\"title\":\"unstated\",\"is_correct\":\"0\"},{\"quiz_question_answer_id\":\"142\",\"quiz_question_id\":\"34\",\"title\":\"delight\",\"is_correct\":\"0\"},{\"quiz_question_answer_id\":\"143\",\"quiz_question_id\":\"34\",\"title\":\"secret\",\"is_correct\":\"1\"},{\"quiz_question_answer_id\":\"144\",\"quiz_question_id\":\"34\",\"title\":\"stated\",\"is_correct\":\"0\"}]},{\"quiz_question_id\":\"35\",\"quiz_id\":\"2\",\"account_id\":null,\"title\":\"________  reflects   the   perceived   tangible   and   intangible   benefits   and   costs   tocustomers.\",\"image\":\"\",\"type\":\"radio\",\"order\":\"0\",\"created_at\":\"2020-12-24 02:38:31\",\"updated_at\":\"2020-12-24 02:38:31\",\"answers\":[{\"quiz_question_answer_id\":\"145\",\"quiz_question_id\":\"35\",\"title\":\"Loyalty\",\"is_correct\":\"0\"},{\"quiz_question_answer_id\":\"146\",\"quiz_question_id\":\"35\",\"title\":\"Satisfaction\",\"is_correct\":\"0\"},{\"quiz_question_answer_id\":\"147\",\"quiz_question_id\":\"35\",\"title\":\"Value\",\"is_correct\":\"1\"},{\"quiz_question_answer_id\":\"148\",\"quiz_question_id\":\"35\",\"title\":\"Expectations\",\"is_correct\":\"0\"},{\"quiz_question_answer_id\":\"149\",\"quiz_question_id\":\"35\",\"title\":\"Comparison shopping\",\"is_correct\":\"0\"}]}]}', NULL, 15, 30, 1, 15, '2019-01-01 00:00:00', NULL);
INSERT INTO `ac_candidate_quizes` VALUES (8, 4, 1, 0, 'General Knowledge Quiz', '{\"quiz\":{\"quiz_id\":\"3\",\"quiz_category_id\":\"4\",\"account_id\":null,\"title\":\"General Knowledge Quiz\",\"description\":\"Lorem Ipsum is simply dummy text of the printing and typesetting industry. Lorem Ipsum has been the industry\'s standard dummy text ever since the 1500s, when an unknown printer took a galley of type and scrambled it to make a type specimen book. It has survived not only five centuries, but also the leap into electronic typesetting, remaining essentially unchanged.\",\"allowed_time\":\"30\",\"created_at\":\"2020-12-24 02:38:31\",\"updated_at\":\"2020-12-24 02:38:31\"},\"questions\":[{\"quiz_question_id\":\"36\",\"quiz_id\":\"3\",\"account_id\":null,\"title\":\"Entomology is the science that studies\",\"image\":\"\",\"type\":\"radio\",\"order\":\"0\",\"created_at\":\"2020-12-24 02:38:31\",\"updated_at\":\"2020-12-24 02:38:31\",\"answers\":[{\"quiz_question_answer_id\":\"150\",\"quiz_question_id\":\"36\",\"title\":\"Behavior of human beings\",\"is_correct\":\"0\"},{\"quiz_question_answer_id\":\"151\",\"quiz_question_id\":\"36\",\"title\":\"Insects\",\"is_correct\":\"1\"},{\"quiz_question_answer_id\":\"152\",\"quiz_question_id\":\"36\",\"title\":\"The origin and history of technical and scientific terms\",\"is_correct\":\"0\"},{\"quiz_question_answer_id\":\"153\",\"quiz_question_id\":\"36\",\"title\":\"The formation of rocks\",\"is_correct\":\"0\"}]},{\"quiz_question_id\":\"37\",\"quiz_id\":\"3\",\"account_id\":null,\"title\":\"For which of the following disciplines is Nobel Prize awarded?\",\"image\":\"\",\"type\":\"checkbox\",\"order\":\"0\",\"created_at\":\"2020-12-24 02:38:31\",\"updated_at\":\"2020-12-24 02:38:31\",\"answers\":[{\"quiz_question_answer_id\":\"154\",\"quiz_question_id\":\"37\",\"title\":\"Physics and Chemistry\",\"is_correct\":\"1\"},{\"quiz_question_answer_id\":\"155\",\"quiz_question_id\":\"37\",\"title\":\"Physiology or Medicine\",\"is_correct\":\"1\"},{\"quiz_question_answer_id\":\"156\",\"quiz_question_id\":\"37\",\"title\":\"Literature, Peace and Economics\",\"is_correct\":\"1\"}]},{\"quiz_question_id\":\"38\",\"quiz_id\":\"3\",\"account_id\":null,\"title\":\"Galileo was an Italian astronomer who\",\"image\":\"\",\"type\":\"radio\",\"order\":\"0\",\"created_at\":\"2020-12-24 02:38:31\",\"updated_at\":\"2020-12-24 02:38:31\",\"answers\":[{\"quiz_question_answer_id\":\"157\",\"quiz_question_id\":\"38\",\"title\":\"developed the telescope\",\"is_correct\":\"0\"},{\"quiz_question_answer_id\":\"158\",\"quiz_question_id\":\"38\",\"title\":\"discovered four satellites of Jupiter\",\"is_correct\":\"0\"},{\"quiz_question_answer_id\":\"159\",\"quiz_question_id\":\"38\",\"title\":\"discovered that the movement of pendulum produces a regular time measurement\",\"is_correct\":\"0\"},{\"quiz_question_answer_id\":\"160\",\"quiz_question_id\":\"38\",\"title\":\"All of the above\",\"is_correct\":\"1\"}]},{\"quiz_question_id\":\"39\",\"quiz_id\":\"3\",\"account_id\":null,\"title\":\"Exposure to sunlight helps a person improve his health because\",\"image\":\"\",\"type\":\"radio\",\"order\":\"0\",\"created_at\":\"2020-12-24 02:38:31\",\"updated_at\":\"2020-12-24 02:38:31\",\"answers\":[{\"quiz_question_answer_id\":\"161\",\"quiz_question_id\":\"39\",\"title\":\"the infrared light kills bacteria in the body\",\"is_correct\":\"0\"},{\"quiz_question_answer_id\":\"162\",\"quiz_question_id\":\"39\",\"title\":\"resistance power increases\",\"is_correct\":\"0\"},{\"quiz_question_answer_id\":\"163\",\"quiz_question_id\":\"39\",\"title\":\"the pigment cells in the skin get stimulated and produce a healthy tan\",\"is_correct\":\"0\"},{\"quiz_question_answer_id\":\"164\",\"quiz_question_id\":\"39\",\"title\":\"the ultraviolet rays convert skin oil into Vitamin D\",\"is_correct\":\"1\"}]},{\"quiz_question_id\":\"40\",\"quiz_id\":\"3\",\"account_id\":null,\"title\":\"For the Olympics and World Tournaments, the dimensions of basketball court are\",\"image\":\"\",\"type\":\"radio\",\"order\":\"0\",\"created_at\":\"2020-12-24 02:38:31\",\"updated_at\":\"2020-12-24 02:38:31\",\"answers\":[{\"quiz_question_answer_id\":\"165\",\"quiz_question_id\":\"40\",\"title\":\"26 m x 14 m\",\"is_correct\":\"0\"},{\"quiz_question_answer_id\":\"166\",\"quiz_question_id\":\"40\",\"title\":\"28 m x 15 m\",\"is_correct\":\"1\"},{\"quiz_question_answer_id\":\"167\",\"quiz_question_id\":\"40\",\"title\":\"27 m x 16 m\",\"is_correct\":\"0\"},{\"quiz_question_answer_id\":\"168\",\"quiz_question_id\":\"40\",\"title\":\"28 m x 16 m\",\"is_correct\":\"0\"}]},{\"quiz_question_id\":\"41\",\"quiz_id\":\"3\",\"account_id\":null,\"title\":\"Friction can be reduced by changing from\",\"image\":\"\",\"type\":\"radio\",\"order\":\"0\",\"created_at\":\"2020-12-24 02:38:31\",\"updated_at\":\"2020-12-24 02:38:31\",\"answers\":[{\"quiz_question_answer_id\":\"169\",\"quiz_question_id\":\"41\",\"title\":\"sliding to rolling\",\"is_correct\":\"1\"},{\"quiz_question_answer_id\":\"170\",\"quiz_question_id\":\"41\",\"title\":\"rolling to sliding\",\"is_correct\":\"0\"},{\"quiz_question_answer_id\":\"171\",\"quiz_question_id\":\"41\",\"title\":\"potential energy to kinetic energy\",\"is_correct\":\"0\"},{\"quiz_question_answer_id\":\"172\",\"quiz_question_id\":\"41\",\"title\":\"dynamic to static\",\"is_correct\":\"0\"}]},{\"quiz_question_id\":\"42\",\"quiz_id\":\"3\",\"account_id\":null,\"title\":\"Ecology deals with\",\"image\":\"\",\"type\":\"radio\",\"order\":\"0\",\"created_at\":\"2020-12-24 02:38:31\",\"updated_at\":\"2020-12-24 02:38:31\",\"answers\":[{\"quiz_question_answer_id\":\"173\",\"quiz_question_id\":\"42\",\"title\":\"Birds\",\"is_correct\":\"0\"},{\"quiz_question_answer_id\":\"174\",\"quiz_question_id\":\"42\",\"title\":\"Cell formation\",\"is_correct\":\"0\"},{\"quiz_question_answer_id\":\"175\",\"quiz_question_id\":\"42\",\"title\":\"Relation between organisms and their environment\",\"is_correct\":\"1\"},{\"quiz_question_answer_id\":\"176\",\"quiz_question_id\":\"42\",\"title\":\"Tissues\",\"is_correct\":\"0\"}]},{\"quiz_question_id\":\"43\",\"quiz_id\":\"3\",\"account_id\":null,\"title\":\"Durand Cup is associated with the game of\",\"image\":\"\",\"type\":\"radio\",\"order\":\"0\",\"created_at\":\"2020-12-24 02:38:31\",\"updated_at\":\"2020-12-24 02:38:31\",\"answers\":[{\"quiz_question_answer_id\":\"177\",\"quiz_question_id\":\"43\",\"title\":\"Cricket\",\"is_correct\":\"0\"},{\"quiz_question_answer_id\":\"178\",\"quiz_question_id\":\"43\",\"title\":\"Football\",\"is_correct\":\"1\"},{\"quiz_question_answer_id\":\"179\",\"quiz_question_id\":\"43\",\"title\":\"Hockey\",\"is_correct\":\"0\"},{\"quiz_question_answer_id\":\"180\",\"quiz_question_id\":\"43\",\"title\":\"Volleyball\",\"is_correct\":\"0\"}]},{\"quiz_question_id\":\"44\",\"quiz_id\":\"3\",\"account_id\":null,\"title\":\"Headquarters of UNO are situated at\",\"image\":\"\",\"type\":\"radio\",\"order\":\"0\",\"created_at\":\"2020-12-24 02:38:31\",\"updated_at\":\"2020-12-24 02:38:31\",\"answers\":[{\"quiz_question_answer_id\":\"181\",\"quiz_question_id\":\"44\",\"title\":\"New York, USA\",\"is_correct\":\"1\"},{\"quiz_question_answer_id\":\"182\",\"quiz_question_id\":\"44\",\"title\":\"Hague (Netherlands)\",\"is_correct\":\"0\"},{\"quiz_question_answer_id\":\"183\",\"quiz_question_id\":\"44\",\"title\":\"Geneva\",\"is_correct\":\"0\"},{\"quiz_question_answer_id\":\"184\",\"quiz_question_id\":\"44\",\"title\":\"Paris\",\"is_correct\":\"0\"}]},{\"quiz_question_id\":\"45\",\"quiz_id\":\"3\",\"account_id\":null,\"title\":\"First International Peace Congress was held in London in\",\"image\":\"\",\"type\":\"radio\",\"order\":\"0\",\"created_at\":\"2020-12-24 02:38:31\",\"updated_at\":\"2020-12-24 02:38:31\",\"answers\":[{\"quiz_question_answer_id\":\"185\",\"quiz_question_id\":\"45\",\"title\":\"1564 AD\",\"is_correct\":\"0\"},{\"quiz_question_answer_id\":\"186\",\"quiz_question_id\":\"45\",\"title\":\"1798 AD\",\"is_correct\":\"0\"},{\"quiz_question_answer_id\":\"187\",\"quiz_question_id\":\"45\",\"title\":\"1843 AD\",\"is_correct\":\"1\"},{\"quiz_question_answer_id\":\"188\",\"quiz_question_id\":\"45\",\"title\":\"1901 AD\",\"is_correct\":\"0\"}]},{\"quiz_question_id\":\"46\",\"quiz_id\":\"3\",\"account_id\":null,\"title\":\"For galvanizing iron which of the following metals is used?\",\"image\":\"\",\"type\":\"radio\",\"order\":\"0\",\"created_at\":\"2020-12-24 02:38:31\",\"updated_at\":\"2020-12-24 02:38:31\",\"answers\":[{\"quiz_question_answer_id\":\"189\",\"quiz_question_id\":\"46\",\"title\":\"Aluminium\",\"is_correct\":\"0\"},{\"quiz_question_answer_id\":\"190\",\"quiz_question_id\":\"46\",\"title\":\"Copper\",\"is_correct\":\"0\"},{\"quiz_question_answer_id\":\"191\",\"quiz_question_id\":\"46\",\"title\":\"Lead\",\"is_correct\":\"0\"},{\"quiz_question_answer_id\":\"192\",\"quiz_question_id\":\"46\",\"title\":\"Zinc\",\"is_correct\":\"1\"}]},{\"quiz_question_id\":\"47\",\"quiz_id\":\"3\",\"account_id\":null,\"title\":\"For purifying drinking water alum is used\",\"image\":\"\",\"type\":\"radio\",\"order\":\"0\",\"created_at\":\"2020-12-24 02:38:31\",\"updated_at\":\"2020-12-24 02:38:31\",\"answers\":[{\"quiz_question_answer_id\":\"193\",\"quiz_question_id\":\"47\",\"title\":\"for coagulation of mud particles\",\"is_correct\":\"1\"},{\"quiz_question_answer_id\":\"194\",\"quiz_question_id\":\"47\",\"title\":\"to kill bacteria\",\"is_correct\":\"0\"},{\"quiz_question_answer_id\":\"195\",\"quiz_question_id\":\"47\",\"title\":\"to remove salts\",\"is_correct\":\"0\"},{\"quiz_question_answer_id\":\"196\",\"quiz_question_id\":\"47\",\"title\":\"to remove gases\",\"is_correct\":\"0\"}]},{\"quiz_question_id\":\"48\",\"quiz_id\":\"3\",\"account_id\":null,\"title\":\"In a normal human body, the total number of red blood cells is\",\"image\":\"\",\"type\":\"radio\",\"order\":\"0\",\"created_at\":\"2020-12-24 02:38:31\",\"updated_at\":\"2020-12-24 02:38:31\",\"answers\":[{\"quiz_question_answer_id\":\"197\",\"quiz_question_id\":\"48\",\"title\":\"15 trillion\",\"is_correct\":\"0\"},{\"quiz_question_answer_id\":\"198\",\"quiz_question_id\":\"48\",\"title\":\"20 trillion\",\"is_correct\":\"0\"},{\"quiz_question_answer_id\":\"199\",\"quiz_question_id\":\"48\",\"title\":\"25 trillion\",\"is_correct\":\"0\"},{\"quiz_question_answer_id\":\"200\",\"quiz_question_id\":\"48\",\"title\":\"30 trillion\",\"is_correct\":\"1\"}]},{\"quiz_question_id\":\"49\",\"quiz_id\":\"3\",\"account_id\":null,\"title\":\"In which season do we need more fat?\",\"image\":\"\",\"type\":\"radio\",\"order\":\"0\",\"created_at\":\"2020-12-24 02:38:31\",\"updated_at\":\"2020-12-24 02:38:31\",\"answers\":[{\"quiz_question_answer_id\":\"201\",\"quiz_question_id\":\"49\",\"title\":\"Rainy season\",\"is_correct\":\"0\"},{\"quiz_question_answer_id\":\"202\",\"quiz_question_id\":\"49\",\"title\":\"Spring\",\"is_correct\":\"0\"},{\"quiz_question_answer_id\":\"203\",\"quiz_question_id\":\"49\",\"title\":\"Winter\",\"is_correct\":\"1\"},{\"quiz_question_answer_id\":\"204\",\"quiz_question_id\":\"49\",\"title\":\"Summer\",\"is_correct\":\"0\"}]},{\"quiz_question_id\":\"50\",\"quiz_id\":\"3\",\"account_id\":null,\"title\":\"How many times has Brazil won the World Cup Football Championship?\",\"image\":\"\",\"type\":\"radio\",\"order\":\"0\",\"created_at\":\"2020-12-24 02:38:31\",\"updated_at\":\"2020-12-24 02:38:31\",\"answers\":[{\"quiz_question_answer_id\":\"205\",\"quiz_question_id\":\"50\",\"title\":\"Four times\",\"is_correct\":\"0\"},{\"quiz_question_answer_id\":\"206\",\"quiz_question_id\":\"50\",\"title\":\"Twice\",\"is_correct\":\"0\"},{\"quiz_question_answer_id\":\"207\",\"quiz_question_id\":\"50\",\"title\":\"Five times\",\"is_correct\":\"1\"},{\"quiz_question_answer_id\":\"208\",\"quiz_question_id\":\"50\",\"title\":\"Once\",\"is_correct\":\"0\"}]}]}', NULL, 15, 30, 7, 15, '2019-01-01 00:00:00', NULL);
INSERT INTO `ac_candidate_quizes` VALUES (9, 5, 1, 0, 'Marketing Position Quiz', '{\"quiz\":{\"quiz_id\":\"2\",\"quiz_category_id\":\"1\",\"account_id\":null,\"title\":\"Marketing Position Quiz\",\"description\":\"Lorem Ipsum is simply dummy text of the printing and typesetting industry. Lorem Ipsum has been the industry\'s standard dummy text ever since the 1500s, when an unknown printer took a galley of type and scrambled it to make a type specimen book. It has survived not only five centuries, but also the leap into electronic typesetting, remaining essentially unchanged.\",\"allowed_time\":\"30\",\"created_at\":\"2020-12-24 02:38:31\",\"updated_at\":\"2020-12-24 02:38:31\"},\"questions\":[{\"quiz_question_id\":\"21\",\"quiz_id\":\"2\",\"account_id\":null,\"title\":\"Good marketing is no accident, but a result of careful planning and ________\",\"image\":\"\",\"type\":\"radio\",\"order\":\"0\",\"created_at\":\"2020-12-24 02:38:31\",\"updated_at\":\"2020-12-24 02:38:31\",\"answers\":[{\"quiz_question_answer_id\":\"75\",\"quiz_question_id\":\"21\",\"title\":\"execution\",\"is_correct\":\"1\"},{\"quiz_question_answer_id\":\"76\",\"quiz_question_id\":\"21\",\"title\":\"selling\",\"is_correct\":\"0\"},{\"quiz_question_answer_id\":\"77\",\"quiz_question_id\":\"21\",\"title\":\"strategies\",\"is_correct\":\"0\"},{\"quiz_question_answer_id\":\"78\",\"quiz_question_id\":\"21\",\"title\":\"tactics\",\"is_correct\":\"0\"},{\"quiz_question_answer_id\":\"79\",\"quiz_question_id\":\"21\",\"title\":\"research\",\"is_correct\":\"0\"}]},{\"quiz_question_id\":\"22\",\"quiz_id\":\"2\",\"account_id\":null,\"title\":\"The most formal definition of marketing is ________\",\"image\":\"\",\"type\":\"radio\",\"order\":\"0\",\"created_at\":\"2020-12-24 02:38:31\",\"updated_at\":\"2020-12-24 02:38:31\",\"answers\":[{\"quiz_question_answer_id\":\"80\",\"quiz_question_id\":\"22\",\"title\":\"meeting needs profitably\",\"is_correct\":\"0\"},{\"quiz_question_answer_id\":\"81\",\"quiz_question_id\":\"22\",\"title\":\"identifying and meeting human and social needs\",\"is_correct\":\"0\"},{\"quiz_question_answer_id\":\"82\",\"quiz_question_id\":\"22\",\"title\":\"the 4Ps (Product, Price, Place, Promotion)\",\"is_correct\":\"0\"},{\"quiz_question_answer_id\":\"83\",\"quiz_question_id\":\"22\",\"title\":\"an organizational function and a set of processes for creating, communicating,and delivering, value \",\"is_correct\":\"1\"},{\"quiz_question_answer_id\":\"84\",\"quiz_question_id\":\"22\",\"title\":\"improving the quality of life for consumers\",\"is_correct\":\"0\"}]},{\"quiz_question_id\":\"23\",\"quiz_id\":\"2\",\"account_id\":null,\"title\":\"________ can be produced and marketed as a product.\",\"image\":\"\",\"type\":\"radio\",\"order\":\"0\",\"created_at\":\"2020-12-24 02:38:31\",\"updated_at\":\"2020-12-24 02:38:31\",\"answers\":[{\"quiz_question_answer_id\":\"85\",\"quiz_question_id\":\"23\",\"title\":\"Information\",\"is_correct\":\"1\"},{\"quiz_question_answer_id\":\"86\",\"quiz_question_id\":\"23\",\"title\":\"Celebrities\",\"is_correct\":\"0\"},{\"quiz_question_answer_id\":\"87\",\"quiz_question_id\":\"23\",\"title\":\"Durable goods\",\"is_correct\":\"0\"},{\"quiz_question_answer_id\":\"88\",\"quiz_question_id\":\"23\",\"title\":\"Organizations\",\"is_correct\":\"0\"},{\"quiz_question_answer_id\":\"89\",\"quiz_question_id\":\"23\",\"title\":\"Properties\",\"is_correct\":\"0\"}]},{\"quiz_question_id\":\"24\",\"quiz_id\":\"2\",\"account_id\":null,\"title\":\"The   ________   promises   to   lead   to   more   accurate   levels   of   production,   moretargeted communications, and more relevant pricing.\",\"image\":\"\",\"type\":\"radio\",\"order\":\"0\",\"created_at\":\"2020-12-24 02:38:31\",\"updated_at\":\"2020-12-24 02:38:31\",\"answers\":[{\"quiz_question_answer_id\":\"90\",\"quiz_question_id\":\"24\",\"title\":\"Age of Globalization\",\"is_correct\":\"0\"},{\"quiz_question_answer_id\":\"91\",\"quiz_question_id\":\"24\",\"title\":\"Age of Deregulation\",\"is_correct\":\"0\"},{\"quiz_question_answer_id\":\"92\",\"quiz_question_id\":\"24\",\"title\":\"Industrial Age\",\"is_correct\":\"0\"},{\"quiz_question_answer_id\":\"93\",\"quiz_question_id\":\"24\",\"title\":\"Information Ag\",\"is_correct\":\"1\"},{\"quiz_question_answer_id\":\"94\",\"quiz_question_id\":\"24\",\"title\":\"Production Age\",\"is_correct\":\"0\"}]},{\"quiz_question_id\":\"25\",\"quiz_id\":\"2\",\"account_id\":null,\"title\":\"Marketers often use the term ________ to cover various groupings of customers.\",\"image\":\"\",\"type\":\"radio\",\"order\":\"0\",\"created_at\":\"2020-12-24 02:38:31\",\"updated_at\":\"2020-12-24 02:38:31\",\"answers\":[{\"quiz_question_answer_id\":\"95\",\"quiz_question_id\":\"25\",\"title\":\"people\",\"is_correct\":\"0\"},{\"quiz_question_answer_id\":\"96\",\"quiz_question_id\":\"25\",\"title\":\"buying power\",\"is_correct\":\"0\"},{\"quiz_question_answer_id\":\"97\",\"quiz_question_id\":\"25\",\"title\":\"demographic segment\",\"is_correct\":\"0\"},{\"quiz_question_answer_id\":\"98\",\"quiz_question_id\":\"25\",\"title\":\"social class position\",\"is_correct\":\"0\"},{\"quiz_question_answer_id\":\"99\",\"quiz_question_id\":\"25\",\"title\":\"market\",\"is_correct\":\"1\"}]},{\"quiz_question_id\":\"26\",\"quiz_id\":\"2\",\"account_id\":null,\"title\":\"Customers are showing greater price sensitivity in their search for ________\",\"image\":\"\",\"type\":\"radio\",\"order\":\"0\",\"created_at\":\"2020-12-24 02:38:31\",\"updated_at\":\"2020-12-24 02:38:31\",\"answers\":[{\"quiz_question_answer_id\":\"100\",\"quiz_question_id\":\"26\",\"title\":\"The right product\",\"is_correct\":\"0\"},{\"quiz_question_answer_id\":\"101\",\"quiz_question_id\":\"26\",\"title\":\"The right service\",\"is_correct\":\"0\"},{\"quiz_question_answer_id\":\"102\",\"quiz_question_id\":\"26\",\"title\":\"The right store\",\"is_correct\":\"0\"},{\"quiz_question_answer_id\":\"103\",\"quiz_question_id\":\"26\",\"title\":\"Value\",\"is_correct\":\"1\"},{\"quiz_question_answer_id\":\"104\",\"quiz_question_id\":\"26\",\"title\":\"Relationships\",\"is_correct\":\"0\"}]},{\"quiz_question_id\":\"27\",\"quiz_id\":\"2\",\"account_id\":null,\"title\":\"The ________ concept holds that consumers will favor those products that offerthe most quality, performance, or innovative features.\",\"image\":\"\",\"type\":\"radio\",\"order\":\"0\",\"created_at\":\"2020-12-24 02:38:31\",\"updated_at\":\"2020-12-24 02:38:31\",\"answers\":[{\"quiz_question_answer_id\":\"105\",\"quiz_question_id\":\"27\",\"title\":\"product\",\"is_correct\":\"1\"},{\"quiz_question_answer_id\":\"106\",\"quiz_question_id\":\"27\",\"title\":\"marketing\",\"is_correct\":\"0\"},{\"quiz_question_answer_id\":\"107\",\"quiz_question_id\":\"27\",\"title\":\"production\",\"is_correct\":\"0\"},{\"quiz_question_answer_id\":\"108\",\"quiz_question_id\":\"27\",\"title\":\"selling\",\"is_correct\":\"0\"},{\"quiz_question_answer_id\":\"109\",\"quiz_question_id\":\"27\",\"title\":\"holistic marketing\",\"is_correct\":\"0\"}]},{\"quiz_question_id\":\"28\",\"quiz_id\":\"2\",\"account_id\":null,\"title\":\"The ________ concept holds that consumers and businesses, if left alone, willordinarily not buy enough of the organization\\u2019s products.\",\"image\":\"\",\"type\":\"radio\",\"order\":\"0\",\"created_at\":\"2020-12-24 02:38:31\",\"updated_at\":\"2020-12-24 02:38:31\",\"answers\":[{\"quiz_question_answer_id\":\"110\",\"quiz_question_id\":\"28\",\"title\":\"production\",\"is_correct\":\"0\"},{\"quiz_question_answer_id\":\"111\",\"quiz_question_id\":\"28\",\"title\":\"selling\",\"is_correct\":\"1\"},{\"quiz_question_answer_id\":\"112\",\"quiz_question_id\":\"28\",\"title\":\"marketing\",\"is_correct\":\"0\"},{\"quiz_question_answer_id\":\"113\",\"quiz_question_id\":\"28\",\"title\":\"product\",\"is_correct\":\"0\"},{\"quiz_question_answer_id\":\"114\",\"quiz_question_id\":\"28\",\"title\":\"holistic marketing\",\"is_correct\":\"0\"}]},{\"quiz_question_id\":\"29\",\"quiz_id\":\"2\",\"account_id\":null,\"title\":\"In the course of converting to a marketing orientation, a company faces threehurdles\\u2014________.\",\"image\":\"\",\"type\":\"radio\",\"order\":\"0\",\"created_at\":\"2020-12-24 02:38:31\",\"updated_at\":\"2020-12-24 02:38:31\",\"answers\":[{\"quiz_question_answer_id\":\"115\",\"quiz_question_id\":\"29\",\"title\":\"organized resistance, slow learning, and fast forgetting\",\"is_correct\":\"1\"},{\"quiz_question_answer_id\":\"116\",\"quiz_question_id\":\"29\",\"title\":\"management, customer reaction, competitive response\",\"is_correct\":\"0\"},{\"quiz_question_answer_id\":\"117\",\"quiz_question_id\":\"29\",\"title\":\"decreased profits, increased R&D, additional distribution\",\"is_correct\":\"0\"},{\"quiz_question_answer_id\":\"118\",\"quiz_question_id\":\"29\",\"title\":\"forecasted demand, increased sales expense, increased inventory costs\",\"is_correct\":\"0\"},{\"quiz_question_answer_id\":\"119\",\"quiz_question_id\":\"29\",\"title\":\"customer focus, profitability, slow learning\",\"is_correct\":\"0\"}]},{\"quiz_question_id\":\"30\",\"quiz_id\":\"2\",\"account_id\":null,\"title\":\"Marketers argue for a ________ in which all functions work together to respondto, serve, and satisfy the customer.\",\"image\":\"\",\"type\":\"radio\",\"order\":\"0\",\"created_at\":\"2020-12-24 02:38:31\",\"updated_at\":\"2020-12-24 02:38:31\",\"answers\":[{\"quiz_question_answer_id\":\"120\",\"quiz_question_id\":\"30\",\"title\":\"cross-functional team orientation\",\"is_correct\":\"0\"},{\"quiz_question_answer_id\":\"121\",\"quiz_question_id\":\"30\",\"title\":\"collaboration model\",\"is_correct\":\"0\"},{\"quiz_question_answer_id\":\"122\",\"quiz_question_id\":\"30\",\"title\":\"customer orientation\",\"is_correct\":\"1\"},{\"quiz_question_answer_id\":\"123\",\"quiz_question_id\":\"30\",\"title\":\"management-driven organization\",\"is_correct\":\"0\"},{\"quiz_question_answer_id\":\"124\",\"quiz_question_id\":\"30\",\"title\":\"total quality model\",\"is_correct\":\"0\"}]},{\"quiz_question_id\":\"31\",\"quiz_id\":\"2\",\"account_id\":null,\"title\":\"One traditional depiction of marketing activities is in terms of the marketing mixor four Ps. The four Ps are characterized as being ________.\",\"image\":\"\",\"type\":\"radio\",\"order\":\"0\",\"created_at\":\"2020-12-24 02:38:31\",\"updated_at\":\"2020-12-24 02:38:31\",\"answers\":[{\"quiz_question_answer_id\":\"125\",\"quiz_question_id\":\"31\",\"title\":\"product, positioning, place, and price\",\"is_correct\":\"0\"},{\"quiz_question_answer_id\":\"126\",\"quiz_question_id\":\"31\",\"title\":\"product, production, price, and place\",\"is_correct\":\"0\"},{\"quiz_question_answer_id\":\"127\",\"quiz_question_id\":\"31\",\"title\":\"promotion, place, positioning, and price\",\"is_correct\":\"0\"},{\"quiz_question_answer_id\":\"128\",\"quiz_question_id\":\"31\",\"title\":\"place, promotion, production, and positioning\",\"is_correct\":\"0\"},{\"quiz_question_answer_id\":\"129\",\"quiz_question_id\":\"31\",\"title\":\"product, price, promotion, and place\",\"is_correct\":\"1\"}]},{\"quiz_question_id\":\"32\",\"quiz_id\":\"2\",\"account_id\":null,\"title\":\"Marketing is not a department so much as a ________.\",\"image\":\"\",\"type\":\"radio\",\"order\":\"0\",\"created_at\":\"2020-12-24 02:38:31\",\"updated_at\":\"2020-12-24 02:38:31\",\"answers\":[{\"quiz_question_answer_id\":\"130\",\"quiz_question_id\":\"32\",\"title\":\"company orientation\",\"is_correct\":\"1\"},{\"quiz_question_answer_id\":\"131\",\"quiz_question_id\":\"32\",\"title\":\"philosophy\",\"is_correct\":\"0\"},{\"quiz_question_answer_id\":\"132\",\"quiz_question_id\":\"32\",\"title\":\"function\",\"is_correct\":\"0\"},{\"quiz_question_answer_id\":\"133\",\"quiz_question_id\":\"32\",\"title\":\"branch of management\",\"is_correct\":\"0\"},{\"quiz_question_answer_id\":\"134\",\"quiz_question_id\":\"32\",\"title\":\"branch of economics\",\"is_correct\":\"0\"}]},{\"quiz_question_id\":\"33\",\"quiz_id\":\"2\",\"account_id\":null,\"title\":\"When a customer has a(n) ________ need he\\/she wants a car whose operatingcost, not its initial price, is low.\",\"image\":\"\",\"type\":\"radio\",\"order\":\"0\",\"created_at\":\"2020-12-24 02:38:31\",\"updated_at\":\"2020-12-24 02:38:31\",\"answers\":[{\"quiz_question_answer_id\":\"135\",\"quiz_question_id\":\"33\",\"title\":\"stated\",\"is_correct\":\"0\"},{\"quiz_question_answer_id\":\"136\",\"quiz_question_id\":\"33\",\"title\":\"real\",\"is_correct\":\"1\"},{\"quiz_question_answer_id\":\"137\",\"quiz_question_id\":\"33\",\"title\":\"unstated\",\"is_correct\":\"0\"},{\"quiz_question_answer_id\":\"138\",\"quiz_question_id\":\"33\",\"title\":\"delight\",\"is_correct\":\"0\"},{\"quiz_question_answer_id\":\"139\",\"quiz_question_id\":\"33\",\"title\":\"secret\",\"is_correct\":\"0\"}]},{\"quiz_question_id\":\"34\",\"quiz_id\":\"2\",\"account_id\":null,\"title\":\"When a  customer has  a(n)  ________  need the  customer  wants  to  be seen   byfriends as a savvy consumer.\",\"image\":\"\",\"type\":\"radio\",\"order\":\"0\",\"created_at\":\"2020-12-24 02:38:31\",\"updated_at\":\"2020-12-24 02:38:31\",\"answers\":[{\"quiz_question_answer_id\":\"140\",\"quiz_question_id\":\"34\",\"title\":\"real\",\"is_correct\":\"0\"},{\"quiz_question_answer_id\":\"141\",\"quiz_question_id\":\"34\",\"title\":\"unstated\",\"is_correct\":\"0\"},{\"quiz_question_answer_id\":\"142\",\"quiz_question_id\":\"34\",\"title\":\"delight\",\"is_correct\":\"0\"},{\"quiz_question_answer_id\":\"143\",\"quiz_question_id\":\"34\",\"title\":\"secret\",\"is_correct\":\"1\"},{\"quiz_question_answer_id\":\"144\",\"quiz_question_id\":\"34\",\"title\":\"stated\",\"is_correct\":\"0\"}]},{\"quiz_question_id\":\"35\",\"quiz_id\":\"2\",\"account_id\":null,\"title\":\"________  reflects   the   perceived   tangible   and   intangible   benefits   and   costs   tocustomers.\",\"image\":\"\",\"type\":\"radio\",\"order\":\"0\",\"created_at\":\"2020-12-24 02:38:31\",\"updated_at\":\"2020-12-24 02:38:31\",\"answers\":[{\"quiz_question_answer_id\":\"145\",\"quiz_question_id\":\"35\",\"title\":\"Loyalty\",\"is_correct\":\"0\"},{\"quiz_question_answer_id\":\"146\",\"quiz_question_id\":\"35\",\"title\":\"Satisfaction\",\"is_correct\":\"0\"},{\"quiz_question_answer_id\":\"147\",\"quiz_question_id\":\"35\",\"title\":\"Value\",\"is_correct\":\"1\"},{\"quiz_question_answer_id\":\"148\",\"quiz_question_id\":\"35\",\"title\":\"Expectations\",\"is_correct\":\"0\"},{\"quiz_question_answer_id\":\"149\",\"quiz_question_id\":\"35\",\"title\":\"Comparison shopping\",\"is_correct\":\"0\"}]}]}', NULL, 15, 30, 12, 15, '2019-01-01 00:00:00', NULL);
INSERT INTO `ac_candidate_quizes` VALUES (10, 5, 1, 0, 'General Knowledge Quiz', '{\"quiz\":{\"quiz_id\":\"3\",\"quiz_category_id\":\"4\",\"account_id\":null,\"title\":\"General Knowledge Quiz\",\"description\":\"Lorem Ipsum is simply dummy text of the printing and typesetting industry. Lorem Ipsum has been the industry\'s standard dummy text ever since the 1500s, when an unknown printer took a galley of type and scrambled it to make a type specimen book. It has survived not only five centuries, but also the leap into electronic typesetting, remaining essentially unchanged.\",\"allowed_time\":\"30\",\"created_at\":\"2020-12-24 02:38:31\",\"updated_at\":\"2020-12-24 02:38:31\"},\"questions\":[{\"quiz_question_id\":\"36\",\"quiz_id\":\"3\",\"account_id\":null,\"title\":\"Entomology is the science that studies\",\"image\":\"\",\"type\":\"radio\",\"order\":\"0\",\"created_at\":\"2020-12-24 02:38:31\",\"updated_at\":\"2020-12-24 02:38:31\",\"answers\":[{\"quiz_question_answer_id\":\"150\",\"quiz_question_id\":\"36\",\"title\":\"Behavior of human beings\",\"is_correct\":\"0\"},{\"quiz_question_answer_id\":\"151\",\"quiz_question_id\":\"36\",\"title\":\"Insects\",\"is_correct\":\"1\"},{\"quiz_question_answer_id\":\"152\",\"quiz_question_id\":\"36\",\"title\":\"The origin and history of technical and scientific terms\",\"is_correct\":\"0\"},{\"quiz_question_answer_id\":\"153\",\"quiz_question_id\":\"36\",\"title\":\"The formation of rocks\",\"is_correct\":\"0\"}]},{\"quiz_question_id\":\"37\",\"quiz_id\":\"3\",\"account_id\":null,\"title\":\"For which of the following disciplines is Nobel Prize awarded?\",\"image\":\"\",\"type\":\"checkbox\",\"order\":\"0\",\"created_at\":\"2020-12-24 02:38:31\",\"updated_at\":\"2020-12-24 02:38:31\",\"answers\":[{\"quiz_question_answer_id\":\"154\",\"quiz_question_id\":\"37\",\"title\":\"Physics and Chemistry\",\"is_correct\":\"1\"},{\"quiz_question_answer_id\":\"155\",\"quiz_question_id\":\"37\",\"title\":\"Physiology or Medicine\",\"is_correct\":\"1\"},{\"quiz_question_answer_id\":\"156\",\"quiz_question_id\":\"37\",\"title\":\"Literature, Peace and Economics\",\"is_correct\":\"1\"}]},{\"quiz_question_id\":\"38\",\"quiz_id\":\"3\",\"account_id\":null,\"title\":\"Galileo was an Italian astronomer who\",\"image\":\"\",\"type\":\"radio\",\"order\":\"0\",\"created_at\":\"2020-12-24 02:38:31\",\"updated_at\":\"2020-12-24 02:38:31\",\"answers\":[{\"quiz_question_answer_id\":\"157\",\"quiz_question_id\":\"38\",\"title\":\"developed the telescope\",\"is_correct\":\"0\"},{\"quiz_question_answer_id\":\"158\",\"quiz_question_id\":\"38\",\"title\":\"discovered four satellites of Jupiter\",\"is_correct\":\"0\"},{\"quiz_question_answer_id\":\"159\",\"quiz_question_id\":\"38\",\"title\":\"discovered that the movement of pendulum produces a regular time measurement\",\"is_correct\":\"0\"},{\"quiz_question_answer_id\":\"160\",\"quiz_question_id\":\"38\",\"title\":\"All of the above\",\"is_correct\":\"1\"}]},{\"quiz_question_id\":\"39\",\"quiz_id\":\"3\",\"account_id\":null,\"title\":\"Exposure to sunlight helps a person improve his health because\",\"image\":\"\",\"type\":\"radio\",\"order\":\"0\",\"created_at\":\"2020-12-24 02:38:31\",\"updated_at\":\"2020-12-24 02:38:31\",\"answers\":[{\"quiz_question_answer_id\":\"161\",\"quiz_question_id\":\"39\",\"title\":\"the infrared light kills bacteria in the body\",\"is_correct\":\"0\"},{\"quiz_question_answer_id\":\"162\",\"quiz_question_id\":\"39\",\"title\":\"resistance power increases\",\"is_correct\":\"0\"},{\"quiz_question_answer_id\":\"163\",\"quiz_question_id\":\"39\",\"title\":\"the pigment cells in the skin get stimulated and produce a healthy tan\",\"is_correct\":\"0\"},{\"quiz_question_answer_id\":\"164\",\"quiz_question_id\":\"39\",\"title\":\"the ultraviolet rays convert skin oil into Vitamin D\",\"is_correct\":\"1\"}]},{\"quiz_question_id\":\"40\",\"quiz_id\":\"3\",\"account_id\":null,\"title\":\"For the Olympics and World Tournaments, the dimensions of basketball court are\",\"image\":\"\",\"type\":\"radio\",\"order\":\"0\",\"created_at\":\"2020-12-24 02:38:31\",\"updated_at\":\"2020-12-24 02:38:31\",\"answers\":[{\"quiz_question_answer_id\":\"165\",\"quiz_question_id\":\"40\",\"title\":\"26 m x 14 m\",\"is_correct\":\"0\"},{\"quiz_question_answer_id\":\"166\",\"quiz_question_id\":\"40\",\"title\":\"28 m x 15 m\",\"is_correct\":\"1\"},{\"quiz_question_answer_id\":\"167\",\"quiz_question_id\":\"40\",\"title\":\"27 m x 16 m\",\"is_correct\":\"0\"},{\"quiz_question_answer_id\":\"168\",\"quiz_question_id\":\"40\",\"title\":\"28 m x 16 m\",\"is_correct\":\"0\"}]},{\"quiz_question_id\":\"41\",\"quiz_id\":\"3\",\"account_id\":null,\"title\":\"Friction can be reduced by changing from\",\"image\":\"\",\"type\":\"radio\",\"order\":\"0\",\"created_at\":\"2020-12-24 02:38:31\",\"updated_at\":\"2020-12-24 02:38:31\",\"answers\":[{\"quiz_question_answer_id\":\"169\",\"quiz_question_id\":\"41\",\"title\":\"sliding to rolling\",\"is_correct\":\"1\"},{\"quiz_question_answer_id\":\"170\",\"quiz_question_id\":\"41\",\"title\":\"rolling to sliding\",\"is_correct\":\"0\"},{\"quiz_question_answer_id\":\"171\",\"quiz_question_id\":\"41\",\"title\":\"potential energy to kinetic energy\",\"is_correct\":\"0\"},{\"quiz_question_answer_id\":\"172\",\"quiz_question_id\":\"41\",\"title\":\"dynamic to static\",\"is_correct\":\"0\"}]},{\"quiz_question_id\":\"42\",\"quiz_id\":\"3\",\"account_id\":null,\"title\":\"Ecology deals with\",\"image\":\"\",\"type\":\"radio\",\"order\":\"0\",\"created_at\":\"2020-12-24 02:38:31\",\"updated_at\":\"2020-12-24 02:38:31\",\"answers\":[{\"quiz_question_answer_id\":\"173\",\"quiz_question_id\":\"42\",\"title\":\"Birds\",\"is_correct\":\"0\"},{\"quiz_question_answer_id\":\"174\",\"quiz_question_id\":\"42\",\"title\":\"Cell formation\",\"is_correct\":\"0\"},{\"quiz_question_answer_id\":\"175\",\"quiz_question_id\":\"42\",\"title\":\"Relation between organisms and their environment\",\"is_correct\":\"1\"},{\"quiz_question_answer_id\":\"176\",\"quiz_question_id\":\"42\",\"title\":\"Tissues\",\"is_correct\":\"0\"}]},{\"quiz_question_id\":\"43\",\"quiz_id\":\"3\",\"account_id\":null,\"title\":\"Durand Cup is associated with the game of\",\"image\":\"\",\"type\":\"radio\",\"order\":\"0\",\"created_at\":\"2020-12-24 02:38:31\",\"updated_at\":\"2020-12-24 02:38:31\",\"answers\":[{\"quiz_question_answer_id\":\"177\",\"quiz_question_id\":\"43\",\"title\":\"Cricket\",\"is_correct\":\"0\"},{\"quiz_question_answer_id\":\"178\",\"quiz_question_id\":\"43\",\"title\":\"Football\",\"is_correct\":\"1\"},{\"quiz_question_answer_id\":\"179\",\"quiz_question_id\":\"43\",\"title\":\"Hockey\",\"is_correct\":\"0\"},{\"quiz_question_answer_id\":\"180\",\"quiz_question_id\":\"43\",\"title\":\"Volleyball\",\"is_correct\":\"0\"}]},{\"quiz_question_id\":\"44\",\"quiz_id\":\"3\",\"account_id\":null,\"title\":\"Headquarters of UNO are situated at\",\"image\":\"\",\"type\":\"radio\",\"order\":\"0\",\"created_at\":\"2020-12-24 02:38:31\",\"updated_at\":\"2020-12-24 02:38:31\",\"answers\":[{\"quiz_question_answer_id\":\"181\",\"quiz_question_id\":\"44\",\"title\":\"New York, USA\",\"is_correct\":\"1\"},{\"quiz_question_answer_id\":\"182\",\"quiz_question_id\":\"44\",\"title\":\"Hague (Netherlands)\",\"is_correct\":\"0\"},{\"quiz_question_answer_id\":\"183\",\"quiz_question_id\":\"44\",\"title\":\"Geneva\",\"is_correct\":\"0\"},{\"quiz_question_answer_id\":\"184\",\"quiz_question_id\":\"44\",\"title\":\"Paris\",\"is_correct\":\"0\"}]},{\"quiz_question_id\":\"45\",\"quiz_id\":\"3\",\"account_id\":null,\"title\":\"First International Peace Congress was held in London in\",\"image\":\"\",\"type\":\"radio\",\"order\":\"0\",\"created_at\":\"2020-12-24 02:38:31\",\"updated_at\":\"2020-12-24 02:38:31\",\"answers\":[{\"quiz_question_answer_id\":\"185\",\"quiz_question_id\":\"45\",\"title\":\"1564 AD\",\"is_correct\":\"0\"},{\"quiz_question_answer_id\":\"186\",\"quiz_question_id\":\"45\",\"title\":\"1798 AD\",\"is_correct\":\"0\"},{\"quiz_question_answer_id\":\"187\",\"quiz_question_id\":\"45\",\"title\":\"1843 AD\",\"is_correct\":\"1\"},{\"quiz_question_answer_id\":\"188\",\"quiz_question_id\":\"45\",\"title\":\"1901 AD\",\"is_correct\":\"0\"}]},{\"quiz_question_id\":\"46\",\"quiz_id\":\"3\",\"account_id\":null,\"title\":\"For galvanizing iron which of the following metals is used?\",\"image\":\"\",\"type\":\"radio\",\"order\":\"0\",\"created_at\":\"2020-12-24 02:38:31\",\"updated_at\":\"2020-12-24 02:38:31\",\"answers\":[{\"quiz_question_answer_id\":\"189\",\"quiz_question_id\":\"46\",\"title\":\"Aluminium\",\"is_correct\":\"0\"},{\"quiz_question_answer_id\":\"190\",\"quiz_question_id\":\"46\",\"title\":\"Copper\",\"is_correct\":\"0\"},{\"quiz_question_answer_id\":\"191\",\"quiz_question_id\":\"46\",\"title\":\"Lead\",\"is_correct\":\"0\"},{\"quiz_question_answer_id\":\"192\",\"quiz_question_id\":\"46\",\"title\":\"Zinc\",\"is_correct\":\"1\"}]},{\"quiz_question_id\":\"47\",\"quiz_id\":\"3\",\"account_id\":null,\"title\":\"For purifying drinking water alum is used\",\"image\":\"\",\"type\":\"radio\",\"order\":\"0\",\"created_at\":\"2020-12-24 02:38:31\",\"updated_at\":\"2020-12-24 02:38:31\",\"answers\":[{\"quiz_question_answer_id\":\"193\",\"quiz_question_id\":\"47\",\"title\":\"for coagulation of mud particles\",\"is_correct\":\"1\"},{\"quiz_question_answer_id\":\"194\",\"quiz_question_id\":\"47\",\"title\":\"to kill bacteria\",\"is_correct\":\"0\"},{\"quiz_question_answer_id\":\"195\",\"quiz_question_id\":\"47\",\"title\":\"to remove salts\",\"is_correct\":\"0\"},{\"quiz_question_answer_id\":\"196\",\"quiz_question_id\":\"47\",\"title\":\"to remove gases\",\"is_correct\":\"0\"}]},{\"quiz_question_id\":\"48\",\"quiz_id\":\"3\",\"account_id\":null,\"title\":\"In a normal human body, the total number of red blood cells is\",\"image\":\"\",\"type\":\"radio\",\"order\":\"0\",\"created_at\":\"2020-12-24 02:38:31\",\"updated_at\":\"2020-12-24 02:38:31\",\"answers\":[{\"quiz_question_answer_id\":\"197\",\"quiz_question_id\":\"48\",\"title\":\"15 trillion\",\"is_correct\":\"0\"},{\"quiz_question_answer_id\":\"198\",\"quiz_question_id\":\"48\",\"title\":\"20 trillion\",\"is_correct\":\"0\"},{\"quiz_question_answer_id\":\"199\",\"quiz_question_id\":\"48\",\"title\":\"25 trillion\",\"is_correct\":\"0\"},{\"quiz_question_answer_id\":\"200\",\"quiz_question_id\":\"48\",\"title\":\"30 trillion\",\"is_correct\":\"1\"}]},{\"quiz_question_id\":\"49\",\"quiz_id\":\"3\",\"account_id\":null,\"title\":\"In which season do we need more fat?\",\"image\":\"\",\"type\":\"radio\",\"order\":\"0\",\"created_at\":\"2020-12-24 02:38:31\",\"updated_at\":\"2020-12-24 02:38:31\",\"answers\":[{\"quiz_question_answer_id\":\"201\",\"quiz_question_id\":\"49\",\"title\":\"Rainy season\",\"is_correct\":\"0\"},{\"quiz_question_answer_id\":\"202\",\"quiz_question_id\":\"49\",\"title\":\"Spring\",\"is_correct\":\"0\"},{\"quiz_question_answer_id\":\"203\",\"quiz_question_id\":\"49\",\"title\":\"Winter\",\"is_correct\":\"1\"},{\"quiz_question_answer_id\":\"204\",\"quiz_question_id\":\"49\",\"title\":\"Summer\",\"is_correct\":\"0\"}]},{\"quiz_question_id\":\"50\",\"quiz_id\":\"3\",\"account_id\":null,\"title\":\"How many times has Brazil won the World Cup Football Championship?\",\"image\":\"\",\"type\":\"radio\",\"order\":\"0\",\"created_at\":\"2020-12-24 02:38:31\",\"updated_at\":\"2020-12-24 02:38:31\",\"answers\":[{\"quiz_question_answer_id\":\"205\",\"quiz_question_id\":\"50\",\"title\":\"Four times\",\"is_correct\":\"0\"},{\"quiz_question_answer_id\":\"206\",\"quiz_question_id\":\"50\",\"title\":\"Twice\",\"is_correct\":\"0\"},{\"quiz_question_answer_id\":\"207\",\"quiz_question_id\":\"50\",\"title\":\"Five times\",\"is_correct\":\"1\"},{\"quiz_question_answer_id\":\"208\",\"quiz_question_id\":\"50\",\"title\":\"Once\",\"is_correct\":\"0\"}]}]}', NULL, 15, 30, 12, 15, '2019-01-01 00:00:00', NULL);
INSERT INTO `ac_candidate_quizes` VALUES (11, 6, 1, 0, 'Marketing Position Quiz', '{\"quiz\":{\"quiz_id\":\"2\",\"quiz_category_id\":\"1\",\"account_id\":null,\"title\":\"Marketing Position Quiz\",\"description\":\"Lorem Ipsum is simply dummy text of the printing and typesetting industry. Lorem Ipsum has been the industry\'s standard dummy text ever since the 1500s, when an unknown printer took a galley of type and scrambled it to make a type specimen book. It has survived not only five centuries, but also the leap into electronic typesetting, remaining essentially unchanged.\",\"allowed_time\":\"30\",\"created_at\":\"2020-12-24 02:38:31\",\"updated_at\":\"2020-12-24 02:38:31\"},\"questions\":[{\"quiz_question_id\":\"21\",\"quiz_id\":\"2\",\"account_id\":null,\"title\":\"Good marketing is no accident, but a result of careful planning and ________\",\"image\":\"\",\"type\":\"radio\",\"order\":\"0\",\"created_at\":\"2020-12-24 02:38:31\",\"updated_at\":\"2020-12-24 02:38:31\",\"answers\":[{\"quiz_question_answer_id\":\"75\",\"quiz_question_id\":\"21\",\"title\":\"execution\",\"is_correct\":\"1\"},{\"quiz_question_answer_id\":\"76\",\"quiz_question_id\":\"21\",\"title\":\"selling\",\"is_correct\":\"0\"},{\"quiz_question_answer_id\":\"77\",\"quiz_question_id\":\"21\",\"title\":\"strategies\",\"is_correct\":\"0\"},{\"quiz_question_answer_id\":\"78\",\"quiz_question_id\":\"21\",\"title\":\"tactics\",\"is_correct\":\"0\"},{\"quiz_question_answer_id\":\"79\",\"quiz_question_id\":\"21\",\"title\":\"research\",\"is_correct\":\"0\"}]},{\"quiz_question_id\":\"22\",\"quiz_id\":\"2\",\"account_id\":null,\"title\":\"The most formal definition of marketing is ________\",\"image\":\"\",\"type\":\"radio\",\"order\":\"0\",\"created_at\":\"2020-12-24 02:38:31\",\"updated_at\":\"2020-12-24 02:38:31\",\"answers\":[{\"quiz_question_answer_id\":\"80\",\"quiz_question_id\":\"22\",\"title\":\"meeting needs profitably\",\"is_correct\":\"0\"},{\"quiz_question_answer_id\":\"81\",\"quiz_question_id\":\"22\",\"title\":\"identifying and meeting human and social needs\",\"is_correct\":\"0\"},{\"quiz_question_answer_id\":\"82\",\"quiz_question_id\":\"22\",\"title\":\"the 4Ps (Product, Price, Place, Promotion)\",\"is_correct\":\"0\"},{\"quiz_question_answer_id\":\"83\",\"quiz_question_id\":\"22\",\"title\":\"an organizational function and a set of processes for creating, communicating,and delivering, value \",\"is_correct\":\"1\"},{\"quiz_question_answer_id\":\"84\",\"quiz_question_id\":\"22\",\"title\":\"improving the quality of life for consumers\",\"is_correct\":\"0\"}]},{\"quiz_question_id\":\"23\",\"quiz_id\":\"2\",\"account_id\":null,\"title\":\"________ can be produced and marketed as a product.\",\"image\":\"\",\"type\":\"radio\",\"order\":\"0\",\"created_at\":\"2020-12-24 02:38:31\",\"updated_at\":\"2020-12-24 02:38:31\",\"answers\":[{\"quiz_question_answer_id\":\"85\",\"quiz_question_id\":\"23\",\"title\":\"Information\",\"is_correct\":\"1\"},{\"quiz_question_answer_id\":\"86\",\"quiz_question_id\":\"23\",\"title\":\"Celebrities\",\"is_correct\":\"0\"},{\"quiz_question_answer_id\":\"87\",\"quiz_question_id\":\"23\",\"title\":\"Durable goods\",\"is_correct\":\"0\"},{\"quiz_question_answer_id\":\"88\",\"quiz_question_id\":\"23\",\"title\":\"Organizations\",\"is_correct\":\"0\"},{\"quiz_question_answer_id\":\"89\",\"quiz_question_id\":\"23\",\"title\":\"Properties\",\"is_correct\":\"0\"}]},{\"quiz_question_id\":\"24\",\"quiz_id\":\"2\",\"account_id\":null,\"title\":\"The   ________   promises   to   lead   to   more   accurate   levels   of   production,   moretargeted communications, and more relevant pricing.\",\"image\":\"\",\"type\":\"radio\",\"order\":\"0\",\"created_at\":\"2020-12-24 02:38:31\",\"updated_at\":\"2020-12-24 02:38:31\",\"answers\":[{\"quiz_question_answer_id\":\"90\",\"quiz_question_id\":\"24\",\"title\":\"Age of Globalization\",\"is_correct\":\"0\"},{\"quiz_question_answer_id\":\"91\",\"quiz_question_id\":\"24\",\"title\":\"Age of Deregulation\",\"is_correct\":\"0\"},{\"quiz_question_answer_id\":\"92\",\"quiz_question_id\":\"24\",\"title\":\"Industrial Age\",\"is_correct\":\"0\"},{\"quiz_question_answer_id\":\"93\",\"quiz_question_id\":\"24\",\"title\":\"Information Ag\",\"is_correct\":\"1\"},{\"quiz_question_answer_id\":\"94\",\"quiz_question_id\":\"24\",\"title\":\"Production Age\",\"is_correct\":\"0\"}]},{\"quiz_question_id\":\"25\",\"quiz_id\":\"2\",\"account_id\":null,\"title\":\"Marketers often use the term ________ to cover various groupings of customers.\",\"image\":\"\",\"type\":\"radio\",\"order\":\"0\",\"created_at\":\"2020-12-24 02:38:31\",\"updated_at\":\"2020-12-24 02:38:31\",\"answers\":[{\"quiz_question_answer_id\":\"95\",\"quiz_question_id\":\"25\",\"title\":\"people\",\"is_correct\":\"0\"},{\"quiz_question_answer_id\":\"96\",\"quiz_question_id\":\"25\",\"title\":\"buying power\",\"is_correct\":\"0\"},{\"quiz_question_answer_id\":\"97\",\"quiz_question_id\":\"25\",\"title\":\"demographic segment\",\"is_correct\":\"0\"},{\"quiz_question_answer_id\":\"98\",\"quiz_question_id\":\"25\",\"title\":\"social class position\",\"is_correct\":\"0\"},{\"quiz_question_answer_id\":\"99\",\"quiz_question_id\":\"25\",\"title\":\"market\",\"is_correct\":\"1\"}]},{\"quiz_question_id\":\"26\",\"quiz_id\":\"2\",\"account_id\":null,\"title\":\"Customers are showing greater price sensitivity in their search for ________\",\"image\":\"\",\"type\":\"radio\",\"order\":\"0\",\"created_at\":\"2020-12-24 02:38:31\",\"updated_at\":\"2020-12-24 02:38:31\",\"answers\":[{\"quiz_question_answer_id\":\"100\",\"quiz_question_id\":\"26\",\"title\":\"The right product\",\"is_correct\":\"0\"},{\"quiz_question_answer_id\":\"101\",\"quiz_question_id\":\"26\",\"title\":\"The right service\",\"is_correct\":\"0\"},{\"quiz_question_answer_id\":\"102\",\"quiz_question_id\":\"26\",\"title\":\"The right store\",\"is_correct\":\"0\"},{\"quiz_question_answer_id\":\"103\",\"quiz_question_id\":\"26\",\"title\":\"Value\",\"is_correct\":\"1\"},{\"quiz_question_answer_id\":\"104\",\"quiz_question_id\":\"26\",\"title\":\"Relationships\",\"is_correct\":\"0\"}]},{\"quiz_question_id\":\"27\",\"quiz_id\":\"2\",\"account_id\":null,\"title\":\"The ________ concept holds that consumers will favor those products that offerthe most quality, performance, or innovative features.\",\"image\":\"\",\"type\":\"radio\",\"order\":\"0\",\"created_at\":\"2020-12-24 02:38:31\",\"updated_at\":\"2020-12-24 02:38:31\",\"answers\":[{\"quiz_question_answer_id\":\"105\",\"quiz_question_id\":\"27\",\"title\":\"product\",\"is_correct\":\"1\"},{\"quiz_question_answer_id\":\"106\",\"quiz_question_id\":\"27\",\"title\":\"marketing\",\"is_correct\":\"0\"},{\"quiz_question_answer_id\":\"107\",\"quiz_question_id\":\"27\",\"title\":\"production\",\"is_correct\":\"0\"},{\"quiz_question_answer_id\":\"108\",\"quiz_question_id\":\"27\",\"title\":\"selling\",\"is_correct\":\"0\"},{\"quiz_question_answer_id\":\"109\",\"quiz_question_id\":\"27\",\"title\":\"holistic marketing\",\"is_correct\":\"0\"}]},{\"quiz_question_id\":\"28\",\"quiz_id\":\"2\",\"account_id\":null,\"title\":\"The ________ concept holds that consumers and businesses, if left alone, willordinarily not buy enough of the organization\\u2019s products.\",\"image\":\"\",\"type\":\"radio\",\"order\":\"0\",\"created_at\":\"2020-12-24 02:38:31\",\"updated_at\":\"2020-12-24 02:38:31\",\"answers\":[{\"quiz_question_answer_id\":\"110\",\"quiz_question_id\":\"28\",\"title\":\"production\",\"is_correct\":\"0\"},{\"quiz_question_answer_id\":\"111\",\"quiz_question_id\":\"28\",\"title\":\"selling\",\"is_correct\":\"1\"},{\"quiz_question_answer_id\":\"112\",\"quiz_question_id\":\"28\",\"title\":\"marketing\",\"is_correct\":\"0\"},{\"quiz_question_answer_id\":\"113\",\"quiz_question_id\":\"28\",\"title\":\"product\",\"is_correct\":\"0\"},{\"quiz_question_answer_id\":\"114\",\"quiz_question_id\":\"28\",\"title\":\"holistic marketing\",\"is_correct\":\"0\"}]},{\"quiz_question_id\":\"29\",\"quiz_id\":\"2\",\"account_id\":null,\"title\":\"In the course of converting to a marketing orientation, a company faces threehurdles\\u2014________.\",\"image\":\"\",\"type\":\"radio\",\"order\":\"0\",\"created_at\":\"2020-12-24 02:38:31\",\"updated_at\":\"2020-12-24 02:38:31\",\"answers\":[{\"quiz_question_answer_id\":\"115\",\"quiz_question_id\":\"29\",\"title\":\"organized resistance, slow learning, and fast forgetting\",\"is_correct\":\"1\"},{\"quiz_question_answer_id\":\"116\",\"quiz_question_id\":\"29\",\"title\":\"management, customer reaction, competitive response\",\"is_correct\":\"0\"},{\"quiz_question_answer_id\":\"117\",\"quiz_question_id\":\"29\",\"title\":\"decreased profits, increased R&D, additional distribution\",\"is_correct\":\"0\"},{\"quiz_question_answer_id\":\"118\",\"quiz_question_id\":\"29\",\"title\":\"forecasted demand, increased sales expense, increased inventory costs\",\"is_correct\":\"0\"},{\"quiz_question_answer_id\":\"119\",\"quiz_question_id\":\"29\",\"title\":\"customer focus, profitability, slow learning\",\"is_correct\":\"0\"}]},{\"quiz_question_id\":\"30\",\"quiz_id\":\"2\",\"account_id\":null,\"title\":\"Marketers argue for a ________ in which all functions work together to respondto, serve, and satisfy the customer.\",\"image\":\"\",\"type\":\"radio\",\"order\":\"0\",\"created_at\":\"2020-12-24 02:38:31\",\"updated_at\":\"2020-12-24 02:38:31\",\"answers\":[{\"quiz_question_answer_id\":\"120\",\"quiz_question_id\":\"30\",\"title\":\"cross-functional team orientation\",\"is_correct\":\"0\"},{\"quiz_question_answer_id\":\"121\",\"quiz_question_id\":\"30\",\"title\":\"collaboration model\",\"is_correct\":\"0\"},{\"quiz_question_answer_id\":\"122\",\"quiz_question_id\":\"30\",\"title\":\"customer orientation\",\"is_correct\":\"1\"},{\"quiz_question_answer_id\":\"123\",\"quiz_question_id\":\"30\",\"title\":\"management-driven organization\",\"is_correct\":\"0\"},{\"quiz_question_answer_id\":\"124\",\"quiz_question_id\":\"30\",\"title\":\"total quality model\",\"is_correct\":\"0\"}]},{\"quiz_question_id\":\"31\",\"quiz_id\":\"2\",\"account_id\":null,\"title\":\"One traditional depiction of marketing activities is in terms of the marketing mixor four Ps. The four Ps are characterized as being ________.\",\"image\":\"\",\"type\":\"radio\",\"order\":\"0\",\"created_at\":\"2020-12-24 02:38:31\",\"updated_at\":\"2020-12-24 02:38:31\",\"answers\":[{\"quiz_question_answer_id\":\"125\",\"quiz_question_id\":\"31\",\"title\":\"product, positioning, place, and price\",\"is_correct\":\"0\"},{\"quiz_question_answer_id\":\"126\",\"quiz_question_id\":\"31\",\"title\":\"product, production, price, and place\",\"is_correct\":\"0\"},{\"quiz_question_answer_id\":\"127\",\"quiz_question_id\":\"31\",\"title\":\"promotion, place, positioning, and price\",\"is_correct\":\"0\"},{\"quiz_question_answer_id\":\"128\",\"quiz_question_id\":\"31\",\"title\":\"place, promotion, production, and positioning\",\"is_correct\":\"0\"},{\"quiz_question_answer_id\":\"129\",\"quiz_question_id\":\"31\",\"title\":\"product, price, promotion, and place\",\"is_correct\":\"1\"}]},{\"quiz_question_id\":\"32\",\"quiz_id\":\"2\",\"account_id\":null,\"title\":\"Marketing is not a department so much as a ________.\",\"image\":\"\",\"type\":\"radio\",\"order\":\"0\",\"created_at\":\"2020-12-24 02:38:31\",\"updated_at\":\"2020-12-24 02:38:31\",\"answers\":[{\"quiz_question_answer_id\":\"130\",\"quiz_question_id\":\"32\",\"title\":\"company orientation\",\"is_correct\":\"1\"},{\"quiz_question_answer_id\":\"131\",\"quiz_question_id\":\"32\",\"title\":\"philosophy\",\"is_correct\":\"0\"},{\"quiz_question_answer_id\":\"132\",\"quiz_question_id\":\"32\",\"title\":\"function\",\"is_correct\":\"0\"},{\"quiz_question_answer_id\":\"133\",\"quiz_question_id\":\"32\",\"title\":\"branch of management\",\"is_correct\":\"0\"},{\"quiz_question_answer_id\":\"134\",\"quiz_question_id\":\"32\",\"title\":\"branch of economics\",\"is_correct\":\"0\"}]},{\"quiz_question_id\":\"33\",\"quiz_id\":\"2\",\"account_id\":null,\"title\":\"When a customer has a(n) ________ need he\\/she wants a car whose operatingcost, not its initial price, is low.\",\"image\":\"\",\"type\":\"radio\",\"order\":\"0\",\"created_at\":\"2020-12-24 02:38:31\",\"updated_at\":\"2020-12-24 02:38:31\",\"answers\":[{\"quiz_question_answer_id\":\"135\",\"quiz_question_id\":\"33\",\"title\":\"stated\",\"is_correct\":\"0\"},{\"quiz_question_answer_id\":\"136\",\"quiz_question_id\":\"33\",\"title\":\"real\",\"is_correct\":\"1\"},{\"quiz_question_answer_id\":\"137\",\"quiz_question_id\":\"33\",\"title\":\"unstated\",\"is_correct\":\"0\"},{\"quiz_question_answer_id\":\"138\",\"quiz_question_id\":\"33\",\"title\":\"delight\",\"is_correct\":\"0\"},{\"quiz_question_answer_id\":\"139\",\"quiz_question_id\":\"33\",\"title\":\"secret\",\"is_correct\":\"0\"}]},{\"quiz_question_id\":\"34\",\"quiz_id\":\"2\",\"account_id\":null,\"title\":\"When a  customer has  a(n)  ________  need the  customer  wants  to  be seen   byfriends as a savvy consumer.\",\"image\":\"\",\"type\":\"radio\",\"order\":\"0\",\"created_at\":\"2020-12-24 02:38:31\",\"updated_at\":\"2020-12-24 02:38:31\",\"answers\":[{\"quiz_question_answer_id\":\"140\",\"quiz_question_id\":\"34\",\"title\":\"real\",\"is_correct\":\"0\"},{\"quiz_question_answer_id\":\"141\",\"quiz_question_id\":\"34\",\"title\":\"unstated\",\"is_correct\":\"0\"},{\"quiz_question_answer_id\":\"142\",\"quiz_question_id\":\"34\",\"title\":\"delight\",\"is_correct\":\"0\"},{\"quiz_question_answer_id\":\"143\",\"quiz_question_id\":\"34\",\"title\":\"secret\",\"is_correct\":\"1\"},{\"quiz_question_answer_id\":\"144\",\"quiz_question_id\":\"34\",\"title\":\"stated\",\"is_correct\":\"0\"}]},{\"quiz_question_id\":\"35\",\"quiz_id\":\"2\",\"account_id\":null,\"title\":\"________  reflects   the   perceived   tangible   and   intangible   benefits   and   costs   tocustomers.\",\"image\":\"\",\"type\":\"radio\",\"order\":\"0\",\"created_at\":\"2020-12-24 02:38:31\",\"updated_at\":\"2020-12-24 02:38:31\",\"answers\":[{\"quiz_question_answer_id\":\"145\",\"quiz_question_id\":\"35\",\"title\":\"Loyalty\",\"is_correct\":\"0\"},{\"quiz_question_answer_id\":\"146\",\"quiz_question_id\":\"35\",\"title\":\"Satisfaction\",\"is_correct\":\"0\"},{\"quiz_question_answer_id\":\"147\",\"quiz_question_id\":\"35\",\"title\":\"Value\",\"is_correct\":\"1\"},{\"quiz_question_answer_id\":\"148\",\"quiz_question_id\":\"35\",\"title\":\"Expectations\",\"is_correct\":\"0\"},{\"quiz_question_answer_id\":\"149\",\"quiz_question_id\":\"35\",\"title\":\"Comparison shopping\",\"is_correct\":\"0\"}]}]}', NULL, 15, 30, 3, 15, '2019-01-01 00:00:00', NULL);
INSERT INTO `ac_candidate_quizes` VALUES (12, 6, 1, 0, 'General Knowledge Quiz', '{\"quiz\":{\"quiz_id\":\"3\",\"quiz_category_id\":\"4\",\"account_id\":null,\"title\":\"General Knowledge Quiz\",\"description\":\"Lorem Ipsum is simply dummy text of the printing and typesetting industry. Lorem Ipsum has been the industry\'s standard dummy text ever since the 1500s, when an unknown printer took a galley of type and scrambled it to make a type specimen book. It has survived not only five centuries, but also the leap into electronic typesetting, remaining essentially unchanged.\",\"allowed_time\":\"30\",\"created_at\":\"2020-12-24 02:38:31\",\"updated_at\":\"2020-12-24 02:38:31\"},\"questions\":[{\"quiz_question_id\":\"36\",\"quiz_id\":\"3\",\"account_id\":null,\"title\":\"Entomology is the science that studies\",\"image\":\"\",\"type\":\"radio\",\"order\":\"0\",\"created_at\":\"2020-12-24 02:38:31\",\"updated_at\":\"2020-12-24 02:38:31\",\"answers\":[{\"quiz_question_answer_id\":\"150\",\"quiz_question_id\":\"36\",\"title\":\"Behavior of human beings\",\"is_correct\":\"0\"},{\"quiz_question_answer_id\":\"151\",\"quiz_question_id\":\"36\",\"title\":\"Insects\",\"is_correct\":\"1\"},{\"quiz_question_answer_id\":\"152\",\"quiz_question_id\":\"36\",\"title\":\"The origin and history of technical and scientific terms\",\"is_correct\":\"0\"},{\"quiz_question_answer_id\":\"153\",\"quiz_question_id\":\"36\",\"title\":\"The formation of rocks\",\"is_correct\":\"0\"}]},{\"quiz_question_id\":\"37\",\"quiz_id\":\"3\",\"account_id\":null,\"title\":\"For which of the following disciplines is Nobel Prize awarded?\",\"image\":\"\",\"type\":\"checkbox\",\"order\":\"0\",\"created_at\":\"2020-12-24 02:38:31\",\"updated_at\":\"2020-12-24 02:38:31\",\"answers\":[{\"quiz_question_answer_id\":\"154\",\"quiz_question_id\":\"37\",\"title\":\"Physics and Chemistry\",\"is_correct\":\"1\"},{\"quiz_question_answer_id\":\"155\",\"quiz_question_id\":\"37\",\"title\":\"Physiology or Medicine\",\"is_correct\":\"1\"},{\"quiz_question_answer_id\":\"156\",\"quiz_question_id\":\"37\",\"title\":\"Literature, Peace and Economics\",\"is_correct\":\"1\"}]},{\"quiz_question_id\":\"38\",\"quiz_id\":\"3\",\"account_id\":null,\"title\":\"Galileo was an Italian astronomer who\",\"image\":\"\",\"type\":\"radio\",\"order\":\"0\",\"created_at\":\"2020-12-24 02:38:31\",\"updated_at\":\"2020-12-24 02:38:31\",\"answers\":[{\"quiz_question_answer_id\":\"157\",\"quiz_question_id\":\"38\",\"title\":\"developed the telescope\",\"is_correct\":\"0\"},{\"quiz_question_answer_id\":\"158\",\"quiz_question_id\":\"38\",\"title\":\"discovered four satellites of Jupiter\",\"is_correct\":\"0\"},{\"quiz_question_answer_id\":\"159\",\"quiz_question_id\":\"38\",\"title\":\"discovered that the movement of pendulum produces a regular time measurement\",\"is_correct\":\"0\"},{\"quiz_question_answer_id\":\"160\",\"quiz_question_id\":\"38\",\"title\":\"All of the above\",\"is_correct\":\"1\"}]},{\"quiz_question_id\":\"39\",\"quiz_id\":\"3\",\"account_id\":null,\"title\":\"Exposure to sunlight helps a person improve his health because\",\"image\":\"\",\"type\":\"radio\",\"order\":\"0\",\"created_at\":\"2020-12-24 02:38:31\",\"updated_at\":\"2020-12-24 02:38:31\",\"answers\":[{\"quiz_question_answer_id\":\"161\",\"quiz_question_id\":\"39\",\"title\":\"the infrared light kills bacteria in the body\",\"is_correct\":\"0\"},{\"quiz_question_answer_id\":\"162\",\"quiz_question_id\":\"39\",\"title\":\"resistance power increases\",\"is_correct\":\"0\"},{\"quiz_question_answer_id\":\"163\",\"quiz_question_id\":\"39\",\"title\":\"the pigment cells in the skin get stimulated and produce a healthy tan\",\"is_correct\":\"0\"},{\"quiz_question_answer_id\":\"164\",\"quiz_question_id\":\"39\",\"title\":\"the ultraviolet rays convert skin oil into Vitamin D\",\"is_correct\":\"1\"}]},{\"quiz_question_id\":\"40\",\"quiz_id\":\"3\",\"account_id\":null,\"title\":\"For the Olympics and World Tournaments, the dimensions of basketball court are\",\"image\":\"\",\"type\":\"radio\",\"order\":\"0\",\"created_at\":\"2020-12-24 02:38:31\",\"updated_at\":\"2020-12-24 02:38:31\",\"answers\":[{\"quiz_question_answer_id\":\"165\",\"quiz_question_id\":\"40\",\"title\":\"26 m x 14 m\",\"is_correct\":\"0\"},{\"quiz_question_answer_id\":\"166\",\"quiz_question_id\":\"40\",\"title\":\"28 m x 15 m\",\"is_correct\":\"1\"},{\"quiz_question_answer_id\":\"167\",\"quiz_question_id\":\"40\",\"title\":\"27 m x 16 m\",\"is_correct\":\"0\"},{\"quiz_question_answer_id\":\"168\",\"quiz_question_id\":\"40\",\"title\":\"28 m x 16 m\",\"is_correct\":\"0\"}]},{\"quiz_question_id\":\"41\",\"quiz_id\":\"3\",\"account_id\":null,\"title\":\"Friction can be reduced by changing from\",\"image\":\"\",\"type\":\"radio\",\"order\":\"0\",\"created_at\":\"2020-12-24 02:38:31\",\"updated_at\":\"2020-12-24 02:38:31\",\"answers\":[{\"quiz_question_answer_id\":\"169\",\"quiz_question_id\":\"41\",\"title\":\"sliding to rolling\",\"is_correct\":\"1\"},{\"quiz_question_answer_id\":\"170\",\"quiz_question_id\":\"41\",\"title\":\"rolling to sliding\",\"is_correct\":\"0\"},{\"quiz_question_answer_id\":\"171\",\"quiz_question_id\":\"41\",\"title\":\"potential energy to kinetic energy\",\"is_correct\":\"0\"},{\"quiz_question_answer_id\":\"172\",\"quiz_question_id\":\"41\",\"title\":\"dynamic to static\",\"is_correct\":\"0\"}]},{\"quiz_question_id\":\"42\",\"quiz_id\":\"3\",\"account_id\":null,\"title\":\"Ecology deals with\",\"image\":\"\",\"type\":\"radio\",\"order\":\"0\",\"created_at\":\"2020-12-24 02:38:31\",\"updated_at\":\"2020-12-24 02:38:31\",\"answers\":[{\"quiz_question_answer_id\":\"173\",\"quiz_question_id\":\"42\",\"title\":\"Birds\",\"is_correct\":\"0\"},{\"quiz_question_answer_id\":\"174\",\"quiz_question_id\":\"42\",\"title\":\"Cell formation\",\"is_correct\":\"0\"},{\"quiz_question_answer_id\":\"175\",\"quiz_question_id\":\"42\",\"title\":\"Relation between organisms and their environment\",\"is_correct\":\"1\"},{\"quiz_question_answer_id\":\"176\",\"quiz_question_id\":\"42\",\"title\":\"Tissues\",\"is_correct\":\"0\"}]},{\"quiz_question_id\":\"43\",\"quiz_id\":\"3\",\"account_id\":null,\"title\":\"Durand Cup is associated with the game of\",\"image\":\"\",\"type\":\"radio\",\"order\":\"0\",\"created_at\":\"2020-12-24 02:38:31\",\"updated_at\":\"2020-12-24 02:38:31\",\"answers\":[{\"quiz_question_answer_id\":\"177\",\"quiz_question_id\":\"43\",\"title\":\"Cricket\",\"is_correct\":\"0\"},{\"quiz_question_answer_id\":\"178\",\"quiz_question_id\":\"43\",\"title\":\"Football\",\"is_correct\":\"1\"},{\"quiz_question_answer_id\":\"179\",\"quiz_question_id\":\"43\",\"title\":\"Hockey\",\"is_correct\":\"0\"},{\"quiz_question_answer_id\":\"180\",\"quiz_question_id\":\"43\",\"title\":\"Volleyball\",\"is_correct\":\"0\"}]},{\"quiz_question_id\":\"44\",\"quiz_id\":\"3\",\"account_id\":null,\"title\":\"Headquarters of UNO are situated at\",\"image\":\"\",\"type\":\"radio\",\"order\":\"0\",\"created_at\":\"2020-12-24 02:38:31\",\"updated_at\":\"2020-12-24 02:38:31\",\"answers\":[{\"quiz_question_answer_id\":\"181\",\"quiz_question_id\":\"44\",\"title\":\"New York, USA\",\"is_correct\":\"1\"},{\"quiz_question_answer_id\":\"182\",\"quiz_question_id\":\"44\",\"title\":\"Hague (Netherlands)\",\"is_correct\":\"0\"},{\"quiz_question_answer_id\":\"183\",\"quiz_question_id\":\"44\",\"title\":\"Geneva\",\"is_correct\":\"0\"},{\"quiz_question_answer_id\":\"184\",\"quiz_question_id\":\"44\",\"title\":\"Paris\",\"is_correct\":\"0\"}]},{\"quiz_question_id\":\"45\",\"quiz_id\":\"3\",\"account_id\":null,\"title\":\"First International Peace Congress was held in London in\",\"image\":\"\",\"type\":\"radio\",\"order\":\"0\",\"created_at\":\"2020-12-24 02:38:31\",\"updated_at\":\"2020-12-24 02:38:31\",\"answers\":[{\"quiz_question_answer_id\":\"185\",\"quiz_question_id\":\"45\",\"title\":\"1564 AD\",\"is_correct\":\"0\"},{\"quiz_question_answer_id\":\"186\",\"quiz_question_id\":\"45\",\"title\":\"1798 AD\",\"is_correct\":\"0\"},{\"quiz_question_answer_id\":\"187\",\"quiz_question_id\":\"45\",\"title\":\"1843 AD\",\"is_correct\":\"1\"},{\"quiz_question_answer_id\":\"188\",\"quiz_question_id\":\"45\",\"title\":\"1901 AD\",\"is_correct\":\"0\"}]},{\"quiz_question_id\":\"46\",\"quiz_id\":\"3\",\"account_id\":null,\"title\":\"For galvanizing iron which of the following metals is used?\",\"image\":\"\",\"type\":\"radio\",\"order\":\"0\",\"created_at\":\"2020-12-24 02:38:31\",\"updated_at\":\"2020-12-24 02:38:31\",\"answers\":[{\"quiz_question_answer_id\":\"189\",\"quiz_question_id\":\"46\",\"title\":\"Aluminium\",\"is_correct\":\"0\"},{\"quiz_question_answer_id\":\"190\",\"quiz_question_id\":\"46\",\"title\":\"Copper\",\"is_correct\":\"0\"},{\"quiz_question_answer_id\":\"191\",\"quiz_question_id\":\"46\",\"title\":\"Lead\",\"is_correct\":\"0\"},{\"quiz_question_answer_id\":\"192\",\"quiz_question_id\":\"46\",\"title\":\"Zinc\",\"is_correct\":\"1\"}]},{\"quiz_question_id\":\"47\",\"quiz_id\":\"3\",\"account_id\":null,\"title\":\"For purifying drinking water alum is used\",\"image\":\"\",\"type\":\"radio\",\"order\":\"0\",\"created_at\":\"2020-12-24 02:38:31\",\"updated_at\":\"2020-12-24 02:38:31\",\"answers\":[{\"quiz_question_answer_id\":\"193\",\"quiz_question_id\":\"47\",\"title\":\"for coagulation of mud particles\",\"is_correct\":\"1\"},{\"quiz_question_answer_id\":\"194\",\"quiz_question_id\":\"47\",\"title\":\"to kill bacteria\",\"is_correct\":\"0\"},{\"quiz_question_answer_id\":\"195\",\"quiz_question_id\":\"47\",\"title\":\"to remove salts\",\"is_correct\":\"0\"},{\"quiz_question_answer_id\":\"196\",\"quiz_question_id\":\"47\",\"title\":\"to remove gases\",\"is_correct\":\"0\"}]},{\"quiz_question_id\":\"48\",\"quiz_id\":\"3\",\"account_id\":null,\"title\":\"In a normal human body, the total number of red blood cells is\",\"image\":\"\",\"type\":\"radio\",\"order\":\"0\",\"created_at\":\"2020-12-24 02:38:31\",\"updated_at\":\"2020-12-24 02:38:31\",\"answers\":[{\"quiz_question_answer_id\":\"197\",\"quiz_question_id\":\"48\",\"title\":\"15 trillion\",\"is_correct\":\"0\"},{\"quiz_question_answer_id\":\"198\",\"quiz_question_id\":\"48\",\"title\":\"20 trillion\",\"is_correct\":\"0\"},{\"quiz_question_answer_id\":\"199\",\"quiz_question_id\":\"48\",\"title\":\"25 trillion\",\"is_correct\":\"0\"},{\"quiz_question_answer_id\":\"200\",\"quiz_question_id\":\"48\",\"title\":\"30 trillion\",\"is_correct\":\"1\"}]},{\"quiz_question_id\":\"49\",\"quiz_id\":\"3\",\"account_id\":null,\"title\":\"In which season do we need more fat?\",\"image\":\"\",\"type\":\"radio\",\"order\":\"0\",\"created_at\":\"2020-12-24 02:38:31\",\"updated_at\":\"2020-12-24 02:38:31\",\"answers\":[{\"quiz_question_answer_id\":\"201\",\"quiz_question_id\":\"49\",\"title\":\"Rainy season\",\"is_correct\":\"0\"},{\"quiz_question_answer_id\":\"202\",\"quiz_question_id\":\"49\",\"title\":\"Spring\",\"is_correct\":\"0\"},{\"quiz_question_answer_id\":\"203\",\"quiz_question_id\":\"49\",\"title\":\"Winter\",\"is_correct\":\"1\"},{\"quiz_question_answer_id\":\"204\",\"quiz_question_id\":\"49\",\"title\":\"Summer\",\"is_correct\":\"0\"}]},{\"quiz_question_id\":\"50\",\"quiz_id\":\"3\",\"account_id\":null,\"title\":\"How many times has Brazil won the World Cup Football Championship?\",\"image\":\"\",\"type\":\"radio\",\"order\":\"0\",\"created_at\":\"2020-12-24 02:38:31\",\"updated_at\":\"2020-12-24 02:38:31\",\"answers\":[{\"quiz_question_answer_id\":\"205\",\"quiz_question_id\":\"50\",\"title\":\"Four times\",\"is_correct\":\"0\"},{\"quiz_question_answer_id\":\"206\",\"quiz_question_id\":\"50\",\"title\":\"Twice\",\"is_correct\":\"0\"},{\"quiz_question_answer_id\":\"207\",\"quiz_question_id\":\"50\",\"title\":\"Five times\",\"is_correct\":\"1\"},{\"quiz_question_answer_id\":\"208\",\"quiz_question_id\":\"50\",\"title\":\"Once\",\"is_correct\":\"0\"}]}]}', NULL, 15, 30, 8, 15, '2019-01-01 00:00:00', NULL);
INSERT INTO `ac_candidate_quizes` VALUES (13, 7, 1, 0, 'Marketing Position Quiz', '{\"quiz\":{\"quiz_id\":\"2\",\"quiz_category_id\":\"1\",\"account_id\":null,\"title\":\"Marketing Position Quiz\",\"description\":\"Lorem Ipsum is simply dummy text of the printing and typesetting industry. Lorem Ipsum has been the industry\'s standard dummy text ever since the 1500s, when an unknown printer took a galley of type and scrambled it to make a type specimen book. It has survived not only five centuries, but also the leap into electronic typesetting, remaining essentially unchanged.\",\"allowed_time\":\"30\",\"created_at\":\"2020-12-24 02:38:31\",\"updated_at\":\"2020-12-24 02:38:31\"},\"questions\":[{\"quiz_question_id\":\"21\",\"quiz_id\":\"2\",\"account_id\":null,\"title\":\"Good marketing is no accident, but a result of careful planning and ________\",\"image\":\"\",\"type\":\"radio\",\"order\":\"0\",\"created_at\":\"2020-12-24 02:38:31\",\"updated_at\":\"2020-12-24 02:38:31\",\"answers\":[{\"quiz_question_answer_id\":\"75\",\"quiz_question_id\":\"21\",\"title\":\"execution\",\"is_correct\":\"1\"},{\"quiz_question_answer_id\":\"76\",\"quiz_question_id\":\"21\",\"title\":\"selling\",\"is_correct\":\"0\"},{\"quiz_question_answer_id\":\"77\",\"quiz_question_id\":\"21\",\"title\":\"strategies\",\"is_correct\":\"0\"},{\"quiz_question_answer_id\":\"78\",\"quiz_question_id\":\"21\",\"title\":\"tactics\",\"is_correct\":\"0\"},{\"quiz_question_answer_id\":\"79\",\"quiz_question_id\":\"21\",\"title\":\"research\",\"is_correct\":\"0\"}]},{\"quiz_question_id\":\"22\",\"quiz_id\":\"2\",\"account_id\":null,\"title\":\"The most formal definition of marketing is ________\",\"image\":\"\",\"type\":\"radio\",\"order\":\"0\",\"created_at\":\"2020-12-24 02:38:31\",\"updated_at\":\"2020-12-24 02:38:31\",\"answers\":[{\"quiz_question_answer_id\":\"80\",\"quiz_question_id\":\"22\",\"title\":\"meeting needs profitably\",\"is_correct\":\"0\"},{\"quiz_question_answer_id\":\"81\",\"quiz_question_id\":\"22\",\"title\":\"identifying and meeting human and social needs\",\"is_correct\":\"0\"},{\"quiz_question_answer_id\":\"82\",\"quiz_question_id\":\"22\",\"title\":\"the 4Ps (Product, Price, Place, Promotion)\",\"is_correct\":\"0\"},{\"quiz_question_answer_id\":\"83\",\"quiz_question_id\":\"22\",\"title\":\"an organizational function and a set of processes for creating, communicating,and delivering, value \",\"is_correct\":\"1\"},{\"quiz_question_answer_id\":\"84\",\"quiz_question_id\":\"22\",\"title\":\"improving the quality of life for consumers\",\"is_correct\":\"0\"}]},{\"quiz_question_id\":\"23\",\"quiz_id\":\"2\",\"account_id\":null,\"title\":\"________ can be produced and marketed as a product.\",\"image\":\"\",\"type\":\"radio\",\"order\":\"0\",\"created_at\":\"2020-12-24 02:38:31\",\"updated_at\":\"2020-12-24 02:38:31\",\"answers\":[{\"quiz_question_answer_id\":\"85\",\"quiz_question_id\":\"23\",\"title\":\"Information\",\"is_correct\":\"1\"},{\"quiz_question_answer_id\":\"86\",\"quiz_question_id\":\"23\",\"title\":\"Celebrities\",\"is_correct\":\"0\"},{\"quiz_question_answer_id\":\"87\",\"quiz_question_id\":\"23\",\"title\":\"Durable goods\",\"is_correct\":\"0\"},{\"quiz_question_answer_id\":\"88\",\"quiz_question_id\":\"23\",\"title\":\"Organizations\",\"is_correct\":\"0\"},{\"quiz_question_answer_id\":\"89\",\"quiz_question_id\":\"23\",\"title\":\"Properties\",\"is_correct\":\"0\"}]},{\"quiz_question_id\":\"24\",\"quiz_id\":\"2\",\"account_id\":null,\"title\":\"The   ________   promises   to   lead   to   more   accurate   levels   of   production,   moretargeted communications, and more relevant pricing.\",\"image\":\"\",\"type\":\"radio\",\"order\":\"0\",\"created_at\":\"2020-12-24 02:38:31\",\"updated_at\":\"2020-12-24 02:38:31\",\"answers\":[{\"quiz_question_answer_id\":\"90\",\"quiz_question_id\":\"24\",\"title\":\"Age of Globalization\",\"is_correct\":\"0\"},{\"quiz_question_answer_id\":\"91\",\"quiz_question_id\":\"24\",\"title\":\"Age of Deregulation\",\"is_correct\":\"0\"},{\"quiz_question_answer_id\":\"92\",\"quiz_question_id\":\"24\",\"title\":\"Industrial Age\",\"is_correct\":\"0\"},{\"quiz_question_answer_id\":\"93\",\"quiz_question_id\":\"24\",\"title\":\"Information Ag\",\"is_correct\":\"1\"},{\"quiz_question_answer_id\":\"94\",\"quiz_question_id\":\"24\",\"title\":\"Production Age\",\"is_correct\":\"0\"}]},{\"quiz_question_id\":\"25\",\"quiz_id\":\"2\",\"account_id\":null,\"title\":\"Marketers often use the term ________ to cover various groupings of customers.\",\"image\":\"\",\"type\":\"radio\",\"order\":\"0\",\"created_at\":\"2020-12-24 02:38:31\",\"updated_at\":\"2020-12-24 02:38:31\",\"answers\":[{\"quiz_question_answer_id\":\"95\",\"quiz_question_id\":\"25\",\"title\":\"people\",\"is_correct\":\"0\"},{\"quiz_question_answer_id\":\"96\",\"quiz_question_id\":\"25\",\"title\":\"buying power\",\"is_correct\":\"0\"},{\"quiz_question_answer_id\":\"97\",\"quiz_question_id\":\"25\",\"title\":\"demographic segment\",\"is_correct\":\"0\"},{\"quiz_question_answer_id\":\"98\",\"quiz_question_id\":\"25\",\"title\":\"social class position\",\"is_correct\":\"0\"},{\"quiz_question_answer_id\":\"99\",\"quiz_question_id\":\"25\",\"title\":\"market\",\"is_correct\":\"1\"}]},{\"quiz_question_id\":\"26\",\"quiz_id\":\"2\",\"account_id\":null,\"title\":\"Customers are showing greater price sensitivity in their search for ________\",\"image\":\"\",\"type\":\"radio\",\"order\":\"0\",\"created_at\":\"2020-12-24 02:38:31\",\"updated_at\":\"2020-12-24 02:38:31\",\"answers\":[{\"quiz_question_answer_id\":\"100\",\"quiz_question_id\":\"26\",\"title\":\"The right product\",\"is_correct\":\"0\"},{\"quiz_question_answer_id\":\"101\",\"quiz_question_id\":\"26\",\"title\":\"The right service\",\"is_correct\":\"0\"},{\"quiz_question_answer_id\":\"102\",\"quiz_question_id\":\"26\",\"title\":\"The right store\",\"is_correct\":\"0\"},{\"quiz_question_answer_id\":\"103\",\"quiz_question_id\":\"26\",\"title\":\"Value\",\"is_correct\":\"1\"},{\"quiz_question_answer_id\":\"104\",\"quiz_question_id\":\"26\",\"title\":\"Relationships\",\"is_correct\":\"0\"}]},{\"quiz_question_id\":\"27\",\"quiz_id\":\"2\",\"account_id\":null,\"title\":\"The ________ concept holds that consumers will favor those products that offerthe most quality, performance, or innovative features.\",\"image\":\"\",\"type\":\"radio\",\"order\":\"0\",\"created_at\":\"2020-12-24 02:38:31\",\"updated_at\":\"2020-12-24 02:38:31\",\"answers\":[{\"quiz_question_answer_id\":\"105\",\"quiz_question_id\":\"27\",\"title\":\"product\",\"is_correct\":\"1\"},{\"quiz_question_answer_id\":\"106\",\"quiz_question_id\":\"27\",\"title\":\"marketing\",\"is_correct\":\"0\"},{\"quiz_question_answer_id\":\"107\",\"quiz_question_id\":\"27\",\"title\":\"production\",\"is_correct\":\"0\"},{\"quiz_question_answer_id\":\"108\",\"quiz_question_id\":\"27\",\"title\":\"selling\",\"is_correct\":\"0\"},{\"quiz_question_answer_id\":\"109\",\"quiz_question_id\":\"27\",\"title\":\"holistic marketing\",\"is_correct\":\"0\"}]},{\"quiz_question_id\":\"28\",\"quiz_id\":\"2\",\"account_id\":null,\"title\":\"The ________ concept holds that consumers and businesses, if left alone, willordinarily not buy enough of the organization\\u2019s products.\",\"image\":\"\",\"type\":\"radio\",\"order\":\"0\",\"created_at\":\"2020-12-24 02:38:31\",\"updated_at\":\"2020-12-24 02:38:31\",\"answers\":[{\"quiz_question_answer_id\":\"110\",\"quiz_question_id\":\"28\",\"title\":\"production\",\"is_correct\":\"0\"},{\"quiz_question_answer_id\":\"111\",\"quiz_question_id\":\"28\",\"title\":\"selling\",\"is_correct\":\"1\"},{\"quiz_question_answer_id\":\"112\",\"quiz_question_id\":\"28\",\"title\":\"marketing\",\"is_correct\":\"0\"},{\"quiz_question_answer_id\":\"113\",\"quiz_question_id\":\"28\",\"title\":\"product\",\"is_correct\":\"0\"},{\"quiz_question_answer_id\":\"114\",\"quiz_question_id\":\"28\",\"title\":\"holistic marketing\",\"is_correct\":\"0\"}]},{\"quiz_question_id\":\"29\",\"quiz_id\":\"2\",\"account_id\":null,\"title\":\"In the course of converting to a marketing orientation, a company faces threehurdles\\u2014________.\",\"image\":\"\",\"type\":\"radio\",\"order\":\"0\",\"created_at\":\"2020-12-24 02:38:31\",\"updated_at\":\"2020-12-24 02:38:31\",\"answers\":[{\"quiz_question_answer_id\":\"115\",\"quiz_question_id\":\"29\",\"title\":\"organized resistance, slow learning, and fast forgetting\",\"is_correct\":\"1\"},{\"quiz_question_answer_id\":\"116\",\"quiz_question_id\":\"29\",\"title\":\"management, customer reaction, competitive response\",\"is_correct\":\"0\"},{\"quiz_question_answer_id\":\"117\",\"quiz_question_id\":\"29\",\"title\":\"decreased profits, increased R&D, additional distribution\",\"is_correct\":\"0\"},{\"quiz_question_answer_id\":\"118\",\"quiz_question_id\":\"29\",\"title\":\"forecasted demand, increased sales expense, increased inventory costs\",\"is_correct\":\"0\"},{\"quiz_question_answer_id\":\"119\",\"quiz_question_id\":\"29\",\"title\":\"customer focus, profitability, slow learning\",\"is_correct\":\"0\"}]},{\"quiz_question_id\":\"30\",\"quiz_id\":\"2\",\"account_id\":null,\"title\":\"Marketers argue for a ________ in which all functions work together to respondto, serve, and satisfy the customer.\",\"image\":\"\",\"type\":\"radio\",\"order\":\"0\",\"created_at\":\"2020-12-24 02:38:31\",\"updated_at\":\"2020-12-24 02:38:31\",\"answers\":[{\"quiz_question_answer_id\":\"120\",\"quiz_question_id\":\"30\",\"title\":\"cross-functional team orientation\",\"is_correct\":\"0\"},{\"quiz_question_answer_id\":\"121\",\"quiz_question_id\":\"30\",\"title\":\"collaboration model\",\"is_correct\":\"0\"},{\"quiz_question_answer_id\":\"122\",\"quiz_question_id\":\"30\",\"title\":\"customer orientation\",\"is_correct\":\"1\"},{\"quiz_question_answer_id\":\"123\",\"quiz_question_id\":\"30\",\"title\":\"management-driven organization\",\"is_correct\":\"0\"},{\"quiz_question_answer_id\":\"124\",\"quiz_question_id\":\"30\",\"title\":\"total quality model\",\"is_correct\":\"0\"}]},{\"quiz_question_id\":\"31\",\"quiz_id\":\"2\",\"account_id\":null,\"title\":\"One traditional depiction of marketing activities is in terms of the marketing mixor four Ps. The four Ps are characterized as being ________.\",\"image\":\"\",\"type\":\"radio\",\"order\":\"0\",\"created_at\":\"2020-12-24 02:38:31\",\"updated_at\":\"2020-12-24 02:38:31\",\"answers\":[{\"quiz_question_answer_id\":\"125\",\"quiz_question_id\":\"31\",\"title\":\"product, positioning, place, and price\",\"is_correct\":\"0\"},{\"quiz_question_answer_id\":\"126\",\"quiz_question_id\":\"31\",\"title\":\"product, production, price, and place\",\"is_correct\":\"0\"},{\"quiz_question_answer_id\":\"127\",\"quiz_question_id\":\"31\",\"title\":\"promotion, place, positioning, and price\",\"is_correct\":\"0\"},{\"quiz_question_answer_id\":\"128\",\"quiz_question_id\":\"31\",\"title\":\"place, promotion, production, and positioning\",\"is_correct\":\"0\"},{\"quiz_question_answer_id\":\"129\",\"quiz_question_id\":\"31\",\"title\":\"product, price, promotion, and place\",\"is_correct\":\"1\"}]},{\"quiz_question_id\":\"32\",\"quiz_id\":\"2\",\"account_id\":null,\"title\":\"Marketing is not a department so much as a ________.\",\"image\":\"\",\"type\":\"radio\",\"order\":\"0\",\"created_at\":\"2020-12-24 02:38:31\",\"updated_at\":\"2020-12-24 02:38:31\",\"answers\":[{\"quiz_question_answer_id\":\"130\",\"quiz_question_id\":\"32\",\"title\":\"company orientation\",\"is_correct\":\"1\"},{\"quiz_question_answer_id\":\"131\",\"quiz_question_id\":\"32\",\"title\":\"philosophy\",\"is_correct\":\"0\"},{\"quiz_question_answer_id\":\"132\",\"quiz_question_id\":\"32\",\"title\":\"function\",\"is_correct\":\"0\"},{\"quiz_question_answer_id\":\"133\",\"quiz_question_id\":\"32\",\"title\":\"branch of management\",\"is_correct\":\"0\"},{\"quiz_question_answer_id\":\"134\",\"quiz_question_id\":\"32\",\"title\":\"branch of economics\",\"is_correct\":\"0\"}]},{\"quiz_question_id\":\"33\",\"quiz_id\":\"2\",\"account_id\":null,\"title\":\"When a customer has a(n) ________ need he\\/she wants a car whose operatingcost, not its initial price, is low.\",\"image\":\"\",\"type\":\"radio\",\"order\":\"0\",\"created_at\":\"2020-12-24 02:38:31\",\"updated_at\":\"2020-12-24 02:38:31\",\"answers\":[{\"quiz_question_answer_id\":\"135\",\"quiz_question_id\":\"33\",\"title\":\"stated\",\"is_correct\":\"0\"},{\"quiz_question_answer_id\":\"136\",\"quiz_question_id\":\"33\",\"title\":\"real\",\"is_correct\":\"1\"},{\"quiz_question_answer_id\":\"137\",\"quiz_question_id\":\"33\",\"title\":\"unstated\",\"is_correct\":\"0\"},{\"quiz_question_answer_id\":\"138\",\"quiz_question_id\":\"33\",\"title\":\"delight\",\"is_correct\":\"0\"},{\"quiz_question_answer_id\":\"139\",\"quiz_question_id\":\"33\",\"title\":\"secret\",\"is_correct\":\"0\"}]},{\"quiz_question_id\":\"34\",\"quiz_id\":\"2\",\"account_id\":null,\"title\":\"When a  customer has  a(n)  ________  need the  customer  wants  to  be seen   byfriends as a savvy consumer.\",\"image\":\"\",\"type\":\"radio\",\"order\":\"0\",\"created_at\":\"2020-12-24 02:38:31\",\"updated_at\":\"2020-12-24 02:38:31\",\"answers\":[{\"quiz_question_answer_id\":\"140\",\"quiz_question_id\":\"34\",\"title\":\"real\",\"is_correct\":\"0\"},{\"quiz_question_answer_id\":\"141\",\"quiz_question_id\":\"34\",\"title\":\"unstated\",\"is_correct\":\"0\"},{\"quiz_question_answer_id\":\"142\",\"quiz_question_id\":\"34\",\"title\":\"delight\",\"is_correct\":\"0\"},{\"quiz_question_answer_id\":\"143\",\"quiz_question_id\":\"34\",\"title\":\"secret\",\"is_correct\":\"1\"},{\"quiz_question_answer_id\":\"144\",\"quiz_question_id\":\"34\",\"title\":\"stated\",\"is_correct\":\"0\"}]},{\"quiz_question_id\":\"35\",\"quiz_id\":\"2\",\"account_id\":null,\"title\":\"________  reflects   the   perceived   tangible   and   intangible   benefits   and   costs   tocustomers.\",\"image\":\"\",\"type\":\"radio\",\"order\":\"0\",\"created_at\":\"2020-12-24 02:38:31\",\"updated_at\":\"2020-12-24 02:38:31\",\"answers\":[{\"quiz_question_answer_id\":\"145\",\"quiz_question_id\":\"35\",\"title\":\"Loyalty\",\"is_correct\":\"0\"},{\"quiz_question_answer_id\":\"146\",\"quiz_question_id\":\"35\",\"title\":\"Satisfaction\",\"is_correct\":\"0\"},{\"quiz_question_answer_id\":\"147\",\"quiz_question_id\":\"35\",\"title\":\"Value\",\"is_correct\":\"1\"},{\"quiz_question_answer_id\":\"148\",\"quiz_question_id\":\"35\",\"title\":\"Expectations\",\"is_correct\":\"0\"},{\"quiz_question_answer_id\":\"149\",\"quiz_question_id\":\"35\",\"title\":\"Comparison shopping\",\"is_correct\":\"0\"}]}]}', NULL, 15, 30, 1, 15, '2019-01-01 00:00:00', NULL);
INSERT INTO `ac_candidate_quizes` VALUES (14, 7, 1, 0, 'General Knowledge Quiz', '{\"quiz\":{\"quiz_id\":\"3\",\"quiz_category_id\":\"4\",\"account_id\":null,\"title\":\"General Knowledge Quiz\",\"description\":\"Lorem Ipsum is simply dummy text of the printing and typesetting industry. Lorem Ipsum has been the industry\'s standard dummy text ever since the 1500s, when an unknown printer took a galley of type and scrambled it to make a type specimen book. It has survived not only five centuries, but also the leap into electronic typesetting, remaining essentially unchanged.\",\"allowed_time\":\"30\",\"created_at\":\"2020-12-24 02:38:31\",\"updated_at\":\"2020-12-24 02:38:31\"},\"questions\":[{\"quiz_question_id\":\"36\",\"quiz_id\":\"3\",\"account_id\":null,\"title\":\"Entomology is the science that studies\",\"image\":\"\",\"type\":\"radio\",\"order\":\"0\",\"created_at\":\"2020-12-24 02:38:31\",\"updated_at\":\"2020-12-24 02:38:31\",\"answers\":[{\"quiz_question_answer_id\":\"150\",\"quiz_question_id\":\"36\",\"title\":\"Behavior of human beings\",\"is_correct\":\"0\"},{\"quiz_question_answer_id\":\"151\",\"quiz_question_id\":\"36\",\"title\":\"Insects\",\"is_correct\":\"1\"},{\"quiz_question_answer_id\":\"152\",\"quiz_question_id\":\"36\",\"title\":\"The origin and history of technical and scientific terms\",\"is_correct\":\"0\"},{\"quiz_question_answer_id\":\"153\",\"quiz_question_id\":\"36\",\"title\":\"The formation of rocks\",\"is_correct\":\"0\"}]},{\"quiz_question_id\":\"37\",\"quiz_id\":\"3\",\"account_id\":null,\"title\":\"For which of the following disciplines is Nobel Prize awarded?\",\"image\":\"\",\"type\":\"checkbox\",\"order\":\"0\",\"created_at\":\"2020-12-24 02:38:31\",\"updated_at\":\"2020-12-24 02:38:31\",\"answers\":[{\"quiz_question_answer_id\":\"154\",\"quiz_question_id\":\"37\",\"title\":\"Physics and Chemistry\",\"is_correct\":\"1\"},{\"quiz_question_answer_id\":\"155\",\"quiz_question_id\":\"37\",\"title\":\"Physiology or Medicine\",\"is_correct\":\"1\"},{\"quiz_question_answer_id\":\"156\",\"quiz_question_id\":\"37\",\"title\":\"Literature, Peace and Economics\",\"is_correct\":\"1\"}]},{\"quiz_question_id\":\"38\",\"quiz_id\":\"3\",\"account_id\":null,\"title\":\"Galileo was an Italian astronomer who\",\"image\":\"\",\"type\":\"radio\",\"order\":\"0\",\"created_at\":\"2020-12-24 02:38:31\",\"updated_at\":\"2020-12-24 02:38:31\",\"answers\":[{\"quiz_question_answer_id\":\"157\",\"quiz_question_id\":\"38\",\"title\":\"developed the telescope\",\"is_correct\":\"0\"},{\"quiz_question_answer_id\":\"158\",\"quiz_question_id\":\"38\",\"title\":\"discovered four satellites of Jupiter\",\"is_correct\":\"0\"},{\"quiz_question_answer_id\":\"159\",\"quiz_question_id\":\"38\",\"title\":\"discovered that the movement of pendulum produces a regular time measurement\",\"is_correct\":\"0\"},{\"quiz_question_answer_id\":\"160\",\"quiz_question_id\":\"38\",\"title\":\"All of the above\",\"is_correct\":\"1\"}]},{\"quiz_question_id\":\"39\",\"quiz_id\":\"3\",\"account_id\":null,\"title\":\"Exposure to sunlight helps a person improve his health because\",\"image\":\"\",\"type\":\"radio\",\"order\":\"0\",\"created_at\":\"2020-12-24 02:38:31\",\"updated_at\":\"2020-12-24 02:38:31\",\"answers\":[{\"quiz_question_answer_id\":\"161\",\"quiz_question_id\":\"39\",\"title\":\"the infrared light kills bacteria in the body\",\"is_correct\":\"0\"},{\"quiz_question_answer_id\":\"162\",\"quiz_question_id\":\"39\",\"title\":\"resistance power increases\",\"is_correct\":\"0\"},{\"quiz_question_answer_id\":\"163\",\"quiz_question_id\":\"39\",\"title\":\"the pigment cells in the skin get stimulated and produce a healthy tan\",\"is_correct\":\"0\"},{\"quiz_question_answer_id\":\"164\",\"quiz_question_id\":\"39\",\"title\":\"the ultraviolet rays convert skin oil into Vitamin D\",\"is_correct\":\"1\"}]},{\"quiz_question_id\":\"40\",\"quiz_id\":\"3\",\"account_id\":null,\"title\":\"For the Olympics and World Tournaments, the dimensions of basketball court are\",\"image\":\"\",\"type\":\"radio\",\"order\":\"0\",\"created_at\":\"2020-12-24 02:38:31\",\"updated_at\":\"2020-12-24 02:38:31\",\"answers\":[{\"quiz_question_answer_id\":\"165\",\"quiz_question_id\":\"40\",\"title\":\"26 m x 14 m\",\"is_correct\":\"0\"},{\"quiz_question_answer_id\":\"166\",\"quiz_question_id\":\"40\",\"title\":\"28 m x 15 m\",\"is_correct\":\"1\"},{\"quiz_question_answer_id\":\"167\",\"quiz_question_id\":\"40\",\"title\":\"27 m x 16 m\",\"is_correct\":\"0\"},{\"quiz_question_answer_id\":\"168\",\"quiz_question_id\":\"40\",\"title\":\"28 m x 16 m\",\"is_correct\":\"0\"}]},{\"quiz_question_id\":\"41\",\"quiz_id\":\"3\",\"account_id\":null,\"title\":\"Friction can be reduced by changing from\",\"image\":\"\",\"type\":\"radio\",\"order\":\"0\",\"created_at\":\"2020-12-24 02:38:31\",\"updated_at\":\"2020-12-24 02:38:31\",\"answers\":[{\"quiz_question_answer_id\":\"169\",\"quiz_question_id\":\"41\",\"title\":\"sliding to rolling\",\"is_correct\":\"1\"},{\"quiz_question_answer_id\":\"170\",\"quiz_question_id\":\"41\",\"title\":\"rolling to sliding\",\"is_correct\":\"0\"},{\"quiz_question_answer_id\":\"171\",\"quiz_question_id\":\"41\",\"title\":\"potential energy to kinetic energy\",\"is_correct\":\"0\"},{\"quiz_question_answer_id\":\"172\",\"quiz_question_id\":\"41\",\"title\":\"dynamic to static\",\"is_correct\":\"0\"}]},{\"quiz_question_id\":\"42\",\"quiz_id\":\"3\",\"account_id\":null,\"title\":\"Ecology deals with\",\"image\":\"\",\"type\":\"radio\",\"order\":\"0\",\"created_at\":\"2020-12-24 02:38:31\",\"updated_at\":\"2020-12-24 02:38:31\",\"answers\":[{\"quiz_question_answer_id\":\"173\",\"quiz_question_id\":\"42\",\"title\":\"Birds\",\"is_correct\":\"0\"},{\"quiz_question_answer_id\":\"174\",\"quiz_question_id\":\"42\",\"title\":\"Cell formation\",\"is_correct\":\"0\"},{\"quiz_question_answer_id\":\"175\",\"quiz_question_id\":\"42\",\"title\":\"Relation between organisms and their environment\",\"is_correct\":\"1\"},{\"quiz_question_answer_id\":\"176\",\"quiz_question_id\":\"42\",\"title\":\"Tissues\",\"is_correct\":\"0\"}]},{\"quiz_question_id\":\"43\",\"quiz_id\":\"3\",\"account_id\":null,\"title\":\"Durand Cup is associated with the game of\",\"image\":\"\",\"type\":\"radio\",\"order\":\"0\",\"created_at\":\"2020-12-24 02:38:31\",\"updated_at\":\"2020-12-24 02:38:31\",\"answers\":[{\"quiz_question_answer_id\":\"177\",\"quiz_question_id\":\"43\",\"title\":\"Cricket\",\"is_correct\":\"0\"},{\"quiz_question_answer_id\":\"178\",\"quiz_question_id\":\"43\",\"title\":\"Football\",\"is_correct\":\"1\"},{\"quiz_question_answer_id\":\"179\",\"quiz_question_id\":\"43\",\"title\":\"Hockey\",\"is_correct\":\"0\"},{\"quiz_question_answer_id\":\"180\",\"quiz_question_id\":\"43\",\"title\":\"Volleyball\",\"is_correct\":\"0\"}]},{\"quiz_question_id\":\"44\",\"quiz_id\":\"3\",\"account_id\":null,\"title\":\"Headquarters of UNO are situated at\",\"image\":\"\",\"type\":\"radio\",\"order\":\"0\",\"created_at\":\"2020-12-24 02:38:31\",\"updated_at\":\"2020-12-24 02:38:31\",\"answers\":[{\"quiz_question_answer_id\":\"181\",\"quiz_question_id\":\"44\",\"title\":\"New York, USA\",\"is_correct\":\"1\"},{\"quiz_question_answer_id\":\"182\",\"quiz_question_id\":\"44\",\"title\":\"Hague (Netherlands)\",\"is_correct\":\"0\"},{\"quiz_question_answer_id\":\"183\",\"quiz_question_id\":\"44\",\"title\":\"Geneva\",\"is_correct\":\"0\"},{\"quiz_question_answer_id\":\"184\",\"quiz_question_id\":\"44\",\"title\":\"Paris\",\"is_correct\":\"0\"}]},{\"quiz_question_id\":\"45\",\"quiz_id\":\"3\",\"account_id\":null,\"title\":\"First International Peace Congress was held in London in\",\"image\":\"\",\"type\":\"radio\",\"order\":\"0\",\"created_at\":\"2020-12-24 02:38:31\",\"updated_at\":\"2020-12-24 02:38:31\",\"answers\":[{\"quiz_question_answer_id\":\"185\",\"quiz_question_id\":\"45\",\"title\":\"1564 AD\",\"is_correct\":\"0\"},{\"quiz_question_answer_id\":\"186\",\"quiz_question_id\":\"45\",\"title\":\"1798 AD\",\"is_correct\":\"0\"},{\"quiz_question_answer_id\":\"187\",\"quiz_question_id\":\"45\",\"title\":\"1843 AD\",\"is_correct\":\"1\"},{\"quiz_question_answer_id\":\"188\",\"quiz_question_id\":\"45\",\"title\":\"1901 AD\",\"is_correct\":\"0\"}]},{\"quiz_question_id\":\"46\",\"quiz_id\":\"3\",\"account_id\":null,\"title\":\"For galvanizing iron which of the following metals is used?\",\"image\":\"\",\"type\":\"radio\",\"order\":\"0\",\"created_at\":\"2020-12-24 02:38:31\",\"updated_at\":\"2020-12-24 02:38:31\",\"answers\":[{\"quiz_question_answer_id\":\"189\",\"quiz_question_id\":\"46\",\"title\":\"Aluminium\",\"is_correct\":\"0\"},{\"quiz_question_answer_id\":\"190\",\"quiz_question_id\":\"46\",\"title\":\"Copper\",\"is_correct\":\"0\"},{\"quiz_question_answer_id\":\"191\",\"quiz_question_id\":\"46\",\"title\":\"Lead\",\"is_correct\":\"0\"},{\"quiz_question_answer_id\":\"192\",\"quiz_question_id\":\"46\",\"title\":\"Zinc\",\"is_correct\":\"1\"}]},{\"quiz_question_id\":\"47\",\"quiz_id\":\"3\",\"account_id\":null,\"title\":\"For purifying drinking water alum is used\",\"image\":\"\",\"type\":\"radio\",\"order\":\"0\",\"created_at\":\"2020-12-24 02:38:31\",\"updated_at\":\"2020-12-24 02:38:31\",\"answers\":[{\"quiz_question_answer_id\":\"193\",\"quiz_question_id\":\"47\",\"title\":\"for coagulation of mud particles\",\"is_correct\":\"1\"},{\"quiz_question_answer_id\":\"194\",\"quiz_question_id\":\"47\",\"title\":\"to kill bacteria\",\"is_correct\":\"0\"},{\"quiz_question_answer_id\":\"195\",\"quiz_question_id\":\"47\",\"title\":\"to remove salts\",\"is_correct\":\"0\"},{\"quiz_question_answer_id\":\"196\",\"quiz_question_id\":\"47\",\"title\":\"to remove gases\",\"is_correct\":\"0\"}]},{\"quiz_question_id\":\"48\",\"quiz_id\":\"3\",\"account_id\":null,\"title\":\"In a normal human body, the total number of red blood cells is\",\"image\":\"\",\"type\":\"radio\",\"order\":\"0\",\"created_at\":\"2020-12-24 02:38:31\",\"updated_at\":\"2020-12-24 02:38:31\",\"answers\":[{\"quiz_question_answer_id\":\"197\",\"quiz_question_id\":\"48\",\"title\":\"15 trillion\",\"is_correct\":\"0\"},{\"quiz_question_answer_id\":\"198\",\"quiz_question_id\":\"48\",\"title\":\"20 trillion\",\"is_correct\":\"0\"},{\"quiz_question_answer_id\":\"199\",\"quiz_question_id\":\"48\",\"title\":\"25 trillion\",\"is_correct\":\"0\"},{\"quiz_question_answer_id\":\"200\",\"quiz_question_id\":\"48\",\"title\":\"30 trillion\",\"is_correct\":\"1\"}]},{\"quiz_question_id\":\"49\",\"quiz_id\":\"3\",\"account_id\":null,\"title\":\"In which season do we need more fat?\",\"image\":\"\",\"type\":\"radio\",\"order\":\"0\",\"created_at\":\"2020-12-24 02:38:31\",\"updated_at\":\"2020-12-24 02:38:31\",\"answers\":[{\"quiz_question_answer_id\":\"201\",\"quiz_question_id\":\"49\",\"title\":\"Rainy season\",\"is_correct\":\"0\"},{\"quiz_question_answer_id\":\"202\",\"quiz_question_id\":\"49\",\"title\":\"Spring\",\"is_correct\":\"0\"},{\"quiz_question_answer_id\":\"203\",\"quiz_question_id\":\"49\",\"title\":\"Winter\",\"is_correct\":\"1\"},{\"quiz_question_answer_id\":\"204\",\"quiz_question_id\":\"49\",\"title\":\"Summer\",\"is_correct\":\"0\"}]},{\"quiz_question_id\":\"50\",\"quiz_id\":\"3\",\"account_id\":null,\"title\":\"How many times has Brazil won the World Cup Football Championship?\",\"image\":\"\",\"type\":\"radio\",\"order\":\"0\",\"created_at\":\"2020-12-24 02:38:31\",\"updated_at\":\"2020-12-24 02:38:31\",\"answers\":[{\"quiz_question_answer_id\":\"205\",\"quiz_question_id\":\"50\",\"title\":\"Four times\",\"is_correct\":\"0\"},{\"quiz_question_answer_id\":\"206\",\"quiz_question_id\":\"50\",\"title\":\"Twice\",\"is_correct\":\"0\"},{\"quiz_question_answer_id\":\"207\",\"quiz_question_id\":\"50\",\"title\":\"Five times\",\"is_correct\":\"1\"},{\"quiz_question_answer_id\":\"208\",\"quiz_question_id\":\"50\",\"title\":\"Once\",\"is_correct\":\"0\"}]}]}', NULL, 15, 30, 3, 15, '2019-01-01 00:00:00', NULL);
INSERT INTO `ac_candidate_quizes` VALUES (15, 8, 1, 0, 'Marketing Position Quiz', '{\"quiz\":{\"quiz_id\":\"2\",\"quiz_category_id\":\"1\",\"account_id\":null,\"title\":\"Marketing Position Quiz\",\"description\":\"Lorem Ipsum is simply dummy text of the printing and typesetting industry. Lorem Ipsum has been the industry\'s standard dummy text ever since the 1500s, when an unknown printer took a galley of type and scrambled it to make a type specimen book. It has survived not only five centuries, but also the leap into electronic typesetting, remaining essentially unchanged.\",\"allowed_time\":\"30\",\"created_at\":\"2020-12-24 02:38:31\",\"updated_at\":\"2020-12-24 02:38:31\"},\"questions\":[{\"quiz_question_id\":\"21\",\"quiz_id\":\"2\",\"account_id\":null,\"title\":\"Good marketing is no accident, but a result of careful planning and ________\",\"image\":\"\",\"type\":\"radio\",\"order\":\"0\",\"created_at\":\"2020-12-24 02:38:31\",\"updated_at\":\"2020-12-24 02:38:31\",\"answers\":[{\"quiz_question_answer_id\":\"75\",\"quiz_question_id\":\"21\",\"title\":\"execution\",\"is_correct\":\"1\"},{\"quiz_question_answer_id\":\"76\",\"quiz_question_id\":\"21\",\"title\":\"selling\",\"is_correct\":\"0\"},{\"quiz_question_answer_id\":\"77\",\"quiz_question_id\":\"21\",\"title\":\"strategies\",\"is_correct\":\"0\"},{\"quiz_question_answer_id\":\"78\",\"quiz_question_id\":\"21\",\"title\":\"tactics\",\"is_correct\":\"0\"},{\"quiz_question_answer_id\":\"79\",\"quiz_question_id\":\"21\",\"title\":\"research\",\"is_correct\":\"0\"}]},{\"quiz_question_id\":\"22\",\"quiz_id\":\"2\",\"account_id\":null,\"title\":\"The most formal definition of marketing is ________\",\"image\":\"\",\"type\":\"radio\",\"order\":\"0\",\"created_at\":\"2020-12-24 02:38:31\",\"updated_at\":\"2020-12-24 02:38:31\",\"answers\":[{\"quiz_question_answer_id\":\"80\",\"quiz_question_id\":\"22\",\"title\":\"meeting needs profitably\",\"is_correct\":\"0\"},{\"quiz_question_answer_id\":\"81\",\"quiz_question_id\":\"22\",\"title\":\"identifying and meeting human and social needs\",\"is_correct\":\"0\"},{\"quiz_question_answer_id\":\"82\",\"quiz_question_id\":\"22\",\"title\":\"the 4Ps (Product, Price, Place, Promotion)\",\"is_correct\":\"0\"},{\"quiz_question_answer_id\":\"83\",\"quiz_question_id\":\"22\",\"title\":\"an organizational function and a set of processes for creating, communicating,and delivering, value \",\"is_correct\":\"1\"},{\"quiz_question_answer_id\":\"84\",\"quiz_question_id\":\"22\",\"title\":\"improving the quality of life for consumers\",\"is_correct\":\"0\"}]},{\"quiz_question_id\":\"23\",\"quiz_id\":\"2\",\"account_id\":null,\"title\":\"________ can be produced and marketed as a product.\",\"image\":\"\",\"type\":\"radio\",\"order\":\"0\",\"created_at\":\"2020-12-24 02:38:31\",\"updated_at\":\"2020-12-24 02:38:31\",\"answers\":[{\"quiz_question_answer_id\":\"85\",\"quiz_question_id\":\"23\",\"title\":\"Information\",\"is_correct\":\"1\"},{\"quiz_question_answer_id\":\"86\",\"quiz_question_id\":\"23\",\"title\":\"Celebrities\",\"is_correct\":\"0\"},{\"quiz_question_answer_id\":\"87\",\"quiz_question_id\":\"23\",\"title\":\"Durable goods\",\"is_correct\":\"0\"},{\"quiz_question_answer_id\":\"88\",\"quiz_question_id\":\"23\",\"title\":\"Organizations\",\"is_correct\":\"0\"},{\"quiz_question_answer_id\":\"89\",\"quiz_question_id\":\"23\",\"title\":\"Properties\",\"is_correct\":\"0\"}]},{\"quiz_question_id\":\"24\",\"quiz_id\":\"2\",\"account_id\":null,\"title\":\"The   ________   promises   to   lead   to   more   accurate   levels   of   production,   moretargeted communications, and more relevant pricing.\",\"image\":\"\",\"type\":\"radio\",\"order\":\"0\",\"created_at\":\"2020-12-24 02:38:31\",\"updated_at\":\"2020-12-24 02:38:31\",\"answers\":[{\"quiz_question_answer_id\":\"90\",\"quiz_question_id\":\"24\",\"title\":\"Age of Globalization\",\"is_correct\":\"0\"},{\"quiz_question_answer_id\":\"91\",\"quiz_question_id\":\"24\",\"title\":\"Age of Deregulation\",\"is_correct\":\"0\"},{\"quiz_question_answer_id\":\"92\",\"quiz_question_id\":\"24\",\"title\":\"Industrial Age\",\"is_correct\":\"0\"},{\"quiz_question_answer_id\":\"93\",\"quiz_question_id\":\"24\",\"title\":\"Information Ag\",\"is_correct\":\"1\"},{\"quiz_question_answer_id\":\"94\",\"quiz_question_id\":\"24\",\"title\":\"Production Age\",\"is_correct\":\"0\"}]},{\"quiz_question_id\":\"25\",\"quiz_id\":\"2\",\"account_id\":null,\"title\":\"Marketers often use the term ________ to cover various groupings of customers.\",\"image\":\"\",\"type\":\"radio\",\"order\":\"0\",\"created_at\":\"2020-12-24 02:38:31\",\"updated_at\":\"2020-12-24 02:38:31\",\"answers\":[{\"quiz_question_answer_id\":\"95\",\"quiz_question_id\":\"25\",\"title\":\"people\",\"is_correct\":\"0\"},{\"quiz_question_answer_id\":\"96\",\"quiz_question_id\":\"25\",\"title\":\"buying power\",\"is_correct\":\"0\"},{\"quiz_question_answer_id\":\"97\",\"quiz_question_id\":\"25\",\"title\":\"demographic segment\",\"is_correct\":\"0\"},{\"quiz_question_answer_id\":\"98\",\"quiz_question_id\":\"25\",\"title\":\"social class position\",\"is_correct\":\"0\"},{\"quiz_question_answer_id\":\"99\",\"quiz_question_id\":\"25\",\"title\":\"market\",\"is_correct\":\"1\"}]},{\"quiz_question_id\":\"26\",\"quiz_id\":\"2\",\"account_id\":null,\"title\":\"Customers are showing greater price sensitivity in their search for ________\",\"image\":\"\",\"type\":\"radio\",\"order\":\"0\",\"created_at\":\"2020-12-24 02:38:31\",\"updated_at\":\"2020-12-24 02:38:31\",\"answers\":[{\"quiz_question_answer_id\":\"100\",\"quiz_question_id\":\"26\",\"title\":\"The right product\",\"is_correct\":\"0\"},{\"quiz_question_answer_id\":\"101\",\"quiz_question_id\":\"26\",\"title\":\"The right service\",\"is_correct\":\"0\"},{\"quiz_question_answer_id\":\"102\",\"quiz_question_id\":\"26\",\"title\":\"The right store\",\"is_correct\":\"0\"},{\"quiz_question_answer_id\":\"103\",\"quiz_question_id\":\"26\",\"title\":\"Value\",\"is_correct\":\"1\"},{\"quiz_question_answer_id\":\"104\",\"quiz_question_id\":\"26\",\"title\":\"Relationships\",\"is_correct\":\"0\"}]},{\"quiz_question_id\":\"27\",\"quiz_id\":\"2\",\"account_id\":null,\"title\":\"The ________ concept holds that consumers will favor those products that offerthe most quality, performance, or innovative features.\",\"image\":\"\",\"type\":\"radio\",\"order\":\"0\",\"created_at\":\"2020-12-24 02:38:31\",\"updated_at\":\"2020-12-24 02:38:31\",\"answers\":[{\"quiz_question_answer_id\":\"105\",\"quiz_question_id\":\"27\",\"title\":\"product\",\"is_correct\":\"1\"},{\"quiz_question_answer_id\":\"106\",\"quiz_question_id\":\"27\",\"title\":\"marketing\",\"is_correct\":\"0\"},{\"quiz_question_answer_id\":\"107\",\"quiz_question_id\":\"27\",\"title\":\"production\",\"is_correct\":\"0\"},{\"quiz_question_answer_id\":\"108\",\"quiz_question_id\":\"27\",\"title\":\"selling\",\"is_correct\":\"0\"},{\"quiz_question_answer_id\":\"109\",\"quiz_question_id\":\"27\",\"title\":\"holistic marketing\",\"is_correct\":\"0\"}]},{\"quiz_question_id\":\"28\",\"quiz_id\":\"2\",\"account_id\":null,\"title\":\"The ________ concept holds that consumers and businesses, if left alone, willordinarily not buy enough of the organization\\u2019s products.\",\"image\":\"\",\"type\":\"radio\",\"order\":\"0\",\"created_at\":\"2020-12-24 02:38:31\",\"updated_at\":\"2020-12-24 02:38:31\",\"answers\":[{\"quiz_question_answer_id\":\"110\",\"quiz_question_id\":\"28\",\"title\":\"production\",\"is_correct\":\"0\"},{\"quiz_question_answer_id\":\"111\",\"quiz_question_id\":\"28\",\"title\":\"selling\",\"is_correct\":\"1\"},{\"quiz_question_answer_id\":\"112\",\"quiz_question_id\":\"28\",\"title\":\"marketing\",\"is_correct\":\"0\"},{\"quiz_question_answer_id\":\"113\",\"quiz_question_id\":\"28\",\"title\":\"product\",\"is_correct\":\"0\"},{\"quiz_question_answer_id\":\"114\",\"quiz_question_id\":\"28\",\"title\":\"holistic marketing\",\"is_correct\":\"0\"}]},{\"quiz_question_id\":\"29\",\"quiz_id\":\"2\",\"account_id\":null,\"title\":\"In the course of converting to a marketing orientation, a company faces threehurdles\\u2014________.\",\"image\":\"\",\"type\":\"radio\",\"order\":\"0\",\"created_at\":\"2020-12-24 02:38:31\",\"updated_at\":\"2020-12-24 02:38:31\",\"answers\":[{\"quiz_question_answer_id\":\"115\",\"quiz_question_id\":\"29\",\"title\":\"organized resistance, slow learning, and fast forgetting\",\"is_correct\":\"1\"},{\"quiz_question_answer_id\":\"116\",\"quiz_question_id\":\"29\",\"title\":\"management, customer reaction, competitive response\",\"is_correct\":\"0\"},{\"quiz_question_answer_id\":\"117\",\"quiz_question_id\":\"29\",\"title\":\"decreased profits, increased R&D, additional distribution\",\"is_correct\":\"0\"},{\"quiz_question_answer_id\":\"118\",\"quiz_question_id\":\"29\",\"title\":\"forecasted demand, increased sales expense, increased inventory costs\",\"is_correct\":\"0\"},{\"quiz_question_answer_id\":\"119\",\"quiz_question_id\":\"29\",\"title\":\"customer focus, profitability, slow learning\",\"is_correct\":\"0\"}]},{\"quiz_question_id\":\"30\",\"quiz_id\":\"2\",\"account_id\":null,\"title\":\"Marketers argue for a ________ in which all functions work together to respondto, serve, and satisfy the customer.\",\"image\":\"\",\"type\":\"radio\",\"order\":\"0\",\"created_at\":\"2020-12-24 02:38:31\",\"updated_at\":\"2020-12-24 02:38:31\",\"answers\":[{\"quiz_question_answer_id\":\"120\",\"quiz_question_id\":\"30\",\"title\":\"cross-functional team orientation\",\"is_correct\":\"0\"},{\"quiz_question_answer_id\":\"121\",\"quiz_question_id\":\"30\",\"title\":\"collaboration model\",\"is_correct\":\"0\"},{\"quiz_question_answer_id\":\"122\",\"quiz_question_id\":\"30\",\"title\":\"customer orientation\",\"is_correct\":\"1\"},{\"quiz_question_answer_id\":\"123\",\"quiz_question_id\":\"30\",\"title\":\"management-driven organization\",\"is_correct\":\"0\"},{\"quiz_question_answer_id\":\"124\",\"quiz_question_id\":\"30\",\"title\":\"total quality model\",\"is_correct\":\"0\"}]},{\"quiz_question_id\":\"31\",\"quiz_id\":\"2\",\"account_id\":null,\"title\":\"One traditional depiction of marketing activities is in terms of the marketing mixor four Ps. The four Ps are characterized as being ________.\",\"image\":\"\",\"type\":\"radio\",\"order\":\"0\",\"created_at\":\"2020-12-24 02:38:31\",\"updated_at\":\"2020-12-24 02:38:31\",\"answers\":[{\"quiz_question_answer_id\":\"125\",\"quiz_question_id\":\"31\",\"title\":\"product, positioning, place, and price\",\"is_correct\":\"0\"},{\"quiz_question_answer_id\":\"126\",\"quiz_question_id\":\"31\",\"title\":\"product, production, price, and place\",\"is_correct\":\"0\"},{\"quiz_question_answer_id\":\"127\",\"quiz_question_id\":\"31\",\"title\":\"promotion, place, positioning, and price\",\"is_correct\":\"0\"},{\"quiz_question_answer_id\":\"128\",\"quiz_question_id\":\"31\",\"title\":\"place, promotion, production, and positioning\",\"is_correct\":\"0\"},{\"quiz_question_answer_id\":\"129\",\"quiz_question_id\":\"31\",\"title\":\"product, price, promotion, and place\",\"is_correct\":\"1\"}]},{\"quiz_question_id\":\"32\",\"quiz_id\":\"2\",\"account_id\":null,\"title\":\"Marketing is not a department so much as a ________.\",\"image\":\"\",\"type\":\"radio\",\"order\":\"0\",\"created_at\":\"2020-12-24 02:38:31\",\"updated_at\":\"2020-12-24 02:38:31\",\"answers\":[{\"quiz_question_answer_id\":\"130\",\"quiz_question_id\":\"32\",\"title\":\"company orientation\",\"is_correct\":\"1\"},{\"quiz_question_answer_id\":\"131\",\"quiz_question_id\":\"32\",\"title\":\"philosophy\",\"is_correct\":\"0\"},{\"quiz_question_answer_id\":\"132\",\"quiz_question_id\":\"32\",\"title\":\"function\",\"is_correct\":\"0\"},{\"quiz_question_answer_id\":\"133\",\"quiz_question_id\":\"32\",\"title\":\"branch of management\",\"is_correct\":\"0\"},{\"quiz_question_answer_id\":\"134\",\"quiz_question_id\":\"32\",\"title\":\"branch of economics\",\"is_correct\":\"0\"}]},{\"quiz_question_id\":\"33\",\"quiz_id\":\"2\",\"account_id\":null,\"title\":\"When a customer has a(n) ________ need he\\/she wants a car whose operatingcost, not its initial price, is low.\",\"image\":\"\",\"type\":\"radio\",\"order\":\"0\",\"created_at\":\"2020-12-24 02:38:31\",\"updated_at\":\"2020-12-24 02:38:31\",\"answers\":[{\"quiz_question_answer_id\":\"135\",\"quiz_question_id\":\"33\",\"title\":\"stated\",\"is_correct\":\"0\"},{\"quiz_question_answer_id\":\"136\",\"quiz_question_id\":\"33\",\"title\":\"real\",\"is_correct\":\"1\"},{\"quiz_question_answer_id\":\"137\",\"quiz_question_id\":\"33\",\"title\":\"unstated\",\"is_correct\":\"0\"},{\"quiz_question_answer_id\":\"138\",\"quiz_question_id\":\"33\",\"title\":\"delight\",\"is_correct\":\"0\"},{\"quiz_question_answer_id\":\"139\",\"quiz_question_id\":\"33\",\"title\":\"secret\",\"is_correct\":\"0\"}]},{\"quiz_question_id\":\"34\",\"quiz_id\":\"2\",\"account_id\":null,\"title\":\"When a  customer has  a(n)  ________  need the  customer  wants  to  be seen   byfriends as a savvy consumer.\",\"image\":\"\",\"type\":\"radio\",\"order\":\"0\",\"created_at\":\"2020-12-24 02:38:31\",\"updated_at\":\"2020-12-24 02:38:31\",\"answers\":[{\"quiz_question_answer_id\":\"140\",\"quiz_question_id\":\"34\",\"title\":\"real\",\"is_correct\":\"0\"},{\"quiz_question_answer_id\":\"141\",\"quiz_question_id\":\"34\",\"title\":\"unstated\",\"is_correct\":\"0\"},{\"quiz_question_answer_id\":\"142\",\"quiz_question_id\":\"34\",\"title\":\"delight\",\"is_correct\":\"0\"},{\"quiz_question_answer_id\":\"143\",\"quiz_question_id\":\"34\",\"title\":\"secret\",\"is_correct\":\"1\"},{\"quiz_question_answer_id\":\"144\",\"quiz_question_id\":\"34\",\"title\":\"stated\",\"is_correct\":\"0\"}]},{\"quiz_question_id\":\"35\",\"quiz_id\":\"2\",\"account_id\":null,\"title\":\"________  reflects   the   perceived   tangible   and   intangible   benefits   and   costs   tocustomers.\",\"image\":\"\",\"type\":\"radio\",\"order\":\"0\",\"created_at\":\"2020-12-24 02:38:31\",\"updated_at\":\"2020-12-24 02:38:31\",\"answers\":[{\"quiz_question_answer_id\":\"145\",\"quiz_question_id\":\"35\",\"title\":\"Loyalty\",\"is_correct\":\"0\"},{\"quiz_question_answer_id\":\"146\",\"quiz_question_id\":\"35\",\"title\":\"Satisfaction\",\"is_correct\":\"0\"},{\"quiz_question_answer_id\":\"147\",\"quiz_question_id\":\"35\",\"title\":\"Value\",\"is_correct\":\"1\"},{\"quiz_question_answer_id\":\"148\",\"quiz_question_id\":\"35\",\"title\":\"Expectations\",\"is_correct\":\"0\"},{\"quiz_question_answer_id\":\"149\",\"quiz_question_id\":\"35\",\"title\":\"Comparison shopping\",\"is_correct\":\"0\"}]}]}', NULL, 15, 30, 11, 15, '2019-01-01 00:00:00', NULL);
INSERT INTO `ac_candidate_quizes` VALUES (16, 8, 1, 0, 'General Knowledge Quiz', '{\"quiz\":{\"quiz_id\":\"3\",\"quiz_category_id\":\"4\",\"account_id\":null,\"title\":\"General Knowledge Quiz\",\"description\":\"Lorem Ipsum is simply dummy text of the printing and typesetting industry. Lorem Ipsum has been the industry\'s standard dummy text ever since the 1500s, when an unknown printer took a galley of type and scrambled it to make a type specimen book. It has survived not only five centuries, but also the leap into electronic typesetting, remaining essentially unchanged.\",\"allowed_time\":\"30\",\"created_at\":\"2020-12-24 02:38:31\",\"updated_at\":\"2020-12-24 02:38:31\"},\"questions\":[{\"quiz_question_id\":\"36\",\"quiz_id\":\"3\",\"account_id\":null,\"title\":\"Entomology is the science that studies\",\"image\":\"\",\"type\":\"radio\",\"order\":\"0\",\"created_at\":\"2020-12-24 02:38:31\",\"updated_at\":\"2020-12-24 02:38:31\",\"answers\":[{\"quiz_question_answer_id\":\"150\",\"quiz_question_id\":\"36\",\"title\":\"Behavior of human beings\",\"is_correct\":\"0\"},{\"quiz_question_answer_id\":\"151\",\"quiz_question_id\":\"36\",\"title\":\"Insects\",\"is_correct\":\"1\"},{\"quiz_question_answer_id\":\"152\",\"quiz_question_id\":\"36\",\"title\":\"The origin and history of technical and scientific terms\",\"is_correct\":\"0\"},{\"quiz_question_answer_id\":\"153\",\"quiz_question_id\":\"36\",\"title\":\"The formation of rocks\",\"is_correct\":\"0\"}]},{\"quiz_question_id\":\"37\",\"quiz_id\":\"3\",\"account_id\":null,\"title\":\"For which of the following disciplines is Nobel Prize awarded?\",\"image\":\"\",\"type\":\"checkbox\",\"order\":\"0\",\"created_at\":\"2020-12-24 02:38:31\",\"updated_at\":\"2020-12-24 02:38:31\",\"answers\":[{\"quiz_question_answer_id\":\"154\",\"quiz_question_id\":\"37\",\"title\":\"Physics and Chemistry\",\"is_correct\":\"1\"},{\"quiz_question_answer_id\":\"155\",\"quiz_question_id\":\"37\",\"title\":\"Physiology or Medicine\",\"is_correct\":\"1\"},{\"quiz_question_answer_id\":\"156\",\"quiz_question_id\":\"37\",\"title\":\"Literature, Peace and Economics\",\"is_correct\":\"1\"}]},{\"quiz_question_id\":\"38\",\"quiz_id\":\"3\",\"account_id\":null,\"title\":\"Galileo was an Italian astronomer who\",\"image\":\"\",\"type\":\"radio\",\"order\":\"0\",\"created_at\":\"2020-12-24 02:38:31\",\"updated_at\":\"2020-12-24 02:38:31\",\"answers\":[{\"quiz_question_answer_id\":\"157\",\"quiz_question_id\":\"38\",\"title\":\"developed the telescope\",\"is_correct\":\"0\"},{\"quiz_question_answer_id\":\"158\",\"quiz_question_id\":\"38\",\"title\":\"discovered four satellites of Jupiter\",\"is_correct\":\"0\"},{\"quiz_question_answer_id\":\"159\",\"quiz_question_id\":\"38\",\"title\":\"discovered that the movement of pendulum produces a regular time measurement\",\"is_correct\":\"0\"},{\"quiz_question_answer_id\":\"160\",\"quiz_question_id\":\"38\",\"title\":\"All of the above\",\"is_correct\":\"1\"}]},{\"quiz_question_id\":\"39\",\"quiz_id\":\"3\",\"account_id\":null,\"title\":\"Exposure to sunlight helps a person improve his health because\",\"image\":\"\",\"type\":\"radio\",\"order\":\"0\",\"created_at\":\"2020-12-24 02:38:31\",\"updated_at\":\"2020-12-24 02:38:31\",\"answers\":[{\"quiz_question_answer_id\":\"161\",\"quiz_question_id\":\"39\",\"title\":\"the infrared light kills bacteria in the body\",\"is_correct\":\"0\"},{\"quiz_question_answer_id\":\"162\",\"quiz_question_id\":\"39\",\"title\":\"resistance power increases\",\"is_correct\":\"0\"},{\"quiz_question_answer_id\":\"163\",\"quiz_question_id\":\"39\",\"title\":\"the pigment cells in the skin get stimulated and produce a healthy tan\",\"is_correct\":\"0\"},{\"quiz_question_answer_id\":\"164\",\"quiz_question_id\":\"39\",\"title\":\"the ultraviolet rays convert skin oil into Vitamin D\",\"is_correct\":\"1\"}]},{\"quiz_question_id\":\"40\",\"quiz_id\":\"3\",\"account_id\":null,\"title\":\"For the Olympics and World Tournaments, the dimensions of basketball court are\",\"image\":\"\",\"type\":\"radio\",\"order\":\"0\",\"created_at\":\"2020-12-24 02:38:31\",\"updated_at\":\"2020-12-24 02:38:31\",\"answers\":[{\"quiz_question_answer_id\":\"165\",\"quiz_question_id\":\"40\",\"title\":\"26 m x 14 m\",\"is_correct\":\"0\"},{\"quiz_question_answer_id\":\"166\",\"quiz_question_id\":\"40\",\"title\":\"28 m x 15 m\",\"is_correct\":\"1\"},{\"quiz_question_answer_id\":\"167\",\"quiz_question_id\":\"40\",\"title\":\"27 m x 16 m\",\"is_correct\":\"0\"},{\"quiz_question_answer_id\":\"168\",\"quiz_question_id\":\"40\",\"title\":\"28 m x 16 m\",\"is_correct\":\"0\"}]},{\"quiz_question_id\":\"41\",\"quiz_id\":\"3\",\"account_id\":null,\"title\":\"Friction can be reduced by changing from\",\"image\":\"\",\"type\":\"radio\",\"order\":\"0\",\"created_at\":\"2020-12-24 02:38:31\",\"updated_at\":\"2020-12-24 02:38:31\",\"answers\":[{\"quiz_question_answer_id\":\"169\",\"quiz_question_id\":\"41\",\"title\":\"sliding to rolling\",\"is_correct\":\"1\"},{\"quiz_question_answer_id\":\"170\",\"quiz_question_id\":\"41\",\"title\":\"rolling to sliding\",\"is_correct\":\"0\"},{\"quiz_question_answer_id\":\"171\",\"quiz_question_id\":\"41\",\"title\":\"potential energy to kinetic energy\",\"is_correct\":\"0\"},{\"quiz_question_answer_id\":\"172\",\"quiz_question_id\":\"41\",\"title\":\"dynamic to static\",\"is_correct\":\"0\"}]},{\"quiz_question_id\":\"42\",\"quiz_id\":\"3\",\"account_id\":null,\"title\":\"Ecology deals with\",\"image\":\"\",\"type\":\"radio\",\"order\":\"0\",\"created_at\":\"2020-12-24 02:38:31\",\"updated_at\":\"2020-12-24 02:38:31\",\"answers\":[{\"quiz_question_answer_id\":\"173\",\"quiz_question_id\":\"42\",\"title\":\"Birds\",\"is_correct\":\"0\"},{\"quiz_question_answer_id\":\"174\",\"quiz_question_id\":\"42\",\"title\":\"Cell formation\",\"is_correct\":\"0\"},{\"quiz_question_answer_id\":\"175\",\"quiz_question_id\":\"42\",\"title\":\"Relation between organisms and their environment\",\"is_correct\":\"1\"},{\"quiz_question_answer_id\":\"176\",\"quiz_question_id\":\"42\",\"title\":\"Tissues\",\"is_correct\":\"0\"}]},{\"quiz_question_id\":\"43\",\"quiz_id\":\"3\",\"account_id\":null,\"title\":\"Durand Cup is associated with the game of\",\"image\":\"\",\"type\":\"radio\",\"order\":\"0\",\"created_at\":\"2020-12-24 02:38:31\",\"updated_at\":\"2020-12-24 02:38:31\",\"answers\":[{\"quiz_question_answer_id\":\"177\",\"quiz_question_id\":\"43\",\"title\":\"Cricket\",\"is_correct\":\"0\"},{\"quiz_question_answer_id\":\"178\",\"quiz_question_id\":\"43\",\"title\":\"Football\",\"is_correct\":\"1\"},{\"quiz_question_answer_id\":\"179\",\"quiz_question_id\":\"43\",\"title\":\"Hockey\",\"is_correct\":\"0\"},{\"quiz_question_answer_id\":\"180\",\"quiz_question_id\":\"43\",\"title\":\"Volleyball\",\"is_correct\":\"0\"}]},{\"quiz_question_id\":\"44\",\"quiz_id\":\"3\",\"account_id\":null,\"title\":\"Headquarters of UNO are situated at\",\"image\":\"\",\"type\":\"radio\",\"order\":\"0\",\"created_at\":\"2020-12-24 02:38:31\",\"updated_at\":\"2020-12-24 02:38:31\",\"answers\":[{\"quiz_question_answer_id\":\"181\",\"quiz_question_id\":\"44\",\"title\":\"New York, USA\",\"is_correct\":\"1\"},{\"quiz_question_answer_id\":\"182\",\"quiz_question_id\":\"44\",\"title\":\"Hague (Netherlands)\",\"is_correct\":\"0\"},{\"quiz_question_answer_id\":\"183\",\"quiz_question_id\":\"44\",\"title\":\"Geneva\",\"is_correct\":\"0\"},{\"quiz_question_answer_id\":\"184\",\"quiz_question_id\":\"44\",\"title\":\"Paris\",\"is_correct\":\"0\"}]},{\"quiz_question_id\":\"45\",\"quiz_id\":\"3\",\"account_id\":null,\"title\":\"First International Peace Congress was held in London in\",\"image\":\"\",\"type\":\"radio\",\"order\":\"0\",\"created_at\":\"2020-12-24 02:38:31\",\"updated_at\":\"2020-12-24 02:38:31\",\"answers\":[{\"quiz_question_answer_id\":\"185\",\"quiz_question_id\":\"45\",\"title\":\"1564 AD\",\"is_correct\":\"0\"},{\"quiz_question_answer_id\":\"186\",\"quiz_question_id\":\"45\",\"title\":\"1798 AD\",\"is_correct\":\"0\"},{\"quiz_question_answer_id\":\"187\",\"quiz_question_id\":\"45\",\"title\":\"1843 AD\",\"is_correct\":\"1\"},{\"quiz_question_answer_id\":\"188\",\"quiz_question_id\":\"45\",\"title\":\"1901 AD\",\"is_correct\":\"0\"}]},{\"quiz_question_id\":\"46\",\"quiz_id\":\"3\",\"account_id\":null,\"title\":\"For galvanizing iron which of the following metals is used?\",\"image\":\"\",\"type\":\"radio\",\"order\":\"0\",\"created_at\":\"2020-12-24 02:38:31\",\"updated_at\":\"2020-12-24 02:38:31\",\"answers\":[{\"quiz_question_answer_id\":\"189\",\"quiz_question_id\":\"46\",\"title\":\"Aluminium\",\"is_correct\":\"0\"},{\"quiz_question_answer_id\":\"190\",\"quiz_question_id\":\"46\",\"title\":\"Copper\",\"is_correct\":\"0\"},{\"quiz_question_answer_id\":\"191\",\"quiz_question_id\":\"46\",\"title\":\"Lead\",\"is_correct\":\"0\"},{\"quiz_question_answer_id\":\"192\",\"quiz_question_id\":\"46\",\"title\":\"Zinc\",\"is_correct\":\"1\"}]},{\"quiz_question_id\":\"47\",\"quiz_id\":\"3\",\"account_id\":null,\"title\":\"For purifying drinking water alum is used\",\"image\":\"\",\"type\":\"radio\",\"order\":\"0\",\"created_at\":\"2020-12-24 02:38:31\",\"updated_at\":\"2020-12-24 02:38:31\",\"answers\":[{\"quiz_question_answer_id\":\"193\",\"quiz_question_id\":\"47\",\"title\":\"for coagulation of mud particles\",\"is_correct\":\"1\"},{\"quiz_question_answer_id\":\"194\",\"quiz_question_id\":\"47\",\"title\":\"to kill bacteria\",\"is_correct\":\"0\"},{\"quiz_question_answer_id\":\"195\",\"quiz_question_id\":\"47\",\"title\":\"to remove salts\",\"is_correct\":\"0\"},{\"quiz_question_answer_id\":\"196\",\"quiz_question_id\":\"47\",\"title\":\"to remove gases\",\"is_correct\":\"0\"}]},{\"quiz_question_id\":\"48\",\"quiz_id\":\"3\",\"account_id\":null,\"title\":\"In a normal human body, the total number of red blood cells is\",\"image\":\"\",\"type\":\"radio\",\"order\":\"0\",\"created_at\":\"2020-12-24 02:38:31\",\"updated_at\":\"2020-12-24 02:38:31\",\"answers\":[{\"quiz_question_answer_id\":\"197\",\"quiz_question_id\":\"48\",\"title\":\"15 trillion\",\"is_correct\":\"0\"},{\"quiz_question_answer_id\":\"198\",\"quiz_question_id\":\"48\",\"title\":\"20 trillion\",\"is_correct\":\"0\"},{\"quiz_question_answer_id\":\"199\",\"quiz_question_id\":\"48\",\"title\":\"25 trillion\",\"is_correct\":\"0\"},{\"quiz_question_answer_id\":\"200\",\"quiz_question_id\":\"48\",\"title\":\"30 trillion\",\"is_correct\":\"1\"}]},{\"quiz_question_id\":\"49\",\"quiz_id\":\"3\",\"account_id\":null,\"title\":\"In which season do we need more fat?\",\"image\":\"\",\"type\":\"radio\",\"order\":\"0\",\"created_at\":\"2020-12-24 02:38:31\",\"updated_at\":\"2020-12-24 02:38:31\",\"answers\":[{\"quiz_question_answer_id\":\"201\",\"quiz_question_id\":\"49\",\"title\":\"Rainy season\",\"is_correct\":\"0\"},{\"quiz_question_answer_id\":\"202\",\"quiz_question_id\":\"49\",\"title\":\"Spring\",\"is_correct\":\"0\"},{\"quiz_question_answer_id\":\"203\",\"quiz_question_id\":\"49\",\"title\":\"Winter\",\"is_correct\":\"1\"},{\"quiz_question_answer_id\":\"204\",\"quiz_question_id\":\"49\",\"title\":\"Summer\",\"is_correct\":\"0\"}]},{\"quiz_question_id\":\"50\",\"quiz_id\":\"3\",\"account_id\":null,\"title\":\"How many times has Brazil won the World Cup Football Championship?\",\"image\":\"\",\"type\":\"radio\",\"order\":\"0\",\"created_at\":\"2020-12-24 02:38:31\",\"updated_at\":\"2020-12-24 02:38:31\",\"answers\":[{\"quiz_question_answer_id\":\"205\",\"quiz_question_id\":\"50\",\"title\":\"Four times\",\"is_correct\":\"0\"},{\"quiz_question_answer_id\":\"206\",\"quiz_question_id\":\"50\",\"title\":\"Twice\",\"is_correct\":\"0\"},{\"quiz_question_answer_id\":\"207\",\"quiz_question_id\":\"50\",\"title\":\"Five times\",\"is_correct\":\"1\"},{\"quiz_question_answer_id\":\"208\",\"quiz_question_id\":\"50\",\"title\":\"Once\",\"is_correct\":\"0\"}]}]}', NULL, 15, 30, 11, 15, '2019-01-01 00:00:00', NULL);
INSERT INTO `ac_candidate_quizes` VALUES (17, 9, 1, 0, 'Marketing Position Quiz', '{\"quiz\":{\"quiz_id\":\"2\",\"quiz_category_id\":\"1\",\"account_id\":null,\"title\":\"Marketing Position Quiz\",\"description\":\"Lorem Ipsum is simply dummy text of the printing and typesetting industry. Lorem Ipsum has been the industry\'s standard dummy text ever since the 1500s, when an unknown printer took a galley of type and scrambled it to make a type specimen book. It has survived not only five centuries, but also the leap into electronic typesetting, remaining essentially unchanged.\",\"allowed_time\":\"30\",\"created_at\":\"2020-12-24 02:38:31\",\"updated_at\":\"2020-12-24 02:38:31\"},\"questions\":[{\"quiz_question_id\":\"21\",\"quiz_id\":\"2\",\"account_id\":null,\"title\":\"Good marketing is no accident, but a result of careful planning and ________\",\"image\":\"\",\"type\":\"radio\",\"order\":\"0\",\"created_at\":\"2020-12-24 02:38:31\",\"updated_at\":\"2020-12-24 02:38:31\",\"answers\":[{\"quiz_question_answer_id\":\"75\",\"quiz_question_id\":\"21\",\"title\":\"execution\",\"is_correct\":\"1\"},{\"quiz_question_answer_id\":\"76\",\"quiz_question_id\":\"21\",\"title\":\"selling\",\"is_correct\":\"0\"},{\"quiz_question_answer_id\":\"77\",\"quiz_question_id\":\"21\",\"title\":\"strategies\",\"is_correct\":\"0\"},{\"quiz_question_answer_id\":\"78\",\"quiz_question_id\":\"21\",\"title\":\"tactics\",\"is_correct\":\"0\"},{\"quiz_question_answer_id\":\"79\",\"quiz_question_id\":\"21\",\"title\":\"research\",\"is_correct\":\"0\"}]},{\"quiz_question_id\":\"22\",\"quiz_id\":\"2\",\"account_id\":null,\"title\":\"The most formal definition of marketing is ________\",\"image\":\"\",\"type\":\"radio\",\"order\":\"0\",\"created_at\":\"2020-12-24 02:38:31\",\"updated_at\":\"2020-12-24 02:38:31\",\"answers\":[{\"quiz_question_answer_id\":\"80\",\"quiz_question_id\":\"22\",\"title\":\"meeting needs profitably\",\"is_correct\":\"0\"},{\"quiz_question_answer_id\":\"81\",\"quiz_question_id\":\"22\",\"title\":\"identifying and meeting human and social needs\",\"is_correct\":\"0\"},{\"quiz_question_answer_id\":\"82\",\"quiz_question_id\":\"22\",\"title\":\"the 4Ps (Product, Price, Place, Promotion)\",\"is_correct\":\"0\"},{\"quiz_question_answer_id\":\"83\",\"quiz_question_id\":\"22\",\"title\":\"an organizational function and a set of processes for creating, communicating,and delivering, value \",\"is_correct\":\"1\"},{\"quiz_question_answer_id\":\"84\",\"quiz_question_id\":\"22\",\"title\":\"improving the quality of life for consumers\",\"is_correct\":\"0\"}]},{\"quiz_question_id\":\"23\",\"quiz_id\":\"2\",\"account_id\":null,\"title\":\"________ can be produced and marketed as a product.\",\"image\":\"\",\"type\":\"radio\",\"order\":\"0\",\"created_at\":\"2020-12-24 02:38:31\",\"updated_at\":\"2020-12-24 02:38:31\",\"answers\":[{\"quiz_question_answer_id\":\"85\",\"quiz_question_id\":\"23\",\"title\":\"Information\",\"is_correct\":\"1\"},{\"quiz_question_answer_id\":\"86\",\"quiz_question_id\":\"23\",\"title\":\"Celebrities\",\"is_correct\":\"0\"},{\"quiz_question_answer_id\":\"87\",\"quiz_question_id\":\"23\",\"title\":\"Durable goods\",\"is_correct\":\"0\"},{\"quiz_question_answer_id\":\"88\",\"quiz_question_id\":\"23\",\"title\":\"Organizations\",\"is_correct\":\"0\"},{\"quiz_question_answer_id\":\"89\",\"quiz_question_id\":\"23\",\"title\":\"Properties\",\"is_correct\":\"0\"}]},{\"quiz_question_id\":\"24\",\"quiz_id\":\"2\",\"account_id\":null,\"title\":\"The   ________   promises   to   lead   to   more   accurate   levels   of   production,   moretargeted communications, and more relevant pricing.\",\"image\":\"\",\"type\":\"radio\",\"order\":\"0\",\"created_at\":\"2020-12-24 02:38:31\",\"updated_at\":\"2020-12-24 02:38:31\",\"answers\":[{\"quiz_question_answer_id\":\"90\",\"quiz_question_id\":\"24\",\"title\":\"Age of Globalization\",\"is_correct\":\"0\"},{\"quiz_question_answer_id\":\"91\",\"quiz_question_id\":\"24\",\"title\":\"Age of Deregulation\",\"is_correct\":\"0\"},{\"quiz_question_answer_id\":\"92\",\"quiz_question_id\":\"24\",\"title\":\"Industrial Age\",\"is_correct\":\"0\"},{\"quiz_question_answer_id\":\"93\",\"quiz_question_id\":\"24\",\"title\":\"Information Ag\",\"is_correct\":\"1\"},{\"quiz_question_answer_id\":\"94\",\"quiz_question_id\":\"24\",\"title\":\"Production Age\",\"is_correct\":\"0\"}]},{\"quiz_question_id\":\"25\",\"quiz_id\":\"2\",\"account_id\":null,\"title\":\"Marketers often use the term ________ to cover various groupings of customers.\",\"image\":\"\",\"type\":\"radio\",\"order\":\"0\",\"created_at\":\"2020-12-24 02:38:31\",\"updated_at\":\"2020-12-24 02:38:31\",\"answers\":[{\"quiz_question_answer_id\":\"95\",\"quiz_question_id\":\"25\",\"title\":\"people\",\"is_correct\":\"0\"},{\"quiz_question_answer_id\":\"96\",\"quiz_question_id\":\"25\",\"title\":\"buying power\",\"is_correct\":\"0\"},{\"quiz_question_answer_id\":\"97\",\"quiz_question_id\":\"25\",\"title\":\"demographic segment\",\"is_correct\":\"0\"},{\"quiz_question_answer_id\":\"98\",\"quiz_question_id\":\"25\",\"title\":\"social class position\",\"is_correct\":\"0\"},{\"quiz_question_answer_id\":\"99\",\"quiz_question_id\":\"25\",\"title\":\"market\",\"is_correct\":\"1\"}]},{\"quiz_question_id\":\"26\",\"quiz_id\":\"2\",\"account_id\":null,\"title\":\"Customers are showing greater price sensitivity in their search for ________\",\"image\":\"\",\"type\":\"radio\",\"order\":\"0\",\"created_at\":\"2020-12-24 02:38:31\",\"updated_at\":\"2020-12-24 02:38:31\",\"answers\":[{\"quiz_question_answer_id\":\"100\",\"quiz_question_id\":\"26\",\"title\":\"The right product\",\"is_correct\":\"0\"},{\"quiz_question_answer_id\":\"101\",\"quiz_question_id\":\"26\",\"title\":\"The right service\",\"is_correct\":\"0\"},{\"quiz_question_answer_id\":\"102\",\"quiz_question_id\":\"26\",\"title\":\"The right store\",\"is_correct\":\"0\"},{\"quiz_question_answer_id\":\"103\",\"quiz_question_id\":\"26\",\"title\":\"Value\",\"is_correct\":\"1\"},{\"quiz_question_answer_id\":\"104\",\"quiz_question_id\":\"26\",\"title\":\"Relationships\",\"is_correct\":\"0\"}]},{\"quiz_question_id\":\"27\",\"quiz_id\":\"2\",\"account_id\":null,\"title\":\"The ________ concept holds that consumers will favor those products that offerthe most quality, performance, or innovative features.\",\"image\":\"\",\"type\":\"radio\",\"order\":\"0\",\"created_at\":\"2020-12-24 02:38:31\",\"updated_at\":\"2020-12-24 02:38:31\",\"answers\":[{\"quiz_question_answer_id\":\"105\",\"quiz_question_id\":\"27\",\"title\":\"product\",\"is_correct\":\"1\"},{\"quiz_question_answer_id\":\"106\",\"quiz_question_id\":\"27\",\"title\":\"marketing\",\"is_correct\":\"0\"},{\"quiz_question_answer_id\":\"107\",\"quiz_question_id\":\"27\",\"title\":\"production\",\"is_correct\":\"0\"},{\"quiz_question_answer_id\":\"108\",\"quiz_question_id\":\"27\",\"title\":\"selling\",\"is_correct\":\"0\"},{\"quiz_question_answer_id\":\"109\",\"quiz_question_id\":\"27\",\"title\":\"holistic marketing\",\"is_correct\":\"0\"}]},{\"quiz_question_id\":\"28\",\"quiz_id\":\"2\",\"account_id\":null,\"title\":\"The ________ concept holds that consumers and businesses, if left alone, willordinarily not buy enough of the organization\\u2019s products.\",\"image\":\"\",\"type\":\"radio\",\"order\":\"0\",\"created_at\":\"2020-12-24 02:38:31\",\"updated_at\":\"2020-12-24 02:38:31\",\"answers\":[{\"quiz_question_answer_id\":\"110\",\"quiz_question_id\":\"28\",\"title\":\"production\",\"is_correct\":\"0\"},{\"quiz_question_answer_id\":\"111\",\"quiz_question_id\":\"28\",\"title\":\"selling\",\"is_correct\":\"1\"},{\"quiz_question_answer_id\":\"112\",\"quiz_question_id\":\"28\",\"title\":\"marketing\",\"is_correct\":\"0\"},{\"quiz_question_answer_id\":\"113\",\"quiz_question_id\":\"28\",\"title\":\"product\",\"is_correct\":\"0\"},{\"quiz_question_answer_id\":\"114\",\"quiz_question_id\":\"28\",\"title\":\"holistic marketing\",\"is_correct\":\"0\"}]},{\"quiz_question_id\":\"29\",\"quiz_id\":\"2\",\"account_id\":null,\"title\":\"In the course of converting to a marketing orientation, a company faces threehurdles\\u2014________.\",\"image\":\"\",\"type\":\"radio\",\"order\":\"0\",\"created_at\":\"2020-12-24 02:38:31\",\"updated_at\":\"2020-12-24 02:38:31\",\"answers\":[{\"quiz_question_answer_id\":\"115\",\"quiz_question_id\":\"29\",\"title\":\"organized resistance, slow learning, and fast forgetting\",\"is_correct\":\"1\"},{\"quiz_question_answer_id\":\"116\",\"quiz_question_id\":\"29\",\"title\":\"management, customer reaction, competitive response\",\"is_correct\":\"0\"},{\"quiz_question_answer_id\":\"117\",\"quiz_question_id\":\"29\",\"title\":\"decreased profits, increased R&D, additional distribution\",\"is_correct\":\"0\"},{\"quiz_question_answer_id\":\"118\",\"quiz_question_id\":\"29\",\"title\":\"forecasted demand, increased sales expense, increased inventory costs\",\"is_correct\":\"0\"},{\"quiz_question_answer_id\":\"119\",\"quiz_question_id\":\"29\",\"title\":\"customer focus, profitability, slow learning\",\"is_correct\":\"0\"}]},{\"quiz_question_id\":\"30\",\"quiz_id\":\"2\",\"account_id\":null,\"title\":\"Marketers argue for a ________ in which all functions work together to respondto, serve, and satisfy the customer.\",\"image\":\"\",\"type\":\"radio\",\"order\":\"0\",\"created_at\":\"2020-12-24 02:38:31\",\"updated_at\":\"2020-12-24 02:38:31\",\"answers\":[{\"quiz_question_answer_id\":\"120\",\"quiz_question_id\":\"30\",\"title\":\"cross-functional team orientation\",\"is_correct\":\"0\"},{\"quiz_question_answer_id\":\"121\",\"quiz_question_id\":\"30\",\"title\":\"collaboration model\",\"is_correct\":\"0\"},{\"quiz_question_answer_id\":\"122\",\"quiz_question_id\":\"30\",\"title\":\"customer orientation\",\"is_correct\":\"1\"},{\"quiz_question_answer_id\":\"123\",\"quiz_question_id\":\"30\",\"title\":\"management-driven organization\",\"is_correct\":\"0\"},{\"quiz_question_answer_id\":\"124\",\"quiz_question_id\":\"30\",\"title\":\"total quality model\",\"is_correct\":\"0\"}]},{\"quiz_question_id\":\"31\",\"quiz_id\":\"2\",\"account_id\":null,\"title\":\"One traditional depiction of marketing activities is in terms of the marketing mixor four Ps. The four Ps are characterized as being ________.\",\"image\":\"\",\"type\":\"radio\",\"order\":\"0\",\"created_at\":\"2020-12-24 02:38:31\",\"updated_at\":\"2020-12-24 02:38:31\",\"answers\":[{\"quiz_question_answer_id\":\"125\",\"quiz_question_id\":\"31\",\"title\":\"product, positioning, place, and price\",\"is_correct\":\"0\"},{\"quiz_question_answer_id\":\"126\",\"quiz_question_id\":\"31\",\"title\":\"product, production, price, and place\",\"is_correct\":\"0\"},{\"quiz_question_answer_id\":\"127\",\"quiz_question_id\":\"31\",\"title\":\"promotion, place, positioning, and price\",\"is_correct\":\"0\"},{\"quiz_question_answer_id\":\"128\",\"quiz_question_id\":\"31\",\"title\":\"place, promotion, production, and positioning\",\"is_correct\":\"0\"},{\"quiz_question_answer_id\":\"129\",\"quiz_question_id\":\"31\",\"title\":\"product, price, promotion, and place\",\"is_correct\":\"1\"}]},{\"quiz_question_id\":\"32\",\"quiz_id\":\"2\",\"account_id\":null,\"title\":\"Marketing is not a department so much as a ________.\",\"image\":\"\",\"type\":\"radio\",\"order\":\"0\",\"created_at\":\"2020-12-24 02:38:31\",\"updated_at\":\"2020-12-24 02:38:31\",\"answers\":[{\"quiz_question_answer_id\":\"130\",\"quiz_question_id\":\"32\",\"title\":\"company orientation\",\"is_correct\":\"1\"},{\"quiz_question_answer_id\":\"131\",\"quiz_question_id\":\"32\",\"title\":\"philosophy\",\"is_correct\":\"0\"},{\"quiz_question_answer_id\":\"132\",\"quiz_question_id\":\"32\",\"title\":\"function\",\"is_correct\":\"0\"},{\"quiz_question_answer_id\":\"133\",\"quiz_question_id\":\"32\",\"title\":\"branch of management\",\"is_correct\":\"0\"},{\"quiz_question_answer_id\":\"134\",\"quiz_question_id\":\"32\",\"title\":\"branch of economics\",\"is_correct\":\"0\"}]},{\"quiz_question_id\":\"33\",\"quiz_id\":\"2\",\"account_id\":null,\"title\":\"When a customer has a(n) ________ need he\\/she wants a car whose operatingcost, not its initial price, is low.\",\"image\":\"\",\"type\":\"radio\",\"order\":\"0\",\"created_at\":\"2020-12-24 02:38:31\",\"updated_at\":\"2020-12-24 02:38:31\",\"answers\":[{\"quiz_question_answer_id\":\"135\",\"quiz_question_id\":\"33\",\"title\":\"stated\",\"is_correct\":\"0\"},{\"quiz_question_answer_id\":\"136\",\"quiz_question_id\":\"33\",\"title\":\"real\",\"is_correct\":\"1\"},{\"quiz_question_answer_id\":\"137\",\"quiz_question_id\":\"33\",\"title\":\"unstated\",\"is_correct\":\"0\"},{\"quiz_question_answer_id\":\"138\",\"quiz_question_id\":\"33\",\"title\":\"delight\",\"is_correct\":\"0\"},{\"quiz_question_answer_id\":\"139\",\"quiz_question_id\":\"33\",\"title\":\"secret\",\"is_correct\":\"0\"}]},{\"quiz_question_id\":\"34\",\"quiz_id\":\"2\",\"account_id\":null,\"title\":\"When a  customer has  a(n)  ________  need the  customer  wants  to  be seen   byfriends as a savvy consumer.\",\"image\":\"\",\"type\":\"radio\",\"order\":\"0\",\"created_at\":\"2020-12-24 02:38:31\",\"updated_at\":\"2020-12-24 02:38:31\",\"answers\":[{\"quiz_question_answer_id\":\"140\",\"quiz_question_id\":\"34\",\"title\":\"real\",\"is_correct\":\"0\"},{\"quiz_question_answer_id\":\"141\",\"quiz_question_id\":\"34\",\"title\":\"unstated\",\"is_correct\":\"0\"},{\"quiz_question_answer_id\":\"142\",\"quiz_question_id\":\"34\",\"title\":\"delight\",\"is_correct\":\"0\"},{\"quiz_question_answer_id\":\"143\",\"quiz_question_id\":\"34\",\"title\":\"secret\",\"is_correct\":\"1\"},{\"quiz_question_answer_id\":\"144\",\"quiz_question_id\":\"34\",\"title\":\"stated\",\"is_correct\":\"0\"}]},{\"quiz_question_id\":\"35\",\"quiz_id\":\"2\",\"account_id\":null,\"title\":\"________  reflects   the   perceived   tangible   and   intangible   benefits   and   costs   tocustomers.\",\"image\":\"\",\"type\":\"radio\",\"order\":\"0\",\"created_at\":\"2020-12-24 02:38:31\",\"updated_at\":\"2020-12-24 02:38:31\",\"answers\":[{\"quiz_question_answer_id\":\"145\",\"quiz_question_id\":\"35\",\"title\":\"Loyalty\",\"is_correct\":\"0\"},{\"quiz_question_answer_id\":\"146\",\"quiz_question_id\":\"35\",\"title\":\"Satisfaction\",\"is_correct\":\"0\"},{\"quiz_question_answer_id\":\"147\",\"quiz_question_id\":\"35\",\"title\":\"Value\",\"is_correct\":\"1\"},{\"quiz_question_answer_id\":\"148\",\"quiz_question_id\":\"35\",\"title\":\"Expectations\",\"is_correct\":\"0\"},{\"quiz_question_answer_id\":\"149\",\"quiz_question_id\":\"35\",\"title\":\"Comparison shopping\",\"is_correct\":\"0\"}]}]}', NULL, 15, 30, 10, 15, '2019-01-01 00:00:00', NULL);
INSERT INTO `ac_candidate_quizes` VALUES (18, 9, 1, 0, 'General Knowledge Quiz', '{\"quiz\":{\"quiz_id\":\"3\",\"quiz_category_id\":\"4\",\"account_id\":null,\"title\":\"General Knowledge Quiz\",\"description\":\"Lorem Ipsum is simply dummy text of the printing and typesetting industry. Lorem Ipsum has been the industry\'s standard dummy text ever since the 1500s, when an unknown printer took a galley of type and scrambled it to make a type specimen book. It has survived not only five centuries, but also the leap into electronic typesetting, remaining essentially unchanged.\",\"allowed_time\":\"30\",\"created_at\":\"2020-12-24 02:38:31\",\"updated_at\":\"2020-12-24 02:38:31\"},\"questions\":[{\"quiz_question_id\":\"36\",\"quiz_id\":\"3\",\"account_id\":null,\"title\":\"Entomology is the science that studies\",\"image\":\"\",\"type\":\"radio\",\"order\":\"0\",\"created_at\":\"2020-12-24 02:38:31\",\"updated_at\":\"2020-12-24 02:38:31\",\"answers\":[{\"quiz_question_answer_id\":\"150\",\"quiz_question_id\":\"36\",\"title\":\"Behavior of human beings\",\"is_correct\":\"0\"},{\"quiz_question_answer_id\":\"151\",\"quiz_question_id\":\"36\",\"title\":\"Insects\",\"is_correct\":\"1\"},{\"quiz_question_answer_id\":\"152\",\"quiz_question_id\":\"36\",\"title\":\"The origin and history of technical and scientific terms\",\"is_correct\":\"0\"},{\"quiz_question_answer_id\":\"153\",\"quiz_question_id\":\"36\",\"title\":\"The formation of rocks\",\"is_correct\":\"0\"}]},{\"quiz_question_id\":\"37\",\"quiz_id\":\"3\",\"account_id\":null,\"title\":\"For which of the following disciplines is Nobel Prize awarded?\",\"image\":\"\",\"type\":\"checkbox\",\"order\":\"0\",\"created_at\":\"2020-12-24 02:38:31\",\"updated_at\":\"2020-12-24 02:38:31\",\"answers\":[{\"quiz_question_answer_id\":\"154\",\"quiz_question_id\":\"37\",\"title\":\"Physics and Chemistry\",\"is_correct\":\"1\"},{\"quiz_question_answer_id\":\"155\",\"quiz_question_id\":\"37\",\"title\":\"Physiology or Medicine\",\"is_correct\":\"1\"},{\"quiz_question_answer_id\":\"156\",\"quiz_question_id\":\"37\",\"title\":\"Literature, Peace and Economics\",\"is_correct\":\"1\"}]},{\"quiz_question_id\":\"38\",\"quiz_id\":\"3\",\"account_id\":null,\"title\":\"Galileo was an Italian astronomer who\",\"image\":\"\",\"type\":\"radio\",\"order\":\"0\",\"created_at\":\"2020-12-24 02:38:31\",\"updated_at\":\"2020-12-24 02:38:31\",\"answers\":[{\"quiz_question_answer_id\":\"157\",\"quiz_question_id\":\"38\",\"title\":\"developed the telescope\",\"is_correct\":\"0\"},{\"quiz_question_answer_id\":\"158\",\"quiz_question_id\":\"38\",\"title\":\"discovered four satellites of Jupiter\",\"is_correct\":\"0\"},{\"quiz_question_answer_id\":\"159\",\"quiz_question_id\":\"38\",\"title\":\"discovered that the movement of pendulum produces a regular time measurement\",\"is_correct\":\"0\"},{\"quiz_question_answer_id\":\"160\",\"quiz_question_id\":\"38\",\"title\":\"All of the above\",\"is_correct\":\"1\"}]},{\"quiz_question_id\":\"39\",\"quiz_id\":\"3\",\"account_id\":null,\"title\":\"Exposure to sunlight helps a person improve his health because\",\"image\":\"\",\"type\":\"radio\",\"order\":\"0\",\"created_at\":\"2020-12-24 02:38:31\",\"updated_at\":\"2020-12-24 02:38:31\",\"answers\":[{\"quiz_question_answer_id\":\"161\",\"quiz_question_id\":\"39\",\"title\":\"the infrared light kills bacteria in the body\",\"is_correct\":\"0\"},{\"quiz_question_answer_id\":\"162\",\"quiz_question_id\":\"39\",\"title\":\"resistance power increases\",\"is_correct\":\"0\"},{\"quiz_question_answer_id\":\"163\",\"quiz_question_id\":\"39\",\"title\":\"the pigment cells in the skin get stimulated and produce a healthy tan\",\"is_correct\":\"0\"},{\"quiz_question_answer_id\":\"164\",\"quiz_question_id\":\"39\",\"title\":\"the ultraviolet rays convert skin oil into Vitamin D\",\"is_correct\":\"1\"}]},{\"quiz_question_id\":\"40\",\"quiz_id\":\"3\",\"account_id\":null,\"title\":\"For the Olympics and World Tournaments, the dimensions of basketball court are\",\"image\":\"\",\"type\":\"radio\",\"order\":\"0\",\"created_at\":\"2020-12-24 02:38:31\",\"updated_at\":\"2020-12-24 02:38:31\",\"answers\":[{\"quiz_question_answer_id\":\"165\",\"quiz_question_id\":\"40\",\"title\":\"26 m x 14 m\",\"is_correct\":\"0\"},{\"quiz_question_answer_id\":\"166\",\"quiz_question_id\":\"40\",\"title\":\"28 m x 15 m\",\"is_correct\":\"1\"},{\"quiz_question_answer_id\":\"167\",\"quiz_question_id\":\"40\",\"title\":\"27 m x 16 m\",\"is_correct\":\"0\"},{\"quiz_question_answer_id\":\"168\",\"quiz_question_id\":\"40\",\"title\":\"28 m x 16 m\",\"is_correct\":\"0\"}]},{\"quiz_question_id\":\"41\",\"quiz_id\":\"3\",\"account_id\":null,\"title\":\"Friction can be reduced by changing from\",\"image\":\"\",\"type\":\"radio\",\"order\":\"0\",\"created_at\":\"2020-12-24 02:38:31\",\"updated_at\":\"2020-12-24 02:38:31\",\"answers\":[{\"quiz_question_answer_id\":\"169\",\"quiz_question_id\":\"41\",\"title\":\"sliding to rolling\",\"is_correct\":\"1\"},{\"quiz_question_answer_id\":\"170\",\"quiz_question_id\":\"41\",\"title\":\"rolling to sliding\",\"is_correct\":\"0\"},{\"quiz_question_answer_id\":\"171\",\"quiz_question_id\":\"41\",\"title\":\"potential energy to kinetic energy\",\"is_correct\":\"0\"},{\"quiz_question_answer_id\":\"172\",\"quiz_question_id\":\"41\",\"title\":\"dynamic to static\",\"is_correct\":\"0\"}]},{\"quiz_question_id\":\"42\",\"quiz_id\":\"3\",\"account_id\":null,\"title\":\"Ecology deals with\",\"image\":\"\",\"type\":\"radio\",\"order\":\"0\",\"created_at\":\"2020-12-24 02:38:31\",\"updated_at\":\"2020-12-24 02:38:31\",\"answers\":[{\"quiz_question_answer_id\":\"173\",\"quiz_question_id\":\"42\",\"title\":\"Birds\",\"is_correct\":\"0\"},{\"quiz_question_answer_id\":\"174\",\"quiz_question_id\":\"42\",\"title\":\"Cell formation\",\"is_correct\":\"0\"},{\"quiz_question_answer_id\":\"175\",\"quiz_question_id\":\"42\",\"title\":\"Relation between organisms and their environment\",\"is_correct\":\"1\"},{\"quiz_question_answer_id\":\"176\",\"quiz_question_id\":\"42\",\"title\":\"Tissues\",\"is_correct\":\"0\"}]},{\"quiz_question_id\":\"43\",\"quiz_id\":\"3\",\"account_id\":null,\"title\":\"Durand Cup is associated with the game of\",\"image\":\"\",\"type\":\"radio\",\"order\":\"0\",\"created_at\":\"2020-12-24 02:38:31\",\"updated_at\":\"2020-12-24 02:38:31\",\"answers\":[{\"quiz_question_answer_id\":\"177\",\"quiz_question_id\":\"43\",\"title\":\"Cricket\",\"is_correct\":\"0\"},{\"quiz_question_answer_id\":\"178\",\"quiz_question_id\":\"43\",\"title\":\"Football\",\"is_correct\":\"1\"},{\"quiz_question_answer_id\":\"179\",\"quiz_question_id\":\"43\",\"title\":\"Hockey\",\"is_correct\":\"0\"},{\"quiz_question_answer_id\":\"180\",\"quiz_question_id\":\"43\",\"title\":\"Volleyball\",\"is_correct\":\"0\"}]},{\"quiz_question_id\":\"44\",\"quiz_id\":\"3\",\"account_id\":null,\"title\":\"Headquarters of UNO are situated at\",\"image\":\"\",\"type\":\"radio\",\"order\":\"0\",\"created_at\":\"2020-12-24 02:38:31\",\"updated_at\":\"2020-12-24 02:38:31\",\"answers\":[{\"quiz_question_answer_id\":\"181\",\"quiz_question_id\":\"44\",\"title\":\"New York, USA\",\"is_correct\":\"1\"},{\"quiz_question_answer_id\":\"182\",\"quiz_question_id\":\"44\",\"title\":\"Hague (Netherlands)\",\"is_correct\":\"0\"},{\"quiz_question_answer_id\":\"183\",\"quiz_question_id\":\"44\",\"title\":\"Geneva\",\"is_correct\":\"0\"},{\"quiz_question_answer_id\":\"184\",\"quiz_question_id\":\"44\",\"title\":\"Paris\",\"is_correct\":\"0\"}]},{\"quiz_question_id\":\"45\",\"quiz_id\":\"3\",\"account_id\":null,\"title\":\"First International Peace Congress was held in London in\",\"image\":\"\",\"type\":\"radio\",\"order\":\"0\",\"created_at\":\"2020-12-24 02:38:31\",\"updated_at\":\"2020-12-24 02:38:31\",\"answers\":[{\"quiz_question_answer_id\":\"185\",\"quiz_question_id\":\"45\",\"title\":\"1564 AD\",\"is_correct\":\"0\"},{\"quiz_question_answer_id\":\"186\",\"quiz_question_id\":\"45\",\"title\":\"1798 AD\",\"is_correct\":\"0\"},{\"quiz_question_answer_id\":\"187\",\"quiz_question_id\":\"45\",\"title\":\"1843 AD\",\"is_correct\":\"1\"},{\"quiz_question_answer_id\":\"188\",\"quiz_question_id\":\"45\",\"title\":\"1901 AD\",\"is_correct\":\"0\"}]},{\"quiz_question_id\":\"46\",\"quiz_id\":\"3\",\"account_id\":null,\"title\":\"For galvanizing iron which of the following metals is used?\",\"image\":\"\",\"type\":\"radio\",\"order\":\"0\",\"created_at\":\"2020-12-24 02:38:31\",\"updated_at\":\"2020-12-24 02:38:31\",\"answers\":[{\"quiz_question_answer_id\":\"189\",\"quiz_question_id\":\"46\",\"title\":\"Aluminium\",\"is_correct\":\"0\"},{\"quiz_question_answer_id\":\"190\",\"quiz_question_id\":\"46\",\"title\":\"Copper\",\"is_correct\":\"0\"},{\"quiz_question_answer_id\":\"191\",\"quiz_question_id\":\"46\",\"title\":\"Lead\",\"is_correct\":\"0\"},{\"quiz_question_answer_id\":\"192\",\"quiz_question_id\":\"46\",\"title\":\"Zinc\",\"is_correct\":\"1\"}]},{\"quiz_question_id\":\"47\",\"quiz_id\":\"3\",\"account_id\":null,\"title\":\"For purifying drinking water alum is used\",\"image\":\"\",\"type\":\"radio\",\"order\":\"0\",\"created_at\":\"2020-12-24 02:38:31\",\"updated_at\":\"2020-12-24 02:38:31\",\"answers\":[{\"quiz_question_answer_id\":\"193\",\"quiz_question_id\":\"47\",\"title\":\"for coagulation of mud particles\",\"is_correct\":\"1\"},{\"quiz_question_answer_id\":\"194\",\"quiz_question_id\":\"47\",\"title\":\"to kill bacteria\",\"is_correct\":\"0\"},{\"quiz_question_answer_id\":\"195\",\"quiz_question_id\":\"47\",\"title\":\"to remove salts\",\"is_correct\":\"0\"},{\"quiz_question_answer_id\":\"196\",\"quiz_question_id\":\"47\",\"title\":\"to remove gases\",\"is_correct\":\"0\"}]},{\"quiz_question_id\":\"48\",\"quiz_id\":\"3\",\"account_id\":null,\"title\":\"In a normal human body, the total number of red blood cells is\",\"image\":\"\",\"type\":\"radio\",\"order\":\"0\",\"created_at\":\"2020-12-24 02:38:31\",\"updated_at\":\"2020-12-24 02:38:31\",\"answers\":[{\"quiz_question_answer_id\":\"197\",\"quiz_question_id\":\"48\",\"title\":\"15 trillion\",\"is_correct\":\"0\"},{\"quiz_question_answer_id\":\"198\",\"quiz_question_id\":\"48\",\"title\":\"20 trillion\",\"is_correct\":\"0\"},{\"quiz_question_answer_id\":\"199\",\"quiz_question_id\":\"48\",\"title\":\"25 trillion\",\"is_correct\":\"0\"},{\"quiz_question_answer_id\":\"200\",\"quiz_question_id\":\"48\",\"title\":\"30 trillion\",\"is_correct\":\"1\"}]},{\"quiz_question_id\":\"49\",\"quiz_id\":\"3\",\"account_id\":null,\"title\":\"In which season do we need more fat?\",\"image\":\"\",\"type\":\"radio\",\"order\":\"0\",\"created_at\":\"2020-12-24 02:38:31\",\"updated_at\":\"2020-12-24 02:38:31\",\"answers\":[{\"quiz_question_answer_id\":\"201\",\"quiz_question_id\":\"49\",\"title\":\"Rainy season\",\"is_correct\":\"0\"},{\"quiz_question_answer_id\":\"202\",\"quiz_question_id\":\"49\",\"title\":\"Spring\",\"is_correct\":\"0\"},{\"quiz_question_answer_id\":\"203\",\"quiz_question_id\":\"49\",\"title\":\"Winter\",\"is_correct\":\"1\"},{\"quiz_question_answer_id\":\"204\",\"quiz_question_id\":\"49\",\"title\":\"Summer\",\"is_correct\":\"0\"}]},{\"quiz_question_id\":\"50\",\"quiz_id\":\"3\",\"account_id\":null,\"title\":\"How many times has Brazil won the World Cup Football Championship?\",\"image\":\"\",\"type\":\"radio\",\"order\":\"0\",\"created_at\":\"2020-12-24 02:38:31\",\"updated_at\":\"2020-12-24 02:38:31\",\"answers\":[{\"quiz_question_answer_id\":\"205\",\"quiz_question_id\":\"50\",\"title\":\"Four times\",\"is_correct\":\"0\"},{\"quiz_question_answer_id\":\"206\",\"quiz_question_id\":\"50\",\"title\":\"Twice\",\"is_correct\":\"0\"},{\"quiz_question_answer_id\":\"207\",\"quiz_question_id\":\"50\",\"title\":\"Five times\",\"is_correct\":\"1\"},{\"quiz_question_answer_id\":\"208\",\"quiz_question_id\":\"50\",\"title\":\"Once\",\"is_correct\":\"0\"}]}]}', NULL, 15, 30, 3, 15, '2019-01-01 00:00:00', NULL);
INSERT INTO `ac_candidate_quizes` VALUES (19, 10, 1, 0, 'Marketing Position Quiz', '{\"quiz\":{\"quiz_id\":\"2\",\"quiz_category_id\":\"1\",\"account_id\":null,\"title\":\"Marketing Position Quiz\",\"description\":\"Lorem Ipsum is simply dummy text of the printing and typesetting industry. Lorem Ipsum has been the industry\'s standard dummy text ever since the 1500s, when an unknown printer took a galley of type and scrambled it to make a type specimen book. It has survived not only five centuries, but also the leap into electronic typesetting, remaining essentially unchanged.\",\"allowed_time\":\"30\",\"created_at\":\"2020-12-24 02:38:31\",\"updated_at\":\"2020-12-24 02:38:31\"},\"questions\":[{\"quiz_question_id\":\"21\",\"quiz_id\":\"2\",\"account_id\":null,\"title\":\"Good marketing is no accident, but a result of careful planning and ________\",\"image\":\"\",\"type\":\"radio\",\"order\":\"0\",\"created_at\":\"2020-12-24 02:38:31\",\"updated_at\":\"2020-12-24 02:38:31\",\"answers\":[{\"quiz_question_answer_id\":\"75\",\"quiz_question_id\":\"21\",\"title\":\"execution\",\"is_correct\":\"1\"},{\"quiz_question_answer_id\":\"76\",\"quiz_question_id\":\"21\",\"title\":\"selling\",\"is_correct\":\"0\"},{\"quiz_question_answer_id\":\"77\",\"quiz_question_id\":\"21\",\"title\":\"strategies\",\"is_correct\":\"0\"},{\"quiz_question_answer_id\":\"78\",\"quiz_question_id\":\"21\",\"title\":\"tactics\",\"is_correct\":\"0\"},{\"quiz_question_answer_id\":\"79\",\"quiz_question_id\":\"21\",\"title\":\"research\",\"is_correct\":\"0\"}]},{\"quiz_question_id\":\"22\",\"quiz_id\":\"2\",\"account_id\":null,\"title\":\"The most formal definition of marketing is ________\",\"image\":\"\",\"type\":\"radio\",\"order\":\"0\",\"created_at\":\"2020-12-24 02:38:31\",\"updated_at\":\"2020-12-24 02:38:31\",\"answers\":[{\"quiz_question_answer_id\":\"80\",\"quiz_question_id\":\"22\",\"title\":\"meeting needs profitably\",\"is_correct\":\"0\"},{\"quiz_question_answer_id\":\"81\",\"quiz_question_id\":\"22\",\"title\":\"identifying and meeting human and social needs\",\"is_correct\":\"0\"},{\"quiz_question_answer_id\":\"82\",\"quiz_question_id\":\"22\",\"title\":\"the 4Ps (Product, Price, Place, Promotion)\",\"is_correct\":\"0\"},{\"quiz_question_answer_id\":\"83\",\"quiz_question_id\":\"22\",\"title\":\"an organizational function and a set of processes for creating, communicating,and delivering, value \",\"is_correct\":\"1\"},{\"quiz_question_answer_id\":\"84\",\"quiz_question_id\":\"22\",\"title\":\"improving the quality of life for consumers\",\"is_correct\":\"0\"}]},{\"quiz_question_id\":\"23\",\"quiz_id\":\"2\",\"account_id\":null,\"title\":\"________ can be produced and marketed as a product.\",\"image\":\"\",\"type\":\"radio\",\"order\":\"0\",\"created_at\":\"2020-12-24 02:38:31\",\"updated_at\":\"2020-12-24 02:38:31\",\"answers\":[{\"quiz_question_answer_id\":\"85\",\"quiz_question_id\":\"23\",\"title\":\"Information\",\"is_correct\":\"1\"},{\"quiz_question_answer_id\":\"86\",\"quiz_question_id\":\"23\",\"title\":\"Celebrities\",\"is_correct\":\"0\"},{\"quiz_question_answer_id\":\"87\",\"quiz_question_id\":\"23\",\"title\":\"Durable goods\",\"is_correct\":\"0\"},{\"quiz_question_answer_id\":\"88\",\"quiz_question_id\":\"23\",\"title\":\"Organizations\",\"is_correct\":\"0\"},{\"quiz_question_answer_id\":\"89\",\"quiz_question_id\":\"23\",\"title\":\"Properties\",\"is_correct\":\"0\"}]},{\"quiz_question_id\":\"24\",\"quiz_id\":\"2\",\"account_id\":null,\"title\":\"The   ________   promises   to   lead   to   more   accurate   levels   of   production,   moretargeted communications, and more relevant pricing.\",\"image\":\"\",\"type\":\"radio\",\"order\":\"0\",\"created_at\":\"2020-12-24 02:38:31\",\"updated_at\":\"2020-12-24 02:38:31\",\"answers\":[{\"quiz_question_answer_id\":\"90\",\"quiz_question_id\":\"24\",\"title\":\"Age of Globalization\",\"is_correct\":\"0\"},{\"quiz_question_answer_id\":\"91\",\"quiz_question_id\":\"24\",\"title\":\"Age of Deregulation\",\"is_correct\":\"0\"},{\"quiz_question_answer_id\":\"92\",\"quiz_question_id\":\"24\",\"title\":\"Industrial Age\",\"is_correct\":\"0\"},{\"quiz_question_answer_id\":\"93\",\"quiz_question_id\":\"24\",\"title\":\"Information Ag\",\"is_correct\":\"1\"},{\"quiz_question_answer_id\":\"94\",\"quiz_question_id\":\"24\",\"title\":\"Production Age\",\"is_correct\":\"0\"}]},{\"quiz_question_id\":\"25\",\"quiz_id\":\"2\",\"account_id\":null,\"title\":\"Marketers often use the term ________ to cover various groupings of customers.\",\"image\":\"\",\"type\":\"radio\",\"order\":\"0\",\"created_at\":\"2020-12-24 02:38:31\",\"updated_at\":\"2020-12-24 02:38:31\",\"answers\":[{\"quiz_question_answer_id\":\"95\",\"quiz_question_id\":\"25\",\"title\":\"people\",\"is_correct\":\"0\"},{\"quiz_question_answer_id\":\"96\",\"quiz_question_id\":\"25\",\"title\":\"buying power\",\"is_correct\":\"0\"},{\"quiz_question_answer_id\":\"97\",\"quiz_question_id\":\"25\",\"title\":\"demographic segment\",\"is_correct\":\"0\"},{\"quiz_question_answer_id\":\"98\",\"quiz_question_id\":\"25\",\"title\":\"social class position\",\"is_correct\":\"0\"},{\"quiz_question_answer_id\":\"99\",\"quiz_question_id\":\"25\",\"title\":\"market\",\"is_correct\":\"1\"}]},{\"quiz_question_id\":\"26\",\"quiz_id\":\"2\",\"account_id\":null,\"title\":\"Customers are showing greater price sensitivity in their search for ________\",\"image\":\"\",\"type\":\"radio\",\"order\":\"0\",\"created_at\":\"2020-12-24 02:38:31\",\"updated_at\":\"2020-12-24 02:38:31\",\"answers\":[{\"quiz_question_answer_id\":\"100\",\"quiz_question_id\":\"26\",\"title\":\"The right product\",\"is_correct\":\"0\"},{\"quiz_question_answer_id\":\"101\",\"quiz_question_id\":\"26\",\"title\":\"The right service\",\"is_correct\":\"0\"},{\"quiz_question_answer_id\":\"102\",\"quiz_question_id\":\"26\",\"title\":\"The right store\",\"is_correct\":\"0\"},{\"quiz_question_answer_id\":\"103\",\"quiz_question_id\":\"26\",\"title\":\"Value\",\"is_correct\":\"1\"},{\"quiz_question_answer_id\":\"104\",\"quiz_question_id\":\"26\",\"title\":\"Relationships\",\"is_correct\":\"0\"}]},{\"quiz_question_id\":\"27\",\"quiz_id\":\"2\",\"account_id\":null,\"title\":\"The ________ concept holds that consumers will favor those products that offerthe most quality, performance, or innovative features.\",\"image\":\"\",\"type\":\"radio\",\"order\":\"0\",\"created_at\":\"2020-12-24 02:38:31\",\"updated_at\":\"2020-12-24 02:38:31\",\"answers\":[{\"quiz_question_answer_id\":\"105\",\"quiz_question_id\":\"27\",\"title\":\"product\",\"is_correct\":\"1\"},{\"quiz_question_answer_id\":\"106\",\"quiz_question_id\":\"27\",\"title\":\"marketing\",\"is_correct\":\"0\"},{\"quiz_question_answer_id\":\"107\",\"quiz_question_id\":\"27\",\"title\":\"production\",\"is_correct\":\"0\"},{\"quiz_question_answer_id\":\"108\",\"quiz_question_id\":\"27\",\"title\":\"selling\",\"is_correct\":\"0\"},{\"quiz_question_answer_id\":\"109\",\"quiz_question_id\":\"27\",\"title\":\"holistic marketing\",\"is_correct\":\"0\"}]},{\"quiz_question_id\":\"28\",\"quiz_id\":\"2\",\"account_id\":null,\"title\":\"The ________ concept holds that consumers and businesses, if left alone, willordinarily not buy enough of the organization\\u2019s products.\",\"image\":\"\",\"type\":\"radio\",\"order\":\"0\",\"created_at\":\"2020-12-24 02:38:31\",\"updated_at\":\"2020-12-24 02:38:31\",\"answers\":[{\"quiz_question_answer_id\":\"110\",\"quiz_question_id\":\"28\",\"title\":\"production\",\"is_correct\":\"0\"},{\"quiz_question_answer_id\":\"111\",\"quiz_question_id\":\"28\",\"title\":\"selling\",\"is_correct\":\"1\"},{\"quiz_question_answer_id\":\"112\",\"quiz_question_id\":\"28\",\"title\":\"marketing\",\"is_correct\":\"0\"},{\"quiz_question_answer_id\":\"113\",\"quiz_question_id\":\"28\",\"title\":\"product\",\"is_correct\":\"0\"},{\"quiz_question_answer_id\":\"114\",\"quiz_question_id\":\"28\",\"title\":\"holistic marketing\",\"is_correct\":\"0\"}]},{\"quiz_question_id\":\"29\",\"quiz_id\":\"2\",\"account_id\":null,\"title\":\"In the course of converting to a marketing orientation, a company faces threehurdles\\u2014________.\",\"image\":\"\",\"type\":\"radio\",\"order\":\"0\",\"created_at\":\"2020-12-24 02:38:31\",\"updated_at\":\"2020-12-24 02:38:31\",\"answers\":[{\"quiz_question_answer_id\":\"115\",\"quiz_question_id\":\"29\",\"title\":\"organized resistance, slow learning, and fast forgetting\",\"is_correct\":\"1\"},{\"quiz_question_answer_id\":\"116\",\"quiz_question_id\":\"29\",\"title\":\"management, customer reaction, competitive response\",\"is_correct\":\"0\"},{\"quiz_question_answer_id\":\"117\",\"quiz_question_id\":\"29\",\"title\":\"decreased profits, increased R&D, additional distribution\",\"is_correct\":\"0\"},{\"quiz_question_answer_id\":\"118\",\"quiz_question_id\":\"29\",\"title\":\"forecasted demand, increased sales expense, increased inventory costs\",\"is_correct\":\"0\"},{\"quiz_question_answer_id\":\"119\",\"quiz_question_id\":\"29\",\"title\":\"customer focus, profitability, slow learning\",\"is_correct\":\"0\"}]},{\"quiz_question_id\":\"30\",\"quiz_id\":\"2\",\"account_id\":null,\"title\":\"Marketers argue for a ________ in which all functions work together to respondto, serve, and satisfy the customer.\",\"image\":\"\",\"type\":\"radio\",\"order\":\"0\",\"created_at\":\"2020-12-24 02:38:31\",\"updated_at\":\"2020-12-24 02:38:31\",\"answers\":[{\"quiz_question_answer_id\":\"120\",\"quiz_question_id\":\"30\",\"title\":\"cross-functional team orientation\",\"is_correct\":\"0\"},{\"quiz_question_answer_id\":\"121\",\"quiz_question_id\":\"30\",\"title\":\"collaboration model\",\"is_correct\":\"0\"},{\"quiz_question_answer_id\":\"122\",\"quiz_question_id\":\"30\",\"title\":\"customer orientation\",\"is_correct\":\"1\"},{\"quiz_question_answer_id\":\"123\",\"quiz_question_id\":\"30\",\"title\":\"management-driven organization\",\"is_correct\":\"0\"},{\"quiz_question_answer_id\":\"124\",\"quiz_question_id\":\"30\",\"title\":\"total quality model\",\"is_correct\":\"0\"}]},{\"quiz_question_id\":\"31\",\"quiz_id\":\"2\",\"account_id\":null,\"title\":\"One traditional depiction of marketing activities is in terms of the marketing mixor four Ps. The four Ps are characterized as being ________.\",\"image\":\"\",\"type\":\"radio\",\"order\":\"0\",\"created_at\":\"2020-12-24 02:38:31\",\"updated_at\":\"2020-12-24 02:38:31\",\"answers\":[{\"quiz_question_answer_id\":\"125\",\"quiz_question_id\":\"31\",\"title\":\"product, positioning, place, and price\",\"is_correct\":\"0\"},{\"quiz_question_answer_id\":\"126\",\"quiz_question_id\":\"31\",\"title\":\"product, production, price, and place\",\"is_correct\":\"0\"},{\"quiz_question_answer_id\":\"127\",\"quiz_question_id\":\"31\",\"title\":\"promotion, place, positioning, and price\",\"is_correct\":\"0\"},{\"quiz_question_answer_id\":\"128\",\"quiz_question_id\":\"31\",\"title\":\"place, promotion, production, and positioning\",\"is_correct\":\"0\"},{\"quiz_question_answer_id\":\"129\",\"quiz_question_id\":\"31\",\"title\":\"product, price, promotion, and place\",\"is_correct\":\"1\"}]},{\"quiz_question_id\":\"32\",\"quiz_id\":\"2\",\"account_id\":null,\"title\":\"Marketing is not a department so much as a ________.\",\"image\":\"\",\"type\":\"radio\",\"order\":\"0\",\"created_at\":\"2020-12-24 02:38:31\",\"updated_at\":\"2020-12-24 02:38:31\",\"answers\":[{\"quiz_question_answer_id\":\"130\",\"quiz_question_id\":\"32\",\"title\":\"company orientation\",\"is_correct\":\"1\"},{\"quiz_question_answer_id\":\"131\",\"quiz_question_id\":\"32\",\"title\":\"philosophy\",\"is_correct\":\"0\"},{\"quiz_question_answer_id\":\"132\",\"quiz_question_id\":\"32\",\"title\":\"function\",\"is_correct\":\"0\"},{\"quiz_question_answer_id\":\"133\",\"quiz_question_id\":\"32\",\"title\":\"branch of management\",\"is_correct\":\"0\"},{\"quiz_question_answer_id\":\"134\",\"quiz_question_id\":\"32\",\"title\":\"branch of economics\",\"is_correct\":\"0\"}]},{\"quiz_question_id\":\"33\",\"quiz_id\":\"2\",\"account_id\":null,\"title\":\"When a customer has a(n) ________ need he\\/she wants a car whose operatingcost, not its initial price, is low.\",\"image\":\"\",\"type\":\"radio\",\"order\":\"0\",\"created_at\":\"2020-12-24 02:38:31\",\"updated_at\":\"2020-12-24 02:38:31\",\"answers\":[{\"quiz_question_answer_id\":\"135\",\"quiz_question_id\":\"33\",\"title\":\"stated\",\"is_correct\":\"0\"},{\"quiz_question_answer_id\":\"136\",\"quiz_question_id\":\"33\",\"title\":\"real\",\"is_correct\":\"1\"},{\"quiz_question_answer_id\":\"137\",\"quiz_question_id\":\"33\",\"title\":\"unstated\",\"is_correct\":\"0\"},{\"quiz_question_answer_id\":\"138\",\"quiz_question_id\":\"33\",\"title\":\"delight\",\"is_correct\":\"0\"},{\"quiz_question_answer_id\":\"139\",\"quiz_question_id\":\"33\",\"title\":\"secret\",\"is_correct\":\"0\"}]},{\"quiz_question_id\":\"34\",\"quiz_id\":\"2\",\"account_id\":null,\"title\":\"When a  customer has  a(n)  ________  need the  customer  wants  to  be seen   byfriends as a savvy consumer.\",\"image\":\"\",\"type\":\"radio\",\"order\":\"0\",\"created_at\":\"2020-12-24 02:38:31\",\"updated_at\":\"2020-12-24 02:38:31\",\"answers\":[{\"quiz_question_answer_id\":\"140\",\"quiz_question_id\":\"34\",\"title\":\"real\",\"is_correct\":\"0\"},{\"quiz_question_answer_id\":\"141\",\"quiz_question_id\":\"34\",\"title\":\"unstated\",\"is_correct\":\"0\"},{\"quiz_question_answer_id\":\"142\",\"quiz_question_id\":\"34\",\"title\":\"delight\",\"is_correct\":\"0\"},{\"quiz_question_answer_id\":\"143\",\"quiz_question_id\":\"34\",\"title\":\"secret\",\"is_correct\":\"1\"},{\"quiz_question_answer_id\":\"144\",\"quiz_question_id\":\"34\",\"title\":\"stated\",\"is_correct\":\"0\"}]},{\"quiz_question_id\":\"35\",\"quiz_id\":\"2\",\"account_id\":null,\"title\":\"________  reflects   the   perceived   tangible   and   intangible   benefits   and   costs   tocustomers.\",\"image\":\"\",\"type\":\"radio\",\"order\":\"0\",\"created_at\":\"2020-12-24 02:38:31\",\"updated_at\":\"2020-12-24 02:38:31\",\"answers\":[{\"quiz_question_answer_id\":\"145\",\"quiz_question_id\":\"35\",\"title\":\"Loyalty\",\"is_correct\":\"0\"},{\"quiz_question_answer_id\":\"146\",\"quiz_question_id\":\"35\",\"title\":\"Satisfaction\",\"is_correct\":\"0\"},{\"quiz_question_answer_id\":\"147\",\"quiz_question_id\":\"35\",\"title\":\"Value\",\"is_correct\":\"1\"},{\"quiz_question_answer_id\":\"148\",\"quiz_question_id\":\"35\",\"title\":\"Expectations\",\"is_correct\":\"0\"},{\"quiz_question_answer_id\":\"149\",\"quiz_question_id\":\"35\",\"title\":\"Comparison shopping\",\"is_correct\":\"0\"}]}]}', NULL, 15, 30, 11, 15, '2019-01-01 00:00:00', NULL);
INSERT INTO `ac_candidate_quizes` VALUES (20, 10, 1, 0, 'General Knowledge Quiz', '{\"quiz\":{\"quiz_id\":\"3\",\"quiz_category_id\":\"4\",\"account_id\":null,\"title\":\"General Knowledge Quiz\",\"description\":\"Lorem Ipsum is simply dummy text of the printing and typesetting industry. Lorem Ipsum has been the industry\'s standard dummy text ever since the 1500s, when an unknown printer took a galley of type and scrambled it to make a type specimen book. It has survived not only five centuries, but also the leap into electronic typesetting, remaining essentially unchanged.\",\"allowed_time\":\"30\",\"created_at\":\"2020-12-24 02:38:31\",\"updated_at\":\"2020-12-24 02:38:31\"},\"questions\":[{\"quiz_question_id\":\"36\",\"quiz_id\":\"3\",\"account_id\":null,\"title\":\"Entomology is the science that studies\",\"image\":\"\",\"type\":\"radio\",\"order\":\"0\",\"created_at\":\"2020-12-24 02:38:31\",\"updated_at\":\"2020-12-24 02:38:31\",\"answers\":[{\"quiz_question_answer_id\":\"150\",\"quiz_question_id\":\"36\",\"title\":\"Behavior of human beings\",\"is_correct\":\"0\"},{\"quiz_question_answer_id\":\"151\",\"quiz_question_id\":\"36\",\"title\":\"Insects\",\"is_correct\":\"1\"},{\"quiz_question_answer_id\":\"152\",\"quiz_question_id\":\"36\",\"title\":\"The origin and history of technical and scientific terms\",\"is_correct\":\"0\"},{\"quiz_question_answer_id\":\"153\",\"quiz_question_id\":\"36\",\"title\":\"The formation of rocks\",\"is_correct\":\"0\"}]},{\"quiz_question_id\":\"37\",\"quiz_id\":\"3\",\"account_id\":null,\"title\":\"For which of the following disciplines is Nobel Prize awarded?\",\"image\":\"\",\"type\":\"checkbox\",\"order\":\"0\",\"created_at\":\"2020-12-24 02:38:31\",\"updated_at\":\"2020-12-24 02:38:31\",\"answers\":[{\"quiz_question_answer_id\":\"154\",\"quiz_question_id\":\"37\",\"title\":\"Physics and Chemistry\",\"is_correct\":\"1\"},{\"quiz_question_answer_id\":\"155\",\"quiz_question_id\":\"37\",\"title\":\"Physiology or Medicine\",\"is_correct\":\"1\"},{\"quiz_question_answer_id\":\"156\",\"quiz_question_id\":\"37\",\"title\":\"Literature, Peace and Economics\",\"is_correct\":\"1\"}]},{\"quiz_question_id\":\"38\",\"quiz_id\":\"3\",\"account_id\":null,\"title\":\"Galileo was an Italian astronomer who\",\"image\":\"\",\"type\":\"radio\",\"order\":\"0\",\"created_at\":\"2020-12-24 02:38:31\",\"updated_at\":\"2020-12-24 02:38:31\",\"answers\":[{\"quiz_question_answer_id\":\"157\",\"quiz_question_id\":\"38\",\"title\":\"developed the telescope\",\"is_correct\":\"0\"},{\"quiz_question_answer_id\":\"158\",\"quiz_question_id\":\"38\",\"title\":\"discovered four satellites of Jupiter\",\"is_correct\":\"0\"},{\"quiz_question_answer_id\":\"159\",\"quiz_question_id\":\"38\",\"title\":\"discovered that the movement of pendulum produces a regular time measurement\",\"is_correct\":\"0\"},{\"quiz_question_answer_id\":\"160\",\"quiz_question_id\":\"38\",\"title\":\"All of the above\",\"is_correct\":\"1\"}]},{\"quiz_question_id\":\"39\",\"quiz_id\":\"3\",\"account_id\":null,\"title\":\"Exposure to sunlight helps a person improve his health because\",\"image\":\"\",\"type\":\"radio\",\"order\":\"0\",\"created_at\":\"2020-12-24 02:38:31\",\"updated_at\":\"2020-12-24 02:38:31\",\"answers\":[{\"quiz_question_answer_id\":\"161\",\"quiz_question_id\":\"39\",\"title\":\"the infrared light kills bacteria in the body\",\"is_correct\":\"0\"},{\"quiz_question_answer_id\":\"162\",\"quiz_question_id\":\"39\",\"title\":\"resistance power increases\",\"is_correct\":\"0\"},{\"quiz_question_answer_id\":\"163\",\"quiz_question_id\":\"39\",\"title\":\"the pigment cells in the skin get stimulated and produce a healthy tan\",\"is_correct\":\"0\"},{\"quiz_question_answer_id\":\"164\",\"quiz_question_id\":\"39\",\"title\":\"the ultraviolet rays convert skin oil into Vitamin D\",\"is_correct\":\"1\"}]},{\"quiz_question_id\":\"40\",\"quiz_id\":\"3\",\"account_id\":null,\"title\":\"For the Olympics and World Tournaments, the dimensions of basketball court are\",\"image\":\"\",\"type\":\"radio\",\"order\":\"0\",\"created_at\":\"2020-12-24 02:38:31\",\"updated_at\":\"2020-12-24 02:38:31\",\"answers\":[{\"quiz_question_answer_id\":\"165\",\"quiz_question_id\":\"40\",\"title\":\"26 m x 14 m\",\"is_correct\":\"0\"},{\"quiz_question_answer_id\":\"166\",\"quiz_question_id\":\"40\",\"title\":\"28 m x 15 m\",\"is_correct\":\"1\"},{\"quiz_question_answer_id\":\"167\",\"quiz_question_id\":\"40\",\"title\":\"27 m x 16 m\",\"is_correct\":\"0\"},{\"quiz_question_answer_id\":\"168\",\"quiz_question_id\":\"40\",\"title\":\"28 m x 16 m\",\"is_correct\":\"0\"}]},{\"quiz_question_id\":\"41\",\"quiz_id\":\"3\",\"account_id\":null,\"title\":\"Friction can be reduced by changing from\",\"image\":\"\",\"type\":\"radio\",\"order\":\"0\",\"created_at\":\"2020-12-24 02:38:31\",\"updated_at\":\"2020-12-24 02:38:31\",\"answers\":[{\"quiz_question_answer_id\":\"169\",\"quiz_question_id\":\"41\",\"title\":\"sliding to rolling\",\"is_correct\":\"1\"},{\"quiz_question_answer_id\":\"170\",\"quiz_question_id\":\"41\",\"title\":\"rolling to sliding\",\"is_correct\":\"0\"},{\"quiz_question_answer_id\":\"171\",\"quiz_question_id\":\"41\",\"title\":\"potential energy to kinetic energy\",\"is_correct\":\"0\"},{\"quiz_question_answer_id\":\"172\",\"quiz_question_id\":\"41\",\"title\":\"dynamic to static\",\"is_correct\":\"0\"}]},{\"quiz_question_id\":\"42\",\"quiz_id\":\"3\",\"account_id\":null,\"title\":\"Ecology deals with\",\"image\":\"\",\"type\":\"radio\",\"order\":\"0\",\"created_at\":\"2020-12-24 02:38:31\",\"updated_at\":\"2020-12-24 02:38:31\",\"answers\":[{\"quiz_question_answer_id\":\"173\",\"quiz_question_id\":\"42\",\"title\":\"Birds\",\"is_correct\":\"0\"},{\"quiz_question_answer_id\":\"174\",\"quiz_question_id\":\"42\",\"title\":\"Cell formation\",\"is_correct\":\"0\"},{\"quiz_question_answer_id\":\"175\",\"quiz_question_id\":\"42\",\"title\":\"Relation between organisms and their environment\",\"is_correct\":\"1\"},{\"quiz_question_answer_id\":\"176\",\"quiz_question_id\":\"42\",\"title\":\"Tissues\",\"is_correct\":\"0\"}]},{\"quiz_question_id\":\"43\",\"quiz_id\":\"3\",\"account_id\":null,\"title\":\"Durand Cup is associated with the game of\",\"image\":\"\",\"type\":\"radio\",\"order\":\"0\",\"created_at\":\"2020-12-24 02:38:31\",\"updated_at\":\"2020-12-24 02:38:31\",\"answers\":[{\"quiz_question_answer_id\":\"177\",\"quiz_question_id\":\"43\",\"title\":\"Cricket\",\"is_correct\":\"0\"},{\"quiz_question_answer_id\":\"178\",\"quiz_question_id\":\"43\",\"title\":\"Football\",\"is_correct\":\"1\"},{\"quiz_question_answer_id\":\"179\",\"quiz_question_id\":\"43\",\"title\":\"Hockey\",\"is_correct\":\"0\"},{\"quiz_question_answer_id\":\"180\",\"quiz_question_id\":\"43\",\"title\":\"Volleyball\",\"is_correct\":\"0\"}]},{\"quiz_question_id\":\"44\",\"quiz_id\":\"3\",\"account_id\":null,\"title\":\"Headquarters of UNO are situated at\",\"image\":\"\",\"type\":\"radio\",\"order\":\"0\",\"created_at\":\"2020-12-24 02:38:31\",\"updated_at\":\"2020-12-24 02:38:31\",\"answers\":[{\"quiz_question_answer_id\":\"181\",\"quiz_question_id\":\"44\",\"title\":\"New York, USA\",\"is_correct\":\"1\"},{\"quiz_question_answer_id\":\"182\",\"quiz_question_id\":\"44\",\"title\":\"Hague (Netherlands)\",\"is_correct\":\"0\"},{\"quiz_question_answer_id\":\"183\",\"quiz_question_id\":\"44\",\"title\":\"Geneva\",\"is_correct\":\"0\"},{\"quiz_question_answer_id\":\"184\",\"quiz_question_id\":\"44\",\"title\":\"Paris\",\"is_correct\":\"0\"}]},{\"quiz_question_id\":\"45\",\"quiz_id\":\"3\",\"account_id\":null,\"title\":\"First International Peace Congress was held in London in\",\"image\":\"\",\"type\":\"radio\",\"order\":\"0\",\"created_at\":\"2020-12-24 02:38:31\",\"updated_at\":\"2020-12-24 02:38:31\",\"answers\":[{\"quiz_question_answer_id\":\"185\",\"quiz_question_id\":\"45\",\"title\":\"1564 AD\",\"is_correct\":\"0\"},{\"quiz_question_answer_id\":\"186\",\"quiz_question_id\":\"45\",\"title\":\"1798 AD\",\"is_correct\":\"0\"},{\"quiz_question_answer_id\":\"187\",\"quiz_question_id\":\"45\",\"title\":\"1843 AD\",\"is_correct\":\"1\"},{\"quiz_question_answer_id\":\"188\",\"quiz_question_id\":\"45\",\"title\":\"1901 AD\",\"is_correct\":\"0\"}]},{\"quiz_question_id\":\"46\",\"quiz_id\":\"3\",\"account_id\":null,\"title\":\"For galvanizing iron which of the following metals is used?\",\"image\":\"\",\"type\":\"radio\",\"order\":\"0\",\"created_at\":\"2020-12-24 02:38:31\",\"updated_at\":\"2020-12-24 02:38:31\",\"answers\":[{\"quiz_question_answer_id\":\"189\",\"quiz_question_id\":\"46\",\"title\":\"Aluminium\",\"is_correct\":\"0\"},{\"quiz_question_answer_id\":\"190\",\"quiz_question_id\":\"46\",\"title\":\"Copper\",\"is_correct\":\"0\"},{\"quiz_question_answer_id\":\"191\",\"quiz_question_id\":\"46\",\"title\":\"Lead\",\"is_correct\":\"0\"},{\"quiz_question_answer_id\":\"192\",\"quiz_question_id\":\"46\",\"title\":\"Zinc\",\"is_correct\":\"1\"}]},{\"quiz_question_id\":\"47\",\"quiz_id\":\"3\",\"account_id\":null,\"title\":\"For purifying drinking water alum is used\",\"image\":\"\",\"type\":\"radio\",\"order\":\"0\",\"created_at\":\"2020-12-24 02:38:31\",\"updated_at\":\"2020-12-24 02:38:31\",\"answers\":[{\"quiz_question_answer_id\":\"193\",\"quiz_question_id\":\"47\",\"title\":\"for coagulation of mud particles\",\"is_correct\":\"1\"},{\"quiz_question_answer_id\":\"194\",\"quiz_question_id\":\"47\",\"title\":\"to kill bacteria\",\"is_correct\":\"0\"},{\"quiz_question_answer_id\":\"195\",\"quiz_question_id\":\"47\",\"title\":\"to remove salts\",\"is_correct\":\"0\"},{\"quiz_question_answer_id\":\"196\",\"quiz_question_id\":\"47\",\"title\":\"to remove gases\",\"is_correct\":\"0\"}]},{\"quiz_question_id\":\"48\",\"quiz_id\":\"3\",\"account_id\":null,\"title\":\"In a normal human body, the total number of red blood cells is\",\"image\":\"\",\"type\":\"radio\",\"order\":\"0\",\"created_at\":\"2020-12-24 02:38:31\",\"updated_at\":\"2020-12-24 02:38:31\",\"answers\":[{\"quiz_question_answer_id\":\"197\",\"quiz_question_id\":\"48\",\"title\":\"15 trillion\",\"is_correct\":\"0\"},{\"quiz_question_answer_id\":\"198\",\"quiz_question_id\":\"48\",\"title\":\"20 trillion\",\"is_correct\":\"0\"},{\"quiz_question_answer_id\":\"199\",\"quiz_question_id\":\"48\",\"title\":\"25 trillion\",\"is_correct\":\"0\"},{\"quiz_question_answer_id\":\"200\",\"quiz_question_id\":\"48\",\"title\":\"30 trillion\",\"is_correct\":\"1\"}]},{\"quiz_question_id\":\"49\",\"quiz_id\":\"3\",\"account_id\":null,\"title\":\"In which season do we need more fat?\",\"image\":\"\",\"type\":\"radio\",\"order\":\"0\",\"created_at\":\"2020-12-24 02:38:31\",\"updated_at\":\"2020-12-24 02:38:31\",\"answers\":[{\"quiz_question_answer_id\":\"201\",\"quiz_question_id\":\"49\",\"title\":\"Rainy season\",\"is_correct\":\"0\"},{\"quiz_question_answer_id\":\"202\",\"quiz_question_id\":\"49\",\"title\":\"Spring\",\"is_correct\":\"0\"},{\"quiz_question_answer_id\":\"203\",\"quiz_question_id\":\"49\",\"title\":\"Winter\",\"is_correct\":\"1\"},{\"quiz_question_answer_id\":\"204\",\"quiz_question_id\":\"49\",\"title\":\"Summer\",\"is_correct\":\"0\"}]},{\"quiz_question_id\":\"50\",\"quiz_id\":\"3\",\"account_id\":null,\"title\":\"How many times has Brazil won the World Cup Football Championship?\",\"image\":\"\",\"type\":\"radio\",\"order\":\"0\",\"created_at\":\"2020-12-24 02:38:31\",\"updated_at\":\"2020-12-24 02:38:31\",\"answers\":[{\"quiz_question_answer_id\":\"205\",\"quiz_question_id\":\"50\",\"title\":\"Four times\",\"is_correct\":\"0\"},{\"quiz_question_answer_id\":\"206\",\"quiz_question_id\":\"50\",\"title\":\"Twice\",\"is_correct\":\"0\"},{\"quiz_question_answer_id\":\"207\",\"quiz_question_id\":\"50\",\"title\":\"Five times\",\"is_correct\":\"1\"},{\"quiz_question_answer_id\":\"208\",\"quiz_question_id\":\"50\",\"title\":\"Once\",\"is_correct\":\"0\"}]}]}', NULL, 15, 30, 6, 15, '2019-01-01 00:00:00', NULL);
INSERT INTO `ac_candidate_quizes` VALUES (21, 11, 1, 0, 'Marketing Position Quiz', '{\"quiz\":{\"quiz_id\":\"2\",\"quiz_category_id\":\"1\",\"account_id\":null,\"title\":\"Marketing Position Quiz\",\"description\":\"Lorem Ipsum is simply dummy text of the printing and typesetting industry. Lorem Ipsum has been the industry\'s standard dummy text ever since the 1500s, when an unknown printer took a galley of type and scrambled it to make a type specimen book. It has survived not only five centuries, but also the leap into electronic typesetting, remaining essentially unchanged.\",\"allowed_time\":\"30\",\"created_at\":\"2020-12-24 02:38:31\",\"updated_at\":\"2020-12-24 02:38:31\"},\"questions\":[{\"quiz_question_id\":\"21\",\"quiz_id\":\"2\",\"account_id\":null,\"title\":\"Good marketing is no accident, but a result of careful planning and ________\",\"image\":\"\",\"type\":\"radio\",\"order\":\"0\",\"created_at\":\"2020-12-24 02:38:31\",\"updated_at\":\"2020-12-24 02:38:31\",\"answers\":[{\"quiz_question_answer_id\":\"75\",\"quiz_question_id\":\"21\",\"title\":\"execution\",\"is_correct\":\"1\"},{\"quiz_question_answer_id\":\"76\",\"quiz_question_id\":\"21\",\"title\":\"selling\",\"is_correct\":\"0\"},{\"quiz_question_answer_id\":\"77\",\"quiz_question_id\":\"21\",\"title\":\"strategies\",\"is_correct\":\"0\"},{\"quiz_question_answer_id\":\"78\",\"quiz_question_id\":\"21\",\"title\":\"tactics\",\"is_correct\":\"0\"},{\"quiz_question_answer_id\":\"79\",\"quiz_question_id\":\"21\",\"title\":\"research\",\"is_correct\":\"0\"}]},{\"quiz_question_id\":\"22\",\"quiz_id\":\"2\",\"account_id\":null,\"title\":\"The most formal definition of marketing is ________\",\"image\":\"\",\"type\":\"radio\",\"order\":\"0\",\"created_at\":\"2020-12-24 02:38:31\",\"updated_at\":\"2020-12-24 02:38:31\",\"answers\":[{\"quiz_question_answer_id\":\"80\",\"quiz_question_id\":\"22\",\"title\":\"meeting needs profitably\",\"is_correct\":\"0\"},{\"quiz_question_answer_id\":\"81\",\"quiz_question_id\":\"22\",\"title\":\"identifying and meeting human and social needs\",\"is_correct\":\"0\"},{\"quiz_question_answer_id\":\"82\",\"quiz_question_id\":\"22\",\"title\":\"the 4Ps (Product, Price, Place, Promotion)\",\"is_correct\":\"0\"},{\"quiz_question_answer_id\":\"83\",\"quiz_question_id\":\"22\",\"title\":\"an organizational function and a set of processes for creating, communicating,and delivering, value \",\"is_correct\":\"1\"},{\"quiz_question_answer_id\":\"84\",\"quiz_question_id\":\"22\",\"title\":\"improving the quality of life for consumers\",\"is_correct\":\"0\"}]},{\"quiz_question_id\":\"23\",\"quiz_id\":\"2\",\"account_id\":null,\"title\":\"________ can be produced and marketed as a product.\",\"image\":\"\",\"type\":\"radio\",\"order\":\"0\",\"created_at\":\"2020-12-24 02:38:31\",\"updated_at\":\"2020-12-24 02:38:31\",\"answers\":[{\"quiz_question_answer_id\":\"85\",\"quiz_question_id\":\"23\",\"title\":\"Information\",\"is_correct\":\"1\"},{\"quiz_question_answer_id\":\"86\",\"quiz_question_id\":\"23\",\"title\":\"Celebrities\",\"is_correct\":\"0\"},{\"quiz_question_answer_id\":\"87\",\"quiz_question_id\":\"23\",\"title\":\"Durable goods\",\"is_correct\":\"0\"},{\"quiz_question_answer_id\":\"88\",\"quiz_question_id\":\"23\",\"title\":\"Organizations\",\"is_correct\":\"0\"},{\"quiz_question_answer_id\":\"89\",\"quiz_question_id\":\"23\",\"title\":\"Properties\",\"is_correct\":\"0\"}]},{\"quiz_question_id\":\"24\",\"quiz_id\":\"2\",\"account_id\":null,\"title\":\"The   ________   promises   to   lead   to   more   accurate   levels   of   production,   moretargeted communications, and more relevant pricing.\",\"image\":\"\",\"type\":\"radio\",\"order\":\"0\",\"created_at\":\"2020-12-24 02:38:31\",\"updated_at\":\"2020-12-24 02:38:31\",\"answers\":[{\"quiz_question_answer_id\":\"90\",\"quiz_question_id\":\"24\",\"title\":\"Age of Globalization\",\"is_correct\":\"0\"},{\"quiz_question_answer_id\":\"91\",\"quiz_question_id\":\"24\",\"title\":\"Age of Deregulation\",\"is_correct\":\"0\"},{\"quiz_question_answer_id\":\"92\",\"quiz_question_id\":\"24\",\"title\":\"Industrial Age\",\"is_correct\":\"0\"},{\"quiz_question_answer_id\":\"93\",\"quiz_question_id\":\"24\",\"title\":\"Information Ag\",\"is_correct\":\"1\"},{\"quiz_question_answer_id\":\"94\",\"quiz_question_id\":\"24\",\"title\":\"Production Age\",\"is_correct\":\"0\"}]},{\"quiz_question_id\":\"25\",\"quiz_id\":\"2\",\"account_id\":null,\"title\":\"Marketers often use the term ________ to cover various groupings of customers.\",\"image\":\"\",\"type\":\"radio\",\"order\":\"0\",\"created_at\":\"2020-12-24 02:38:31\",\"updated_at\":\"2020-12-24 02:38:31\",\"answers\":[{\"quiz_question_answer_id\":\"95\",\"quiz_question_id\":\"25\",\"title\":\"people\",\"is_correct\":\"0\"},{\"quiz_question_answer_id\":\"96\",\"quiz_question_id\":\"25\",\"title\":\"buying power\",\"is_correct\":\"0\"},{\"quiz_question_answer_id\":\"97\",\"quiz_question_id\":\"25\",\"title\":\"demographic segment\",\"is_correct\":\"0\"},{\"quiz_question_answer_id\":\"98\",\"quiz_question_id\":\"25\",\"title\":\"social class position\",\"is_correct\":\"0\"},{\"quiz_question_answer_id\":\"99\",\"quiz_question_id\":\"25\",\"title\":\"market\",\"is_correct\":\"1\"}]},{\"quiz_question_id\":\"26\",\"quiz_id\":\"2\",\"account_id\":null,\"title\":\"Customers are showing greater price sensitivity in their search for ________\",\"image\":\"\",\"type\":\"radio\",\"order\":\"0\",\"created_at\":\"2020-12-24 02:38:31\",\"updated_at\":\"2020-12-24 02:38:31\",\"answers\":[{\"quiz_question_answer_id\":\"100\",\"quiz_question_id\":\"26\",\"title\":\"The right product\",\"is_correct\":\"0\"},{\"quiz_question_answer_id\":\"101\",\"quiz_question_id\":\"26\",\"title\":\"The right service\",\"is_correct\":\"0\"},{\"quiz_question_answer_id\":\"102\",\"quiz_question_id\":\"26\",\"title\":\"The right store\",\"is_correct\":\"0\"},{\"quiz_question_answer_id\":\"103\",\"quiz_question_id\":\"26\",\"title\":\"Value\",\"is_correct\":\"1\"},{\"quiz_question_answer_id\":\"104\",\"quiz_question_id\":\"26\",\"title\":\"Relationships\",\"is_correct\":\"0\"}]},{\"quiz_question_id\":\"27\",\"quiz_id\":\"2\",\"account_id\":null,\"title\":\"The ________ concept holds that consumers will favor those products that offerthe most quality, performance, or innovative features.\",\"image\":\"\",\"type\":\"radio\",\"order\":\"0\",\"created_at\":\"2020-12-24 02:38:31\",\"updated_at\":\"2020-12-24 02:38:31\",\"answers\":[{\"quiz_question_answer_id\":\"105\",\"quiz_question_id\":\"27\",\"title\":\"product\",\"is_correct\":\"1\"},{\"quiz_question_answer_id\":\"106\",\"quiz_question_id\":\"27\",\"title\":\"marketing\",\"is_correct\":\"0\"},{\"quiz_question_answer_id\":\"107\",\"quiz_question_id\":\"27\",\"title\":\"production\",\"is_correct\":\"0\"},{\"quiz_question_answer_id\":\"108\",\"quiz_question_id\":\"27\",\"title\":\"selling\",\"is_correct\":\"0\"},{\"quiz_question_answer_id\":\"109\",\"quiz_question_id\":\"27\",\"title\":\"holistic marketing\",\"is_correct\":\"0\"}]},{\"quiz_question_id\":\"28\",\"quiz_id\":\"2\",\"account_id\":null,\"title\":\"The ________ concept holds that consumers and businesses, if left alone, willordinarily not buy enough of the organization\\u2019s products.\",\"image\":\"\",\"type\":\"radio\",\"order\":\"0\",\"created_at\":\"2020-12-24 02:38:31\",\"updated_at\":\"2020-12-24 02:38:31\",\"answers\":[{\"quiz_question_answer_id\":\"110\",\"quiz_question_id\":\"28\",\"title\":\"production\",\"is_correct\":\"0\"},{\"quiz_question_answer_id\":\"111\",\"quiz_question_id\":\"28\",\"title\":\"selling\",\"is_correct\":\"1\"},{\"quiz_question_answer_id\":\"112\",\"quiz_question_id\":\"28\",\"title\":\"marketing\",\"is_correct\":\"0\"},{\"quiz_question_answer_id\":\"113\",\"quiz_question_id\":\"28\",\"title\":\"product\",\"is_correct\":\"0\"},{\"quiz_question_answer_id\":\"114\",\"quiz_question_id\":\"28\",\"title\":\"holistic marketing\",\"is_correct\":\"0\"}]},{\"quiz_question_id\":\"29\",\"quiz_id\":\"2\",\"account_id\":null,\"title\":\"In the course of converting to a marketing orientation, a company faces threehurdles\\u2014________.\",\"image\":\"\",\"type\":\"radio\",\"order\":\"0\",\"created_at\":\"2020-12-24 02:38:31\",\"updated_at\":\"2020-12-24 02:38:31\",\"answers\":[{\"quiz_question_answer_id\":\"115\",\"quiz_question_id\":\"29\",\"title\":\"organized resistance, slow learning, and fast forgetting\",\"is_correct\":\"1\"},{\"quiz_question_answer_id\":\"116\",\"quiz_question_id\":\"29\",\"title\":\"management, customer reaction, competitive response\",\"is_correct\":\"0\"},{\"quiz_question_answer_id\":\"117\",\"quiz_question_id\":\"29\",\"title\":\"decreased profits, increased R&D, additional distribution\",\"is_correct\":\"0\"},{\"quiz_question_answer_id\":\"118\",\"quiz_question_id\":\"29\",\"title\":\"forecasted demand, increased sales expense, increased inventory costs\",\"is_correct\":\"0\"},{\"quiz_question_answer_id\":\"119\",\"quiz_question_id\":\"29\",\"title\":\"customer focus, profitability, slow learning\",\"is_correct\":\"0\"}]},{\"quiz_question_id\":\"30\",\"quiz_id\":\"2\",\"account_id\":null,\"title\":\"Marketers argue for a ________ in which all functions work together to respondto, serve, and satisfy the customer.\",\"image\":\"\",\"type\":\"radio\",\"order\":\"0\",\"created_at\":\"2020-12-24 02:38:31\",\"updated_at\":\"2020-12-24 02:38:31\",\"answers\":[{\"quiz_question_answer_id\":\"120\",\"quiz_question_id\":\"30\",\"title\":\"cross-functional team orientation\",\"is_correct\":\"0\"},{\"quiz_question_answer_id\":\"121\",\"quiz_question_id\":\"30\",\"title\":\"collaboration model\",\"is_correct\":\"0\"},{\"quiz_question_answer_id\":\"122\",\"quiz_question_id\":\"30\",\"title\":\"customer orientation\",\"is_correct\":\"1\"},{\"quiz_question_answer_id\":\"123\",\"quiz_question_id\":\"30\",\"title\":\"management-driven organization\",\"is_correct\":\"0\"},{\"quiz_question_answer_id\":\"124\",\"quiz_question_id\":\"30\",\"title\":\"total quality model\",\"is_correct\":\"0\"}]},{\"quiz_question_id\":\"31\",\"quiz_id\":\"2\",\"account_id\":null,\"title\":\"One traditional depiction of marketing activities is in terms of the marketing mixor four Ps. The four Ps are characterized as being ________.\",\"image\":\"\",\"type\":\"radio\",\"order\":\"0\",\"created_at\":\"2020-12-24 02:38:31\",\"updated_at\":\"2020-12-24 02:38:31\",\"answers\":[{\"quiz_question_answer_id\":\"125\",\"quiz_question_id\":\"31\",\"title\":\"product, positioning, place, and price\",\"is_correct\":\"0\"},{\"quiz_question_answer_id\":\"126\",\"quiz_question_id\":\"31\",\"title\":\"product, production, price, and place\",\"is_correct\":\"0\"},{\"quiz_question_answer_id\":\"127\",\"quiz_question_id\":\"31\",\"title\":\"promotion, place, positioning, and price\",\"is_correct\":\"0\"},{\"quiz_question_answer_id\":\"128\",\"quiz_question_id\":\"31\",\"title\":\"place, promotion, production, and positioning\",\"is_correct\":\"0\"},{\"quiz_question_answer_id\":\"129\",\"quiz_question_id\":\"31\",\"title\":\"product, price, promotion, and place\",\"is_correct\":\"1\"}]},{\"quiz_question_id\":\"32\",\"quiz_id\":\"2\",\"account_id\":null,\"title\":\"Marketing is not a department so much as a ________.\",\"image\":\"\",\"type\":\"radio\",\"order\":\"0\",\"created_at\":\"2020-12-24 02:38:31\",\"updated_at\":\"2020-12-24 02:38:31\",\"answers\":[{\"quiz_question_answer_id\":\"130\",\"quiz_question_id\":\"32\",\"title\":\"company orientation\",\"is_correct\":\"1\"},{\"quiz_question_answer_id\":\"131\",\"quiz_question_id\":\"32\",\"title\":\"philosophy\",\"is_correct\":\"0\"},{\"quiz_question_answer_id\":\"132\",\"quiz_question_id\":\"32\",\"title\":\"function\",\"is_correct\":\"0\"},{\"quiz_question_answer_id\":\"133\",\"quiz_question_id\":\"32\",\"title\":\"branch of management\",\"is_correct\":\"0\"},{\"quiz_question_answer_id\":\"134\",\"quiz_question_id\":\"32\",\"title\":\"branch of economics\",\"is_correct\":\"0\"}]},{\"quiz_question_id\":\"33\",\"quiz_id\":\"2\",\"account_id\":null,\"title\":\"When a customer has a(n) ________ need he\\/she wants a car whose operatingcost, not its initial price, is low.\",\"image\":\"\",\"type\":\"radio\",\"order\":\"0\",\"created_at\":\"2020-12-24 02:38:31\",\"updated_at\":\"2020-12-24 02:38:31\",\"answers\":[{\"quiz_question_answer_id\":\"135\",\"quiz_question_id\":\"33\",\"title\":\"stated\",\"is_correct\":\"0\"},{\"quiz_question_answer_id\":\"136\",\"quiz_question_id\":\"33\",\"title\":\"real\",\"is_correct\":\"1\"},{\"quiz_question_answer_id\":\"137\",\"quiz_question_id\":\"33\",\"title\":\"unstated\",\"is_correct\":\"0\"},{\"quiz_question_answer_id\":\"138\",\"quiz_question_id\":\"33\",\"title\":\"delight\",\"is_correct\":\"0\"},{\"quiz_question_answer_id\":\"139\",\"quiz_question_id\":\"33\",\"title\":\"secret\",\"is_correct\":\"0\"}]},{\"quiz_question_id\":\"34\",\"quiz_id\":\"2\",\"account_id\":null,\"title\":\"When a  customer has  a(n)  ________  need the  customer  wants  to  be seen   byfriends as a savvy consumer.\",\"image\":\"\",\"type\":\"radio\",\"order\":\"0\",\"created_at\":\"2020-12-24 02:38:31\",\"updated_at\":\"2020-12-24 02:38:31\",\"answers\":[{\"quiz_question_answer_id\":\"140\",\"quiz_question_id\":\"34\",\"title\":\"real\",\"is_correct\":\"0\"},{\"quiz_question_answer_id\":\"141\",\"quiz_question_id\":\"34\",\"title\":\"unstated\",\"is_correct\":\"0\"},{\"quiz_question_answer_id\":\"142\",\"quiz_question_id\":\"34\",\"title\":\"delight\",\"is_correct\":\"0\"},{\"quiz_question_answer_id\":\"143\",\"quiz_question_id\":\"34\",\"title\":\"secret\",\"is_correct\":\"1\"},{\"quiz_question_answer_id\":\"144\",\"quiz_question_id\":\"34\",\"title\":\"stated\",\"is_correct\":\"0\"}]},{\"quiz_question_id\":\"35\",\"quiz_id\":\"2\",\"account_id\":null,\"title\":\"________  reflects   the   perceived   tangible   and   intangible   benefits   and   costs   tocustomers.\",\"image\":\"\",\"type\":\"radio\",\"order\":\"0\",\"created_at\":\"2020-12-24 02:38:31\",\"updated_at\":\"2020-12-24 02:38:31\",\"answers\":[{\"quiz_question_answer_id\":\"145\",\"quiz_question_id\":\"35\",\"title\":\"Loyalty\",\"is_correct\":\"0\"},{\"quiz_question_answer_id\":\"146\",\"quiz_question_id\":\"35\",\"title\":\"Satisfaction\",\"is_correct\":\"0\"},{\"quiz_question_answer_id\":\"147\",\"quiz_question_id\":\"35\",\"title\":\"Value\",\"is_correct\":\"1\"},{\"quiz_question_answer_id\":\"148\",\"quiz_question_id\":\"35\",\"title\":\"Expectations\",\"is_correct\":\"0\"},{\"quiz_question_answer_id\":\"149\",\"quiz_question_id\":\"35\",\"title\":\"Comparison shopping\",\"is_correct\":\"0\"}]}]}', NULL, 15, 30, 6, 15, '2019-01-01 00:00:00', NULL);
INSERT INTO `ac_candidate_quizes` VALUES (22, 11, 1, 0, 'General Knowledge Quiz', '{\"quiz\":{\"quiz_id\":\"3\",\"quiz_category_id\":\"4\",\"account_id\":null,\"title\":\"General Knowledge Quiz\",\"description\":\"Lorem Ipsum is simply dummy text of the printing and typesetting industry. Lorem Ipsum has been the industry\'s standard dummy text ever since the 1500s, when an unknown printer took a galley of type and scrambled it to make a type specimen book. It has survived not only five centuries, but also the leap into electronic typesetting, remaining essentially unchanged.\",\"allowed_time\":\"30\",\"created_at\":\"2020-12-24 02:38:31\",\"updated_at\":\"2020-12-24 02:38:31\"},\"questions\":[{\"quiz_question_id\":\"36\",\"quiz_id\":\"3\",\"account_id\":null,\"title\":\"Entomology is the science that studies\",\"image\":\"\",\"type\":\"radio\",\"order\":\"0\",\"created_at\":\"2020-12-24 02:38:31\",\"updated_at\":\"2020-12-24 02:38:31\",\"answers\":[{\"quiz_question_answer_id\":\"150\",\"quiz_question_id\":\"36\",\"title\":\"Behavior of human beings\",\"is_correct\":\"0\"},{\"quiz_question_answer_id\":\"151\",\"quiz_question_id\":\"36\",\"title\":\"Insects\",\"is_correct\":\"1\"},{\"quiz_question_answer_id\":\"152\",\"quiz_question_id\":\"36\",\"title\":\"The origin and history of technical and scientific terms\",\"is_correct\":\"0\"},{\"quiz_question_answer_id\":\"153\",\"quiz_question_id\":\"36\",\"title\":\"The formation of rocks\",\"is_correct\":\"0\"}]},{\"quiz_question_id\":\"37\",\"quiz_id\":\"3\",\"account_id\":null,\"title\":\"For which of the following disciplines is Nobel Prize awarded?\",\"image\":\"\",\"type\":\"checkbox\",\"order\":\"0\",\"created_at\":\"2020-12-24 02:38:31\",\"updated_at\":\"2020-12-24 02:38:31\",\"answers\":[{\"quiz_question_answer_id\":\"154\",\"quiz_question_id\":\"37\",\"title\":\"Physics and Chemistry\",\"is_correct\":\"1\"},{\"quiz_question_answer_id\":\"155\",\"quiz_question_id\":\"37\",\"title\":\"Physiology or Medicine\",\"is_correct\":\"1\"},{\"quiz_question_answer_id\":\"156\",\"quiz_question_id\":\"37\",\"title\":\"Literature, Peace and Economics\",\"is_correct\":\"1\"}]},{\"quiz_question_id\":\"38\",\"quiz_id\":\"3\",\"account_id\":null,\"title\":\"Galileo was an Italian astronomer who\",\"image\":\"\",\"type\":\"radio\",\"order\":\"0\",\"created_at\":\"2020-12-24 02:38:31\",\"updated_at\":\"2020-12-24 02:38:31\",\"answers\":[{\"quiz_question_answer_id\":\"157\",\"quiz_question_id\":\"38\",\"title\":\"developed the telescope\",\"is_correct\":\"0\"},{\"quiz_question_answer_id\":\"158\",\"quiz_question_id\":\"38\",\"title\":\"discovered four satellites of Jupiter\",\"is_correct\":\"0\"},{\"quiz_question_answer_id\":\"159\",\"quiz_question_id\":\"38\",\"title\":\"discovered that the movement of pendulum produces a regular time measurement\",\"is_correct\":\"0\"},{\"quiz_question_answer_id\":\"160\",\"quiz_question_id\":\"38\",\"title\":\"All of the above\",\"is_correct\":\"1\"}]},{\"quiz_question_id\":\"39\",\"quiz_id\":\"3\",\"account_id\":null,\"title\":\"Exposure to sunlight helps a person improve his health because\",\"image\":\"\",\"type\":\"radio\",\"order\":\"0\",\"created_at\":\"2020-12-24 02:38:31\",\"updated_at\":\"2020-12-24 02:38:31\",\"answers\":[{\"quiz_question_answer_id\":\"161\",\"quiz_question_id\":\"39\",\"title\":\"the infrared light kills bacteria in the body\",\"is_correct\":\"0\"},{\"quiz_question_answer_id\":\"162\",\"quiz_question_id\":\"39\",\"title\":\"resistance power increases\",\"is_correct\":\"0\"},{\"quiz_question_answer_id\":\"163\",\"quiz_question_id\":\"39\",\"title\":\"the pigment cells in the skin get stimulated and produce a healthy tan\",\"is_correct\":\"0\"},{\"quiz_question_answer_id\":\"164\",\"quiz_question_id\":\"39\",\"title\":\"the ultraviolet rays convert skin oil into Vitamin D\",\"is_correct\":\"1\"}]},{\"quiz_question_id\":\"40\",\"quiz_id\":\"3\",\"account_id\":null,\"title\":\"For the Olympics and World Tournaments, the dimensions of basketball court are\",\"image\":\"\",\"type\":\"radio\",\"order\":\"0\",\"created_at\":\"2020-12-24 02:38:31\",\"updated_at\":\"2020-12-24 02:38:31\",\"answers\":[{\"quiz_question_answer_id\":\"165\",\"quiz_question_id\":\"40\",\"title\":\"26 m x 14 m\",\"is_correct\":\"0\"},{\"quiz_question_answer_id\":\"166\",\"quiz_question_id\":\"40\",\"title\":\"28 m x 15 m\",\"is_correct\":\"1\"},{\"quiz_question_answer_id\":\"167\",\"quiz_question_id\":\"40\",\"title\":\"27 m x 16 m\",\"is_correct\":\"0\"},{\"quiz_question_answer_id\":\"168\",\"quiz_question_id\":\"40\",\"title\":\"28 m x 16 m\",\"is_correct\":\"0\"}]},{\"quiz_question_id\":\"41\",\"quiz_id\":\"3\",\"account_id\":null,\"title\":\"Friction can be reduced by changing from\",\"image\":\"\",\"type\":\"radio\",\"order\":\"0\",\"created_at\":\"2020-12-24 02:38:31\",\"updated_at\":\"2020-12-24 02:38:31\",\"answers\":[{\"quiz_question_answer_id\":\"169\",\"quiz_question_id\":\"41\",\"title\":\"sliding to rolling\",\"is_correct\":\"1\"},{\"quiz_question_answer_id\":\"170\",\"quiz_question_id\":\"41\",\"title\":\"rolling to sliding\",\"is_correct\":\"0\"},{\"quiz_question_answer_id\":\"171\",\"quiz_question_id\":\"41\",\"title\":\"potential energy to kinetic energy\",\"is_correct\":\"0\"},{\"quiz_question_answer_id\":\"172\",\"quiz_question_id\":\"41\",\"title\":\"dynamic to static\",\"is_correct\":\"0\"}]},{\"quiz_question_id\":\"42\",\"quiz_id\":\"3\",\"account_id\":null,\"title\":\"Ecology deals with\",\"image\":\"\",\"type\":\"radio\",\"order\":\"0\",\"created_at\":\"2020-12-24 02:38:31\",\"updated_at\":\"2020-12-24 02:38:31\",\"answers\":[{\"quiz_question_answer_id\":\"173\",\"quiz_question_id\":\"42\",\"title\":\"Birds\",\"is_correct\":\"0\"},{\"quiz_question_answer_id\":\"174\",\"quiz_question_id\":\"42\",\"title\":\"Cell formation\",\"is_correct\":\"0\"},{\"quiz_question_answer_id\":\"175\",\"quiz_question_id\":\"42\",\"title\":\"Relation between organisms and their environment\",\"is_correct\":\"1\"},{\"quiz_question_answer_id\":\"176\",\"quiz_question_id\":\"42\",\"title\":\"Tissues\",\"is_correct\":\"0\"}]},{\"quiz_question_id\":\"43\",\"quiz_id\":\"3\",\"account_id\":null,\"title\":\"Durand Cup is associated with the game of\",\"image\":\"\",\"type\":\"radio\",\"order\":\"0\",\"created_at\":\"2020-12-24 02:38:31\",\"updated_at\":\"2020-12-24 02:38:31\",\"answers\":[{\"quiz_question_answer_id\":\"177\",\"quiz_question_id\":\"43\",\"title\":\"Cricket\",\"is_correct\":\"0\"},{\"quiz_question_answer_id\":\"178\",\"quiz_question_id\":\"43\",\"title\":\"Football\",\"is_correct\":\"1\"},{\"quiz_question_answer_id\":\"179\",\"quiz_question_id\":\"43\",\"title\":\"Hockey\",\"is_correct\":\"0\"},{\"quiz_question_answer_id\":\"180\",\"quiz_question_id\":\"43\",\"title\":\"Volleyball\",\"is_correct\":\"0\"}]},{\"quiz_question_id\":\"44\",\"quiz_id\":\"3\",\"account_id\":null,\"title\":\"Headquarters of UNO are situated at\",\"image\":\"\",\"type\":\"radio\",\"order\":\"0\",\"created_at\":\"2020-12-24 02:38:31\",\"updated_at\":\"2020-12-24 02:38:31\",\"answers\":[{\"quiz_question_answer_id\":\"181\",\"quiz_question_id\":\"44\",\"title\":\"New York, USA\",\"is_correct\":\"1\"},{\"quiz_question_answer_id\":\"182\",\"quiz_question_id\":\"44\",\"title\":\"Hague (Netherlands)\",\"is_correct\":\"0\"},{\"quiz_question_answer_id\":\"183\",\"quiz_question_id\":\"44\",\"title\":\"Geneva\",\"is_correct\":\"0\"},{\"quiz_question_answer_id\":\"184\",\"quiz_question_id\":\"44\",\"title\":\"Paris\",\"is_correct\":\"0\"}]},{\"quiz_question_id\":\"45\",\"quiz_id\":\"3\",\"account_id\":null,\"title\":\"First International Peace Congress was held in London in\",\"image\":\"\",\"type\":\"radio\",\"order\":\"0\",\"created_at\":\"2020-12-24 02:38:31\",\"updated_at\":\"2020-12-24 02:38:31\",\"answers\":[{\"quiz_question_answer_id\":\"185\",\"quiz_question_id\":\"45\",\"title\":\"1564 AD\",\"is_correct\":\"0\"},{\"quiz_question_answer_id\":\"186\",\"quiz_question_id\":\"45\",\"title\":\"1798 AD\",\"is_correct\":\"0\"},{\"quiz_question_answer_id\":\"187\",\"quiz_question_id\":\"45\",\"title\":\"1843 AD\",\"is_correct\":\"1\"},{\"quiz_question_answer_id\":\"188\",\"quiz_question_id\":\"45\",\"title\":\"1901 AD\",\"is_correct\":\"0\"}]},{\"quiz_question_id\":\"46\",\"quiz_id\":\"3\",\"account_id\":null,\"title\":\"For galvanizing iron which of the following metals is used?\",\"image\":\"\",\"type\":\"radio\",\"order\":\"0\",\"created_at\":\"2020-12-24 02:38:31\",\"updated_at\":\"2020-12-24 02:38:31\",\"answers\":[{\"quiz_question_answer_id\":\"189\",\"quiz_question_id\":\"46\",\"title\":\"Aluminium\",\"is_correct\":\"0\"},{\"quiz_question_answer_id\":\"190\",\"quiz_question_id\":\"46\",\"title\":\"Copper\",\"is_correct\":\"0\"},{\"quiz_question_answer_id\":\"191\",\"quiz_question_id\":\"46\",\"title\":\"Lead\",\"is_correct\":\"0\"},{\"quiz_question_answer_id\":\"192\",\"quiz_question_id\":\"46\",\"title\":\"Zinc\",\"is_correct\":\"1\"}]},{\"quiz_question_id\":\"47\",\"quiz_id\":\"3\",\"account_id\":null,\"title\":\"For purifying drinking water alum is used\",\"image\":\"\",\"type\":\"radio\",\"order\":\"0\",\"created_at\":\"2020-12-24 02:38:31\",\"updated_at\":\"2020-12-24 02:38:31\",\"answers\":[{\"quiz_question_answer_id\":\"193\",\"quiz_question_id\":\"47\",\"title\":\"for coagulation of mud particles\",\"is_correct\":\"1\"},{\"quiz_question_answer_id\":\"194\",\"quiz_question_id\":\"47\",\"title\":\"to kill bacteria\",\"is_correct\":\"0\"},{\"quiz_question_answer_id\":\"195\",\"quiz_question_id\":\"47\",\"title\":\"to remove salts\",\"is_correct\":\"0\"},{\"quiz_question_answer_id\":\"196\",\"quiz_question_id\":\"47\",\"title\":\"to remove gases\",\"is_correct\":\"0\"}]},{\"quiz_question_id\":\"48\",\"quiz_id\":\"3\",\"account_id\":null,\"title\":\"In a normal human body, the total number of red blood cells is\",\"image\":\"\",\"type\":\"radio\",\"order\":\"0\",\"created_at\":\"2020-12-24 02:38:31\",\"updated_at\":\"2020-12-24 02:38:31\",\"answers\":[{\"quiz_question_answer_id\":\"197\",\"quiz_question_id\":\"48\",\"title\":\"15 trillion\",\"is_correct\":\"0\"},{\"quiz_question_answer_id\":\"198\",\"quiz_question_id\":\"48\",\"title\":\"20 trillion\",\"is_correct\":\"0\"},{\"quiz_question_answer_id\":\"199\",\"quiz_question_id\":\"48\",\"title\":\"25 trillion\",\"is_correct\":\"0\"},{\"quiz_question_answer_id\":\"200\",\"quiz_question_id\":\"48\",\"title\":\"30 trillion\",\"is_correct\":\"1\"}]},{\"quiz_question_id\":\"49\",\"quiz_id\":\"3\",\"account_id\":null,\"title\":\"In which season do we need more fat?\",\"image\":\"\",\"type\":\"radio\",\"order\":\"0\",\"created_at\":\"2020-12-24 02:38:31\",\"updated_at\":\"2020-12-24 02:38:31\",\"answers\":[{\"quiz_question_answer_id\":\"201\",\"quiz_question_id\":\"49\",\"title\":\"Rainy season\",\"is_correct\":\"0\"},{\"quiz_question_answer_id\":\"202\",\"quiz_question_id\":\"49\",\"title\":\"Spring\",\"is_correct\":\"0\"},{\"quiz_question_answer_id\":\"203\",\"quiz_question_id\":\"49\",\"title\":\"Winter\",\"is_correct\":\"1\"},{\"quiz_question_answer_id\":\"204\",\"quiz_question_id\":\"49\",\"title\":\"Summer\",\"is_correct\":\"0\"}]},{\"quiz_question_id\":\"50\",\"quiz_id\":\"3\",\"account_id\":null,\"title\":\"How many times has Brazil won the World Cup Football Championship?\",\"image\":\"\",\"type\":\"radio\",\"order\":\"0\",\"created_at\":\"2020-12-24 02:38:31\",\"updated_at\":\"2020-12-24 02:38:31\",\"answers\":[{\"quiz_question_answer_id\":\"205\",\"quiz_question_id\":\"50\",\"title\":\"Four times\",\"is_correct\":\"0\"},{\"quiz_question_answer_id\":\"206\",\"quiz_question_id\":\"50\",\"title\":\"Twice\",\"is_correct\":\"0\"},{\"quiz_question_answer_id\":\"207\",\"quiz_question_id\":\"50\",\"title\":\"Five times\",\"is_correct\":\"1\"},{\"quiz_question_answer_id\":\"208\",\"quiz_question_id\":\"50\",\"title\":\"Once\",\"is_correct\":\"0\"}]}]}', NULL, 15, 30, 5, 15, '2019-01-01 00:00:00', NULL);
INSERT INTO `ac_candidate_quizes` VALUES (23, 12, 1, 0, 'Marketing Position Quiz', '{\"quiz\":{\"quiz_id\":\"2\",\"quiz_category_id\":\"1\",\"account_id\":null,\"title\":\"Marketing Position Quiz\",\"description\":\"Lorem Ipsum is simply dummy text of the printing and typesetting industry. Lorem Ipsum has been the industry\'s standard dummy text ever since the 1500s, when an unknown printer took a galley of type and scrambled it to make a type specimen book. It has survived not only five centuries, but also the leap into electronic typesetting, remaining essentially unchanged.\",\"allowed_time\":\"30\",\"created_at\":\"2020-12-24 02:38:31\",\"updated_at\":\"2020-12-24 02:38:31\"},\"questions\":[{\"quiz_question_id\":\"21\",\"quiz_id\":\"2\",\"account_id\":null,\"title\":\"Good marketing is no accident, but a result of careful planning and ________\",\"image\":\"\",\"type\":\"radio\",\"order\":\"0\",\"created_at\":\"2020-12-24 02:38:31\",\"updated_at\":\"2020-12-24 02:38:31\",\"answers\":[{\"quiz_question_answer_id\":\"75\",\"quiz_question_id\":\"21\",\"title\":\"execution\",\"is_correct\":\"1\"},{\"quiz_question_answer_id\":\"76\",\"quiz_question_id\":\"21\",\"title\":\"selling\",\"is_correct\":\"0\"},{\"quiz_question_answer_id\":\"77\",\"quiz_question_id\":\"21\",\"title\":\"strategies\",\"is_correct\":\"0\"},{\"quiz_question_answer_id\":\"78\",\"quiz_question_id\":\"21\",\"title\":\"tactics\",\"is_correct\":\"0\"},{\"quiz_question_answer_id\":\"79\",\"quiz_question_id\":\"21\",\"title\":\"research\",\"is_correct\":\"0\"}]},{\"quiz_question_id\":\"22\",\"quiz_id\":\"2\",\"account_id\":null,\"title\":\"The most formal definition of marketing is ________\",\"image\":\"\",\"type\":\"radio\",\"order\":\"0\",\"created_at\":\"2020-12-24 02:38:31\",\"updated_at\":\"2020-12-24 02:38:31\",\"answers\":[{\"quiz_question_answer_id\":\"80\",\"quiz_question_id\":\"22\",\"title\":\"meeting needs profitably\",\"is_correct\":\"0\"},{\"quiz_question_answer_id\":\"81\",\"quiz_question_id\":\"22\",\"title\":\"identifying and meeting human and social needs\",\"is_correct\":\"0\"},{\"quiz_question_answer_id\":\"82\",\"quiz_question_id\":\"22\",\"title\":\"the 4Ps (Product, Price, Place, Promotion)\",\"is_correct\":\"0\"},{\"quiz_question_answer_id\":\"83\",\"quiz_question_id\":\"22\",\"title\":\"an organizational function and a set of processes for creating, communicating,and delivering, value \",\"is_correct\":\"1\"},{\"quiz_question_answer_id\":\"84\",\"quiz_question_id\":\"22\",\"title\":\"improving the quality of life for consumers\",\"is_correct\":\"0\"}]},{\"quiz_question_id\":\"23\",\"quiz_id\":\"2\",\"account_id\":null,\"title\":\"________ can be produced and marketed as a product.\",\"image\":\"\",\"type\":\"radio\",\"order\":\"0\",\"created_at\":\"2020-12-24 02:38:31\",\"updated_at\":\"2020-12-24 02:38:31\",\"answers\":[{\"quiz_question_answer_id\":\"85\",\"quiz_question_id\":\"23\",\"title\":\"Information\",\"is_correct\":\"1\"},{\"quiz_question_answer_id\":\"86\",\"quiz_question_id\":\"23\",\"title\":\"Celebrities\",\"is_correct\":\"0\"},{\"quiz_question_answer_id\":\"87\",\"quiz_question_id\":\"23\",\"title\":\"Durable goods\",\"is_correct\":\"0\"},{\"quiz_question_answer_id\":\"88\",\"quiz_question_id\":\"23\",\"title\":\"Organizations\",\"is_correct\":\"0\"},{\"quiz_question_answer_id\":\"89\",\"quiz_question_id\":\"23\",\"title\":\"Properties\",\"is_correct\":\"0\"}]},{\"quiz_question_id\":\"24\",\"quiz_id\":\"2\",\"account_id\":null,\"title\":\"The   ________   promises   to   lead   to   more   accurate   levels   of   production,   moretargeted communications, and more relevant pricing.\",\"image\":\"\",\"type\":\"radio\",\"order\":\"0\",\"created_at\":\"2020-12-24 02:38:31\",\"updated_at\":\"2020-12-24 02:38:31\",\"answers\":[{\"quiz_question_answer_id\":\"90\",\"quiz_question_id\":\"24\",\"title\":\"Age of Globalization\",\"is_correct\":\"0\"},{\"quiz_question_answer_id\":\"91\",\"quiz_question_id\":\"24\",\"title\":\"Age of Deregulation\",\"is_correct\":\"0\"},{\"quiz_question_answer_id\":\"92\",\"quiz_question_id\":\"24\",\"title\":\"Industrial Age\",\"is_correct\":\"0\"},{\"quiz_question_answer_id\":\"93\",\"quiz_question_id\":\"24\",\"title\":\"Information Ag\",\"is_correct\":\"1\"},{\"quiz_question_answer_id\":\"94\",\"quiz_question_id\":\"24\",\"title\":\"Production Age\",\"is_correct\":\"0\"}]},{\"quiz_question_id\":\"25\",\"quiz_id\":\"2\",\"account_id\":null,\"title\":\"Marketers often use the term ________ to cover various groupings of customers.\",\"image\":\"\",\"type\":\"radio\",\"order\":\"0\",\"created_at\":\"2020-12-24 02:38:31\",\"updated_at\":\"2020-12-24 02:38:31\",\"answers\":[{\"quiz_question_answer_id\":\"95\",\"quiz_question_id\":\"25\",\"title\":\"people\",\"is_correct\":\"0\"},{\"quiz_question_answer_id\":\"96\",\"quiz_question_id\":\"25\",\"title\":\"buying power\",\"is_correct\":\"0\"},{\"quiz_question_answer_id\":\"97\",\"quiz_question_id\":\"25\",\"title\":\"demographic segment\",\"is_correct\":\"0\"},{\"quiz_question_answer_id\":\"98\",\"quiz_question_id\":\"25\",\"title\":\"social class position\",\"is_correct\":\"0\"},{\"quiz_question_answer_id\":\"99\",\"quiz_question_id\":\"25\",\"title\":\"market\",\"is_correct\":\"1\"}]},{\"quiz_question_id\":\"26\",\"quiz_id\":\"2\",\"account_id\":null,\"title\":\"Customers are showing greater price sensitivity in their search for ________\",\"image\":\"\",\"type\":\"radio\",\"order\":\"0\",\"created_at\":\"2020-12-24 02:38:31\",\"updated_at\":\"2020-12-24 02:38:31\",\"answers\":[{\"quiz_question_answer_id\":\"100\",\"quiz_question_id\":\"26\",\"title\":\"The right product\",\"is_correct\":\"0\"},{\"quiz_question_answer_id\":\"101\",\"quiz_question_id\":\"26\",\"title\":\"The right service\",\"is_correct\":\"0\"},{\"quiz_question_answer_id\":\"102\",\"quiz_question_id\":\"26\",\"title\":\"The right store\",\"is_correct\":\"0\"},{\"quiz_question_answer_id\":\"103\",\"quiz_question_id\":\"26\",\"title\":\"Value\",\"is_correct\":\"1\"},{\"quiz_question_answer_id\":\"104\",\"quiz_question_id\":\"26\",\"title\":\"Relationships\",\"is_correct\":\"0\"}]},{\"quiz_question_id\":\"27\",\"quiz_id\":\"2\",\"account_id\":null,\"title\":\"The ________ concept holds that consumers will favor those products that offerthe most quality, performance, or innovative features.\",\"image\":\"\",\"type\":\"radio\",\"order\":\"0\",\"created_at\":\"2020-12-24 02:38:31\",\"updated_at\":\"2020-12-24 02:38:31\",\"answers\":[{\"quiz_question_answer_id\":\"105\",\"quiz_question_id\":\"27\",\"title\":\"product\",\"is_correct\":\"1\"},{\"quiz_question_answer_id\":\"106\",\"quiz_question_id\":\"27\",\"title\":\"marketing\",\"is_correct\":\"0\"},{\"quiz_question_answer_id\":\"107\",\"quiz_question_id\":\"27\",\"title\":\"production\",\"is_correct\":\"0\"},{\"quiz_question_answer_id\":\"108\",\"quiz_question_id\":\"27\",\"title\":\"selling\",\"is_correct\":\"0\"},{\"quiz_question_answer_id\":\"109\",\"quiz_question_id\":\"27\",\"title\":\"holistic marketing\",\"is_correct\":\"0\"}]},{\"quiz_question_id\":\"28\",\"quiz_id\":\"2\",\"account_id\":null,\"title\":\"The ________ concept holds that consumers and businesses, if left alone, willordinarily not buy enough of the organization\\u2019s products.\",\"image\":\"\",\"type\":\"radio\",\"order\":\"0\",\"created_at\":\"2020-12-24 02:38:31\",\"updated_at\":\"2020-12-24 02:38:31\",\"answers\":[{\"quiz_question_answer_id\":\"110\",\"quiz_question_id\":\"28\",\"title\":\"production\",\"is_correct\":\"0\"},{\"quiz_question_answer_id\":\"111\",\"quiz_question_id\":\"28\",\"title\":\"selling\",\"is_correct\":\"1\"},{\"quiz_question_answer_id\":\"112\",\"quiz_question_id\":\"28\",\"title\":\"marketing\",\"is_correct\":\"0\"},{\"quiz_question_answer_id\":\"113\",\"quiz_question_id\":\"28\",\"title\":\"product\",\"is_correct\":\"0\"},{\"quiz_question_answer_id\":\"114\",\"quiz_question_id\":\"28\",\"title\":\"holistic marketing\",\"is_correct\":\"0\"}]},{\"quiz_question_id\":\"29\",\"quiz_id\":\"2\",\"account_id\":null,\"title\":\"In the course of converting to a marketing orientation, a company faces threehurdles\\u2014________.\",\"image\":\"\",\"type\":\"radio\",\"order\":\"0\",\"created_at\":\"2020-12-24 02:38:31\",\"updated_at\":\"2020-12-24 02:38:31\",\"answers\":[{\"quiz_question_answer_id\":\"115\",\"quiz_question_id\":\"29\",\"title\":\"organized resistance, slow learning, and fast forgetting\",\"is_correct\":\"1\"},{\"quiz_question_answer_id\":\"116\",\"quiz_question_id\":\"29\",\"title\":\"management, customer reaction, competitive response\",\"is_correct\":\"0\"},{\"quiz_question_answer_id\":\"117\",\"quiz_question_id\":\"29\",\"title\":\"decreased profits, increased R&D, additional distribution\",\"is_correct\":\"0\"},{\"quiz_question_answer_id\":\"118\",\"quiz_question_id\":\"29\",\"title\":\"forecasted demand, increased sales expense, increased inventory costs\",\"is_correct\":\"0\"},{\"quiz_question_answer_id\":\"119\",\"quiz_question_id\":\"29\",\"title\":\"customer focus, profitability, slow learning\",\"is_correct\":\"0\"}]},{\"quiz_question_id\":\"30\",\"quiz_id\":\"2\",\"account_id\":null,\"title\":\"Marketers argue for a ________ in which all functions work together to respondto, serve, and satisfy the customer.\",\"image\":\"\",\"type\":\"radio\",\"order\":\"0\",\"created_at\":\"2020-12-24 02:38:31\",\"updated_at\":\"2020-12-24 02:38:31\",\"answers\":[{\"quiz_question_answer_id\":\"120\",\"quiz_question_id\":\"30\",\"title\":\"cross-functional team orientation\",\"is_correct\":\"0\"},{\"quiz_question_answer_id\":\"121\",\"quiz_question_id\":\"30\",\"title\":\"collaboration model\",\"is_correct\":\"0\"},{\"quiz_question_answer_id\":\"122\",\"quiz_question_id\":\"30\",\"title\":\"customer orientation\",\"is_correct\":\"1\"},{\"quiz_question_answer_id\":\"123\",\"quiz_question_id\":\"30\",\"title\":\"management-driven organization\",\"is_correct\":\"0\"},{\"quiz_question_answer_id\":\"124\",\"quiz_question_id\":\"30\",\"title\":\"total quality model\",\"is_correct\":\"0\"}]},{\"quiz_question_id\":\"31\",\"quiz_id\":\"2\",\"account_id\":null,\"title\":\"One traditional depiction of marketing activities is in terms of the marketing mixor four Ps. The four Ps are characterized as being ________.\",\"image\":\"\",\"type\":\"radio\",\"order\":\"0\",\"created_at\":\"2020-12-24 02:38:31\",\"updated_at\":\"2020-12-24 02:38:31\",\"answers\":[{\"quiz_question_answer_id\":\"125\",\"quiz_question_id\":\"31\",\"title\":\"product, positioning, place, and price\",\"is_correct\":\"0\"},{\"quiz_question_answer_id\":\"126\",\"quiz_question_id\":\"31\",\"title\":\"product, production, price, and place\",\"is_correct\":\"0\"},{\"quiz_question_answer_id\":\"127\",\"quiz_question_id\":\"31\",\"title\":\"promotion, place, positioning, and price\",\"is_correct\":\"0\"},{\"quiz_question_answer_id\":\"128\",\"quiz_question_id\":\"31\",\"title\":\"place, promotion, production, and positioning\",\"is_correct\":\"0\"},{\"quiz_question_answer_id\":\"129\",\"quiz_question_id\":\"31\",\"title\":\"product, price, promotion, and place\",\"is_correct\":\"1\"}]},{\"quiz_question_id\":\"32\",\"quiz_id\":\"2\",\"account_id\":null,\"title\":\"Marketing is not a department so much as a ________.\",\"image\":\"\",\"type\":\"radio\",\"order\":\"0\",\"created_at\":\"2020-12-24 02:38:31\",\"updated_at\":\"2020-12-24 02:38:31\",\"answers\":[{\"quiz_question_answer_id\":\"130\",\"quiz_question_id\":\"32\",\"title\":\"company orientation\",\"is_correct\":\"1\"},{\"quiz_question_answer_id\":\"131\",\"quiz_question_id\":\"32\",\"title\":\"philosophy\",\"is_correct\":\"0\"},{\"quiz_question_answer_id\":\"132\",\"quiz_question_id\":\"32\",\"title\":\"function\",\"is_correct\":\"0\"},{\"quiz_question_answer_id\":\"133\",\"quiz_question_id\":\"32\",\"title\":\"branch of management\",\"is_correct\":\"0\"},{\"quiz_question_answer_id\":\"134\",\"quiz_question_id\":\"32\",\"title\":\"branch of economics\",\"is_correct\":\"0\"}]},{\"quiz_question_id\":\"33\",\"quiz_id\":\"2\",\"account_id\":null,\"title\":\"When a customer has a(n) ________ need he\\/she wants a car whose operatingcost, not its initial price, is low.\",\"image\":\"\",\"type\":\"radio\",\"order\":\"0\",\"created_at\":\"2020-12-24 02:38:31\",\"updated_at\":\"2020-12-24 02:38:31\",\"answers\":[{\"quiz_question_answer_id\":\"135\",\"quiz_question_id\":\"33\",\"title\":\"stated\",\"is_correct\":\"0\"},{\"quiz_question_answer_id\":\"136\",\"quiz_question_id\":\"33\",\"title\":\"real\",\"is_correct\":\"1\"},{\"quiz_question_answer_id\":\"137\",\"quiz_question_id\":\"33\",\"title\":\"unstated\",\"is_correct\":\"0\"},{\"quiz_question_answer_id\":\"138\",\"quiz_question_id\":\"33\",\"title\":\"delight\",\"is_correct\":\"0\"},{\"quiz_question_answer_id\":\"139\",\"quiz_question_id\":\"33\",\"title\":\"secret\",\"is_correct\":\"0\"}]},{\"quiz_question_id\":\"34\",\"quiz_id\":\"2\",\"account_id\":null,\"title\":\"When a  customer has  a(n)  ________  need the  customer  wants  to  be seen   byfriends as a savvy consumer.\",\"image\":\"\",\"type\":\"radio\",\"order\":\"0\",\"created_at\":\"2020-12-24 02:38:31\",\"updated_at\":\"2020-12-24 02:38:31\",\"answers\":[{\"quiz_question_answer_id\":\"140\",\"quiz_question_id\":\"34\",\"title\":\"real\",\"is_correct\":\"0\"},{\"quiz_question_answer_id\":\"141\",\"quiz_question_id\":\"34\",\"title\":\"unstated\",\"is_correct\":\"0\"},{\"quiz_question_answer_id\":\"142\",\"quiz_question_id\":\"34\",\"title\":\"delight\",\"is_correct\":\"0\"},{\"quiz_question_answer_id\":\"143\",\"quiz_question_id\":\"34\",\"title\":\"secret\",\"is_correct\":\"1\"},{\"quiz_question_answer_id\":\"144\",\"quiz_question_id\":\"34\",\"title\":\"stated\",\"is_correct\":\"0\"}]},{\"quiz_question_id\":\"35\",\"quiz_id\":\"2\",\"account_id\":null,\"title\":\"________  reflects   the   perceived   tangible   and   intangible   benefits   and   costs   tocustomers.\",\"image\":\"\",\"type\":\"radio\",\"order\":\"0\",\"created_at\":\"2020-12-24 02:38:31\",\"updated_at\":\"2020-12-24 02:38:31\",\"answers\":[{\"quiz_question_answer_id\":\"145\",\"quiz_question_id\":\"35\",\"title\":\"Loyalty\",\"is_correct\":\"0\"},{\"quiz_question_answer_id\":\"146\",\"quiz_question_id\":\"35\",\"title\":\"Satisfaction\",\"is_correct\":\"0\"},{\"quiz_question_answer_id\":\"147\",\"quiz_question_id\":\"35\",\"title\":\"Value\",\"is_correct\":\"1\"},{\"quiz_question_answer_id\":\"148\",\"quiz_question_id\":\"35\",\"title\":\"Expectations\",\"is_correct\":\"0\"},{\"quiz_question_answer_id\":\"149\",\"quiz_question_id\":\"35\",\"title\":\"Comparison shopping\",\"is_correct\":\"0\"}]}]}', NULL, 15, 30, 4, 15, '2019-01-01 00:00:00', NULL);
INSERT INTO `ac_candidate_quizes` VALUES (24, 12, 1, 0, 'General Knowledge Quiz', '{\"quiz\":{\"quiz_id\":\"3\",\"quiz_category_id\":\"4\",\"account_id\":null,\"title\":\"General Knowledge Quiz\",\"description\":\"Lorem Ipsum is simply dummy text of the printing and typesetting industry. Lorem Ipsum has been the industry\'s standard dummy text ever since the 1500s, when an unknown printer took a galley of type and scrambled it to make a type specimen book. It has survived not only five centuries, but also the leap into electronic typesetting, remaining essentially unchanged.\",\"allowed_time\":\"30\",\"created_at\":\"2020-12-24 02:38:31\",\"updated_at\":\"2020-12-24 02:38:31\"},\"questions\":[{\"quiz_question_id\":\"36\",\"quiz_id\":\"3\",\"account_id\":null,\"title\":\"Entomology is the science that studies\",\"image\":\"\",\"type\":\"radio\",\"order\":\"0\",\"created_at\":\"2020-12-24 02:38:31\",\"updated_at\":\"2020-12-24 02:38:31\",\"answers\":[{\"quiz_question_answer_id\":\"150\",\"quiz_question_id\":\"36\",\"title\":\"Behavior of human beings\",\"is_correct\":\"0\"},{\"quiz_question_answer_id\":\"151\",\"quiz_question_id\":\"36\",\"title\":\"Insects\",\"is_correct\":\"1\"},{\"quiz_question_answer_id\":\"152\",\"quiz_question_id\":\"36\",\"title\":\"The origin and history of technical and scientific terms\",\"is_correct\":\"0\"},{\"quiz_question_answer_id\":\"153\",\"quiz_question_id\":\"36\",\"title\":\"The formation of rocks\",\"is_correct\":\"0\"}]},{\"quiz_question_id\":\"37\",\"quiz_id\":\"3\",\"account_id\":null,\"title\":\"For which of the following disciplines is Nobel Prize awarded?\",\"image\":\"\",\"type\":\"checkbox\",\"order\":\"0\",\"created_at\":\"2020-12-24 02:38:31\",\"updated_at\":\"2020-12-24 02:38:31\",\"answers\":[{\"quiz_question_answer_id\":\"154\",\"quiz_question_id\":\"37\",\"title\":\"Physics and Chemistry\",\"is_correct\":\"1\"},{\"quiz_question_answer_id\":\"155\",\"quiz_question_id\":\"37\",\"title\":\"Physiology or Medicine\",\"is_correct\":\"1\"},{\"quiz_question_answer_id\":\"156\",\"quiz_question_id\":\"37\",\"title\":\"Literature, Peace and Economics\",\"is_correct\":\"1\"}]},{\"quiz_question_id\":\"38\",\"quiz_id\":\"3\",\"account_id\":null,\"title\":\"Galileo was an Italian astronomer who\",\"image\":\"\",\"type\":\"radio\",\"order\":\"0\",\"created_at\":\"2020-12-24 02:38:31\",\"updated_at\":\"2020-12-24 02:38:31\",\"answers\":[{\"quiz_question_answer_id\":\"157\",\"quiz_question_id\":\"38\",\"title\":\"developed the telescope\",\"is_correct\":\"0\"},{\"quiz_question_answer_id\":\"158\",\"quiz_question_id\":\"38\",\"title\":\"discovered four satellites of Jupiter\",\"is_correct\":\"0\"},{\"quiz_question_answer_id\":\"159\",\"quiz_question_id\":\"38\",\"title\":\"discovered that the movement of pendulum produces a regular time measurement\",\"is_correct\":\"0\"},{\"quiz_question_answer_id\":\"160\",\"quiz_question_id\":\"38\",\"title\":\"All of the above\",\"is_correct\":\"1\"}]},{\"quiz_question_id\":\"39\",\"quiz_id\":\"3\",\"account_id\":null,\"title\":\"Exposure to sunlight helps a person improve his health because\",\"image\":\"\",\"type\":\"radio\",\"order\":\"0\",\"created_at\":\"2020-12-24 02:38:31\",\"updated_at\":\"2020-12-24 02:38:31\",\"answers\":[{\"quiz_question_answer_id\":\"161\",\"quiz_question_id\":\"39\",\"title\":\"the infrared light kills bacteria in the body\",\"is_correct\":\"0\"},{\"quiz_question_answer_id\":\"162\",\"quiz_question_id\":\"39\",\"title\":\"resistance power increases\",\"is_correct\":\"0\"},{\"quiz_question_answer_id\":\"163\",\"quiz_question_id\":\"39\",\"title\":\"the pigment cells in the skin get stimulated and produce a healthy tan\",\"is_correct\":\"0\"},{\"quiz_question_answer_id\":\"164\",\"quiz_question_id\":\"39\",\"title\":\"the ultraviolet rays convert skin oil into Vitamin D\",\"is_correct\":\"1\"}]},{\"quiz_question_id\":\"40\",\"quiz_id\":\"3\",\"account_id\":null,\"title\":\"For the Olympics and World Tournaments, the dimensions of basketball court are\",\"image\":\"\",\"type\":\"radio\",\"order\":\"0\",\"created_at\":\"2020-12-24 02:38:31\",\"updated_at\":\"2020-12-24 02:38:31\",\"answers\":[{\"quiz_question_answer_id\":\"165\",\"quiz_question_id\":\"40\",\"title\":\"26 m x 14 m\",\"is_correct\":\"0\"},{\"quiz_question_answer_id\":\"166\",\"quiz_question_id\":\"40\",\"title\":\"28 m x 15 m\",\"is_correct\":\"1\"},{\"quiz_question_answer_id\":\"167\",\"quiz_question_id\":\"40\",\"title\":\"27 m x 16 m\",\"is_correct\":\"0\"},{\"quiz_question_answer_id\":\"168\",\"quiz_question_id\":\"40\",\"title\":\"28 m x 16 m\",\"is_correct\":\"0\"}]},{\"quiz_question_id\":\"41\",\"quiz_id\":\"3\",\"account_id\":null,\"title\":\"Friction can be reduced by changing from\",\"image\":\"\",\"type\":\"radio\",\"order\":\"0\",\"created_at\":\"2020-12-24 02:38:31\",\"updated_at\":\"2020-12-24 02:38:31\",\"answers\":[{\"quiz_question_answer_id\":\"169\",\"quiz_question_id\":\"41\",\"title\":\"sliding to rolling\",\"is_correct\":\"1\"},{\"quiz_question_answer_id\":\"170\",\"quiz_question_id\":\"41\",\"title\":\"rolling to sliding\",\"is_correct\":\"0\"},{\"quiz_question_answer_id\":\"171\",\"quiz_question_id\":\"41\",\"title\":\"potential energy to kinetic energy\",\"is_correct\":\"0\"},{\"quiz_question_answer_id\":\"172\",\"quiz_question_id\":\"41\",\"title\":\"dynamic to static\",\"is_correct\":\"0\"}]},{\"quiz_question_id\":\"42\",\"quiz_id\":\"3\",\"account_id\":null,\"title\":\"Ecology deals with\",\"image\":\"\",\"type\":\"radio\",\"order\":\"0\",\"created_at\":\"2020-12-24 02:38:31\",\"updated_at\":\"2020-12-24 02:38:31\",\"answers\":[{\"quiz_question_answer_id\":\"173\",\"quiz_question_id\":\"42\",\"title\":\"Birds\",\"is_correct\":\"0\"},{\"quiz_question_answer_id\":\"174\",\"quiz_question_id\":\"42\",\"title\":\"Cell formation\",\"is_correct\":\"0\"},{\"quiz_question_answer_id\":\"175\",\"quiz_question_id\":\"42\",\"title\":\"Relation between organisms and their environment\",\"is_correct\":\"1\"},{\"quiz_question_answer_id\":\"176\",\"quiz_question_id\":\"42\",\"title\":\"Tissues\",\"is_correct\":\"0\"}]},{\"quiz_question_id\":\"43\",\"quiz_id\":\"3\",\"account_id\":null,\"title\":\"Durand Cup is associated with the game of\",\"image\":\"\",\"type\":\"radio\",\"order\":\"0\",\"created_at\":\"2020-12-24 02:38:31\",\"updated_at\":\"2020-12-24 02:38:31\",\"answers\":[{\"quiz_question_answer_id\":\"177\",\"quiz_question_id\":\"43\",\"title\":\"Cricket\",\"is_correct\":\"0\"},{\"quiz_question_answer_id\":\"178\",\"quiz_question_id\":\"43\",\"title\":\"Football\",\"is_correct\":\"1\"},{\"quiz_question_answer_id\":\"179\",\"quiz_question_id\":\"43\",\"title\":\"Hockey\",\"is_correct\":\"0\"},{\"quiz_question_answer_id\":\"180\",\"quiz_question_id\":\"43\",\"title\":\"Volleyball\",\"is_correct\":\"0\"}]},{\"quiz_question_id\":\"44\",\"quiz_id\":\"3\",\"account_id\":null,\"title\":\"Headquarters of UNO are situated at\",\"image\":\"\",\"type\":\"radio\",\"order\":\"0\",\"created_at\":\"2020-12-24 02:38:31\",\"updated_at\":\"2020-12-24 02:38:31\",\"answers\":[{\"quiz_question_answer_id\":\"181\",\"quiz_question_id\":\"44\",\"title\":\"New York, USA\",\"is_correct\":\"1\"},{\"quiz_question_answer_id\":\"182\",\"quiz_question_id\":\"44\",\"title\":\"Hague (Netherlands)\",\"is_correct\":\"0\"},{\"quiz_question_answer_id\":\"183\",\"quiz_question_id\":\"44\",\"title\":\"Geneva\",\"is_correct\":\"0\"},{\"quiz_question_answer_id\":\"184\",\"quiz_question_id\":\"44\",\"title\":\"Paris\",\"is_correct\":\"0\"}]},{\"quiz_question_id\":\"45\",\"quiz_id\":\"3\",\"account_id\":null,\"title\":\"First International Peace Congress was held in London in\",\"image\":\"\",\"type\":\"radio\",\"order\":\"0\",\"created_at\":\"2020-12-24 02:38:31\",\"updated_at\":\"2020-12-24 02:38:31\",\"answers\":[{\"quiz_question_answer_id\":\"185\",\"quiz_question_id\":\"45\",\"title\":\"1564 AD\",\"is_correct\":\"0\"},{\"quiz_question_answer_id\":\"186\",\"quiz_question_id\":\"45\",\"title\":\"1798 AD\",\"is_correct\":\"0\"},{\"quiz_question_answer_id\":\"187\",\"quiz_question_id\":\"45\",\"title\":\"1843 AD\",\"is_correct\":\"1\"},{\"quiz_question_answer_id\":\"188\",\"quiz_question_id\":\"45\",\"title\":\"1901 AD\",\"is_correct\":\"0\"}]},{\"quiz_question_id\":\"46\",\"quiz_id\":\"3\",\"account_id\":null,\"title\":\"For galvanizing iron which of the following metals is used?\",\"image\":\"\",\"type\":\"radio\",\"order\":\"0\",\"created_at\":\"2020-12-24 02:38:31\",\"updated_at\":\"2020-12-24 02:38:31\",\"answers\":[{\"quiz_question_answer_id\":\"189\",\"quiz_question_id\":\"46\",\"title\":\"Aluminium\",\"is_correct\":\"0\"},{\"quiz_question_answer_id\":\"190\",\"quiz_question_id\":\"46\",\"title\":\"Copper\",\"is_correct\":\"0\"},{\"quiz_question_answer_id\":\"191\",\"quiz_question_id\":\"46\",\"title\":\"Lead\",\"is_correct\":\"0\"},{\"quiz_question_answer_id\":\"192\",\"quiz_question_id\":\"46\",\"title\":\"Zinc\",\"is_correct\":\"1\"}]},{\"quiz_question_id\":\"47\",\"quiz_id\":\"3\",\"account_id\":null,\"title\":\"For purifying drinking water alum is used\",\"image\":\"\",\"type\":\"radio\",\"order\":\"0\",\"created_at\":\"2020-12-24 02:38:31\",\"updated_at\":\"2020-12-24 02:38:31\",\"answers\":[{\"quiz_question_answer_id\":\"193\",\"quiz_question_id\":\"47\",\"title\":\"for coagulation of mud particles\",\"is_correct\":\"1\"},{\"quiz_question_answer_id\":\"194\",\"quiz_question_id\":\"47\",\"title\":\"to kill bacteria\",\"is_correct\":\"0\"},{\"quiz_question_answer_id\":\"195\",\"quiz_question_id\":\"47\",\"title\":\"to remove salts\",\"is_correct\":\"0\"},{\"quiz_question_answer_id\":\"196\",\"quiz_question_id\":\"47\",\"title\":\"to remove gases\",\"is_correct\":\"0\"}]},{\"quiz_question_id\":\"48\",\"quiz_id\":\"3\",\"account_id\":null,\"title\":\"In a normal human body, the total number of red blood cells is\",\"image\":\"\",\"type\":\"radio\",\"order\":\"0\",\"created_at\":\"2020-12-24 02:38:31\",\"updated_at\":\"2020-12-24 02:38:31\",\"answers\":[{\"quiz_question_answer_id\":\"197\",\"quiz_question_id\":\"48\",\"title\":\"15 trillion\",\"is_correct\":\"0\"},{\"quiz_question_answer_id\":\"198\",\"quiz_question_id\":\"48\",\"title\":\"20 trillion\",\"is_correct\":\"0\"},{\"quiz_question_answer_id\":\"199\",\"quiz_question_id\":\"48\",\"title\":\"25 trillion\",\"is_correct\":\"0\"},{\"quiz_question_answer_id\":\"200\",\"quiz_question_id\":\"48\",\"title\":\"30 trillion\",\"is_correct\":\"1\"}]},{\"quiz_question_id\":\"49\",\"quiz_id\":\"3\",\"account_id\":null,\"title\":\"In which season do we need more fat?\",\"image\":\"\",\"type\":\"radio\",\"order\":\"0\",\"created_at\":\"2020-12-24 02:38:31\",\"updated_at\":\"2020-12-24 02:38:31\",\"answers\":[{\"quiz_question_answer_id\":\"201\",\"quiz_question_id\":\"49\",\"title\":\"Rainy season\",\"is_correct\":\"0\"},{\"quiz_question_answer_id\":\"202\",\"quiz_question_id\":\"49\",\"title\":\"Spring\",\"is_correct\":\"0\"},{\"quiz_question_answer_id\":\"203\",\"quiz_question_id\":\"49\",\"title\":\"Winter\",\"is_correct\":\"1\"},{\"quiz_question_answer_id\":\"204\",\"quiz_question_id\":\"49\",\"title\":\"Summer\",\"is_correct\":\"0\"}]},{\"quiz_question_id\":\"50\",\"quiz_id\":\"3\",\"account_id\":null,\"title\":\"How many times has Brazil won the World Cup Football Championship?\",\"image\":\"\",\"type\":\"radio\",\"order\":\"0\",\"created_at\":\"2020-12-24 02:38:31\",\"updated_at\":\"2020-12-24 02:38:31\",\"answers\":[{\"quiz_question_answer_id\":\"205\",\"quiz_question_id\":\"50\",\"title\":\"Four times\",\"is_correct\":\"0\"},{\"quiz_question_answer_id\":\"206\",\"quiz_question_id\":\"50\",\"title\":\"Twice\",\"is_correct\":\"0\"},{\"quiz_question_answer_id\":\"207\",\"quiz_question_id\":\"50\",\"title\":\"Five times\",\"is_correct\":\"1\"},{\"quiz_question_answer_id\":\"208\",\"quiz_question_id\":\"50\",\"title\":\"Once\",\"is_correct\":\"0\"}]}]}', NULL, 15, 30, 10, 15, '2019-01-01 00:00:00', NULL);
INSERT INTO `ac_candidate_quizes` VALUES (25, 5, 3, 0, 'IT Position Quiz', '{\"quiz\":{\"quiz_id\":\"1\",\"quiz_category_id\":\"1\",\"account_id\":null,\"title\":\"IT Position Quiz\",\"description\":\"Lorem Ipsum is simply dummy text of the printing and typesetting industry. Lorem Ipsum has been the industry\'s standard dummy text ever since the 1500s, when an unknown printer took a galley of type and scrambled it to make a type specimen book. It has survived not only five centuries, but also the leap into electronic typesetting, remaining essentially unchanged.\",\"allowed_time\":\"30\",\"created_at\":\"2020-12-24 02:38:31\",\"updated_at\":\"2020-12-24 02:38:31\"},\"questions\":[{\"quiz_question_id\":\"1\",\"quiz_id\":\"1\",\"account_id\":null,\"title\":\"A computer basically constitutes of _______ integral components\",\"image\":\"\",\"type\":\"radio\",\"order\":\"0\",\"created_at\":\"2020-12-24 02:38:31\",\"updated_at\":\"2020-12-24 02:38:31\",\"answers\":[{\"quiz_question_answer_id\":\"1\",\"quiz_question_id\":\"1\",\"title\":\"Two\",\"is_correct\":\"0\"},{\"quiz_question_answer_id\":\"2\",\"quiz_question_id\":\"1\",\"title\":\"Four\",\"is_correct\":\"0\"},{\"quiz_question_answer_id\":\"3\",\"quiz_question_id\":\"1\",\"title\":\"Three\",\"is_correct\":\"1\"},{\"quiz_question_answer_id\":\"4\",\"quiz_question_id\":\"1\",\"title\":\"Eight\",\"is_correct\":\"0\"}]},{\"quiz_question_id\":\"2\",\"quiz_id\":\"1\",\"account_id\":null,\"title\":\"Computers have secondary storage devices known as\",\"image\":\"\",\"type\":\"radio\",\"order\":\"0\",\"created_at\":\"2020-12-24 02:38:31\",\"updated_at\":\"2020-12-24 02:38:31\",\"answers\":[{\"quiz_question_answer_id\":\"5\",\"quiz_question_id\":\"2\",\"title\":\"ALU\",\"is_correct\":\"0\"},{\"quiz_question_answer_id\":\"6\",\"quiz_question_id\":\"2\",\"title\":\"Auxiliary Storage\",\"is_correct\":\"1\"},{\"quiz_question_answer_id\":\"7\",\"quiz_question_id\":\"2\",\"title\":\"CPU\",\"is_correct\":\"0\"},{\"quiz_question_answer_id\":\"8\",\"quiz_question_id\":\"2\",\"title\":\"None of the above\",\"is_correct\":\"0\"}]},{\"quiz_question_id\":\"3\",\"quiz_id\":\"1\",\"account_id\":null,\"title\":\"The ____ is responsible for various computer operations\",\"image\":\"\",\"type\":\"radio\",\"order\":\"0\",\"created_at\":\"2020-12-24 02:38:31\",\"updated_at\":\"2020-12-24 02:38:31\",\"answers\":[{\"quiz_question_answer_id\":\"9\",\"quiz_question_id\":\"3\",\"title\":\"Memory\",\"is_correct\":\"0\"},{\"quiz_question_answer_id\":\"10\",\"quiz_question_id\":\"3\",\"title\":\"Accumulator (ACU)\",\"is_correct\":\"0\"},{\"quiz_question_answer_id\":\"11\",\"quiz_question_id\":\"3\",\"title\":\"Control Unit\",\"is_correct\":\"1\"},{\"quiz_question_answer_id\":\"12\",\"quiz_question_id\":\"3\",\"title\":\"Memory Address Register (MAR)\",\"is_correct\":\"0\"}]},{\"quiz_question_id\":\"4\",\"quiz_id\":\"1\",\"account_id\":null,\"title\":\"Popular microprocessors include\",\"image\":\"\",\"type\":\"radio\",\"order\":\"0\",\"created_at\":\"2020-12-24 02:38:31\",\"updated_at\":\"2020-12-24 02:38:31\",\"answers\":[{\"quiz_question_answer_id\":\"13\",\"quiz_question_id\":\"4\",\"title\":\"Intel\",\"is_correct\":\"1\"},{\"quiz_question_answer_id\":\"14\",\"quiz_question_id\":\"4\",\"title\":\"Cache Memory\",\"is_correct\":\"0\"},{\"quiz_question_answer_id\":\"15\",\"quiz_question_id\":\"4\",\"title\":\"AMD\",\"is_correct\":\"0\"}]},{\"quiz_question_id\":\"5\",\"quiz_id\":\"1\",\"account_id\":null,\"title\":\"These types of computers are primarily involved in data processing and problem solving for specific programs.\",\"image\":\"\",\"type\":\"radio\",\"order\":\"0\",\"created_at\":\"2020-12-24 02:38:31\",\"updated_at\":\"2020-12-24 02:38:31\",\"answers\":[{\"quiz_question_answer_id\":\"16\",\"quiz_question_id\":\"5\",\"title\":\"Compact computers\",\"is_correct\":\"0\"},{\"quiz_question_answer_id\":\"17\",\"quiz_question_id\":\"5\",\"title\":\"Digital computers\",\"is_correct\":\"1\"},{\"quiz_question_answer_id\":\"18\",\"quiz_question_id\":\"5\",\"title\":\"Hybrid computers\",\"is_correct\":\"0\"},{\"quiz_question_answer_id\":\"19\",\"quiz_question_id\":\"5\",\"title\":\"Analog computers\",\"is_correct\":\"0\"}]},{\"quiz_question_id\":\"6\",\"quiz_id\":\"1\",\"account_id\":null,\"title\":\"It mediates communication between CPU and other components of system.\",\"image\":\"\",\"type\":\"radio\",\"order\":\"0\",\"created_at\":\"2020-12-24 02:38:31\",\"updated_at\":\"2020-12-24 02:38:31\",\"answers\":[{\"quiz_question_answer_id\":\"20\",\"quiz_question_id\":\"6\",\"title\":\"CPU\",\"is_correct\":\"0\"},{\"quiz_question_answer_id\":\"21\",\"quiz_question_id\":\"6\",\"title\":\"RAM\",\"is_correct\":\"0\"},{\"quiz_question_answer_id\":\"22\",\"quiz_question_id\":\"6\",\"title\":\"Chipset\",\"is_correct\":\"1\"},{\"quiz_question_answer_id\":\"23\",\"quiz_question_id\":\"6\",\"title\":\"Buses\",\"is_correct\":\"0\"}]},{\"quiz_question_id\":\"7\",\"quiz_id\":\"1\",\"account_id\":null,\"title\":\"Software that resides on a single computer and does not interact with any other software installed in a different computer.\",\"image\":\"\",\"type\":\"radio\",\"order\":\"0\",\"created_at\":\"2020-12-24 02:38:31\",\"updated_at\":\"2020-12-24 02:38:31\",\"answers\":[{\"quiz_question_answer_id\":\"24\",\"quiz_question_id\":\"7\",\"title\":\"Stand Alone Software\",\"is_correct\":\"1\"},{\"quiz_question_answer_id\":\"25\",\"quiz_question_id\":\"7\",\"title\":\"Embedded Software\",\"is_correct\":\"0\"},{\"quiz_question_answer_id\":\"26\",\"quiz_question_id\":\"7\",\"title\":\"Real Time Software\",\"is_correct\":\"0\"},{\"quiz_question_answer_id\":\"27\",\"quiz_question_id\":\"7\",\"title\":\"Network Software\",\"is_correct\":\"0\"}]},{\"quiz_question_id\":\"8\",\"quiz_id\":\"1\",\"account_id\":null,\"title\":\"____ was the first high level language developed by John Backus at IBM in 1956.\",\"image\":\"\",\"type\":\"radio\",\"order\":\"0\",\"created_at\":\"2020-12-24 02:38:31\",\"updated_at\":\"2020-12-24 02:38:31\",\"answers\":[{\"quiz_question_answer_id\":\"28\",\"quiz_question_id\":\"8\",\"title\":\"FORTRAN\",\"is_correct\":\"1\"},{\"quiz_question_answer_id\":\"29\",\"quiz_question_id\":\"8\",\"title\":\"COBOL\",\"is_correct\":\"0\"},{\"quiz_question_answer_id\":\"30\",\"quiz_question_id\":\"8\",\"title\":\"Basic\",\"is_correct\":\"0\"},{\"quiz_question_answer_id\":\"31\",\"quiz_question_id\":\"8\",\"title\":\"None of the above\",\"is_correct\":\"0\"}]},{\"quiz_question_id\":\"9\",\"quiz_id\":\"1\",\"account_id\":null,\"title\":\"____ is a presentation tool that helps create eye catching and effective presentations in a matter of minutes\",\"image\":\"\",\"type\":\"radio\",\"order\":\"0\",\"created_at\":\"2020-12-24 02:38:31\",\"updated_at\":\"2020-12-24 02:38:31\",\"answers\":[{\"quiz_question_answer_id\":\"32\",\"quiz_question_id\":\"9\",\"title\":\"Spreadsheet\",\"is_correct\":\"0\"},{\"quiz_question_answer_id\":\"33\",\"quiz_question_id\":\"9\",\"title\":\"Word Processing\",\"is_correct\":\"0\"},{\"quiz_question_answer_id\":\"34\",\"quiz_question_id\":\"9\",\"title\":\"Bits\",\"is_correct\":\"0\"},{\"quiz_question_answer_id\":\"35\",\"quiz_question_id\":\"9\",\"title\":\"Power Point\",\"is_correct\":\"1\"}]},{\"quiz_question_id\":\"10\",\"quiz_id\":\"1\",\"account_id\":null,\"title\":\"The professionals involved in the study and prediction of weather are called.\",\"image\":\"\",\"type\":\"radio\",\"order\":\"0\",\"created_at\":\"2020-12-24 02:38:31\",\"updated_at\":\"2020-12-24 02:38:31\",\"answers\":[{\"quiz_question_answer_id\":\"36\",\"quiz_question_id\":\"10\",\"title\":\"Seer\",\"is_correct\":\"0\"},{\"quiz_question_answer_id\":\"37\",\"quiz_question_id\":\"10\",\"title\":\"Doom Sayer\",\"is_correct\":\"0\"},{\"quiz_question_answer_id\":\"38\",\"quiz_question_id\":\"10\",\"title\":\"Meteorologists\",\"is_correct\":\"1\"},{\"quiz_question_answer_id\":\"39\",\"quiz_question_id\":\"10\",\"title\":\"None of the above\",\"is_correct\":\"0\"}]},{\"quiz_question_id\":\"11\",\"quiz_id\":\"1\",\"account_id\":null,\"title\":\"The various types of computers are.\",\"image\":\"\",\"type\":\"checkbox\",\"order\":\"0\",\"created_at\":\"2020-12-24 02:38:31\",\"updated_at\":\"2020-12-24 02:38:31\",\"answers\":[{\"quiz_question_answer_id\":\"40\",\"quiz_question_id\":\"11\",\"title\":\"Personal Computers\",\"is_correct\":\"1\"},{\"quiz_question_answer_id\":\"41\",\"quiz_question_id\":\"11\",\"title\":\"Workstations\",\"is_correct\":\"1\"},{\"quiz_question_answer_id\":\"42\",\"quiz_question_id\":\"11\",\"title\":\"Tablet PC\",\"is_correct\":\"1\"},{\"quiz_question_answer_id\":\"43\",\"quiz_question_id\":\"11\",\"title\":\"Car Dashboard\",\"is_correct\":\"0\"}]},{\"quiz_question_id\":\"12\",\"quiz_id\":\"1\",\"account_id\":null,\"title\":\"It is very important for a computer system to have the ability to communicate with the outside world.\",\"image\":\"\",\"type\":\"checkbox\",\"order\":\"0\",\"created_at\":\"2020-12-24 02:38:31\",\"updated_at\":\"2020-12-24 02:38:31\",\"answers\":[{\"quiz_question_answer_id\":\"44\",\"quiz_question_id\":\"12\",\"title\":\"Receive data\",\"is_correct\":\"1\"},{\"quiz_question_answer_id\":\"45\",\"quiz_question_id\":\"12\",\"title\":\"Send Data\",\"is_correct\":\"1\"},{\"quiz_question_answer_id\":\"46\",\"quiz_question_id\":\"12\",\"title\":\"All of the above\",\"is_correct\":\"1\"}]},{\"quiz_question_id\":\"13\",\"quiz_id\":\"1\",\"account_id\":null,\"title\":\"1 Gigabyte is equal to\",\"image\":\"\",\"type\":\"radio\",\"order\":\"0\",\"created_at\":\"2020-12-24 02:38:31\",\"updated_at\":\"2020-12-24 02:38:31\",\"answers\":[{\"quiz_question_answer_id\":\"47\",\"quiz_question_id\":\"13\",\"title\":\"1024 bits\",\"is_correct\":\"0\"},{\"quiz_question_answer_id\":\"48\",\"quiz_question_id\":\"13\",\"title\":\"1024 bytes\",\"is_correct\":\"0\"},{\"quiz_question_answer_id\":\"49\",\"quiz_question_id\":\"13\",\"title\":\"1024 megabytes\",\"is_correct\":\"1\"},{\"quiz_question_answer_id\":\"50\",\"quiz_question_id\":\"13\",\"title\":\"1024 kilobytes\",\"is_correct\":\"0\"}]},{\"quiz_question_id\":\"14\",\"quiz_id\":\"1\",\"account_id\":null,\"title\":\"Pen drive is a\",\"image\":\"\",\"type\":\"radio\",\"order\":\"0\",\"created_at\":\"2020-12-24 02:38:31\",\"updated_at\":\"2020-12-24 02:38:31\",\"answers\":[{\"quiz_question_answer_id\":\"51\",\"quiz_question_id\":\"14\",\"title\":\"Primary Memory\",\"is_correct\":\"0\"},{\"quiz_question_answer_id\":\"52\",\"quiz_question_id\":\"14\",\"title\":\"Secondary Memory\",\"is_correct\":\"1\"},{\"quiz_question_answer_id\":\"53\",\"quiz_question_id\":\"14\",\"title\":\"Cache Memory\",\"is_correct\":\"0\"},{\"quiz_question_answer_id\":\"54\",\"quiz_question_id\":\"14\",\"title\":\"Internal Memory\",\"is_correct\":\"0\"}]},{\"quiz_question_id\":\"15\",\"quiz_id\":\"1\",\"account_id\":null,\"title\":\"How many types of constructors are available, in general, in any language?\",\"image\":\"\",\"type\":\"radio\",\"order\":\"0\",\"created_at\":\"2020-12-24 02:38:31\",\"updated_at\":\"2020-12-24 02:38:31\",\"answers\":[{\"quiz_question_answer_id\":\"55\",\"quiz_question_id\":\"15\",\"title\":\"2\",\"is_correct\":\"0\"},{\"quiz_question_answer_id\":\"56\",\"quiz_question_id\":\"15\",\"title\":\"3\",\"is_correct\":\"1\"},{\"quiz_question_answer_id\":\"57\",\"quiz_question_id\":\"15\",\"title\":\"4\",\"is_correct\":\"0\"},{\"quiz_question_answer_id\":\"58\",\"quiz_question_id\":\"15\",\"title\":\"5\",\"is_correct\":\"0\"}]},{\"quiz_question_id\":\"16\",\"quiz_id\":\"1\",\"account_id\":null,\"title\":\"Which among the following is true for static constructor?\",\"image\":\"\",\"type\":\"radio\",\"order\":\"0\",\"created_at\":\"2020-12-24 02:38:31\",\"updated_at\":\"2020-12-24 02:38:31\",\"answers\":[{\"quiz_question_answer_id\":\"59\",\"quiz_question_id\":\"16\",\"title\":\"Static constructors are called with every new object\",\"is_correct\":\"0\"},{\"quiz_question_answer_id\":\"60\",\"quiz_question_id\":\"16\",\"title\":\"Static constructors are used initialize data members to zero always\",\"is_correct\":\"0\"},{\"quiz_question_answer_id\":\"61\",\"quiz_question_id\":\"16\",\"title\":\"Static constructors can\\u2019t be parameterized constructors\",\"is_correct\":\"1\"},{\"quiz_question_answer_id\":\"62\",\"quiz_question_id\":\"16\",\"title\":\"Static constructors can be used to initialize the non-static members also\",\"is_correct\":\"0\"}]},{\"quiz_question_id\":\"17\",\"quiz_id\":\"1\",\"account_id\":null,\"title\":\"Within a class, only one static constructor can be created.\",\"image\":\"\",\"type\":\"radio\",\"order\":\"0\",\"created_at\":\"2020-12-24 02:38:31\",\"updated_at\":\"2020-12-24 02:38:31\",\"answers\":[{\"quiz_question_answer_id\":\"63\",\"quiz_question_id\":\"17\",\"title\":\"True\",\"is_correct\":\"1\"},{\"quiz_question_answer_id\":\"64\",\"quiz_question_id\":\"17\",\"title\":\"False\",\"is_correct\":\"0\"}]},{\"quiz_question_id\":\"18\",\"quiz_id\":\"1\",\"account_id\":null,\"title\":\"Why do we use constructor overloading?\",\"image\":\"\",\"type\":\"radio\",\"order\":\"0\",\"created_at\":\"2020-12-24 02:38:31\",\"updated_at\":\"2020-12-24 02:38:31\",\"answers\":[{\"quiz_question_answer_id\":\"65\",\"quiz_question_id\":\"18\",\"title\":\"To use different types of constructors\",\"is_correct\":\"0\"},{\"quiz_question_answer_id\":\"66\",\"quiz_question_id\":\"18\",\"title\":\"Because it\\u2019s a feature provided\",\"is_correct\":\"0\"},{\"quiz_question_answer_id\":\"67\",\"quiz_question_id\":\"18\",\"title\":\"To initialize the object in different ways\",\"is_correct\":\"1\"},{\"quiz_question_answer_id\":\"68\",\"quiz_question_id\":\"18\",\"title\":\"To differentiate one constructor from another\",\"is_correct\":\"0\"}]},{\"quiz_question_id\":\"19\",\"quiz_id\":\"1\",\"account_id\":null,\"title\":\"The destructor can be called before the constructor if required.\",\"image\":\"\",\"type\":\"radio\",\"order\":\"0\",\"created_at\":\"2020-12-24 02:38:31\",\"updated_at\":\"2020-12-24 02:38:31\",\"answers\":[{\"quiz_question_answer_id\":\"69\",\"quiz_question_id\":\"19\",\"title\":\"True\",\"is_correct\":\"0\"},{\"quiz_question_answer_id\":\"70\",\"quiz_question_id\":\"19\",\"title\":\"False\",\"is_correct\":\"1\"}]},{\"quiz_question_id\":\"20\",\"quiz_id\":\"1\",\"account_id\":null,\"title\":\" If in multiple inheritance, class C inherits class B, and Class B inherits class A. In which sequence are their destructors called if an object of class C was declared?\",\"image\":\"\",\"type\":\"radio\",\"order\":\"0\",\"created_at\":\"2020-12-24 02:38:31\",\"updated_at\":\"2020-12-24 02:38:31\",\"answers\":[{\"quiz_question_answer_id\":\"71\",\"quiz_question_id\":\"20\",\"title\":\"~C() then ~B() then ~A()\",\"is_correct\":\"1\"},{\"quiz_question_answer_id\":\"72\",\"quiz_question_id\":\"20\",\"title\":\"~B() then ~C() then ~A()\",\"is_correct\":\"0\"},{\"quiz_question_answer_id\":\"73\",\"quiz_question_id\":\"20\",\"title\":\"~A() then ~B() then ~C()\",\"is_correct\":\"0\"},{\"quiz_question_answer_id\":\"74\",\"quiz_question_id\":\"20\",\"title\":\"~C() then ~A() then ~B()\",\"is_correct\":\"0\"}]}]}', NULL, 20, 30, 19, 15, '2019-01-01 00:00:00', NULL);
INSERT INTO `ac_candidate_quizes` VALUES (26, 5, 3, 0, 'General Knowledge Quiz', '{\"quiz\":{\"quiz_id\":\"3\",\"quiz_category_id\":\"4\",\"account_id\":null,\"title\":\"General Knowledge Quiz\",\"description\":\"Lorem Ipsum is simply dummy text of the printing and typesetting industry. Lorem Ipsum has been the industry\'s standard dummy text ever since the 1500s, when an unknown printer took a galley of type and scrambled it to make a type specimen book. It has survived not only five centuries, but also the leap into electronic typesetting, remaining essentially unchanged.\",\"allowed_time\":\"30\",\"created_at\":\"2020-12-24 02:38:31\",\"updated_at\":\"2020-12-24 02:38:31\"},\"questions\":[{\"quiz_question_id\":\"36\",\"quiz_id\":\"3\",\"account_id\":null,\"title\":\"Entomology is the science that studies\",\"image\":\"\",\"type\":\"radio\",\"order\":\"0\",\"created_at\":\"2020-12-24 02:38:31\",\"updated_at\":\"2020-12-24 02:38:31\",\"answers\":[{\"quiz_question_answer_id\":\"150\",\"quiz_question_id\":\"36\",\"title\":\"Behavior of human beings\",\"is_correct\":\"0\"},{\"quiz_question_answer_id\":\"151\",\"quiz_question_id\":\"36\",\"title\":\"Insects\",\"is_correct\":\"1\"},{\"quiz_question_answer_id\":\"152\",\"quiz_question_id\":\"36\",\"title\":\"The origin and history of technical and scientific terms\",\"is_correct\":\"0\"},{\"quiz_question_answer_id\":\"153\",\"quiz_question_id\":\"36\",\"title\":\"The formation of rocks\",\"is_correct\":\"0\"}]},{\"quiz_question_id\":\"37\",\"quiz_id\":\"3\",\"account_id\":null,\"title\":\"For which of the following disciplines is Nobel Prize awarded?\",\"image\":\"\",\"type\":\"checkbox\",\"order\":\"0\",\"created_at\":\"2020-12-24 02:38:31\",\"updated_at\":\"2020-12-24 02:38:31\",\"answers\":[{\"quiz_question_answer_id\":\"154\",\"quiz_question_id\":\"37\",\"title\":\"Physics and Chemistry\",\"is_correct\":\"1\"},{\"quiz_question_answer_id\":\"155\",\"quiz_question_id\":\"37\",\"title\":\"Physiology or Medicine\",\"is_correct\":\"1\"},{\"quiz_question_answer_id\":\"156\",\"quiz_question_id\":\"37\",\"title\":\"Literature, Peace and Economics\",\"is_correct\":\"1\"}]},{\"quiz_question_id\":\"38\",\"quiz_id\":\"3\",\"account_id\":null,\"title\":\"Galileo was an Italian astronomer who\",\"image\":\"\",\"type\":\"radio\",\"order\":\"0\",\"created_at\":\"2020-12-24 02:38:31\",\"updated_at\":\"2020-12-24 02:38:31\",\"answers\":[{\"quiz_question_answer_id\":\"157\",\"quiz_question_id\":\"38\",\"title\":\"developed the telescope\",\"is_correct\":\"0\"},{\"quiz_question_answer_id\":\"158\",\"quiz_question_id\":\"38\",\"title\":\"discovered four satellites of Jupiter\",\"is_correct\":\"0\"},{\"quiz_question_answer_id\":\"159\",\"quiz_question_id\":\"38\",\"title\":\"discovered that the movement of pendulum produces a regular time measurement\",\"is_correct\":\"0\"},{\"quiz_question_answer_id\":\"160\",\"quiz_question_id\":\"38\",\"title\":\"All of the above\",\"is_correct\":\"1\"}]},{\"quiz_question_id\":\"39\",\"quiz_id\":\"3\",\"account_id\":null,\"title\":\"Exposure to sunlight helps a person improve his health because\",\"image\":\"\",\"type\":\"radio\",\"order\":\"0\",\"created_at\":\"2020-12-24 02:38:31\",\"updated_at\":\"2020-12-24 02:38:31\",\"answers\":[{\"quiz_question_answer_id\":\"161\",\"quiz_question_id\":\"39\",\"title\":\"the infrared light kills bacteria in the body\",\"is_correct\":\"0\"},{\"quiz_question_answer_id\":\"162\",\"quiz_question_id\":\"39\",\"title\":\"resistance power increases\",\"is_correct\":\"0\"},{\"quiz_question_answer_id\":\"163\",\"quiz_question_id\":\"39\",\"title\":\"the pigment cells in the skin get stimulated and produce a healthy tan\",\"is_correct\":\"0\"},{\"quiz_question_answer_id\":\"164\",\"quiz_question_id\":\"39\",\"title\":\"the ultraviolet rays convert skin oil into Vitamin D\",\"is_correct\":\"1\"}]},{\"quiz_question_id\":\"40\",\"quiz_id\":\"3\",\"account_id\":null,\"title\":\"For the Olympics and World Tournaments, the dimensions of basketball court are\",\"image\":\"\",\"type\":\"radio\",\"order\":\"0\",\"created_at\":\"2020-12-24 02:38:31\",\"updated_at\":\"2020-12-24 02:38:31\",\"answers\":[{\"quiz_question_answer_id\":\"165\",\"quiz_question_id\":\"40\",\"title\":\"26 m x 14 m\",\"is_correct\":\"0\"},{\"quiz_question_answer_id\":\"166\",\"quiz_question_id\":\"40\",\"title\":\"28 m x 15 m\",\"is_correct\":\"1\"},{\"quiz_question_answer_id\":\"167\",\"quiz_question_id\":\"40\",\"title\":\"27 m x 16 m\",\"is_correct\":\"0\"},{\"quiz_question_answer_id\":\"168\",\"quiz_question_id\":\"40\",\"title\":\"28 m x 16 m\",\"is_correct\":\"0\"}]},{\"quiz_question_id\":\"41\",\"quiz_id\":\"3\",\"account_id\":null,\"title\":\"Friction can be reduced by changing from\",\"image\":\"\",\"type\":\"radio\",\"order\":\"0\",\"created_at\":\"2020-12-24 02:38:31\",\"updated_at\":\"2020-12-24 02:38:31\",\"answers\":[{\"quiz_question_answer_id\":\"169\",\"quiz_question_id\":\"41\",\"title\":\"sliding to rolling\",\"is_correct\":\"1\"},{\"quiz_question_answer_id\":\"170\",\"quiz_question_id\":\"41\",\"title\":\"rolling to sliding\",\"is_correct\":\"0\"},{\"quiz_question_answer_id\":\"171\",\"quiz_question_id\":\"41\",\"title\":\"potential energy to kinetic energy\",\"is_correct\":\"0\"},{\"quiz_question_answer_id\":\"172\",\"quiz_question_id\":\"41\",\"title\":\"dynamic to static\",\"is_correct\":\"0\"}]},{\"quiz_question_id\":\"42\",\"quiz_id\":\"3\",\"account_id\":null,\"title\":\"Ecology deals with\",\"image\":\"\",\"type\":\"radio\",\"order\":\"0\",\"created_at\":\"2020-12-24 02:38:31\",\"updated_at\":\"2020-12-24 02:38:31\",\"answers\":[{\"quiz_question_answer_id\":\"173\",\"quiz_question_id\":\"42\",\"title\":\"Birds\",\"is_correct\":\"0\"},{\"quiz_question_answer_id\":\"174\",\"quiz_question_id\":\"42\",\"title\":\"Cell formation\",\"is_correct\":\"0\"},{\"quiz_question_answer_id\":\"175\",\"quiz_question_id\":\"42\",\"title\":\"Relation between organisms and their environment\",\"is_correct\":\"1\"},{\"quiz_question_answer_id\":\"176\",\"quiz_question_id\":\"42\",\"title\":\"Tissues\",\"is_correct\":\"0\"}]},{\"quiz_question_id\":\"43\",\"quiz_id\":\"3\",\"account_id\":null,\"title\":\"Durand Cup is associated with the game of\",\"image\":\"\",\"type\":\"radio\",\"order\":\"0\",\"created_at\":\"2020-12-24 02:38:31\",\"updated_at\":\"2020-12-24 02:38:31\",\"answers\":[{\"quiz_question_answer_id\":\"177\",\"quiz_question_id\":\"43\",\"title\":\"Cricket\",\"is_correct\":\"0\"},{\"quiz_question_answer_id\":\"178\",\"quiz_question_id\":\"43\",\"title\":\"Football\",\"is_correct\":\"1\"},{\"quiz_question_answer_id\":\"179\",\"quiz_question_id\":\"43\",\"title\":\"Hockey\",\"is_correct\":\"0\"},{\"quiz_question_answer_id\":\"180\",\"quiz_question_id\":\"43\",\"title\":\"Volleyball\",\"is_correct\":\"0\"}]},{\"quiz_question_id\":\"44\",\"quiz_id\":\"3\",\"account_id\":null,\"title\":\"Headquarters of UNO are situated at\",\"image\":\"\",\"type\":\"radio\",\"order\":\"0\",\"created_at\":\"2020-12-24 02:38:31\",\"updated_at\":\"2020-12-24 02:38:31\",\"answers\":[{\"quiz_question_answer_id\":\"181\",\"quiz_question_id\":\"44\",\"title\":\"New York, USA\",\"is_correct\":\"1\"},{\"quiz_question_answer_id\":\"182\",\"quiz_question_id\":\"44\",\"title\":\"Hague (Netherlands)\",\"is_correct\":\"0\"},{\"quiz_question_answer_id\":\"183\",\"quiz_question_id\":\"44\",\"title\":\"Geneva\",\"is_correct\":\"0\"},{\"quiz_question_answer_id\":\"184\",\"quiz_question_id\":\"44\",\"title\":\"Paris\",\"is_correct\":\"0\"}]},{\"quiz_question_id\":\"45\",\"quiz_id\":\"3\",\"account_id\":null,\"title\":\"First International Peace Congress was held in London in\",\"image\":\"\",\"type\":\"radio\",\"order\":\"0\",\"created_at\":\"2020-12-24 02:38:31\",\"updated_at\":\"2020-12-24 02:38:31\",\"answers\":[{\"quiz_question_answer_id\":\"185\",\"quiz_question_id\":\"45\",\"title\":\"1564 AD\",\"is_correct\":\"0\"},{\"quiz_question_answer_id\":\"186\",\"quiz_question_id\":\"45\",\"title\":\"1798 AD\",\"is_correct\":\"0\"},{\"quiz_question_answer_id\":\"187\",\"quiz_question_id\":\"45\",\"title\":\"1843 AD\",\"is_correct\":\"1\"},{\"quiz_question_answer_id\":\"188\",\"quiz_question_id\":\"45\",\"title\":\"1901 AD\",\"is_correct\":\"0\"}]},{\"quiz_question_id\":\"46\",\"quiz_id\":\"3\",\"account_id\":null,\"title\":\"For galvanizing iron which of the following metals is used?\",\"image\":\"\",\"type\":\"radio\",\"order\":\"0\",\"created_at\":\"2020-12-24 02:38:31\",\"updated_at\":\"2020-12-24 02:38:31\",\"answers\":[{\"quiz_question_answer_id\":\"189\",\"quiz_question_id\":\"46\",\"title\":\"Aluminium\",\"is_correct\":\"0\"},{\"quiz_question_answer_id\":\"190\",\"quiz_question_id\":\"46\",\"title\":\"Copper\",\"is_correct\":\"0\"},{\"quiz_question_answer_id\":\"191\",\"quiz_question_id\":\"46\",\"title\":\"Lead\",\"is_correct\":\"0\"},{\"quiz_question_answer_id\":\"192\",\"quiz_question_id\":\"46\",\"title\":\"Zinc\",\"is_correct\":\"1\"}]},{\"quiz_question_id\":\"47\",\"quiz_id\":\"3\",\"account_id\":null,\"title\":\"For purifying drinking water alum is used\",\"image\":\"\",\"type\":\"radio\",\"order\":\"0\",\"created_at\":\"2020-12-24 02:38:31\",\"updated_at\":\"2020-12-24 02:38:31\",\"answers\":[{\"quiz_question_answer_id\":\"193\",\"quiz_question_id\":\"47\",\"title\":\"for coagulation of mud particles\",\"is_correct\":\"1\"},{\"quiz_question_answer_id\":\"194\",\"quiz_question_id\":\"47\",\"title\":\"to kill bacteria\",\"is_correct\":\"0\"},{\"quiz_question_answer_id\":\"195\",\"quiz_question_id\":\"47\",\"title\":\"to remove salts\",\"is_correct\":\"0\"},{\"quiz_question_answer_id\":\"196\",\"quiz_question_id\":\"47\",\"title\":\"to remove gases\",\"is_correct\":\"0\"}]},{\"quiz_question_id\":\"48\",\"quiz_id\":\"3\",\"account_id\":null,\"title\":\"In a normal human body, the total number of red blood cells is\",\"image\":\"\",\"type\":\"radio\",\"order\":\"0\",\"created_at\":\"2020-12-24 02:38:31\",\"updated_at\":\"2020-12-24 02:38:31\",\"answers\":[{\"quiz_question_answer_id\":\"197\",\"quiz_question_id\":\"48\",\"title\":\"15 trillion\",\"is_correct\":\"0\"},{\"quiz_question_answer_id\":\"198\",\"quiz_question_id\":\"48\",\"title\":\"20 trillion\",\"is_correct\":\"0\"},{\"quiz_question_answer_id\":\"199\",\"quiz_question_id\":\"48\",\"title\":\"25 trillion\",\"is_correct\":\"0\"},{\"quiz_question_answer_id\":\"200\",\"quiz_question_id\":\"48\",\"title\":\"30 trillion\",\"is_correct\":\"1\"}]},{\"quiz_question_id\":\"49\",\"quiz_id\":\"3\",\"account_id\":null,\"title\":\"In which season do we need more fat?\",\"image\":\"\",\"type\":\"radio\",\"order\":\"0\",\"created_at\":\"2020-12-24 02:38:31\",\"updated_at\":\"2020-12-24 02:38:31\",\"answers\":[{\"quiz_question_answer_id\":\"201\",\"quiz_question_id\":\"49\",\"title\":\"Rainy season\",\"is_correct\":\"0\"},{\"quiz_question_answer_id\":\"202\",\"quiz_question_id\":\"49\",\"title\":\"Spring\",\"is_correct\":\"0\"},{\"quiz_question_answer_id\":\"203\",\"quiz_question_id\":\"49\",\"title\":\"Winter\",\"is_correct\":\"1\"},{\"quiz_question_answer_id\":\"204\",\"quiz_question_id\":\"49\",\"title\":\"Summer\",\"is_correct\":\"0\"}]},{\"quiz_question_id\":\"50\",\"quiz_id\":\"3\",\"account_id\":null,\"title\":\"How many times has Brazil won the World Cup Football Championship?\",\"image\":\"\",\"type\":\"radio\",\"order\":\"0\",\"created_at\":\"2020-12-24 02:38:31\",\"updated_at\":\"2020-12-24 02:38:31\",\"answers\":[{\"quiz_question_answer_id\":\"205\",\"quiz_question_id\":\"50\",\"title\":\"Four times\",\"is_correct\":\"0\"},{\"quiz_question_answer_id\":\"206\",\"quiz_question_id\":\"50\",\"title\":\"Twice\",\"is_correct\":\"0\"},{\"quiz_question_answer_id\":\"207\",\"quiz_question_id\":\"50\",\"title\":\"Five times\",\"is_correct\":\"1\"},{\"quiz_question_answer_id\":\"208\",\"quiz_question_id\":\"50\",\"title\":\"Once\",\"is_correct\":\"0\"}]}]}', NULL, 15, 30, 10, 15, '2019-01-01 00:00:00', NULL);
INSERT INTO `ac_candidate_quizes` VALUES (27, 6, 3, 0, 'IT Position Quiz', '{\"quiz\":{\"quiz_id\":\"1\",\"quiz_category_id\":\"1\",\"account_id\":null,\"title\":\"IT Position Quiz\",\"description\":\"Lorem Ipsum is simply dummy text of the printing and typesetting industry. Lorem Ipsum has been the industry\'s standard dummy text ever since the 1500s, when an unknown printer took a galley of type and scrambled it to make a type specimen book. It has survived not only five centuries, but also the leap into electronic typesetting, remaining essentially unchanged.\",\"allowed_time\":\"30\",\"created_at\":\"2020-12-24 02:38:31\",\"updated_at\":\"2020-12-24 02:38:31\"},\"questions\":[{\"quiz_question_id\":\"1\",\"quiz_id\":\"1\",\"account_id\":null,\"title\":\"A computer basically constitutes of _______ integral components\",\"image\":\"\",\"type\":\"radio\",\"order\":\"0\",\"created_at\":\"2020-12-24 02:38:31\",\"updated_at\":\"2020-12-24 02:38:31\",\"answers\":[{\"quiz_question_answer_id\":\"1\",\"quiz_question_id\":\"1\",\"title\":\"Two\",\"is_correct\":\"0\"},{\"quiz_question_answer_id\":\"2\",\"quiz_question_id\":\"1\",\"title\":\"Four\",\"is_correct\":\"0\"},{\"quiz_question_answer_id\":\"3\",\"quiz_question_id\":\"1\",\"title\":\"Three\",\"is_correct\":\"1\"},{\"quiz_question_answer_id\":\"4\",\"quiz_question_id\":\"1\",\"title\":\"Eight\",\"is_correct\":\"0\"}]},{\"quiz_question_id\":\"2\",\"quiz_id\":\"1\",\"account_id\":null,\"title\":\"Computers have secondary storage devices known as\",\"image\":\"\",\"type\":\"radio\",\"order\":\"0\",\"created_at\":\"2020-12-24 02:38:31\",\"updated_at\":\"2020-12-24 02:38:31\",\"answers\":[{\"quiz_question_answer_id\":\"5\",\"quiz_question_id\":\"2\",\"title\":\"ALU\",\"is_correct\":\"0\"},{\"quiz_question_answer_id\":\"6\",\"quiz_question_id\":\"2\",\"title\":\"Auxiliary Storage\",\"is_correct\":\"1\"},{\"quiz_question_answer_id\":\"7\",\"quiz_question_id\":\"2\",\"title\":\"CPU\",\"is_correct\":\"0\"},{\"quiz_question_answer_id\":\"8\",\"quiz_question_id\":\"2\",\"title\":\"None of the above\",\"is_correct\":\"0\"}]},{\"quiz_question_id\":\"3\",\"quiz_id\":\"1\",\"account_id\":null,\"title\":\"The ____ is responsible for various computer operations\",\"image\":\"\",\"type\":\"radio\",\"order\":\"0\",\"created_at\":\"2020-12-24 02:38:31\",\"updated_at\":\"2020-12-24 02:38:31\",\"answers\":[{\"quiz_question_answer_id\":\"9\",\"quiz_question_id\":\"3\",\"title\":\"Memory\",\"is_correct\":\"0\"},{\"quiz_question_answer_id\":\"10\",\"quiz_question_id\":\"3\",\"title\":\"Accumulator (ACU)\",\"is_correct\":\"0\"},{\"quiz_question_answer_id\":\"11\",\"quiz_question_id\":\"3\",\"title\":\"Control Unit\",\"is_correct\":\"1\"},{\"quiz_question_answer_id\":\"12\",\"quiz_question_id\":\"3\",\"title\":\"Memory Address Register (MAR)\",\"is_correct\":\"0\"}]},{\"quiz_question_id\":\"4\",\"quiz_id\":\"1\",\"account_id\":null,\"title\":\"Popular microprocessors include\",\"image\":\"\",\"type\":\"radio\",\"order\":\"0\",\"created_at\":\"2020-12-24 02:38:31\",\"updated_at\":\"2020-12-24 02:38:31\",\"answers\":[{\"quiz_question_answer_id\":\"13\",\"quiz_question_id\":\"4\",\"title\":\"Intel\",\"is_correct\":\"1\"},{\"quiz_question_answer_id\":\"14\",\"quiz_question_id\":\"4\",\"title\":\"Cache Memory\",\"is_correct\":\"0\"},{\"quiz_question_answer_id\":\"15\",\"quiz_question_id\":\"4\",\"title\":\"AMD\",\"is_correct\":\"0\"}]},{\"quiz_question_id\":\"5\",\"quiz_id\":\"1\",\"account_id\":null,\"title\":\"These types of computers are primarily involved in data processing and problem solving for specific programs.\",\"image\":\"\",\"type\":\"radio\",\"order\":\"0\",\"created_at\":\"2020-12-24 02:38:31\",\"updated_at\":\"2020-12-24 02:38:31\",\"answers\":[{\"quiz_question_answer_id\":\"16\",\"quiz_question_id\":\"5\",\"title\":\"Compact computers\",\"is_correct\":\"0\"},{\"quiz_question_answer_id\":\"17\",\"quiz_question_id\":\"5\",\"title\":\"Digital computers\",\"is_correct\":\"1\"},{\"quiz_question_answer_id\":\"18\",\"quiz_question_id\":\"5\",\"title\":\"Hybrid computers\",\"is_correct\":\"0\"},{\"quiz_question_answer_id\":\"19\",\"quiz_question_id\":\"5\",\"title\":\"Analog computers\",\"is_correct\":\"0\"}]},{\"quiz_question_id\":\"6\",\"quiz_id\":\"1\",\"account_id\":null,\"title\":\"It mediates communication between CPU and other components of system.\",\"image\":\"\",\"type\":\"radio\",\"order\":\"0\",\"created_at\":\"2020-12-24 02:38:31\",\"updated_at\":\"2020-12-24 02:38:31\",\"answers\":[{\"quiz_question_answer_id\":\"20\",\"quiz_question_id\":\"6\",\"title\":\"CPU\",\"is_correct\":\"0\"},{\"quiz_question_answer_id\":\"21\",\"quiz_question_id\":\"6\",\"title\":\"RAM\",\"is_correct\":\"0\"},{\"quiz_question_answer_id\":\"22\",\"quiz_question_id\":\"6\",\"title\":\"Chipset\",\"is_correct\":\"1\"},{\"quiz_question_answer_id\":\"23\",\"quiz_question_id\":\"6\",\"title\":\"Buses\",\"is_correct\":\"0\"}]},{\"quiz_question_id\":\"7\",\"quiz_id\":\"1\",\"account_id\":null,\"title\":\"Software that resides on a single computer and does not interact with any other software installed in a different computer.\",\"image\":\"\",\"type\":\"radio\",\"order\":\"0\",\"created_at\":\"2020-12-24 02:38:31\",\"updated_at\":\"2020-12-24 02:38:31\",\"answers\":[{\"quiz_question_answer_id\":\"24\",\"quiz_question_id\":\"7\",\"title\":\"Stand Alone Software\",\"is_correct\":\"1\"},{\"quiz_question_answer_id\":\"25\",\"quiz_question_id\":\"7\",\"title\":\"Embedded Software\",\"is_correct\":\"0\"},{\"quiz_question_answer_id\":\"26\",\"quiz_question_id\":\"7\",\"title\":\"Real Time Software\",\"is_correct\":\"0\"},{\"quiz_question_answer_id\":\"27\",\"quiz_question_id\":\"7\",\"title\":\"Network Software\",\"is_correct\":\"0\"}]},{\"quiz_question_id\":\"8\",\"quiz_id\":\"1\",\"account_id\":null,\"title\":\"____ was the first high level language developed by John Backus at IBM in 1956.\",\"image\":\"\",\"type\":\"radio\",\"order\":\"0\",\"created_at\":\"2020-12-24 02:38:31\",\"updated_at\":\"2020-12-24 02:38:31\",\"answers\":[{\"quiz_question_answer_id\":\"28\",\"quiz_question_id\":\"8\",\"title\":\"FORTRAN\",\"is_correct\":\"1\"},{\"quiz_question_answer_id\":\"29\",\"quiz_question_id\":\"8\",\"title\":\"COBOL\",\"is_correct\":\"0\"},{\"quiz_question_answer_id\":\"30\",\"quiz_question_id\":\"8\",\"title\":\"Basic\",\"is_correct\":\"0\"},{\"quiz_question_answer_id\":\"31\",\"quiz_question_id\":\"8\",\"title\":\"None of the above\",\"is_correct\":\"0\"}]},{\"quiz_question_id\":\"9\",\"quiz_id\":\"1\",\"account_id\":null,\"title\":\"____ is a presentation tool that helps create eye catching and effective presentations in a matter of minutes\",\"image\":\"\",\"type\":\"radio\",\"order\":\"0\",\"created_at\":\"2020-12-24 02:38:31\",\"updated_at\":\"2020-12-24 02:38:31\",\"answers\":[{\"quiz_question_answer_id\":\"32\",\"quiz_question_id\":\"9\",\"title\":\"Spreadsheet\",\"is_correct\":\"0\"},{\"quiz_question_answer_id\":\"33\",\"quiz_question_id\":\"9\",\"title\":\"Word Processing\",\"is_correct\":\"0\"},{\"quiz_question_answer_id\":\"34\",\"quiz_question_id\":\"9\",\"title\":\"Bits\",\"is_correct\":\"0\"},{\"quiz_question_answer_id\":\"35\",\"quiz_question_id\":\"9\",\"title\":\"Power Point\",\"is_correct\":\"1\"}]},{\"quiz_question_id\":\"10\",\"quiz_id\":\"1\",\"account_id\":null,\"title\":\"The professionals involved in the study and prediction of weather are called.\",\"image\":\"\",\"type\":\"radio\",\"order\":\"0\",\"created_at\":\"2020-12-24 02:38:31\",\"updated_at\":\"2020-12-24 02:38:31\",\"answers\":[{\"quiz_question_answer_id\":\"36\",\"quiz_question_id\":\"10\",\"title\":\"Seer\",\"is_correct\":\"0\"},{\"quiz_question_answer_id\":\"37\",\"quiz_question_id\":\"10\",\"title\":\"Doom Sayer\",\"is_correct\":\"0\"},{\"quiz_question_answer_id\":\"38\",\"quiz_question_id\":\"10\",\"title\":\"Meteorologists\",\"is_correct\":\"1\"},{\"quiz_question_answer_id\":\"39\",\"quiz_question_id\":\"10\",\"title\":\"None of the above\",\"is_correct\":\"0\"}]},{\"quiz_question_id\":\"11\",\"quiz_id\":\"1\",\"account_id\":null,\"title\":\"The various types of computers are.\",\"image\":\"\",\"type\":\"checkbox\",\"order\":\"0\",\"created_at\":\"2020-12-24 02:38:31\",\"updated_at\":\"2020-12-24 02:38:31\",\"answers\":[{\"quiz_question_answer_id\":\"40\",\"quiz_question_id\":\"11\",\"title\":\"Personal Computers\",\"is_correct\":\"1\"},{\"quiz_question_answer_id\":\"41\",\"quiz_question_id\":\"11\",\"title\":\"Workstations\",\"is_correct\":\"1\"},{\"quiz_question_answer_id\":\"42\",\"quiz_question_id\":\"11\",\"title\":\"Tablet PC\",\"is_correct\":\"1\"},{\"quiz_question_answer_id\":\"43\",\"quiz_question_id\":\"11\",\"title\":\"Car Dashboard\",\"is_correct\":\"0\"}]},{\"quiz_question_id\":\"12\",\"quiz_id\":\"1\",\"account_id\":null,\"title\":\"It is very important for a computer system to have the ability to communicate with the outside world.\",\"image\":\"\",\"type\":\"checkbox\",\"order\":\"0\",\"created_at\":\"2020-12-24 02:38:31\",\"updated_at\":\"2020-12-24 02:38:31\",\"answers\":[{\"quiz_question_answer_id\":\"44\",\"quiz_question_id\":\"12\",\"title\":\"Receive data\",\"is_correct\":\"1\"},{\"quiz_question_answer_id\":\"45\",\"quiz_question_id\":\"12\",\"title\":\"Send Data\",\"is_correct\":\"1\"},{\"quiz_question_answer_id\":\"46\",\"quiz_question_id\":\"12\",\"title\":\"All of the above\",\"is_correct\":\"1\"}]},{\"quiz_question_id\":\"13\",\"quiz_id\":\"1\",\"account_id\":null,\"title\":\"1 Gigabyte is equal to\",\"image\":\"\",\"type\":\"radio\",\"order\":\"0\",\"created_at\":\"2020-12-24 02:38:31\",\"updated_at\":\"2020-12-24 02:38:31\",\"answers\":[{\"quiz_question_answer_id\":\"47\",\"quiz_question_id\":\"13\",\"title\":\"1024 bits\",\"is_correct\":\"0\"},{\"quiz_question_answer_id\":\"48\",\"quiz_question_id\":\"13\",\"title\":\"1024 bytes\",\"is_correct\":\"0\"},{\"quiz_question_answer_id\":\"49\",\"quiz_question_id\":\"13\",\"title\":\"1024 megabytes\",\"is_correct\":\"1\"},{\"quiz_question_answer_id\":\"50\",\"quiz_question_id\":\"13\",\"title\":\"1024 kilobytes\",\"is_correct\":\"0\"}]},{\"quiz_question_id\":\"14\",\"quiz_id\":\"1\",\"account_id\":null,\"title\":\"Pen drive is a\",\"image\":\"\",\"type\":\"radio\",\"order\":\"0\",\"created_at\":\"2020-12-24 02:38:31\",\"updated_at\":\"2020-12-24 02:38:31\",\"answers\":[{\"quiz_question_answer_id\":\"51\",\"quiz_question_id\":\"14\",\"title\":\"Primary Memory\",\"is_correct\":\"0\"},{\"quiz_question_answer_id\":\"52\",\"quiz_question_id\":\"14\",\"title\":\"Secondary Memory\",\"is_correct\":\"1\"},{\"quiz_question_answer_id\":\"53\",\"quiz_question_id\":\"14\",\"title\":\"Cache Memory\",\"is_correct\":\"0\"},{\"quiz_question_answer_id\":\"54\",\"quiz_question_id\":\"14\",\"title\":\"Internal Memory\",\"is_correct\":\"0\"}]},{\"quiz_question_id\":\"15\",\"quiz_id\":\"1\",\"account_id\":null,\"title\":\"How many types of constructors are available, in general, in any language?\",\"image\":\"\",\"type\":\"radio\",\"order\":\"0\",\"created_at\":\"2020-12-24 02:38:31\",\"updated_at\":\"2020-12-24 02:38:31\",\"answers\":[{\"quiz_question_answer_id\":\"55\",\"quiz_question_id\":\"15\",\"title\":\"2\",\"is_correct\":\"0\"},{\"quiz_question_answer_id\":\"56\",\"quiz_question_id\":\"15\",\"title\":\"3\",\"is_correct\":\"1\"},{\"quiz_question_answer_id\":\"57\",\"quiz_question_id\":\"15\",\"title\":\"4\",\"is_correct\":\"0\"},{\"quiz_question_answer_id\":\"58\",\"quiz_question_id\":\"15\",\"title\":\"5\",\"is_correct\":\"0\"}]},{\"quiz_question_id\":\"16\",\"quiz_id\":\"1\",\"account_id\":null,\"title\":\"Which among the following is true for static constructor?\",\"image\":\"\",\"type\":\"radio\",\"order\":\"0\",\"created_at\":\"2020-12-24 02:38:31\",\"updated_at\":\"2020-12-24 02:38:31\",\"answers\":[{\"quiz_question_answer_id\":\"59\",\"quiz_question_id\":\"16\",\"title\":\"Static constructors are called with every new object\",\"is_correct\":\"0\"},{\"quiz_question_answer_id\":\"60\",\"quiz_question_id\":\"16\",\"title\":\"Static constructors are used initialize data members to zero always\",\"is_correct\":\"0\"},{\"quiz_question_answer_id\":\"61\",\"quiz_question_id\":\"16\",\"title\":\"Static constructors can\\u2019t be parameterized constructors\",\"is_correct\":\"1\"},{\"quiz_question_answer_id\":\"62\",\"quiz_question_id\":\"16\",\"title\":\"Static constructors can be used to initialize the non-static members also\",\"is_correct\":\"0\"}]},{\"quiz_question_id\":\"17\",\"quiz_id\":\"1\",\"account_id\":null,\"title\":\"Within a class, only one static constructor can be created.\",\"image\":\"\",\"type\":\"radio\",\"order\":\"0\",\"created_at\":\"2020-12-24 02:38:31\",\"updated_at\":\"2020-12-24 02:38:31\",\"answers\":[{\"quiz_question_answer_id\":\"63\",\"quiz_question_id\":\"17\",\"title\":\"True\",\"is_correct\":\"1\"},{\"quiz_question_answer_id\":\"64\",\"quiz_question_id\":\"17\",\"title\":\"False\",\"is_correct\":\"0\"}]},{\"quiz_question_id\":\"18\",\"quiz_id\":\"1\",\"account_id\":null,\"title\":\"Why do we use constructor overloading?\",\"image\":\"\",\"type\":\"radio\",\"order\":\"0\",\"created_at\":\"2020-12-24 02:38:31\",\"updated_at\":\"2020-12-24 02:38:31\",\"answers\":[{\"quiz_question_answer_id\":\"65\",\"quiz_question_id\":\"18\",\"title\":\"To use different types of constructors\",\"is_correct\":\"0\"},{\"quiz_question_answer_id\":\"66\",\"quiz_question_id\":\"18\",\"title\":\"Because it\\u2019s a feature provided\",\"is_correct\":\"0\"},{\"quiz_question_answer_id\":\"67\",\"quiz_question_id\":\"18\",\"title\":\"To initialize the object in different ways\",\"is_correct\":\"1\"},{\"quiz_question_answer_id\":\"68\",\"quiz_question_id\":\"18\",\"title\":\"To differentiate one constructor from another\",\"is_correct\":\"0\"}]},{\"quiz_question_id\":\"19\",\"quiz_id\":\"1\",\"account_id\":null,\"title\":\"The destructor can be called before the constructor if required.\",\"image\":\"\",\"type\":\"radio\",\"order\":\"0\",\"created_at\":\"2020-12-24 02:38:31\",\"updated_at\":\"2020-12-24 02:38:31\",\"answers\":[{\"quiz_question_answer_id\":\"69\",\"quiz_question_id\":\"19\",\"title\":\"True\",\"is_correct\":\"0\"},{\"quiz_question_answer_id\":\"70\",\"quiz_question_id\":\"19\",\"title\":\"False\",\"is_correct\":\"1\"}]},{\"quiz_question_id\":\"20\",\"quiz_id\":\"1\",\"account_id\":null,\"title\":\" If in multiple inheritance, class C inherits class B, and Class B inherits class A. In which sequence are their destructors called if an object of class C was declared?\",\"image\":\"\",\"type\":\"radio\",\"order\":\"0\",\"created_at\":\"2020-12-24 02:38:31\",\"updated_at\":\"2020-12-24 02:38:31\",\"answers\":[{\"quiz_question_answer_id\":\"71\",\"quiz_question_id\":\"20\",\"title\":\"~C() then ~B() then ~A()\",\"is_correct\":\"1\"},{\"quiz_question_answer_id\":\"72\",\"quiz_question_id\":\"20\",\"title\":\"~B() then ~C() then ~A()\",\"is_correct\":\"0\"},{\"quiz_question_answer_id\":\"73\",\"quiz_question_id\":\"20\",\"title\":\"~A() then ~B() then ~C()\",\"is_correct\":\"0\"},{\"quiz_question_answer_id\":\"74\",\"quiz_question_id\":\"20\",\"title\":\"~C() then ~A() then ~B()\",\"is_correct\":\"0\"}]}]}', NULL, 20, 30, 19, 15, '2019-01-01 00:00:00', NULL);
INSERT INTO `ac_candidate_quizes` VALUES (28, 6, 3, 0, 'General Knowledge Quiz', '{\"quiz\":{\"quiz_id\":\"3\",\"quiz_category_id\":\"4\",\"account_id\":null,\"title\":\"General Knowledge Quiz\",\"description\":\"Lorem Ipsum is simply dummy text of the printing and typesetting industry. Lorem Ipsum has been the industry\'s standard dummy text ever since the 1500s, when an unknown printer took a galley of type and scrambled it to make a type specimen book. It has survived not only five centuries, but also the leap into electronic typesetting, remaining essentially unchanged.\",\"allowed_time\":\"30\",\"created_at\":\"2020-12-24 02:38:31\",\"updated_at\":\"2020-12-24 02:38:31\"},\"questions\":[{\"quiz_question_id\":\"36\",\"quiz_id\":\"3\",\"account_id\":null,\"title\":\"Entomology is the science that studies\",\"image\":\"\",\"type\":\"radio\",\"order\":\"0\",\"created_at\":\"2020-12-24 02:38:31\",\"updated_at\":\"2020-12-24 02:38:31\",\"answers\":[{\"quiz_question_answer_id\":\"150\",\"quiz_question_id\":\"36\",\"title\":\"Behavior of human beings\",\"is_correct\":\"0\"},{\"quiz_question_answer_id\":\"151\",\"quiz_question_id\":\"36\",\"title\":\"Insects\",\"is_correct\":\"1\"},{\"quiz_question_answer_id\":\"152\",\"quiz_question_id\":\"36\",\"title\":\"The origin and history of technical and scientific terms\",\"is_correct\":\"0\"},{\"quiz_question_answer_id\":\"153\",\"quiz_question_id\":\"36\",\"title\":\"The formation of rocks\",\"is_correct\":\"0\"}]},{\"quiz_question_id\":\"37\",\"quiz_id\":\"3\",\"account_id\":null,\"title\":\"For which of the following disciplines is Nobel Prize awarded?\",\"image\":\"\",\"type\":\"checkbox\",\"order\":\"0\",\"created_at\":\"2020-12-24 02:38:31\",\"updated_at\":\"2020-12-24 02:38:31\",\"answers\":[{\"quiz_question_answer_id\":\"154\",\"quiz_question_id\":\"37\",\"title\":\"Physics and Chemistry\",\"is_correct\":\"1\"},{\"quiz_question_answer_id\":\"155\",\"quiz_question_id\":\"37\",\"title\":\"Physiology or Medicine\",\"is_correct\":\"1\"},{\"quiz_question_answer_id\":\"156\",\"quiz_question_id\":\"37\",\"title\":\"Literature, Peace and Economics\",\"is_correct\":\"1\"}]},{\"quiz_question_id\":\"38\",\"quiz_id\":\"3\",\"account_id\":null,\"title\":\"Galileo was an Italian astronomer who\",\"image\":\"\",\"type\":\"radio\",\"order\":\"0\",\"created_at\":\"2020-12-24 02:38:31\",\"updated_at\":\"2020-12-24 02:38:31\",\"answers\":[{\"quiz_question_answer_id\":\"157\",\"quiz_question_id\":\"38\",\"title\":\"developed the telescope\",\"is_correct\":\"0\"},{\"quiz_question_answer_id\":\"158\",\"quiz_question_id\":\"38\",\"title\":\"discovered four satellites of Jupiter\",\"is_correct\":\"0\"},{\"quiz_question_answer_id\":\"159\",\"quiz_question_id\":\"38\",\"title\":\"discovered that the movement of pendulum produces a regular time measurement\",\"is_correct\":\"0\"},{\"quiz_question_answer_id\":\"160\",\"quiz_question_id\":\"38\",\"title\":\"All of the above\",\"is_correct\":\"1\"}]},{\"quiz_question_id\":\"39\",\"quiz_id\":\"3\",\"account_id\":null,\"title\":\"Exposure to sunlight helps a person improve his health because\",\"image\":\"\",\"type\":\"radio\",\"order\":\"0\",\"created_at\":\"2020-12-24 02:38:31\",\"updated_at\":\"2020-12-24 02:38:31\",\"answers\":[{\"quiz_question_answer_id\":\"161\",\"quiz_question_id\":\"39\",\"title\":\"the infrared light kills bacteria in the body\",\"is_correct\":\"0\"},{\"quiz_question_answer_id\":\"162\",\"quiz_question_id\":\"39\",\"title\":\"resistance power increases\",\"is_correct\":\"0\"},{\"quiz_question_answer_id\":\"163\",\"quiz_question_id\":\"39\",\"title\":\"the pigment cells in the skin get stimulated and produce a healthy tan\",\"is_correct\":\"0\"},{\"quiz_question_answer_id\":\"164\",\"quiz_question_id\":\"39\",\"title\":\"the ultraviolet rays convert skin oil into Vitamin D\",\"is_correct\":\"1\"}]},{\"quiz_question_id\":\"40\",\"quiz_id\":\"3\",\"account_id\":null,\"title\":\"For the Olympics and World Tournaments, the dimensions of basketball court are\",\"image\":\"\",\"type\":\"radio\",\"order\":\"0\",\"created_at\":\"2020-12-24 02:38:31\",\"updated_at\":\"2020-12-24 02:38:31\",\"answers\":[{\"quiz_question_answer_id\":\"165\",\"quiz_question_id\":\"40\",\"title\":\"26 m x 14 m\",\"is_correct\":\"0\"},{\"quiz_question_answer_id\":\"166\",\"quiz_question_id\":\"40\",\"title\":\"28 m x 15 m\",\"is_correct\":\"1\"},{\"quiz_question_answer_id\":\"167\",\"quiz_question_id\":\"40\",\"title\":\"27 m x 16 m\",\"is_correct\":\"0\"},{\"quiz_question_answer_id\":\"168\",\"quiz_question_id\":\"40\",\"title\":\"28 m x 16 m\",\"is_correct\":\"0\"}]},{\"quiz_question_id\":\"41\",\"quiz_id\":\"3\",\"account_id\":null,\"title\":\"Friction can be reduced by changing from\",\"image\":\"\",\"type\":\"radio\",\"order\":\"0\",\"created_at\":\"2020-12-24 02:38:31\",\"updated_at\":\"2020-12-24 02:38:31\",\"answers\":[{\"quiz_question_answer_id\":\"169\",\"quiz_question_id\":\"41\",\"title\":\"sliding to rolling\",\"is_correct\":\"1\"},{\"quiz_question_answer_id\":\"170\",\"quiz_question_id\":\"41\",\"title\":\"rolling to sliding\",\"is_correct\":\"0\"},{\"quiz_question_answer_id\":\"171\",\"quiz_question_id\":\"41\",\"title\":\"potential energy to kinetic energy\",\"is_correct\":\"0\"},{\"quiz_question_answer_id\":\"172\",\"quiz_question_id\":\"41\",\"title\":\"dynamic to static\",\"is_correct\":\"0\"}]},{\"quiz_question_id\":\"42\",\"quiz_id\":\"3\",\"account_id\":null,\"title\":\"Ecology deals with\",\"image\":\"\",\"type\":\"radio\",\"order\":\"0\",\"created_at\":\"2020-12-24 02:38:31\",\"updated_at\":\"2020-12-24 02:38:31\",\"answers\":[{\"quiz_question_answer_id\":\"173\",\"quiz_question_id\":\"42\",\"title\":\"Birds\",\"is_correct\":\"0\"},{\"quiz_question_answer_id\":\"174\",\"quiz_question_id\":\"42\",\"title\":\"Cell formation\",\"is_correct\":\"0\"},{\"quiz_question_answer_id\":\"175\",\"quiz_question_id\":\"42\",\"title\":\"Relation between organisms and their environment\",\"is_correct\":\"1\"},{\"quiz_question_answer_id\":\"176\",\"quiz_question_id\":\"42\",\"title\":\"Tissues\",\"is_correct\":\"0\"}]},{\"quiz_question_id\":\"43\",\"quiz_id\":\"3\",\"account_id\":null,\"title\":\"Durand Cup is associated with the game of\",\"image\":\"\",\"type\":\"radio\",\"order\":\"0\",\"created_at\":\"2020-12-24 02:38:31\",\"updated_at\":\"2020-12-24 02:38:31\",\"answers\":[{\"quiz_question_answer_id\":\"177\",\"quiz_question_id\":\"43\",\"title\":\"Cricket\",\"is_correct\":\"0\"},{\"quiz_question_answer_id\":\"178\",\"quiz_question_id\":\"43\",\"title\":\"Football\",\"is_correct\":\"1\"},{\"quiz_question_answer_id\":\"179\",\"quiz_question_id\":\"43\",\"title\":\"Hockey\",\"is_correct\":\"0\"},{\"quiz_question_answer_id\":\"180\",\"quiz_question_id\":\"43\",\"title\":\"Volleyball\",\"is_correct\":\"0\"}]},{\"quiz_question_id\":\"44\",\"quiz_id\":\"3\",\"account_id\":null,\"title\":\"Headquarters of UNO are situated at\",\"image\":\"\",\"type\":\"radio\",\"order\":\"0\",\"created_at\":\"2020-12-24 02:38:31\",\"updated_at\":\"2020-12-24 02:38:31\",\"answers\":[{\"quiz_question_answer_id\":\"181\",\"quiz_question_id\":\"44\",\"title\":\"New York, USA\",\"is_correct\":\"1\"},{\"quiz_question_answer_id\":\"182\",\"quiz_question_id\":\"44\",\"title\":\"Hague (Netherlands)\",\"is_correct\":\"0\"},{\"quiz_question_answer_id\":\"183\",\"quiz_question_id\":\"44\",\"title\":\"Geneva\",\"is_correct\":\"0\"},{\"quiz_question_answer_id\":\"184\",\"quiz_question_id\":\"44\",\"title\":\"Paris\",\"is_correct\":\"0\"}]},{\"quiz_question_id\":\"45\",\"quiz_id\":\"3\",\"account_id\":null,\"title\":\"First International Peace Congress was held in London in\",\"image\":\"\",\"type\":\"radio\",\"order\":\"0\",\"created_at\":\"2020-12-24 02:38:31\",\"updated_at\":\"2020-12-24 02:38:31\",\"answers\":[{\"quiz_question_answer_id\":\"185\",\"quiz_question_id\":\"45\",\"title\":\"1564 AD\",\"is_correct\":\"0\"},{\"quiz_question_answer_id\":\"186\",\"quiz_question_id\":\"45\",\"title\":\"1798 AD\",\"is_correct\":\"0\"},{\"quiz_question_answer_id\":\"187\",\"quiz_question_id\":\"45\",\"title\":\"1843 AD\",\"is_correct\":\"1\"},{\"quiz_question_answer_id\":\"188\",\"quiz_question_id\":\"45\",\"title\":\"1901 AD\",\"is_correct\":\"0\"}]},{\"quiz_question_id\":\"46\",\"quiz_id\":\"3\",\"account_id\":null,\"title\":\"For galvanizing iron which of the following metals is used?\",\"image\":\"\",\"type\":\"radio\",\"order\":\"0\",\"created_at\":\"2020-12-24 02:38:31\",\"updated_at\":\"2020-12-24 02:38:31\",\"answers\":[{\"quiz_question_answer_id\":\"189\",\"quiz_question_id\":\"46\",\"title\":\"Aluminium\",\"is_correct\":\"0\"},{\"quiz_question_answer_id\":\"190\",\"quiz_question_id\":\"46\",\"title\":\"Copper\",\"is_correct\":\"0\"},{\"quiz_question_answer_id\":\"191\",\"quiz_question_id\":\"46\",\"title\":\"Lead\",\"is_correct\":\"0\"},{\"quiz_question_answer_id\":\"192\",\"quiz_question_id\":\"46\",\"title\":\"Zinc\",\"is_correct\":\"1\"}]},{\"quiz_question_id\":\"47\",\"quiz_id\":\"3\",\"account_id\":null,\"title\":\"For purifying drinking water alum is used\",\"image\":\"\",\"type\":\"radio\",\"order\":\"0\",\"created_at\":\"2020-12-24 02:38:31\",\"updated_at\":\"2020-12-24 02:38:31\",\"answers\":[{\"quiz_question_answer_id\":\"193\",\"quiz_question_id\":\"47\",\"title\":\"for coagulation of mud particles\",\"is_correct\":\"1\"},{\"quiz_question_answer_id\":\"194\",\"quiz_question_id\":\"47\",\"title\":\"to kill bacteria\",\"is_correct\":\"0\"},{\"quiz_question_answer_id\":\"195\",\"quiz_question_id\":\"47\",\"title\":\"to remove salts\",\"is_correct\":\"0\"},{\"quiz_question_answer_id\":\"196\",\"quiz_question_id\":\"47\",\"title\":\"to remove gases\",\"is_correct\":\"0\"}]},{\"quiz_question_id\":\"48\",\"quiz_id\":\"3\",\"account_id\":null,\"title\":\"In a normal human body, the total number of red blood cells is\",\"image\":\"\",\"type\":\"radio\",\"order\":\"0\",\"created_at\":\"2020-12-24 02:38:31\",\"updated_at\":\"2020-12-24 02:38:31\",\"answers\":[{\"quiz_question_answer_id\":\"197\",\"quiz_question_id\":\"48\",\"title\":\"15 trillion\",\"is_correct\":\"0\"},{\"quiz_question_answer_id\":\"198\",\"quiz_question_id\":\"48\",\"title\":\"20 trillion\",\"is_correct\":\"0\"},{\"quiz_question_answer_id\":\"199\",\"quiz_question_id\":\"48\",\"title\":\"25 trillion\",\"is_correct\":\"0\"},{\"quiz_question_answer_id\":\"200\",\"quiz_question_id\":\"48\",\"title\":\"30 trillion\",\"is_correct\":\"1\"}]},{\"quiz_question_id\":\"49\",\"quiz_id\":\"3\",\"account_id\":null,\"title\":\"In which season do we need more fat?\",\"image\":\"\",\"type\":\"radio\",\"order\":\"0\",\"created_at\":\"2020-12-24 02:38:31\",\"updated_at\":\"2020-12-24 02:38:31\",\"answers\":[{\"quiz_question_answer_id\":\"201\",\"quiz_question_id\":\"49\",\"title\":\"Rainy season\",\"is_correct\":\"0\"},{\"quiz_question_answer_id\":\"202\",\"quiz_question_id\":\"49\",\"title\":\"Spring\",\"is_correct\":\"0\"},{\"quiz_question_answer_id\":\"203\",\"quiz_question_id\":\"49\",\"title\":\"Winter\",\"is_correct\":\"1\"},{\"quiz_question_answer_id\":\"204\",\"quiz_question_id\":\"49\",\"title\":\"Summer\",\"is_correct\":\"0\"}]},{\"quiz_question_id\":\"50\",\"quiz_id\":\"3\",\"account_id\":null,\"title\":\"How many times has Brazil won the World Cup Football Championship?\",\"image\":\"\",\"type\":\"radio\",\"order\":\"0\",\"created_at\":\"2020-12-24 02:38:31\",\"updated_at\":\"2020-12-24 02:38:31\",\"answers\":[{\"quiz_question_answer_id\":\"205\",\"quiz_question_id\":\"50\",\"title\":\"Four times\",\"is_correct\":\"0\"},{\"quiz_question_answer_id\":\"206\",\"quiz_question_id\":\"50\",\"title\":\"Twice\",\"is_correct\":\"0\"},{\"quiz_question_answer_id\":\"207\",\"quiz_question_id\":\"50\",\"title\":\"Five times\",\"is_correct\":\"1\"},{\"quiz_question_answer_id\":\"208\",\"quiz_question_id\":\"50\",\"title\":\"Once\",\"is_correct\":\"0\"}]}]}', NULL, 15, 30, 1, 15, '2019-01-01 00:00:00', NULL);

-- ----------------------------
-- Table structure for ac_candidates
-- ----------------------------
DROP TABLE IF EXISTS `ac_candidates`;
CREATE TABLE `ac_candidates`  (
  `candidate_id` int(10) UNSIGNED NOT NULL AUTO_INCREMENT,
  `account_id` int(10) UNSIGNED NULL DEFAULT NULL,
  `first_name` varchar(100) CHARACTER SET utf8 COLLATE utf8_general_ci NOT NULL,
  `last_name` varchar(100) CHARACTER SET utf8 COLLATE utf8_general_ci NOT NULL,
  `email` varchar(150) CHARACTER SET utf8 COLLATE utf8_general_ci NOT NULL,
  `password` varchar(150) CHARACTER SET utf8 COLLATE utf8_general_ci NOT NULL,
  `image` varchar(255) CHARACTER SET utf8 COLLATE utf8_general_ci NULL DEFAULT NULL,
  `phone1` varchar(30) CHARACTER SET utf8 COLLATE utf8_general_ci NULL DEFAULT NULL,
  `phone2` varchar(30) CHARACTER SET utf8 COLLATE utf8_general_ci NULL DEFAULT NULL,
  `city` varchar(150) CHARACTER SET utf8 COLLATE utf8_general_ci NULL DEFAULT NULL,
  `state` varchar(150) CHARACTER SET utf8 COLLATE utf8_general_ci NULL DEFAULT NULL,
  `country` varchar(150) CHARACTER SET utf8 COLLATE utf8_general_ci NULL DEFAULT NULL,
  `address` varchar(150) CHARACTER SET utf8 COLLATE utf8_general_ci NULL DEFAULT NULL,
  `gender` varchar(150) CHARACTER SET utf8 COLLATE utf8_general_ci NULL DEFAULT NULL,
  `dob` datetime(0) NULL DEFAULT NULL,
  `bio` text CHARACTER SET utf8 COLLATE utf8_general_ci NULL,
  `status` tinyint(4) NOT NULL,
  `account_type` varchar(30) CHARACTER SET utf8 COLLATE utf8_general_ci NULL DEFAULT 'site',
  `external_id` varchar(256) CHARACTER SET utf8 COLLATE utf8_general_ci NULL DEFAULT NULL,
  `token` varchar(100) CHARACTER SET utf8 COLLATE utf8_general_ci NOT NULL,
  `created_at` datetime(0) NULL DEFAULT NULL,
  `updated_at` datetime(0) NULL DEFAULT NULL,
  `video_interview` varchar(255) CHARACTER SET utf8 COLLATE utf8_general_ci NULL DEFAULT NULL,
  `paddress` varchar(255) CHARACTER SET utf8 COLLATE utf8_general_ci NULL DEFAULT NULL,
  `identification` varchar(255) CHARACTER SET utf8 COLLATE utf8_general_ci NULL DEFAULT NULL,
  PRIMARY KEY (`candidate_id`) USING BTREE,
  UNIQUE INDEX `email`(`email`) USING BTREE
) ENGINE = InnoDB AUTO_INCREMENT = 94 CHARACTER SET = utf8 COLLATE = utf8_general_ci ROW_FORMAT = DYNAMIC;

-- ----------------------------
-- Records of ac_candidates
-- ----------------------------
INSERT INTO `ac_candidates` VALUES (2, NULL, 'Candidate', '', 'candidate@cf.com', '68abad1f89c848faebe47091382aacf4f89c848fa', '2.png', '', NULL, NULL, NULL, NULL, NULL, NULL, NULL, NULL, 1, 'site', NULL, '', '2020-12-24 02:38:32', NULL, NULL, NULL, NULL);
INSERT INTO `ac_candidates` VALUES (3, NULL, 'William', 'Amith', 'william@cf.com', '68abad1f89c848faebe47091382aacf4f89c848fa', '3.png', '', NULL, NULL, NULL, NULL, NULL, NULL, NULL, NULL, 1, 'site', NULL, '', '2020-12-24 02:38:32', NULL, NULL, NULL, NULL);
INSERT INTO `ac_candidates` VALUES (4, NULL, 'Kristen', 'Wood', 'oliver@cf.com', '68abad1f89c848faebe47091382aacf4f89c848fa', '4.png', '', NULL, NULL, NULL, NULL, NULL, NULL, NULL, NULL, 1, 'site', NULL, '', '2020-12-24 02:38:32', NULL, NULL, NULL, NULL);
INSERT INTO `ac_candidates` VALUES (5, NULL, 'Brad', 'Pitt', 'brad@cf.com', '68abad1f89c848faebe47091382aacf4f89c848fa', '6.png', '', NULL, NULL, NULL, NULL, NULL, NULL, NULL, NULL, 1, 'site', NULL, '', '2020-12-24 02:38:32', NULL, NULL, NULL, NULL);
INSERT INTO `ac_candidates` VALUES (6, NULL, 'Neil', 'Armstrong', 'neil@cf.com', '68abad1f89c848faebe47091382aacf4f89c848fa', '7.png', '', NULL, NULL, NULL, NULL, NULL, NULL, NULL, NULL, 1, 'site', NULL, '', '2020-12-24 02:38:32', NULL, NULL, NULL, NULL);
INSERT INTO `ac_candidates` VALUES (7, NULL, 'Anthony', 'Hopkins', 'anthony@cf.com', '68abad1f89c848faebe47091382aacf4f89c848fa', '8.png', '', NULL, NULL, NULL, NULL, NULL, NULL, NULL, NULL, 1, 'site', NULL, '', '2020-12-24 02:38:32', NULL, NULL, NULL, NULL);
INSERT INTO `ac_candidates` VALUES (8, NULL, 'Fredrick', 'John', 'john@cf.com', '68abad1f89c848faebe47091382aacf4f89c848fa', '9.png', '', NULL, NULL, NULL, NULL, NULL, NULL, NULL, NULL, 1, 'site', NULL, '', '2020-12-24 02:38:32', NULL, NULL, NULL, NULL);
INSERT INTO `ac_candidates` VALUES (9, NULL, 'Virat', 'Anand', 'anand@cf.com', '68abad1f89c848faebe47091382aacf4f89c848fa', '', '', NULL, NULL, NULL, NULL, NULL, NULL, NULL, NULL, 1, 'site', NULL, '', '2020-12-24 02:38:32', NULL, NULL, NULL, NULL);
INSERT INTO `ac_candidates` VALUES (10, NULL, 'Ali', 'Moeen', 'ali.moeen@cf.com', '68abad1f89c848faebe47091382aacf4f89c848fa', '5.png', '', NULL, NULL, NULL, NULL, NULL, NULL, NULL, NULL, 1, 'site', NULL, '', '2020-12-24 02:38:32', NULL, NULL, NULL, NULL);
INSERT INTO `ac_candidates` VALUES (11, NULL, 'Victoria', 'Joseph', 'victoria@cf.com', '68abad1f89c848faebe47091382aacf4f89c848fa', '5.png', '', NULL, NULL, NULL, NULL, NULL, NULL, NULL, NULL, 1, 'site', NULL, '', '2020-12-24 02:38:32', NULL, NULL, NULL, NULL);
INSERT INTO `ac_candidates` VALUES (12, NULL, 'Mahima', 'Khan', 'khan@cf.com', '68abad1f89c848faebe47091382aacf4f89c848fa', '', '', NULL, NULL, NULL, NULL, NULL, NULL, NULL, NULL, 1, 'site', NULL, '', '2020-12-24 02:38:32', NULL, NULL, NULL, NULL);
INSERT INTO `ac_candidates` VALUES (31, NULL, 'Rene', 'Quintero', 'rene.quintero@blackecco.com', 'e4a3faf5c4fc152e3491ef4cda93d8edf89c848fa', NULL, NULL, NULL, NULL, NULL, NULL, NULL, NULL, NULL, NULL, 1, 'google', '100981165249110444274', '', '2021-02-03 10:17:04', NULL, NULL, NULL, NULL);
INSERT INTO `ac_candidates` VALUES (37, NULL, 'jesus', 'varjas', 'ren32d@hotmail.com', '0809dfc4b0b18001996c9c4fdeef6b5ef89c848fa', '', '5519544387', NULL, NULL, NULL, NULL, NULL, 'male', NULL, NULL, 1, 'site', '', '', '2021-02-08 15:42:19', NULL, NULL, NULL, NULL);
INSERT INTO `ac_candidates` VALUES (39, NULL, 'jesus', 'jer', 'varjesus2@gmail.com', '78c2476f375d16e97379a46ae4a9bb0cf89c848fa', '', '3333', NULL, NULL, NULL, NULL, NULL, 'male', NULL, NULL, 1, 'site', '', '', '2021-02-09 02:47:05', NULL, NULL, NULL, NULL);
INSERT INTO `ac_candidates` VALUES (43, NULL, 'Albert', 'Tran', 'alberttran0810@gmail.com', '0c6bbcb3bc01f234799ebdbc47c04403f89c848fa', '', '1231245123', NULL, NULL, NULL, NULL, NULL, 'female', NULL, NULL, 1, 'site', '', 'alberttran0810@gmail.com-1613537430', '2021-02-17 05:49:43', NULL, '', NULL, NULL);
INSERT INTO `ac_candidates` VALUES (62, NULL, 'Caa', 'Caa2', 'rene.quintero.r2@gmail.com', '717d8b3d60d9eea997b35b02b6a4e867f89c848fa', '', '5519544350', NULL, NULL, NULL, NULL, NULL, 'male', NULL, NULL, 1, 'site', '', '', '2021-02-19 00:52:44', NULL, 'https://aspirantecertificado.com/video/6iPzCV9QSh.wav', NULL, NULL);
INSERT INTO `ac_candidates` VALUES (63, NULL, 'Rene', 'Ram', 'ivanmaes682@gmail.com', '717d8b3d60d9eea997b35b02b6a4e867f89c848fa', '', '5519544381', NULL, NULL, NULL, NULL, NULL, 'male', NULL, NULL, 1, 'site', '', '', '2021-02-19 01:00:44', NULL, 'https://aspirantecertificado.com/video/MIs02NNNcZ.wav', NULL, NULL);
INSERT INTO `ac_candidates` VALUES (65, NULL, 'andrey', 'dyadkov', 'dyadkovdevelop@gmail.com', 'cfca92c2bab03ba46a3685b3b69019c7f89c848fa', '', '1678378127', NULL, NULL, NULL, NULL, NULL, 'male', NULL, NULL, 1, 'site', '', '', '2021-03-12 03:11:08', '2021-03-21 04:34:50', 'https://aspirantecertificado.com/video/Uv4hOw2uaB.wav', 'https://www.aspirantecertificado.com/assets/images/candidates/paddress_identification/andreydyadkov-1616297689.pdf', 'https://www.aspirantecertificado.com/assets/images/candidates/paddress_identification/andreydyadkov-16162976891.pdf');
INSERT INTO `ac_candidates` VALUES (66, NULL, 'valery', 'romanov', 'valery.romanov.job@gmail.com', 'd121beb33d2c558b6c1b630033ffd72ff89c848fa', '', '5645465746', NULL, NULL, NULL, NULL, NULL, 'male', NULL, NULL, 1, 'site', '', '', '2021-02-23 19:59:48', NULL, NULL, NULL, NULL);
INSERT INTO `ac_candidates` VALUES (67, NULL, 'rene', 'quintero', 'rene.quintero.r4@gmail.com', '717d8b3d60d9eea997b35b02b6a4e867f89c848fa', '', '5519544387', NULL, NULL, NULL, NULL, NULL, 'male', NULL, NULL, 1, 'site', '', '', '2021-02-24 03:41:53', NULL, NULL, NULL, NULL);
INSERT INTO `ac_candidates` VALUES (68, NULL, 're', 're', 'rene.quintero.r55@gmail.com', '717d8b3d60d9eea997b35b02b6a4e867f89c848fa', '', '5519544387', NULL, NULL, NULL, NULL, NULL, 'male', NULL, NULL, 1, 'site', '', 'rene.quintero.r@gmail.com-1614134739', '2021-02-24 03:44:08', NULL, 'https://aspirantecertificado.com/video/0FwzgqUPbV.wav', NULL, NULL);
INSERT INTO `ac_candidates` VALUES (70, NULL, 'ramoss', 'ramoss', 'rene.quintero.r33@gmail.com', '81dc9bdb52d04dc20036dbd8313ed055f89c848fa', '', '5519544387', NULL, NULL, NULL, NULL, NULL, 'male', NULL, NULL, 1, 'site', '', '', '2021-02-24 04:15:59', NULL, NULL, NULL, NULL);
INSERT INTO `ac_candidates` VALUES (71, NULL, 'kk', 'kk', 'rene.quintero.r6@gmail.com', '717d8b3d60d9eea997b35b02b6a4e867f89c848fa', '', '5519544387', NULL, NULL, NULL, NULL, NULL, 'female', NULL, NULL, 1, 'site', '', '', '2021-02-24 05:17:04', '2021-02-24 05:42:18', '', 'https://www.aspirantecertificado.com/assets/images/candidates/paddress_identification/captura-de-pantalla-2021-02-23-a-las-223313-1614141738.png', 'https://www.aspirantecertificado.com/assets/images/candidates/paddress_identification/captura-de-pantalla-2021-02-23-a-las-223313-16141417381.png');
INSERT INTO `ac_candidates` VALUES (72, NULL, 'Information', 'For', 'gamekillerplayer809@gmail.com', '713ae59e6e8c6b42cd62b38861cf70c3f89c848fa', NULL, NULL, NULL, NULL, NULL, NULL, NULL, NULL, NULL, NULL, 1, 'google', '104200736699981780672', '', '2021-02-26 10:15:35', NULL, NULL, NULL, NULL);
INSERT INTO `ac_candidates` VALUES (73, NULL, 'Tech', 'Plus', 'burhan@techplus.com.pk', '87d8b185a8e6a797b5653e51a830c30df89c848fa', '', '1111132423', NULL, NULL, NULL, NULL, NULL, 'male', NULL, NULL, 1, 'site', '', '', '2021-02-27 09:08:48', NULL, NULL, NULL, NULL);
INSERT INTO `ac_candidates` VALUES (74, NULL, 'Nomi', 'Malik', 'nomimaliklawa@gmail.com', '27bc6ef5683a4d1623b55a15607b734af89c848fa', NULL, NULL, NULL, NULL, NULL, NULL, NULL, NULL, NULL, NULL, 1, 'google', '116509310011907649590', '', '2021-02-27 12:42:07', NULL, NULL, NULL, NULL);
INSERT INTO `ac_candidates` VALUES (75, NULL, 'eli', 'eli', 'rene.quintero.r5@gmail.com', '717d8b3d60d9eea997b35b02b6a4e867f89c848fa', '', '5519544387', NULL, NULL, NULL, NULL, NULL, 'male', NULL, NULL, 1, 'site', '', '', '2021-02-27 17:15:52', NULL, NULL, NULL, NULL);
INSERT INTO `ac_candidates` VALUES (76, NULL, 'ceci', 'quin', 'varjesus3@gmail.com', '717d8b3d60d9eea997b35b02b6a4e867f89c848fa', '', '5519544387', NULL, NULL, NULL, NULL, NULL, 'male', NULL, NULL, 1, 'site', '', '', '2021-02-27 17:34:12', NULL, NULL, NULL, NULL);
INSERT INTO `ac_candidates` VALUES (79, NULL, 'test', 'test', 'varjesus33@gmail.com', '717d8b3d60d9eea997b35b02b6a4e867f89c848fa', '', '5519544387', NULL, NULL, NULL, NULL, NULL, 'female', NULL, NULL, 1, 'site', '', '', '2021-03-06 16:21:33', '2021-03-06 16:27:33', NULL, 'https://www.aspirantecertificado.com/assets/images/candidates/paddress_identification/01-03-2021-15_47_685-2-1615044453.pdf', 'https://www.aspirantecertificado.com/assets/images/candidates/paddress_identification/01-03-2021-15_47_685-2-16150444531.pdf');
INSERT INTO `ac_candidates` VALUES (82, NULL, 'preeti', 'Gupta', 'srdeveloper8988@gmail.com', '827ccb0eea8a706c4c34a16891f84e7bf89c848fa', '', '9463939251', NULL, NULL, NULL, NULL, NULL, 'female', NULL, NULL, 1, 'site', '', '', '2021-03-07 14:05:21', NULL, NULL, NULL, NULL);
INSERT INTO `ac_candidates` VALUES (87, NULL, 'Pankaj', 'Dhapkari', 'pdhapkari@gmail.com', '97a5517ea46ec8b2565fd6e1003ce953f89c848fa', '', '6262193930', NULL, NULL, NULL, NULL, NULL, 'male', NULL, NULL, 1, 'site', '', '', '2021-03-09 16:49:31', NULL, NULL, NULL, NULL);
INSERT INTO `ac_candidates` VALUES (88, NULL, 'ivan', 'ramos', 'ivanmaes68@gmail.com', '717d8b3d60d9eea997b35b02b6a4e867f89c848fa', '', '5519544387', NULL, NULL, NULL, NULL, NULL, 'male', NULL, NULL, 1, 'site', '', '', '2021-03-11 15:22:01', NULL, NULL, NULL, NULL);
INSERT INTO `ac_candidates` VALUES (89, NULL, 'Reno', 'Rein', 'rene.quintero.rr@gmail.com', '717d8b3d60d9eea997b35b02b6a4e867f89c848fa', '', '5519544387', NULL, NULL, NULL, NULL, NULL, 'male', NULL, NULL, 1, 'site', '', '', '2021-03-11 15:59:41', NULL, NULL, NULL, NULL);
INSERT INTO `ac_candidates` VALUES (90, NULL, 'Rene', 'Quintero', 'rene.quintero.r32@gmail.com', '717d8b3d60d9eea997b35b02b6a4e867f89c848fa', '', '5519544387', NULL, NULL, NULL, NULL, NULL, 'male', NULL, NULL, 1, 'site', '', '', '2021-03-20 05:04:26', '2021-03-20 06:56:25', 'https://aspirantecertificado.com/video/LbvzzIhmgI.wav', 'https://www.aspirantecertificado.com/assets/images/candidates/paddress_identification/rptvconstanciaconformidadrdl-3-1616219785.pdf', 'https://www.aspirantecertificado.com/assets/images/candidates/paddress_identification/rptvconstanciaconformidadrdl-3-16162197851.pdf');
INSERT INTO `ac_candidates` VALUES (91, NULL, 'Rene', 'Quin', 'rene.quintero.r51@gmail.com', '717d8b3d60d9eea997b35b02b6a4e867f89c848fa', '', '5519544387', NULL, NULL, NULL, NULL, NULL, 'male', NULL, NULL, 1, 'site', '', '', '2021-03-21 20:11:53', '2021-03-21 20:12:27', 'https://aspirantecertificado.com/video/suCIaeumJW.wav', NULL, NULL);
INSERT INTO `ac_candidates` VALUES (92, NULL, 'rene', 'ceci', 'rene.quintero.r@gmail.com', '717d8b3d60d9eea997b35b02b6a4e867f89c848fa', '', '5519544387', NULL, NULL, NULL, NULL, NULL, 'male', NULL, NULL, 1, 'site', '', '', '2021-03-21 23:43:39', '2021-03-21 23:51:41', 'https://aspirantecertificado.com/video/c6Ey4Hzq99.wav', 'https://www.aspirantecertificado.com/assets/images/candidates/paddress_identification/captura-de-pantalla-2021-03-21-a-las-164852-1616367101.png', 'https://www.aspirantecertificado.com/assets/images/candidates/paddress_identification/captura-de-pantalla-2021-03-21-a-las-164852-16163671011.png');
INSERT INTO `ac_candidates` VALUES (93, NULL, 'jesus vargas', 'var', 'varjesus@gmail.com', '717d8b3d60d9eea997b35b02b6a4e867f89c848fa', '', '5519544387', NULL, NULL, NULL, NULL, NULL, 'male', NULL, NULL, 1, 'site', '', '', '2021-03-22 00:09:36', NULL, NULL, NULL, NULL);

-- ----------------------------
-- Table structure for ac_companies
-- ----------------------------
DROP TABLE IF EXISTS `ac_companies`;
CREATE TABLE `ac_companies`  (
  `company_id` int(10) UNSIGNED NOT NULL AUTO_INCREMENT,
  `account_id` int(10) UNSIGNED NULL DEFAULT NULL,
  `title` varchar(100) CHARACTER SET utf8 COLLATE utf8_general_ci NOT NULL,
  `image` varchar(255) CHARACTER SET utf8 COLLATE utf8_general_ci NULL DEFAULT NULL,
  `status` tinyint(4) NOT NULL,
  `created_at` datetime(0) NULL DEFAULT NULL,
  `updated_at` datetime(0) NULL DEFAULT NULL,
  PRIMARY KEY (`company_id`) USING BTREE
) ENGINE = InnoDB AUTO_INCREMENT = 3 CHARACTER SET = utf8 COLLATE = utf8_general_ci ROW_FORMAT = DYNAMIC;

-- ----------------------------
-- Records of ac_companies
-- ----------------------------
INSERT INTO `ac_companies` VALUES (1, NULL, 'ABC Inc.', NULL, 1, '2020-12-24 02:38:33', '2020-12-24 02:38:33');
INSERT INTO `ac_companies` VALUES (2, NULL, 'XYZ Enterprises', NULL, 1, '2020-12-24 02:38:33', '2020-12-24 02:38:33');

-- ----------------------------
-- Table structure for ac_departments
-- ----------------------------
DROP TABLE IF EXISTS `ac_departments`;
CREATE TABLE `ac_departments`  (
  `department_id` int(10) UNSIGNED NOT NULL AUTO_INCREMENT,
  `account_id` int(10) UNSIGNED NULL DEFAULT NULL,
  `title` varchar(100) CHARACTER SET utf8 COLLATE utf8_general_ci NOT NULL,
  `image` varchar(255) CHARACTER SET utf8 COLLATE utf8_general_ci NULL DEFAULT NULL,
  `status` tinyint(4) NOT NULL,
  `created_at` datetime(0) NULL DEFAULT NULL,
  `updated_at` datetime(0) NULL DEFAULT NULL,
  PRIMARY KEY (`department_id`) USING BTREE
) ENGINE = InnoDB AUTO_INCREMENT = 7 CHARACTER SET = utf8 COLLATE = utf8_general_ci ROW_FORMAT = DYNAMIC;

-- ----------------------------
-- Records of ac_departments
-- ----------------------------
INSERT INTO `ac_departments` VALUES (1, NULL, 'Finance', 'finance.png', 1, '2020-12-24 02:38:32', '2020-12-24 02:38:32');
INSERT INTO `ac_departments` VALUES (2, NULL, 'Accounting', 'accounting.png', 1, '2020-12-24 02:38:32', '2020-12-24 02:38:32');
INSERT INTO `ac_departments` VALUES (3, NULL, 'Administration', 'administration.png', 1, '2020-12-24 02:38:32', '2020-12-24 02:38:32');
INSERT INTO `ac_departments` VALUES (4, NULL, 'Marketing', 'marketing.png', 1, '2020-12-24 02:38:32', '2020-12-24 02:38:32');
INSERT INTO `ac_departments` VALUES (5, NULL, 'Human Resource', 'human-resource.png', 1, '2020-12-24 02:38:32', '2020-12-24 02:38:32');
INSERT INTO `ac_departments` VALUES (6, NULL, 'Information Technology', 'information-tech.png', 1, '2020-12-24 02:38:32', '2020-12-24 02:38:32');

-- ----------------------------
-- Table structure for ac_email_templates
-- ----------------------------
DROP TABLE IF EXISTS `ac_email_templates`;
CREATE TABLE `ac_email_templates`  (
  `id` int(11) NOT NULL AUTO_INCREMENT,
  `name` varchar(255) CHARACTER SET latin1 COLLATE latin1_swedish_ci NOT NULL,
  `template` text CHARACTER SET latin1 COLLATE latin1_swedish_ci NOT NULL,
  `user_access` int(11) NOT NULL DEFAULT 0,
  `status` int(11) NOT NULL DEFAULT 1,
  `created_at` datetime(0) NOT NULL,
  `updated_at` datetime(0) NULL DEFAULT NULL,
  PRIMARY KEY (`id`) USING BTREE,
  UNIQUE INDEX `name`(`name`) USING BTREE
) ENGINE = InnoDB AUTO_INCREMENT = 20 CHARACTER SET = latin1 COLLATE = latin1_swedish_ci ROW_FORMAT = DYNAMIC;

-- ----------------------------
-- Records of ac_email_templates
-- ----------------------------
INSERT INTO `ac_email_templates` VALUES (1, 'contact us', '<p>{{contents}} pp</p>\r\n\r\n<p> </p>\r\n\r\n<p>kzrajon</p>\r\n\r\n<p> </p>\r\n\r\n<p>kzrajon</p>\r\n', 1, 1, '2020-12-12 00:00:00', '2020-12-13 08:01:41');
INSERT INTO `ac_email_templates` VALUES (17, 'about us', '<p>this is text {{contents}}</p>\r\n', 1, 1, '2020-12-13 08:08:10', '2020-12-13 08:54:43');
INSERT INTO `ac_email_templates` VALUES (18, 'Resume Template', '&lt;meta http-equiv=\"Content-Type\" content=\"text/html; charset=utf-8\" /&gt;\r\n&lt;title&gt;&lt;/title&gt;\r\n&lt;style type=\"text/css\"&gt;body {margin: 0; padding: 0; min-width: 100%!important;}\r\n  img {height: auto;}\r\n  .content {width: 100%; max-width: 600px;}\r\n  .header {padding: 15px 30px 10px 30px}\r\n  .innerpadding {padding: 30px 30px 30px 30px;}\r\n  .borderbottom {border-bottom: 1px solid #f2eeed;}\r\n  .subhead {font-size: 15px; color: #ffffff; font-family: sans-serif; letter-spacing: 10px;}\r\n  .h1, .h2, .bodycopy {color: #153643; font-family: sans-serif;}\r\n  .h1 {font-size: 33px; line-height: 38px; font-weight: bold;}\r\n  .h2 {padding: 0 0 15px 0; font-size: 24px; line-height: 28px; font-weight: bold;}\r\n  .bodycopy {font-size: 16px; line-height: 22px;}\r\n  .button {text-align: center; font-size: 18px; font-family: sans-serif; font-weight: bold; padding: 0 30px 0 30px;}\r\n  .button a {color: #ffffff; text-decoration: none;}\r\n  .footer {padding: 20px 30px 15px 30px;}\r\n  .footercopy {font-family: sans-serif; font-size: 14px; color: #ffffff;}\r\n  .footercopy a {color: #ffffff; text-decoration: underline;}\r\n\r\n  .first-class {padding: 20px 0 0 0;}\r\n  .second-class {padding: 0 20px 20px 0;}\r\n  .third-class {width: 100%; max-width: 425px;}\r\n  .forth-class {padding: 0 0 0 3px;}\r\n  .fifth-class {padding: 5px 0 0 0;}\r\n  .sixth-class {padding: 0 20px 20px 0;}\r\n  .seventh-class {width: 100%; max-width: 380px;}\r\n  .eighth-class {padding: 20px 0 0 0;}\r\n  .ninth-class {text-align: center; padding: 0 10px 0 10px;}\r\n  .tenth-class {text-align: center; padding: 0 10px 0 10px;}\r\n\r\n  @media only screen and (max-width: 550px), screen and (max-device-width: 550px) {\r\n  body[yahoo] .hide {display: none!important;}\r\n  body[yahoo] .buttonwrapper {background-color: transparent!important;}\r\n  body[yahoo] .button {padding: 0px!important;}\r\n  body[yahoo] .button a {background-color: #e05443; padding: 15px 15px 13px!important;}\r\n  body[yahoo] .unsubscribe {display: block; margin-top: 20px; padding: 10px 50px; background: #2f3942; border-radius: 5px; text-decoration: none!important; font-weight: bold;}\r\n  }\r\n&lt;/style&gt;\r\n&lt;body style=\" padding: 0; margin: 0;\"&gt;\r\n<div class=\"template-body\" xss=removed>\r\n <div class=\"content\" xss=removed>\r\n  <div xss=removed class=\"header\">&lt;!--[if (gte mso 9)|(IE)]>\r\n   &lt;![endif]--&gt;\r\n   <div xss=removed>\r\n    <img src=\"http://localhost/aspirant//assets/images/ckeditor/site-logo-png-834428851.png\" xss=removed>\r\n   </div>\r\n   &lt;!--[if (gte mso 9)|(IE)]>\r\n   &lt;![endif]--&gt;</div>\r\n  <div class=\"bodycopy\" xss=removed>{{contents}}</div>\r\n  <div xss=removed class=\"footer\">\r\n   <div class=\"footercopy\">© Copyright &lt;!--?php echo date(\'Y\'); ?--&gt;, All rights reserved.</div>\r\n  </div>\r\n </div>\r\n</div>\r\n&lt;/body&gt;\r\n\r\n', 1, 1, '2020-12-13 08:56:49', '2020-12-13 13:12:14');
INSERT INTO `ac_email_templates` VALUES (19, 'Hi', 'aaa{{contents}}', 1, 1, '2021-03-05 21:14:46', NULL);

-- ----------------------------
-- Table structure for ac_footer_sections
-- ----------------------------
DROP TABLE IF EXISTS `ac_footer_sections`;
CREATE TABLE `ac_footer_sections`  (
  `footer_section_id` int(10) UNSIGNED NOT NULL AUTO_INCREMENT,
  `content` text CHARACTER SET utf8 COLLATE utf8_general_ci NOT NULL,
  `title` varchar(250) CHARACTER SET utf8 COLLATE utf8_general_ci NOT NULL,
  `updated_at` datetime(0) NULL DEFAULT NULL,
  PRIMARY KEY (`footer_section_id`) USING BTREE
) ENGINE = InnoDB AUTO_INCREMENT = 7 CHARACTER SET = utf8 COLLATE = utf8_general_ci ROW_FORMAT = DYNAMIC;

-- ----------------------------
-- Records of ac_footer_sections
-- ----------------------------
INSERT INTO `ac_footer_sections` VALUES (1, '<div class=\"footer-info\">\r\n<h3> </h3>\r\n\r\n<p xss=\"removed\">Una Plataforma que amplifica tus actitudes </p>\r\n\r\n<p xss=\"removed\"> </p>\r\n\r\n<p xss=\"removed\"> </p>\r\n</div>\r\n', 'Column 1', '2021-03-21 00:47:01');
INSERT INTO `ac_footer_sections` VALUES (3, '<div class=\"footer-links\">\r\n<h4> </h4>\r\n</div>\r\n', 'Column 3', '2021-03-21 00:47:01');
INSERT INTO `ac_footer_sections` VALUES (4, '<div class=\"footer-contact\">\r\n<h4>Nosotros</h4>\r\n\r\n<p class=\"footer_contents\">BOULEVARD ADOLFO LOPEZ MATEOS 2349 PISO 4<br>\r\nCOL. ATLAMAYA<br>\r\nALVARO OBREGON, CIUDAD DE MEXICO CP 01760<br>\r\nMéxico</p>\r\n\r\n<p class=\"footer_contactinfo\"><strong>Teléfono : </strong>5980 6247</p>\r\n\r\n<p class=\"footer_contactinfo\"><strong>Email: </strong><a class=\"footer_contactinfo_email\" href=\"mailto:notificaciones@aspirantecertificadomkt.com\" xss=\"removed\">contacto@aspirantecertificadomkt.com</a></p>\r\n\r\n<p><a href=\"https://web.facebook.com/Aspirante-Certificado-101422041865710\" target=\"_blank\"><img alt=\"\" class=\"footer_facebook_icon\" src=\"https://www.aspirantecertificado.com//assets/images/ckeditor/iconfinder-socialmedia-facebook-outline-2959749-png-1274717100.png\" xss=\"removed\"></a>   <a href=\"https://www.linkedin.com/company/aspiratente-certificado/\"><img alt=\"\" class=\"footer_linkedin_icon\" src=\"https://www.aspirantecertificado.com//assets/images/ckeditor/iconfinder-socialmedia-linkedin-outline-2959747-png-226003642.png\" xss=\"removed\"></a>  <a href=\"#\"><img alt=\"\" class=\"footer_instagram_icon\" src=\"https://www.aspirantecertificado.com//assets/images/ckeditor/iconfinder-socialmedia-instagram-outline-2959748-png-1888076214.png\" xss=\"removed\"></a></p>\r\n</div>\r\n', 'Column 4', '2021-03-21 00:47:01');

-- ----------------------------
-- Table structure for ac_interview_categories
-- ----------------------------
DROP TABLE IF EXISTS `ac_interview_categories`;
CREATE TABLE `ac_interview_categories`  (
  `interview_category_id` int(10) UNSIGNED NOT NULL AUTO_INCREMENT,
  `account_id` int(10) UNSIGNED NULL DEFAULT NULL,
  `title` varchar(100) CHARACTER SET utf8 COLLATE utf8_general_ci NOT NULL,
  `status` tinyint(4) NOT NULL DEFAULT 1,
  `created_at` datetime(0) NULL DEFAULT NULL,
  `updated_at` datetime(0) NULL DEFAULT NULL,
  PRIMARY KEY (`interview_category_id`) USING BTREE
) ENGINE = InnoDB AUTO_INCREMENT = 5 CHARACTER SET = utf8 COLLATE = utf8_general_ci ROW_FORMAT = DYNAMIC;

-- ----------------------------
-- Records of ac_interview_categories
-- ----------------------------
INSERT INTO `ac_interview_categories` VALUES (1, NULL, 'Entry Level Positions', 1, '2020-12-24 02:38:32', '2020-12-24 02:38:32');
INSERT INTO `ac_interview_categories` VALUES (2, NULL, 'Management', 1, '2020-12-24 02:38:32', '2020-12-24 02:38:32');
INSERT INTO `ac_interview_categories` VALUES (3, NULL, 'Board', 1, '2020-12-24 02:38:32', '2020-12-24 02:38:32');
INSERT INTO `ac_interview_categories` VALUES (4, NULL, 'General', 1, '2020-12-24 02:38:32', '2020-12-24 02:38:32');

-- ----------------------------
-- Table structure for ac_interview_questions
-- ----------------------------
DROP TABLE IF EXISTS `ac_interview_questions`;
CREATE TABLE `ac_interview_questions`  (
  `interview_question_id` int(10) UNSIGNED NOT NULL AUTO_INCREMENT,
  `interview_id` int(10) UNSIGNED NOT NULL,
  `account_id` int(10) UNSIGNED NULL DEFAULT NULL,
  `title` text CHARACTER SET utf8 COLLATE utf8_general_ci NOT NULL,
  `image` varchar(250) CHARACTER SET utf8 COLLATE utf8_general_ci NOT NULL,
  `order` tinyint(4) NOT NULL,
  `created_at` datetime(0) NULL DEFAULT NULL,
  `updated_at` datetime(0) NULL DEFAULT NULL,
  PRIMARY KEY (`interview_question_id`) USING BTREE
) ENGINE = InnoDB AUTO_INCREMENT = 30 CHARACTER SET = utf8 COLLATE = utf8_general_ci ROW_FORMAT = DYNAMIC;

-- ----------------------------
-- Records of ac_interview_questions
-- ----------------------------
INSERT INTO `ac_interview_questions` VALUES (1, 3, NULL, 'Tell me a little about yourself.', '', 0, '2020-12-24 02:38:32', '2020-12-24 02:38:32');
INSERT INTO `ac_interview_questions` VALUES (2, 3, NULL, 'What are your biggest weaknesses?', '', 0, '2020-12-24 02:38:32', '2020-12-24 02:38:32');
INSERT INTO `ac_interview_questions` VALUES (3, 3, NULL, 'What are your biggest strengths?', '', 0, '2020-12-24 02:38:32', '2020-12-24 02:38:32');
INSERT INTO `ac_interview_questions` VALUES (4, 3, NULL, 'Where do you see yourself in five years?', '', 0, '2020-12-24 02:38:32', '2020-12-24 02:38:32');
INSERT INTO `ac_interview_questions` VALUES (5, 3, NULL, 'Out of all the other candidates, why should we hire you?', '', 0, '2020-12-24 02:38:32', '2020-12-24 02:38:32');
INSERT INTO `ac_interview_questions` VALUES (6, 3, NULL, 'How did you learn about the opening?', '', 0, '2020-12-24 02:38:32', '2020-12-24 02:38:32');
INSERT INTO `ac_interview_questions` VALUES (7, 3, NULL, 'Why do you want this job?', '', 0, '2020-12-24 02:38:32', '2020-12-24 02:38:32');
INSERT INTO `ac_interview_questions` VALUES (8, 3, NULL, 'What do you consider to be your biggest professional achievement?', '', 0, '2020-12-24 02:38:32', '2020-12-24 02:38:32');
INSERT INTO `ac_interview_questions` VALUES (9, 3, NULL, 'Tell me about the last time a co-worker or customer got angry with you. What happened?', '', 0, '2020-12-24 02:38:32', '2020-12-24 02:38:32');
INSERT INTO `ac_interview_questions` VALUES (10, 3, NULL, 'Describe your dream job.', '', 0, '2020-12-24 02:38:32', '2020-12-24 02:38:32');
INSERT INTO `ac_interview_questions` VALUES (11, 3, NULL, 'Why do you want to leave your current job?', '', 0, '2020-12-24 02:38:32', '2020-12-24 02:38:32');
INSERT INTO `ac_interview_questions` VALUES (12, 3, NULL, 'What kind of work environment do you like best?', '', 0, '2020-12-24 02:38:32', '2020-12-24 02:38:32');
INSERT INTO `ac_interview_questions` VALUES (13, 3, NULL, 'Tell me about the toughest decision you had to make in the last six months.', '', 0, '2020-12-24 02:38:32', '2020-12-24 02:38:32');
INSERT INTO `ac_interview_questions` VALUES (14, 3, NULL, 'What is your leadership style?', '', 0, '2020-12-24 02:38:32', '2020-12-24 02:38:32');
INSERT INTO `ac_interview_questions` VALUES (15, 3, NULL, 'Tell me about a time you disagreed with a decision. What did you do?', '', 0, '2020-12-24 02:38:32', '2020-12-24 02:38:32');
INSERT INTO `ac_interview_questions` VALUES (16, 3, NULL, 'Tell me how you think other people would describe you.', '', 0, '2020-12-24 02:38:32', '2020-12-24 02:38:32');
INSERT INTO `ac_interview_questions` VALUES (17, 3, NULL, 'What can we expect from you in your first three months?', '', 0, '2020-12-24 02:38:32', '2020-12-24 02:38:32');
INSERT INTO `ac_interview_questions` VALUES (18, 3, NULL, 'What do you like to do outside of work?', '', 0, '2020-12-24 02:38:32', '2020-12-24 02:38:32');
INSERT INTO `ac_interview_questions` VALUES (19, 3, NULL, 'What was your salary in your last job?', '', 0, '2020-12-24 02:38:32', '2020-12-24 02:38:32');
INSERT INTO `ac_interview_questions` VALUES (20, 3, NULL, 'A snail is at the bottom of a 30-foot well. Each day he climbs up three feet, but at night he slips back two feet. How many days will it take him to climb out of the well?', '', 0, '2020-12-24 02:38:32', '2020-12-24 02:38:32');
INSERT INTO `ac_interview_questions` VALUES (21, 3, NULL, 'What do you expect me to accomplish in the first 90 days?', '', 0, '2020-12-24 02:38:32', '2020-12-24 02:38:32');
INSERT INTO `ac_interview_questions` VALUES (22, 3, NULL, 'If you were to rank them, what are the three traits your top performers have in common?', '', 0, '2020-12-24 02:38:32', '2020-12-24 02:38:32');
INSERT INTO `ac_interview_questions` VALUES (23, 3, NULL, 'What really drives results in this job?', '', 0, '2020-12-24 02:38:32', '2020-12-24 02:38:32');
INSERT INTO `ac_interview_questions` VALUES (24, 3, NULL, 'What are the company\'s highest-priority goals this year, and how would my role contribute?', '', 0, '2020-12-24 02:38:32', '2020-12-24 02:38:32');
INSERT INTO `ac_interview_questions` VALUES (25, 3, NULL, 'What do you plan to do if...?', '', 0, '2020-12-24 02:38:32', '2020-12-24 02:38:32');
INSERT INTO `ac_interview_questions` VALUES (26, 1, NULL, '¿Cómo te ves en los próximos años?', '', 4, '2021-02-14 22:15:57', '2021-02-14 22:15:57');
INSERT INTO `ac_interview_questions` VALUES (27, 1, NULL, '¿Qué sabes de la empresa que estás aplicando?', '', 3, '2021-02-14 22:15:41', '2021-02-14 22:15:41');
INSERT INTO `ac_interview_questions` VALUES (28, 1, NULL, 'Hábilidades', '', 2, '2021-02-14 22:15:24', '2021-02-14 22:15:24');
INSERT INTO `ac_interview_questions` VALUES (29, 1, NULL, 'Platica sobre tu experiencia en puestos similares', '', 1, '2021-02-14 22:15:05', '2021-02-14 22:16:53');

-- ----------------------------
-- Table structure for ac_interviews
-- ----------------------------
DROP TABLE IF EXISTS `ac_interviews`;
CREATE TABLE `ac_interviews`  (
  `interview_id` int(10) UNSIGNED NOT NULL AUTO_INCREMENT,
  `interview_category_id` int(10) UNSIGNED NOT NULL,
  `account_id` int(10) UNSIGNED NULL DEFAULT NULL,
  `title` varchar(100) CHARACTER SET utf8 COLLATE utf8_general_ci NOT NULL,
  `description` text CHARACTER SET utf8 COLLATE utf8_general_ci NULL,
  `created_at` datetime(0) NULL DEFAULT NULL,
  `updated_at` datetime(0) NULL DEFAULT NULL,
  PRIMARY KEY (`interview_id`) USING BTREE
) ENGINE = InnoDB AUTO_INCREMENT = 4 CHARACTER SET = utf8 COLLATE = utf8_general_ci ROW_FORMAT = DYNAMIC;

-- ----------------------------
-- Records of ac_interviews
-- ----------------------------
INSERT INTO `ac_interviews` VALUES (1, 1, NULL, 'IT Position Interview', 'Lorem Ipsum is simply dummy text of the printing and typesetting industry. Lorem Ipsum has been the industry\'s standard dummy text ever since the 1500s, when an unknown printer took a galley of type and scrambled it to make a type specimen book. It has survived not only five centuries, but also the leap into electronic typesetting, remaining essentially unchanged.', '2020-12-24 02:38:32', '2020-12-24 02:38:32');
INSERT INTO `ac_interviews` VALUES (2, 1, NULL, 'Marketing Position Interview', 'Lorem Ipsum is simply dummy text of the printing and typesetting industry. Lorem Ipsum has been the industry\'s standard dummy text ever since the 1500s, when an unknown printer took a galley of type and scrambled it to make a type specimen book. It has survived not only five centuries, but also the leap into electronic typesetting, remaining essentially unchanged.', '2020-12-24 02:38:32', '2020-12-24 02:38:32');
INSERT INTO `ac_interviews` VALUES (3, 4, NULL, 'General Interview', 'Lorem Ipsum is simply dummy text of the printing and typesetting industry. Lorem Ipsum has been the industry\'s standard dummy text ever since the 1500s, when an unknown printer took a galley of type and scrambled it to make a type specimen book. It has survived not only five centuries, but also the leap into electronic typesetting, remaining essentially unchanged.', '2020-12-24 02:38:32', '2020-12-24 02:38:32');

-- ----------------------------
-- Table structure for ac_job_applications
-- ----------------------------
DROP TABLE IF EXISTS `ac_job_applications`;
CREATE TABLE `ac_job_applications`  (
  `job_application_id` int(10) UNSIGNED NOT NULL AUTO_INCREMENT,
  `job_id` int(10) UNSIGNED NULL DEFAULT NULL,
  `candidate_id` int(10) UNSIGNED NULL DEFAULT NULL,
  `resume_id` int(10) UNSIGNED NULL DEFAULT NULL,
  `status` enum('applied','shortlisted','interviewed','hired','rejected') CHARACTER SET utf8 COLLATE utf8_general_ci NOT NULL DEFAULT 'applied',
  `traits_result` int(10) UNSIGNED NULL DEFAULT 0,
  `quizes_result` int(10) UNSIGNED NULL DEFAULT 0,
  `interviews_result` int(10) UNSIGNED NULL DEFAULT 0,
  `overall_result` int(10) UNSIGNED NULL DEFAULT 0,
  `created_at` datetime(0) NULL DEFAULT NULL,
  PRIMARY KEY (`job_application_id`) USING BTREE
) ENGINE = InnoDB AUTO_INCREMENT = 71 CHARACTER SET = utf8 COLLATE = utf8_general_ci ROW_FORMAT = DYNAMIC;

-- ----------------------------
-- Records of ac_job_applications
-- ----------------------------
INSERT INTO `ac_job_applications` VALUES (2, 1, 2, 2, 'shortlisted', 64, 53, 44, 54, NULL);
INSERT INTO `ac_job_applications` VALUES (3, 1, 3, 3, 'interviewed', 64, 20, 0, 28, NULL);
INSERT INTO `ac_job_applications` VALUES (4, 1, 4, 4, 'shortlisted', 68, 27, 14, 36, NULL);
INSERT INTO `ac_job_applications` VALUES (5, 1, 5, 5, 'shortlisted', 52, 80, 17, 50, NULL);
INSERT INTO `ac_job_applications` VALUES (6, 1, 6, 6, 'shortlisted', 60, 37, 94, 64, NULL);
INSERT INTO `ac_job_applications` VALUES (7, 1, 7, 7, 'shortlisted', 72, 13, 53, 46, NULL);
INSERT INTO `ac_job_applications` VALUES (8, 1, 8, 8, 'shortlisted', 40, 73, 67, 60, NULL);
INSERT INTO `ac_job_applications` VALUES (9, 1, 9, 9, 'shortlisted', 48, 43, 55, 49, NULL);
INSERT INTO `ac_job_applications` VALUES (10, 1, 10, 10, 'shortlisted', 76, 57, 63, 65, NULL);
INSERT INTO `ac_job_applications` VALUES (11, 1, 11, 11, 'shortlisted', 44, 37, 40, 40, NULL);
INSERT INTO `ac_job_applications` VALUES (12, 1, 12, 12, 'shortlisted', 64, 47, 38, 50, NULL);
INSERT INTO `ac_job_applications` VALUES (13, 3, 5, 13, 'shortlisted', 64, 83, 6, 51, NULL);
INSERT INTO `ac_job_applications` VALUES (14, 3, 6, 14, 'shortlisted', 57, 57, 84, 66, NULL);
INSERT INTO `ac_job_applications` VALUES (27, 3, 43, NULL, 'shortlisted', 0, 0, 0, 0, NULL);
INSERT INTO `ac_job_applications` VALUES (49, 2, 65, NULL, 'interviewed', 0, 0, 0, 0, NULL);
INSERT INTO `ac_job_applications` VALUES (50, 8, 66, NULL, 'applied', 0, 0, 0, 0, NULL);
INSERT INTO `ac_job_applications` VALUES (51, 3, 67, NULL, 'shortlisted', 0, 0, 0, 0, NULL);
INSERT INTO `ac_job_applications` VALUES (52, 4, 68, NULL, 'shortlisted', 0, 0, 0, 0, NULL);
INSERT INTO `ac_job_applications` VALUES (54, 8, 70, NULL, 'applied', 0, 0, 0, 0, NULL);
INSERT INTO `ac_job_applications` VALUES (55, 2, 71, NULL, 'shortlisted', 0, 0, 0, 0, NULL);
INSERT INTO `ac_job_applications` VALUES (56, 3, 73, NULL, 'applied', 0, 0, 0, 0, NULL);
INSERT INTO `ac_job_applications` VALUES (57, 10, 75, NULL, 'hired', 0, 0, 0, 0, NULL);
INSERT INTO `ac_job_applications` VALUES (58, 9, 76, NULL, 'shortlisted', 0, 0, 0, 0, NULL);
INSERT INTO `ac_job_applications` VALUES (59, 10, 79, NULL, 'hired', 0, 0, 0, 0, NULL);
INSERT INTO `ac_job_applications` VALUES (61, 0, 82, NULL, 'applied', 0, 0, 0, 0, NULL);
INSERT INTO `ac_job_applications` VALUES (64, 0, 87, NULL, 'applied', 0, 0, 0, 0, NULL);
INSERT INTO `ac_job_applications` VALUES (65, 3, 88, NULL, 'applied', 0, 0, 0, 0, NULL);
INSERT INTO `ac_job_applications` VALUES (66, 1, 89, NULL, 'interviewed', 0, 0, 0, 0, NULL);
INSERT INTO `ac_job_applications` VALUES (67, 2, 90, NULL, 'hired', 0, 0, 0, 0, NULL);
INSERT INTO `ac_job_applications` VALUES (68, 1, 91, NULL, 'interviewed', 0, 0, 0, 0, NULL);
INSERT INTO `ac_job_applications` VALUES (69, 3, 92, NULL, 'shortlisted', 0, 0, 0, 0, NULL);
INSERT INTO `ac_job_applications` VALUES (70, 1, 93, NULL, 'applied', 0, 0, 0, 0, NULL);

-- ----------------------------
-- Table structure for ac_job_custom_fields
-- ----------------------------
DROP TABLE IF EXISTS `ac_job_custom_fields`;
CREATE TABLE `ac_job_custom_fields`  (
  `custom_field_id` int(10) UNSIGNED NOT NULL AUTO_INCREMENT,
  `job_id` int(10) UNSIGNED NOT NULL,
  `label` varchar(100) CHARACTER SET utf8 COLLATE utf8_general_ci NOT NULL,
  `value` varchar(100) CHARACTER SET utf8 COLLATE utf8_general_ci NOT NULL,
  `created_at` datetime(0) NULL DEFAULT NULL,
  PRIMARY KEY (`custom_field_id`) USING BTREE
) ENGINE = InnoDB AUTO_INCREMENT = 1 CHARACTER SET = utf8 COLLATE = utf8_general_ci ROW_FORMAT = DYNAMIC;

-- ----------------------------
-- Records of ac_job_custom_fields
-- ----------------------------

-- ----------------------------
-- Table structure for ac_job_favorites
-- ----------------------------
DROP TABLE IF EXISTS `ac_job_favorites`;
CREATE TABLE `ac_job_favorites`  (
  `job_id` int(10) UNSIGNED NULL DEFAULT NULL,
  `candidate_id` int(10) UNSIGNED NULL DEFAULT NULL,
  `created_at` datetime(0) NULL DEFAULT NULL
) ENGINE = InnoDB CHARACTER SET = utf8 COLLATE = utf8_general_ci ROW_FORMAT = DYNAMIC;

-- ----------------------------
-- Records of ac_job_favorites
-- ----------------------------
INSERT INTO `ac_job_favorites` VALUES (5, 1, '2020-12-24 02:38:33');
INSERT INTO `ac_job_favorites` VALUES (5, 2, '2020-12-24 02:38:33');
INSERT INTO `ac_job_favorites` VALUES (5, 3, '2020-12-24 02:38:33');
INSERT INTO `ac_job_favorites` VALUES (5, 4, '2020-12-24 02:38:33');
INSERT INTO `ac_job_favorites` VALUES (5, 5, '2020-12-24 02:38:33');
INSERT INTO `ac_job_favorites` VALUES (5, 6, '2020-12-24 02:38:33');
INSERT INTO `ac_job_favorites` VALUES (6, 3, '2020-12-24 02:38:33');
INSERT INTO `ac_job_favorites` VALUES (6, 4, '2020-12-24 02:38:33');
INSERT INTO `ac_job_favorites` VALUES (6, 6, '2020-12-24 02:38:33');
INSERT INTO `ac_job_favorites` VALUES (6, 7, '2020-12-24 02:38:33');
INSERT INTO `ac_job_favorites` VALUES (12, 18, '2021-01-04 23:55:08');

-- ----------------------------
-- Table structure for ac_job_quizes
-- ----------------------------
DROP TABLE IF EXISTS `ac_job_quizes`;
CREATE TABLE `ac_job_quizes`  (
  `job_quiz_id` int(10) UNSIGNED NOT NULL AUTO_INCREMENT,
  `job_id` int(10) UNSIGNED NOT NULL,
  `quiz_id` int(10) UNSIGNED NOT NULL,
  `quiz_title` varchar(100) CHARACTER SET utf8 COLLATE utf8_general_ci NOT NULL,
  `total_questions` tinyint(4) NULL DEFAULT NULL,
  `allowed_time` tinyint(4) NULL DEFAULT NULL,
  `created_at` datetime(0) NULL DEFAULT NULL,
  `quiz_data` text CHARACTER SET utf8 COLLATE utf8_general_ci NULL,
  PRIMARY KEY (`job_quiz_id`) USING BTREE
) ENGINE = InnoDB AUTO_INCREMENT = 5 CHARACTER SET = utf8 COLLATE = utf8_general_ci ROW_FORMAT = DYNAMIC;

-- ----------------------------
-- Records of ac_job_quizes
-- ----------------------------
INSERT INTO `ac_job_quizes` VALUES (1, 1, 2, 'Marketing Position Quiz', 15, 30, '2020-12-24 02:38:33', '{\"quiz\":{\"quiz_id\":\"2\",\"quiz_category_id\":\"1\",\"account_id\":null,\"title\":\"Marketing Position Quiz\",\"description\":\"Lorem Ipsum is simply dummy text of the printing and typesetting industry. Lorem Ipsum has been the industry\'s standard dummy text ever since the 1500s, when an unknown printer took a galley of type and scrambled it to make a type specimen book. It has survived not only five centuries, but also the leap into electronic typesetting, remaining essentially unchanged.\",\"allowed_time\":\"30\",\"created_at\":\"2020-12-24 02:38:31\",\"updated_at\":\"2020-12-24 02:38:31\"},\"questions\":[{\"quiz_question_id\":\"21\",\"quiz_id\":\"2\",\"account_id\":null,\"title\":\"Good marketing is no accident, but a result of careful planning and ________\",\"image\":\"\",\"type\":\"radio\",\"order\":\"0\",\"created_at\":\"2020-12-24 02:38:31\",\"updated_at\":\"2020-12-24 02:38:31\",\"answers\":[{\"quiz_question_answer_id\":\"75\",\"quiz_question_id\":\"21\",\"title\":\"execution\",\"is_correct\":\"1\"},{\"quiz_question_answer_id\":\"76\",\"quiz_question_id\":\"21\",\"title\":\"selling\",\"is_correct\":\"0\"},{\"quiz_question_answer_id\":\"77\",\"quiz_question_id\":\"21\",\"title\":\"strategies\",\"is_correct\":\"0\"},{\"quiz_question_answer_id\":\"78\",\"quiz_question_id\":\"21\",\"title\":\"tactics\",\"is_correct\":\"0\"},{\"quiz_question_answer_id\":\"79\",\"quiz_question_id\":\"21\",\"title\":\"research\",\"is_correct\":\"0\"}]},{\"quiz_question_id\":\"22\",\"quiz_id\":\"2\",\"account_id\":null,\"title\":\"The most formal definition of marketing is ________\",\"image\":\"\",\"type\":\"radio\",\"order\":\"0\",\"created_at\":\"2020-12-24 02:38:31\",\"updated_at\":\"2020-12-24 02:38:31\",\"answers\":[{\"quiz_question_answer_id\":\"80\",\"quiz_question_id\":\"22\",\"title\":\"meeting needs profitably\",\"is_correct\":\"0\"},{\"quiz_question_answer_id\":\"81\",\"quiz_question_id\":\"22\",\"title\":\"identifying and meeting human and social needs\",\"is_correct\":\"0\"},{\"quiz_question_answer_id\":\"82\",\"quiz_question_id\":\"22\",\"title\":\"the 4Ps (Product, Price, Place, Promotion)\",\"is_correct\":\"0\"},{\"quiz_question_answer_id\":\"83\",\"quiz_question_id\":\"22\",\"title\":\"an organizational function and a set of processes for creating, communicating,and delivering, value \",\"is_correct\":\"1\"},{\"quiz_question_answer_id\":\"84\",\"quiz_question_id\":\"22\",\"title\":\"improving the quality of life for consumers\",\"is_correct\":\"0\"}]},{\"quiz_question_id\":\"23\",\"quiz_id\":\"2\",\"account_id\":null,\"title\":\"________ can be produced and marketed as a product.\",\"image\":\"\",\"type\":\"radio\",\"order\":\"0\",\"created_at\":\"2020-12-24 02:38:31\",\"updated_at\":\"2020-12-24 02:38:31\",\"answers\":[{\"quiz_question_answer_id\":\"85\",\"quiz_question_id\":\"23\",\"title\":\"Information\",\"is_correct\":\"1\"},{\"quiz_question_answer_id\":\"86\",\"quiz_question_id\":\"23\",\"title\":\"Celebrities\",\"is_correct\":\"0\"},{\"quiz_question_answer_id\":\"87\",\"quiz_question_id\":\"23\",\"title\":\"Durable goods\",\"is_correct\":\"0\"},{\"quiz_question_answer_id\":\"88\",\"quiz_question_id\":\"23\",\"title\":\"Organizations\",\"is_correct\":\"0\"},{\"quiz_question_answer_id\":\"89\",\"quiz_question_id\":\"23\",\"title\":\"Properties\",\"is_correct\":\"0\"}]},{\"quiz_question_id\":\"24\",\"quiz_id\":\"2\",\"account_id\":null,\"title\":\"The   ________   promises   to   lead   to   more   accurate   levels   of   production,   moretargeted communications, and more relevant pricing.\",\"image\":\"\",\"type\":\"radio\",\"order\":\"0\",\"created_at\":\"2020-12-24 02:38:31\",\"updated_at\":\"2020-12-24 02:38:31\",\"answers\":[{\"quiz_question_answer_id\":\"90\",\"quiz_question_id\":\"24\",\"title\":\"Age of Globalization\",\"is_correct\":\"0\"},{\"quiz_question_answer_id\":\"91\",\"quiz_question_id\":\"24\",\"title\":\"Age of Deregulation\",\"is_correct\":\"0\"},{\"quiz_question_answer_id\":\"92\",\"quiz_question_id\":\"24\",\"title\":\"Industrial Age\",\"is_correct\":\"0\"},{\"quiz_question_answer_id\":\"93\",\"quiz_question_id\":\"24\",\"title\":\"Information Ag\",\"is_correct\":\"1\"},{\"quiz_question_answer_id\":\"94\",\"quiz_question_id\":\"24\",\"title\":\"Production Age\",\"is_correct\":\"0\"}]},{\"quiz_question_id\":\"25\",\"quiz_id\":\"2\",\"account_id\":null,\"title\":\"Marketers often use the term ________ to cover various groupings of customers.\",\"image\":\"\",\"type\":\"radio\",\"order\":\"0\",\"created_at\":\"2020-12-24 02:38:31\",\"updated_at\":\"2020-12-24 02:38:31\",\"answers\":[{\"quiz_question_answer_id\":\"95\",\"quiz_question_id\":\"25\",\"title\":\"people\",\"is_correct\":\"0\"},{\"quiz_question_answer_id\":\"96\",\"quiz_question_id\":\"25\",\"title\":\"buying power\",\"is_correct\":\"0\"},{\"quiz_question_answer_id\":\"97\",\"quiz_question_id\":\"25\",\"title\":\"demographic segment\",\"is_correct\":\"0\"},{\"quiz_question_answer_id\":\"98\",\"quiz_question_id\":\"25\",\"title\":\"social class position\",\"is_correct\":\"0\"},{\"quiz_question_answer_id\":\"99\",\"quiz_question_id\":\"25\",\"title\":\"market\",\"is_correct\":\"1\"}]},{\"quiz_question_id\":\"26\",\"quiz_id\":\"2\",\"account_id\":null,\"title\":\"Customers are showing greater price sensitivity in their search for ________\",\"image\":\"\",\"type\":\"radio\",\"order\":\"0\",\"created_at\":\"2020-12-24 02:38:31\",\"updated_at\":\"2020-12-24 02:38:31\",\"answers\":[{\"quiz_question_answer_id\":\"100\",\"quiz_question_id\":\"26\",\"title\":\"The right product\",\"is_correct\":\"0\"},{\"quiz_question_answer_id\":\"101\",\"quiz_question_id\":\"26\",\"title\":\"The right service\",\"is_correct\":\"0\"},{\"quiz_question_answer_id\":\"102\",\"quiz_question_id\":\"26\",\"title\":\"The right store\",\"is_correct\":\"0\"},{\"quiz_question_answer_id\":\"103\",\"quiz_question_id\":\"26\",\"title\":\"Value\",\"is_correct\":\"1\"},{\"quiz_question_answer_id\":\"104\",\"quiz_question_id\":\"26\",\"title\":\"Relationships\",\"is_correct\":\"0\"}]},{\"quiz_question_id\":\"27\",\"quiz_id\":\"2\",\"account_id\":null,\"title\":\"The ________ concept holds that consumers will favor those products that offerthe most quality, performance, or innovative features.\",\"image\":\"\",\"type\":\"radio\",\"order\":\"0\",\"created_at\":\"2020-12-24 02:38:31\",\"updated_at\":\"2020-12-24 02:38:31\",\"answers\":[{\"quiz_question_answer_id\":\"105\",\"quiz_question_id\":\"27\",\"title\":\"product\",\"is_correct\":\"1\"},{\"quiz_question_answer_id\":\"106\",\"quiz_question_id\":\"27\",\"title\":\"marketing\",\"is_correct\":\"0\"},{\"quiz_question_answer_id\":\"107\",\"quiz_question_id\":\"27\",\"title\":\"production\",\"is_correct\":\"0\"},{\"quiz_question_answer_id\":\"108\",\"quiz_question_id\":\"27\",\"title\":\"selling\",\"is_correct\":\"0\"},{\"quiz_question_answer_id\":\"109\",\"quiz_question_id\":\"27\",\"title\":\"holistic marketing\",\"is_correct\":\"0\"}]},{\"quiz_question_id\":\"28\",\"quiz_id\":\"2\",\"account_id\":null,\"title\":\"The ________ concept holds that consumers and businesses, if left alone, willordinarily not buy enough of the organization\\u2019s products.\",\"image\":\"\",\"type\":\"radio\",\"order\":\"0\",\"created_at\":\"2020-12-24 02:38:31\",\"updated_at\":\"2020-12-24 02:38:31\",\"answers\":[{\"quiz_question_answer_id\":\"110\",\"quiz_question_id\":\"28\",\"title\":\"production\",\"is_correct\":\"0\"},{\"quiz_question_answer_id\":\"111\",\"quiz_question_id\":\"28\",\"title\":\"selling\",\"is_correct\":\"1\"},{\"quiz_question_answer_id\":\"112\",\"quiz_question_id\":\"28\",\"title\":\"marketing\",\"is_correct\":\"0\"},{\"quiz_question_answer_id\":\"113\",\"quiz_question_id\":\"28\",\"title\":\"product\",\"is_correct\":\"0\"},{\"quiz_question_answer_id\":\"114\",\"quiz_question_id\":\"28\",\"title\":\"holistic marketing\",\"is_correct\":\"0\"}]},{\"quiz_question_id\":\"29\",\"quiz_id\":\"2\",\"account_id\":null,\"title\":\"In the course of converting to a marketing orientation, a company faces threehurdles\\u2014________.\",\"image\":\"\",\"type\":\"radio\",\"order\":\"0\",\"created_at\":\"2020-12-24 02:38:31\",\"updated_at\":\"2020-12-24 02:38:31\",\"answers\":[{\"quiz_question_answer_id\":\"115\",\"quiz_question_id\":\"29\",\"title\":\"organized resistance, slow learning, and fast forgetting\",\"is_correct\":\"1\"},{\"quiz_question_answer_id\":\"116\",\"quiz_question_id\":\"29\",\"title\":\"management, customer reaction, competitive response\",\"is_correct\":\"0\"},{\"quiz_question_answer_id\":\"117\",\"quiz_question_id\":\"29\",\"title\":\"decreased profits, increased R&D, additional distribution\",\"is_correct\":\"0\"},{\"quiz_question_answer_id\":\"118\",\"quiz_question_id\":\"29\",\"title\":\"forecasted demand, increased sales expense, increased inventory costs\",\"is_correct\":\"0\"},{\"quiz_question_answer_id\":\"119\",\"quiz_question_id\":\"29\",\"title\":\"customer focus, profitability, slow learning\",\"is_correct\":\"0\"}]},{\"quiz_question_id\":\"30\",\"quiz_id\":\"2\",\"account_id\":null,\"title\":\"Marketers argue for a ________ in which all functions work together to respondto, serve, and satisfy the customer.\",\"image\":\"\",\"type\":\"radio\",\"order\":\"0\",\"created_at\":\"2020-12-24 02:38:31\",\"updated_at\":\"2020-12-24 02:38:31\",\"answers\":[{\"quiz_question_answer_id\":\"120\",\"quiz_question_id\":\"30\",\"title\":\"cross-functional team orientation\",\"is_correct\":\"0\"},{\"quiz_question_answer_id\":\"121\",\"quiz_question_id\":\"30\",\"title\":\"collaboration model\",\"is_correct\":\"0\"},{\"quiz_question_answer_id\":\"122\",\"quiz_question_id\":\"30\",\"title\":\"customer orientation\",\"is_correct\":\"1\"},{\"quiz_question_answer_id\":\"123\",\"quiz_question_id\":\"30\",\"title\":\"management-driven organization\",\"is_correct\":\"0\"},{\"quiz_question_answer_id\":\"124\",\"quiz_question_id\":\"30\",\"title\":\"total quality model\",\"is_correct\":\"0\"}]},{\"quiz_question_id\":\"31\",\"quiz_id\":\"2\",\"account_id\":null,\"title\":\"One traditional depiction of marketing activities is in terms of the marketing mixor four Ps. The four Ps are characterized as being ________.\",\"image\":\"\",\"type\":\"radio\",\"order\":\"0\",\"created_at\":\"2020-12-24 02:38:31\",\"updated_at\":\"2020-12-24 02:38:31\",\"answers\":[{\"quiz_question_answer_id\":\"125\",\"quiz_question_id\":\"31\",\"title\":\"product, positioning, place, and price\",\"is_correct\":\"0\"},{\"quiz_question_answer_id\":\"126\",\"quiz_question_id\":\"31\",\"title\":\"product, production, price, and place\",\"is_correct\":\"0\"},{\"quiz_question_answer_id\":\"127\",\"quiz_question_id\":\"31\",\"title\":\"promotion, place, positioning, and price\",\"is_correct\":\"0\"},{\"quiz_question_answer_id\":\"128\",\"quiz_question_id\":\"31\",\"title\":\"place, promotion, production, and positioning\",\"is_correct\":\"0\"},{\"quiz_question_answer_id\":\"129\",\"quiz_question_id\":\"31\",\"title\":\"product, price, promotion, and place\",\"is_correct\":\"1\"}]},{\"quiz_question_id\":\"32\",\"quiz_id\":\"2\",\"account_id\":null,\"title\":\"Marketing is not a department so much as a ________.\",\"image\":\"\",\"type\":\"radio\",\"order\":\"0\",\"created_at\":\"2020-12-24 02:38:31\",\"updated_at\":\"2020-12-24 02:38:31\",\"answers\":[{\"quiz_question_answer_id\":\"130\",\"quiz_question_id\":\"32\",\"title\":\"company orientation\",\"is_correct\":\"1\"},{\"quiz_question_answer_id\":\"131\",\"quiz_question_id\":\"32\",\"title\":\"philosophy\",\"is_correct\":\"0\"},{\"quiz_question_answer_id\":\"132\",\"quiz_question_id\":\"32\",\"title\":\"function\",\"is_correct\":\"0\"},{\"quiz_question_answer_id\":\"133\",\"quiz_question_id\":\"32\",\"title\":\"branch of management\",\"is_correct\":\"0\"},{\"quiz_question_answer_id\":\"134\",\"quiz_question_id\":\"32\",\"title\":\"branch of economics\",\"is_correct\":\"0\"}]},{\"quiz_question_id\":\"33\",\"quiz_id\":\"2\",\"account_id\":null,\"title\":\"When a customer has a(n) ________ need he\\/she wants a car whose operatingcost, not its initial price, is low.\",\"image\":\"\",\"type\":\"radio\",\"order\":\"0\",\"created_at\":\"2020-12-24 02:38:31\",\"updated_at\":\"2020-12-24 02:38:31\",\"answers\":[{\"quiz_question_answer_id\":\"135\",\"quiz_question_id\":\"33\",\"title\":\"stated\",\"is_correct\":\"0\"},{\"quiz_question_answer_id\":\"136\",\"quiz_question_id\":\"33\",\"title\":\"real\",\"is_correct\":\"1\"},{\"quiz_question_answer_id\":\"137\",\"quiz_question_id\":\"33\",\"title\":\"unstated\",\"is_correct\":\"0\"},{\"quiz_question_answer_id\":\"138\",\"quiz_question_id\":\"33\",\"title\":\"delight\",\"is_correct\":\"0\"},{\"quiz_question_answer_id\":\"139\",\"quiz_question_id\":\"33\",\"title\":\"secret\",\"is_correct\":\"0\"}]},{\"quiz_question_id\":\"34\",\"quiz_id\":\"2\",\"account_id\":null,\"title\":\"When a  customer has  a(n)  ________  need the  customer  wants  to  be seen   byfriends as a savvy consumer.\",\"image\":\"\",\"type\":\"radio\",\"order\":\"0\",\"created_at\":\"2020-12-24 02:38:31\",\"updated_at\":\"2020-12-24 02:38:31\",\"answers\":[{\"quiz_question_answer_id\":\"140\",\"quiz_question_id\":\"34\",\"title\":\"real\",\"is_correct\":\"0\"},{\"quiz_question_answer_id\":\"141\",\"quiz_question_id\":\"34\",\"title\":\"unstated\",\"is_correct\":\"0\"},{\"quiz_question_answer_id\":\"142\",\"quiz_question_id\":\"34\",\"title\":\"delight\",\"is_correct\":\"0\"},{\"quiz_question_answer_id\":\"143\",\"quiz_question_id\":\"34\",\"title\":\"secret\",\"is_correct\":\"1\"},{\"quiz_question_answer_id\":\"144\",\"quiz_question_id\":\"34\",\"title\":\"stated\",\"is_correct\":\"0\"}]},{\"quiz_question_id\":\"35\",\"quiz_id\":\"2\",\"account_id\":null,\"title\":\"________  reflects   the   perceived   tangible   and   intangible   benefits   and   costs   tocustomers.\",\"image\":\"\",\"type\":\"radio\",\"order\":\"0\",\"created_at\":\"2020-12-24 02:38:31\",\"updated_at\":\"2020-12-24 02:38:31\",\"answers\":[{\"quiz_question_answer_id\":\"145\",\"quiz_question_id\":\"35\",\"title\":\"Loyalty\",\"is_correct\":\"0\"},{\"quiz_question_answer_id\":\"146\",\"quiz_question_id\":\"35\",\"title\":\"Satisfaction\",\"is_correct\":\"0\"},{\"quiz_question_answer_id\":\"147\",\"quiz_question_id\":\"35\",\"title\":\"Value\",\"is_correct\":\"1\"},{\"quiz_question_answer_id\":\"148\",\"quiz_question_id\":\"35\",\"title\":\"Expectations\",\"is_correct\":\"0\"},{\"quiz_question_answer_id\":\"149\",\"quiz_question_id\":\"35\",\"title\":\"Comparison shopping\",\"is_correct\":\"0\"}]}]}');
INSERT INTO `ac_job_quizes` VALUES (2, 1, 3, 'General Knowledge Quiz', 15, 30, '2020-12-24 02:38:33', '{\"quiz\":{\"quiz_id\":\"3\",\"quiz_category_id\":\"4\",\"account_id\":null,\"title\":\"General Knowledge Quiz\",\"description\":\"Lorem Ipsum is simply dummy text of the printing and typesetting industry. Lorem Ipsum has been the industry\'s standard dummy text ever since the 1500s, when an unknown printer took a galley of type and scrambled it to make a type specimen book. It has survived not only five centuries, but also the leap into electronic typesetting, remaining essentially unchanged.\",\"allowed_time\":\"30\",\"created_at\":\"2020-12-24 02:38:31\",\"updated_at\":\"2020-12-24 02:38:31\"},\"questions\":[{\"quiz_question_id\":\"36\",\"quiz_id\":\"3\",\"account_id\":null,\"title\":\"Entomology is the science that studies\",\"image\":\"\",\"type\":\"radio\",\"order\":\"0\",\"created_at\":\"2020-12-24 02:38:31\",\"updated_at\":\"2020-12-24 02:38:31\",\"answers\":[{\"quiz_question_answer_id\":\"150\",\"quiz_question_id\":\"36\",\"title\":\"Behavior of human beings\",\"is_correct\":\"0\"},{\"quiz_question_answer_id\":\"151\",\"quiz_question_id\":\"36\",\"title\":\"Insects\",\"is_correct\":\"1\"},{\"quiz_question_answer_id\":\"152\",\"quiz_question_id\":\"36\",\"title\":\"The origin and history of technical and scientific terms\",\"is_correct\":\"0\"},{\"quiz_question_answer_id\":\"153\",\"quiz_question_id\":\"36\",\"title\":\"The formation of rocks\",\"is_correct\":\"0\"}]},{\"quiz_question_id\":\"37\",\"quiz_id\":\"3\",\"account_id\":null,\"title\":\"For which of the following disciplines is Nobel Prize awarded?\",\"image\":\"\",\"type\":\"checkbox\",\"order\":\"0\",\"created_at\":\"2020-12-24 02:38:31\",\"updated_at\":\"2020-12-24 02:38:31\",\"answers\":[{\"quiz_question_answer_id\":\"154\",\"quiz_question_id\":\"37\",\"title\":\"Physics and Chemistry\",\"is_correct\":\"1\"},{\"quiz_question_answer_id\":\"155\",\"quiz_question_id\":\"37\",\"title\":\"Physiology or Medicine\",\"is_correct\":\"1\"},{\"quiz_question_answer_id\":\"156\",\"quiz_question_id\":\"37\",\"title\":\"Literature, Peace and Economics\",\"is_correct\":\"1\"}]},{\"quiz_question_id\":\"38\",\"quiz_id\":\"3\",\"account_id\":null,\"title\":\"Galileo was an Italian astronomer who\",\"image\":\"\",\"type\":\"radio\",\"order\":\"0\",\"created_at\":\"2020-12-24 02:38:31\",\"updated_at\":\"2020-12-24 02:38:31\",\"answers\":[{\"quiz_question_answer_id\":\"157\",\"quiz_question_id\":\"38\",\"title\":\"developed the telescope\",\"is_correct\":\"0\"},{\"quiz_question_answer_id\":\"158\",\"quiz_question_id\":\"38\",\"title\":\"discovered four satellites of Jupiter\",\"is_correct\":\"0\"},{\"quiz_question_answer_id\":\"159\",\"quiz_question_id\":\"38\",\"title\":\"discovered that the movement of pendulum produces a regular time measurement\",\"is_correct\":\"0\"},{\"quiz_question_answer_id\":\"160\",\"quiz_question_id\":\"38\",\"title\":\"All of the above\",\"is_correct\":\"1\"}]},{\"quiz_question_id\":\"39\",\"quiz_id\":\"3\",\"account_id\":null,\"title\":\"Exposure to sunlight helps a person improve his health because\",\"image\":\"\",\"type\":\"radio\",\"order\":\"0\",\"created_at\":\"2020-12-24 02:38:31\",\"updated_at\":\"2020-12-24 02:38:31\",\"answers\":[{\"quiz_question_answer_id\":\"161\",\"quiz_question_id\":\"39\",\"title\":\"the infrared light kills bacteria in the body\",\"is_correct\":\"0\"},{\"quiz_question_answer_id\":\"162\",\"quiz_question_id\":\"39\",\"title\":\"resistance power increases\",\"is_correct\":\"0\"},{\"quiz_question_answer_id\":\"163\",\"quiz_question_id\":\"39\",\"title\":\"the pigment cells in the skin get stimulated and produce a healthy tan\",\"is_correct\":\"0\"},{\"quiz_question_answer_id\":\"164\",\"quiz_question_id\":\"39\",\"title\":\"the ultraviolet rays convert skin oil into Vitamin D\",\"is_correct\":\"1\"}]},{\"quiz_question_id\":\"40\",\"quiz_id\":\"3\",\"account_id\":null,\"title\":\"For the Olympics and World Tournaments, the dimensions of basketball court are\",\"image\":\"\",\"type\":\"radio\",\"order\":\"0\",\"created_at\":\"2020-12-24 02:38:31\",\"updated_at\":\"2020-12-24 02:38:31\",\"answers\":[{\"quiz_question_answer_id\":\"165\",\"quiz_question_id\":\"40\",\"title\":\"26 m x 14 m\",\"is_correct\":\"0\"},{\"quiz_question_answer_id\":\"166\",\"quiz_question_id\":\"40\",\"title\":\"28 m x 15 m\",\"is_correct\":\"1\"},{\"quiz_question_answer_id\":\"167\",\"quiz_question_id\":\"40\",\"title\":\"27 m x 16 m\",\"is_correct\":\"0\"},{\"quiz_question_answer_id\":\"168\",\"quiz_question_id\":\"40\",\"title\":\"28 m x 16 m\",\"is_correct\":\"0\"}]},{\"quiz_question_id\":\"41\",\"quiz_id\":\"3\",\"account_id\":null,\"title\":\"Friction can be reduced by changing from\",\"image\":\"\",\"type\":\"radio\",\"order\":\"0\",\"created_at\":\"2020-12-24 02:38:31\",\"updated_at\":\"2020-12-24 02:38:31\",\"answers\":[{\"quiz_question_answer_id\":\"169\",\"quiz_question_id\":\"41\",\"title\":\"sliding to rolling\",\"is_correct\":\"1\"},{\"quiz_question_answer_id\":\"170\",\"quiz_question_id\":\"41\",\"title\":\"rolling to sliding\",\"is_correct\":\"0\"},{\"quiz_question_answer_id\":\"171\",\"quiz_question_id\":\"41\",\"title\":\"potential energy to kinetic energy\",\"is_correct\":\"0\"},{\"quiz_question_answer_id\":\"172\",\"quiz_question_id\":\"41\",\"title\":\"dynamic to static\",\"is_correct\":\"0\"}]},{\"quiz_question_id\":\"42\",\"quiz_id\":\"3\",\"account_id\":null,\"title\":\"Ecology deals with\",\"image\":\"\",\"type\":\"radio\",\"order\":\"0\",\"created_at\":\"2020-12-24 02:38:31\",\"updated_at\":\"2020-12-24 02:38:31\",\"answers\":[{\"quiz_question_answer_id\":\"173\",\"quiz_question_id\":\"42\",\"title\":\"Birds\",\"is_correct\":\"0\"},{\"quiz_question_answer_id\":\"174\",\"quiz_question_id\":\"42\",\"title\":\"Cell formation\",\"is_correct\":\"0\"},{\"quiz_question_answer_id\":\"175\",\"quiz_question_id\":\"42\",\"title\":\"Relation between organisms and their environment\",\"is_correct\":\"1\"},{\"quiz_question_answer_id\":\"176\",\"quiz_question_id\":\"42\",\"title\":\"Tissues\",\"is_correct\":\"0\"}]},{\"quiz_question_id\":\"43\",\"quiz_id\":\"3\",\"account_id\":null,\"title\":\"Durand Cup is associated with the game of\",\"image\":\"\",\"type\":\"radio\",\"order\":\"0\",\"created_at\":\"2020-12-24 02:38:31\",\"updated_at\":\"2020-12-24 02:38:31\",\"answers\":[{\"quiz_question_answer_id\":\"177\",\"quiz_question_id\":\"43\",\"title\":\"Cricket\",\"is_correct\":\"0\"},{\"quiz_question_answer_id\":\"178\",\"quiz_question_id\":\"43\",\"title\":\"Football\",\"is_correct\":\"1\"},{\"quiz_question_answer_id\":\"179\",\"quiz_question_id\":\"43\",\"title\":\"Hockey\",\"is_correct\":\"0\"},{\"quiz_question_answer_id\":\"180\",\"quiz_question_id\":\"43\",\"title\":\"Volleyball\",\"is_correct\":\"0\"}]},{\"quiz_question_id\":\"44\",\"quiz_id\":\"3\",\"account_id\":null,\"title\":\"Headquarters of UNO are situated at\",\"image\":\"\",\"type\":\"radio\",\"order\":\"0\",\"created_at\":\"2020-12-24 02:38:31\",\"updated_at\":\"2020-12-24 02:38:31\",\"answers\":[{\"quiz_question_answer_id\":\"181\",\"quiz_question_id\":\"44\",\"title\":\"New York, USA\",\"is_correct\":\"1\"},{\"quiz_question_answer_id\":\"182\",\"quiz_question_id\":\"44\",\"title\":\"Hague (Netherlands)\",\"is_correct\":\"0\"},{\"quiz_question_answer_id\":\"183\",\"quiz_question_id\":\"44\",\"title\":\"Geneva\",\"is_correct\":\"0\"},{\"quiz_question_answer_id\":\"184\",\"quiz_question_id\":\"44\",\"title\":\"Paris\",\"is_correct\":\"0\"}]},{\"quiz_question_id\":\"45\",\"quiz_id\":\"3\",\"account_id\":null,\"title\":\"First International Peace Congress was held in London in\",\"image\":\"\",\"type\":\"radio\",\"order\":\"0\",\"created_at\":\"2020-12-24 02:38:31\",\"updated_at\":\"2020-12-24 02:38:31\",\"answers\":[{\"quiz_question_answer_id\":\"185\",\"quiz_question_id\":\"45\",\"title\":\"1564 AD\",\"is_correct\":\"0\"},{\"quiz_question_answer_id\":\"186\",\"quiz_question_id\":\"45\",\"title\":\"1798 AD\",\"is_correct\":\"0\"},{\"quiz_question_answer_id\":\"187\",\"quiz_question_id\":\"45\",\"title\":\"1843 AD\",\"is_correct\":\"1\"},{\"quiz_question_answer_id\":\"188\",\"quiz_question_id\":\"45\",\"title\":\"1901 AD\",\"is_correct\":\"0\"}]},{\"quiz_question_id\":\"46\",\"quiz_id\":\"3\",\"account_id\":null,\"title\":\"For galvanizing iron which of the following metals is used?\",\"image\":\"\",\"type\":\"radio\",\"order\":\"0\",\"created_at\":\"2020-12-24 02:38:31\",\"updated_at\":\"2020-12-24 02:38:31\",\"answers\":[{\"quiz_question_answer_id\":\"189\",\"quiz_question_id\":\"46\",\"title\":\"Aluminium\",\"is_correct\":\"0\"},{\"quiz_question_answer_id\":\"190\",\"quiz_question_id\":\"46\",\"title\":\"Copper\",\"is_correct\":\"0\"},{\"quiz_question_answer_id\":\"191\",\"quiz_question_id\":\"46\",\"title\":\"Lead\",\"is_correct\":\"0\"},{\"quiz_question_answer_id\":\"192\",\"quiz_question_id\":\"46\",\"title\":\"Zinc\",\"is_correct\":\"1\"}]},{\"quiz_question_id\":\"47\",\"quiz_id\":\"3\",\"account_id\":null,\"title\":\"For purifying drinking water alum is used\",\"image\":\"\",\"type\":\"radio\",\"order\":\"0\",\"created_at\":\"2020-12-24 02:38:31\",\"updated_at\":\"2020-12-24 02:38:31\",\"answers\":[{\"quiz_question_answer_id\":\"193\",\"quiz_question_id\":\"47\",\"title\":\"for coagulation of mud particles\",\"is_correct\":\"1\"},{\"quiz_question_answer_id\":\"194\",\"quiz_question_id\":\"47\",\"title\":\"to kill bacteria\",\"is_correct\":\"0\"},{\"quiz_question_answer_id\":\"195\",\"quiz_question_id\":\"47\",\"title\":\"to remove salts\",\"is_correct\":\"0\"},{\"quiz_question_answer_id\":\"196\",\"quiz_question_id\":\"47\",\"title\":\"to remove gases\",\"is_correct\":\"0\"}]},{\"quiz_question_id\":\"48\",\"quiz_id\":\"3\",\"account_id\":null,\"title\":\"In a normal human body, the total number of red blood cells is\",\"image\":\"\",\"type\":\"radio\",\"order\":\"0\",\"created_at\":\"2020-12-24 02:38:31\",\"updated_at\":\"2020-12-24 02:38:31\",\"answers\":[{\"quiz_question_answer_id\":\"197\",\"quiz_question_id\":\"48\",\"title\":\"15 trillion\",\"is_correct\":\"0\"},{\"quiz_question_answer_id\":\"198\",\"quiz_question_id\":\"48\",\"title\":\"20 trillion\",\"is_correct\":\"0\"},{\"quiz_question_answer_id\":\"199\",\"quiz_question_id\":\"48\",\"title\":\"25 trillion\",\"is_correct\":\"0\"},{\"quiz_question_answer_id\":\"200\",\"quiz_question_id\":\"48\",\"title\":\"30 trillion\",\"is_correct\":\"1\"}]},{\"quiz_question_id\":\"49\",\"quiz_id\":\"3\",\"account_id\":null,\"title\":\"In which season do we need more fat?\",\"image\":\"\",\"type\":\"radio\",\"order\":\"0\",\"created_at\":\"2020-12-24 02:38:31\",\"updated_at\":\"2020-12-24 02:38:31\",\"answers\":[{\"quiz_question_answer_id\":\"201\",\"quiz_question_id\":\"49\",\"title\":\"Rainy season\",\"is_correct\":\"0\"},{\"quiz_question_answer_id\":\"202\",\"quiz_question_id\":\"49\",\"title\":\"Spring\",\"is_correct\":\"0\"},{\"quiz_question_answer_id\":\"203\",\"quiz_question_id\":\"49\",\"title\":\"Winter\",\"is_correct\":\"1\"},{\"quiz_question_answer_id\":\"204\",\"quiz_question_id\":\"49\",\"title\":\"Summer\",\"is_correct\":\"0\"}]},{\"quiz_question_id\":\"50\",\"quiz_id\":\"3\",\"account_id\":null,\"title\":\"How many times has Brazil won the World Cup Football Championship?\",\"image\":\"\",\"type\":\"radio\",\"order\":\"0\",\"created_at\":\"2020-12-24 02:38:31\",\"updated_at\":\"2020-12-24 02:38:31\",\"answers\":[{\"quiz_question_answer_id\":\"205\",\"quiz_question_id\":\"50\",\"title\":\"Four times\",\"is_correct\":\"0\"},{\"quiz_question_answer_id\":\"206\",\"quiz_question_id\":\"50\",\"title\":\"Twice\",\"is_correct\":\"0\"},{\"quiz_question_answer_id\":\"207\",\"quiz_question_id\":\"50\",\"title\":\"Five times\",\"is_correct\":\"1\"},{\"quiz_question_answer_id\":\"208\",\"quiz_question_id\":\"50\",\"title\":\"Once\",\"is_correct\":\"0\"}]}]}');
INSERT INTO `ac_job_quizes` VALUES (3, 3, 1, 'IT Position Quiz', 20, 30, '2020-12-24 02:38:33', '{\"quiz\":{\"quiz_id\":\"1\",\"quiz_category_id\":\"1\",\"account_id\":null,\"title\":\"IT Position Quiz\",\"description\":\"Lorem Ipsum is simply dummy text of the printing and typesetting industry. Lorem Ipsum has been the industry\'s standard dummy text ever since the 1500s, when an unknown printer took a galley of type and scrambled it to make a type specimen book. It has survived not only five centuries, but also the leap into electronic typesetting, remaining essentially unchanged.\",\"allowed_time\":\"30\",\"created_at\":\"2020-12-24 02:38:31\",\"updated_at\":\"2020-12-24 02:38:31\"},\"questions\":[{\"quiz_question_id\":\"1\",\"quiz_id\":\"1\",\"account_id\":null,\"title\":\"A computer basically constitutes of _______ integral components\",\"image\":\"\",\"type\":\"radio\",\"order\":\"0\",\"created_at\":\"2020-12-24 02:38:31\",\"updated_at\":\"2020-12-24 02:38:31\",\"answers\":[{\"quiz_question_answer_id\":\"1\",\"quiz_question_id\":\"1\",\"title\":\"Two\",\"is_correct\":\"0\"},{\"quiz_question_answer_id\":\"2\",\"quiz_question_id\":\"1\",\"title\":\"Four\",\"is_correct\":\"0\"},{\"quiz_question_answer_id\":\"3\",\"quiz_question_id\":\"1\",\"title\":\"Three\",\"is_correct\":\"1\"},{\"quiz_question_answer_id\":\"4\",\"quiz_question_id\":\"1\",\"title\":\"Eight\",\"is_correct\":\"0\"}]},{\"quiz_question_id\":\"2\",\"quiz_id\":\"1\",\"account_id\":null,\"title\":\"Computers have secondary storage devices known as\",\"image\":\"\",\"type\":\"radio\",\"order\":\"0\",\"created_at\":\"2020-12-24 02:38:31\",\"updated_at\":\"2020-12-24 02:38:31\",\"answers\":[{\"quiz_question_answer_id\":\"5\",\"quiz_question_id\":\"2\",\"title\":\"ALU\",\"is_correct\":\"0\"},{\"quiz_question_answer_id\":\"6\",\"quiz_question_id\":\"2\",\"title\":\"Auxiliary Storage\",\"is_correct\":\"1\"},{\"quiz_question_answer_id\":\"7\",\"quiz_question_id\":\"2\",\"title\":\"CPU\",\"is_correct\":\"0\"},{\"quiz_question_answer_id\":\"8\",\"quiz_question_id\":\"2\",\"title\":\"None of the above\",\"is_correct\":\"0\"}]},{\"quiz_question_id\":\"3\",\"quiz_id\":\"1\",\"account_id\":null,\"title\":\"The ____ is responsible for various computer operations\",\"image\":\"\",\"type\":\"radio\",\"order\":\"0\",\"created_at\":\"2020-12-24 02:38:31\",\"updated_at\":\"2020-12-24 02:38:31\",\"answers\":[{\"quiz_question_answer_id\":\"9\",\"quiz_question_id\":\"3\",\"title\":\"Memory\",\"is_correct\":\"0\"},{\"quiz_question_answer_id\":\"10\",\"quiz_question_id\":\"3\",\"title\":\"Accumulator (ACU)\",\"is_correct\":\"0\"},{\"quiz_question_answer_id\":\"11\",\"quiz_question_id\":\"3\",\"title\":\"Control Unit\",\"is_correct\":\"1\"},{\"quiz_question_answer_id\":\"12\",\"quiz_question_id\":\"3\",\"title\":\"Memory Address Register (MAR)\",\"is_correct\":\"0\"}]},{\"quiz_question_id\":\"4\",\"quiz_id\":\"1\",\"account_id\":null,\"title\":\"Popular microprocessors include\",\"image\":\"\",\"type\":\"radio\",\"order\":\"0\",\"created_at\":\"2020-12-24 02:38:31\",\"updated_at\":\"2020-12-24 02:38:31\",\"answers\":[{\"quiz_question_answer_id\":\"13\",\"quiz_question_id\":\"4\",\"title\":\"Intel\",\"is_correct\":\"1\"},{\"quiz_question_answer_id\":\"14\",\"quiz_question_id\":\"4\",\"title\":\"Cache Memory\",\"is_correct\":\"0\"},{\"quiz_question_answer_id\":\"15\",\"quiz_question_id\":\"4\",\"title\":\"AMD\",\"is_correct\":\"0\"}]},{\"quiz_question_id\":\"5\",\"quiz_id\":\"1\",\"account_id\":null,\"title\":\"These types of computers are primarily involved in data processing and problem solving for specific programs.\",\"image\":\"\",\"type\":\"radio\",\"order\":\"0\",\"created_at\":\"2020-12-24 02:38:31\",\"updated_at\":\"2020-12-24 02:38:31\",\"answers\":[{\"quiz_question_answer_id\":\"16\",\"quiz_question_id\":\"5\",\"title\":\"Compact computers\",\"is_correct\":\"0\"},{\"quiz_question_answer_id\":\"17\",\"quiz_question_id\":\"5\",\"title\":\"Digital computers\",\"is_correct\":\"1\"},{\"quiz_question_answer_id\":\"18\",\"quiz_question_id\":\"5\",\"title\":\"Hybrid computers\",\"is_correct\":\"0\"},{\"quiz_question_answer_id\":\"19\",\"quiz_question_id\":\"5\",\"title\":\"Analog computers\",\"is_correct\":\"0\"}]},{\"quiz_question_id\":\"6\",\"quiz_id\":\"1\",\"account_id\":null,\"title\":\"It mediates communication between CPU and other components of system.\",\"image\":\"\",\"type\":\"radio\",\"order\":\"0\",\"created_at\":\"2020-12-24 02:38:31\",\"updated_at\":\"2020-12-24 02:38:31\",\"answers\":[{\"quiz_question_answer_id\":\"20\",\"quiz_question_id\":\"6\",\"title\":\"CPU\",\"is_correct\":\"0\"},{\"quiz_question_answer_id\":\"21\",\"quiz_question_id\":\"6\",\"title\":\"RAM\",\"is_correct\":\"0\"},{\"quiz_question_answer_id\":\"22\",\"quiz_question_id\":\"6\",\"title\":\"Chipset\",\"is_correct\":\"1\"},{\"quiz_question_answer_id\":\"23\",\"quiz_question_id\":\"6\",\"title\":\"Buses\",\"is_correct\":\"0\"}]},{\"quiz_question_id\":\"7\",\"quiz_id\":\"1\",\"account_id\":null,\"title\":\"Software that resides on a single computer and does not interact with any other software installed in a different computer.\",\"image\":\"\",\"type\":\"radio\",\"order\":\"0\",\"created_at\":\"2020-12-24 02:38:31\",\"updated_at\":\"2020-12-24 02:38:31\",\"answers\":[{\"quiz_question_answer_id\":\"24\",\"quiz_question_id\":\"7\",\"title\":\"Stand Alone Software\",\"is_correct\":\"1\"},{\"quiz_question_answer_id\":\"25\",\"quiz_question_id\":\"7\",\"title\":\"Embedded Software\",\"is_correct\":\"0\"},{\"quiz_question_answer_id\":\"26\",\"quiz_question_id\":\"7\",\"title\":\"Real Time Software\",\"is_correct\":\"0\"},{\"quiz_question_answer_id\":\"27\",\"quiz_question_id\":\"7\",\"title\":\"Network Software\",\"is_correct\":\"0\"}]},{\"quiz_question_id\":\"8\",\"quiz_id\":\"1\",\"account_id\":null,\"title\":\"____ was the first high level language developed by John Backus at IBM in 1956.\",\"image\":\"\",\"type\":\"radio\",\"order\":\"0\",\"created_at\":\"2020-12-24 02:38:31\",\"updated_at\":\"2020-12-24 02:38:31\",\"answers\":[{\"quiz_question_answer_id\":\"28\",\"quiz_question_id\":\"8\",\"title\":\"FORTRAN\",\"is_correct\":\"1\"},{\"quiz_question_answer_id\":\"29\",\"quiz_question_id\":\"8\",\"title\":\"COBOL\",\"is_correct\":\"0\"},{\"quiz_question_answer_id\":\"30\",\"quiz_question_id\":\"8\",\"title\":\"Basic\",\"is_correct\":\"0\"},{\"quiz_question_answer_id\":\"31\",\"quiz_question_id\":\"8\",\"title\":\"None of the above\",\"is_correct\":\"0\"}]},{\"quiz_question_id\":\"9\",\"quiz_id\":\"1\",\"account_id\":null,\"title\":\"____ is a presentation tool that helps create eye catching and effective presentations in a matter of minutes\",\"image\":\"\",\"type\":\"radio\",\"order\":\"0\",\"created_at\":\"2020-12-24 02:38:31\",\"updated_at\":\"2020-12-24 02:38:31\",\"answers\":[{\"quiz_question_answer_id\":\"32\",\"quiz_question_id\":\"9\",\"title\":\"Spreadsheet\",\"is_correct\":\"0\"},{\"quiz_question_answer_id\":\"33\",\"quiz_question_id\":\"9\",\"title\":\"Word Processing\",\"is_correct\":\"0\"},{\"quiz_question_answer_id\":\"34\",\"quiz_question_id\":\"9\",\"title\":\"Bits\",\"is_correct\":\"0\"},{\"quiz_question_answer_id\":\"35\",\"quiz_question_id\":\"9\",\"title\":\"Power Point\",\"is_correct\":\"1\"}]},{\"quiz_question_id\":\"10\",\"quiz_id\":\"1\",\"account_id\":null,\"title\":\"The professionals involved in the study and prediction of weather are called.\",\"image\":\"\",\"type\":\"radio\",\"order\":\"0\",\"created_at\":\"2020-12-24 02:38:31\",\"updated_at\":\"2020-12-24 02:38:31\",\"answers\":[{\"quiz_question_answer_id\":\"36\",\"quiz_question_id\":\"10\",\"title\":\"Seer\",\"is_correct\":\"0\"},{\"quiz_question_answer_id\":\"37\",\"quiz_question_id\":\"10\",\"title\":\"Doom Sayer\",\"is_correct\":\"0\"},{\"quiz_question_answer_id\":\"38\",\"quiz_question_id\":\"10\",\"title\":\"Meteorologists\",\"is_correct\":\"1\"},{\"quiz_question_answer_id\":\"39\",\"quiz_question_id\":\"10\",\"title\":\"None of the above\",\"is_correct\":\"0\"}]},{\"quiz_question_id\":\"11\",\"quiz_id\":\"1\",\"account_id\":null,\"title\":\"The various types of computers are.\",\"image\":\"\",\"type\":\"checkbox\",\"order\":\"0\",\"created_at\":\"2020-12-24 02:38:31\",\"updated_at\":\"2020-12-24 02:38:31\",\"answers\":[{\"quiz_question_answer_id\":\"40\",\"quiz_question_id\":\"11\",\"title\":\"Personal Computers\",\"is_correct\":\"1\"},{\"quiz_question_answer_id\":\"41\",\"quiz_question_id\":\"11\",\"title\":\"Workstations\",\"is_correct\":\"1\"},{\"quiz_question_answer_id\":\"42\",\"quiz_question_id\":\"11\",\"title\":\"Tablet PC\",\"is_correct\":\"1\"},{\"quiz_question_answer_id\":\"43\",\"quiz_question_id\":\"11\",\"title\":\"Car Dashboard\",\"is_correct\":\"0\"}]},{\"quiz_question_id\":\"12\",\"quiz_id\":\"1\",\"account_id\":null,\"title\":\"It is very important for a computer system to have the ability to communicate with the outside world.\",\"image\":\"\",\"type\":\"checkbox\",\"order\":\"0\",\"created_at\":\"2020-12-24 02:38:31\",\"updated_at\":\"2020-12-24 02:38:31\",\"answers\":[{\"quiz_question_answer_id\":\"44\",\"quiz_question_id\":\"12\",\"title\":\"Receive data\",\"is_correct\":\"1\"},{\"quiz_question_answer_id\":\"45\",\"quiz_question_id\":\"12\",\"title\":\"Send Data\",\"is_correct\":\"1\"},{\"quiz_question_answer_id\":\"46\",\"quiz_question_id\":\"12\",\"title\":\"All of the above\",\"is_correct\":\"1\"}]},{\"quiz_question_id\":\"13\",\"quiz_id\":\"1\",\"account_id\":null,\"title\":\"1 Gigabyte is equal to\",\"image\":\"\",\"type\":\"radio\",\"order\":\"0\",\"created_at\":\"2020-12-24 02:38:31\",\"updated_at\":\"2020-12-24 02:38:31\",\"answers\":[{\"quiz_question_answer_id\":\"47\",\"quiz_question_id\":\"13\",\"title\":\"1024 bits\",\"is_correct\":\"0\"},{\"quiz_question_answer_id\":\"48\",\"quiz_question_id\":\"13\",\"title\":\"1024 bytes\",\"is_correct\":\"0\"},{\"quiz_question_answer_id\":\"49\",\"quiz_question_id\":\"13\",\"title\":\"1024 megabytes\",\"is_correct\":\"1\"},{\"quiz_question_answer_id\":\"50\",\"quiz_question_id\":\"13\",\"title\":\"1024 kilobytes\",\"is_correct\":\"0\"}]},{\"quiz_question_id\":\"14\",\"quiz_id\":\"1\",\"account_id\":null,\"title\":\"Pen drive is a\",\"image\":\"\",\"type\":\"radio\",\"order\":\"0\",\"created_at\":\"2020-12-24 02:38:31\",\"updated_at\":\"2020-12-24 02:38:31\",\"answers\":[{\"quiz_question_answer_id\":\"51\",\"quiz_question_id\":\"14\",\"title\":\"Primary Memory\",\"is_correct\":\"0\"},{\"quiz_question_answer_id\":\"52\",\"quiz_question_id\":\"14\",\"title\":\"Secondary Memory\",\"is_correct\":\"1\"},{\"quiz_question_answer_id\":\"53\",\"quiz_question_id\":\"14\",\"title\":\"Cache Memory\",\"is_correct\":\"0\"},{\"quiz_question_answer_id\":\"54\",\"quiz_question_id\":\"14\",\"title\":\"Internal Memory\",\"is_correct\":\"0\"}]},{\"quiz_question_id\":\"15\",\"quiz_id\":\"1\",\"account_id\":null,\"title\":\"How many types of constructors are available, in general, in any language?\",\"image\":\"\",\"type\":\"radio\",\"order\":\"0\",\"created_at\":\"2020-12-24 02:38:31\",\"updated_at\":\"2020-12-24 02:38:31\",\"answers\":[{\"quiz_question_answer_id\":\"55\",\"quiz_question_id\":\"15\",\"title\":\"2\",\"is_correct\":\"0\"},{\"quiz_question_answer_id\":\"56\",\"quiz_question_id\":\"15\",\"title\":\"3\",\"is_correct\":\"1\"},{\"quiz_question_answer_id\":\"57\",\"quiz_question_id\":\"15\",\"title\":\"4\",\"is_correct\":\"0\"},{\"quiz_question_answer_id\":\"58\",\"quiz_question_id\":\"15\",\"title\":\"5\",\"is_correct\":\"0\"}]},{\"quiz_question_id\":\"16\",\"quiz_id\":\"1\",\"account_id\":null,\"title\":\"Which among the following is true for static constructor?\",\"image\":\"\",\"type\":\"radio\",\"order\":\"0\",\"created_at\":\"2020-12-24 02:38:31\",\"updated_at\":\"2020-12-24 02:38:31\",\"answers\":[{\"quiz_question_answer_id\":\"59\",\"quiz_question_id\":\"16\",\"title\":\"Static constructors are called with every new object\",\"is_correct\":\"0\"},{\"quiz_question_answer_id\":\"60\",\"quiz_question_id\":\"16\",\"title\":\"Static constructors are used initialize data members to zero always\",\"is_correct\":\"0\"},{\"quiz_question_answer_id\":\"61\",\"quiz_question_id\":\"16\",\"title\":\"Static constructors can\\u2019t be parameterized constructors\",\"is_correct\":\"1\"},{\"quiz_question_answer_id\":\"62\",\"quiz_question_id\":\"16\",\"title\":\"Static constructors can be used to initialize the non-static members also\",\"is_correct\":\"0\"}]},{\"quiz_question_id\":\"17\",\"quiz_id\":\"1\",\"account_id\":null,\"title\":\"Within a class, only one static constructor can be created.\",\"image\":\"\",\"type\":\"radio\",\"order\":\"0\",\"created_at\":\"2020-12-24 02:38:31\",\"updated_at\":\"2020-12-24 02:38:31\",\"answers\":[{\"quiz_question_answer_id\":\"63\",\"quiz_question_id\":\"17\",\"title\":\"True\",\"is_correct\":\"1\"},{\"quiz_question_answer_id\":\"64\",\"quiz_question_id\":\"17\",\"title\":\"False\",\"is_correct\":\"0\"}]},{\"quiz_question_id\":\"18\",\"quiz_id\":\"1\",\"account_id\":null,\"title\":\"Why do we use constructor overloading?\",\"image\":\"\",\"type\":\"radio\",\"order\":\"0\",\"created_at\":\"2020-12-24 02:38:31\",\"updated_at\":\"2020-12-24 02:38:31\",\"answers\":[{\"quiz_question_answer_id\":\"65\",\"quiz_question_id\":\"18\",\"title\":\"To use different types of constructors\",\"is_correct\":\"0\"},{\"quiz_question_answer_id\":\"66\",\"quiz_question_id\":\"18\",\"title\":\"Because it\\u2019s a feature provided\",\"is_correct\":\"0\"},{\"quiz_question_answer_id\":\"67\",\"quiz_question_id\":\"18\",\"title\":\"To initialize the object in different ways\",\"is_correct\":\"1\"},{\"quiz_question_answer_id\":\"68\",\"quiz_question_id\":\"18\",\"title\":\"To differentiate one constructor from another\",\"is_correct\":\"0\"}]},{\"quiz_question_id\":\"19\",\"quiz_id\":\"1\",\"account_id\":null,\"title\":\"The destructor can be called before the constructor if required.\",\"image\":\"\",\"type\":\"radio\",\"order\":\"0\",\"created_at\":\"2020-12-24 02:38:31\",\"updated_at\":\"2020-12-24 02:38:31\",\"answers\":[{\"quiz_question_answer_id\":\"69\",\"quiz_question_id\":\"19\",\"title\":\"True\",\"is_correct\":\"0\"},{\"quiz_question_answer_id\":\"70\",\"quiz_question_id\":\"19\",\"title\":\"False\",\"is_correct\":\"1\"}]},{\"quiz_question_id\":\"20\",\"quiz_id\":\"1\",\"account_id\":null,\"title\":\" If in multiple inheritance, class C inherits class B, and Class B inherits class A. In which sequence are their destructors called if an object of class C was declared?\",\"image\":\"\",\"type\":\"radio\",\"order\":\"0\",\"created_at\":\"2020-12-24 02:38:31\",\"updated_at\":\"2020-12-24 02:38:31\",\"answers\":[{\"quiz_question_answer_id\":\"71\",\"quiz_question_id\":\"20\",\"title\":\"~C() then ~B() then ~A()\",\"is_correct\":\"1\"},{\"quiz_question_answer_id\":\"72\",\"quiz_question_id\":\"20\",\"title\":\"~B() then ~C() then ~A()\",\"is_correct\":\"0\"},{\"quiz_question_answer_id\":\"73\",\"quiz_question_id\":\"20\",\"title\":\"~A() then ~B() then ~C()\",\"is_correct\":\"0\"},{\"quiz_question_answer_id\":\"74\",\"quiz_question_id\":\"20\",\"title\":\"~C() then ~A() then ~B()\",\"is_correct\":\"0\"}]}]}');
INSERT INTO `ac_job_quizes` VALUES (4, 3, 3, 'General Knowledge Quiz', 15, 30, '2020-12-24 02:38:33', '{\"quiz\":{\"quiz_id\":\"3\",\"quiz_category_id\":\"4\",\"account_id\":null,\"title\":\"General Knowledge Quiz\",\"description\":\"Lorem Ipsum is simply dummy text of the printing and typesetting industry. Lorem Ipsum has been the industry\'s standard dummy text ever since the 1500s, when an unknown printer took a galley of type and scrambled it to make a type specimen book. It has survived not only five centuries, but also the leap into electronic typesetting, remaining essentially unchanged.\",\"allowed_time\":\"30\",\"created_at\":\"2020-12-24 02:38:31\",\"updated_at\":\"2020-12-24 02:38:31\"},\"questions\":[{\"quiz_question_id\":\"36\",\"quiz_id\":\"3\",\"account_id\":null,\"title\":\"Entomology is the science that studies\",\"image\":\"\",\"type\":\"radio\",\"order\":\"0\",\"created_at\":\"2020-12-24 02:38:31\",\"updated_at\":\"2020-12-24 02:38:31\",\"answers\":[{\"quiz_question_answer_id\":\"150\",\"quiz_question_id\":\"36\",\"title\":\"Behavior of human beings\",\"is_correct\":\"0\"},{\"quiz_question_answer_id\":\"151\",\"quiz_question_id\":\"36\",\"title\":\"Insects\",\"is_correct\":\"1\"},{\"quiz_question_answer_id\":\"152\",\"quiz_question_id\":\"36\",\"title\":\"The origin and history of technical and scientific terms\",\"is_correct\":\"0\"},{\"quiz_question_answer_id\":\"153\",\"quiz_question_id\":\"36\",\"title\":\"The formation of rocks\",\"is_correct\":\"0\"}]},{\"quiz_question_id\":\"37\",\"quiz_id\":\"3\",\"account_id\":null,\"title\":\"For which of the following disciplines is Nobel Prize awarded?\",\"image\":\"\",\"type\":\"checkbox\",\"order\":\"0\",\"created_at\":\"2020-12-24 02:38:31\",\"updated_at\":\"2020-12-24 02:38:31\",\"answers\":[{\"quiz_question_answer_id\":\"154\",\"quiz_question_id\":\"37\",\"title\":\"Physics and Chemistry\",\"is_correct\":\"1\"},{\"quiz_question_answer_id\":\"155\",\"quiz_question_id\":\"37\",\"title\":\"Physiology or Medicine\",\"is_correct\":\"1\"},{\"quiz_question_answer_id\":\"156\",\"quiz_question_id\":\"37\",\"title\":\"Literature, Peace and Economics\",\"is_correct\":\"1\"}]},{\"quiz_question_id\":\"38\",\"quiz_id\":\"3\",\"account_id\":null,\"title\":\"Galileo was an Italian astronomer who\",\"image\":\"\",\"type\":\"radio\",\"order\":\"0\",\"created_at\":\"2020-12-24 02:38:31\",\"updated_at\":\"2020-12-24 02:38:31\",\"answers\":[{\"quiz_question_answer_id\":\"157\",\"quiz_question_id\":\"38\",\"title\":\"developed the telescope\",\"is_correct\":\"0\"},{\"quiz_question_answer_id\":\"158\",\"quiz_question_id\":\"38\",\"title\":\"discovered four satellites of Jupiter\",\"is_correct\":\"0\"},{\"quiz_question_answer_id\":\"159\",\"quiz_question_id\":\"38\",\"title\":\"discovered that the movement of pendulum produces a regular time measurement\",\"is_correct\":\"0\"},{\"quiz_question_answer_id\":\"160\",\"quiz_question_id\":\"38\",\"title\":\"All of the above\",\"is_correct\":\"1\"}]},{\"quiz_question_id\":\"39\",\"quiz_id\":\"3\",\"account_id\":null,\"title\":\"Exposure to sunlight helps a person improve his health because\",\"image\":\"\",\"type\":\"radio\",\"order\":\"0\",\"created_at\":\"2020-12-24 02:38:31\",\"updated_at\":\"2020-12-24 02:38:31\",\"answers\":[{\"quiz_question_answer_id\":\"161\",\"quiz_question_id\":\"39\",\"title\":\"the infrared light kills bacteria in the body\",\"is_correct\":\"0\"},{\"quiz_question_answer_id\":\"162\",\"quiz_question_id\":\"39\",\"title\":\"resistance power increases\",\"is_correct\":\"0\"},{\"quiz_question_answer_id\":\"163\",\"quiz_question_id\":\"39\",\"title\":\"the pigment cells in the skin get stimulated and produce a healthy tan\",\"is_correct\":\"0\"},{\"quiz_question_answer_id\":\"164\",\"quiz_question_id\":\"39\",\"title\":\"the ultraviolet rays convert skin oil into Vitamin D\",\"is_correct\":\"1\"}]},{\"quiz_question_id\":\"40\",\"quiz_id\":\"3\",\"account_id\":null,\"title\":\"For the Olympics and World Tournaments, the dimensions of basketball court are\",\"image\":\"\",\"type\":\"radio\",\"order\":\"0\",\"created_at\":\"2020-12-24 02:38:31\",\"updated_at\":\"2020-12-24 02:38:31\",\"answers\":[{\"quiz_question_answer_id\":\"165\",\"quiz_question_id\":\"40\",\"title\":\"26 m x 14 m\",\"is_correct\":\"0\"},{\"quiz_question_answer_id\":\"166\",\"quiz_question_id\":\"40\",\"title\":\"28 m x 15 m\",\"is_correct\":\"1\"},{\"quiz_question_answer_id\":\"167\",\"quiz_question_id\":\"40\",\"title\":\"27 m x 16 m\",\"is_correct\":\"0\"},{\"quiz_question_answer_id\":\"168\",\"quiz_question_id\":\"40\",\"title\":\"28 m x 16 m\",\"is_correct\":\"0\"}]},{\"quiz_question_id\":\"41\",\"quiz_id\":\"3\",\"account_id\":null,\"title\":\"Friction can be reduced by changing from\",\"image\":\"\",\"type\":\"radio\",\"order\":\"0\",\"created_at\":\"2020-12-24 02:38:31\",\"updated_at\":\"2020-12-24 02:38:31\",\"answers\":[{\"quiz_question_answer_id\":\"169\",\"quiz_question_id\":\"41\",\"title\":\"sliding to rolling\",\"is_correct\":\"1\"},{\"quiz_question_answer_id\":\"170\",\"quiz_question_id\":\"41\",\"title\":\"rolling to sliding\",\"is_correct\":\"0\"},{\"quiz_question_answer_id\":\"171\",\"quiz_question_id\":\"41\",\"title\":\"potential energy to kinetic energy\",\"is_correct\":\"0\"},{\"quiz_question_answer_id\":\"172\",\"quiz_question_id\":\"41\",\"title\":\"dynamic to static\",\"is_correct\":\"0\"}]},{\"quiz_question_id\":\"42\",\"quiz_id\":\"3\",\"account_id\":null,\"title\":\"Ecology deals with\",\"image\":\"\",\"type\":\"radio\",\"order\":\"0\",\"created_at\":\"2020-12-24 02:38:31\",\"updated_at\":\"2020-12-24 02:38:31\",\"answers\":[{\"quiz_question_answer_id\":\"173\",\"quiz_question_id\":\"42\",\"title\":\"Birds\",\"is_correct\":\"0\"},{\"quiz_question_answer_id\":\"174\",\"quiz_question_id\":\"42\",\"title\":\"Cell formation\",\"is_correct\":\"0\"},{\"quiz_question_answer_id\":\"175\",\"quiz_question_id\":\"42\",\"title\":\"Relation between organisms and their environment\",\"is_correct\":\"1\"},{\"quiz_question_answer_id\":\"176\",\"quiz_question_id\":\"42\",\"title\":\"Tissues\",\"is_correct\":\"0\"}]},{\"quiz_question_id\":\"43\",\"quiz_id\":\"3\",\"account_id\":null,\"title\":\"Durand Cup is associated with the game of\",\"image\":\"\",\"type\":\"radio\",\"order\":\"0\",\"created_at\":\"2020-12-24 02:38:31\",\"updated_at\":\"2020-12-24 02:38:31\",\"answers\":[{\"quiz_question_answer_id\":\"177\",\"quiz_question_id\":\"43\",\"title\":\"Cricket\",\"is_correct\":\"0\"},{\"quiz_question_answer_id\":\"178\",\"quiz_question_id\":\"43\",\"title\":\"Football\",\"is_correct\":\"1\"},{\"quiz_question_answer_id\":\"179\",\"quiz_question_id\":\"43\",\"title\":\"Hockey\",\"is_correct\":\"0\"},{\"quiz_question_answer_id\":\"180\",\"quiz_question_id\":\"43\",\"title\":\"Volleyball\",\"is_correct\":\"0\"}]},{\"quiz_question_id\":\"44\",\"quiz_id\":\"3\",\"account_id\":null,\"title\":\"Headquarters of UNO are situated at\",\"image\":\"\",\"type\":\"radio\",\"order\":\"0\",\"created_at\":\"2020-12-24 02:38:31\",\"updated_at\":\"2020-12-24 02:38:31\",\"answers\":[{\"quiz_question_answer_id\":\"181\",\"quiz_question_id\":\"44\",\"title\":\"New York, USA\",\"is_correct\":\"1\"},{\"quiz_question_answer_id\":\"182\",\"quiz_question_id\":\"44\",\"title\":\"Hague (Netherlands)\",\"is_correct\":\"0\"},{\"quiz_question_answer_id\":\"183\",\"quiz_question_id\":\"44\",\"title\":\"Geneva\",\"is_correct\":\"0\"},{\"quiz_question_answer_id\":\"184\",\"quiz_question_id\":\"44\",\"title\":\"Paris\",\"is_correct\":\"0\"}]},{\"quiz_question_id\":\"45\",\"quiz_id\":\"3\",\"account_id\":null,\"title\":\"First International Peace Congress was held in London in\",\"image\":\"\",\"type\":\"radio\",\"order\":\"0\",\"created_at\":\"2020-12-24 02:38:31\",\"updated_at\":\"2020-12-24 02:38:31\",\"answers\":[{\"quiz_question_answer_id\":\"185\",\"quiz_question_id\":\"45\",\"title\":\"1564 AD\",\"is_correct\":\"0\"},{\"quiz_question_answer_id\":\"186\",\"quiz_question_id\":\"45\",\"title\":\"1798 AD\",\"is_correct\":\"0\"},{\"quiz_question_answer_id\":\"187\",\"quiz_question_id\":\"45\",\"title\":\"1843 AD\",\"is_correct\":\"1\"},{\"quiz_question_answer_id\":\"188\",\"quiz_question_id\":\"45\",\"title\":\"1901 AD\",\"is_correct\":\"0\"}]},{\"quiz_question_id\":\"46\",\"quiz_id\":\"3\",\"account_id\":null,\"title\":\"For galvanizing iron which of the following metals is used?\",\"image\":\"\",\"type\":\"radio\",\"order\":\"0\",\"created_at\":\"2020-12-24 02:38:31\",\"updated_at\":\"2020-12-24 02:38:31\",\"answers\":[{\"quiz_question_answer_id\":\"189\",\"quiz_question_id\":\"46\",\"title\":\"Aluminium\",\"is_correct\":\"0\"},{\"quiz_question_answer_id\":\"190\",\"quiz_question_id\":\"46\",\"title\":\"Copper\",\"is_correct\":\"0\"},{\"quiz_question_answer_id\":\"191\",\"quiz_question_id\":\"46\",\"title\":\"Lead\",\"is_correct\":\"0\"},{\"quiz_question_answer_id\":\"192\",\"quiz_question_id\":\"46\",\"title\":\"Zinc\",\"is_correct\":\"1\"}]},{\"quiz_question_id\":\"47\",\"quiz_id\":\"3\",\"account_id\":null,\"title\":\"For purifying drinking water alum is used\",\"image\":\"\",\"type\":\"radio\",\"order\":\"0\",\"created_at\":\"2020-12-24 02:38:31\",\"updated_at\":\"2020-12-24 02:38:31\",\"answers\":[{\"quiz_question_answer_id\":\"193\",\"quiz_question_id\":\"47\",\"title\":\"for coagulation of mud particles\",\"is_correct\":\"1\"},{\"quiz_question_answer_id\":\"194\",\"quiz_question_id\":\"47\",\"title\":\"to kill bacteria\",\"is_correct\":\"0\"},{\"quiz_question_answer_id\":\"195\",\"quiz_question_id\":\"47\",\"title\":\"to remove salts\",\"is_correct\":\"0\"},{\"quiz_question_answer_id\":\"196\",\"quiz_question_id\":\"47\",\"title\":\"to remove gases\",\"is_correct\":\"0\"}]},{\"quiz_question_id\":\"48\",\"quiz_id\":\"3\",\"account_id\":null,\"title\":\"In a normal human body, the total number of red blood cells is\",\"image\":\"\",\"type\":\"radio\",\"order\":\"0\",\"created_at\":\"2020-12-24 02:38:31\",\"updated_at\":\"2020-12-24 02:38:31\",\"answers\":[{\"quiz_question_answer_id\":\"197\",\"quiz_question_id\":\"48\",\"title\":\"15 trillion\",\"is_correct\":\"0\"},{\"quiz_question_answer_id\":\"198\",\"quiz_question_id\":\"48\",\"title\":\"20 trillion\",\"is_correct\":\"0\"},{\"quiz_question_answer_id\":\"199\",\"quiz_question_id\":\"48\",\"title\":\"25 trillion\",\"is_correct\":\"0\"},{\"quiz_question_answer_id\":\"200\",\"quiz_question_id\":\"48\",\"title\":\"30 trillion\",\"is_correct\":\"1\"}]},{\"quiz_question_id\":\"49\",\"quiz_id\":\"3\",\"account_id\":null,\"title\":\"In which season do we need more fat?\",\"image\":\"\",\"type\":\"radio\",\"order\":\"0\",\"created_at\":\"2020-12-24 02:38:31\",\"updated_at\":\"2020-12-24 02:38:31\",\"answers\":[{\"quiz_question_answer_id\":\"201\",\"quiz_question_id\":\"49\",\"title\":\"Rainy season\",\"is_correct\":\"0\"},{\"quiz_question_answer_id\":\"202\",\"quiz_question_id\":\"49\",\"title\":\"Spring\",\"is_correct\":\"0\"},{\"quiz_question_answer_id\":\"203\",\"quiz_question_id\":\"49\",\"title\":\"Winter\",\"is_correct\":\"1\"},{\"quiz_question_answer_id\":\"204\",\"quiz_question_id\":\"49\",\"title\":\"Summer\",\"is_correct\":\"0\"}]},{\"quiz_question_id\":\"50\",\"quiz_id\":\"3\",\"account_id\":null,\"title\":\"How many times has Brazil won the World Cup Football Championship?\",\"image\":\"\",\"type\":\"radio\",\"order\":\"0\",\"created_at\":\"2020-12-24 02:38:31\",\"updated_at\":\"2020-12-24 02:38:31\",\"answers\":[{\"quiz_question_answer_id\":\"205\",\"quiz_question_id\":\"50\",\"title\":\"Four times\",\"is_correct\":\"0\"},{\"quiz_question_answer_id\":\"206\",\"quiz_question_id\":\"50\",\"title\":\"Twice\",\"is_correct\":\"0\"},{\"quiz_question_answer_id\":\"207\",\"quiz_question_id\":\"50\",\"title\":\"Five times\",\"is_correct\":\"1\"},{\"quiz_question_answer_id\":\"208\",\"quiz_question_id\":\"50\",\"title\":\"Once\",\"is_correct\":\"0\"}]}]}');

-- ----------------------------
-- Table structure for ac_job_referred
-- ----------------------------
DROP TABLE IF EXISTS `ac_job_referred`;
CREATE TABLE `ac_job_referred`  (
  `job_id` int(10) UNSIGNED NULL DEFAULT NULL,
  `candidate_id` int(10) UNSIGNED NULL DEFAULT NULL,
  `email` varchar(100) CHARACTER SET utf8 COLLATE utf8_general_ci NOT NULL,
  `phone` varchar(50) CHARACTER SET utf8 COLLATE utf8_general_ci NOT NULL,
  `name` varchar(50) CHARACTER SET utf8 COLLATE utf8_general_ci NOT NULL,
  `created_at` datetime(0) NULL DEFAULT NULL
) ENGINE = InnoDB CHARACTER SET = utf8 COLLATE = utf8_general_ci ROW_FORMAT = DYNAMIC;

-- ----------------------------
-- Records of ac_job_referred
-- ----------------------------
INSERT INTO `ac_job_referred` VALUES (10, 1, '', '', '', '2020-12-24 02:38:33');
INSERT INTO `ac_job_referred` VALUES (10, 2, '', '', '', '2020-12-24 02:38:33');
INSERT INTO `ac_job_referred` VALUES (10, 3, '', '', '', '2020-12-24 02:38:33');
INSERT INTO `ac_job_referred` VALUES (10, 4, '', '', '', '2020-12-24 02:38:33');
INSERT INTO `ac_job_referred` VALUES (10, 5, '', '', '', '2020-12-24 02:38:33');
INSERT INTO `ac_job_referred` VALUES (10, 6, '', '', '', '2020-12-24 02:38:33');
INSERT INTO `ac_job_referred` VALUES (11, 3, '', '', '', '2020-12-24 02:38:33');
INSERT INTO `ac_job_referred` VALUES (11, 4, '', '', '', '2020-12-24 02:38:33');
INSERT INTO `ac_job_referred` VALUES (11, 6, '', '', '', '2020-12-24 02:38:33');
INSERT INTO `ac_job_referred` VALUES (11, 7, '', '', '', '2020-12-24 02:38:33');
INSERT INTO `ac_job_referred` VALUES (4, 42, 'valery.romanov.job@gmail.com', '124356879', 'Friends', '2021-02-15 03:38:15');
INSERT INTO `ac_job_referred` VALUES (0, 83, 'shaktiinfotech2015@gmail.com', '', 'shakti', '2021-03-07 14:55:01');

-- ----------------------------
-- Table structure for ac_job_trait_answers
-- ----------------------------
DROP TABLE IF EXISTS `ac_job_trait_answers`;
CREATE TABLE `ac_job_trait_answers`  (
  `job_trait_answer_id` int(10) UNSIGNED NOT NULL AUTO_INCREMENT,
  `job_trait_id` int(10) UNSIGNED NULL DEFAULT NULL,
  `job_trait_title` varchar(100) CHARACTER SET utf8 COLLATE utf8_general_ci NULL DEFAULT NULL,
  `candidate_id` int(10) UNSIGNED NULL DEFAULT NULL,
  `job_application_id` int(10) UNSIGNED NULL DEFAULT NULL,
  `rating` int(10) UNSIGNED NULL DEFAULT NULL,
  `created_at` datetime(0) NULL DEFAULT NULL,
  PRIMARY KEY (`job_trait_answer_id`) USING BTREE
) ENGINE = InnoDB AUTO_INCREMENT = 75 CHARACTER SET = utf8 COLLATE = utf8_general_ci ROW_FORMAT = DYNAMIC;

-- ----------------------------
-- Records of ac_job_trait_answers
-- ----------------------------
INSERT INTO `ac_job_trait_answers` VALUES (6, 1, 'Communication', 2, 2, 3, NULL);
INSERT INTO `ac_job_trait_answers` VALUES (7, 13, 'Punctuality', 2, 2, 2, NULL);
INSERT INTO `ac_job_trait_answers` VALUES (8, 25, 'Attention to detail', 2, 2, 5, NULL);
INSERT INTO `ac_job_trait_answers` VALUES (9, 37, 'Report Writing', 2, 2, 1, NULL);
INSERT INTO `ac_job_trait_answers` VALUES (10, 49, 'Presentation Skills', 2, 2, 5, NULL);
INSERT INTO `ac_job_trait_answers` VALUES (11, 1, 'Communication', 3, 3, 4, NULL);
INSERT INTO `ac_job_trait_answers` VALUES (12, 13, 'Punctuality', 3, 3, 2, NULL);
INSERT INTO `ac_job_trait_answers` VALUES (13, 25, 'Attention to detail', 3, 3, 4, NULL);
INSERT INTO `ac_job_trait_answers` VALUES (14, 37, 'Report Writing', 3, 3, 1, NULL);
INSERT INTO `ac_job_trait_answers` VALUES (15, 49, 'Presentation Skills', 3, 3, 5, NULL);
INSERT INTO `ac_job_trait_answers` VALUES (16, 1, 'Communication', 4, 4, 4, NULL);
INSERT INTO `ac_job_trait_answers` VALUES (17, 13, 'Punctuality', 4, 4, 3, NULL);
INSERT INTO `ac_job_trait_answers` VALUES (18, 25, 'Attention to detail', 4, 4, 3, NULL);
INSERT INTO `ac_job_trait_answers` VALUES (19, 37, 'Report Writing', 4, 4, 2, NULL);
INSERT INTO `ac_job_trait_answers` VALUES (20, 49, 'Presentation Skills', 4, 4, 5, NULL);
INSERT INTO `ac_job_trait_answers` VALUES (21, 1, 'Communication', 5, 5, 1, NULL);
INSERT INTO `ac_job_trait_answers` VALUES (22, 13, 'Punctuality', 5, 5, 2, NULL);
INSERT INTO `ac_job_trait_answers` VALUES (23, 25, 'Attention to detail', 5, 5, 1, NULL);
INSERT INTO `ac_job_trait_answers` VALUES (24, 37, 'Report Writing', 5, 5, 4, NULL);
INSERT INTO `ac_job_trait_answers` VALUES (25, 49, 'Presentation Skills', 5, 5, 5, NULL);
INSERT INTO `ac_job_trait_answers` VALUES (26, 1, 'Communication', 6, 6, 3, NULL);
INSERT INTO `ac_job_trait_answers` VALUES (27, 13, 'Punctuality', 6, 6, 1, NULL);
INSERT INTO `ac_job_trait_answers` VALUES (28, 25, 'Attention to detail', 6, 6, 5, NULL);
INSERT INTO `ac_job_trait_answers` VALUES (29, 37, 'Report Writing', 6, 6, 4, NULL);
INSERT INTO `ac_job_trait_answers` VALUES (30, 49, 'Presentation Skills', 6, 6, 2, NULL);
INSERT INTO `ac_job_trait_answers` VALUES (31, 1, 'Communication', 7, 7, 3, NULL);
INSERT INTO `ac_job_trait_answers` VALUES (32, 13, 'Punctuality', 7, 7, 5, NULL);
INSERT INTO `ac_job_trait_answers` VALUES (33, 25, 'Attention to detail', 7, 7, 5, NULL);
INSERT INTO `ac_job_trait_answers` VALUES (34, 37, 'Report Writing', 7, 7, 3, NULL);
INSERT INTO `ac_job_trait_answers` VALUES (35, 49, 'Presentation Skills', 7, 7, 2, NULL);
INSERT INTO `ac_job_trait_answers` VALUES (36, 1, 'Communication', 8, 8, 1, NULL);
INSERT INTO `ac_job_trait_answers` VALUES (37, 13, 'Punctuality', 8, 8, 2, NULL);
INSERT INTO `ac_job_trait_answers` VALUES (38, 25, 'Attention to detail', 8, 8, 2, NULL);
INSERT INTO `ac_job_trait_answers` VALUES (39, 37, 'Report Writing', 8, 8, 2, NULL);
INSERT INTO `ac_job_trait_answers` VALUES (40, 49, 'Presentation Skills', 8, 8, 3, NULL);
INSERT INTO `ac_job_trait_answers` VALUES (41, 1, 'Communication', 9, 9, 3, NULL);
INSERT INTO `ac_job_trait_answers` VALUES (42, 13, 'Punctuality', 9, 9, 2, NULL);
INSERT INTO `ac_job_trait_answers` VALUES (43, 25, 'Attention to detail', 9, 9, 1, NULL);
INSERT INTO `ac_job_trait_answers` VALUES (44, 37, 'Report Writing', 9, 9, 1, NULL);
INSERT INTO `ac_job_trait_answers` VALUES (45, 49, 'Presentation Skills', 9, 9, 5, NULL);
INSERT INTO `ac_job_trait_answers` VALUES (46, 1, 'Communication', 10, 10, 5, NULL);
INSERT INTO `ac_job_trait_answers` VALUES (47, 13, 'Punctuality', 10, 10, 4, NULL);
INSERT INTO `ac_job_trait_answers` VALUES (48, 25, 'Attention to detail', 10, 10, 3, NULL);
INSERT INTO `ac_job_trait_answers` VALUES (49, 37, 'Report Writing', 10, 10, 3, NULL);
INSERT INTO `ac_job_trait_answers` VALUES (50, 49, 'Presentation Skills', 10, 10, 4, NULL);
INSERT INTO `ac_job_trait_answers` VALUES (51, 1, 'Communication', 11, 11, 3, NULL);
INSERT INTO `ac_job_trait_answers` VALUES (52, 13, 'Punctuality', 11, 11, 1, NULL);
INSERT INTO `ac_job_trait_answers` VALUES (53, 25, 'Attention to detail', 11, 11, 3, NULL);
INSERT INTO `ac_job_trait_answers` VALUES (54, 37, 'Report Writing', 11, 11, 1, NULL);
INSERT INTO `ac_job_trait_answers` VALUES (55, 49, 'Presentation Skills', 11, 11, 3, NULL);
INSERT INTO `ac_job_trait_answers` VALUES (56, 1, 'Communication', 12, 12, 2, NULL);
INSERT INTO `ac_job_trait_answers` VALUES (57, 13, 'Punctuality', 12, 12, 5, NULL);
INSERT INTO `ac_job_trait_answers` VALUES (58, 25, 'Attention to detail', 12, 12, 4, NULL);
INSERT INTO `ac_job_trait_answers` VALUES (59, 37, 'Report Writing', 12, 12, 3, NULL);
INSERT INTO `ac_job_trait_answers` VALUES (60, 49, 'Presentation Skills', 12, 12, 2, NULL);
INSERT INTO `ac_job_trait_answers` VALUES (61, 3, 'Communication', 5, 13, 4, NULL);
INSERT INTO `ac_job_trait_answers` VALUES (62, 15, 'Punctuality', 5, 13, 3, NULL);
INSERT INTO `ac_job_trait_answers` VALUES (63, 27, 'Attention to detail', 5, 13, 3, NULL);
INSERT INTO `ac_job_trait_answers` VALUES (64, 39, 'Report Writing', 5, 13, 3, NULL);
INSERT INTO `ac_job_trait_answers` VALUES (65, 51, 'Presentation Skills', 5, 13, 3, NULL);
INSERT INTO `ac_job_trait_answers` VALUES (66, 3, 'Communication', 6, 14, 4, NULL);
INSERT INTO `ac_job_trait_answers` VALUES (67, 15, 'Punctuality', 6, 14, 4, NULL);
INSERT INTO `ac_job_trait_answers` VALUES (68, 27, 'Attention to detail', 6, 14, 2, NULL);
INSERT INTO `ac_job_trait_answers` VALUES (69, 39, 'Report Writing', 6, 14, 1, NULL);
INSERT INTO `ac_job_trait_answers` VALUES (70, 51, 'Presentation Skills', 6, 14, 3, NULL);

-- ----------------------------
-- Table structure for ac_job_traits
-- ----------------------------
DROP TABLE IF EXISTS `ac_job_traits`;
CREATE TABLE `ac_job_traits`  (
  `job_trait_id` int(10) UNSIGNED NOT NULL AUTO_INCREMENT,
  `job_id` int(10) UNSIGNED NULL DEFAULT NULL,
  `trait_id` int(10) UNSIGNED NULL DEFAULT NULL,
  `title` varchar(100) CHARACTER SET utf8 COLLATE utf8_general_ci NOT NULL,
  `created_at` datetime(0) NULL DEFAULT NULL,
  PRIMARY KEY (`job_trait_id`) USING BTREE
) ENGINE = InnoDB AUTO_INCREMENT = 62 CHARACTER SET = utf8 COLLATE = utf8_general_ci ROW_FORMAT = DYNAMIC;

-- ----------------------------
-- Records of ac_job_traits
-- ----------------------------
INSERT INTO `ac_job_traits` VALUES (1, 1, 1, 'Communication', '2020-12-24 02:38:33');
INSERT INTO `ac_job_traits` VALUES (2, 2, 1, 'Communication', '2020-12-24 02:38:33');
INSERT INTO `ac_job_traits` VALUES (3, 3, 1, 'Communication', '2020-12-24 02:38:33');
INSERT INTO `ac_job_traits` VALUES (4, 4, 1, 'Communication', '2020-12-24 02:38:33');
INSERT INTO `ac_job_traits` VALUES (5, 5, 1, 'Communication', '2020-12-24 02:38:33');
INSERT INTO `ac_job_traits` VALUES (6, 6, 1, 'Communication', '2020-12-24 02:38:33');
INSERT INTO `ac_job_traits` VALUES (7, 7, 1, 'Communication', '2020-12-24 02:38:33');
INSERT INTO `ac_job_traits` VALUES (8, 8, 1, 'Communication', '2020-12-24 02:38:33');
INSERT INTO `ac_job_traits` VALUES (9, 9, 1, 'Communication', '2020-12-24 02:38:33');
INSERT INTO `ac_job_traits` VALUES (10, 10, 1, 'Communication', '2020-12-24 02:38:33');
INSERT INTO `ac_job_traits` VALUES (11, 11, 1, 'Communication', '2020-12-24 02:38:33');
INSERT INTO `ac_job_traits` VALUES (12, 12, 1, 'Communication', '2020-12-24 02:38:33');
INSERT INTO `ac_job_traits` VALUES (13, 1, 2, 'Punctuality', '2020-12-24 02:38:33');
INSERT INTO `ac_job_traits` VALUES (14, 2, 2, 'Punctuality', '2020-12-24 02:38:33');
INSERT INTO `ac_job_traits` VALUES (15, 3, 2, 'Punctuality', '2020-12-24 02:38:33');
INSERT INTO `ac_job_traits` VALUES (16, 4, 2, 'Punctuality', '2020-12-24 02:38:33');
INSERT INTO `ac_job_traits` VALUES (17, 5, 2, 'Punctuality', '2020-12-24 02:38:33');
INSERT INTO `ac_job_traits` VALUES (18, 6, 2, 'Punctuality', '2020-12-24 02:38:33');
INSERT INTO `ac_job_traits` VALUES (19, 7, 2, 'Punctuality', '2020-12-24 02:38:33');
INSERT INTO `ac_job_traits` VALUES (20, 8, 2, 'Punctuality', '2020-12-24 02:38:33');
INSERT INTO `ac_job_traits` VALUES (21, 9, 2, 'Punctuality', '2020-12-24 02:38:33');
INSERT INTO `ac_job_traits` VALUES (22, 10, 2, 'Punctuality', '2020-12-24 02:38:33');
INSERT INTO `ac_job_traits` VALUES (23, 11, 2, 'Punctuality', '2020-12-24 02:38:33');
INSERT INTO `ac_job_traits` VALUES (24, 12, 2, 'Punctuality', '2020-12-24 02:38:33');
INSERT INTO `ac_job_traits` VALUES (25, 1, 3, 'Attention to detail', '2020-12-24 02:38:33');
INSERT INTO `ac_job_traits` VALUES (26, 2, 3, 'Attention to detail', '2020-12-24 02:38:33');
INSERT INTO `ac_job_traits` VALUES (27, 3, 3, 'Attention to detail', '2020-12-24 02:38:33');
INSERT INTO `ac_job_traits` VALUES (28, 4, 3, 'Attention to detail', '2020-12-24 02:38:33');
INSERT INTO `ac_job_traits` VALUES (29, 5, 3, 'Attention to detail', '2020-12-24 02:38:33');
INSERT INTO `ac_job_traits` VALUES (30, 6, 3, 'Attention to detail', '2020-12-24 02:38:33');
INSERT INTO `ac_job_traits` VALUES (31, 7, 3, 'Attention to detail', '2020-12-24 02:38:33');
INSERT INTO `ac_job_traits` VALUES (32, 8, 3, 'Attention to detail', '2020-12-24 02:38:33');
INSERT INTO `ac_job_traits` VALUES (33, 9, 3, 'Attention to detail', '2020-12-24 02:38:33');
INSERT INTO `ac_job_traits` VALUES (34, 10, 3, 'Attention to detail', '2020-12-24 02:38:33');
INSERT INTO `ac_job_traits` VALUES (35, 11, 3, 'Attention to detail', '2020-12-24 02:38:33');
INSERT INTO `ac_job_traits` VALUES (36, 12, 3, 'Attention to detail', '2020-12-24 02:38:33');
INSERT INTO `ac_job_traits` VALUES (37, 1, 4, 'Report Writing', '2020-12-24 02:38:33');
INSERT INTO `ac_job_traits` VALUES (38, 2, 4, 'Report Writing', '2020-12-24 02:38:33');
INSERT INTO `ac_job_traits` VALUES (39, 3, 4, 'Report Writing', '2020-12-24 02:38:33');
INSERT INTO `ac_job_traits` VALUES (40, 4, 4, 'Report Writing', '2020-12-24 02:38:33');
INSERT INTO `ac_job_traits` VALUES (41, 5, 4, 'Report Writing', '2020-12-24 02:38:33');
INSERT INTO `ac_job_traits` VALUES (42, 6, 4, 'Report Writing', '2020-12-24 02:38:33');
INSERT INTO `ac_job_traits` VALUES (43, 7, 4, 'Report Writing', '2020-12-24 02:38:33');
INSERT INTO `ac_job_traits` VALUES (44, 8, 4, 'Report Writing', '2020-12-24 02:38:33');
INSERT INTO `ac_job_traits` VALUES (45, 9, 4, 'Report Writing', '2020-12-24 02:38:33');
INSERT INTO `ac_job_traits` VALUES (46, 10, 4, 'Report Writing', '2020-12-24 02:38:33');
INSERT INTO `ac_job_traits` VALUES (47, 11, 4, 'Report Writing', '2020-12-24 02:38:33');
INSERT INTO `ac_job_traits` VALUES (48, 12, 4, 'Report Writing', '2020-12-24 02:38:33');
INSERT INTO `ac_job_traits` VALUES (49, 1, 5, 'Presentation Skills', '2020-12-24 02:38:33');
INSERT INTO `ac_job_traits` VALUES (50, 2, 5, 'Presentation Skills', '2020-12-24 02:38:33');
INSERT INTO `ac_job_traits` VALUES (51, 3, 5, 'Presentation Skills', '2020-12-24 02:38:33');
INSERT INTO `ac_job_traits` VALUES (52, 4, 5, 'Presentation Skills', '2020-12-24 02:38:33');
INSERT INTO `ac_job_traits` VALUES (53, 5, 5, 'Presentation Skills', '2020-12-24 02:38:33');
INSERT INTO `ac_job_traits` VALUES (54, 6, 5, 'Presentation Skills', '2020-12-24 02:38:33');
INSERT INTO `ac_job_traits` VALUES (55, 7, 5, 'Presentation Skills', '2020-12-24 02:38:33');
INSERT INTO `ac_job_traits` VALUES (56, 8, 5, 'Presentation Skills', '2020-12-24 02:38:33');
INSERT INTO `ac_job_traits` VALUES (57, 9, 5, 'Presentation Skills', '2020-12-24 02:38:33');
INSERT INTO `ac_job_traits` VALUES (58, 10, 5, 'Presentation Skills', '2020-12-24 02:38:33');
INSERT INTO `ac_job_traits` VALUES (59, 11, 5, 'Presentation Skills', '2020-12-24 02:38:33');
INSERT INTO `ac_job_traits` VALUES (60, 12, 5, 'Presentation Skills', '2020-12-24 02:38:33');

-- ----------------------------
-- Table structure for ac_jobs
-- ----------------------------
DROP TABLE IF EXISTS `ac_jobs`;
CREATE TABLE `ac_jobs`  (
  `job_id` int(10) UNSIGNED NOT NULL AUTO_INCREMENT,
  `account_id` int(10) UNSIGNED NULL DEFAULT NULL,
  `company_id` int(10) UNSIGNED NULL DEFAULT NULL,
  `department_id` int(10) UNSIGNED NULL DEFAULT NULL,
  `title` varchar(100) CHARACTER SET utf8 COLLATE utf8_general_ci NOT NULL,
  `description` text CHARACTER SET utf8 COLLATE utf8_general_ci NULL,
  `status` tinyint(4) NOT NULL,
  `is_static_allowed` tinyint(4) NOT NULL DEFAULT 0,
  `created_at` datetime(0) NULL DEFAULT NULL,
  `updated_at` datetime(0) NULL DEFAULT NULL,
  PRIMARY KEY (`job_id`) USING BTREE
) ENGINE = InnoDB AUTO_INCREMENT = 14 CHARACTER SET = utf8 COLLATE = utf8_general_ci ROW_FORMAT = DYNAMIC;

-- ----------------------------
-- Records of ac_jobs
-- ----------------------------
INSERT INTO `ac_jobs` VALUES (1, NULL, 1, 4, 'Marketing Executive', '<h2>What is Lorem Ipsum?</h2>\r\n<p>Lorem Ipsum is simply dummy text of the printing and typesetting industry. Lorem Ipsum has been the industry\'s standard dummy text ever since the 1500s, when an unknown printer took a galley of type and scrambled it to make a type specimen book. It has survived not only five centuries, but also the leap into electronic typesetting, remaining essentially unchanged. It was popularised in the 1960s with the release of Letraset sheets containing Lorem Ipsum passages, and more recently with desktop publishing software like Aldus PageMaker including versions of Lorem Ipsum.</p\r\n\r\n<h2>Why do we use it?</h2>\r\n<p>It is a long established fact that a reader will be distracted by the readable content of a page when looking at its layout. The point of using Lorem Ipsum is that it has a more-or-less normal distribution of letters, as opposed to using \'Content here, content here\', making it look like readable English. Many desktop publishing packages and web page editors now use Lorem Ipsum as their default model text, and a search for \'lorem ipsum\' will uncover many web sites still in their infancy. Various versions have evolved over the years, sometimes by accident, sometimes on purpose (injected humour and the like).</p>\r\n\r\n<h2>Where does it come from?</h2>\r\n<p>Contrary to popular belief, Lorem Ipsum is not simply random text. It has roots in a piece of classical Latin literature from 45 BC, making it over 2000 years old. Richard McClintock, a Latin professor at Hampden-Sydney College in Virginia, looked up one of the more obscure Latin words, consectetur, from a Lorem Ipsum passage, and going through the cites of the word in classical literature, discovered the undoubtable source. Lorem Ipsum comes from sections 1.10.32 and 1.10.33 of \"de Finibus Bonorum et Malorum\" (The Extremes of Good and Evil) by Cicero, written in 45 BC. This book is a treatise on the theory of ethics, very popular during the Renaissance. The first line of Lorem Ipsum, \"Lorem ipsum dolor sit amet..\", comes from a line in section 1.10.32.</p>\r\n\r\n<p>The standard chunk of Lorem Ipsum used since the 1500s is reproduced below for those interested. Sections 1.10.32 and 1.10.33 from \"de Finibus Bonorum et Malorum\" by Cicero are also reproduced in their exact original form, accompanied by English versions from the 1914 translation by H. Rackham.</p>\r\n\r\n<h2>Where can I get some?</h2>\r\n<p>There are many variations of passages of Lorem Ipsum available, but the majority have suffered alteration in some form, by injected humour, or randomised words which don\'t look even slightly believable. If you are going to use a passage of Lorem Ipsum, you need to be sure there isn\'t anything embarrassing hidden in the middle of text. All the Lorem Ipsum generators on the Internet tend to repeat predefined chunks as necessary, making this the first true generator on the Internet. It uses a dictionary of over 200 Latin words, combined with a handful of model sentence structures, to generate Lorem Ipsum which looks reasonable. The generated Lorem Ipsum is therefore always free from repetition, injected humour, or non-characteristic words etc.</p>', 1, 0, '2020-12-24 02:38:33', '2020-12-24 02:38:33');
INSERT INTO `ac_jobs` VALUES (2, NULL, 1, 2, 'Accounts Manager', '<h2>What is Lorem Ipsum?</h2>\r\n<p>Lorem Ipsum is simply dummy text of the printing and typesetting industry. Lorem Ipsum has been the industry\'s standard dummy text ever since the 1500s, when an unknown printer took a galley of type and scrambled it to make a type specimen book. It has survived not only five centuries, but also the leap into electronic typesetting, remaining essentially unchanged. It was popularised in the 1960s with the release of Letraset sheets containing Lorem Ipsum passages, and more recently with desktop publishing software like Aldus PageMaker including versions of Lorem Ipsum.</p\r\n\r\n<h2>Why do we use it?</h2>\r\n<p>It is a long established fact that a reader will be distracted by the readable content of a page when looking at its layout. The point of using Lorem Ipsum is that it has a more-or-less normal distribution of letters, as opposed to using \'Content here, content here\', making it look like readable English. Many desktop publishing packages and web page editors now use Lorem Ipsum as their default model text, and a search for \'lorem ipsum\' will uncover many web sites still in their infancy. Various versions have evolved over the years, sometimes by accident, sometimes on purpose (injected humour and the like).</p>\r\n\r\n<h2>Where does it come from?</h2>\r\n<p>Contrary to popular belief, Lorem Ipsum is not simply random text. It has roots in a piece of classical Latin literature from 45 BC, making it over 2000 years old. Richard McClintock, a Latin professor at Hampden-Sydney College in Virginia, looked up one of the more obscure Latin words, consectetur, from a Lorem Ipsum passage, and going through the cites of the word in classical literature, discovered the undoubtable source. Lorem Ipsum comes from sections 1.10.32 and 1.10.33 of \"de Finibus Bonorum et Malorum\" (The Extremes of Good and Evil) by Cicero, written in 45 BC. This book is a treatise on the theory of ethics, very popular during the Renaissance. The first line of Lorem Ipsum, \"Lorem ipsum dolor sit amet..\", comes from a line in section 1.10.32.</p>\r\n\r\n<p>The standard chunk of Lorem Ipsum used since the 1500s is reproduced below for those interested. Sections 1.10.32 and 1.10.33 from \"de Finibus Bonorum et Malorum\" by Cicero are also reproduced in their exact original form, accompanied by English versions from the 1914 translation by H. Rackham.</p>\r\n\r\n<h2>Where can I get some?</h2>\r\n<p>There are many variations of passages of Lorem Ipsum available, but the majority have suffered alteration in some form, by injected humour, or randomised words which don\'t look even slightly believable. If you are going to use a passage of Lorem Ipsum, you need to be sure there isn\'t anything embarrassing hidden in the middle of text. All the Lorem Ipsum generators on the Internet tend to repeat predefined chunks as necessary, making this the first true generator on the Internet. It uses a dictionary of over 200 Latin words, combined with a handful of model sentence structures, to generate Lorem Ipsum which looks reasonable. The generated Lorem Ipsum is therefore always free from repetition, injected humour, or non-characteristic words etc.</p>', 1, 0, '2020-12-24 02:38:33', '2020-12-24 02:38:33');
INSERT INTO `ac_jobs` VALUES (3, NULL, 1, 6, 'Computer System Analyst', '<h2>What is Lorem Ipsum?</h2>\r\n<p>Lorem Ipsum is simply dummy text of the printing and typesetting industry. Lorem Ipsum has been the industry\'s standard dummy text ever since the 1500s, when an unknown printer took a galley of type and scrambled it to make a type specimen book. It has survived not only five centuries, but also the leap into electronic typesetting, remaining essentially unchanged. It was popularised in the 1960s with the release of Letraset sheets containing Lorem Ipsum passages, and more recently with desktop publishing software like Aldus PageMaker including versions of Lorem Ipsum.</p\r\n\r\n<h2>Why do we use it?</h2>\r\n<p>It is a long established fact that a reader will be distracted by the readable content of a page when looking at its layout. The point of using Lorem Ipsum is that it has a more-or-less normal distribution of letters, as opposed to using \'Content here, content here\', making it look like readable English. Many desktop publishing packages and web page editors now use Lorem Ipsum as their default model text, and a search for \'lorem ipsum\' will uncover many web sites still in their infancy. Various versions have evolved over the years, sometimes by accident, sometimes on purpose (injected humour and the like).</p>\r\n\r\n<h2>Where does it come from?</h2>\r\n<p>Contrary to popular belief, Lorem Ipsum is not simply random text. It has roots in a piece of classical Latin literature from 45 BC, making it over 2000 years old. Richard McClintock, a Latin professor at Hampden-Sydney College in Virginia, looked up one of the more obscure Latin words, consectetur, from a Lorem Ipsum passage, and going through the cites of the word in classical literature, discovered the undoubtable source. Lorem Ipsum comes from sections 1.10.32 and 1.10.33 of \"de Finibus Bonorum et Malorum\" (The Extremes of Good and Evil) by Cicero, written in 45 BC. This book is a treatise on the theory of ethics, very popular during the Renaissance. The first line of Lorem Ipsum, \"Lorem ipsum dolor sit amet..\", comes from a line in section 1.10.32.</p>\r\n\r\n<p>The standard chunk of Lorem Ipsum used since the 1500s is reproduced below for those interested. Sections 1.10.32 and 1.10.33 from \"de Finibus Bonorum et Malorum\" by Cicero are also reproduced in their exact original form, accompanied by English versions from the 1914 translation by H. Rackham.</p>\r\n\r\n<h2>Where can I get some?</h2>\r\n<p>There are many variations of passages of Lorem Ipsum available, but the majority have suffered alteration in some form, by injected humour, or randomised words which don\'t look even slightly believable. If you are going to use a passage of Lorem Ipsum, you need to be sure there isn\'t anything embarrassing hidden in the middle of text. All the Lorem Ipsum generators on the Internet tend to repeat predefined chunks as necessary, making this the first true generator on the Internet. It uses a dictionary of over 200 Latin words, combined with a handful of model sentence structures, to generate Lorem Ipsum which looks reasonable. The generated Lorem Ipsum is therefore always free from repetition, injected humour, or non-characteristic words etc.</p>', 1, 0, '2020-12-24 02:38:33', '2020-12-24 02:38:33');
INSERT INTO `ac_jobs` VALUES (4, NULL, 1, 6, 'Network Administrator', '<h2>What is Lorem Ipsum?</h2>\r\n<p>Lorem Ipsum is simply dummy text of the printing and typesetting industry. Lorem Ipsum has been the industry\'s standard dummy text ever since the 1500s, when an unknown printer took a galley of type and scrambled it to make a type specimen book. It has survived not only five centuries, but also the leap into electronic typesetting, remaining essentially unchanged. It was popularised in the 1960s with the release of Letraset sheets containing Lorem Ipsum passages, and more recently with desktop publishing software like Aldus PageMaker including versions of Lorem Ipsum.</p\r\n\r\n<h2>Why do we use it?</h2>\r\n<p>It is a long established fact that a reader will be distracted by the readable content of a page when looking at its layout. The point of using Lorem Ipsum is that it has a more-or-less normal distribution of letters, as opposed to using \'Content here, content here\', making it look like readable English. Many desktop publishing packages and web page editors now use Lorem Ipsum as their default model text, and a search for \'lorem ipsum\' will uncover many web sites still in their infancy. Various versions have evolved over the years, sometimes by accident, sometimes on purpose (injected humour and the like).</p>\r\n\r\n<h2>Where does it come from?</h2>\r\n<p>Contrary to popular belief, Lorem Ipsum is not simply random text. It has roots in a piece of classical Latin literature from 45 BC, making it over 2000 years old. Richard McClintock, a Latin professor at Hampden-Sydney College in Virginia, looked up one of the more obscure Latin words, consectetur, from a Lorem Ipsum passage, and going through the cites of the word in classical literature, discovered the undoubtable source. Lorem Ipsum comes from sections 1.10.32 and 1.10.33 of \"de Finibus Bonorum et Malorum\" (The Extremes of Good and Evil) by Cicero, written in 45 BC. This book is a treatise on the theory of ethics, very popular during the Renaissance. The first line of Lorem Ipsum, \"Lorem ipsum dolor sit amet..\", comes from a line in section 1.10.32.</p>\r\n\r\n<p>The standard chunk of Lorem Ipsum used since the 1500s is reproduced below for those interested. Sections 1.10.32 and 1.10.33 from \"de Finibus Bonorum et Malorum\" by Cicero are also reproduced in their exact original form, accompanied by English versions from the 1914 translation by H. Rackham.</p>\r\n\r\n<h2>Where can I get some?</h2>\r\n<p>There are many variations of passages of Lorem Ipsum available, but the majority have suffered alteration in some form, by injected humour, or randomised words which don\'t look even slightly believable. If you are going to use a passage of Lorem Ipsum, you need to be sure there isn\'t anything embarrassing hidden in the middle of text. All the Lorem Ipsum generators on the Internet tend to repeat predefined chunks as necessary, making this the first true generator on the Internet. It uses a dictionary of over 200 Latin words, combined with a handful of model sentence structures, to generate Lorem Ipsum which looks reasonable. The generated Lorem Ipsum is therefore always free from repetition, injected humour, or non-characteristic words etc.</p>', 1, 0, '2020-12-24 02:38:33', '2020-12-24 02:38:33');
INSERT INTO `ac_jobs` VALUES (5, NULL, 2, 3, 'Project Manager', '<h2>What is Lorem Ipsum?</h2>\r\n<p>Lorem Ipsum is simply dummy text of the printing and typesetting industry. Lorem Ipsum has been the industry\'s standard dummy text ever since the 1500s, when an unknown printer took a galley of type and scrambled it to make a type specimen book. It has survived not only five centuries, but also the leap into electronic typesetting, remaining essentially unchanged. It was popularised in the 1960s with the release of Letraset sheets containing Lorem Ipsum passages, and more recently with desktop publishing software like Aldus PageMaker including versions of Lorem Ipsum.</p\r\n\r\n<h2>Why do we use it?</h2>\r\n<p>It is a long established fact that a reader will be distracted by the readable content of a page when looking at its layout. The point of using Lorem Ipsum is that it has a more-or-less normal distribution of letters, as opposed to using \'Content here, content here\', making it look like readable English. Many desktop publishing packages and web page editors now use Lorem Ipsum as their default model text, and a search for \'lorem ipsum\' will uncover many web sites still in their infancy. Various versions have evolved over the years, sometimes by accident, sometimes on purpose (injected humour and the like).</p>\r\n\r\n<h2>Where does it come from?</h2>\r\n<p>Contrary to popular belief, Lorem Ipsum is not simply random text. It has roots in a piece of classical Latin literature from 45 BC, making it over 2000 years old. Richard McClintock, a Latin professor at Hampden-Sydney College in Virginia, looked up one of the more obscure Latin words, consectetur, from a Lorem Ipsum passage, and going through the cites of the word in classical literature, discovered the undoubtable source. Lorem Ipsum comes from sections 1.10.32 and 1.10.33 of \"de Finibus Bonorum et Malorum\" (The Extremes of Good and Evil) by Cicero, written in 45 BC. This book is a treatise on the theory of ethics, very popular during the Renaissance. The first line of Lorem Ipsum, \"Lorem ipsum dolor sit amet..\", comes from a line in section 1.10.32.</p>\r\n\r\n<p>The standard chunk of Lorem Ipsum used since the 1500s is reproduced below for those interested. Sections 1.10.32 and 1.10.33 from \"de Finibus Bonorum et Malorum\" by Cicero are also reproduced in their exact original form, accompanied by English versions from the 1914 translation by H. Rackham.</p>\r\n\r\n<h2>Where can I get some?</h2>\r\n<p>There are many variations of passages of Lorem Ipsum available, but the majority have suffered alteration in some form, by injected humour, or randomised words which don\'t look even slightly believable. If you are going to use a passage of Lorem Ipsum, you need to be sure there isn\'t anything embarrassing hidden in the middle of text. All the Lorem Ipsum generators on the Internet tend to repeat predefined chunks as necessary, making this the first true generator on the Internet. It uses a dictionary of over 200 Latin words, combined with a handful of model sentence structures, to generate Lorem Ipsum which looks reasonable. The generated Lorem Ipsum is therefore always free from repetition, injected humour, or non-characteristic words etc.</p>', 1, 0, '2020-12-24 02:38:33', '2020-12-24 02:38:33');
INSERT INTO `ac_jobs` VALUES (6, NULL, 2, 5, 'HR Business Partner', '<h2>What is Lorem Ipsum?</h2>\r\n<p>Lorem Ipsum is simply dummy text of the printing and typesetting industry. Lorem Ipsum has been the industry\'s standard dummy text ever since the 1500s, when an unknown printer took a galley of type and scrambled it to make a type specimen book. It has survived not only five centuries, but also the leap into electronic typesetting, remaining essentially unchanged. It was popularised in the 1960s with the release of Letraset sheets containing Lorem Ipsum passages, and more recently with desktop publishing software like Aldus PageMaker including versions of Lorem Ipsum.</p\r\n\r\n<h2>Why do we use it?</h2>\r\n<p>It is a long established fact that a reader will be distracted by the readable content of a page when looking at its layout. The point of using Lorem Ipsum is that it has a more-or-less normal distribution of letters, as opposed to using \'Content here, content here\', making it look like readable English. Many desktop publishing packages and web page editors now use Lorem Ipsum as their default model text, and a search for \'lorem ipsum\' will uncover many web sites still in their infancy. Various versions have evolved over the years, sometimes by accident, sometimes on purpose (injected humour and the like).</p>\r\n\r\n<h2>Where does it come from?</h2>\r\n<p>Contrary to popular belief, Lorem Ipsum is not simply random text. It has roots in a piece of classical Latin literature from 45 BC, making it over 2000 years old. Richard McClintock, a Latin professor at Hampden-Sydney College in Virginia, looked up one of the more obscure Latin words, consectetur, from a Lorem Ipsum passage, and going through the cites of the word in classical literature, discovered the undoubtable source. Lorem Ipsum comes from sections 1.10.32 and 1.10.33 of \"de Finibus Bonorum et Malorum\" (The Extremes of Good and Evil) by Cicero, written in 45 BC. This book is a treatise on the theory of ethics, very popular during the Renaissance. The first line of Lorem Ipsum, \"Lorem ipsum dolor sit amet..\", comes from a line in section 1.10.32.</p>\r\n\r\n<p>The standard chunk of Lorem Ipsum used since the 1500s is reproduced below for those interested. Sections 1.10.32 and 1.10.33 from \"de Finibus Bonorum et Malorum\" by Cicero are also reproduced in their exact original form, accompanied by English versions from the 1914 translation by H. Rackham.</p>\r\n\r\n<h2>Where can I get some?</h2>\r\n<p>There are many variations of passages of Lorem Ipsum available, but the majority have suffered alteration in some form, by injected humour, or randomised words which don\'t look even slightly believable. If you are going to use a passage of Lorem Ipsum, you need to be sure there isn\'t anything embarrassing hidden in the middle of text. All the Lorem Ipsum generators on the Internet tend to repeat predefined chunks as necessary, making this the first true generator on the Internet. It uses a dictionary of over 200 Latin words, combined with a handful of model sentence structures, to generate Lorem Ipsum which looks reasonable. The generated Lorem Ipsum is therefore always free from repetition, injected humour, or non-characteristic words etc.</p>', 1, 0, '2020-12-24 02:38:33', '2020-12-24 02:38:33');
INSERT INTO `ac_jobs` VALUES (7, NULL, 2, 3, 'Quality Supervisor', '<h2>What is Lorem Ipsum?</h2>\r\n<p>Lorem Ipsum is simply dummy text of the printing and typesetting industry. Lorem Ipsum has been the industry\'s standard dummy text ever since the 1500s, when an unknown printer took a galley of type and scrambled it to make a type specimen book. It has survived not only five centuries, but also the leap into electronic typesetting, remaining essentially unchanged. It was popularised in the 1960s with the release of Letraset sheets containing Lorem Ipsum passages, and more recently with desktop publishing software like Aldus PageMaker including versions of Lorem Ipsum.</p\r\n\r\n<h2>Why do we use it?</h2>\r\n<p>It is a long established fact that a reader will be distracted by the readable content of a page when looking at its layout. The point of using Lorem Ipsum is that it has a more-or-less normal distribution of letters, as opposed to using \'Content here, content here\', making it look like readable English. Many desktop publishing packages and web page editors now use Lorem Ipsum as their default model text, and a search for \'lorem ipsum\' will uncover many web sites still in their infancy. Various versions have evolved over the years, sometimes by accident, sometimes on purpose (injected humour and the like).</p>\r\n\r\n<h2>Where does it come from?</h2>\r\n<p>Contrary to popular belief, Lorem Ipsum is not simply random text. It has roots in a piece of classical Latin literature from 45 BC, making it over 2000 years old. Richard McClintock, a Latin professor at Hampden-Sydney College in Virginia, looked up one of the more obscure Latin words, consectetur, from a Lorem Ipsum passage, and going through the cites of the word in classical literature, discovered the undoubtable source. Lorem Ipsum comes from sections 1.10.32 and 1.10.33 of \"de Finibus Bonorum et Malorum\" (The Extremes of Good and Evil) by Cicero, written in 45 BC. This book is a treatise on the theory of ethics, very popular during the Renaissance. The first line of Lorem Ipsum, \"Lorem ipsum dolor sit amet..\", comes from a line in section 1.10.32.</p>\r\n\r\n<p>The standard chunk of Lorem Ipsum used since the 1500s is reproduced below for those interested. Sections 1.10.32 and 1.10.33 from \"de Finibus Bonorum et Malorum\" by Cicero are also reproduced in their exact original form, accompanied by English versions from the 1914 translation by H. Rackham.</p>\r\n\r\n<h2>Where can I get some?</h2>\r\n<p>There are many variations of passages of Lorem Ipsum available, but the majority have suffered alteration in some form, by injected humour, or randomised words which don\'t look even slightly believable. If you are going to use a passage of Lorem Ipsum, you need to be sure there isn\'t anything embarrassing hidden in the middle of text. All the Lorem Ipsum generators on the Internet tend to repeat predefined chunks as necessary, making this the first true generator on the Internet. It uses a dictionary of over 200 Latin words, combined with a handful of model sentence structures, to generate Lorem Ipsum which looks reasonable. The generated Lorem Ipsum is therefore always free from repetition, injected humour, or non-characteristic words etc.</p>', 1, 0, '2020-12-24 02:38:33', '2020-12-24 02:38:33');
INSERT INTO `ac_jobs` VALUES (8, NULL, 2, 6, 'Sr. Software Engineer', '<h2>What is Lorem Ipsum?</h2>\r\n<p>Lorem Ipsum is simply dummy text of the printing and typesetting industry. Lorem Ipsum has been the industry\'s standard dummy text ever since the 1500s, when an unknown printer took a galley of type and scrambled it to make a type specimen book. It has survived not only five centuries, but also the leap into electronic typesetting, remaining essentially unchanged. It was popularised in the 1960s with the release of Letraset sheets containing Lorem Ipsum passages, and more recently with desktop publishing software like Aldus PageMaker including versions of Lorem Ipsum.</p\r\n\r\n<h2>Why do we use it?</h2>\r\n<p>It is a long established fact that a reader will be distracted by the readable content of a page when looking at its layout. The point of using Lorem Ipsum is that it has a more-or-less normal distribution of letters, as opposed to using \'Content here, content here\', making it look like readable English. Many desktop publishing packages and web page editors now use Lorem Ipsum as their default model text, and a search for \'lorem ipsum\' will uncover many web sites still in their infancy. Various versions have evolved over the years, sometimes by accident, sometimes on purpose (injected humour and the like).</p>\r\n\r\n<h2>Where does it come from?</h2>\r\n<p>Contrary to popular belief, Lorem Ipsum is not simply random text. It has roots in a piece of classical Latin literature from 45 BC, making it over 2000 years old. Richard McClintock, a Latin professor at Hampden-Sydney College in Virginia, looked up one of the more obscure Latin words, consectetur, from a Lorem Ipsum passage, and going through the cites of the word in classical literature, discovered the undoubtable source. Lorem Ipsum comes from sections 1.10.32 and 1.10.33 of \"de Finibus Bonorum et Malorum\" (The Extremes of Good and Evil) by Cicero, written in 45 BC. This book is a treatise on the theory of ethics, very popular during the Renaissance. The first line of Lorem Ipsum, \"Lorem ipsum dolor sit amet..\", comes from a line in section 1.10.32.</p>\r\n\r\n<p>The standard chunk of Lorem Ipsum used since the 1500s is reproduced below for those interested. Sections 1.10.32 and 1.10.33 from \"de Finibus Bonorum et Malorum\" by Cicero are also reproduced in their exact original form, accompanied by English versions from the 1914 translation by H. Rackham.</p>\r\n\r\n<h2>Where can I get some?</h2>\r\n<p>There are many variations of passages of Lorem Ipsum available, but the majority have suffered alteration in some form, by injected humour, or randomised words which don\'t look even slightly believable. If you are going to use a passage of Lorem Ipsum, you need to be sure there isn\'t anything embarrassing hidden in the middle of text. All the Lorem Ipsum generators on the Internet tend to repeat predefined chunks as necessary, making this the first true generator on the Internet. It uses a dictionary of over 200 Latin words, combined with a handful of model sentence structures, to generate Lorem Ipsum which looks reasonable. The generated Lorem Ipsum is therefore always free from repetition, injected humour, or non-characteristic words etc.</p>', 1, 0, '2020-12-24 02:38:33', '2020-12-24 02:38:33');
INSERT INTO `ac_jobs` VALUES (9, NULL, 1, 3, 'Support Staff', '<h2>What is Lorem Ipsum?</h2>\r\n<p>Lorem Ipsum is simply dummy text of the printing and typesetting industry. Lorem Ipsum has been the industry\'s standard dummy text ever since the 1500s, when an unknown printer took a galley of type and scrambled it to make a type specimen book. It has survived not only five centuries, but also the leap into electronic typesetting, remaining essentially unchanged. It was popularised in the 1960s with the release of Letraset sheets containing Lorem Ipsum passages, and more recently with desktop publishing software like Aldus PageMaker including versions of Lorem Ipsum.</p\r\n\r\n<h2>Why do we use it?</h2>\r\n<p>It is a long established fact that a reader will be distracted by the readable content of a page when looking at its layout. The point of using Lorem Ipsum is that it has a more-or-less normal distribution of letters, as opposed to using \'Content here, content here\', making it look like readable English. Many desktop publishing packages and web page editors now use Lorem Ipsum as their default model text, and a search for \'lorem ipsum\' will uncover many web sites still in their infancy. Various versions have evolved over the years, sometimes by accident, sometimes on purpose (injected humour and the like).</p>\r\n\r\n<h2>Where does it come from?</h2>\r\n<p>Contrary to popular belief, Lorem Ipsum is not simply random text. It has roots in a piece of classical Latin literature from 45 BC, making it over 2000 years old. Richard McClintock, a Latin professor at Hampden-Sydney College in Virginia, looked up one of the more obscure Latin words, consectetur, from a Lorem Ipsum passage, and going through the cites of the word in classical literature, discovered the undoubtable source. Lorem Ipsum comes from sections 1.10.32 and 1.10.33 of \"de Finibus Bonorum et Malorum\" (The Extremes of Good and Evil) by Cicero, written in 45 BC. This book is a treatise on the theory of ethics, very popular during the Renaissance. The first line of Lorem Ipsum, \"Lorem ipsum dolor sit amet..\", comes from a line in section 1.10.32.</p>\r\n\r\n<p>The standard chunk of Lorem Ipsum used since the 1500s is reproduced below for those interested. Sections 1.10.32 and 1.10.33 from \"de Finibus Bonorum et Malorum\" by Cicero are also reproduced in their exact original form, accompanied by English versions from the 1914 translation by H. Rackham.</p>\r\n\r\n<h2>Where can I get some?</h2>\r\n<p>There are many variations of passages of Lorem Ipsum available, but the majority have suffered alteration in some form, by injected humour, or randomised words which don\'t look even slightly believable. If you are going to use a passage of Lorem Ipsum, you need to be sure there isn\'t anything embarrassing hidden in the middle of text. All the Lorem Ipsum generators on the Internet tend to repeat predefined chunks as necessary, making this the first true generator on the Internet. It uses a dictionary of over 200 Latin words, combined with a handful of model sentence structures, to generate Lorem Ipsum which looks reasonable. The generated Lorem Ipsum is therefore always free from repetition, injected humour, or non-characteristic words etc.</p>', 1, 0, '2020-12-24 02:38:33', '2020-12-24 02:38:33');
INSERT INTO `ac_jobs` VALUES (10, NULL, 2, 3, 'Warehouse Supervisor', '<h2>What is Lorem Ipsum?</h2>\r\n<p>Lorem Ipsum is simply dummy text of the printing and typesetting industry. Lorem Ipsum has been the industry\'s standard dummy text ever since the 1500s, when an unknown printer took a galley of type and scrambled it to make a type specimen book. It has survived not only five centuries, but also the leap into electronic typesetting, remaining essentially unchanged. It was popularised in the 1960s with the release of Letraset sheets containing Lorem Ipsum passages, and more recently with desktop publishing software like Aldus PageMaker including versions of Lorem Ipsum.</p\r\n\r\n<h2>Why do we use it?</h2>\r\n<p>It is a long established fact that a reader will be distracted by the readable content of a page when looking at its layout. The point of using Lorem Ipsum is that it has a more-or-less normal distribution of letters, as opposed to using \'Content here, content here\', making it look like readable English. Many desktop publishing packages and web page editors now use Lorem Ipsum as their default model text, and a search for \'lorem ipsum\' will uncover many web sites still in their infancy. Various versions have evolved over the years, sometimes by accident, sometimes on purpose (injected humour and the like).</p>\r\n\r\n<h2>Where does it come from?</h2>\r\n<p>Contrary to popular belief, Lorem Ipsum is not simply random text. It has roots in a piece of classical Latin literature from 45 BC, making it over 2000 years old. Richard McClintock, a Latin professor at Hampden-Sydney College in Virginia, looked up one of the more obscure Latin words, consectetur, from a Lorem Ipsum passage, and going through the cites of the word in classical literature, discovered the undoubtable source. Lorem Ipsum comes from sections 1.10.32 and 1.10.33 of \"de Finibus Bonorum et Malorum\" (The Extremes of Good and Evil) by Cicero, written in 45 BC. This book is a treatise on the theory of ethics, very popular during the Renaissance. The first line of Lorem Ipsum, \"Lorem ipsum dolor sit amet..\", comes from a line in section 1.10.32.</p>\r\n\r\n<p>The standard chunk of Lorem Ipsum used since the 1500s is reproduced below for those interested. Sections 1.10.32 and 1.10.33 from \"de Finibus Bonorum et Malorum\" by Cicero are also reproduced in their exact original form, accompanied by English versions from the 1914 translation by H. Rackham.</p>\r\n\r\n<h2>Where can I get some?</h2>\r\n<p>There are many variations of passages of Lorem Ipsum available, but the majority have suffered alteration in some form, by injected humour, or randomised words which don\'t look even slightly believable. If you are going to use a passage of Lorem Ipsum, you need to be sure there isn\'t anything embarrassing hidden in the middle of text. All the Lorem Ipsum generators on the Internet tend to repeat predefined chunks as necessary, making this the first true generator on the Internet. It uses a dictionary of over 200 Latin words, combined with a handful of model sentence structures, to generate Lorem Ipsum which looks reasonable. The generated Lorem Ipsum is therefore always free from repetition, injected humour, or non-characteristic words etc.</p>', 1, 0, '2020-12-24 02:38:33', '2020-12-24 02:38:33');
INSERT INTO `ac_jobs` VALUES (11, NULL, 2, 3, 'Legal Advisor', '<h2>What is Lorem Ipsum?</h2>\r\n<p>Lorem Ipsum is simply dummy text of the printing and typesetting industry. Lorem Ipsum has been the industry\'s standard dummy text ever since the 1500s, when an unknown printer took a galley of type and scrambled it to make a type specimen book. It has survived not only five centuries, but also the leap into electronic typesetting, remaining essentially unchanged. It was popularised in the 1960s with the release of Letraset sheets containing Lorem Ipsum passages, and more recently with desktop publishing software like Aldus PageMaker including versions of Lorem Ipsum.</p\r\n\r\n<h2>Why do we use it?</h2>\r\n<p>It is a long established fact that a reader will be distracted by the readable content of a page when looking at its layout. The point of using Lorem Ipsum is that it has a more-or-less normal distribution of letters, as opposed to using \'Content here, content here\', making it look like readable English. Many desktop publishing packages and web page editors now use Lorem Ipsum as their default model text, and a search for \'lorem ipsum\' will uncover many web sites still in their infancy. Various versions have evolved over the years, sometimes by accident, sometimes on purpose (injected humour and the like).</p>\r\n\r\n<h2>Where does it come from?</h2>\r\n<p>Contrary to popular belief, Lorem Ipsum is not simply random text. It has roots in a piece of classical Latin literature from 45 BC, making it over 2000 years old. Richard McClintock, a Latin professor at Hampden-Sydney College in Virginia, looked up one of the more obscure Latin words, consectetur, from a Lorem Ipsum passage, and going through the cites of the word in classical literature, discovered the undoubtable source. Lorem Ipsum comes from sections 1.10.32 and 1.10.33 of \"de Finibus Bonorum et Malorum\" (The Extremes of Good and Evil) by Cicero, written in 45 BC. This book is a treatise on the theory of ethics, very popular during the Renaissance. The first line of Lorem Ipsum, \"Lorem ipsum dolor sit amet..\", comes from a line in section 1.10.32.</p>\r\n\r\n<p>The standard chunk of Lorem Ipsum used since the 1500s is reproduced below for those interested. Sections 1.10.32 and 1.10.33 from \"de Finibus Bonorum et Malorum\" by Cicero are also reproduced in their exact original form, accompanied by English versions from the 1914 translation by H. Rackham.</p>\r\n\r\n<h2>Where can I get some?</h2>\r\n<p>There are many variations of passages of Lorem Ipsum available, but the majority have suffered alteration in some form, by injected humour, or randomised words which don\'t look even slightly believable. If you are going to use a passage of Lorem Ipsum, you need to be sure there isn\'t anything embarrassing hidden in the middle of text. All the Lorem Ipsum generators on the Internet tend to repeat predefined chunks as necessary, making this the first true generator on the Internet. It uses a dictionary of over 200 Latin words, combined with a handful of model sentence structures, to generate Lorem Ipsum which looks reasonable. The generated Lorem Ipsum is therefore always free from repetition, injected humour, or non-characteristic words etc.</p>', 1, 0, '2020-12-24 02:38:33', '2020-12-24 02:38:33');
INSERT INTO `ac_jobs` VALUES (12, NULL, 2, 3, 'CTO', '<h2>What is Lorem Ipsum?</h2>\r\n<p>Lorem Ipsum is simply dummy text of the printing and typesetting industry. Lorem Ipsum has been the industry\'s standard dummy text ever since the 1500s, when an unknown printer took a galley of type and scrambled it to make a type specimen book. It has survived not only five centuries, but also the leap into electronic typesetting, remaining essentially unchanged. It was popularised in the 1960s with the release of Letraset sheets containing Lorem Ipsum passages, and more recently with desktop publishing software like Aldus PageMaker including versions of Lorem Ipsum.</p\r\n\r\n<h2>Why do we use it?</h2>\r\n<p>It is a long established fact that a reader will be distracted by the readable content of a page when looking at its layout. The point of using Lorem Ipsum is that it has a more-or-less normal distribution of letters, as opposed to using \'Content here, content here\', making it look like readable English. Many desktop publishing packages and web page editors now use Lorem Ipsum as their default model text, and a search for \'lorem ipsum\' will uncover many web sites still in their infancy. Various versions have evolved over the years, sometimes by accident, sometimes on purpose (injected humour and the like).</p>\r\n\r\n<h2>Where does it come from?</h2>\r\n<p>Contrary to popular belief, Lorem Ipsum is not simply random text. It has roots in a piece of classical Latin literature from 45 BC, making it over 2000 years old. Richard McClintock, a Latin professor at Hampden-Sydney College in Virginia, looked up one of the more obscure Latin words, consectetur, from a Lorem Ipsum passage, and going through the cites of the word in classical literature, discovered the undoubtable source. Lorem Ipsum comes from sections 1.10.32 and 1.10.33 of \"de Finibus Bonorum et Malorum\" (The Extremes of Good and Evil) by Cicero, written in 45 BC. This book is a treatise on the theory of ethics, very popular during the Renaissance. The first line of Lorem Ipsum, \"Lorem ipsum dolor sit amet..\", comes from a line in section 1.10.32.</p>\r\n\r\n<p>The standard chunk of Lorem Ipsum used since the 1500s is reproduced below for those interested. Sections 1.10.32 and 1.10.33 from \"de Finibus Bonorum et Malorum\" by Cicero are also reproduced in their exact original form, accompanied by English versions from the 1914 translation by H. Rackham.</p>\r\n\r\n<h2>Where can I get some?</h2>\r\n<p>There are many variations of passages of Lorem Ipsum available, but the majority have suffered alteration in some form, by injected humour, or randomised words which don\'t look even slightly believable. If you are going to use a passage of Lorem Ipsum, you need to be sure there isn\'t anything embarrassing hidden in the middle of text. All the Lorem Ipsum generators on the Internet tend to repeat predefined chunks as necessary, making this the first true generator on the Internet. It uses a dictionary of over 200 Latin words, combined with a handful of model sentence structures, to generate Lorem Ipsum which looks reasonable. The generated Lorem Ipsum is therefore always free from repetition, injected humour, or non-characteristic words etc.</p>', 1, 0, '2020-12-24 02:38:33', '2020-12-24 02:38:33');

-- ----------------------------
-- Table structure for ac_languages
-- ----------------------------
DROP TABLE IF EXISTS `ac_languages`;
CREATE TABLE `ac_languages`  (
  `language_id` int(10) UNSIGNED NOT NULL AUTO_INCREMENT,
  `account_id` int(10) UNSIGNED NULL DEFAULT NULL,
  `title` varchar(100) CHARACTER SET utf8 COLLATE utf8_general_ci NOT NULL,
  `slug` varchar(100) CHARACTER SET utf8 COLLATE utf8_general_ci NOT NULL,
  `status` tinyint(4) NOT NULL,
  `is_selected` tinyint(4) NOT NULL,
  `is_default` tinyint(4) NOT NULL DEFAULT 0,
  `created_at` datetime(0) NULL DEFAULT NULL,
  `updated_at` datetime(0) NULL DEFAULT NULL,
  PRIMARY KEY (`language_id`) USING BTREE
) ENGINE = InnoDB AUTO_INCREMENT = 11 CHARACTER SET = utf8 COLLATE = utf8_general_ci ROW_FORMAT = DYNAMIC;

-- ----------------------------
-- Records of ac_languages
-- ----------------------------
INSERT INTO `ac_languages` VALUES (1, NULL, 'English', 'english', 1, 0, 1, '2020-12-24 02:38:33', '2020-12-24 02:38:33');
INSERT INTO `ac_languages` VALUES (2, NULL, 'Chinese', 'chinese', 1, 0, 0, '2020-12-24 02:38:33', '2020-12-24 02:38:33');
INSERT INTO `ac_languages` VALUES (3, NULL, 'Danish', 'danish', 1, 0, 0, '2020-12-24 02:38:33', '2020-12-24 02:38:33');
INSERT INTO `ac_languages` VALUES (4, NULL, 'Dutch', 'dutch', 1, 0, 0, '2020-12-24 02:38:33', '2020-12-24 02:38:33');
INSERT INTO `ac_languages` VALUES (5, NULL, 'French', 'french', 1, 0, 0, '2020-12-24 02:38:33', '2020-12-24 02:38:33');
INSERT INTO `ac_languages` VALUES (6, NULL, 'German', 'german', 1, 0, 0, '2020-12-24 02:38:33', '2020-12-24 02:38:33');
INSERT INTO `ac_languages` VALUES (7, NULL, 'Italian', 'italian', 1, 0, 0, '2020-12-24 02:38:33', '2020-12-24 02:38:33');
INSERT INTO `ac_languages` VALUES (8, NULL, 'Polish', 'polish', 1, 0, 0, '2020-12-24 02:38:33', '2020-12-24 02:38:33');
INSERT INTO `ac_languages` VALUES (9, NULL, 'Russian', 'russian', 1, 0, 0, '2020-12-24 02:38:33', '2020-12-24 02:38:33');
INSERT INTO `ac_languages` VALUES (10, NULL, 'Spanish', 'spanish', 1, 1, 0, '2020-12-24 02:38:33', '2020-12-24 02:38:33');

-- ----------------------------
-- Table structure for ac_permissions
-- ----------------------------
DROP TABLE IF EXISTS `ac_permissions`;
CREATE TABLE `ac_permissions`  (
  `permission_id` int(10) UNSIGNED NOT NULL AUTO_INCREMENT,
  `category` varchar(100) CHARACTER SET utf8 COLLATE utf8_general_ci NOT NULL,
  `title` varchar(100) CHARACTER SET utf8 COLLATE utf8_general_ci NOT NULL,
  `slug` varchar(100) CHARACTER SET utf8 COLLATE utf8_general_ci NOT NULL,
  PRIMARY KEY (`permission_id`) USING BTREE
) ENGINE = InnoDB AUTO_INCREMENT = 87 CHARACTER SET = utf8 COLLATE = utf8_general_ci ROW_FORMAT = DYNAMIC;

-- ----------------------------
-- Records of ac_permissions
-- ----------------------------
INSERT INTO `ac_permissions` VALUES (1, 'Dashboard', 'View Dashboard Stats', 'view_dashboard_stats');
INSERT INTO `ac_permissions` VALUES (2, 'Dashboard', 'View Job chart', 'view_job_chart');
INSERT INTO `ac_permissions` VALUES (3, 'Dashboard', 'View Candidate chart', 'view_candidate_chart');
INSERT INTO `ac_permissions` VALUES (4, 'Dashboard', 'View Jobs Status', 'view_jobs_status');
INSERT INTO `ac_permissions` VALUES (5, 'Dashboard', 'To Do List', 'to_do_list');
INSERT INTO `ac_permissions` VALUES (6, 'Job Board', 'View Job Board', 'view_job_board');
INSERT INTO `ac_permissions` VALUES (7, 'Job Board', 'Actions Job Board', 'actions_job_board');
INSERT INTO `ac_permissions` VALUES (8, 'Interviews', 'View & Conduct Interviews', 'view_conduct_interviews');
INSERT INTO `ac_permissions` VALUES (9, 'Jobs', 'View Jobs', 'view_jobs');
INSERT INTO `ac_permissions` VALUES (10, 'Jobs', 'Create Jobs', 'create_jobs');
INSERT INTO `ac_permissions` VALUES (11, 'Jobs', 'Edit Jobs', 'edit_jobs');
INSERT INTO `ac_permissions` VALUES (12, 'Jobs', 'Delete Jobs', 'delete_jobs');
INSERT INTO `ac_permissions` VALUES (13, 'Companies', 'View Companies', 'view_companies');
INSERT INTO `ac_permissions` VALUES (14, 'Companies', 'Create Companies', 'create_companies');
INSERT INTO `ac_permissions` VALUES (15, 'Companies', 'Edit Companies', 'edit_companies');
INSERT INTO `ac_permissions` VALUES (16, 'Companies', 'Delete Companies', 'delete_companies');
INSERT INTO `ac_permissions` VALUES (17, 'Departments', 'View Departments', 'view_departments');
INSERT INTO `ac_permissions` VALUES (18, 'Departments', 'Create Departments', 'create_departments');
INSERT INTO `ac_permissions` VALUES (19, 'Departments', 'Edit Departments', 'edit_departments');
INSERT INTO `ac_permissions` VALUES (20, 'Departments', 'Delete Departments', 'delete_departments');
INSERT INTO `ac_permissions` VALUES (21, 'Quizes', 'View Questions', 'view_quiz_questions');
INSERT INTO `ac_permissions` VALUES (22, 'Quizes', 'Add Questions', 'add_quiz_questions');
INSERT INTO `ac_permissions` VALUES (23, 'Quizes', 'Edit Questions', 'edit_quiz_questions');
INSERT INTO `ac_permissions` VALUES (24, 'Quizes', 'Delete Questions', 'delete_quiz_questions');
INSERT INTO `ac_permissions` VALUES (25, 'Quizes', 'View Quizes', 'view_quizes');
INSERT INTO `ac_permissions` VALUES (26, 'Quizes', 'Add Quizes', 'add_quizes');
INSERT INTO `ac_permissions` VALUES (27, 'Quizes', 'Edit Quizes', 'edit_quizes');
INSERT INTO `ac_permissions` VALUES (28, 'Quizes', 'Delete Quizes', 'delete_quizes');
INSERT INTO `ac_permissions` VALUES (29, 'Quizes', 'Clone Quizes', 'clone_quizes');
INSERT INTO `ac_permissions` VALUES (30, 'Quizes', 'Download Quizes', 'download_quizes');
INSERT INTO `ac_permissions` VALUES (31, 'Interviews', 'View Questions', 'view_interview_questions');
INSERT INTO `ac_permissions` VALUES (32, 'Interviews', 'Add Questions', 'add_interview_questions');
INSERT INTO `ac_permissions` VALUES (33, 'Interviews', 'Edit Questions', 'edit_interview_questions');
INSERT INTO `ac_permissions` VALUES (34, 'Interviews', 'Delete Questions', 'delete_interview_questions');
INSERT INTO `ac_permissions` VALUES (35, 'Interviews', 'View Interviews', 'view_interviews');
INSERT INTO `ac_permissions` VALUES (36, 'Interviews', 'Add Interviews', 'add_interviews');
INSERT INTO `ac_permissions` VALUES (37, 'Interviews', 'Edit Interviews', 'edit_interviews');
INSERT INTO `ac_permissions` VALUES (38, 'Interviews', 'Delete Interviews', 'delete_interviews');
INSERT INTO `ac_permissions` VALUES (39, 'Interviews', 'Clone Interviews', 'clone_interviews');
INSERT INTO `ac_permissions` VALUES (40, 'Interviews', 'Download Interviews', 'download_interviews');
INSERT INTO `ac_permissions` VALUES (41, 'Interviews', 'All Candidate Interviews', 'all_candidate_interviews');
INSERT INTO `ac_permissions` VALUES (42, 'Traits', 'View Traits', 'view_traits');
INSERT INTO `ac_permissions` VALUES (43, 'Traits', 'Create Traits', 'create_traits');
INSERT INTO `ac_permissions` VALUES (44, 'Traits', 'Edit Traits', 'edit_traits');
INSERT INTO `ac_permissions` VALUES (45, 'Traits', 'Delete Traits', 'delete_traits');
INSERT INTO `ac_permissions` VALUES (46, 'Question Categories', 'View Question Categories', 'view_question_categories');
INSERT INTO `ac_permissions` VALUES (47, 'Question Categories', 'Create Question Categories', 'create_question_categories');
INSERT INTO `ac_permissions` VALUES (48, 'Question Categories', 'Edit Question Categories', 'edit_question_categories');
INSERT INTO `ac_permissions` VALUES (49, 'Question Categories', 'Delete Question Categories', 'delete_question_categories');
INSERT INTO `ac_permissions` VALUES (50, 'Quiz Categories', 'View Quiz Categories', 'view_quiz_categories');
INSERT INTO `ac_permissions` VALUES (51, 'Quiz Categories', 'Create Quiz Categories', 'create_quiz_categories');
INSERT INTO `ac_permissions` VALUES (52, 'Quiz Categories', 'Edit Quiz Categories', 'edit_quiz_categories');
INSERT INTO `ac_permissions` VALUES (53, 'Quiz Categories', 'Delete Quiz Categories', 'delete_quiz_categories');
INSERT INTO `ac_permissions` VALUES (54, 'Interview Categories', 'View Interview Categories', 'view_interview_categories');
INSERT INTO `ac_permissions` VALUES (55, 'Interview Categories', 'Create Interview Categories', 'create_interview_categories');
INSERT INTO `ac_permissions` VALUES (56, 'Interview Categories', 'Edit Interview Categories', 'edit_interview_categories');
INSERT INTO `ac_permissions` VALUES (57, 'Interview Categories', 'Delete Interview Categories', 'delete_interview_categories');
INSERT INTO `ac_permissions` VALUES (58, 'Questions', 'View Questions', 'view_questions');
INSERT INTO `ac_permissions` VALUES (59, 'Questions', 'Create Questions', 'create_questions');
INSERT INTO `ac_permissions` VALUES (60, 'Questions', 'Edit Questions', 'edit_questions');
INSERT INTO `ac_permissions` VALUES (61, 'Questions', 'Delete Questions', 'delete_questions');
INSERT INTO `ac_permissions` VALUES (62, 'Team', 'View Team Listing', 'view_team_listing');
INSERT INTO `ac_permissions` VALUES (63, 'Team', 'Add Team Member', 'add_team_member');
INSERT INTO `ac_permissions` VALUES (64, 'Team', 'Edit Team Member', 'edit_team_member');
INSERT INTO `ac_permissions` VALUES (65, 'Team', 'Delete Team Member', 'delete_team_member');
INSERT INTO `ac_permissions` VALUES (66, 'Team', 'View Roles', 'view_roles');
INSERT INTO `ac_permissions` VALUES (67, 'Team', 'Add Role', 'add_role');
INSERT INTO `ac_permissions` VALUES (68, 'Team', 'Edit Role', 'edit_role');
INSERT INTO `ac_permissions` VALUES (69, 'Team', 'Delete Role', 'delete_role');
INSERT INTO `ac_permissions` VALUES (70, 'Candidates', 'View Candidate Listing', 'view_candidate_listing');
INSERT INTO `ac_permissions` VALUES (71, 'Candidates', 'Delete Candidate', 'delete_candidate');
INSERT INTO `ac_permissions` VALUES (72, 'Blog', 'View Blog Listing', 'view_blog_listing');
INSERT INTO `ac_permissions` VALUES (73, 'Blog', 'Add Blog', 'add_blog');
INSERT INTO `ac_permissions` VALUES (74, 'Blog', 'Edit Blog', 'edit_blog');
INSERT INTO `ac_permissions` VALUES (75, 'Blog', 'Delete Blog', 'delete_blog');
INSERT INTO `ac_permissions` VALUES (76, 'Blog', 'View Blog Categories', 'view_blog_categories');
INSERT INTO `ac_permissions` VALUES (77, 'Blog', 'Add Blog Categories', 'add_blog_categories');
INSERT INTO `ac_permissions` VALUES (78, 'Blog', 'Edit Blog Categories', 'edit_blog_categories');
INSERT INTO `ac_permissions` VALUES (79, 'Blog', 'Delete Blog Categories', 'delete_blog_categories');
INSERT INTO `ac_permissions` VALUES (80, 'Settings', 'General', 'general_settings');
INSERT INTO `ac_permissions` VALUES (81, 'Settings', 'Home Page', 'home_page_settings');
INSERT INTO `ac_permissions` VALUES (82, 'Settings', 'Footer', 'footer_settings');
INSERT INTO `ac_permissions` VALUES (83, 'Settings', 'Apis', 'apis_settings');
INSERT INTO `ac_permissions` VALUES (84, 'Settings', 'Css', 'css_settings');
INSERT INTO `ac_permissions` VALUES (85, 'Settings', 'Languages', 'languages_settings');
INSERT INTO `ac_permissions` VALUES (86, 'Settings', 'Update App', 'update_application');

-- ----------------------------
-- Table structure for ac_question_answers
-- ----------------------------
DROP TABLE IF EXISTS `ac_question_answers`;
CREATE TABLE `ac_question_answers`  (
  `question_answer_id` int(10) UNSIGNED NOT NULL AUTO_INCREMENT,
  `question_id` int(10) UNSIGNED NOT NULL,
  `title` varchar(100) CHARACTER SET utf8 COLLATE utf8_general_ci NOT NULL,
  `is_correct` tinyint(4) NOT NULL,
  PRIMARY KEY (`question_answer_id`) USING BTREE
) ENGINE = InnoDB AUTO_INCREMENT = 209 CHARACTER SET = utf8 COLLATE = utf8_general_ci ROW_FORMAT = DYNAMIC;

-- ----------------------------
-- Records of ac_question_answers
-- ----------------------------
INSERT INTO `ac_question_answers` VALUES (1, 1, 'Two', 0);
INSERT INTO `ac_question_answers` VALUES (2, 1, 'Four', 0);
INSERT INTO `ac_question_answers` VALUES (3, 1, 'Three', 1);
INSERT INTO `ac_question_answers` VALUES (4, 1, 'Eight', 0);
INSERT INTO `ac_question_answers` VALUES (5, 2, 'ALU', 0);
INSERT INTO `ac_question_answers` VALUES (6, 2, 'Auxiliary Storage', 1);
INSERT INTO `ac_question_answers` VALUES (7, 2, 'CPU', 0);
INSERT INTO `ac_question_answers` VALUES (8, 2, 'None of the above', 0);
INSERT INTO `ac_question_answers` VALUES (9, 3, 'Memory', 0);
INSERT INTO `ac_question_answers` VALUES (10, 3, 'Accumulator (ACU)', 0);
INSERT INTO `ac_question_answers` VALUES (11, 3, 'Control Unit', 1);
INSERT INTO `ac_question_answers` VALUES (12, 3, 'Memory Address Register (MAR)', 0);
INSERT INTO `ac_question_answers` VALUES (13, 4, 'Intel', 1);
INSERT INTO `ac_question_answers` VALUES (14, 4, 'Cache Memory', 0);
INSERT INTO `ac_question_answers` VALUES (15, 4, 'AMD', 0);
INSERT INTO `ac_question_answers` VALUES (16, 5, 'Compact computers', 0);
INSERT INTO `ac_question_answers` VALUES (17, 5, 'Digital computers', 1);
INSERT INTO `ac_question_answers` VALUES (18, 5, 'Hybrid computers', 0);
INSERT INTO `ac_question_answers` VALUES (19, 5, 'Analog computers', 0);
INSERT INTO `ac_question_answers` VALUES (20, 6, 'CPU', 0);
INSERT INTO `ac_question_answers` VALUES (21, 6, 'RAM', 0);
INSERT INTO `ac_question_answers` VALUES (22, 6, 'Chipset', 1);
INSERT INTO `ac_question_answers` VALUES (23, 6, 'Buses', 0);
INSERT INTO `ac_question_answers` VALUES (24, 7, 'Stand Alone Software', 1);
INSERT INTO `ac_question_answers` VALUES (25, 7, 'Embedded Software', 0);
INSERT INTO `ac_question_answers` VALUES (26, 7, 'Real Time Software', 0);
INSERT INTO `ac_question_answers` VALUES (27, 7, 'Network Software', 0);
INSERT INTO `ac_question_answers` VALUES (28, 8, 'FORTRAN', 1);
INSERT INTO `ac_question_answers` VALUES (29, 8, 'COBOL', 0);
INSERT INTO `ac_question_answers` VALUES (30, 8, 'Basic', 0);
INSERT INTO `ac_question_answers` VALUES (31, 8, 'None of the above', 0);
INSERT INTO `ac_question_answers` VALUES (32, 9, 'Spreadsheet', 0);
INSERT INTO `ac_question_answers` VALUES (33, 9, 'Word Processing', 0);
INSERT INTO `ac_question_answers` VALUES (34, 9, 'Bits', 0);
INSERT INTO `ac_question_answers` VALUES (35, 9, 'Power Point', 1);
INSERT INTO `ac_question_answers` VALUES (36, 10, 'Seer', 0);
INSERT INTO `ac_question_answers` VALUES (37, 10, 'Doom Sayer', 0);
INSERT INTO `ac_question_answers` VALUES (38, 10, 'Meteorologists', 1);
INSERT INTO `ac_question_answers` VALUES (39, 10, 'None of the above', 0);
INSERT INTO `ac_question_answers` VALUES (40, 11, 'Personal Computers', 1);
INSERT INTO `ac_question_answers` VALUES (41, 11, 'Workstations', 1);
INSERT INTO `ac_question_answers` VALUES (42, 11, 'Tablet PC', 1);
INSERT INTO `ac_question_answers` VALUES (43, 11, 'Car Dashboard', 0);
INSERT INTO `ac_question_answers` VALUES (44, 12, 'Receive data', 1);
INSERT INTO `ac_question_answers` VALUES (45, 12, 'Send Data', 1);
INSERT INTO `ac_question_answers` VALUES (46, 12, 'All of the above', 1);
INSERT INTO `ac_question_answers` VALUES (47, 13, '1024 bits', 0);
INSERT INTO `ac_question_answers` VALUES (48, 13, '1024 bytes', 0);
INSERT INTO `ac_question_answers` VALUES (49, 13, '1024 megabytes', 1);
INSERT INTO `ac_question_answers` VALUES (50, 13, '1024 kilobytes', 0);
INSERT INTO `ac_question_answers` VALUES (51, 14, 'Primary Memory', 0);
INSERT INTO `ac_question_answers` VALUES (52, 14, 'Secondary Memory', 1);
INSERT INTO `ac_question_answers` VALUES (53, 14, 'Cache Memory', 0);
INSERT INTO `ac_question_answers` VALUES (54, 14, 'Internal Memory', 0);
INSERT INTO `ac_question_answers` VALUES (55, 15, '2', 0);
INSERT INTO `ac_question_answers` VALUES (56, 15, '3', 1);
INSERT INTO `ac_question_answers` VALUES (57, 15, '4', 0);
INSERT INTO `ac_question_answers` VALUES (58, 15, '5', 0);
INSERT INTO `ac_question_answers` VALUES (59, 16, 'Static constructors are called with every new object', 0);
INSERT INTO `ac_question_answers` VALUES (60, 16, 'Static constructors are used initialize data members to zero always', 0);
INSERT INTO `ac_question_answers` VALUES (61, 16, 'Static constructors can’t be parameterized constructors', 1);
INSERT INTO `ac_question_answers` VALUES (62, 16, 'Static constructors can be used to initialize the non-static members also', 0);
INSERT INTO `ac_question_answers` VALUES (63, 17, 'True', 1);
INSERT INTO `ac_question_answers` VALUES (64, 17, 'False', 0);
INSERT INTO `ac_question_answers` VALUES (65, 18, 'To use different types of constructors', 0);
INSERT INTO `ac_question_answers` VALUES (66, 18, 'Because it’s a feature provided', 0);
INSERT INTO `ac_question_answers` VALUES (67, 18, 'To initialize the object in different ways', 1);
INSERT INTO `ac_question_answers` VALUES (68, 18, 'To differentiate one constructor from another', 0);
INSERT INTO `ac_question_answers` VALUES (69, 19, 'True', 0);
INSERT INTO `ac_question_answers` VALUES (70, 19, 'False', 1);
INSERT INTO `ac_question_answers` VALUES (71, 20, '~C() then ~B() then ~A()', 1);
INSERT INTO `ac_question_answers` VALUES (72, 20, '~B() then ~C() then ~A()', 0);
INSERT INTO `ac_question_answers` VALUES (73, 20, '~A() then ~B() then ~C()', 0);
INSERT INTO `ac_question_answers` VALUES (74, 20, '~C() then ~A() then ~B()', 0);
INSERT INTO `ac_question_answers` VALUES (75, 21, 'execution', 1);
INSERT INTO `ac_question_answers` VALUES (76, 21, 'selling', 0);
INSERT INTO `ac_question_answers` VALUES (77, 21, 'strategies', 0);
INSERT INTO `ac_question_answers` VALUES (78, 21, 'tactics', 0);
INSERT INTO `ac_question_answers` VALUES (79, 21, 'research', 0);
INSERT INTO `ac_question_answers` VALUES (80, 22, 'meeting needs profitably', 0);
INSERT INTO `ac_question_answers` VALUES (81, 22, 'identifying and meeting human and social needs', 0);
INSERT INTO `ac_question_answers` VALUES (82, 22, 'the 4Ps (Product, Price, Place, Promotion)', 0);
INSERT INTO `ac_question_answers` VALUES (83, 22, 'an organizational function and a set of processes for creating, communicating,and delivering, value ', 1);
INSERT INTO `ac_question_answers` VALUES (84, 22, 'improving the quality of life for consumers', 0);
INSERT INTO `ac_question_answers` VALUES (85, 23, 'Information', 1);
INSERT INTO `ac_question_answers` VALUES (86, 23, 'Celebrities', 0);
INSERT INTO `ac_question_answers` VALUES (87, 23, 'Durable goods', 0);
INSERT INTO `ac_question_answers` VALUES (88, 23, 'Organizations', 0);
INSERT INTO `ac_question_answers` VALUES (89, 23, 'Properties', 0);
INSERT INTO `ac_question_answers` VALUES (90, 24, 'Age of Globalization', 0);
INSERT INTO `ac_question_answers` VALUES (91, 24, 'Age of Deregulation', 0);
INSERT INTO `ac_question_answers` VALUES (92, 24, 'Industrial Age', 0);
INSERT INTO `ac_question_answers` VALUES (93, 24, 'Information Ag', 1);
INSERT INTO `ac_question_answers` VALUES (94, 24, 'Production Age', 0);
INSERT INTO `ac_question_answers` VALUES (95, 25, 'people', 0);
INSERT INTO `ac_question_answers` VALUES (96, 25, 'buying power', 0);
INSERT INTO `ac_question_answers` VALUES (97, 25, 'demographic segment', 0);
INSERT INTO `ac_question_answers` VALUES (98, 25, 'social class position', 0);
INSERT INTO `ac_question_answers` VALUES (99, 25, 'market', 1);
INSERT INTO `ac_question_answers` VALUES (100, 26, 'The right product', 0);
INSERT INTO `ac_question_answers` VALUES (101, 26, 'The right service', 0);
INSERT INTO `ac_question_answers` VALUES (102, 26, 'The right store', 0);
INSERT INTO `ac_question_answers` VALUES (103, 26, 'Value', 1);
INSERT INTO `ac_question_answers` VALUES (104, 26, 'Relationships', 0);
INSERT INTO `ac_question_answers` VALUES (105, 27, 'product', 1);
INSERT INTO `ac_question_answers` VALUES (106, 27, 'marketing', 0);
INSERT INTO `ac_question_answers` VALUES (107, 27, 'production', 0);
INSERT INTO `ac_question_answers` VALUES (108, 27, 'selling', 0);
INSERT INTO `ac_question_answers` VALUES (109, 27, 'holistic marketing', 0);
INSERT INTO `ac_question_answers` VALUES (110, 28, 'production', 0);
INSERT INTO `ac_question_answers` VALUES (111, 28, 'selling', 1);
INSERT INTO `ac_question_answers` VALUES (112, 28, 'marketing', 0);
INSERT INTO `ac_question_answers` VALUES (113, 28, 'product', 0);
INSERT INTO `ac_question_answers` VALUES (114, 28, 'holistic marketing', 0);
INSERT INTO `ac_question_answers` VALUES (115, 29, 'organized resistance, slow learning, and fast forgetting', 1);
INSERT INTO `ac_question_answers` VALUES (116, 29, 'management, customer reaction, competitive response', 0);
INSERT INTO `ac_question_answers` VALUES (117, 29, 'decreased profits, increased R&D, additional distribution', 0);
INSERT INTO `ac_question_answers` VALUES (118, 29, 'forecasted demand, increased sales expense, increased inventory costs', 0);
INSERT INTO `ac_question_answers` VALUES (119, 29, 'customer focus, profitability, slow learning', 0);
INSERT INTO `ac_question_answers` VALUES (120, 30, 'cross-functional team orientation', 0);
INSERT INTO `ac_question_answers` VALUES (121, 30, 'collaboration model', 0);
INSERT INTO `ac_question_answers` VALUES (122, 30, 'customer orientation', 1);
INSERT INTO `ac_question_answers` VALUES (123, 30, 'management-driven organization', 0);
INSERT INTO `ac_question_answers` VALUES (124, 30, 'total quality model', 0);
INSERT INTO `ac_question_answers` VALUES (125, 31, 'product, positioning, place, and price', 0);
INSERT INTO `ac_question_answers` VALUES (126, 31, 'product, production, price, and place', 0);
INSERT INTO `ac_question_answers` VALUES (127, 31, 'promotion, place, positioning, and price', 0);
INSERT INTO `ac_question_answers` VALUES (128, 31, 'place, promotion, production, and positioning', 0);
INSERT INTO `ac_question_answers` VALUES (129, 31, 'product, price, promotion, and place', 1);
INSERT INTO `ac_question_answers` VALUES (130, 32, 'company orientation', 1);
INSERT INTO `ac_question_answers` VALUES (131, 32, 'philosophy', 0);
INSERT INTO `ac_question_answers` VALUES (132, 32, 'function', 0);
INSERT INTO `ac_question_answers` VALUES (133, 32, 'branch of management', 0);
INSERT INTO `ac_question_answers` VALUES (134, 32, 'branch of economics', 0);
INSERT INTO `ac_question_answers` VALUES (135, 33, 'stated', 0);
INSERT INTO `ac_question_answers` VALUES (136, 33, 'real', 1);
INSERT INTO `ac_question_answers` VALUES (137, 33, 'unstated', 0);
INSERT INTO `ac_question_answers` VALUES (138, 33, 'delight', 0);
INSERT INTO `ac_question_answers` VALUES (139, 33, 'secret', 0);
INSERT INTO `ac_question_answers` VALUES (140, 34, 'real', 0);
INSERT INTO `ac_question_answers` VALUES (141, 34, 'unstated', 0);
INSERT INTO `ac_question_answers` VALUES (142, 34, 'delight', 0);
INSERT INTO `ac_question_answers` VALUES (143, 34, 'secret', 1);
INSERT INTO `ac_question_answers` VALUES (144, 34, 'stated', 0);
INSERT INTO `ac_question_answers` VALUES (145, 35, 'Loyalty', 0);
INSERT INTO `ac_question_answers` VALUES (146, 35, 'Satisfaction', 0);
INSERT INTO `ac_question_answers` VALUES (147, 35, 'Value', 1);
INSERT INTO `ac_question_answers` VALUES (148, 35, 'Expectations', 0);
INSERT INTO `ac_question_answers` VALUES (149, 35, 'Comparison shopping', 0);
INSERT INTO `ac_question_answers` VALUES (150, 36, 'Behavior of human beings', 0);
INSERT INTO `ac_question_answers` VALUES (151, 36, 'Insects', 1);
INSERT INTO `ac_question_answers` VALUES (152, 36, 'The origin and history of technical and scientific terms', 0);
INSERT INTO `ac_question_answers` VALUES (153, 36, 'The formation of rocks', 0);
INSERT INTO `ac_question_answers` VALUES (154, 37, 'Physics and Chemistry', 1);
INSERT INTO `ac_question_answers` VALUES (155, 37, 'Physiology or Medicine', 1);
INSERT INTO `ac_question_answers` VALUES (156, 37, 'Literature, Peace and Economics', 1);
INSERT INTO `ac_question_answers` VALUES (157, 38, 'developed the telescope', 0);
INSERT INTO `ac_question_answers` VALUES (158, 38, 'discovered four satellites of Jupiter', 0);
INSERT INTO `ac_question_answers` VALUES (159, 38, 'discovered that the movement of pendulum produces a regular time measurement', 0);
INSERT INTO `ac_question_answers` VALUES (160, 38, 'All of the above', 1);
INSERT INTO `ac_question_answers` VALUES (161, 39, 'the infrared light kills bacteria in the body', 0);
INSERT INTO `ac_question_answers` VALUES (162, 39, 'resistance power increases', 0);
INSERT INTO `ac_question_answers` VALUES (163, 39, 'the pigment cells in the skin get stimulated and produce a healthy tan', 0);
INSERT INTO `ac_question_answers` VALUES (164, 39, 'the ultraviolet rays convert skin oil into Vitamin D', 1);
INSERT INTO `ac_question_answers` VALUES (165, 40, '26 m x 14 m', 0);
INSERT INTO `ac_question_answers` VALUES (166, 40, '28 m x 15 m', 1);
INSERT INTO `ac_question_answers` VALUES (167, 40, '27 m x 16 m', 0);
INSERT INTO `ac_question_answers` VALUES (168, 40, '28 m x 16 m', 0);
INSERT INTO `ac_question_answers` VALUES (169, 41, 'sliding to rolling', 1);
INSERT INTO `ac_question_answers` VALUES (170, 41, 'rolling to sliding', 0);
INSERT INTO `ac_question_answers` VALUES (171, 41, 'potential energy to kinetic energy', 0);
INSERT INTO `ac_question_answers` VALUES (172, 41, 'dynamic to static', 0);
INSERT INTO `ac_question_answers` VALUES (173, 42, 'Birds', 0);
INSERT INTO `ac_question_answers` VALUES (174, 42, 'Cell formation', 0);
INSERT INTO `ac_question_answers` VALUES (175, 42, 'Relation between organisms and their environment', 1);
INSERT INTO `ac_question_answers` VALUES (176, 42, 'Tissues', 0);
INSERT INTO `ac_question_answers` VALUES (177, 43, 'Cricket', 0);
INSERT INTO `ac_question_answers` VALUES (178, 43, 'Football', 1);
INSERT INTO `ac_question_answers` VALUES (179, 43, 'Hockey', 0);
INSERT INTO `ac_question_answers` VALUES (180, 43, 'Volleyball', 0);
INSERT INTO `ac_question_answers` VALUES (181, 44, 'New York, USA', 1);
INSERT INTO `ac_question_answers` VALUES (182, 44, 'Hague (Netherlands)', 0);
INSERT INTO `ac_question_answers` VALUES (183, 44, 'Geneva', 0);
INSERT INTO `ac_question_answers` VALUES (184, 44, 'Paris', 0);
INSERT INTO `ac_question_answers` VALUES (185, 45, '1564 AD', 0);
INSERT INTO `ac_question_answers` VALUES (186, 45, '1798 AD', 0);
INSERT INTO `ac_question_answers` VALUES (187, 45, '1843 AD', 1);
INSERT INTO `ac_question_answers` VALUES (188, 45, '1901 AD', 0);
INSERT INTO `ac_question_answers` VALUES (189, 46, 'Aluminium', 0);
INSERT INTO `ac_question_answers` VALUES (190, 46, 'Copper', 0);
INSERT INTO `ac_question_answers` VALUES (191, 46, 'Lead', 0);
INSERT INTO `ac_question_answers` VALUES (192, 46, 'Zinc', 1);
INSERT INTO `ac_question_answers` VALUES (193, 47, 'for coagulation of mud particles', 1);
INSERT INTO `ac_question_answers` VALUES (194, 47, 'to kill bacteria', 0);
INSERT INTO `ac_question_answers` VALUES (195, 47, 'to remove salts', 0);
INSERT INTO `ac_question_answers` VALUES (196, 47, 'to remove gases', 0);
INSERT INTO `ac_question_answers` VALUES (197, 48, '15 trillion', 0);
INSERT INTO `ac_question_answers` VALUES (198, 48, '20 trillion', 0);
INSERT INTO `ac_question_answers` VALUES (199, 48, '25 trillion', 0);
INSERT INTO `ac_question_answers` VALUES (200, 48, '30 trillion', 1);
INSERT INTO `ac_question_answers` VALUES (201, 49, 'Rainy season', 0);
INSERT INTO `ac_question_answers` VALUES (202, 49, 'Spring', 0);
INSERT INTO `ac_question_answers` VALUES (203, 49, 'Winter', 1);
INSERT INTO `ac_question_answers` VALUES (204, 49, 'Summer', 0);
INSERT INTO `ac_question_answers` VALUES (205, 50, 'Four times', 0);
INSERT INTO `ac_question_answers` VALUES (206, 50, 'Twice', 0);
INSERT INTO `ac_question_answers` VALUES (207, 50, 'Five times', 1);
INSERT INTO `ac_question_answers` VALUES (208, 50, 'Once', 0);

-- ----------------------------
-- Table structure for ac_question_categories
-- ----------------------------
DROP TABLE IF EXISTS `ac_question_categories`;
CREATE TABLE `ac_question_categories`  (
  `question_category_id` int(10) UNSIGNED NOT NULL AUTO_INCREMENT,
  `account_id` int(10) UNSIGNED NULL DEFAULT NULL,
  `title` varchar(100) CHARACTER SET utf8 COLLATE utf8_general_ci NOT NULL,
  `status` tinyint(4) NOT NULL DEFAULT 1,
  `created_at` datetime(0) NULL DEFAULT NULL,
  `updated_at` datetime(0) NULL DEFAULT NULL,
  PRIMARY KEY (`question_category_id`) USING BTREE
) ENGINE = InnoDB AUTO_INCREMENT = 5 CHARACTER SET = utf8 COLLATE = utf8_general_ci ROW_FORMAT = DYNAMIC;

-- ----------------------------
-- Records of ac_question_categories
-- ----------------------------
INSERT INTO `ac_question_categories` VALUES (1, NULL, 'Computers & IT', 1, '2020-12-24 02:38:30', '2020-12-24 02:38:30');
INSERT INTO `ac_question_categories` VALUES (2, NULL, 'Marketing', 1, '2020-12-24 02:38:30', '2020-12-24 02:38:30');
INSERT INTO `ac_question_categories` VALUES (3, NULL, 'General Knowledge', 1, '2020-12-24 02:38:30', '2020-12-24 02:38:30');
INSERT INTO `ac_question_categories` VALUES (4, NULL, 'General', 1, '2020-12-24 02:38:30', '2020-12-24 02:38:30');

-- ----------------------------
-- Table structure for ac_questions
-- ----------------------------
DROP TABLE IF EXISTS `ac_questions`;
CREATE TABLE `ac_questions`  (
  `question_id` int(10) UNSIGNED NOT NULL AUTO_INCREMENT,
  `question_category_id` int(10) UNSIGNED NOT NULL,
  `account_id` int(10) UNSIGNED NULL DEFAULT NULL,
  `title` text CHARACTER SET utf8 COLLATE utf8_general_ci NOT NULL,
  `image` varchar(250) CHARACTER SET utf8 COLLATE utf8_general_ci NOT NULL,
  `type` varchar(20) CHARACTER SET utf8 COLLATE utf8_general_ci NOT NULL,
  `nature` varchar(20) CHARACTER SET utf8 COLLATE utf8_general_ci NOT NULL DEFAULT 'quiz',
  `created_at` datetime(0) NULL DEFAULT NULL,
  `updated_at` datetime(0) NULL DEFAULT NULL,
  PRIMARY KEY (`question_id`) USING BTREE
) ENGINE = InnoDB AUTO_INCREMENT = 80 CHARACTER SET = utf8 COLLATE = utf8_general_ci ROW_FORMAT = DYNAMIC;

-- ----------------------------
-- Records of ac_questions
-- ----------------------------
INSERT INTO `ac_questions` VALUES (1, 1, NULL, 'A computer basically constitutes of _______ integral components', '', 'radio', 'quiz', '2020-12-24 02:38:30', '2020-12-24 02:38:30');
INSERT INTO `ac_questions` VALUES (2, 1, NULL, 'Computers have secondary storage devices known as', '', 'radio', 'quiz', '2020-12-24 02:38:30', '2020-12-24 02:38:30');
INSERT INTO `ac_questions` VALUES (3, 1, NULL, 'The ____ is responsible for various computer operations', '', 'radio', 'quiz', '2020-12-24 02:38:30', '2020-12-24 02:38:30');
INSERT INTO `ac_questions` VALUES (4, 1, NULL, 'Popular microprocessors include', '', 'radio', 'quiz', '2020-12-24 02:38:30', '2020-12-24 02:38:30');
INSERT INTO `ac_questions` VALUES (5, 1, NULL, 'These types of computers are primarily involved in data processing and problem solving for specific programs.', '', 'radio', 'quiz', '2020-12-24 02:38:30', '2020-12-24 02:38:30');
INSERT INTO `ac_questions` VALUES (6, 1, NULL, 'It mediates communication between CPU and other components of system.', '', 'radio', 'quiz', '2020-12-24 02:38:30', '2020-12-24 02:38:30');
INSERT INTO `ac_questions` VALUES (7, 1, NULL, 'Software that resides on a single computer and does not interact with any other software installed in a different computer.', '', 'radio', 'quiz', '2020-12-24 02:38:30', '2020-12-24 02:38:30');
INSERT INTO `ac_questions` VALUES (8, 1, NULL, '____ was the first high level language developed by John Backus at IBM in 1956.', '', 'radio', 'quiz', '2020-12-24 02:38:30', '2020-12-24 02:38:30');
INSERT INTO `ac_questions` VALUES (9, 1, NULL, '____ is a presentation tool that helps create eye catching and effective presentations in a matter of minutes', '', 'radio', 'quiz', '2020-12-24 02:38:30', '2020-12-24 02:38:30');
INSERT INTO `ac_questions` VALUES (10, 1, NULL, 'The professionals involved in the study and prediction of weather are called.', '', 'radio', 'quiz', '2020-12-24 02:38:30', '2020-12-24 02:38:30');
INSERT INTO `ac_questions` VALUES (11, 1, NULL, 'The various types of computers are.', '', 'checkbox', 'quiz', '2020-12-24 02:38:30', '2020-12-24 02:38:30');
INSERT INTO `ac_questions` VALUES (12, 1, NULL, 'It is very important for a computer system to have the ability to communicate with the outside world.', '', 'checkbox', 'quiz', '2020-12-24 02:38:30', '2020-12-24 02:38:30');
INSERT INTO `ac_questions` VALUES (13, 1, NULL, '1 Gigabyte is equal to', '', 'radio', 'quiz', '2020-12-24 02:38:30', '2020-12-24 02:38:30');
INSERT INTO `ac_questions` VALUES (14, 1, NULL, 'Pen drive is a', '', 'radio', 'quiz', '2020-12-24 02:38:30', '2020-12-24 02:38:30');
INSERT INTO `ac_questions` VALUES (15, 1, NULL, 'How many types of constructors are available, in general, in any language?', '', 'radio', 'quiz', '2020-12-24 02:38:30', '2020-12-24 02:38:30');
INSERT INTO `ac_questions` VALUES (16, 1, NULL, 'Which among the following is true for static constructor?', '', 'radio', 'quiz', '2020-12-24 02:38:30', '2020-12-24 02:38:30');
INSERT INTO `ac_questions` VALUES (17, 1, NULL, 'Within a class, only one static constructor can be created.', '', 'radio', 'quiz', '2020-12-24 02:38:30', '2020-12-24 02:38:30');
INSERT INTO `ac_questions` VALUES (18, 1, NULL, 'Why do we use constructor overloading?', '', 'radio', 'quiz', '2020-12-24 02:38:30', '2020-12-24 02:38:30');
INSERT INTO `ac_questions` VALUES (19, 1, NULL, 'The destructor can be called before the constructor if required.', '', 'radio', 'quiz', '2020-12-24 02:38:30', '2020-12-24 02:38:30');
INSERT INTO `ac_questions` VALUES (20, 1, NULL, ' If in multiple inheritance, class C inherits class B, and Class B inherits class A. In which sequence are their destructors called if an object of class C was declared?', '', 'radio', 'quiz', '2020-12-24 02:38:30', '2020-12-24 02:38:30');
INSERT INTO `ac_questions` VALUES (21, 2, NULL, 'Good marketing is no accident, but a result of careful planning and ________', '', 'radio', 'quiz', '2020-12-24 02:38:30', '2020-12-24 02:38:30');
INSERT INTO `ac_questions` VALUES (22, 2, NULL, 'The most formal definition of marketing is ________', '', 'radio', 'quiz', '2020-12-24 02:38:30', '2020-12-24 02:38:30');
INSERT INTO `ac_questions` VALUES (23, 2, NULL, '________ can be produced and marketed as a product.', '', 'radio', 'quiz', '2020-12-24 02:38:30', '2020-12-24 02:38:30');
INSERT INTO `ac_questions` VALUES (24, 2, NULL, 'The   ________   promises   to   lead   to   more   accurate   levels   of   production,   moretargeted communications, and more relevant pricing.', '', 'radio', 'quiz', '2020-12-24 02:38:30', '2020-12-24 02:38:30');
INSERT INTO `ac_questions` VALUES (25, 2, NULL, 'Marketers often use the term ________ to cover various groupings of customers.', '', 'radio', 'quiz', '2020-12-24 02:38:30', '2020-12-24 02:38:30');
INSERT INTO `ac_questions` VALUES (26, 2, NULL, 'Customers are showing greater price sensitivity in their search for ________', '', 'radio', 'quiz', '2020-12-24 02:38:30', '2020-12-24 02:38:30');
INSERT INTO `ac_questions` VALUES (27, 2, NULL, 'The ________ concept holds that consumers will favor those products that offerthe most quality, performance, or innovative features.', '', 'radio', 'quiz', '2020-12-24 02:38:30', '2020-12-24 02:38:30');
INSERT INTO `ac_questions` VALUES (28, 2, NULL, 'The ________ concept holds that consumers and businesses, if left alone, willordinarily not buy enough of the organization’s products.', '', 'radio', 'quiz', '2020-12-24 02:38:30', '2020-12-24 02:38:30');
INSERT INTO `ac_questions` VALUES (29, 2, NULL, 'In the course of converting to a marketing orientation, a company faces threehurdles—________.', '', 'radio', 'quiz', '2020-12-24 02:38:30', '2020-12-24 02:38:30');
INSERT INTO `ac_questions` VALUES (30, 2, NULL, 'Marketers argue for a ________ in which all functions work together to respondto, serve, and satisfy the customer.', '', 'radio', 'quiz', '2020-12-24 02:38:30', '2020-12-24 02:38:30');
INSERT INTO `ac_questions` VALUES (31, 2, NULL, 'One traditional depiction of marketing activities is in terms of the marketing mixor four Ps. The four Ps are characterized as being ________.', '', 'radio', 'quiz', '2020-12-24 02:38:30', '2020-12-24 02:38:30');
INSERT INTO `ac_questions` VALUES (32, 2, NULL, 'Marketing is not a department so much as a ________.', '', 'radio', 'quiz', '2020-12-24 02:38:30', '2020-12-24 02:38:30');
INSERT INTO `ac_questions` VALUES (33, 2, NULL, 'When a customer has a(n) ________ need he/she wants a car whose operatingcost, not its initial price, is low.', '', 'radio', 'quiz', '2020-12-24 02:38:30', '2020-12-24 02:38:30');
INSERT INTO `ac_questions` VALUES (34, 2, NULL, 'When a  customer has  a(n)  ________  need the  customer  wants  to  be seen   byfriends as a savvy consumer.', '', 'radio', 'quiz', '2020-12-24 02:38:30', '2020-12-24 02:38:30');
INSERT INTO `ac_questions` VALUES (35, 2, NULL, '________  reflects   the   perceived   tangible   and   intangible   benefits   and   costs   tocustomers.', '', 'radio', 'quiz', '2020-12-24 02:38:30', '2020-12-24 02:38:30');
INSERT INTO `ac_questions` VALUES (36, 3, NULL, 'Entomology is the science that studies', '', 'radio', 'quiz', '2020-12-24 02:38:30', '2020-12-24 02:38:30');
INSERT INTO `ac_questions` VALUES (37, 3, NULL, 'For which of the following disciplines is Nobel Prize awarded?', '', 'checkbox', 'quiz', '2020-12-24 02:38:30', '2020-12-24 02:38:30');
INSERT INTO `ac_questions` VALUES (38, 3, NULL, 'Galileo was an Italian astronomer who', '', 'radio', 'quiz', '2020-12-24 02:38:30', '2020-12-24 02:38:30');
INSERT INTO `ac_questions` VALUES (39, 3, NULL, 'Exposure to sunlight helps a person improve his health because', '', 'radio', 'quiz', '2020-12-24 02:38:30', '2020-12-24 02:38:30');
INSERT INTO `ac_questions` VALUES (40, 3, NULL, 'For the Olympics and World Tournaments, the dimensions of basketball court are', '', 'radio', 'quiz', '2020-12-24 02:38:30', '2020-12-24 02:38:30');
INSERT INTO `ac_questions` VALUES (41, 3, NULL, 'Friction can be reduced by changing from', '', 'radio', 'quiz', '2020-12-24 02:38:30', '2020-12-24 02:38:30');
INSERT INTO `ac_questions` VALUES (42, 3, NULL, 'Ecology deals with', '', 'radio', 'quiz', '2020-12-24 02:38:30', '2020-12-24 02:38:30');
INSERT INTO `ac_questions` VALUES (43, 3, NULL, 'Durand Cup is associated with the game of', '', 'radio', 'quiz', '2020-12-24 02:38:30', '2020-12-24 02:38:30');
INSERT INTO `ac_questions` VALUES (44, 3, NULL, 'Headquarters of UNO are situated at', '', 'radio', 'quiz', '2020-12-24 02:38:30', '2020-12-24 02:38:30');
INSERT INTO `ac_questions` VALUES (45, 3, NULL, 'First International Peace Congress was held in London in', '', 'radio', 'quiz', '2020-12-24 02:38:30', '2020-12-24 02:38:30');
INSERT INTO `ac_questions` VALUES (46, 3, NULL, 'For galvanizing iron which of the following metals is used?', '', 'radio', 'quiz', '2020-12-24 02:38:30', '2020-12-24 02:38:30');
INSERT INTO `ac_questions` VALUES (47, 3, NULL, 'For purifying drinking water alum is used', '', 'radio', 'quiz', '2020-12-24 02:38:30', '2020-12-24 02:38:30');
INSERT INTO `ac_questions` VALUES (48, 3, NULL, 'In a normal human body, the total number of red blood cells is', '', 'radio', 'quiz', '2020-12-24 02:38:30', '2020-12-24 02:38:30');
INSERT INTO `ac_questions` VALUES (49, 3, NULL, 'In which season do we need more fat?', '', 'radio', 'quiz', '2020-12-24 02:38:30', '2020-12-24 02:38:30');
INSERT INTO `ac_questions` VALUES (50, 3, NULL, 'How many times has Brazil won the World Cup Football Championship?', '', 'radio', 'quiz', '2020-12-24 02:38:30', '2020-12-24 02:38:30');
INSERT INTO `ac_questions` VALUES (51, 4, NULL, 'Tell me a little about yourself.', '', '', 'interview', '2020-12-24 02:38:31', '2020-12-24 02:38:31');
INSERT INTO `ac_questions` VALUES (52, 4, NULL, 'What are your biggest weaknesses?', '', '', 'interview', '2020-12-24 02:38:31', '2020-12-24 02:38:31');
INSERT INTO `ac_questions` VALUES (53, 4, NULL, 'What are your biggest strengths?', '', '', 'interview', '2020-12-24 02:38:31', '2020-12-24 02:38:31');
INSERT INTO `ac_questions` VALUES (54, 4, NULL, 'Where do you see yourself in five years?', '', '', 'interview', '2020-12-24 02:38:31', '2020-12-24 02:38:31');
INSERT INTO `ac_questions` VALUES (55, 4, NULL, 'Out of all the other candidates, why should we hire you?', '', '', 'interview', '2020-12-24 02:38:31', '2020-12-24 02:38:31');
INSERT INTO `ac_questions` VALUES (56, 4, NULL, 'How did you learn about the opening?', '', '', 'interview', '2020-12-24 02:38:31', '2020-12-24 02:38:31');
INSERT INTO `ac_questions` VALUES (57, 4, NULL, 'Why do you want this job?', '', '', 'interview', '2020-12-24 02:38:31', '2020-12-24 02:38:31');
INSERT INTO `ac_questions` VALUES (58, 4, NULL, 'What do you consider to be your biggest professional achievement?', '', '', 'interview', '2020-12-24 02:38:31', '2020-12-24 02:38:31');
INSERT INTO `ac_questions` VALUES (59, 4, NULL, 'Tell me about the last time a co-worker or customer got angry with you. What happened?', '', '', 'interview', '2020-12-24 02:38:31', '2020-12-24 02:38:31');
INSERT INTO `ac_questions` VALUES (60, 4, NULL, 'Describe your dream job.', '', '', 'interview', '2020-12-24 02:38:31', '2020-12-24 02:38:31');
INSERT INTO `ac_questions` VALUES (61, 4, NULL, 'Why do you want to leave your current job?', '', '', 'interview', '2020-12-24 02:38:31', '2020-12-24 02:38:31');
INSERT INTO `ac_questions` VALUES (62, 4, NULL, 'What kind of work environment do you like best?', '', '', 'interview', '2020-12-24 02:38:31', '2020-12-24 02:38:31');
INSERT INTO `ac_questions` VALUES (63, 4, NULL, 'Tell me about the toughest decision you had to make in the last six months.', '', '', 'interview', '2020-12-24 02:38:31', '2020-12-24 02:38:31');
INSERT INTO `ac_questions` VALUES (64, 4, NULL, 'What is your leadership style?', '', '', 'interview', '2020-12-24 02:38:31', '2020-12-24 02:38:31');
INSERT INTO `ac_questions` VALUES (65, 4, NULL, 'Tell me about a time you disagreed with a decision. What did you do?', '', '', 'interview', '2020-12-24 02:38:31', '2020-12-24 02:38:31');
INSERT INTO `ac_questions` VALUES (66, 4, NULL, 'Tell me how you think other people would describe you.', '', '', 'interview', '2020-12-24 02:38:31', '2020-12-24 02:38:31');
INSERT INTO `ac_questions` VALUES (67, 4, NULL, 'What can we expect from you in your first three months?', '', '', 'interview', '2020-12-24 02:38:31', '2020-12-24 02:38:31');
INSERT INTO `ac_questions` VALUES (68, 4, NULL, 'What do you like to do outside of work?', '', '', 'interview', '2020-12-24 02:38:31', '2020-12-24 02:38:31');
INSERT INTO `ac_questions` VALUES (69, 4, NULL, 'What was your salary in your last job?', '', '', 'interview', '2020-12-24 02:38:31', '2020-12-24 02:38:31');
INSERT INTO `ac_questions` VALUES (70, 4, NULL, 'A snail is at the bottom of a 30-foot well. Each day he climbs up three feet, but at night he slips back two feet. How many days will it take him to climb out of the well?', '', '', 'interview', '2020-12-24 02:38:31', '2020-12-24 02:38:31');
INSERT INTO `ac_questions` VALUES (71, 4, NULL, 'What do you expect me to accomplish in the first 90 days?', '', '', 'interview', '2020-12-24 02:38:31', '2020-12-24 02:38:31');
INSERT INTO `ac_questions` VALUES (72, 4, NULL, 'If you were to rank them, what are the three traits your top performers have in common?', '', '', 'interview', '2020-12-24 02:38:31', '2020-12-24 02:38:31');
INSERT INTO `ac_questions` VALUES (73, 4, NULL, 'What really drives results in this job?', '', '', 'interview', '2020-12-24 02:38:31', '2020-12-24 02:38:31');
INSERT INTO `ac_questions` VALUES (74, 4, NULL, 'What are the company\'s highest-priority goals this year, and how would my role contribute?', '', '', 'interview', '2020-12-24 02:38:31', '2020-12-24 02:38:31');
INSERT INTO `ac_questions` VALUES (75, 4, NULL, 'What do you plan to do if...?', '', '', 'interview', '2020-12-24 02:38:31', '2020-12-24 02:38:31');
INSERT INTO `ac_questions` VALUES (76, 4, NULL, 'Platica sobre tu experiencia en puestos similares', '', '', 'interview', '2021-02-14 22:15:05', '2021-02-14 22:15:05');
INSERT INTO `ac_questions` VALUES (77, 4, NULL, 'Hábilidades', '', '', 'interview', '2021-02-14 22:15:24', '2021-02-14 22:15:24');
INSERT INTO `ac_questions` VALUES (78, 4, NULL, '¿Qué sabes de la empresa que estás aplicando?', '', '', 'interview', '2021-02-14 22:15:41', '2021-02-14 22:15:41');
INSERT INTO `ac_questions` VALUES (79, 4, NULL, '¿Cómo te ves en los próximos años?', '', '', 'interview', '2021-02-14 22:15:57', '2021-02-14 22:15:57');

-- ----------------------------
-- Table structure for ac_quiz_categories
-- ----------------------------
DROP TABLE IF EXISTS `ac_quiz_categories`;
CREATE TABLE `ac_quiz_categories`  (
  `quiz_category_id` int(10) UNSIGNED NOT NULL AUTO_INCREMENT,
  `account_id` int(10) UNSIGNED NULL DEFAULT NULL,
  `title` varchar(100) CHARACTER SET utf8 COLLATE utf8_general_ci NOT NULL,
  `status` tinyint(4) NOT NULL DEFAULT 1,
  `created_at` datetime(0) NULL DEFAULT NULL,
  `updated_at` datetime(0) NULL DEFAULT NULL,
  PRIMARY KEY (`quiz_category_id`) USING BTREE
) ENGINE = InnoDB AUTO_INCREMENT = 5 CHARACTER SET = utf8 COLLATE = utf8_general_ci ROW_FORMAT = DYNAMIC;

-- ----------------------------
-- Records of ac_quiz_categories
-- ----------------------------
INSERT INTO `ac_quiz_categories` VALUES (1, NULL, 'Entry Level Positions', 1, '2020-12-24 02:38:31', '2020-12-24 02:38:31');
INSERT INTO `ac_quiz_categories` VALUES (2, NULL, 'Management', 1, '2020-12-24 02:38:31', '2020-12-24 02:38:31');
INSERT INTO `ac_quiz_categories` VALUES (3, NULL, 'Board', 1, '2020-12-24 02:38:31', '2020-12-24 02:38:31');
INSERT INTO `ac_quiz_categories` VALUES (4, NULL, 'General', 1, '2020-12-24 02:38:31', '2020-12-24 02:38:31');

-- ----------------------------
-- Table structure for ac_quiz_question_answers
-- ----------------------------
DROP TABLE IF EXISTS `ac_quiz_question_answers`;
CREATE TABLE `ac_quiz_question_answers`  (
  `quiz_question_answer_id` int(10) UNSIGNED NOT NULL AUTO_INCREMENT,
  `quiz_question_id` int(10) UNSIGNED NOT NULL,
  `title` varchar(100) CHARACTER SET utf8 COLLATE utf8_general_ci NOT NULL,
  `is_correct` tinyint(4) NOT NULL,
  PRIMARY KEY (`quiz_question_answer_id`) USING BTREE
) ENGINE = InnoDB AUTO_INCREMENT = 209 CHARACTER SET = utf8 COLLATE = utf8_general_ci ROW_FORMAT = DYNAMIC;

-- ----------------------------
-- Records of ac_quiz_question_answers
-- ----------------------------
INSERT INTO `ac_quiz_question_answers` VALUES (1, 1, 'Two', 0);
INSERT INTO `ac_quiz_question_answers` VALUES (2, 1, 'Four', 0);
INSERT INTO `ac_quiz_question_answers` VALUES (3, 1, 'Three', 1);
INSERT INTO `ac_quiz_question_answers` VALUES (4, 1, 'Eight', 0);
INSERT INTO `ac_quiz_question_answers` VALUES (5, 2, 'ALU', 0);
INSERT INTO `ac_quiz_question_answers` VALUES (6, 2, 'Auxiliary Storage', 1);
INSERT INTO `ac_quiz_question_answers` VALUES (7, 2, 'CPU', 0);
INSERT INTO `ac_quiz_question_answers` VALUES (8, 2, 'None of the above', 0);
INSERT INTO `ac_quiz_question_answers` VALUES (9, 3, 'Memory', 0);
INSERT INTO `ac_quiz_question_answers` VALUES (10, 3, 'Accumulator (ACU)', 0);
INSERT INTO `ac_quiz_question_answers` VALUES (11, 3, 'Control Unit', 1);
INSERT INTO `ac_quiz_question_answers` VALUES (12, 3, 'Memory Address Register (MAR)', 0);
INSERT INTO `ac_quiz_question_answers` VALUES (13, 4, 'Intel', 1);
INSERT INTO `ac_quiz_question_answers` VALUES (14, 4, 'Cache Memory', 0);
INSERT INTO `ac_quiz_question_answers` VALUES (15, 4, 'AMD', 0);
INSERT INTO `ac_quiz_question_answers` VALUES (16, 5, 'Compact computers', 0);
INSERT INTO `ac_quiz_question_answers` VALUES (17, 5, 'Digital computers', 1);
INSERT INTO `ac_quiz_question_answers` VALUES (18, 5, 'Hybrid computers', 0);
INSERT INTO `ac_quiz_question_answers` VALUES (19, 5, 'Analog computers', 0);
INSERT INTO `ac_quiz_question_answers` VALUES (20, 6, 'CPU', 0);
INSERT INTO `ac_quiz_question_answers` VALUES (21, 6, 'RAM', 0);
INSERT INTO `ac_quiz_question_answers` VALUES (22, 6, 'Chipset', 1);
INSERT INTO `ac_quiz_question_answers` VALUES (23, 6, 'Buses', 0);
INSERT INTO `ac_quiz_question_answers` VALUES (24, 7, 'Stand Alone Software', 1);
INSERT INTO `ac_quiz_question_answers` VALUES (25, 7, 'Embedded Software', 0);
INSERT INTO `ac_quiz_question_answers` VALUES (26, 7, 'Real Time Software', 0);
INSERT INTO `ac_quiz_question_answers` VALUES (27, 7, 'Network Software', 0);
INSERT INTO `ac_quiz_question_answers` VALUES (28, 8, 'FORTRAN', 1);
INSERT INTO `ac_quiz_question_answers` VALUES (29, 8, 'COBOL', 0);
INSERT INTO `ac_quiz_question_answers` VALUES (30, 8, 'Basic', 0);
INSERT INTO `ac_quiz_question_answers` VALUES (31, 8, 'None of the above', 0);
INSERT INTO `ac_quiz_question_answers` VALUES (32, 9, 'Spreadsheet', 0);
INSERT INTO `ac_quiz_question_answers` VALUES (33, 9, 'Word Processing', 0);
INSERT INTO `ac_quiz_question_answers` VALUES (34, 9, 'Bits', 0);
INSERT INTO `ac_quiz_question_answers` VALUES (35, 9, 'Power Point', 1);
INSERT INTO `ac_quiz_question_answers` VALUES (36, 10, 'Seer', 0);
INSERT INTO `ac_quiz_question_answers` VALUES (37, 10, 'Doom Sayer', 0);
INSERT INTO `ac_quiz_question_answers` VALUES (38, 10, 'Meteorologists', 1);
INSERT INTO `ac_quiz_question_answers` VALUES (39, 10, 'None of the above', 0);
INSERT INTO `ac_quiz_question_answers` VALUES (40, 11, 'Personal Computers', 1);
INSERT INTO `ac_quiz_question_answers` VALUES (41, 11, 'Workstations', 1);
INSERT INTO `ac_quiz_question_answers` VALUES (42, 11, 'Tablet PC', 1);
INSERT INTO `ac_quiz_question_answers` VALUES (43, 11, 'Car Dashboard', 0);
INSERT INTO `ac_quiz_question_answers` VALUES (44, 12, 'Receive data', 1);
INSERT INTO `ac_quiz_question_answers` VALUES (45, 12, 'Send Data', 1);
INSERT INTO `ac_quiz_question_answers` VALUES (46, 12, 'All of the above', 1);
INSERT INTO `ac_quiz_question_answers` VALUES (47, 13, '1024 bits', 0);
INSERT INTO `ac_quiz_question_answers` VALUES (48, 13, '1024 bytes', 0);
INSERT INTO `ac_quiz_question_answers` VALUES (49, 13, '1024 megabytes', 1);
INSERT INTO `ac_quiz_question_answers` VALUES (50, 13, '1024 kilobytes', 0);
INSERT INTO `ac_quiz_question_answers` VALUES (51, 14, 'Primary Memory', 0);
INSERT INTO `ac_quiz_question_answers` VALUES (52, 14, 'Secondary Memory', 1);
INSERT INTO `ac_quiz_question_answers` VALUES (53, 14, 'Cache Memory', 0);
INSERT INTO `ac_quiz_question_answers` VALUES (54, 14, 'Internal Memory', 0);
INSERT INTO `ac_quiz_question_answers` VALUES (55, 15, '2', 0);
INSERT INTO `ac_quiz_question_answers` VALUES (56, 15, '3', 1);
INSERT INTO `ac_quiz_question_answers` VALUES (57, 15, '4', 0);
INSERT INTO `ac_quiz_question_answers` VALUES (58, 15, '5', 0);
INSERT INTO `ac_quiz_question_answers` VALUES (59, 16, 'Static constructors are called with every new object', 0);
INSERT INTO `ac_quiz_question_answers` VALUES (60, 16, 'Static constructors are used initialize data members to zero always', 0);
INSERT INTO `ac_quiz_question_answers` VALUES (61, 16, 'Static constructors can’t be parameterized constructors', 1);
INSERT INTO `ac_quiz_question_answers` VALUES (62, 16, 'Static constructors can be used to initialize the non-static members also', 0);
INSERT INTO `ac_quiz_question_answers` VALUES (63, 17, 'True', 1);
INSERT INTO `ac_quiz_question_answers` VALUES (64, 17, 'False', 0);
INSERT INTO `ac_quiz_question_answers` VALUES (65, 18, 'To use different types of constructors', 0);
INSERT INTO `ac_quiz_question_answers` VALUES (66, 18, 'Because it’s a feature provided', 0);
INSERT INTO `ac_quiz_question_answers` VALUES (67, 18, 'To initialize the object in different ways', 1);
INSERT INTO `ac_quiz_question_answers` VALUES (68, 18, 'To differentiate one constructor from another', 0);
INSERT INTO `ac_quiz_question_answers` VALUES (69, 19, 'True', 0);
INSERT INTO `ac_quiz_question_answers` VALUES (70, 19, 'False', 1);
INSERT INTO `ac_quiz_question_answers` VALUES (71, 20, '~C() then ~B() then ~A()', 1);
INSERT INTO `ac_quiz_question_answers` VALUES (72, 20, '~B() then ~C() then ~A()', 0);
INSERT INTO `ac_quiz_question_answers` VALUES (73, 20, '~A() then ~B() then ~C()', 0);
INSERT INTO `ac_quiz_question_answers` VALUES (74, 20, '~C() then ~A() then ~B()', 0);
INSERT INTO `ac_quiz_question_answers` VALUES (75, 21, 'execution', 1);
INSERT INTO `ac_quiz_question_answers` VALUES (76, 21, 'selling', 0);
INSERT INTO `ac_quiz_question_answers` VALUES (77, 21, 'strategies', 0);
INSERT INTO `ac_quiz_question_answers` VALUES (78, 21, 'tactics', 0);
INSERT INTO `ac_quiz_question_answers` VALUES (79, 21, 'research', 0);
INSERT INTO `ac_quiz_question_answers` VALUES (80, 22, 'meeting needs profitably', 0);
INSERT INTO `ac_quiz_question_answers` VALUES (81, 22, 'identifying and meeting human and social needs', 0);
INSERT INTO `ac_quiz_question_answers` VALUES (82, 22, 'the 4Ps (Product, Price, Place, Promotion)', 0);
INSERT INTO `ac_quiz_question_answers` VALUES (83, 22, 'an organizational function and a set of processes for creating, communicating,and delivering, value ', 1);
INSERT INTO `ac_quiz_question_answers` VALUES (84, 22, 'improving the quality of life for consumers', 0);
INSERT INTO `ac_quiz_question_answers` VALUES (85, 23, 'Information', 1);
INSERT INTO `ac_quiz_question_answers` VALUES (86, 23, 'Celebrities', 0);
INSERT INTO `ac_quiz_question_answers` VALUES (87, 23, 'Durable goods', 0);
INSERT INTO `ac_quiz_question_answers` VALUES (88, 23, 'Organizations', 0);
INSERT INTO `ac_quiz_question_answers` VALUES (89, 23, 'Properties', 0);
INSERT INTO `ac_quiz_question_answers` VALUES (90, 24, 'Age of Globalization', 0);
INSERT INTO `ac_quiz_question_answers` VALUES (91, 24, 'Age of Deregulation', 0);
INSERT INTO `ac_quiz_question_answers` VALUES (92, 24, 'Industrial Age', 0);
INSERT INTO `ac_quiz_question_answers` VALUES (93, 24, 'Information Ag', 1);
INSERT INTO `ac_quiz_question_answers` VALUES (94, 24, 'Production Age', 0);
INSERT INTO `ac_quiz_question_answers` VALUES (95, 25, 'people', 0);
INSERT INTO `ac_quiz_question_answers` VALUES (96, 25, 'buying power', 0);
INSERT INTO `ac_quiz_question_answers` VALUES (97, 25, 'demographic segment', 0);
INSERT INTO `ac_quiz_question_answers` VALUES (98, 25, 'social class position', 0);
INSERT INTO `ac_quiz_question_answers` VALUES (99, 25, 'market', 1);
INSERT INTO `ac_quiz_question_answers` VALUES (100, 26, 'The right product', 0);
INSERT INTO `ac_quiz_question_answers` VALUES (101, 26, 'The right service', 0);
INSERT INTO `ac_quiz_question_answers` VALUES (102, 26, 'The right store', 0);
INSERT INTO `ac_quiz_question_answers` VALUES (103, 26, 'Value', 1);
INSERT INTO `ac_quiz_question_answers` VALUES (104, 26, 'Relationships', 0);
INSERT INTO `ac_quiz_question_answers` VALUES (105, 27, 'product', 1);
INSERT INTO `ac_quiz_question_answers` VALUES (106, 27, 'marketing', 0);
INSERT INTO `ac_quiz_question_answers` VALUES (107, 27, 'production', 0);
INSERT INTO `ac_quiz_question_answers` VALUES (108, 27, 'selling', 0);
INSERT INTO `ac_quiz_question_answers` VALUES (109, 27, 'holistic marketing', 0);
INSERT INTO `ac_quiz_question_answers` VALUES (110, 28, 'production', 0);
INSERT INTO `ac_quiz_question_answers` VALUES (111, 28, 'selling', 1);
INSERT INTO `ac_quiz_question_answers` VALUES (112, 28, 'marketing', 0);
INSERT INTO `ac_quiz_question_answers` VALUES (113, 28, 'product', 0);
INSERT INTO `ac_quiz_question_answers` VALUES (114, 28, 'holistic marketing', 0);
INSERT INTO `ac_quiz_question_answers` VALUES (115, 29, 'organized resistance, slow learning, and fast forgetting', 1);
INSERT INTO `ac_quiz_question_answers` VALUES (116, 29, 'management, customer reaction, competitive response', 0);
INSERT INTO `ac_quiz_question_answers` VALUES (117, 29, 'decreased profits, increased R&D, additional distribution', 0);
INSERT INTO `ac_quiz_question_answers` VALUES (118, 29, 'forecasted demand, increased sales expense, increased inventory costs', 0);
INSERT INTO `ac_quiz_question_answers` VALUES (119, 29, 'customer focus, profitability, slow learning', 0);
INSERT INTO `ac_quiz_question_answers` VALUES (120, 30, 'cross-functional team orientation', 0);
INSERT INTO `ac_quiz_question_answers` VALUES (121, 30, 'collaboration model', 0);
INSERT INTO `ac_quiz_question_answers` VALUES (122, 30, 'customer orientation', 1);
INSERT INTO `ac_quiz_question_answers` VALUES (123, 30, 'management-driven organization', 0);
INSERT INTO `ac_quiz_question_answers` VALUES (124, 30, 'total quality model', 0);
INSERT INTO `ac_quiz_question_answers` VALUES (125, 31, 'product, positioning, place, and price', 0);
INSERT INTO `ac_quiz_question_answers` VALUES (126, 31, 'product, production, price, and place', 0);
INSERT INTO `ac_quiz_question_answers` VALUES (127, 31, 'promotion, place, positioning, and price', 0);
INSERT INTO `ac_quiz_question_answers` VALUES (128, 31, 'place, promotion, production, and positioning', 0);
INSERT INTO `ac_quiz_question_answers` VALUES (129, 31, 'product, price, promotion, and place', 1);
INSERT INTO `ac_quiz_question_answers` VALUES (130, 32, 'company orientation', 1);
INSERT INTO `ac_quiz_question_answers` VALUES (131, 32, 'philosophy', 0);
INSERT INTO `ac_quiz_question_answers` VALUES (132, 32, 'function', 0);
INSERT INTO `ac_quiz_question_answers` VALUES (133, 32, 'branch of management', 0);
INSERT INTO `ac_quiz_question_answers` VALUES (134, 32, 'branch of economics', 0);
INSERT INTO `ac_quiz_question_answers` VALUES (135, 33, 'stated', 0);
INSERT INTO `ac_quiz_question_answers` VALUES (136, 33, 'real', 1);
INSERT INTO `ac_quiz_question_answers` VALUES (137, 33, 'unstated', 0);
INSERT INTO `ac_quiz_question_answers` VALUES (138, 33, 'delight', 0);
INSERT INTO `ac_quiz_question_answers` VALUES (139, 33, 'secret', 0);
INSERT INTO `ac_quiz_question_answers` VALUES (140, 34, 'real', 0);
INSERT INTO `ac_quiz_question_answers` VALUES (141, 34, 'unstated', 0);
INSERT INTO `ac_quiz_question_answers` VALUES (142, 34, 'delight', 0);
INSERT INTO `ac_quiz_question_answers` VALUES (143, 34, 'secret', 1);
INSERT INTO `ac_quiz_question_answers` VALUES (144, 34, 'stated', 0);
INSERT INTO `ac_quiz_question_answers` VALUES (145, 35, 'Loyalty', 0);
INSERT INTO `ac_quiz_question_answers` VALUES (146, 35, 'Satisfaction', 0);
INSERT INTO `ac_quiz_question_answers` VALUES (147, 35, 'Value', 1);
INSERT INTO `ac_quiz_question_answers` VALUES (148, 35, 'Expectations', 0);
INSERT INTO `ac_quiz_question_answers` VALUES (149, 35, 'Comparison shopping', 0);
INSERT INTO `ac_quiz_question_answers` VALUES (150, 36, 'Behavior of human beings', 0);
INSERT INTO `ac_quiz_question_answers` VALUES (151, 36, 'Insects', 1);
INSERT INTO `ac_quiz_question_answers` VALUES (152, 36, 'The origin and history of technical and scientific terms', 0);
INSERT INTO `ac_quiz_question_answers` VALUES (153, 36, 'The formation of rocks', 0);
INSERT INTO `ac_quiz_question_answers` VALUES (154, 37, 'Physics and Chemistry', 1);
INSERT INTO `ac_quiz_question_answers` VALUES (155, 37, 'Physiology or Medicine', 1);
INSERT INTO `ac_quiz_question_answers` VALUES (156, 37, 'Literature, Peace and Economics', 1);
INSERT INTO `ac_quiz_question_answers` VALUES (157, 38, 'developed the telescope', 0);
INSERT INTO `ac_quiz_question_answers` VALUES (158, 38, 'discovered four satellites of Jupiter', 0);
INSERT INTO `ac_quiz_question_answers` VALUES (159, 38, 'discovered that the movement of pendulum produces a regular time measurement', 0);
INSERT INTO `ac_quiz_question_answers` VALUES (160, 38, 'All of the above', 1);
INSERT INTO `ac_quiz_question_answers` VALUES (161, 39, 'the infrared light kills bacteria in the body', 0);
INSERT INTO `ac_quiz_question_answers` VALUES (162, 39, 'resistance power increases', 0);
INSERT INTO `ac_quiz_question_answers` VALUES (163, 39, 'the pigment cells in the skin get stimulated and produce a healthy tan', 0);
INSERT INTO `ac_quiz_question_answers` VALUES (164, 39, 'the ultraviolet rays convert skin oil into Vitamin D', 1);
INSERT INTO `ac_quiz_question_answers` VALUES (165, 40, '26 m x 14 m', 0);
INSERT INTO `ac_quiz_question_answers` VALUES (166, 40, '28 m x 15 m', 1);
INSERT INTO `ac_quiz_question_answers` VALUES (167, 40, '27 m x 16 m', 0);
INSERT INTO `ac_quiz_question_answers` VALUES (168, 40, '28 m x 16 m', 0);
INSERT INTO `ac_quiz_question_answers` VALUES (169, 41, 'sliding to rolling', 1);
INSERT INTO `ac_quiz_question_answers` VALUES (170, 41, 'rolling to sliding', 0);
INSERT INTO `ac_quiz_question_answers` VALUES (171, 41, 'potential energy to kinetic energy', 0);
INSERT INTO `ac_quiz_question_answers` VALUES (172, 41, 'dynamic to static', 0);
INSERT INTO `ac_quiz_question_answers` VALUES (173, 42, 'Birds', 0);
INSERT INTO `ac_quiz_question_answers` VALUES (174, 42, 'Cell formation', 0);
INSERT INTO `ac_quiz_question_answers` VALUES (175, 42, 'Relation between organisms and their environment', 1);
INSERT INTO `ac_quiz_question_answers` VALUES (176, 42, 'Tissues', 0);
INSERT INTO `ac_quiz_question_answers` VALUES (177, 43, 'Cricket', 0);
INSERT INTO `ac_quiz_question_answers` VALUES (178, 43, 'Football', 1);
INSERT INTO `ac_quiz_question_answers` VALUES (179, 43, 'Hockey', 0);
INSERT INTO `ac_quiz_question_answers` VALUES (180, 43, 'Volleyball', 0);
INSERT INTO `ac_quiz_question_answers` VALUES (181, 44, 'New York, USA', 1);
INSERT INTO `ac_quiz_question_answers` VALUES (182, 44, 'Hague (Netherlands)', 0);
INSERT INTO `ac_quiz_question_answers` VALUES (183, 44, 'Geneva', 0);
INSERT INTO `ac_quiz_question_answers` VALUES (184, 44, 'Paris', 0);
INSERT INTO `ac_quiz_question_answers` VALUES (185, 45, '1564 AD', 0);
INSERT INTO `ac_quiz_question_answers` VALUES (186, 45, '1798 AD', 0);
INSERT INTO `ac_quiz_question_answers` VALUES (187, 45, '1843 AD', 1);
INSERT INTO `ac_quiz_question_answers` VALUES (188, 45, '1901 AD', 0);
INSERT INTO `ac_quiz_question_answers` VALUES (189, 46, 'Aluminium', 0);
INSERT INTO `ac_quiz_question_answers` VALUES (190, 46, 'Copper', 0);
INSERT INTO `ac_quiz_question_answers` VALUES (191, 46, 'Lead', 0);
INSERT INTO `ac_quiz_question_answers` VALUES (192, 46, 'Zinc', 1);
INSERT INTO `ac_quiz_question_answers` VALUES (193, 47, 'for coagulation of mud particles', 1);
INSERT INTO `ac_quiz_question_answers` VALUES (194, 47, 'to kill bacteria', 0);
INSERT INTO `ac_quiz_question_answers` VALUES (195, 47, 'to remove salts', 0);
INSERT INTO `ac_quiz_question_answers` VALUES (196, 47, 'to remove gases', 0);
INSERT INTO `ac_quiz_question_answers` VALUES (197, 48, '15 trillion', 0);
INSERT INTO `ac_quiz_question_answers` VALUES (198, 48, '20 trillion', 0);
INSERT INTO `ac_quiz_question_answers` VALUES (199, 48, '25 trillion', 0);
INSERT INTO `ac_quiz_question_answers` VALUES (200, 48, '30 trillion', 1);
INSERT INTO `ac_quiz_question_answers` VALUES (201, 49, 'Rainy season', 0);
INSERT INTO `ac_quiz_question_answers` VALUES (202, 49, 'Spring', 0);
INSERT INTO `ac_quiz_question_answers` VALUES (203, 49, 'Winter', 1);
INSERT INTO `ac_quiz_question_answers` VALUES (204, 49, 'Summer', 0);
INSERT INTO `ac_quiz_question_answers` VALUES (205, 50, 'Four times', 0);
INSERT INTO `ac_quiz_question_answers` VALUES (206, 50, 'Twice', 0);
INSERT INTO `ac_quiz_question_answers` VALUES (207, 50, 'Five times', 1);
INSERT INTO `ac_quiz_question_answers` VALUES (208, 50, 'Once', 0);

-- ----------------------------
-- Table structure for ac_quiz_questions
-- ----------------------------
DROP TABLE IF EXISTS `ac_quiz_questions`;
CREATE TABLE `ac_quiz_questions`  (
  `quiz_question_id` int(10) UNSIGNED NOT NULL AUTO_INCREMENT,
  `quiz_id` int(10) UNSIGNED NOT NULL,
  `account_id` int(10) UNSIGNED NULL DEFAULT NULL,
  `title` text CHARACTER SET utf8 COLLATE utf8_general_ci NOT NULL,
  `image` varchar(250) CHARACTER SET utf8 COLLATE utf8_general_ci NOT NULL,
  `type` varchar(20) CHARACTER SET utf8 COLLATE utf8_general_ci NOT NULL,
  `order` tinyint(4) NOT NULL,
  `created_at` datetime(0) NULL DEFAULT NULL,
  `updated_at` datetime(0) NULL DEFAULT NULL,
  PRIMARY KEY (`quiz_question_id`) USING BTREE
) ENGINE = InnoDB AUTO_INCREMENT = 51 CHARACTER SET = utf8 COLLATE = utf8_general_ci ROW_FORMAT = DYNAMIC;

-- ----------------------------
-- Records of ac_quiz_questions
-- ----------------------------
INSERT INTO `ac_quiz_questions` VALUES (1, 1, NULL, 'A computer basically constitutes of _______ integral components', '', 'radio', 0, '2020-12-24 02:38:31', '2020-12-24 02:38:31');
INSERT INTO `ac_quiz_questions` VALUES (2, 1, NULL, 'Computers have secondary storage devices known as', '', 'radio', 0, '2020-12-24 02:38:31', '2020-12-24 02:38:31');
INSERT INTO `ac_quiz_questions` VALUES (3, 1, NULL, 'The ____ is responsible for various computer operations', '', 'radio', 0, '2020-12-24 02:38:31', '2020-12-24 02:38:31');
INSERT INTO `ac_quiz_questions` VALUES (4, 1, NULL, 'Popular microprocessors include', '', 'radio', 0, '2020-12-24 02:38:31', '2020-12-24 02:38:31');
INSERT INTO `ac_quiz_questions` VALUES (5, 1, NULL, 'These types of computers are primarily involved in data processing and problem solving for specific programs.', '', 'radio', 0, '2020-12-24 02:38:31', '2020-12-24 02:38:31');
INSERT INTO `ac_quiz_questions` VALUES (6, 1, NULL, 'It mediates communication between CPU and other components of system.', '', 'radio', 0, '2020-12-24 02:38:31', '2020-12-24 02:38:31');
INSERT INTO `ac_quiz_questions` VALUES (7, 1, NULL, 'Software that resides on a single computer and does not interact with any other software installed in a different computer.', '', 'radio', 0, '2020-12-24 02:38:31', '2020-12-24 02:38:31');
INSERT INTO `ac_quiz_questions` VALUES (8, 1, NULL, '____ was the first high level language developed by John Backus at IBM in 1956.', '', 'radio', 0, '2020-12-24 02:38:31', '2020-12-24 02:38:31');
INSERT INTO `ac_quiz_questions` VALUES (9, 1, NULL, '____ is a presentation tool that helps create eye catching and effective presentations in a matter of minutes', '', 'radio', 0, '2020-12-24 02:38:31', '2020-12-24 02:38:31');
INSERT INTO `ac_quiz_questions` VALUES (10, 1, NULL, 'The professionals involved in the study and prediction of weather are called.', '', 'radio', 0, '2020-12-24 02:38:31', '2020-12-24 02:38:31');
INSERT INTO `ac_quiz_questions` VALUES (11, 1, NULL, 'The various types of computers are.', '', 'checkbox', 0, '2020-12-24 02:38:31', '2020-12-24 02:38:31');
INSERT INTO `ac_quiz_questions` VALUES (12, 1, NULL, 'It is very important for a computer system to have the ability to communicate with the outside world.', '', 'checkbox', 0, '2020-12-24 02:38:31', '2020-12-24 02:38:31');
INSERT INTO `ac_quiz_questions` VALUES (13, 1, NULL, '1 Gigabyte is equal to', '', 'radio', 0, '2020-12-24 02:38:31', '2020-12-24 02:38:31');
INSERT INTO `ac_quiz_questions` VALUES (14, 1, NULL, 'Pen drive is a', '', 'radio', 0, '2020-12-24 02:38:31', '2020-12-24 02:38:31');
INSERT INTO `ac_quiz_questions` VALUES (15, 1, NULL, 'How many types of constructors are available, in general, in any language?', '', 'radio', 0, '2020-12-24 02:38:31', '2020-12-24 02:38:31');
INSERT INTO `ac_quiz_questions` VALUES (16, 1, NULL, 'Which among the following is true for static constructor?', '', 'radio', 0, '2020-12-24 02:38:31', '2020-12-24 02:38:31');
INSERT INTO `ac_quiz_questions` VALUES (17, 1, NULL, 'Within a class, only one static constructor can be created.', '', 'radio', 0, '2020-12-24 02:38:31', '2020-12-24 02:38:31');
INSERT INTO `ac_quiz_questions` VALUES (18, 1, NULL, 'Why do we use constructor overloading?', '', 'radio', 0, '2020-12-24 02:38:31', '2020-12-24 02:38:31');
INSERT INTO `ac_quiz_questions` VALUES (19, 1, NULL, 'The destructor can be called before the constructor if required.', '', 'radio', 0, '2020-12-24 02:38:31', '2020-12-24 02:38:31');
INSERT INTO `ac_quiz_questions` VALUES (20, 1, NULL, ' If in multiple inheritance, class C inherits class B, and Class B inherits class A. In which sequence are their destructors called if an object of class C was declared?', '', 'radio', 0, '2020-12-24 02:38:31', '2020-12-24 02:38:31');
INSERT INTO `ac_quiz_questions` VALUES (21, 2, NULL, 'Good marketing is no accident, but a result of careful planning and ________', '', 'radio', 0, '2020-12-24 02:38:31', '2020-12-24 02:38:31');
INSERT INTO `ac_quiz_questions` VALUES (22, 2, NULL, 'The most formal definition of marketing is ________', '', 'radio', 0, '2020-12-24 02:38:31', '2020-12-24 02:38:31');
INSERT INTO `ac_quiz_questions` VALUES (23, 2, NULL, '________ can be produced and marketed as a product.', '', 'radio', 0, '2020-12-24 02:38:31', '2020-12-24 02:38:31');
INSERT INTO `ac_quiz_questions` VALUES (24, 2, NULL, 'The   ________   promises   to   lead   to   more   accurate   levels   of   production,   moretargeted communications, and more relevant pricing.', '', 'radio', 0, '2020-12-24 02:38:31', '2020-12-24 02:38:31');
INSERT INTO `ac_quiz_questions` VALUES (25, 2, NULL, 'Marketers often use the term ________ to cover various groupings of customers.', '', 'radio', 0, '2020-12-24 02:38:31', '2020-12-24 02:38:31');
INSERT INTO `ac_quiz_questions` VALUES (26, 2, NULL, 'Customers are showing greater price sensitivity in their search for ________', '', 'radio', 0, '2020-12-24 02:38:31', '2020-12-24 02:38:31');
INSERT INTO `ac_quiz_questions` VALUES (27, 2, NULL, 'The ________ concept holds that consumers will favor those products that offerthe most quality, performance, or innovative features.', '', 'radio', 0, '2020-12-24 02:38:31', '2020-12-24 02:38:31');
INSERT INTO `ac_quiz_questions` VALUES (28, 2, NULL, 'The ________ concept holds that consumers and businesses, if left alone, willordinarily not buy enough of the organization’s products.', '', 'radio', 0, '2020-12-24 02:38:31', '2020-12-24 02:38:31');
INSERT INTO `ac_quiz_questions` VALUES (29, 2, NULL, 'In the course of converting to a marketing orientation, a company faces threehurdles—________.', '', 'radio', 0, '2020-12-24 02:38:31', '2020-12-24 02:38:31');
INSERT INTO `ac_quiz_questions` VALUES (30, 2, NULL, 'Marketers argue for a ________ in which all functions work together to respondto, serve, and satisfy the customer.', '', 'radio', 0, '2020-12-24 02:38:31', '2020-12-24 02:38:31');
INSERT INTO `ac_quiz_questions` VALUES (31, 2, NULL, 'One traditional depiction of marketing activities is in terms of the marketing mixor four Ps. The four Ps are characterized as being ________.', '', 'radio', 0, '2020-12-24 02:38:31', '2020-12-24 02:38:31');
INSERT INTO `ac_quiz_questions` VALUES (32, 2, NULL, 'Marketing is not a department so much as a ________.', '', 'radio', 0, '2020-12-24 02:38:31', '2020-12-24 02:38:31');
INSERT INTO `ac_quiz_questions` VALUES (33, 2, NULL, 'When a customer has a(n) ________ need he/she wants a car whose operatingcost, not its initial price, is low.', '', 'radio', 0, '2020-12-24 02:38:31', '2020-12-24 02:38:31');
INSERT INTO `ac_quiz_questions` VALUES (34, 2, NULL, 'When a  customer has  a(n)  ________  need the  customer  wants  to  be seen   byfriends as a savvy consumer.', '', 'radio', 0, '2020-12-24 02:38:31', '2020-12-24 02:38:31');
INSERT INTO `ac_quiz_questions` VALUES (35, 2, NULL, '________  reflects   the   perceived   tangible   and   intangible   benefits   and   costs   tocustomers.', '', 'radio', 0, '2020-12-24 02:38:31', '2020-12-24 02:38:31');
INSERT INTO `ac_quiz_questions` VALUES (36, 3, NULL, 'Entomology is the science that studies', '', 'radio', 0, '2020-12-24 02:38:31', '2020-12-24 02:38:31');
INSERT INTO `ac_quiz_questions` VALUES (37, 3, NULL, 'For which of the following disciplines is Nobel Prize awarded?', '', 'checkbox', 0, '2020-12-24 02:38:31', '2020-12-24 02:38:31');
INSERT INTO `ac_quiz_questions` VALUES (38, 3, NULL, 'Galileo was an Italian astronomer who', '', 'radio', 0, '2020-12-24 02:38:31', '2020-12-24 02:38:31');
INSERT INTO `ac_quiz_questions` VALUES (39, 3, NULL, 'Exposure to sunlight helps a person improve his health because', '', 'radio', 0, '2020-12-24 02:38:31', '2020-12-24 02:38:31');
INSERT INTO `ac_quiz_questions` VALUES (40, 3, NULL, 'For the Olympics and World Tournaments, the dimensions of basketball court are', '', 'radio', 0, '2020-12-24 02:38:31', '2020-12-24 02:38:31');
INSERT INTO `ac_quiz_questions` VALUES (41, 3, NULL, 'Friction can be reduced by changing from', '', 'radio', 0, '2020-12-24 02:38:31', '2020-12-24 02:38:31');
INSERT INTO `ac_quiz_questions` VALUES (42, 3, NULL, 'Ecology deals with', '', 'radio', 0, '2020-12-24 02:38:31', '2020-12-24 02:38:31');
INSERT INTO `ac_quiz_questions` VALUES (43, 3, NULL, 'Durand Cup is associated with the game of', '', 'radio', 0, '2020-12-24 02:38:31', '2020-12-24 02:38:31');
INSERT INTO `ac_quiz_questions` VALUES (44, 3, NULL, 'Headquarters of UNO are situated at', '', 'radio', 0, '2020-12-24 02:38:31', '2020-12-24 02:38:31');
INSERT INTO `ac_quiz_questions` VALUES (45, 3, NULL, 'First International Peace Congress was held in London in', '', 'radio', 0, '2020-12-24 02:38:31', '2020-12-24 02:38:31');
INSERT INTO `ac_quiz_questions` VALUES (46, 3, NULL, 'For galvanizing iron which of the following metals is used?', '', 'radio', 0, '2020-12-24 02:38:31', '2020-12-24 02:38:31');
INSERT INTO `ac_quiz_questions` VALUES (47, 3, NULL, 'For purifying drinking water alum is used', '', 'radio', 0, '2020-12-24 02:38:31', '2020-12-24 02:38:31');
INSERT INTO `ac_quiz_questions` VALUES (48, 3, NULL, 'In a normal human body, the total number of red blood cells is', '', 'radio', 0, '2020-12-24 02:38:31', '2020-12-24 02:38:31');
INSERT INTO `ac_quiz_questions` VALUES (49, 3, NULL, 'In which season do we need more fat?', '', 'radio', 0, '2020-12-24 02:38:31', '2020-12-24 02:38:31');
INSERT INTO `ac_quiz_questions` VALUES (50, 3, NULL, 'How many times has Brazil won the World Cup Football Championship?', '', 'radio', 0, '2020-12-24 02:38:31', '2020-12-24 02:38:31');

-- ----------------------------
-- Table structure for ac_quizes
-- ----------------------------
DROP TABLE IF EXISTS `ac_quizes`;
CREATE TABLE `ac_quizes`  (
  `quiz_id` int(10) UNSIGNED NOT NULL AUTO_INCREMENT,
  `quiz_category_id` int(10) UNSIGNED NOT NULL,
  `account_id` int(10) UNSIGNED NULL DEFAULT NULL,
  `title` varchar(100) CHARACTER SET utf8 COLLATE utf8_general_ci NOT NULL,
  `description` text CHARACTER SET utf8 COLLATE utf8_general_ci NULL,
  `allowed_time` int(5) NOT NULL,
  `created_at` datetime(0) NULL DEFAULT NULL,
  `updated_at` datetime(0) NULL DEFAULT NULL,
  PRIMARY KEY (`quiz_id`) USING BTREE
) ENGINE = InnoDB AUTO_INCREMENT = 4 CHARACTER SET = utf8 COLLATE = utf8_general_ci ROW_FORMAT = DYNAMIC;

-- ----------------------------
-- Records of ac_quizes
-- ----------------------------
INSERT INTO `ac_quizes` VALUES (1, 1, NULL, 'IT Position Quiz', 'Lorem Ipsum is simply dummy text of the printing and typesetting industry. Lorem Ipsum has been the industry\'s standard dummy text ever since the 1500s, when an unknown printer took a galley of type and scrambled it to make a type specimen book. It has survived not only five centuries, but also the leap into electronic typesetting, remaining essentially unchanged.', 30, '2020-12-24 02:38:31', '2020-12-24 02:38:31');
INSERT INTO `ac_quizes` VALUES (2, 1, NULL, 'Marketing Position Quiz', 'Lorem Ipsum is simply dummy text of the printing and typesetting industry. Lorem Ipsum has been the industry\'s standard dummy text ever since the 1500s, when an unknown printer took a galley of type and scrambled it to make a type specimen book. It has survived not only five centuries, but also the leap into electronic typesetting, remaining essentially unchanged.', 30, '2020-12-24 02:38:31', '2020-12-24 02:38:31');
INSERT INTO `ac_quizes` VALUES (3, 4, NULL, 'General Knowledge Quiz', 'Lorem Ipsum is simply dummy text of the printing and typesetting industry. Lorem Ipsum has been the industry\'s standard dummy text ever since the 1500s, when an unknown printer took a galley of type and scrambled it to make a type specimen book. It has survived not only five centuries, but also the leap into electronic typesetting, remaining essentially unchanged.', 30, '2020-12-24 02:38:31', '2020-12-24 02:38:31');

-- ----------------------------
-- Table structure for ac_resume_achievements
-- ----------------------------
DROP TABLE IF EXISTS `ac_resume_achievements`;
CREATE TABLE `ac_resume_achievements`  (
  `resume_achievement_id` int(10) UNSIGNED NOT NULL AUTO_INCREMENT,
  `resume_id` int(10) UNSIGNED NULL DEFAULT NULL,
  `title` varchar(100) CHARACTER SET utf8 COLLATE utf8_general_ci NOT NULL,
  `link` varchar(100) CHARACTER SET utf8 COLLATE utf8_general_ci NOT NULL,
  `date` datetime(0) NULL DEFAULT NULL,
  `type` varchar(100) CHARACTER SET utf8 COLLATE utf8_general_ci NOT NULL,
  `description` text CHARACTER SET utf8 COLLATE utf8_general_ci NOT NULL,
  `created_at` datetime(0) NULL DEFAULT NULL,
  `updated_at` datetime(0) NULL DEFAULT NULL,
  PRIMARY KEY (`resume_achievement_id`) USING BTREE
) ENGINE = InnoDB AUTO_INCREMENT = 24 CHARACTER SET = utf8 COLLATE = utf8_general_ci ROW_FORMAT = DYNAMIC;

-- ----------------------------
-- Records of ac_resume_achievements
-- ----------------------------
INSERT INTO `ac_resume_achievements` VALUES (2, 2, 'Certificate', 'http://www.example.com', '2018-06-15 00:00:00', 'certificate', 'Dummy Description', '2020-12-24 02:38:33', '2020-12-24 02:38:33');
INSERT INTO `ac_resume_achievements` VALUES (3, 3, 'Certificate', 'http://www.example.com', '2018-06-15 00:00:00', 'certificate', 'Dummy Description', '2020-12-24 02:38:34', '2020-12-24 02:38:34');
INSERT INTO `ac_resume_achievements` VALUES (4, 4, 'Certificate', 'http://www.example.com', '2018-06-15 00:00:00', 'certificate', 'Dummy Description', '2020-12-24 02:38:34', '2020-12-24 02:38:34');
INSERT INTO `ac_resume_achievements` VALUES (5, 5, 'Certificate', 'http://www.example.com', '2018-06-15 00:00:00', 'certificate', 'Dummy Description', '2020-12-24 02:38:34', '2020-12-24 02:38:34');
INSERT INTO `ac_resume_achievements` VALUES (6, 6, 'Certificate', 'http://www.example.com', '2018-06-15 00:00:00', 'certificate', 'Dummy Description', '2020-12-24 02:38:34', '2020-12-24 02:38:34');
INSERT INTO `ac_resume_achievements` VALUES (7, 7, 'Certificate', 'http://www.example.com', '2018-06-15 00:00:00', 'certificate', 'Dummy Description', '2020-12-24 02:38:34', '2020-12-24 02:38:34');
INSERT INTO `ac_resume_achievements` VALUES (8, 8, 'Certificate', 'http://www.example.com', '2018-06-15 00:00:00', 'certificate', 'Dummy Description', '2020-12-24 02:38:34', '2020-12-24 02:38:34');
INSERT INTO `ac_resume_achievements` VALUES (9, 9, 'Certificate', 'http://www.example.com', '2018-06-15 00:00:00', 'certificate', 'Dummy Description', '2020-12-24 02:38:34', '2020-12-24 02:38:34');
INSERT INTO `ac_resume_achievements` VALUES (10, 10, 'Certificate', 'http://www.example.com', '2018-06-15 00:00:00', 'certificate', 'Dummy Description', '2020-12-24 02:38:34', '2020-12-24 02:38:34');
INSERT INTO `ac_resume_achievements` VALUES (11, 11, 'Certificate', 'http://www.example.com', '2018-06-15 00:00:00', 'certificate', 'Dummy Description', '2020-12-24 02:38:34', '2020-12-24 02:38:34');
INSERT INTO `ac_resume_achievements` VALUES (12, 12, 'Certificate', 'http://www.example.com', '2018-06-15 00:00:00', 'certificate', 'Dummy Description', '2020-12-24 02:38:35', '2020-12-24 02:38:35');
INSERT INTO `ac_resume_achievements` VALUES (13, 13, 'Certificate', 'http://www.example.com', '2018-06-15 00:00:00', 'certificate', 'Dummy Description', '2020-12-24 02:38:35', '2020-12-24 02:38:35');
INSERT INTO `ac_resume_achievements` VALUES (14, 14, 'Certificate', 'http://www.example.com', '2018-06-15 00:00:00', 'certificate', 'Dummy Description', '2020-12-24 02:38:35', '2020-12-24 02:38:35');
INSERT INTO `ac_resume_achievements` VALUES (19, 31, 'est', 'https://www.aspirantecertificado.com', '2021-02-09 00:00:00', 'certificate', 'test3232323 323rerererererererre', '2021-02-09 03:17:04', '2021-02-09 03:17:04');
INSERT INTO `ac_resume_achievements` VALUES (23, 36, '12', '', '2021-02-17 00:00:00', 'certificate', '122121121212121', '2021-02-17 14:27:39', '2021-02-17 14:27:39');

-- ----------------------------
-- Table structure for ac_resume_experiences
-- ----------------------------
DROP TABLE IF EXISTS `ac_resume_experiences`;
CREATE TABLE `ac_resume_experiences`  (
  `resume_experience_id` int(10) UNSIGNED NOT NULL AUTO_INCREMENT,
  `resume_id` int(10) UNSIGNED NULL DEFAULT NULL,
  `title` varchar(100) CHARACTER SET utf8 COLLATE utf8_general_ci NOT NULL,
  `company` varchar(100) CHARACTER SET utf8 COLLATE utf8_general_ci NOT NULL,
  `from` datetime(0) NULL DEFAULT NULL,
  `to` datetime(0) NULL DEFAULT NULL,
  `description` text CHARACTER SET utf8 COLLATE utf8_general_ci NOT NULL,
  `is_current` tinyint(4) NOT NULL,
  `created_at` datetime(0) NULL DEFAULT NULL,
  `updated_at` datetime(0) NULL DEFAULT NULL,
  PRIMARY KEY (`resume_experience_id`) USING BTREE
) ENGINE = InnoDB AUTO_INCREMENT = 46 CHARACTER SET = utf8 COLLATE = utf8_general_ci ROW_FORMAT = DYNAMIC;

-- ----------------------------
-- Records of ac_resume_experiences
-- ----------------------------
INSERT INTO `ac_resume_experiences` VALUES (4, 2, 'Intern', 'ABC Company', '2015-01-01 00:00:00', '2016-12-30 00:00:00', '', 0, '2020-12-24 02:38:33', '2020-12-24 02:38:33');
INSERT INTO `ac_resume_experiences` VALUES (5, 2, 'Executive', 'EFG Inc.', '2016-01-01 00:00:00', '2017-12-30 00:00:00', '', 0, '2020-12-24 02:38:33', '2020-12-24 02:38:33');
INSERT INTO `ac_resume_experiences` VALUES (6, 2, 'Manager', 'XYZ Corp.', '2018-01-01 00:00:00', '2019-12-15 00:00:00', '', 0, '2020-12-24 02:38:33', '2020-12-24 02:38:33');
INSERT INTO `ac_resume_experiences` VALUES (7, 2, 'Sr. Manager', 'XYZ Corp 2.', '2019-04-01 00:00:00', '2020-10-15 00:00:00', '', 0, '2020-12-24 02:38:33', '2020-12-24 02:38:33');
INSERT INTO `ac_resume_experiences` VALUES (8, 3, 'Intern', 'ABC Company', '2015-01-01 00:00:00', '2018-12-30 00:00:00', '', 0, '2020-12-24 02:38:34', '2020-12-24 02:38:34');
INSERT INTO `ac_resume_experiences` VALUES (9, 3, 'Manager', 'XYZ Corp.', '2019-04-01 00:00:00', '2020-02-15 00:00:00', '', 0, '2020-12-24 02:38:34', '2020-12-24 02:38:34');
INSERT INTO `ac_resume_experiences` VALUES (10, 4, 'Intern', 'ABC Company', '2015-01-01 00:00:00', '2018-12-30 00:00:00', '', 0, '2020-12-24 02:38:34', '2020-12-24 02:38:34');
INSERT INTO `ac_resume_experiences` VALUES (11, 4, 'Executive', 'EFG Inc.', '2019-01-01 00:00:00', '2019-03-30 00:00:00', '', 0, '2020-12-24 02:38:34', '2020-12-24 02:38:34');
INSERT INTO `ac_resume_experiences` VALUES (12, 4, 'Manager', 'XYZ Corp.', '2019-04-01 00:00:00', '2020-02-15 00:00:00', '', 0, '2020-12-24 02:38:34', '2020-12-24 02:38:34');
INSERT INTO `ac_resume_experiences` VALUES (13, 5, 'Intern', 'ABC Company', '2017-06-01 00:00:00', '2018-12-30 00:00:00', '', 0, '2020-12-24 02:38:34', '2020-12-24 02:38:34');
INSERT INTO `ac_resume_experiences` VALUES (14, 5, 'Executive', 'EFG Inc.', '2019-02-01 00:00:00', '2019-08-30 00:00:00', '', 0, '2020-12-24 02:38:34', '2020-12-24 02:38:34');
INSERT INTO `ac_resume_experiences` VALUES (15, 6, 'Intern', 'ABC Company', '2012-01-01 00:00:00', '2015-12-30 00:00:00', '', 0, '2020-12-24 02:38:34', '2020-12-24 02:38:34');
INSERT INTO `ac_resume_experiences` VALUES (16, 6, 'Executive', 'EFG Inc.', '2016-04-01 00:00:00', '2018-09-30 00:00:00', '', 0, '2020-12-24 02:38:34', '2020-12-24 02:38:34');
INSERT INTO `ac_resume_experiences` VALUES (17, 6, 'Manager', 'XYZ Corp.', '2019-04-01 00:00:00', '2020-02-15 00:00:00', '', 0, '2020-12-24 02:38:34', '2020-12-24 02:38:34');
INSERT INTO `ac_resume_experiences` VALUES (18, 7, 'Intern', 'ABC Company', '2016-01-01 00:00:00', '2018-12-30 00:00:00', '', 0, '2020-12-24 02:38:34', '2020-12-24 02:38:34');
INSERT INTO `ac_resume_experiences` VALUES (19, 7, 'Manager', 'XYZ Corp.', '2019-05-01 00:00:00', '2019-10-30 00:00:00', '', 0, '2020-12-24 02:38:34', '2020-12-24 02:38:34');
INSERT INTO `ac_resume_experiences` VALUES (20, 8, 'Executive', 'EFG Inc.', '2011-01-01 00:00:00', '2016-03-30 00:00:00', '', 0, '2020-12-24 02:38:34', '2020-12-24 02:38:34');
INSERT INTO `ac_resume_experiences` VALUES (21, 8, 'Manager', 'XYZ Corp.', '2017-04-01 00:00:00', '2020-02-15 00:00:00', '', 0, '2020-12-24 02:38:34', '2020-12-24 02:38:34');
INSERT INTO `ac_resume_experiences` VALUES (22, 9, 'Intern', 'ABC Company', '2015-01-01 00:00:00', '2018-12-30 00:00:00', '', 0, '2020-12-24 02:38:34', '2020-12-24 02:38:34');
INSERT INTO `ac_resume_experiences` VALUES (23, 9, 'Executive', 'EFG Inc.', '2019-01-01 00:00:00', '2019-03-30 00:00:00', '', 0, '2020-12-24 02:38:34', '2020-12-24 02:38:34');
INSERT INTO `ac_resume_experiences` VALUES (24, 9, 'Manager', 'XYZ Corp.', '2019-04-01 00:00:00', '2020-02-15 00:00:00', '', 0, '2020-12-24 02:38:34', '2020-12-24 02:38:34');
INSERT INTO `ac_resume_experiences` VALUES (25, 10, 'Intern', 'ABC Company', '2011-01-01 00:00:00', '2013-12-30 00:00:00', '', 0, '2020-12-24 02:38:34', '2020-12-24 02:38:34');
INSERT INTO `ac_resume_experiences` VALUES (26, 10, 'Executive', 'EFG Inc.', '2014-01-01 00:00:00', '2016-03-30 00:00:00', '', 0, '2020-12-24 02:38:34', '2020-12-24 02:38:34');
INSERT INTO `ac_resume_experiences` VALUES (27, 10, 'Manager', 'XYZ Corp.', '2017-04-01 00:00:00', '2018-02-15 00:00:00', '', 0, '2020-12-24 02:38:34', '2020-12-24 02:38:34');
INSERT INTO `ac_resume_experiences` VALUES (28, 10, 'Sr. Manager', 'XYZ Corp.', '2019-04-01 00:00:00', '2020-02-15 00:00:00', '', 0, '2020-12-24 02:38:34', '2020-12-24 02:38:34');
INSERT INTO `ac_resume_experiences` VALUES (29, 11, 'Intern', 'ABC Company', '2015-01-01 00:00:00', '2018-12-30 00:00:00', '', 0, '2020-12-24 02:38:34', '2020-12-24 02:38:34');
INSERT INTO `ac_resume_experiences` VALUES (30, 11, 'Executive', 'EFG Inc.', '2019-01-01 00:00:00', '2019-03-30 00:00:00', '', 0, '2020-12-24 02:38:34', '2020-12-24 02:38:34');
INSERT INTO `ac_resume_experiences` VALUES (31, 12, 'Executive', 'EFG Inc.', '2019-01-01 00:00:00', '2019-03-30 00:00:00', '', 0, '2020-12-24 02:38:34', '2020-12-24 02:38:34');
INSERT INTO `ac_resume_experiences` VALUES (32, 12, 'Manager', 'XYZ Corp.', '2019-04-01 00:00:00', '2020-02-15 00:00:00', '', 0, '2020-12-24 02:38:34', '2020-12-24 02:38:34');
INSERT INTO `ac_resume_experiences` VALUES (33, 13, 'Executive', 'EFG Inc.', '2019-01-01 00:00:00', '2019-03-30 00:00:00', '', 0, '2020-12-24 02:38:35', '2020-12-24 02:38:35');
INSERT INTO `ac_resume_experiences` VALUES (34, 13, 'Manager', 'XYZ Corp.', '2019-04-01 00:00:00', '2020-02-15 00:00:00', '', 0, '2020-12-24 02:38:35', '2020-12-24 02:38:35');
INSERT INTO `ac_resume_experiences` VALUES (35, 14, 'Executive', 'EFG Inc.', '2019-01-01 00:00:00', '2019-03-30 00:00:00', '', 0, '2020-12-24 02:38:35', '2020-12-24 02:38:35');
INSERT INTO `ac_resume_experiences` VALUES (36, 14, 'Manager', 'XYZ Corp.', '2019-04-01 00:00:00', '2020-02-15 00:00:00', '', 0, '2020-12-24 02:38:35', '2020-12-24 02:38:35');
INSERT INTO `ac_resume_experiences` VALUES (42, 31, 'test|', 'test2', '2021-02-09 00:00:00', '2021-02-09 00:00:00', 'testt', 0, '2021-02-09 03:16:01', '2021-02-09 03:16:01');
INSERT INTO `ac_resume_experiences` VALUES (44, 36, 'te', 'test', '2021-02-17 00:00:00', '2021-02-17 00:00:00', 'test', 0, '2021-02-17 14:26:37', '2021-02-17 14:26:37');
INSERT INTO `ac_resume_experiences` VALUES (45, 59, 'aaa', 'ffffe e e', '2021-02-23 00:00:00', '2021-02-26 00:00:00', 'aaaaaaaaaaaaaaaaaaaa', 0, '2021-02-23 21:05:56', '2021-02-23 21:05:56');

-- ----------------------------
-- Table structure for ac_resume_languages
-- ----------------------------
DROP TABLE IF EXISTS `ac_resume_languages`;
CREATE TABLE `ac_resume_languages`  (
  `resume_language_id` int(10) UNSIGNED NOT NULL AUTO_INCREMENT,
  `resume_id` int(10) UNSIGNED NULL DEFAULT NULL,
  `title` varchar(100) CHARACTER SET utf8 COLLATE utf8_general_ci NOT NULL,
  `proficiency` varchar(100) CHARACTER SET utf8 COLLATE utf8_general_ci NOT NULL,
  `created_at` datetime(0) NULL DEFAULT NULL,
  `updated_at` datetime(0) NULL DEFAULT NULL,
  PRIMARY KEY (`resume_language_id`) USING BTREE
) ENGINE = InnoDB AUTO_INCREMENT = 52 CHARACTER SET = utf8 COLLATE = utf8_general_ci ROW_FORMAT = DYNAMIC;

-- ----------------------------
-- Records of ac_resume_languages
-- ----------------------------
INSERT INTO `ac_resume_languages` VALUES (5, 2, 'English', 'native', '2020-12-24 02:38:33', '2020-12-24 02:38:33');
INSERT INTO `ac_resume_languages` VALUES (6, 2, 'French', 'beginner', '2020-12-24 02:38:33', '2020-12-24 02:38:33');
INSERT INTO `ac_resume_languages` VALUES (7, 3, 'English', 'native', '2020-12-24 02:38:34', '2020-12-24 02:38:34');
INSERT INTO `ac_resume_languages` VALUES (8, 3, 'English 2', 'native', '2020-12-24 02:38:34', '2020-12-24 02:38:34');
INSERT INTO `ac_resume_languages` VALUES (9, 3, 'French', 'beginner', '2020-12-24 02:38:34', '2020-12-24 02:38:34');
INSERT INTO `ac_resume_languages` VALUES (10, 3, 'French 2', 'beginner', '2020-12-24 02:38:34', '2020-12-24 02:38:34');
INSERT INTO `ac_resume_languages` VALUES (11, 3, 'German', 'intermediate', '2020-12-24 02:38:34', '2020-12-24 02:38:34');
INSERT INTO `ac_resume_languages` VALUES (12, 4, 'English', 'native', '2020-12-24 02:38:34', '2020-12-24 02:38:34');
INSERT INTO `ac_resume_languages` VALUES (13, 4, 'German', 'intermediate', '2020-12-24 02:38:34', '2020-12-24 02:38:34');
INSERT INTO `ac_resume_languages` VALUES (14, 5, 'English', 'native', '2020-12-24 02:38:34', '2020-12-24 02:38:34');
INSERT INTO `ac_resume_languages` VALUES (15, 5, 'French', 'beginner', '2020-12-24 02:38:34', '2020-12-24 02:38:34');
INSERT INTO `ac_resume_languages` VALUES (16, 5, 'German', 'intermediate', '2020-12-24 02:38:34', '2020-12-24 02:38:34');
INSERT INTO `ac_resume_languages` VALUES (17, 6, 'English', 'native', '2020-12-24 02:38:34', '2020-12-24 02:38:34');
INSERT INTO `ac_resume_languages` VALUES (18, 6, 'French', 'beginner', '2020-12-24 02:38:34', '2020-12-24 02:38:34');
INSERT INTO `ac_resume_languages` VALUES (19, 6, 'German', 'intermediate', '2020-12-24 02:38:34', '2020-12-24 02:38:34');
INSERT INTO `ac_resume_languages` VALUES (20, 7, 'English', 'native', '2020-12-24 02:38:34', '2020-12-24 02:38:34');
INSERT INTO `ac_resume_languages` VALUES (21, 7, 'French', 'beginner', '2020-12-24 02:38:34', '2020-12-24 02:38:34');
INSERT INTO `ac_resume_languages` VALUES (22, 7, 'German', 'intermediate', '2020-12-24 02:38:34', '2020-12-24 02:38:34');
INSERT INTO `ac_resume_languages` VALUES (23, 8, 'English', 'native', '2020-12-24 02:38:34', '2020-12-24 02:38:34');
INSERT INTO `ac_resume_languages` VALUES (24, 8, 'French', 'beginner', '2020-12-24 02:38:34', '2020-12-24 02:38:34');
INSERT INTO `ac_resume_languages` VALUES (25, 8, 'German', 'intermediate', '2020-12-24 02:38:34', '2020-12-24 02:38:34');
INSERT INTO `ac_resume_languages` VALUES (26, 9, 'English', 'native', '2020-12-24 02:38:34', '2020-12-24 02:38:34');
INSERT INTO `ac_resume_languages` VALUES (27, 9, 'French', 'beginner', '2020-12-24 02:38:34', '2020-12-24 02:38:34');
INSERT INTO `ac_resume_languages` VALUES (28, 9, 'German', 'intermediate', '2020-12-24 02:38:34', '2020-12-24 02:38:34');
INSERT INTO `ac_resume_languages` VALUES (29, 10, 'English', 'native', '2020-12-24 02:38:34', '2020-12-24 02:38:34');
INSERT INTO `ac_resume_languages` VALUES (30, 10, 'French', 'beginner', '2020-12-24 02:38:34', '2020-12-24 02:38:34');
INSERT INTO `ac_resume_languages` VALUES (31, 10, 'German', 'intermediate', '2020-12-24 02:38:34', '2020-12-24 02:38:34');
INSERT INTO `ac_resume_languages` VALUES (32, 11, 'English', 'native', '2020-12-24 02:38:34', '2020-12-24 02:38:34');
INSERT INTO `ac_resume_languages` VALUES (33, 11, 'French', 'beginner', '2020-12-24 02:38:34', '2020-12-24 02:38:34');
INSERT INTO `ac_resume_languages` VALUES (34, 11, 'German', 'intermediate', '2020-12-24 02:38:34', '2020-12-24 02:38:34');
INSERT INTO `ac_resume_languages` VALUES (35, 12, 'English', 'beginner', '2020-12-24 02:38:35', '2020-12-24 02:38:35');
INSERT INTO `ac_resume_languages` VALUES (36, 12, 'French', 'native', '2020-12-24 02:38:35', '2020-12-24 02:38:35');
INSERT INTO `ac_resume_languages` VALUES (37, 12, 'German', 'intermediate', '2020-12-24 02:38:35', '2020-12-24 02:38:35');
INSERT INTO `ac_resume_languages` VALUES (38, 13, 'English', 'beginner', '2020-12-24 02:38:35', '2020-12-24 02:38:35');
INSERT INTO `ac_resume_languages` VALUES (39, 13, 'French', 'native', '2020-12-24 02:38:35', '2020-12-24 02:38:35');
INSERT INTO `ac_resume_languages` VALUES (40, 13, 'German', 'intermediate', '2020-12-24 02:38:35', '2020-12-24 02:38:35');
INSERT INTO `ac_resume_languages` VALUES (41, 14, 'English', 'beginner', '2020-12-24 02:38:35', '2020-12-24 02:38:35');
INSERT INTO `ac_resume_languages` VALUES (42, 14, 'French', 'native', '2020-12-24 02:38:35', '2020-12-24 02:38:35');
INSERT INTO `ac_resume_languages` VALUES (43, 14, 'German', 'intermediate', '2020-12-24 02:38:35', '2020-12-24 02:38:35');
INSERT INTO `ac_resume_languages` VALUES (48, 31, 'french', 'expert', '2021-02-09 03:16:38', '2021-02-09 03:16:38');
INSERT INTO `ac_resume_languages` VALUES (51, 36, 'spahic', 'beginner', '2021-02-17 14:27:19', '2021-02-17 14:27:19');

-- ----------------------------
-- Table structure for ac_resume_qualifications
-- ----------------------------
DROP TABLE IF EXISTS `ac_resume_qualifications`;
CREATE TABLE `ac_resume_qualifications`  (
  `resume_qualification_id` int(10) UNSIGNED NOT NULL AUTO_INCREMENT,
  `resume_id` int(10) UNSIGNED NULL DEFAULT NULL,
  `title` varchar(100) CHARACTER SET utf8 COLLATE utf8_general_ci NOT NULL,
  `institution` varchar(100) CHARACTER SET utf8 COLLATE utf8_general_ci NOT NULL,
  `marks` double NOT NULL,
  `out_of` varchar(100) CHARACTER SET utf8 COLLATE utf8_general_ci NOT NULL,
  `from` datetime(0) NULL DEFAULT NULL,
  `to` datetime(0) NULL DEFAULT NULL,
  `created_at` datetime(0) NULL DEFAULT NULL,
  `updated_at` datetime(0) NULL DEFAULT NULL,
  PRIMARY KEY (`resume_qualification_id`) USING BTREE
) ENGINE = InnoDB AUTO_INCREMENT = 44 CHARACTER SET = utf8 COLLATE = utf8_general_ci ROW_FORMAT = DYNAMIC;

-- ----------------------------
-- Records of ac_resume_qualifications
-- ----------------------------
INSERT INTO `ac_resume_qualifications` VALUES (3, 2, 'Graduation', 'ABC College', 3.5, '4.0', '2011-01-01 00:00:00', '2015-12-30 00:00:00', '2020-12-24 02:38:33', '2020-12-24 02:38:33');
INSERT INTO `ac_resume_qualifications` VALUES (4, 2, 'Masters', 'ABC College', 3.5, '4.0', '2016-01-01 00:00:00', '2018-12-30 00:00:00', '2020-12-24 02:38:33', '2020-12-24 02:38:33');
INSERT INTO `ac_resume_qualifications` VALUES (5, 2, 'P.H.D.', 'ABC College', 3.5, '4.0', '2016-01-01 00:00:00', '2018-12-30 00:00:00', '2020-12-24 02:38:33', '2020-12-24 02:38:33');
INSERT INTO `ac_resume_qualifications` VALUES (6, 3, 'Graduation', 'ABC College', 3.5, '4.0', '2011-01-01 00:00:00', '2015-12-30 00:00:00', '2020-12-24 02:38:34', '2020-12-24 02:38:34');
INSERT INTO `ac_resume_qualifications` VALUES (7, 3, 'Graduation', 'ABC College', 3.5, '4.0', '2016-01-01 00:00:00', '2018-12-30 00:00:00', '2020-12-24 02:38:34', '2020-12-24 02:38:34');
INSERT INTO `ac_resume_qualifications` VALUES (8, 4, 'Graduation', 'ABC College', 3.5, '4.0', '2011-01-01 00:00:00', '2015-12-30 00:00:00', '2020-12-24 02:38:34', '2020-12-24 02:38:34');
INSERT INTO `ac_resume_qualifications` VALUES (9, 4, 'Masters', 'ABC College', 3.5, '4.0', '2016-01-01 00:00:00', '2018-12-30 00:00:00', '2020-12-24 02:38:34', '2020-12-24 02:38:34');
INSERT INTO `ac_resume_qualifications` VALUES (10, 4, 'P.H.D.', 'ABC College', 3.5, '4.0', '2016-01-01 00:00:00', '2018-12-30 00:00:00', '2020-12-24 02:38:34', '2020-12-24 02:38:34');
INSERT INTO `ac_resume_qualifications` VALUES (11, 5, 'Graduation', 'ABC College', 3.5, '4.0', '2011-01-01 00:00:00', '2015-12-30 00:00:00', '2020-12-24 02:38:34', '2020-12-24 02:38:34');
INSERT INTO `ac_resume_qualifications` VALUES (12, 5, 'Masters', 'ABC College', 3.5, '4.0', '2016-01-01 00:00:00', '2018-12-30 00:00:00', '2020-12-24 02:38:34', '2020-12-24 02:38:34');
INSERT INTO `ac_resume_qualifications` VALUES (13, 5, 'Certification', 'ABC College', 3.5, '4.0', '2016-01-01 00:00:00', '2018-12-30 00:00:00', '2020-12-24 02:38:34', '2020-12-24 02:38:34');
INSERT INTO `ac_resume_qualifications` VALUES (14, 6, 'Graduation', 'ABC College', 3.5, '4.0', '2011-01-01 00:00:00', '2015-12-30 00:00:00', '2020-12-24 02:38:34', '2020-12-24 02:38:34');
INSERT INTO `ac_resume_qualifications` VALUES (15, 6, 'Graduation', 'ABC College', 3.5, '4.0', '2016-01-01 00:00:00', '2018-12-30 00:00:00', '2020-12-24 02:38:34', '2020-12-24 02:38:34');
INSERT INTO `ac_resume_qualifications` VALUES (16, 7, 'Graduation', 'ABC College', 3.5, '4.0', '2011-01-01 00:00:00', '2015-12-30 00:00:00', '2020-12-24 02:38:34', '2020-12-24 02:38:34');
INSERT INTO `ac_resume_qualifications` VALUES (17, 7, 'Graduation', 'ABC College', 3.5, '4.0', '2016-01-01 00:00:00', '2018-12-30 00:00:00', '2020-12-24 02:38:34', '2020-12-24 02:38:34');
INSERT INTO `ac_resume_qualifications` VALUES (18, 8, 'Graduation', 'ABC College', 3.5, '4.0', '2011-01-01 00:00:00', '2015-12-30 00:00:00', '2020-12-24 02:38:34', '2020-12-24 02:38:34');
INSERT INTO `ac_resume_qualifications` VALUES (19, 8, 'Graduation', 'ABC College', 3.5, '4.0', '2016-01-01 00:00:00', '2018-12-30 00:00:00', '2020-12-24 02:38:34', '2020-12-24 02:38:34');
INSERT INTO `ac_resume_qualifications` VALUES (20, 9, 'Graduation', 'ABC College', 3.5, '4.0', '2011-01-01 00:00:00', '2015-12-30 00:00:00', '2020-12-24 02:38:34', '2020-12-24 02:38:34');
INSERT INTO `ac_resume_qualifications` VALUES (21, 9, 'Masters', 'ABC College', 3.5, '4.0', '2016-01-01 00:00:00', '2018-12-30 00:00:00', '2020-12-24 02:38:34', '2020-12-24 02:38:34');
INSERT INTO `ac_resume_qualifications` VALUES (22, 10, 'Graduation', 'ABC College', 3.5, '4.0', '2011-01-01 00:00:00', '2015-12-30 00:00:00', '2020-12-24 02:38:34', '2020-12-24 02:38:34');
INSERT INTO `ac_resume_qualifications` VALUES (23, 10, 'Masters', 'ABC College', 3.5, '4.0', '2016-01-01 00:00:00', '2018-12-30 00:00:00', '2020-12-24 02:38:34', '2020-12-24 02:38:34');
INSERT INTO `ac_resume_qualifications` VALUES (24, 10, 'Doctorate', 'ABC College', 3.5, '4.0', '2016-01-01 00:00:00', '2018-12-30 00:00:00', '2020-12-24 02:38:34', '2020-12-24 02:38:34');
INSERT INTO `ac_resume_qualifications` VALUES (25, 11, 'Graduation', 'ABC College', 3.5, '4.0', '2011-01-01 00:00:00', '2015-12-30 00:00:00', '2020-12-24 02:38:34', '2020-12-24 02:38:34');
INSERT INTO `ac_resume_qualifications` VALUES (26, 11, 'Masters', 'ABC College', 3.5, '4.0', '2016-01-01 00:00:00', '2018-12-30 00:00:00', '2020-12-24 02:38:34', '2020-12-24 02:38:34');
INSERT INTO `ac_resume_qualifications` VALUES (27, 12, 'Graduation', 'ABC College', 3.5, '4.0', '2011-01-01 00:00:00', '2015-12-30 00:00:00', '2020-12-24 02:38:35', '2020-12-24 02:38:35');
INSERT INTO `ac_resume_qualifications` VALUES (28, 12, 'Masters', 'ABC College', 3.5, '4.0', '2016-01-01 00:00:00', '2018-12-30 00:00:00', '2020-12-24 02:38:35', '2020-12-24 02:38:35');
INSERT INTO `ac_resume_qualifications` VALUES (29, 12, 'M Phil.', 'ABC College', 3.5, '4.0', '2016-01-01 00:00:00', '2018-12-30 00:00:00', '2020-12-24 02:38:35', '2020-12-24 02:38:35');
INSERT INTO `ac_resume_qualifications` VALUES (30, 13, 'Graduation', 'ABC College', 3.5, '4.0', '2011-01-01 00:00:00', '2015-12-30 00:00:00', '2020-12-24 02:38:35', '2020-12-24 02:38:35');
INSERT INTO `ac_resume_qualifications` VALUES (31, 13, 'Masters', 'ABC College', 3.5, '4.0', '2016-01-01 00:00:00', '2018-12-30 00:00:00', '2020-12-24 02:38:35', '2020-12-24 02:38:35');
INSERT INTO `ac_resume_qualifications` VALUES (32, 13, 'M Phil.', 'ABC College', 3.5, '4.0', '2016-01-01 00:00:00', '2018-12-30 00:00:00', '2020-12-24 02:38:35', '2020-12-24 02:38:35');
INSERT INTO `ac_resume_qualifications` VALUES (33, 14, 'Graduation', 'ABC College', 3.5, '4.0', '2011-01-01 00:00:00', '2015-12-30 00:00:00', '2020-12-24 02:38:35', '2020-12-24 02:38:35');
INSERT INTO `ac_resume_qualifications` VALUES (34, 14, 'Masters', 'ABC College', 3.5, '4.0', '2016-01-01 00:00:00', '2018-12-30 00:00:00', '2020-12-24 02:38:35', '2020-12-24 02:38:35');
INSERT INTO `ac_resume_qualifications` VALUES (35, 14, 'M Phil.', 'ABC College', 3.5, '4.0', '2016-01-01 00:00:00', '2018-12-30 00:00:00', '2020-12-24 02:38:35', '2020-12-24 02:38:35');
INSERT INTO `ac_resume_qualifications` VALUES (40, 31, 'master', 'oxford', 80, '100', '2021-02-09 00:00:00', '2021-02-09 00:00:00', '2021-02-09 03:16:25', '2021-02-09 03:16:25');
INSERT INTO `ac_resume_qualifications` VALUES (43, 36, 'test', 'tes', 1, '1', '2021-02-17 00:00:00', '2021-02-17 00:00:00', '2021-02-17 14:27:07', '2021-02-17 14:27:07');

-- ----------------------------
-- Table structure for ac_resume_references
-- ----------------------------
DROP TABLE IF EXISTS `ac_resume_references`;
CREATE TABLE `ac_resume_references`  (
  `resume_reference_id` int(10) UNSIGNED NOT NULL AUTO_INCREMENT,
  `resume_id` int(10) UNSIGNED NULL DEFAULT NULL,
  `title` varchar(100) CHARACTER SET utf8 COLLATE utf8_general_ci NOT NULL,
  `relation` varchar(100) CHARACTER SET utf8 COLLATE utf8_general_ci NOT NULL,
  `company` varchar(100) CHARACTER SET utf8 COLLATE utf8_general_ci NOT NULL,
  `phone` varchar(100) CHARACTER SET utf8 COLLATE utf8_general_ci NOT NULL,
  `email` varchar(100) CHARACTER SET utf8 COLLATE utf8_general_ci NOT NULL,
  `created_at` datetime(0) NULL DEFAULT NULL,
  `updated_at` datetime(0) NULL DEFAULT NULL,
  PRIMARY KEY (`resume_reference_id`) USING BTREE
) ENGINE = InnoDB AUTO_INCREMENT = 36 CHARACTER SET = utf8 COLLATE = utf8_general_ci ROW_FORMAT = DYNAMIC;

-- ----------------------------
-- Records of ac_resume_references
-- ----------------------------
INSERT INTO `ac_resume_references` VALUES (3, 2, 'Mr. Person', 'Immediate Boss', 'ABC Corp.', '1234567890', 'mr.person@examplecf.com', '2020-12-24 02:38:33', '2020-12-24 02:38:33');
INSERT INTO `ac_resume_references` VALUES (4, 2, 'Mr. Person 2', 'Colleague', 'ABC Corp.', '1234567890', 'mr.person.2@examplecf.com', '2020-12-24 02:38:33', '2020-12-24 02:38:33');
INSERT INTO `ac_resume_references` VALUES (5, 3, 'Mr. Person', 'Immediate Boss', 'ABC Corp.', '1234567890', 'mr.person@examplecf.com', '2020-12-24 02:38:34', '2020-12-24 02:38:34');
INSERT INTO `ac_resume_references` VALUES (6, 3, 'Mr. Person 2', 'Colleague', 'ABC Corp.', '1234567890', 'mr.person.2@examplecf.com', '2020-12-24 02:38:34', '2020-12-24 02:38:34');
INSERT INTO `ac_resume_references` VALUES (7, 4, 'Mr. Person', 'Immediate Boss', 'ABC Corp.', '1234567890', 'mr.person@examplecf.com', '2020-12-24 02:38:34', '2020-12-24 02:38:34');
INSERT INTO `ac_resume_references` VALUES (8, 4, 'Mr. Person 2', 'Colleague', 'ABC Corp.', '1234567890', 'mr.person.2@examplecf.com', '2020-12-24 02:38:34', '2020-12-24 02:38:34');
INSERT INTO `ac_resume_references` VALUES (9, 5, 'Mr. Person', 'Immediate Boss', 'ABC Corp.', '1234567890', 'mr.person@examplecf.com', '2020-12-24 02:38:34', '2020-12-24 02:38:34');
INSERT INTO `ac_resume_references` VALUES (10, 5, 'Mr. Person 2', 'Colleague', 'ABC Corp.', '1234567890', 'mr.person.2@examplecf.com', '2020-12-24 02:38:34', '2020-12-24 02:38:34');
INSERT INTO `ac_resume_references` VALUES (11, 6, 'Mr. Person', 'Immediate Boss', 'ABC Corp.', '1234567890', 'mr.person@examplecf.com', '2020-12-24 02:38:34', '2020-12-24 02:38:34');
INSERT INTO `ac_resume_references` VALUES (12, 6, 'Mr. Person 2', 'Colleague', 'ABC Corp.', '1234567890', 'mr.person.2@examplecf.com', '2020-12-24 02:38:34', '2020-12-24 02:38:34');
INSERT INTO `ac_resume_references` VALUES (13, 7, 'Mr. Person', 'Immediate Boss', 'ABC Corp.', '1234567890', 'mr.person@examplecf.com', '2020-12-24 02:38:34', '2020-12-24 02:38:34');
INSERT INTO `ac_resume_references` VALUES (14, 7, 'Mr. Person 2', 'Colleague', 'ABC Corp.', '1234567890', 'mr.person.2@examplecf.com', '2020-12-24 02:38:34', '2020-12-24 02:38:34');
INSERT INTO `ac_resume_references` VALUES (15, 8, 'Mr. Person', 'Immediate Boss', 'ABC Corp.', '1234567890', 'mr.person@examplecf.com', '2020-12-24 02:38:34', '2020-12-24 02:38:34');
INSERT INTO `ac_resume_references` VALUES (16, 8, 'Mr. Person 2', 'Colleague', 'ABC Corp.', '1234567890', 'mr.person.2@examplecf.com', '2020-12-24 02:38:34', '2020-12-24 02:38:34');
INSERT INTO `ac_resume_references` VALUES (17, 9, 'Mr. Person', 'Immediate Boss', 'ABC Corp.', '1234567890', 'mr.person@examplecf.com', '2020-12-24 02:38:34', '2020-12-24 02:38:34');
INSERT INTO `ac_resume_references` VALUES (18, 9, 'Mr. Person 2', 'Colleague', 'ABC Corp.', '1234567890', 'mr.person.2@examplecf.com', '2020-12-24 02:38:34', '2020-12-24 02:38:34');
INSERT INTO `ac_resume_references` VALUES (19, 10, 'Mr. Person', 'Immediate Boss', 'ABC Corp.', '1234567890', 'mr.person@examplecf.com', '2020-12-24 02:38:34', '2020-12-24 02:38:34');
INSERT INTO `ac_resume_references` VALUES (20, 10, 'Mr. Person 2', 'Colleague', 'ABC Corp.', '1234567890', 'mr.person.2@examplecf.com', '2020-12-24 02:38:34', '2020-12-24 02:38:34');
INSERT INTO `ac_resume_references` VALUES (21, 11, 'Mr. Person', 'Immediate Boss', 'ABC Corp.', '1234567890', 'mr.person@examplecf.com', '2020-12-24 02:38:34', '2020-12-24 02:38:34');
INSERT INTO `ac_resume_references` VALUES (22, 11, 'Mr. Person 2', 'Colleague', 'ABC Corp.', '1234567890', 'mr.person.2@examplecf.com', '2020-12-24 02:38:34', '2020-12-24 02:38:34');
INSERT INTO `ac_resume_references` VALUES (23, 12, 'Mr. Person', 'Immediate Boss', 'ABC Corp.', '1234567890', 'mr.person@examplecf.com', '2020-12-24 02:38:35', '2020-12-24 02:38:35');
INSERT INTO `ac_resume_references` VALUES (24, 12, 'Mr. Person 2', 'Colleague', 'ABC Corp.', '1234567890', 'mr.person.2@examplecf.com', '2020-12-24 02:38:35', '2020-12-24 02:38:35');
INSERT INTO `ac_resume_references` VALUES (25, 13, 'Mr. Person', 'Immediate Boss', 'ABC Corp.', '1234567890', 'mr.person@examplecf.com', '2020-12-24 02:38:35', '2020-12-24 02:38:35');
INSERT INTO `ac_resume_references` VALUES (26, 13, 'Mr. Person 2', 'Colleague', 'ABC Corp.', '1234567890', 'mr.person.2@examplecf.com', '2020-12-24 02:38:35', '2020-12-24 02:38:35');
INSERT INTO `ac_resume_references` VALUES (27, 14, 'Mr. Person', 'Immediate Boss', 'ABC Corp.', '1234567890', 'mr.person@examplecf.com', '2020-12-24 02:38:35', '2020-12-24 02:38:35');
INSERT INTO `ac_resume_references` VALUES (28, 14, 'Mr. Person 2', 'Colleague', 'ABC Corp.', '1234567890', 'mr.person.2@examplecf.com', '2020-12-24 02:38:35', '2020-12-24 02:38:35');
INSERT INTO `ac_resume_references` VALUES (33, 31, 'test|', 'te', 'ce', '32', 'test@gmail.com', '2021-02-09 03:17:27', '2021-02-09 03:17:27');

-- ----------------------------
-- Table structure for ac_resumes
-- ----------------------------
DROP TABLE IF EXISTS `ac_resumes`;
CREATE TABLE `ac_resumes`  (
  `resume_id` int(10) UNSIGNED NOT NULL AUTO_INCREMENT,
  `candidate_id` int(10) UNSIGNED NULL DEFAULT NULL,
  `title` varchar(100) CHARACTER SET utf8 COLLATE utf8_general_ci NOT NULL,
  `designation` varchar(100) CHARACTER SET utf8 COLLATE utf8_general_ci NOT NULL,
  `objective` text CHARACTER SET utf8 COLLATE utf8_general_ci NOT NULL,
  `status` tinyint(4) NOT NULL,
  `type` varchar(30) CHARACTER SET utf8 COLLATE utf8_general_ci NULL DEFAULT 'detailed',
  `file` varchar(200) CHARACTER SET utf8 COLLATE utf8_general_ci NOT NULL,
  `experience` int(10) UNSIGNED NULL DEFAULT 0,
  `experiences` int(10) UNSIGNED NULL DEFAULT 0,
  `qualifications` int(10) UNSIGNED NULL DEFAULT 0,
  `languages` int(10) UNSIGNED NULL DEFAULT 0,
  `achievements` int(10) UNSIGNED NULL DEFAULT 0,
  `references` int(10) UNSIGNED NULL DEFAULT 0,
  `is_default` tinyint(4) NOT NULL DEFAULT 1,
  `created_at` datetime(0) NULL DEFAULT NULL,
  `updated_at` datetime(0) NULL DEFAULT NULL,
  PRIMARY KEY (`resume_id`) USING BTREE
) ENGINE = InnoDB AUTO_INCREMENT = 90 CHARACTER SET = utf8 COLLATE = utf8_general_ci ROW_FORMAT = DYNAMIC;

-- ----------------------------
-- Records of ac_resumes
-- ----------------------------
INSERT INTO `ac_resumes` VALUES (2, 2, 'My Resume 2', 'Marketing Executive', 'Lorem Ipsum is simply dummy text of the printing and typesetting industry. Lorem Ipsum has been the industry\'s standard dummy text ever since the 1500s, when an unknown printer took a galley of type and scrambled it to make a type specimen book.', 1, 'detailed', '', 91, 4, 3, 2, 1, 2, 1, '2020-12-24 02:38:33', '2020-12-24 02:38:33');
INSERT INTO `ac_resumes` VALUES (3, 3, 'My Resume 3', 'Public Relations Manager', 'Lorem Ipsum is simply dummy text of the printing and typesetting industry. Lorem Ipsum has been the industry\'s standard dummy text ever since the 1500s, when an unknown printer took a galley of type and scrambled it to make a type specimen book.', 1, 'detailed', '', 59, 2, 2, 5, 1, 2, 1, '2020-12-24 02:38:34', '2020-12-24 02:38:34');
INSERT INTO `ac_resumes` VALUES (4, 4, 'My Resume 4', 'Business Developer', 'Lorem Ipsum is simply dummy text of the printing and typesetting industry. Lorem Ipsum has been the industry\'s standard dummy text ever since the 1500s, when an unknown printer took a galley of type and scrambled it to make a type specimen book.', 1, 'detailed', '', 62, 3, 3, 2, 1, 2, 1, '2020-12-24 02:38:34', '2020-12-24 02:38:34');
INSERT INTO `ac_resumes` VALUES (5, 5, 'My Resume 5', 'Manager Market Operations', 'Lorem Ipsum is simply dummy text of the printing and typesetting industry. Lorem Ipsum has been the industry\'s standard dummy text ever since the 1500s, when an unknown printer took a galley of type and scrambled it to make a type specimen book.', 1, 'detailed', '', 26, 2, 3, 3, 1, 2, 1, '2020-12-24 02:38:34', '2020-12-24 02:38:34');
INSERT INTO `ac_resumes` VALUES (6, 6, 'My Resume 6', 'Regional Sales Manager', 'Lorem Ipsum is simply dummy text of the printing and typesetting industry. Lorem Ipsum has been the industry\'s standard dummy text ever since the 1500s, when an unknown printer took a galley of type and scrambled it to make a type specimen book.', 1, 'detailed', '', 89, 3, 2, 3, 1, 2, 1, '2020-12-24 02:38:34', '2020-12-24 02:38:34');
INSERT INTO `ac_resumes` VALUES (7, 7, 'My Resume 7', 'Business Developer', 'Lorem Ipsum is simply dummy text of the printing and typesetting industry. Lorem Ipsum has been the industry\'s standard dummy text ever since the 1500s, when an unknown printer took a galley of type and scrambled it to make a type specimen book.', 1, 'detailed', '', 42, 2, 2, 3, 1, 2, 1, '2020-12-24 02:38:34', '2020-12-24 02:38:34');
INSERT INTO `ac_resumes` VALUES (8, 8, 'My Resume 8', 'Marketeer', 'Lorem Ipsum is simply dummy text of the printing and typesetting industry. Lorem Ipsum has been the industry\'s standard dummy text ever since the 1500s, when an unknown printer took a galley of type and scrambled it to make a type specimen book.', 1, 'detailed', '', 98, 2, 2, 3, 1, 2, 1, '2020-12-24 02:38:34', '2020-12-24 02:38:34');
INSERT INTO `ac_resumes` VALUES (9, 9, 'My Resume 9', 'Business Developer', 'Lorem Ipsum is simply dummy text of the printing and typesetting industry. Lorem Ipsum has been the industry\'s standard dummy text ever since the 1500s, when an unknown printer took a galley of type and scrambled it to make a type specimen book.', 1, 'detailed', '', 62, 3, 2, 3, 1, 2, 1, '2020-12-24 02:38:34', '2020-12-24 02:38:34');
INSERT INTO `ac_resumes` VALUES (10, 10, 'My Resume 10', 'Marketing Manager', 'Lorem Ipsum is simply dummy text of the printing and typesetting industry. Lorem Ipsum has been the industry\'s standard dummy text ever since the 1500s, when an unknown printer took a galley of type and scrambled it to make a type specimen book.', 1, 'detailed', '', 85, 4, 3, 3, 1, 2, 1, '2020-12-24 02:38:34', '2020-12-24 02:38:34');
INSERT INTO `ac_resumes` VALUES (11, 11, 'My Resume 11', 'Area Sales Manager', 'Lorem Ipsum is simply dummy text of the printing and typesetting industry. Lorem Ipsum has been the industry\'s standard dummy text ever since the 1500s, when an unknown printer took a galley of type and scrambled it to make a type specimen book.', 1, 'detailed', '', 51, 2, 2, 3, 1, 2, 1, '2020-12-24 02:38:34', '2020-12-24 02:38:34');
INSERT INTO `ac_resumes` VALUES (12, 12, 'My Resume 12', 'Marketing Supervisor', 'Lorem Ipsum is simply dummy text of the printing and typesetting industry. Lorem Ipsum has been the industry\'s standard dummy text ever since the 1500s, when an unknown printer took a galley of type and scrambled it to make a type specimen book.', 1, 'detailed', '', 14, 2, 3, 3, 1, 2, 1, '2020-12-24 02:38:34', '2020-12-24 02:38:34');
INSERT INTO `ac_resumes` VALUES (13, 5, 'My Resume 13', 'Network Administrator', 'Lorem Ipsum is simply dummy text of the printing and typesetting industry. Lorem Ipsum has been the industry\'s standard dummy text ever since the 1500s, when an unknown printer took a galley of type and scrambled it to make a type specimen book.', 1, 'detailed', '', 14, 2, 3, 3, 1, 2, 1, '2020-12-24 02:38:35', '2020-12-24 02:38:35');
INSERT INTO `ac_resumes` VALUES (14, 6, 'My Resume 14', 'System Software Architect', 'Lorem Ipsum is simply dummy text of the printing and typesetting industry. Lorem Ipsum has been the industry\'s standard dummy text ever since the 1500s, when an unknown printer took a galley of type and scrambled it to make a type specimen book.', 1, 'detailed', '', 14, 2, 3, 3, 1, 2, 1, '2020-12-24 02:38:35', '2020-12-24 02:38:35');
INSERT INTO `ac_resumes` VALUES (25, 31, 'My Resume', 'My Designation', 'My Objective', 1, 'detailed', '', 0, 0, 0, 0, 0, 0, 1, '2021-02-03 10:17:04', '2021-02-03 10:17:04');
INSERT INTO `ac_resumes` VALUES (31, 39, 'My Resume', 'My Designation', 'My Objective', 1, 'detailed', 'documento-de-inicio-de-proyecto-1612836877.docx', 1, 1, 1, 1, 1, 1, 1, '2021-02-09 02:47:38', '2021-02-09 04:51:12');
INSERT INTO `ac_resumes` VALUES (33, 41, 'My Resume', 'My Designation', 'My Objective', 1, 'detailed', '', 0, 0, 0, 0, 0, 0, 1, '2021-02-09 15:35:41', '2021-02-09 15:35:41');
INSERT INTO `ac_resumes` VALUES (35, 43, 'My Resume', 'My Designation', 'My Objective', 1, 'detailed', '', 0, 0, 0, 0, 0, 0, 1, '2021-02-17 05:50:31', '2021-02-17 05:50:31');
INSERT INTO `ac_resumes` VALUES (36, 44, 'My Resume', 'My Designation', 'My Objective', 1, 'detailed', 'black-net-ordenes-masivas-1613568384.docx', 1, 1, 1, 1, 1, 0, 1, '2021-02-17 14:09:42', '2021-02-17 14:26:24');
INSERT INTO `ac_resumes` VALUES (37, 45, 'My Resume', 'My Designation', 'My Objective', 1, 'detailed', '', 0, 0, 0, 0, 0, 0, 1, '2021-02-17 14:47:38', '2021-02-17 14:47:38');
INSERT INTO `ac_resumes` VALUES (38, 46, 'My Resume', 'My Designation', 'My Objective', 1, 'detailed', '', 0, 0, 0, 0, 0, 0, 1, '2021-02-17 14:50:09', '2021-02-17 14:50:09');
INSERT INTO `ac_resumes` VALUES (39, 47, 'My Resume', 'My Designation', 'My Objective', 1, 'detailed', '', 0, 0, 0, 0, 0, 0, 1, '2021-02-17 14:51:25', '2021-02-17 14:51:25');
INSERT INTO `ac_resumes` VALUES (40, 48, 'My Resume', 'My Designation', 'My Objective', 1, 'detailed', '', 0, 0, 0, 0, 0, 0, 1, '2021-02-17 15:01:58', '2021-02-17 15:01:58');
INSERT INTO `ac_resumes` VALUES (41, 49, 'My Resume', 'My Designation', 'My Objective', 1, 'detailed', 'admin-1613570930.docx', 0, 0, 0, 0, 0, 0, 1, '2021-02-17 15:02:44', '2021-02-17 15:08:50');
INSERT INTO `ac_resumes` VALUES (42, 50, 'My Resume', 'My Designation', 'My Objective', 1, 'detailed', '', 0, 0, 0, 0, 0, 0, 1, '2021-02-18 16:27:39', '2021-02-18 16:27:39');
INSERT INTO `ac_resumes` VALUES (43, 51, 'My Resume', 'My Designation', 'My Objective', 1, 'detailed', '', 0, 0, 0, 0, 0, 0, 1, '2021-02-18 16:32:25', '2021-02-18 16:32:25');
INSERT INTO `ac_resumes` VALUES (44, 52, 'My Resume', 'My Designation', 'My Objective', 1, 'detailed', 'formato_multiple_de_pago_de_la_tesoreria_ver-anexo-1613667558.pdf', 0, 0, 0, 0, 0, 0, 1, '2021-02-18 16:36:12', '2021-02-18 17:59:18');
INSERT INTO `ac_resumes` VALUES (45, 53, 'My Resume', 'My Designation', 'My Objective', 1, 'detailed', '', 0, 0, 0, 0, 0, 0, 1, '2021-02-18 17:51:35', '2021-02-18 17:51:35');
INSERT INTO `ac_resumes` VALUES (46, 54, 'My Resume', 'My Designation', 'My Objective', 1, 'detailed', '', 0, 0, 0, 0, 0, 0, 1, '2021-02-18 23:37:06', '2021-02-18 23:37:06');
INSERT INTO `ac_resumes` VALUES (47, 55, 'My Resume', 'My Designation', 'My Objective', 1, 'detailed', '', 0, 0, 0, 0, 0, 0, 1, '2021-02-18 23:47:01', '2021-02-18 23:47:01');
INSERT INTO `ac_resumes` VALUES (48, 56, 'My Resume', 'My Designation', 'My Objective', 1, 'detailed', '', 0, 0, 0, 0, 0, 0, 1, '2021-02-18 23:51:06', '2021-02-18 23:51:06');
INSERT INTO `ac_resumes` VALUES (49, 57, 'My Resume', 'My Designation', 'My Objective', 1, 'detailed', '', 0, 0, 0, 0, 0, 0, 1, '2021-02-18 23:58:02', '2021-02-18 23:58:02');
INSERT INTO `ac_resumes` VALUES (50, 58, 'My Resume', 'My Designation', 'My Objective', 1, 'detailed', '', 0, 0, 0, 0, 0, 0, 1, '2021-02-19 00:02:04', '2021-02-19 00:02:04');
INSERT INTO `ac_resumes` VALUES (51, 59, 'My Resume', 'My Designation', 'My Objective', 1, 'detailed', '', 0, 0, 0, 0, 0, 0, 1, '2021-02-19 00:08:29', '2021-02-19 00:08:29');
INSERT INTO `ac_resumes` VALUES (52, 60, 'My Resume', 'My Designation', 'My Objective', 1, 'detailed', '', 0, 0, 0, 0, 0, 0, 1, '2021-02-19 00:12:22', '2021-02-19 00:12:22');
INSERT INTO `ac_resumes` VALUES (54, 62, 'My Resume', 'My Designation', 'My Objective', 1, 'detailed', '', 0, 0, 0, 0, 0, 0, 1, '2021-02-19 00:52:44', '2021-02-19 00:56:39');
INSERT INTO `ac_resumes` VALUES (55, 63, 'My Resume', 'My Designation', 'My Objective', 1, 'detailed', 'formato_multiple_de_pago_de_la_tesoreria_ver-anexo-1613693248.pdf', 0, 0, 0, 0, 0, 0, 1, '2021-02-19 01:00:44', '2021-02-19 01:07:28');
INSERT INTO `ac_resumes` VALUES (56, 64, 'My Resume', 'My Designation', 'My Objective', 1, 'detailed', '', 0, 0, 0, 0, 0, 0, 1, '2021-02-19 01:05:49', '2021-02-19 01:05:49');
INSERT INTO `ac_resumes` VALUES (57, 65, 'My Resume', 'My Designation', 'My Objective', 1, 'detailed', 'andreydyadkov-1616287499.pdf', 0, 0, 0, 0, 0, 0, 1, '2021-02-21 07:04:53', '2021-03-21 01:44:59');
INSERT INTO `ac_resumes` VALUES (59, 66, 'My Resume', 'My Designation', 'My Objective', 1, 'detailed', 'resumes-1614111310.pdf', 1, 1, 0, 0, 0, 0, 1, '2021-02-23 19:59:48', '2021-02-23 21:15:10');
INSERT INTO `ac_resumes` VALUES (60, 67, 'My Resume', 'My Designation', 'My Objective', 1, 'detailed', '', 0, 0, 0, 0, 0, 0, 1, '2021-02-24 03:41:53', '2021-02-24 03:41:53');
INSERT INTO `ac_resumes` VALUES (61, 68, 'My Resume', 'My Designation', 'My Objective', 1, 'detailed', 'cv_jorge_espinosa_mireles_zesati-1614443345.docx', 0, 0, 0, 0, 0, 0, 1, '2021-02-24 03:44:09', '2021-02-27 17:29:05');
INSERT INTO `ac_resumes` VALUES (63, 70, 'My Resume', 'My Designation', 'My Objective', 1, 'detailed', 'omende6-1614136581.docx', 0, 0, 0, 0, 0, 0, 1, '2021-02-24 04:15:59', '2021-02-24 04:16:21');
INSERT INTO `ac_resumes` VALUES (64, 71, 'My Resume', 'My Designation', 'My Objective', 1, 'detailed', 'h510-zeus-1614140238.docx', 0, 0, 0, 0, 0, 0, 1, '2021-02-24 05:17:04', '2021-02-24 05:17:18');
INSERT INTO `ac_resumes` VALUES (65, NULL, 'My Resume', 'My Designation', 'My Objective', 1, 'detailed', '', 0, 0, 0, 0, 0, 0, 1, '2021-02-24 18:23:45', '2021-02-24 18:23:45');
INSERT INTO `ac_resumes` VALUES (66, 72, 'My Resume', 'My Designation', 'My Objective', 1, 'detailed', '', 0, 0, 0, 0, 0, 0, 1, '2021-02-26 10:15:36', '2021-02-26 10:15:36');
INSERT INTO `ac_resumes` VALUES (67, 73, 'My Resume', 'My Designation', 'My Objective', 1, 'detailed', '', 0, 0, 0, 0, 0, 0, 1, '2021-02-27 09:08:49', '2021-02-27 09:08:49');
INSERT INTO `ac_resumes` VALUES (68, 74, 'My Resume', 'My Designation', 'My Objective', 1, 'detailed', '', 0, 0, 0, 0, 0, 0, 1, '2021-02-27 12:42:08', '2021-02-27 12:42:08');
INSERT INTO `ac_resumes` VALUES (69, 75, 'My Resume', 'My Designation', 'My Objective', 1, 'detailed', 'preguntas-black-ecco-1614442578.docx', 0, 0, 0, 0, 0, 0, 1, '2021-02-27 17:15:53', '2021-02-27 17:16:18');
INSERT INTO `ac_resumes` VALUES (70, 76, 'My Resume', 'My Designation', 'My Objective', 1, 'detailed', 'i3p-001-21-1614443663.docx', 0, 0, 0, 0, 0, 0, 1, '2021-02-27 17:34:12', '2021-02-27 17:34:23');
INSERT INTO `ac_resumes` VALUES (73, 79, 'My Resume', 'My Designation', 'My Objective', 1, 'detailed', 'formato-de-preguntas-e184-1615044105.docx', 0, 0, 0, 0, 0, 0, 1, '2021-03-06 16:21:33', '2021-03-06 16:21:47');
INSERT INTO `ac_resumes` VALUES (76, 82, 'My Resume', 'My Designation', 'My Objective', 1, 'detailed', '', 0, 0, 0, 0, 0, 0, 1, '2021-03-07 14:05:21', '2021-03-07 14:05:21');
INSERT INTO `ac_resumes` VALUES (80, 84, 'My Resume', 'My Designation', 'My Objective', 1, 'detailed', '', 0, 0, 0, 0, 0, 0, 1, '2021-03-09 16:29:57', '2021-03-09 16:29:57');
INSERT INTO `ac_resumes` VALUES (82, 85, 'My Resume', 'My Designation', 'My Objective', 1, 'detailed', '', 0, 0, 0, 0, 0, 0, 1, '2021-03-09 16:41:44', '2021-03-09 16:41:44');
INSERT INTO `ac_resumes` VALUES (83, 87, 'My Resume', 'My Designation', 'My Objective', 1, 'detailed', '', 0, 0, 0, 0, 0, 0, 1, '2021-03-09 16:49:32', '2021-03-09 16:49:32');
INSERT INTO `ac_resumes` VALUES (84, 88, 'My Resume', 'My Designation', 'My Objective', 1, 'detailed', 'guia-investigaciones-de-mercado-contratos-marco-1615472700.pdf', 0, 0, 0, 0, 0, 0, 1, '2021-03-11 15:22:02', '2021-03-11 15:25:02');
INSERT INTO `ac_resumes` VALUES (85, 89, 'My Resume', 'My Designation', 'My Objective', 1, 'detailed', 'cv_jorge_espinosa_mireles_zesati-1615474793.docx', 0, 0, 0, 0, 0, 0, 1, '2021-03-11 15:59:41', '2021-03-11 15:59:53');
INSERT INTO `ac_resumes` VALUES (86, 90, 'My Resume', 'My Designation', 'My Objective', 1, 'detailed', 'h510-zeus-1614140238-1616348960.docx', 0, 0, 0, 0, 0, 0, 1, '2021-03-20 05:04:26', '2021-03-21 18:49:20');
INSERT INTO `ac_resumes` VALUES (87, 91, 'My Resume', 'My Designation', 'My Objective', 1, 'detailed', 'terms_of_service_for_treble-1616353932.pdf', 0, 0, 0, 0, 0, 0, 1, '2021-03-21 20:11:53', '2021-03-21 20:12:12');
INSERT INTO `ac_resumes` VALUES (88, 92, 'My Resume', 'My Designation', 'My Objective', 1, 'detailed', 'puntos-reportes-adempiere-1616366637.docx', 0, 0, 0, 0, 0, 0, 1, '2021-03-21 23:43:40', '2021-03-21 23:43:57');
INSERT INTO `ac_resumes` VALUES (89, 93, 'My Resume', 'My Designation', 'My Objective', 1, 'detailed', '', 0, 0, 0, 0, 0, 0, 1, '2021-03-22 00:09:36', '2021-03-22 00:09:36');

-- ----------------------------
-- Table structure for ac_role_permissions
-- ----------------------------
DROP TABLE IF EXISTS `ac_role_permissions`;
CREATE TABLE `ac_role_permissions`  (
  `role_id` int(10) UNSIGNED NOT NULL,
  `permission_id` int(10) UNSIGNED NOT NULL
) ENGINE = InnoDB CHARACTER SET = utf8 COLLATE = utf8_general_ci ROW_FORMAT = DYNAMIC;

-- ----------------------------
-- Records of ac_role_permissions
-- ----------------------------
INSERT INTO `ac_role_permissions` VALUES (3, 6);
INSERT INTO `ac_role_permissions` VALUES (3, 8);
INSERT INTO `ac_role_permissions` VALUES (3, 31);
INSERT INTO `ac_role_permissions` VALUES (3, 32);
INSERT INTO `ac_role_permissions` VALUES (3, 33);
INSERT INTO `ac_role_permissions` VALUES (3, 34);
INSERT INTO `ac_role_permissions` VALUES (3, 35);
INSERT INTO `ac_role_permissions` VALUES (3, 36);
INSERT INTO `ac_role_permissions` VALUES (3, 37);
INSERT INTO `ac_role_permissions` VALUES (3, 38);
INSERT INTO `ac_role_permissions` VALUES (3, 39);
INSERT INTO `ac_role_permissions` VALUES (3, 40);
INSERT INTO `ac_role_permissions` VALUES (3, 41);
INSERT INTO `ac_role_permissions` VALUES (3, 2);
INSERT INTO `ac_role_permissions` VALUES (3, 1);
INSERT INTO `ac_role_permissions` VALUES (3, 15);

-- ----------------------------
-- Table structure for ac_roles
-- ----------------------------
DROP TABLE IF EXISTS `ac_roles`;
CREATE TABLE `ac_roles`  (
  `role_id` int(10) UNSIGNED NOT NULL AUTO_INCREMENT,
  `account_id` int(10) UNSIGNED NULL DEFAULT NULL,
  `title` varchar(100) CHARACTER SET utf8 COLLATE utf8_general_ci NOT NULL,
  `created_at` datetime(0) NULL DEFAULT NULL,
  `updated_at` datetime(0) NULL DEFAULT NULL,
  PRIMARY KEY (`role_id`) USING BTREE
) ENGINE = InnoDB AUTO_INCREMENT = 6 CHARACTER SET = utf8 COLLATE = utf8_general_ci ROW_FORMAT = DYNAMIC;

-- ----------------------------
-- Records of ac_roles
-- ----------------------------
INSERT INTO `ac_roles` VALUES (1, NULL, 'Super Admin', '2020-12-24 02:38:32', '2020-12-24 02:38:32');
INSERT INTO `ac_roles` VALUES (2, NULL, 'Interviewer', '2020-12-24 02:38:32', '2020-12-24 02:38:32');
INSERT INTO `ac_roles` VALUES (3, NULL, 'News Manager', '2020-12-24 02:38:32', '2020-12-24 02:38:32');
INSERT INTO `ac_roles` VALUES (4, NULL, 'Quiz Designer', '2020-12-24 02:38:32', '2020-12-24 02:38:32');
INSERT INTO `ac_roles` VALUES (5, NULL, 'Site Controller', '2020-12-24 02:38:32', '2020-12-24 02:38:32');

-- ----------------------------
-- Table structure for ac_settings
-- ----------------------------
DROP TABLE IF EXISTS `ac_settings`;
CREATE TABLE `ac_settings`  (
  `setting_id` int(10) UNSIGNED NOT NULL AUTO_INCREMENT,
  `type` varchar(80) CHARACTER SET utf8 COLLATE utf8_general_ci NULL DEFAULT NULL,
  `category` varchar(80) CHARACTER SET utf8 COLLATE utf8_general_ci NULL DEFAULT NULL,
  `description` varchar(250) CHARACTER SET utf8 COLLATE utf8_general_ci NULL DEFAULT NULL,
  `user_id` int(10) UNSIGNED NULL DEFAULT NULL,
  `key` varchar(250) CHARACTER SET utf8 COLLATE utf8_general_ci NOT NULL,
  `value` text CHARACTER SET utf8 COLLATE utf8_general_ci NULL,
  `options` varchar(250) CHARACTER SET utf8 COLLATE utf8_general_ci NULL DEFAULT NULL,
  PRIMARY KEY (`setting_id`) USING BTREE
) ENGINE = InnoDB AUTO_INCREMENT = 67 CHARACTER SET = utf8 COLLATE = utf8_general_ci ROW_FORMAT = DYNAMIC;

-- ----------------------------
-- Records of ac_settings
-- ----------------------------
INSERT INTO `ac_settings` VALUES (1, 'radio', 'Home', 'Default landing page', 0, 'default-landing-page', 'home', '[\"home\", \"jobs\", \"news\"]');
INSERT INTO `ac_settings` VALUES (2, 'radio', 'Home', 'Display home page banner', 0, 'home-banner', 'no', '[\"yes\", \"no\"]');
INSERT INTO `ac_settings` VALUES (3, 'radio', 'Home', 'Enable How it works section', 0, 'how-it-works', 'no', '[\"yes\", \"no\"]');
INSERT INTO `ac_settings` VALUES (4, 'radio', 'Home', 'Enable Department Section', 0, 'department-section', 'no', '[\"yes\", \"no\"]');
INSERT INTO `ac_settings` VALUES (5, 'radio', 'Home', 'Enable News Section', 0, 'news-section', 'no', '[\"yes\", \"no\"]');
INSERT INTO `ac_settings` VALUES (6, 'textarea', 'Home', 'Banner Text', 0, 'banner-text', '<h2>Comienza tu carrera con AspiranteCertificado.com!</h2>\r\n\r\n<p><a class=\"btn-get-started scrollto\" href=\"https://www.aspirantecertificado.com/register\">Registrate ahora</a></p>\r\n', '');
INSERT INTO `ac_settings` VALUES (7, 'textarea', 'Home', 'Text Before How It Works Section', 0, 'before-how', '', '');
INSERT INTO `ac_settings` VALUES (8, 'textarea', 'Home', 'Text After How It Works Section', 0, 'after-how', '', '');
INSERT INTO `ac_settings` VALUES (9, 'textarea', 'Home', 'Text Before News Section', 0, 'before-news', '', '');
INSERT INTO `ac_settings` VALUES (10, 'textarea', 'Home', 'Text After News Section', 0, 'after-news', '', '');
INSERT INTO `ac_settings` VALUES (11, 'image', 'General', 'Select site logo', 0, 'site-logo', 'site-logo.png', NULL);
INSERT INTO `ac_settings` VALUES (12, 'image', 'General', 'Select home page banner', 0, 'site-banner-image', 'site-banner-image.jpg', NULL);
INSERT INTO `ac_settings` VALUES (13, 'image', 'General', 'Select favicon', 0, 'site-favicon', 'site-favicon.png', NULL);
INSERT INTO `ac_settings` VALUES (14, 'text', 'General', 'Define site name', 0, 'site-name', 'Aspirante Certificado', '');
INSERT INTO `ac_settings` VALUES (15, 'text', 'General', 'Define admin email', 0, 'admin-email', 'notificaciones@aspirantecertificadomkt.com', '');
INSERT INTO `ac_settings` VALUES (16, 'text', 'General', 'Enter purchase code', 0, 'purchase-code', '', '');
INSERT INTO `ac_settings` VALUES (17, 'textarea', 'General', 'Define Site Keywords', 0, 'site-keywords', 'Aspirante Certificado', '');
INSERT INTO `ac_settings` VALUES (18, 'textarea', 'General', 'Define Site Description', 0, 'site-description', 'Aspirante Certificado', '');
INSERT INTO `ac_settings` VALUES (19, 'radio', 'General', 'No of jobs to display per page', 0, 'jobs-limit', '10', '[\"5\", \"10\", \"25\", \"50\"]');
INSERT INTO `ac_settings` VALUES (20, 'radio', 'General', 'No of blogs to display per page', 0, 'blogs-limit', '10', '[\"5\", \"10\", \"25\", \"50\"]');
INSERT INTO `ac_settings` VALUES (21, 'radio', 'General', 'Chart elements count on Dashboard', 0, 'charts-limit', '5', '[\"5\", \"10\", \"25\", \"50\"]');
INSERT INTO `ac_settings` VALUES (22, 'radio', 'General', 'Enable email verification on register.', 0, 'enable-email-verification', 'no', '[\"yes\", \"no\"]');
INSERT INTO `ac_settings` VALUES (23, 'radio', 'General', 'Enable forgot/recover password feature.', 0, 'enable-forgot-password', 'yes', '[\"yes\", \"no\"]');
INSERT INTO `ac_settings` VALUES (24, 'radio', 'General', 'Enable new user register feature.', 0, 'enable-register', 'yes', '[\"yes\", \"no\"]');
INSERT INTO `ac_settings` VALUES (25, 'radio', 'General', 'Enable multiple resume for a candidate.', 0, 'enable-multiple-resume', 'no', '[\"yes\", \"no\"]');
INSERT INTO `ac_settings` VALUES (26, 'heading', 'General', '', 0, '<a href=\"#\">Email Settings</a>', '', NULL);
INSERT INTO `ac_settings` VALUES (27, 'radio', 'General', 'Enable external smtp for emails (selecting no will use default hosting email settings e.g. sendmail)', 0, 'smtp', 'yes', '[\"yes\", \"no\"]');
INSERT INTO `ac_settings` VALUES (28, 'text', 'General', 'Define smtp host.', 0, 'smtp-host', 'smtp.gmail.com', '');
INSERT INTO `ac_settings` VALUES (29, 'text', 'General', 'Define smtp port.', 0, 'smtp-port', '587', '');
INSERT INTO `ac_settings` VALUES (30, 'text', 'General', 'Define smtp username.', 0, 'smtp-username', 'notificaciones@aspirantecertificadomkt.com', '');
INSERT INTO `ac_settings` VALUES (31, 'password', 'General', 'Define smtp password.', 0, 'smtp-password', 'Webmsater3d*%', '');
INSERT INTO `ac_settings` VALUES (32, 'heading', 'Apis', '', 0, '<a href=\"https://code.tutsplus.com/tutorials/create-a-google-login-page-in-php--cms-33214\" target=\"_blank\">Google Login</a>', '', NULL);
INSERT INTO `ac_settings` VALUES (33, 'radio', 'Apis', 'Enable google login.', 0, 'enable-google-login', 'yes', '[\"yes\", \"no\"]');
INSERT INTO `ac_settings` VALUES (34, 'text', 'Apis', 'Define Google client id', 0, 'google-client-id', '66436859050-ni0ifh818br0kbeg22csv54r5ad30pa1.apps.googleusercontent.com', '');
INSERT INTO `ac_settings` VALUES (35, 'text', 'Apis', 'Define Google client secret', 0, 'google-client-secret', 'PKwAKhigrsNv2QN_OmewUepL', '');
INSERT INTO `ac_settings` VALUES (36, 'readonly', 'Apis', 'Paste this redirect uri in google app console.', 0, 'google-app-redirect', 'https://www.aspirantecertificado.com/google-redirect', '');
INSERT INTO `ac_settings` VALUES (37, 'heading', 'Apis', '', 0, '<a href=\"https://www.linkedin.com/developers/login\" target=\"_blank\">Linkedin Login</a>', '', NULL);
INSERT INTO `ac_settings` VALUES (38, 'radio', 'Apis', 'Enable linkedin login.', 0, 'enable-linkedin-login', 'yes', '[\"yes\", \"no\"]');
INSERT INTO `ac_settings` VALUES (39, 'text', 'Apis', 'Define linkedin App id', 0, 'linkedin-app-id', '77q4c54lq5idk5', '');
INSERT INTO `ac_settings` VALUES (40, 'text', 'Apis', 'Define linkedin App secret', 0, 'linkedin-app-secret', 'wfayo5QnmO3lWZxa', '');
INSERT INTO `ac_settings` VALUES (41, 'readonly', 'Apis', 'Paste this redirect uri in linkedin app console.', 0, 'linkedin-app-redirect', 'https://www.aspirantecertificado.com/linkedin-redirect', '');
INSERT INTO `ac_settings` VALUES (42, 'color', 'Colors', 'Select Banner text color', 0, 'banner-text-color', '#f4f4f4', NULL);
INSERT INTO `ac_settings` VALUES (43, 'color', 'Colors', 'Select background color for site content area (#f4f4f4)', 0, 'site-background', '#f4f4f4', NULL);
INSERT INTO `ac_settings` VALUES (44, 'color', 'Colors', 'Select colors for heading underline (#56c7ff)', 0, 'headings-underline-color', '#56c7ff', NULL);
INSERT INTO `ac_settings` VALUES (45, 'color', 'Colors', 'Select background color for footer (#1D3352)', 0, 'footer-background', '#1D3352', NULL);
INSERT INTO `ac_settings` VALUES (46, 'color', 'Colors', 'Select items color for footer (#FFFFFF)', 0, 'footer-items-color', '#FFFFFF', NULL);
INSERT INTO `ac_settings` VALUES (47, 'color', 'Colors', 'Define color for footer social icons (#56c7ff)', 0, 'footer-social-icons-color', '#56c7ff', NULL);
INSERT INTO `ac_settings` VALUES (48, 'textarea', 'Home', 'About us Section', 0, 'about-us-section', '<p><img alt=\"Evaluar\" class=\"About__logo\" src=\"https://www.aspirantecertificado.com/assets/front/wp-content/uploads/2017/07/logo-home1.png\"></p>\r\n\r\n<h2><span class=\"counter js-counter-value\" data-count=\"150000\">150000</span></h2>\r\n\r\n<p>Aspirantecertificado.com evalúa más de 150.000 candidatos por mes</p>\r\n', NULL);
INSERT INTO `ac_settings` VALUES (49, 'textarea', 'Home', 'Percent 1 Head', 0, 'percent-1-section', '<h2>Atraer talentos de varias fuentes</h2>\r\n\r\n<p> </p>\r\n\r\n<p xss=\"removed\">Creamos tu propia página de empleos reforzando tu Marca Empleadora, donde se publican las vacantes disponibles.</p>\r\n\r\n<p xss=\"removed\">Consolida una base de datos calificada frente a tus vacantes, optimizando todas las fuentes de reclutamiento en las cuales inviertes ahora.</p>\r\n\r\n<p xss=\"removed\">¡Datos importantes!</p>\r\n\r\n<p> </p>\r\n', NULL);
INSERT INTO `ac_settings` VALUES (53, 'text', 'Home', 'Percent 1 Value', 0, 'percent-1-value', '70', NULL);
INSERT INTO `ac_settings` VALUES (54, 'textarea', 'Home', 'Percent 1 Desciption', NULL, 'percent-1-des', '<p>Más del 70% de los postulantes buscan oportunidades laborales en redes sociales y prefieren postular directo a través del portal de empleo de las compañías.</p>\r\n', NULL);
INSERT INTO `ac_settings` VALUES (55, 'textarea', 'Home', 'Percent 2 Head', 0, 'percent-2-section', '<h2>Curriculum Vitae</h2>\r\n\r\n<p> </p>\r\n\r\n<h5>Olvídate de leer curriculums y destinar horas a esta tarea</h5>\r\n\r\n<p xss=\"removed\">Utilizamos inteligencia artificial y algoritmos avanzados para analizar el CV de cada candidato además de compararlos con el requerimiento de cada cargo.</p>\r\n\r\n<p xss=\"removed\">Se pueden calificar aspectos como: experiencia, educación, aspiración salarial, idioma, ubicación geográfica y otros.</p>\r\n\r\n<p> </p>\r\n', NULL);
INSERT INTO `ac_settings` VALUES (56, 'text', 'Home', 'Percent 2 Value', 0, 'percent-2-value', '40', NULL);
INSERT INTO `ac_settings` VALUES (57, 'textarea', 'Home', 'Percent 2 Desciption', NULL, 'percent-2-des', '<p>En promedio solo el 30</p>\r\n', NULL);
INSERT INTO `ac_settings` VALUES (58, 'textarea', 'Home', 'Percent 3 Head', 0, 'percent-3-section', '<h2>Conocimientos Técnicos</h2>\r\n\r\n<p> </p>\r\n\r\n<h5>Evalúa los conocimientos técnicos de los postulantes</h5>\r\n\r\n<p xss=\"removed\">Crea tu propio cuestionario de conocimientos o utiliza los cuestionarios que ofrece la plataforma para evaluar a los candidatos en los conocimientos requeridos por la posición.</p>\r\n\r\n<p> </p>\r\n', NULL);
INSERT INTO `ac_settings` VALUES (59, 'text', 'Home', 'Percent 3 Value', 0, 'percent-3-value', '15', NULL);
INSERT INTO `ac_settings` VALUES (60, 'textarea', 'Home', 'Percent 3 Desciption', NULL, 'percent-3-des', '<p>En promedio solo 15</p>\r\n', NULL);
INSERT INTO `ac_settings` VALUES (61, 'textarea', 'Home', 'Percent 4 Head', 0, 'percent-4-section', '<h2>Competencias Laborales</h2>\r\n\r\n<p> </p>\r\n\r\n<h5>Evalúa habilidades, competencias, valores, aspectos cognitivos y el potencial de tus postulantes a través del uso de psicometría.</h5>\r\n\r\n<p xss=\"removed\">Escoge entre más de 110 competencias laborales para construir el perfil ideal de cada vacante, contamos con más de 33 pruebas psicométricas que nos permiten evaluar todo tipo de perfil operativos, jefaturas y gerencias.</p>\r\n\r\n<p> </p>\r\n', NULL);
INSERT INTO `ac_settings` VALUES (62, 'text', 'Home', 'Percent 4 Value', 0, 'percent-4-value', '70', NULL);
INSERT INTO `ac_settings` VALUES (63, 'textarea', 'Home', 'Percent 4 Desciption', NULL, 'percent-4-des', '<p>En promedio solo el 7</p>\r\n', NULL);
INSERT INTO `ac_settings` VALUES (64, 'textarea', 'Home', 'Percent 5 Head', 0, 'percent-5-section', '<h2>Video Entrevista Grabadas</h2>\r\n\r\n<p> </p>\r\n\r\n<h5>Realiza las preguntas iniciales de filtro en cada proceso.</h5>\r\n\r\n<p xss=\"removed\">Conoce a los candidatos en una video entrevista grabada que permite realizar hasta 3 preguntas claves, esto te dará una primera impresión y la facilidad de identificar aspectos como dicción, argumentación, conocimientos entre otros que son relevantes y te interesa validar previo a conocer de forma presencial a un candidato.</p>\r\n\r\n<p> </p>\r\n', NULL);
INSERT INTO `ac_settings` VALUES (65, 'text', 'Home', 'Percent 5 Value', 0, 'percent-5-value', '5', NULL);
INSERT INTO `ac_settings` VALUES (66, 'textarea', 'Home', 'Percent 5 Desciption', NULL, 'percent-5-des', '<p>Reduce significativamente el número de entrevistas, hasta un 50</p>\r\n', NULL);

-- ----------------------------
-- Table structure for ac_sms_templates
-- ----------------------------
DROP TABLE IF EXISTS `ac_sms_templates`;
CREATE TABLE `ac_sms_templates`  (
  `id` int(11) NOT NULL AUTO_INCREMENT,
  `name` varchar(255) CHARACTER SET utf8mb4 COLLATE utf8mb4_general_ci NOT NULL,
  `template` text CHARACTER SET utf8mb4 COLLATE utf8mb4_general_ci NOT NULL,
  `user_access` int(11) NOT NULL DEFAULT 0,
  `status` int(11) NOT NULL DEFAULT 1,
  `created_at` datetime(0) NOT NULL,
  `updated_at` datetime(0) NULL DEFAULT NULL,
  PRIMARY KEY (`id`) USING BTREE,
  UNIQUE INDEX `name`(`name`) USING BTREE
) ENGINE = InnoDB AUTO_INCREMENT = 2 CHARACTER SET = utf8mb4 COLLATE = utf8mb4_general_ci ROW_FORMAT = DYNAMIC;

-- ----------------------------
-- Records of ac_sms_templates
-- ----------------------------
INSERT INTO `ac_sms_templates` VALUES (1, 'contact us', '<p>{{contents}}  pp</p>\r\n', 1, 1, '2020-12-13 13:49:39', '2020-12-13 10:34:35');

-- ----------------------------
-- Table structure for ac_to_dos
-- ----------------------------
DROP TABLE IF EXISTS `ac_to_dos`;
CREATE TABLE `ac_to_dos`  (
  `to_do_id` int(10) UNSIGNED NOT NULL AUTO_INCREMENT,
  `account_id` int(10) UNSIGNED NULL DEFAULT NULL,
  `user_id` int(10) UNSIGNED NULL DEFAULT NULL,
  `title` varchar(100) CHARACTER SET utf8 COLLATE utf8_general_ci NOT NULL,
  `description` text CHARACTER SET utf8 COLLATE utf8_general_ci NULL,
  `status` tinyint(4) NOT NULL,
  `created_at` datetime(0) NULL DEFAULT NULL,
  `updated_at` datetime(0) NULL DEFAULT NULL,
  PRIMARY KEY (`to_do_id`) USING BTREE
) ENGINE = InnoDB AUTO_INCREMENT = 12 CHARACTER SET = utf8 COLLATE = utf8_general_ci ROW_FORMAT = DYNAMIC;

-- ----------------------------
-- Records of ac_to_dos
-- ----------------------------
INSERT INTO `ac_to_dos` VALUES (1, NULL, 1, 'Create a Job', 'Create a Job', 1, NULL, NULL);
INSERT INTO `ac_to_dos` VALUES (2, NULL, 1, 'Add Team Member', 'Add Team Member', 1, NULL, NULL);
INSERT INTO `ac_to_dos` VALUES (3, NULL, 1, 'Take Interview', 'Take Interview', 1, NULL, NULL);
INSERT INTO `ac_to_dos` VALUES (4, NULL, 1, 'Edit Quizes', 'Edit Quizes', 1, NULL, NULL);
INSERT INTO `ac_to_dos` VALUES (5, NULL, 1, 'Make Blog Post', 'Make Blog Post', 1, NULL, NULL);
INSERT INTO `ac_to_dos` VALUES (6, NULL, 1, 'Create a Job 2', 'Create a Job', 1, NULL, NULL);
INSERT INTO `ac_to_dos` VALUES (7, NULL, 1, 'Add Team Member 2', 'Add Team Member', 1, NULL, NULL);
INSERT INTO `ac_to_dos` VALUES (8, NULL, 1, 'Take Interview 2', 'Take Interview', 1, NULL, NULL);
INSERT INTO `ac_to_dos` VALUES (9, NULL, 1, 'Edit Quizes 2', 'Edit Quizes', 1, NULL, NULL);
INSERT INTO `ac_to_dos` VALUES (10, NULL, 1, 'Make Blog Post 2', 'Make Blog Post', 1, NULL, NULL);

-- ----------------------------
-- Table structure for ac_traits
-- ----------------------------
DROP TABLE IF EXISTS `ac_traits`;
CREATE TABLE `ac_traits`  (
  `trait_id` int(10) UNSIGNED NOT NULL AUTO_INCREMENT,
  `account_id` int(10) UNSIGNED NULL DEFAULT NULL,
  `title` varchar(100) CHARACTER SET utf8 COLLATE utf8_general_ci NOT NULL,
  `status` tinyint(4) NOT NULL,
  `created_at` datetime(0) NULL DEFAULT NULL,
  `updated_at` datetime(0) NULL DEFAULT NULL,
  PRIMARY KEY (`trait_id`) USING BTREE
) ENGINE = InnoDB AUTO_INCREMENT = 6 CHARACTER SET = utf8 COLLATE = utf8_general_ci ROW_FORMAT = DYNAMIC;

-- ----------------------------
-- Records of ac_traits
-- ----------------------------
INSERT INTO `ac_traits` VALUES (1, NULL, 'Communication', 1, '2020-12-24 02:38:33', '2020-12-24 02:38:33');
INSERT INTO `ac_traits` VALUES (2, NULL, 'Punctuality', 1, '2020-12-24 02:38:33', '2020-12-24 02:38:33');
INSERT INTO `ac_traits` VALUES (3, NULL, 'Attention to detail', 1, '2020-12-24 02:38:33', '2020-12-24 02:38:33');
INSERT INTO `ac_traits` VALUES (4, NULL, 'Report Writing', 1, '2020-12-24 02:38:33', '2020-12-24 02:38:33');
INSERT INTO `ac_traits` VALUES (5, NULL, 'Presentation Skills', 1, '2020-12-24 02:38:33', '2020-12-24 02:38:33');

-- ----------------------------
-- Table structure for ac_updates
-- ----------------------------
DROP TABLE IF EXISTS `ac_updates`;
CREATE TABLE `ac_updates`  (
  `update_id` int(10) UNSIGNED NOT NULL AUTO_INCREMENT,
  `account_id` int(10) UNSIGNED NULL DEFAULT NULL,
  `version` varchar(100) CHARACTER SET utf8 COLLATE utf8_general_ci NOT NULL,
  `title` varchar(100) CHARACTER SET utf8 COLLATE utf8_general_ci NOT NULL,
  `details` text CHARACTER SET utf8 COLLATE utf8_general_ci NULL,
  `files` text CHARACTER SET utf8 COLLATE utf8_general_ci NULL,
  `is_current` tinyint(4) NOT NULL DEFAULT 0,
  `released_at` datetime(0) NULL DEFAULT NULL,
  `created_at` datetime(0) NULL DEFAULT NULL,
  PRIMARY KEY (`update_id`) USING BTREE
) ENGINE = InnoDB AUTO_INCREMENT = 2 CHARACTER SET = utf8 COLLATE = utf8_general_ci ROW_FORMAT = DYNAMIC;

-- ----------------------------
-- Records of ac_updates
-- ----------------------------
INSERT INTO `ac_updates` VALUES (1, NULL, '1.3', 'Initial', 'Initial Installation<br />', '', 1, '2020-11-20 00:00:00', '2020-12-24 02:38:35');

-- ----------------------------
-- Table structure for ac_user_roles
-- ----------------------------
DROP TABLE IF EXISTS `ac_user_roles`;
CREATE TABLE `ac_user_roles`  (
  `user_id` int(10) UNSIGNED NOT NULL,
  `role_id` int(10) UNSIGNED NOT NULL
) ENGINE = InnoDB CHARACTER SET = utf8 COLLATE = utf8_general_ci ROW_FORMAT = DYNAMIC;

-- ----------------------------
-- Records of ac_user_roles
-- ----------------------------
INSERT INTO `ac_user_roles` VALUES (14, 4);
INSERT INTO `ac_user_roles` VALUES (14, 1);
INSERT INTO `ac_user_roles` VALUES (14, 2);

-- ----------------------------
-- Table structure for ac_users
-- ----------------------------
DROP TABLE IF EXISTS `ac_users`;
CREATE TABLE `ac_users`  (
  `user_id` int(10) UNSIGNED NOT NULL AUTO_INCREMENT,
  `account_id` int(10) UNSIGNED NULL DEFAULT NULL,
  `first_name` varchar(100) CHARACTER SET utf8 COLLATE utf8_general_ci NOT NULL,
  `last_name` varchar(100) CHARACTER SET utf8 COLLATE utf8_general_ci NOT NULL,
  `username` varchar(100) CHARACTER SET utf8 COLLATE utf8_general_ci NOT NULL,
  `email` varchar(150) CHARACTER SET utf8 COLLATE utf8_general_ci NOT NULL,
  `image` varchar(255) CHARACTER SET utf8 COLLATE utf8_general_ci NULL DEFAULT NULL,
  `phone` varchar(30) CHARACTER SET utf8 COLLATE utf8_general_ci NULL DEFAULT NULL,
  `password` varchar(150) CHARACTER SET utf8 COLLATE utf8_general_ci NOT NULL,
  `status` tinyint(4) NOT NULL,
  `token` varchar(100) CHARACTER SET utf8 COLLATE utf8_general_ci NOT NULL,
  `user_type` varchar(30) CHARACTER SET utf8 COLLATE utf8_general_ci NOT NULL DEFAULT 'admin',
  `created_at` datetime(0) NULL DEFAULT NULL,
  `updated_at` datetime(0) NULL DEFAULT NULL,
  PRIMARY KEY (`user_id`) USING BTREE,
  UNIQUE INDEX `username`(`username`) USING BTREE,
  UNIQUE INDEX `email`(`email`) USING BTREE
) ENGINE = InnoDB AUTO_INCREMENT = 15 CHARACTER SET = utf8 COLLATE = utf8_general_ci ROW_FORMAT = DYNAMIC;

-- ----------------------------
-- Records of ac_users
-- ----------------------------
INSERT INTO `ac_users` VALUES (2, NULL, 'Admin', 'test', 'admin', 'admin@demo.com', '', '', '1cda774ffa8e9107a1bf14a18325e97ff89c848fa', 1, '', 'admin', '2020-12-24 02:38:32', NULL);
INSERT INTO `ac_users` VALUES (3, NULL, 'William', 'Amith', 'william', 'william@cf.com', '', '', '68abad1f89c848faebe47091382aacf4f89c848fa', 1, '', 'team', '2020-12-24 02:38:32', NULL);
INSERT INTO `ac_users` VALUES (4, NULL, 'Oliver', 'Wood', 'oliver', 'oliver@cf.com', '', '', '68abad1f89c848faebe47091382aacf4f89c848fa', 1, '', 'team', '2020-12-24 02:38:32', NULL);
INSERT INTO `ac_users` VALUES (5, NULL, 'Brad', 'Pitt', 'brad', 'brad@cf.com', '', '', '68abad1f89c848faebe47091382aacf4f89c848fa', 1, '', 'team', '2020-12-24 02:38:32', NULL);
INSERT INTO `ac_users` VALUES (6, NULL, 'Neil', 'Armstrong', 'neil', 'neil@cf.com', '', '', '68abad1f89c848faebe47091382aacf4f89c848fa', 1, '', 'team', '2020-12-24 02:38:32', NULL);
INSERT INTO `ac_users` VALUES (7, NULL, 'Anthony', 'Hopkins', 'anthony', 'anthony@cf.com', '', '', '68abad1f89c848faebe47091382aacf4f89c848fa', 1, '', 'team', '2020-12-24 02:38:32', NULL);
INSERT INTO `ac_users` VALUES (8, NULL, 'Fredrick', 'John', 'john', 'john@cf.com', '', '', '68abad1f89c848faebe47091382aacf4f89c848fa', 1, '', 'team', '2020-12-24 02:38:32', NULL);
INSERT INTO `ac_users` VALUES (9, NULL, 'Virat', 'Anand', 'virat', 'anand@cf.com', '', '', '68abad1f89c848faebe47091382aacf4f89c848fa', 1, '', 'team', '2020-12-24 02:38:32', NULL);
INSERT INTO `ac_users` VALUES (10, NULL, 'Ali', 'Moeen', 'ali', 'ali.moeen@cf.com', '', '', '68abad1f89c848faebe47091382aacf4f89c848fa', 1, '', 'team', '2020-12-24 02:38:32', NULL);
INSERT INTO `ac_users` VALUES (11, NULL, 'Victoria', 'Joseph', 'team', 'victoria@cf.com', '', '', '68abad1f89c848faebe47091382aacf4f89c848fa', 1, '', 'team', '2020-12-24 02:38:32', NULL);
INSERT INTO `ac_users` VALUES (12, NULL, 'Mahima', 'Khan', 'khan', 'khan@cf.com', '', '', '68abad1f89c848faebe47091382aacf4f89c848fa', 1, '', 'team', '2020-12-24 02:38:32', NULL);

SET FOREIGN_KEY_CHECKS = 1;
