INSERT INTO Dishes VALUES
(100, 'Platters', 'bakeware', 'platters'),
(101, 'Susan', 'dinnerware', 'susan'),
(102, 'Susan', 'dinnerware', 'platters'),
(103, 'Tea cup', 'dinnerware', 'salad bowls'),
(104, 'Cup', 'dinnerware', 'bowls'),
(105, 'Bowls', 'dinnerware', 'susan'),
(106, 'Salad bowls', 'dinnerware', 'cup'),
(107, 'Bowls', 'dinnerware', 'platters'),
(108, 'Bowls', 'serveware', 'bowls'),
(109, 'Bowls', 'dinnerware', 'cup'),
(110, 'Tea cup', 'dinnerware', 'susan'),
(111, 'Cup', 'dinnerware', 'salad bowls'),
(112, 'Salad bowls', 'drinkware', 'cup'),
(113, 'Cup', 'dinnerware', 'carafe'),
(114, 'Susan', 'dinnerware', 'salad bowls'),
(115, 'Carafe', 'cookware', 'cup'),
(116, 'Carafe', 'drinkware', 'bowls'),
(117, 'Bowls', 'dinnerware', 'carafe'),
(118, 'Salad bowls', 'dinnerware', 'platters'),
(119, 'Susan', 'dinnerware', 'platters'),
(120, 'Carafe', 'dinnerware', 'susan'),
(121, 'Tea cup', 'dinnerware', 'tea cup'),
(122, 'Susan', 'drinkware', 'tea cup'),
(123, 'Salad bowls', 'dinnerware', 'platters'),
(124, 'Salad bowls', 'dinnerware', 'bowls'),
(125, 'Carafe', 'dinnerware', 'susan'),
(126, 'Tea cup', 'dinnerware', 'bowls'),
(127, 'Susan', 'dinnerware', 'salad bowls'),
(128, 'Cup', 'drinkware', 'bowls'),
(129, 'Bowls', 'dinnerware', 'platters'),
(130, 'Platters', 'dinnerware', 'susan'),
(131, 'Carafe', 'dinnerware', 'carafe'),
(132, 'Tea cup', 'dinnerware', 'platters'),
(133, 'Susan', 'dinnerware', 'carafe'),
(134, 'Bowls', 'dinnerware', 'salad bowls'),
(135, 'Bowls', 'dinnerware', 'tea cup'),
(136, 'Bowls', 'dinnerware', 'carafe'),
(137, 'Tea cup', 'drinkware', 'carafe'),
(138, 'Susan', 'cookware', 'tea cup'),
(139, 'Bowls', 'dinnerware', 'cup'),
(140, 'Platters', 'dinnerware', 'cup'),
(141, 'Susan', 'dinnerware', 'salad bowls'),
(142, 'Platters', 'dinnerware', 'carafe'),
(143, 'Tea cup', 'dinnerware', 'cup'),
(144, 'Platters', 'dinnerware', 'platters'),
(145, 'Platters', 'dinnerware', 'bowls'),
(146, 'Salad bowls', 'dinnerware', 'bowls'),
(147, 'Tea cup', 'dinnerware', 'platters'),
(148, 'Platters', 'dinnerware', 'salad bowls'),
(149, 'Carafe', 'drinkware', 'platters')
;
INSERT INTO DishPrices VALUES
(100, 11.63453, '2017-07-15 04:02:58'),
(101, 11.62619, '2019-06-02 07:44:06'),
(102, 5.39351, '2019-01-12 05:36:36'),
(103, 11.11052, '2018-04-27 01:24:36'),
(104, 23.16498, '2018-01-10 19:47:52'),
(105, 18.02577, '2020-01-12 17:56:34'),
(106, 16.78527, '2018-06-10 02:57:59'),
(107, 7.00551, '2020-06-15 03:16:24'),
(108, 10.02064, '2017-09-01 23:48:59'),
(109, 5.08754, '2019-06-11 23:26:41'),
(110, 15.34138, '2017-06-21 22:24:07'),
(111, 19.71260, '2018-05-13 18:03:59'),
(112, 10.86868, '2017-11-20 11:12:52'),
(113, 17.07338, '2020-07-07 14:55:32'),
(114, 4.18735, '2020-06-16 09:08:13'),
(115, 3.78419, '2020-07-11 19:02:17'),
(116, 15.86062, '2020-06-15 19:31:16'),
(117, 9.66886, '2020-11-13 09:22:56'),
(118, 23.27344, '2019-09-03 23:10:53'),
(119, 4.82148, '2019-07-02 09:41:50'),
(120, 7.36820, '2019-04-20 14:30:10'),
(121, 4.96880, '2019-07-10 12:17:11'),
(122, 10.79852, '2020-09-29 12:51:34'),
(123, 12.63962, '2018-08-30 07:35:32'),
(124, 24.92252, '2019-07-20 21:43:35'),
(125, 21.97122, '2018-11-30 13:10:30'),
(126, 14.31558, '2018-03-02 13:56:11'),
(127, 16.42612, '2018-08-22 01:51:44'),
(128, 22.20172, '2020-07-31 06:25:56'),
(129, 3.09745, '2019-09-07 23:05:34'),
(130, 24.43239, '2017-03-22 21:05:24'),
(131, 8.40129, '2017-11-21 10:17:31'),
(132, 9.53623, '2018-05-25 03:15:46'),
(133, 5.80098, '2017-07-01 11:18:53'),
(134, 17.97848, '2018-09-15 05:48:25'),
(135, 3.43135, '2017-09-26 04:03:33'),
(136, 17.26924, '2018-09-25 02:20:23'),
(137, 23.49454, '2019-06-21 06:38:20'),
(138, 18.73025, '2018-11-15 11:53:01'),
(139, 20.78148, '2017-09-06 20:51:22'),
(140, 7.00026, '2017-10-28 13:08:43'),
(141, 24.50172, '2020-09-14 11:47:55'),
(142, 9.66554, '2017-03-08 20:25:23'),
(143, 17.49711, '2019-04-11 09:10:47'),
(144, 17.60335, '2019-09-20 20:53:23'),
(145, 22.16972, '2020-08-18 03:20:33'),
(146, 9.11784, '2019-04-16 12:10:10'),
(147, 10.71545, '2018-04-05 12:40:14'),
(148, 20.20663, '2017-12-23 10:01:04'),
(149, 20.48383, '2019-01-11 22:39:25')
;
INSERT INTO DishCounts VALUES
(100, 354, '2018-12-26 23:33:23'),
(101, 234, '2018-07-14 11:13:30'),
(102, 367, '2017-07-18 20:08:08'),
(103, 164, '2018-06-07 07:50:30'),
(104, 137, '2019-12-18 09:52:37'),
(105, 497, '2020-03-23 13:57:34'),
(106, 298, '2019-01-30 11:54:54'),
(107, 461, '2019-09-22 02:05:33'),
(108, 200, '2020-04-19 02:14:04'),
(109, 349, '2018-10-05 20:20:40'),
(110, 171, '2017-05-07 05:10:03'),
(111, 468, '2020-04-03 20:57:47'),
(112, 297, '2017-07-23 14:46:03'),
(113, 331, '2020-08-28 19:04:16'),
(114, 468, '2019-03-07 02:05:13'),
(115, 202, '2018-09-18 12:38:45'),
(116, 230, '2020-02-16 08:20:25'),
(117, 281, '2019-12-06 17:55:50'),
(118, 158, '2017-05-08 19:50:53'),
(119, 300, '2019-11-09 10:56:57'),
(120, 123, '2018-08-23 20:49:31'),
(121, 368, '2017-11-19 17:41:23'),
(122, 392, '2017-10-01 03:27:02'),
(123, 261, '2020-12-09 01:31:46'),
(124, 421, '2019-01-04 03:26:54'),
(125, 380, '2018-03-21 02:12:39'),
(126, 212, '2020-07-31 01:08:09'),
(127, 215, '2019-04-09 14:23:07'),
(128, 310, '2017-07-17 20:30:00'),
(129, 267, '2020-03-15 04:38:54'),
(130, 374, '2019-01-10 11:10:17'),
(131, 449, '2017-02-21 03:38:50'),
(132, 430, '2017-02-06 06:49:37'),
(133, 364, '2017-11-07 18:07:14'),
(134, 450, '2020-09-29 05:31:16'),
(135, 111, '2018-07-11 05:27:52'),
(136, 218, '2020-02-06 14:12:44'),
(137, 287, '2017-08-01 02:31:24'),
(138, 232, '2018-05-31 17:03:12'),
(139, 326, '2019-08-20 15:43:40'),
(140, 196, '2017-12-04 10:54:55'),
(141, 137, '2017-08-10 06:21:38'),
(142, 403, '2017-06-12 16:47:17'),
(143, 471, '2018-05-07 18:49:09'),
(144, 260, '2019-10-31 23:45:54'),
(145, 343, '2018-12-14 03:23:19'),
(146, 432, '2017-01-15 06:23:59'),
(147, 363, '2018-11-19 11:11:21'),
(148, 289, '2019-02-23 01:11:53'),
(149, 253, '2018-10-01 13:35:32')
;
INSERT INTO Descriptions VALUES
(100, 'Germany', '2017-07-26 16:12:53', 1948.49974),
(101, 'China', '2018-03-02 07:14:26', 4881.26422),
(102, 'USA', '2018-01-31 04:37:43', 703.21844),
(103, 'China', '2020-03-21 18:12:52', 398.39614),
(104, 'Ukraine', '2018-05-29 10:52:10', 4616.88423),
(105, 'USA', '2017-01-05 10:28:54', 1551.89194),
(106, 'China', '2019-02-28 16:58:17', 395.45763),
(107, 'Germany', '2020-09-11 14:53:29', 3479.47632),
(108, 'China', '2019-05-26 22:59:53', 2632.03130),
(109, 'China', '2019-08-01 13:32:34', 971.34541),
(110, 'Germany', '2017-02-10 01:00:38', 4141.84546),
(111, 'China', '2019-06-02 21:47:14', 4783.22553),
(112, 'Ukraine', '2019-01-11 23:56:44', 3286.06424),
(113, 'China', '2019-08-08 18:03:19', 3988.37441),
(114, 'Germany', '2019-02-26 09:48:59', 2200.27428),
(115, 'Germany', '2020-06-14 14:24:26', 2425.72315),
(116, 'Ukraine', '2019-05-06 13:59:29', 1655.07264),
(117, 'Germany', '2020-02-01 12:50:07', 2038.64681),
(118, 'USA', '2020-02-14 23:57:13', 2792.95399),
(119, 'USA', '2020-05-04 10:04:01', 194.96696),
(120, 'USA', '2020-04-09 14:20:16', 3564.40921),
(121, 'Germany', '2017-12-29 03:48:22', 1186.62595),
(122, 'Germany', '2020-03-15 22:20:45', 1897.82815),
(123, 'Ukraine', '2018-07-27 12:09:31', 1442.57175),
(124, 'USA', '2020-12-14 11:53:31', 4888.54979),
(125, 'USA', '2019-11-14 01:33:10', 2888.18170),
(126, 'USA', '2017-04-30 16:44:44', 3916.08335),
(127, 'China', '2017-09-29 10:54:04', 4542.62434),
(128, 'Ukraine', '2019-10-12 15:35:09', 3288.75779),
(129, 'Germany', '2018-03-30 10:25:55', 1961.21705),
(130, 'Ukraine', '2020-08-18 03:45:14', 4535.57308),
(131, 'Ukraine', '2018-02-03 17:17:18', 1322.43254),
(132, 'USA', '2018-07-02 02:18:30', 3435.21790),
(133, 'USA', '2018-10-21 19:51:37', 3913.83767),
(134, 'USA', '2019-07-20 06:03:35', 3817.70449),
(135, 'USA', '2018-02-11 12:27:15', 793.97219),
(136, 'China', '2017-05-09 22:46:20', 2483.46512),
(137, 'Germany', '2018-12-28 18:09:38', 2936.29454),
(138, 'USA', '2020-06-24 06:45:00', 3514.30509),
(139, 'Germany', '2017-12-18 23:00:35', 4436.07803),
(140, 'Germany', '2017-03-11 21:00:02', 3756.64622),
(141, 'USA', '2019-03-02 03:44:12', 177.27896),
(142, 'USA', '2018-01-24 13:47:03', 4502.32422),
(143, 'Ukraine', '2020-07-19 04:52:31', 3501.83880),
(144, 'Ukraine', '2019-01-01 17:42:20', 4153.38655),
(145, 'Ukraine', '2017-04-14 00:35:21', 445.47318),
(146, 'Germany', '2017-03-20 19:27:08', 535.80621),
(147, 'China', '2018-06-08 09:00:55', 3647.68421),
(148, 'China', '2019-07-25 15:04:41', 1393.67684),
(149, 'Germany', '2017-11-01 08:20:55', 3399.58848)
;
INSERT INTO DishMaterials VALUES
(100, 'porcelain'),
(101, 'stoneware'),
(102, 'earthenware'),
(103, 'earthenware'),
(104, 'bone china'),
(105, 'bone china'),
(106, 'earthenware'),
(107, 'stoneware'),
(108, 'melamine'),
(109, 'melamine'),
(110, 'earthenware'),
(111, 'earthenware'),
(112, 'porcelain'),
(113, 'stoneware'),
(114, 'bone china'),
(115, 'bone china'),
(116, 'earthenware'),
(117, 'earthenware'),
(118, 'bone china'),
(119, 'stoneware'),
(120, 'stoneware'),
(121, 'earthenware'),
(122, 'melamine'),
(123, 'porcelain'),
(124, 'earthenware'),
(125, 'porcelain'),
(126, 'earthenware'),
(127, 'stoneware'),
(128, 'stoneware'),
(129, 'bone china'),
(130, 'melamine'),
(131, 'earthenware'),
(132, 'stoneware'),
(133, 'porcelain'),
(134, 'stoneware'),
(135, 'earthenware'),
(136, 'melamine'),
(137, 'earthenware'),
(138, 'stoneware'),
(139, 'porcelain'),
(140, 'melamine'),
(141, 'stoneware'),
(142, 'earthenware'),
(143, 'earthenware'),
(144, 'bone china'),
(145, 'stoneware'),
(146, 'melamine'),
(147, 'bone china'),
(148, 'porcelain'),
(149, 'melamine')
;
INSERT INTO Employees VALUES
(100, 'Louis Lincoln', 'eFVbJVrEfxEZ@gmail.com', 'f8961b33f39bbb7c5824828c878f78938e536c43d6a4e5e7bc6b21b89b9e8d20', 43, '138-828-8677', '2018-10-02 20:27:59', 10000.0),
(101, 'Heather Hamilton', 'oSSnSaaVkUpRiEbFU@gmail.com', '74841dfc02b70cc29287be53a70673ce0bd570e6390412bfef5ad79cd29d188f', 42, '150-029-3698', '2019-09-29 02:40:11', 10000.0),
(102, 'Dorothy Bowlin', 'chHdVSZKdXZyOoMg@gmail.com', '42f7507a0796675bfbc07a65e7dbac86e95a611668c40f523412bd586c02cc52', 39, '710-671-9239', '2019-01-24 01:27:57', 10000.0),
(103, 'Odessa Jewels', 'XdXGAgEkfKxRakWrD@gmail.com', '19f0bafb62d4963d98e12dd1242e9bf2674ce19cf589df1141bc802fbd164365', 45, '106-883-4367', '2018-12-11 08:03:42', 10000.0),
(104, 'Kimberly Hopkins', 'jEeNRgaGXJkFgX@gmail.com', '54c9f85a7eb8609c7226d599d8998514f30b7dc108367c86379698ba3f4be625', 48, '563-458-5704', '2019-12-03 08:30:24', 10000.0),
(105, 'Verona Orser', 'tgObecTFyYqXAaHBVn@gmail.com', '7395e9ae4ebff120f531355a9baae0d3e9cbac0d395850a49da62977e5fa3070', 22, '115-021-0315', '2019-07-10 08:45:37', 10000.0),
(106, 'Staci Reynolds', 'AvbnWyeQSH@gmail.com', '9fc94c6d4db70ad846d0b122a66cfde6983f083fd3cc51361bc62e64a9d713fe', 43, '794-486-8792', '2018-10-10 00:45:22', 10000.0),
(107, 'Gladys Thompson', 'NuFGwesqDPBwoXEPz@gmail.com', 'c93e11b5848ad57904655677f111610f01b8be91da89e88784f954c28fd41fcb', 42, '106-026-8553', '2019-10-17 04:28:31', 10000.0),
(108, 'Joelle Chisholm', 'UuyfcngCfzGUeDX@gmail.com', '02668bb5887341f425e877e7ed5b5e071d962ccffbc71d0fddf2b3412f10a744', 27, '868-798-8461', '2018-09-10 22:02:17', 10000.0),
(109, 'Fern Liddell', 'QWZSYTgHeDppHFW@gmail.com', 'da9442c48e1f3b660cd00dbcab126955d3171a3cb4e13af25afa8d45d761847d', 47, '573-105-4237', '2019-10-15 22:36:32', 10000.0),
(110, 'Katrina Noel', 'rPqGnDnXDOwm@gmail.com', '256cbd1aebb57561ad7e3292f82e106ca0a50d6b157ea8cab6786ecbfdc01c1d', 32, '101-864-5692', '2018-03-03 08:34:25', 10000.0),
(111, 'Larry Summers', 'JwfZQJzyxuebXmNJIEIq@gmail.com', '13da2e22eeaee90f485138f82178d7dda509d226f6a19ed8b9e0701d0c70822a', 20, '674-529-6893', '2018-04-15 21:48:44', 10000.0),
(112, 'Stephanie Erkkila', 'SFCuaHwEMjceufRx@gmail.com', '398ea6e77fa4f57e0bad0139814cc03dcb2782e640fcffb4b548bb97ff86f8a3', 25, '963-262-1314', '2019-02-23 04:11:24', 10000.0),
(113, 'Theresa Gourley', 'UyxePeNUmQFf@gmail.com', '48e0df9f3f1c2c2d46ca81c2af00c060c14b0a488a43f4e098e07dd8eb149e2c', 49, '733-427-7681', '2019-12-27 06:01:36', 10000.0),
(114, 'Kevin Fischer', 'WQpWfaeHLFdvb@gmail.com', 'e2969d093dde7eeee2d0a16ac55c7cc13f6b11271304f92b0749515d7d19420e', 28, '984-637-4844', '2019-08-02 19:43:04', 10000.0),
(115, 'Matthew Mihaly', 'SbbDurxhRCvFDl@gmail.com', '428c842ad544b5628edc6ef45e74a1ef5609170b584e5d8e905a38fdc4b8122f', 32, '682-379-0589', '2019-01-11 10:20:45', 10000.0),
(116, 'Clinton Crowley', 'UqhLqWQCAKHgulF@gmail.com', '9a5ec8522215ee21cb1b02572aa8994a44d0d43d76b9df2d29b20c64e7b0b9b1', 27, '126-716-7622', '2018-09-16 16:58:03', 10000.0),
(117, 'Kimberly Wortman', 'ZLpoMKSnhcoMoknqv@gmail.com', 'f0c5031e924775b5ac92d6c6bd1456e9a395f09a61670b9ebb213013bc134846', 21, '610-716-7722', '2019-12-16 14:53:30', 10000.0),
(118, 'Brenda Rosado', 'KeYKrXKYYopz@gmail.com', '9d3c25cd52f1b00eca8c7d78a9abe12e1745106a8d7b49aced04a96cda48a6c8', 47, '933-618-0204', '2019-10-01 22:29:11', 10000.0),
(119, 'Tyesha Steele', 'UhwJhdjJViZbMiiFU@gmail.com', '778edc02ae372ebae1575d0e9a44f1a4d9c3d75cd814bfded88e28e744fc9001', 40, '523-627-6789', '2018-07-13 08:32:57', 10000.0),
(120, 'Benny Rosato', 'YoLSYbYlmlMbw@gmail.com', '721a66e4c02758cd8e8d5890706445174680afb5c86fb7dfac6e3b4399b9bb0d', 20, '504-086-8816', '2018-03-10 19:22:32', 10000.0),
(121, 'Jeffrey Woodward', 'nxKMvQLkzmtoB@gmail.com', '93ec3cea2cb52bf036cd5bf4f4bc5a9d738e963162fc630596e59c326149a2ef', 43, '615-654-0549', '2019-07-24 07:48:29', 10000.0),
(122, 'Lois Weddle', 'JdjwFQmeDcIEjtrAXQrP@gmail.com', '32839220b80bc56792ea3197c2ee07ebd4f86dc8180316f173d4969ffebd835c', 21, '446-244-8850', '2018-01-22 23:10:39', 10000.0),
(123, 'Maureen Wontor', 'zTHEbJDIxobYVcvqFMQs@gmail.com', 'bb450b4673f744692cf860bbc84cce2cfd7e9a41b633562e99a4f9940951c953', 30, '472-445-7598', '2019-04-30 09:14:33', 10000.0),
(124, 'James Reno', 'GFqZUmErOOxTCkffZuh@gmail.com', '4e46ddf3223404f1923dc65eb8d4b4baf1533b4d4d391d563c6092d72aba4215', 42, '583-553-4380', '2018-02-01 06:08:11', 10000.0),
(125, 'Richard Talbot', 'RcvbEkwCsoKuPfvVhn@gmail.com', 'f558e3cfb949d733dadb6f27767b1b28266add57aaba3f55f48c08d240de832b', 45, '881-002-6838', '2019-01-24 10:57:07', 10000.0),
(126, 'Edmund Kimpel', 'JfdeBQfxCQNlsYxdR@gmail.com', 'd936e50368150f0626162e0fe20c33e76322f2eba5f950b32ab36be305111ada', 26, '417-489-5494', '2018-12-10 16:50:11', 10000.0),
(127, 'Jerry Newberry', 'SpoMkeKMeBXgkBpsX@gmail.com', '256a554192844336616294b33a3e17d17002eccb14f56b1de958b1c869a96ad9', 23, '785-758-8048', '2019-06-29 06:56:50', 10000.0),
(128, 'Joellen Clement', 'LhVoNsKxbIEBivlhxqeV@gmail.com', '393dff4e2f7a285dcd4e6d93c31689c9185ae86f1ff2c4f8127dfbb90409bb12', 41, '703-008-2264', '2019-05-01 07:43:16', 10000.0),
(129, 'Sonya Moreau', 'aPDrwcTUyRVgxUYVXWXX@gmail.com', '5b4c89d73ec043dfa55e18efd4d13627a904977f926bb6d651a25a291aaa4d0e', 22, '392-784-1819', '2018-02-20 04:40:28', 10000.0),
(130, 'Mark Olson', 'nKoGENOxOddpNGXol@gmail.com', '3fa032cae32d8faa4a5d3c639480a6b04fd09a897bdc2d008c591b1046d6254c', 41, '950-872-1705', '2019-05-03 09:02:57', 10000.0),
(131, 'Wendy Bake', 'yPNtgXGeOa@gmail.com', '30f5d4d7cd0757e93d65da3afb6e35c14bf9eb76346e6cf177f98e9b1be55de9', 24, '317-040-5371', '2019-06-22 01:04:46', 10000.0),
(132, 'Kristina Loske', 'pxPkxHHmBEnwESaK@gmail.com', '6ce1d3d74cd969a66ccf4aca914b096f26c26e1186efd065bb649dca065e278c', 42, '357-825-6650', '2018-01-01 01:36:51', 10000.0),
(133, 'Ruth Sparks', 'gIBBCGrcFsWJuWf@gmail.com', '13d7307caf13d8f45ee5ea161760666dfb4eaed48049dae29878e07dddc83c80', 44, '925-454-4930', '2018-06-04 01:37:50', 10000.0),
(134, 'William Stevens', 'qvXHLSYuXZcoHs@gmail.com', '0a22fc7614462605112a3c455ad44f7dc2b7fbe99619109b815a2c38448b5996', 23, '851-332-1856', '2019-01-21 11:43:06', 10000.0),
(135, 'Carl Curran', 'BFNpIBkCckHZTY@gmail.com', '4b80de690245d2060c48407ea96891ef4dee9bc69479f8987c17729f5102cbac', 22, '382-284-0915', '2018-07-09 11:12:02', 10000.0),
(136, 'Rebecca Rhodarmer', 'XGglTJWOkwvjkVLBxzI@gmail.com', 'dde55caf3a95df88042fc805e8d7f277b9c4936c0aff6f379a8a531b73753d15', 37, '510-324-6478', '2019-08-30 09:09:35', 10000.0),
(137, 'Debra Blumenstock', 'wVjUMgEvbQw@gmail.com', 'ccea28675881cf4e8413611ff780a71901ba76ca8ab067acf047309f31f0082d', 20, '636-020-4865', '2019-12-05 22:58:36', 10000.0),
(138, 'Michael Jackson', 'yTSdoBWGhkNISq@gmail.com', '334932099edd7f95f6c8be18ed53e1c97ebff8dbc004c320c4e5720c6c2cc5c4', 47, '978-224-6490', '2018-03-29 19:07:28', 10000.0),
(139, 'Connie Wells', 'aqjUecYoNBUiKdO@gmail.com', 'edea5380a6828fc092753fa3799fce1931f9e2ce643ac0658f442522c10ee519', 37, '749-565-2110', '2018-12-03 00:22:49', 10000.0),
(140, 'Sara Mccracken', 'tcdjoCucgW@gmail.com', '8bb45fa2d9b8a5acc9f8616cda5105d2bbefe481c8983368aedf96f37956c5a5', 37, '236-764-4793', '2019-05-30 16:09:50', 10000.0),
(141, 'Kathy Soto', 'YqiYSLNSdQ@gmail.com', 'db4b394ad2261b4c2137372e191deff9433af62442a5634efa95234fde31d316', 38, '596-131-1180', '2018-08-10 03:56:18', 10000.0),
(142, 'James Robinette', 'kwXgGQRGynJhwSab@gmail.com', '0c6cedb98395e82a7d61c2377b4bb0ba51a907c74c44b8ecd0aaf1ff912a8671', 36, '891-263-4542', '2019-01-05 10:57:17', 10000.0),
(143, 'Leonard Hughes', 'CEmCESSeanJRrPHAqH@gmail.com', 'eec7ecc92fc1c6ef887e826f72abdba465c3af7d1dba00d6c4c1851ba9614e03', 21, '608-611-7221', '2018-07-06 21:41:44', 10000.0),
(144, 'Christopher Minor', 'QeoTEtDhhxjFHD@gmail.com', 'b9a9a5aba858d5ffe2f4dd95a77a9ea54f955aa868e1fd217d1add9c8cc619fa', 29, '116-722-0355', '2019-10-21 03:53:50', 10000.0),
(145, 'William Fannin', 'CUHAvRHDDOTb@gmail.com', 'ab3f249c0550e4f18e55c464f80dd608f73627d8b800be5b27f8d1b7140ab5bb', 32, '547-372-3958', '2018-06-14 13:40:22', 10000.0),
(146, 'Barbara Green', 'HWkDXvQShTDaVWTz@gmail.com', '0b6a96174256bea0bdf858a08b1fcdf065f7d9e9db552389e6c107f9dbaeb143', 39, '543-768-8951', '2018-01-07 18:47:02', 10000.0),
(147, 'Sandy King', 'irEQUMddYyGzZnxEcEyk@gmail.com', 'e6a7db6449d33ff3e5b1c5dbd6217e9664c4e1a4b8cb75931a2351c2aab318f7', 46, '908-486-2848', '2018-02-03 10:07:11', 10000.0),
(148, 'Robin Roberts', 'dHeansHhkBSHHz@gmail.com', 'be34c036b0626336c4ca0facc30410ef91e76d155dcf41fd2e27061435c4de97', 37, '114-367-0054', '2018-07-07 17:37:18', 10000.0),
(149, 'Sandra Payne', 'czzzQKvhul@gmail.com', 'd2c5f34b344643cbe897fabc07d7e85217227469e562497ac2167be28d6d8f13', 20, '175-118-3789', '2019-11-11 03:30:50', 10000.0)
;
INSERT INTO Customers VALUES
(10000, 'Pedro Mitchell', 'OgXQUHpyvXxgfBljxEfQ@gmail.com', '169-115-4571'),
(10001, 'Rachel Hugill', 'ANFBkwyMrNrtyfDL@gmail.com', '880-045-9843'),
(10002, 'Natalie Chavez', 'DsNdmKgsQrBi@gmail.com', '679-154-3936'),
(10003, 'Frankie Matthews', 'xKBxECFWQPGYwn@gmail.com', '845-513-8907'),
(10004, 'Rene Taylor', 'gcNrYwXCLZHoxLBgKEH@gmail.com', '676-012-7891'),
(10005, 'William Lane', 'msvZAJaAzZ@gmail.com', '869-671-8371'),
(10006, 'Kevin Sparrow', 'MHWMhhiugaWLbSNM@gmail.com', '860-018-4831'),
(10007, 'Gerard Benavides', 'cQUatsUsBEBoKxf@gmail.com', '111-236-2841'),
(10008, 'Christine Law', 'wcjAxXaapVTznMESfMk@gmail.com', '363-818-3423'),
(10009, 'James Godin', 'MvYZmFfvpxYVdMF@gmail.com', '902-147-7551'),
(10010, 'Andrew Howard', 'YEDIzHDoXMU@gmail.com', '733-427-8289'),
(10011, 'James Gamboa', 'qukWjOQszwQO@gmail.com', '730-625-8706'),
(10012, 'Ellen Lang', 'lVzgxSUpEwhUrz@gmail.com', '173-338-0700'),
(10013, 'Darryl Vargas', 'HCuMDkAiHzqESSp@gmail.com', '177-640-1638'),
(10014, 'Richard Hodges', 'UhZjqrxFxLyNTUkWE@gmail.com', '588-507-7556'),
(10015, 'Kenneth Martinez', 'pXrUvLuIuJYEaud@gmail.com', '157-746-2191'),
(10016, 'Eddie Taliulu', 'NAOSjOnhPZPFgcN@gmail.com', '889-305-9686'),
(10017, 'Elizabeth Myers', 'ibVgVySGZYtFc@gmail.com', '661-798-9360'),
(10018, 'Richard Allen', 'WhkHrqpYjiUXjJe@gmail.com', '329-820-2975'),
(10019, 'Kenneth Crutchfield', 'xUdAgDJollXenMk@gmail.com', '547-460-8870'),
(10020, 'James Woods', 'JpxImoPwtRlbvLJ@gmail.com', '327-871-5296'),
(10021, 'Earl Brown', 'oQvTcPAkEgBmd@gmail.com', '837-307-9511'),
(10022, 'Jonathan Valenti', 'SOCbFDcNRfI@gmail.com', '860-829-8559'),
(10023, 'Alice Coleman', 'unCUIPpdDsL@gmail.com', '569-195-5066'),
(10024, 'Pearl Olson', 'nBeKzNhotOlJwouQegm@gmail.com', '726-303-2104'),
(10025, 'David Amador', 'nJoaVvPeqWoaGtxdQfWZ@gmail.com', '690-167-0447'),
(10026, 'Anthony Crocker', 'VppqeXSUSthIOeLv@gmail.com', '348-770-7538'),
(10027, 'William Black', 'QxBYxyRhpzOMOJgTDa@gmail.com', '155-771-7586'),
(10028, 'Rosemarie Roberson', 'mpKKwUKpiafZYy@gmail.com', '961-316-2965'),
(10029, 'Edward Schaefer', 'XMNvebBTtRAkmZ@gmail.com', '347-203-9583'),
(10030, 'Kathleen Murphy', 'GRmJjbRxIKtztDvaMbG@gmail.com', '420-450-3891'),
(10031, 'Tyrone Wayman', 'XpewjEmDHwGISNyZjdKC@gmail.com', '672-550-6822'),
(10032, 'Taylor Talley', 'zLJiKdOiRmdHnKVfmEIq@gmail.com', '429-669-2678'),
(10033, 'Erika Spillane', 'JRJNyABtbDcjHpiknU@gmail.com', '563-825-5958'),
(10034, 'Kim Waldow', 'wcEnNgRXQn@gmail.com', '574-776-0287'),
(10035, 'Charles Tillman', 'WNPGIsCNlwAsbyrCEVud@gmail.com', '616-778-5605'),
(10036, 'Kathy Breaux', 'KmKXMeNshCyxMtVoX@gmail.com', '117-695-4900'),
(10037, 'Kathleen Inglis', 'GGNjMlKLYkDAQPgOqN@gmail.com', '735-349-6268'),
(10038, 'Martin Cruz', 'USiGVgnMlINcPSOyNph@gmail.com', '458-385-6938'),
(10039, 'Phyllis Creamer', 'eUsqTTsuTo@gmail.com', '144-447-6355'),
(10040, 'Mary Riggs', 'XZqDoqSIjIwzCUIjJ@gmail.com', '312-539-0990'),
(10041, 'Linda Fields', 'OhcToLFBXpWUiA@gmail.com', '589-646-5388'),
(10042, 'Vincent Houston', 'VIaKFFiQWXo@gmail.com', '734-753-9891'),
(10043, 'Patricia Chastain', 'fQQMYwOVIVqeKfFdpjt@gmail.com', '520-039-2363'),
(10044, 'Margaret Ali', 'EvhMBHuOlMLLXdrvIaB@gmail.com', '833-700-4565'),
(10045, 'Frank Thomas', 'EiKAsuqRNQfmfRbDkotK@gmail.com', '474-882-2508'),
(10046, 'Peggy Smith', 'EnJecGWTovjQKnmzKG@gmail.com', '367-258-4441'),
(10047, 'Milton Latimer', 'CiCTgHzOgQTZCwDpQUER@gmail.com', '612-759-3602'),
(10048, 'Ruth Yates', 'KnkIJrwmSqgy@gmail.com', '184-214-5582'),
(10049, 'Christine Bolyard', 'WBagtdSJsgGERm@gmail.com', '944-191-9063')
;
INSERT INTO DiscountCards VALUES
(5000, 10000, 0.05),
(5001, 10001, 0.05),
(5002, 10002, 0.05),
(5003, 10003, 0.05),
(5004, 10004, 0.05),
(5005, 10005, 0.05),
(5006, 10006, 0.05),
(5007, 10007, 0.05),
(5008, 10008, 0.05),
(5009, 10009, 0.05),
(5010, 10010, 0.05),
(5011, 10011, 0.05),
(5012, 10012, 0.05),
(5013, 10013, 0.05),
(5014, 10014, 0.05),
(5015, 10015, 0.05),
(5016, 10016, 0.05),
(5017, 10017, 0.05),
(5018, 10018, 0.05),
(5019, 10019, 0.05),
(5020, 10020, 0.05),
(5021, 10021, 0.05),
(5022, 10022, 0.05),
(5023, 10023, 0.05),
(5024, 10024, 0.05),
(5025, 10025, 0.05),
(5026, 10026, 0.05),
(5027, 10027, 0.05),
(5028, 10028, 0.05),
(5029, 10029, 0.05),
(5030, 10030, 0.05),
(5031, 10031, 0.05),
(5032, 10032, 0.05),
(5033, 10033, 0.05),
(5034, 10034, 0.05),
(5035, 10035, 0.05),
(5036, 10036, 0.05),
(5037, 10037, 0.05),
(5038, 10038, 0.05),
(5039, 10039, 0.05),
(5040, 10040, 0.05),
(5041, 10041, 0.05),
(5042, 10042, 0.05),
(5043, 10043, 0.05),
(5044, 10044, 0.05),
(5045, 10045, 0.05),
(5046, 10046, 0.05),
(5047, 10047, 0.05),
(5048, 10048, 0.05),
(5049, 10049, 0.05)
;
INSERT INTO Orders VALUES
(1000, 100, '2020-08-15 06:36:13', 5000),
(1001, 101, '2022-03-22 01:30:19', 5001),
(1002, 102, '2020-07-04 01:15:59', 5002),
(1003, 103, '2022-01-01 12:53:48', 5003),
(1004, 104, '2022-04-12 22:42:24', 5004),
(1005, 105, '2020-04-26 05:09:06', 5005),
(1006, 106, '2019-12-14 08:56:19', 5006),
(1007, 107, '2019-04-30 00:43:36', 5007),
(1008, 108, '2020-02-02 23:48:30', 5008),
(1009, 109, '2021-11-16 12:31:56', 5009),
(1010, 110, '2021-01-12 04:03:42', 5010),
(1011, 111, '2019-07-22 09:30:18', 5011),
(1012, 112, '2021-07-14 20:19:41', 5012),
(1013, 113, '2019-10-04 18:02:27', 5013),
(1014, 114, '2019-11-07 02:09:45', 5014),
(1015, 115, '2018-03-14 17:08:06', 5015),
(1016, 116, '2020-10-25 00:44:11', 5016),
(1017, 117, '2022-01-26 03:57:09', 5017),
(1018, 118, '2021-04-24 15:46:36', 5018),
(1019, 119, '2019-05-13 10:48:24', 5019),
(1020, 120, '2018-03-24 06:15:00', 5020),
(1021, 121, '2022-01-23 05:01:41', 5021),
(1022, 122, '2020-07-05 20:52:00', 5022),
(1023, 123, '2021-08-17 21:06:41', 5023),
(1024, 124, '2021-10-22 16:28:48', 5024),
(1025, 125, '2019-07-12 03:07:02', 5025),
(1026, 126, '2020-06-09 04:50:41', 5026),
(1027, 127, '2018-08-23 18:56:02', 5027),
(1028, 128, '2019-03-02 09:00:53', 5028),
(1029, 129, '2021-04-27 08:03:08', 5029),
(1030, 130, '2018-01-09 23:36:48', 5030),
(1031, 131, '2021-10-02 20:05:15', 5031),
(1032, 132, '2021-02-11 07:31:57', 5032),
(1033, 133, '2018-07-26 02:57:20', 5033),
(1034, 134, '2020-11-15 12:45:34', 5034),
(1035, 135, '2021-01-03 03:46:29', 5035),
(1036, 136, '2019-02-21 04:17:28', 5036),
(1037, 137, '2020-03-04 19:34:45', 5037),
(1038, 138, '2018-01-25 05:59:07', 5038),
(1039, 139, '2018-01-03 02:53:41', 5039),
(1040, 140, '2022-03-26 20:20:04', 5040),
(1041, 141, '2022-05-05 05:53:49', 5041),
(1042, 142, '2022-04-24 19:18:28', 5042),
(1043, 143, '2022-02-08 19:56:48', 5043),
(1044, 144, '2021-01-17 00:08:11', 5044),
(1045, 145, '2022-05-19 14:20:50', 5045),
(1046, 146, '2021-11-28 22:44:59', 5046),
(1047, 147, '2018-05-27 07:55:06', 5047),
(1048, 148, '2020-10-15 09:50:56', 5048),
(1049, 149, '2019-05-29 09:21:23', 5049)
;
INSERT INTO OrderToDishes VALUES
(1000, 100, 3),
(1001, 101, 2),
(1002, 102, 5),
(1003, 103, 3),
(1004, 104, 3),
(1005, 105, 5),
(1006, 106, 3),
(1007, 107, 1),
(1008, 108, 5),
(1009, 109, 3),
(1010, 110, 5),
(1011, 111, 1),
(1012, 112, 3),
(1013, 113, 2),
(1014, 114, 5),
(1015, 115, 4),
(1016, 116, 5),
(1017, 117, 5),
(1018, 118, 5),
(1019, 119, 1),
(1020, 120, 3),
(1021, 121, 3),
(1022, 122, 4),
(1023, 123, 2),
(1024, 124, 5),
(1025, 125, 5),
(1026, 126, 3),
(1027, 127, 4),
(1028, 128, 5),
(1029, 129, 1),
(1030, 130, 3),
(1031, 131, 3),
(1032, 132, 4),
(1033, 133, 4),
(1034, 134, 4),
(1035, 135, 2),
(1036, 136, 1),
(1037, 137, 1),
(1038, 138, 4),
(1039, 139, 2),
(1040, 140, 3),
(1041, 141, 3),
(1042, 142, 3),
(1043, 143, 1),
(1044, 144, 2),
(1045, 145, 5),
(1046, 146, 3),
(1047, 147, 4),
(1048, 148, 3),
(1049, 149, 2)
;
