INSERT INTO Dishes VALUES
(100, 'Susan', 'bakeware', 'cup'),
(101, 'Platters', 'dinnerware', 'salad bowls'),
(102, 'Bowls', 'bakeware', 'susan'),
(103, 'Bowls', 'dinnerware', 'tea cup'),
(104, 'Carafe', 'bakeware', 'bowls'),
(105, 'Carafe', 'dinnerware', 'carafe'),
(106, 'Tea cup', 'dinnerware', 'susan'),
(107, 'Carafe', 'drinkware', 'bowls'),
(108, 'Salad bowls', 'dinnerware', 'carafe'),
(109, 'Platters', 'dinnerware', 'tea cup'),
(110, 'Cup', 'dinnerware', 'bowls'),
(111, 'Cup', 'dinnerware', 'bowls'),
(112, 'Susan', 'dinnerware', 'bowls'),
(113, 'Carafe', 'dinnerware', 'salad bowls'),
(114, 'Bowls', 'dinnerware', 'carafe'),
(115, 'Carafe', 'dinnerware', 'platters'),
(116, 'Salad bowls', 'dinnerware', 'carafe'),
(117, 'Platters', 'dinnerware', 'bowls'),
(118, 'Bowls', 'drinkware', 'bowls'),
(119, 'Susan', 'dinnerware', 'cup'),
(120, 'Salad bowls', 'dinnerware', 'platters'),
(121, 'Tea cup', 'dinnerware', 'salad bowls'),
(122, 'Salad bowls', 'bakeware', 'cup'),
(123, 'Platters', 'dinnerware', 'carafe'),
(124, 'Bowls', 'dinnerware', 'susan'),
(125, 'Bowls', 'drinkware', 'cup'),
(126, 'Tea cup', 'dinnerware', 'platters'),
(127, 'Bowls', 'bakeware', 'susan'),
(128, 'Tea cup', 'drinkware', 'tea cup'),
(129, 'Cup', 'dinnerware', 'bowls'),
(130, 'Platters', 'dinnerware', 'bowls'),
(131, 'Bowls', 'dinnerware', 'susan'),
(132, 'Platters', 'drinkware', 'platters'),
(133, 'Susan', 'dinnerware', 'carafe'),
(134, 'Carafe', 'dinnerware', 'tea cup'),
(135, 'Susan', 'dinnerware', 'salad bowls'),
(136, 'Tea cup', 'dinnerware', 'salad bowls'),
(137, 'Tea cup', 'dinnerware', 'susan'),
(138, 'Salad bowls', 'dinnerware', 'platters'),
(139, 'Carafe', 'dinnerware', 'carafe'),
(140, 'Platters', 'dinnerware', 'tea cup'),
(141, 'Tea cup', 'dinnerware', 'carafe'),
(142, 'Tea cup', 'dinnerware', 'susan'),
(143, 'Carafe', 'dinnerware', 'bowls'),
(144, 'Susan', 'bakeware', 'susan'),
(145, 'Susan', 'dinnerware', 'cup'),
(146, 'Bowls', 'dinnerware', 'bowls'),
(147, 'Bowls', 'dinnerware', 'platters'),
(148, 'Carafe', 'dinnerware', 'carafe'),
(149, 'Tea cup', 'dinnerware', 'tea cup')
;
INSERT INTO DishPrices VALUES
(100, 3.62087, '2018-08-31 04:58:40'),
(101, 5.70778, '2019-09-29 03:12:27'),
(102, 11.03212, '2017-10-28 05:10:17'),
(103, 10.04937, '2018-11-08 23:21:42'),
(104, 16.03771, '2019-04-10 18:20:56'),
(105, 15.94761, '2020-07-29 17:29:17'),
(106, 3.58092, '2020-03-23 22:18:33'),
(107, 9.74303, '2020-08-09 18:50:45'),
(108, 24.37736, '2019-11-25 02:39:37'),
(109, 10.14503, '2019-11-10 19:17:17'),
(110, 20.62042, '2020-06-07 16:02:45'),
(111, 18.48585, '2020-09-24 01:41:11'),
(112, 11.64047, '2020-03-01 15:42:40'),
(113, 20.02336, '2018-07-15 12:47:31'),
(114, 17.32460, '2020-11-02 04:22:46'),
(115, 22.54259, '2020-10-31 23:46:35'),
(116, 15.48854, '2020-01-14 02:11:33'),
(117, 24.45752, '2017-01-27 19:46:49'),
(118, 15.10087, '2017-08-27 08:10:53'),
(119, 4.34744, '2020-08-11 04:15:17'),
(120, 15.95981, '2019-11-03 17:58:33'),
(121, 13.76173, '2017-01-09 10:49:05'),
(122, 23.60369, '2018-08-11 13:46:27'),
(123, 4.17949, '2020-02-25 16:15:28'),
(124, 14.52863, '2019-08-06 10:28:22'),
(125, 7.95746, '2019-06-28 15:36:19'),
(126, 5.78083, '2017-08-05 05:14:03'),
(127, 12.48038, '2018-05-04 13:20:07'),
(128, 20.52445, '2017-01-23 18:51:47'),
(129, 5.48179, '2019-04-20 07:11:38'),
(130, 10.51567, '2019-02-28 18:47:26'),
(131, 16.65353, '2018-12-12 14:57:27'),
(132, 20.73466, '2017-01-24 07:01:35'),
(133, 12.57150, '2020-05-31 05:22:45'),
(134, 16.41252, '2019-10-29 00:11:20'),
(135, 5.75645, '2017-09-09 02:37:20'),
(136, 23.94982, '2018-07-06 12:54:20'),
(137, 4.65768, '2017-10-13 15:27:53'),
(138, 17.45387, '2018-09-16 13:48:52'),
(139, 5.06935, '2018-02-09 10:47:59'),
(140, 12.52264, '2019-10-19 23:52:39'),
(141, 21.95574, '2019-10-14 17:10:11'),
(142, 20.10810, '2020-11-24 15:04:01'),
(143, 13.84715, '2017-07-04 19:46:12'),
(144, 16.11248, '2018-02-04 13:23:40'),
(145, 18.13872, '2018-05-13 14:05:47'),
(146, 12.99106, '2017-04-02 10:34:30'),
(147, 10.02433, '2019-12-26 10:29:23'),
(148, 14.70591, '2020-06-12 02:04:25'),
(149, 12.06053, '2020-02-11 20:23:13')
;
INSERT INTO DishCounts VALUES
(100, 368, '2019-11-15 14:51:43'),
(101, 440, '2020-09-16 16:43:06'),
(102, 374, '2018-09-17 15:40:27'),
(103, 336, '2018-12-17 07:18:22'),
(104, 436, '2019-10-04 08:19:15'),
(105, 413, '2017-03-07 21:35:04'),
(106, 112, '2020-10-01 01:24:21'),
(107, 316, '2017-11-02 22:33:18'),
(108, 137, '2017-05-21 01:27:32'),
(109, 236, '2019-09-07 09:55:04'),
(110, 492, '2017-12-25 15:55:10'),
(111, 286, '2020-07-19 10:05:29'),
(112, 365, '2019-11-20 15:57:20'),
(113, 132, '2018-11-26 15:54:45'),
(114, 404, '2018-12-03 19:16:53'),
(115, 358, '2017-05-14 22:21:29'),
(116, 315, '2018-11-15 13:14:13'),
(117, 312, '2017-09-11 11:40:16'),
(118, 141, '2018-07-31 17:57:23'),
(119, 464, '2017-01-06 19:13:36'),
(120, 269, '2018-02-26 19:50:44'),
(121, 313, '2017-02-05 07:14:15'),
(122, 436, '2020-10-22 02:56:17'),
(123, 222, '2019-10-06 14:00:45'),
(124, 229, '2018-08-23 03:05:41'),
(125, 358, '2017-07-27 21:03:20'),
(126, 216, '2020-05-05 05:34:26'),
(127, 351, '2020-10-01 11:30:46'),
(128, 326, '2017-06-29 05:33:49'),
(129, 391, '2019-06-22 14:02:38'),
(130, 157, '2017-12-02 03:59:27'),
(131, 368, '2018-01-30 03:46:00'),
(132, 460, '2020-05-02 22:16:32'),
(133, 442, '2018-09-17 03:36:20'),
(134, 173, '2018-11-17 07:25:38'),
(135, 274, '2018-03-18 17:09:07'),
(136, 303, '2017-09-28 10:53:18'),
(137, 356, '2018-03-27 12:03:41'),
(138, 173, '2017-06-05 04:51:25'),
(139, 114, '2018-10-26 07:07:48'),
(140, 370, '2020-03-27 08:01:31'),
(141, 418, '2020-09-15 03:03:54'),
(142, 302, '2019-11-29 18:48:28'),
(143, 297, '2019-02-07 13:57:09'),
(144, 180, '2020-07-20 09:59:46'),
(145, 189, '2018-10-20 21:56:52'),
(146, 483, '2020-04-28 04:38:11'),
(147, 362, '2020-07-22 15:29:06'),
(148, 399, '2017-03-02 03:54:25'),
(149, 471, '2020-05-11 01:52:30')
;
INSERT INTO Descriptions VALUES
(100, 'China', '2018-06-12 06:29:33', 4037.76072),
(101, 'China', '2020-09-11 07:11:32', 4404.73472),
(102, 'USA', '2019-08-20 23:59:37', 1722.70000),
(103, 'USA', '2020-06-04 14:33:39', 1479.56399),
(104, 'China', '2020-09-23 02:50:28', 2203.59869),
(105, 'China', '2017-10-12 04:39:42', 3467.82528),
(106, 'Germany', '2017-02-06 07:05:59', 3039.16378),
(107, 'USA', '2017-06-23 08:56:06', 677.49734),
(108, 'Germany', '2017-01-13 07:17:20', 1308.14509),
(109, 'Germany', '2018-07-22 04:26:54', 4633.74650),
(110, 'USA', '2017-11-15 08:26:48', 2075.53508),
(111, 'USA', '2017-10-27 13:41:17', 1110.68793),
(112, 'China', '2017-12-15 17:39:51', 1290.61286),
(113, 'China', '2019-09-22 03:03:53', 4131.40929),
(114, 'Ukraine', '2019-01-27 07:25:57', 2113.38974),
(115, 'USA', '2019-09-01 21:03:29', 4252.55994),
(116, 'USA', '2018-11-26 08:44:06', 4920.34167),
(117, 'Ukraine', '2017-07-20 04:56:43', 3649.58864),
(118, 'China', '2019-04-10 05:12:47', 797.87708),
(119, 'USA', '2018-04-06 03:29:15', 3090.03082),
(120, 'Ukraine', '2020-11-01 01:42:10', 3325.58016),
(121, 'USA', '2019-12-24 18:37:54', 333.87716),
(122, 'USA', '2017-06-26 04:13:45', 4235.41908),
(123, 'China', '2017-08-16 11:34:25', 1457.57816),
(124, 'China', '2019-02-09 22:00:04', 401.91986),
(125, 'Germany', '2017-07-07 12:50:40', 1892.02112),
(126, 'Ukraine', '2020-03-20 23:53:09', 2669.27353),
(127, 'China', '2017-06-03 20:35:08', 3525.84669),
(128, 'Ukraine', '2019-05-15 23:46:33', 3940.23669),
(129, 'Germany', '2019-10-17 03:44:38', 603.60281),
(130, 'Ukraine', '2017-01-31 13:09:48', 1485.20375),
(131, 'USA', '2018-10-14 16:04:18', 1392.63869),
(132, 'China', '2019-02-26 04:22:48', 4695.90039),
(133, 'Germany', '2019-10-28 18:27:30', 2365.12494),
(134, 'Ukraine', '2017-01-26 02:05:05', 2307.17152),
(135, 'Germany', '2020-07-04 10:53:25', 3219.47003),
(136, 'USA', '2020-10-09 18:14:24', 2130.21952),
(137, 'USA', '2019-04-04 05:16:16', 2943.21791),
(138, 'China', '2017-10-18 02:21:09', 3106.38261),
(139, 'China', '2017-12-18 22:48:49', 340.66277),
(140, 'Germany', '2020-11-23 00:42:21', 3688.45185),
(141, 'USA', '2017-03-19 12:25:14', 615.46874),
(142, 'Ukraine', '2017-01-02 12:57:52', 3813.40580),
(143, 'China', '2019-06-28 11:05:16', 2098.75026),
(144, 'Germany', '2020-10-12 13:49:49', 2390.97741),
(145, 'Germany', '2019-03-19 01:05:55', 797.81232),
(146, 'USA', '2020-01-15 19:15:55', 798.33964),
(147, 'Germany', '2019-01-25 10:02:57', 1552.00254),
(148, 'Germany', '2020-05-07 08:02:38', 4887.47971),
(149, 'Germany', '2018-11-29 16:08:01', 3326.22567)
;
INSERT INTO DishMaterials VALUES
(100, 'porcelain'),
(101, 'porcelain'),
(102, 'earthenware'),
(103, 'porcelain'),
(104, 'bone china'),
(105, 'porcelain'),
(106, 'earthenware'),
(107, 'melamine'),
(108, 'bone china'),
(109, 'bone china'),
(110, 'bone china'),
(111, 'porcelain'),
(112, 'bone china'),
(113, 'stoneware'),
(114, 'earthenware'),
(115, 'earthenware'),
(116, 'melamine'),
(117, 'melamine'),
(118, 'porcelain'),
(119, 'bone china'),
(120, 'earthenware'),
(121, 'bone china'),
(122, 'melamine'),
(123, 'melamine'),
(124, 'melamine'),
(125, 'porcelain'),
(126, 'earthenware'),
(127, 'porcelain'),
(128, 'bone china'),
(129, 'bone china'),
(130, 'earthenware'),
(131, 'stoneware'),
(132, 'earthenware'),
(133, 'melamine'),
(134, 'melamine'),
(135, 'stoneware'),
(136, 'earthenware'),
(137, 'stoneware'),
(138, 'bone china'),
(139, 'earthenware'),
(140, 'bone china'),
(141, 'stoneware'),
(142, 'bone china'),
(143, 'stoneware'),
(144, 'earthenware'),
(145, 'melamine'),
(146, 'melamine'),
(147, 'bone china'),
(148, 'melamine'),
(149, 'melamine')
;
INSERT INTO Employees VALUES
(100, 'Christopher Mooney', 'Katrina', 'Taggart', 'kkbDOFKBhWogK@gmail.com', 'e9dedc78f71f7b3d3f2960297c275acdfa1dac25eac097f2523dde98d70abfee', 21, '546-466-2669', '2018-02-14 02:16:11', 10000.0),
(101, 'James Gardner', 'Jessica', 'Tillman', 'ogrLNhuGeZLMmxk@gmail.com', '201abf059ed60bc7ba308130b1069a5de2772f9a58d44abe42b8cd6150ed7480', 20, '361-074-1839', '2018-01-03 17:32:58', 10000.0),
(102, 'Edna Vigil', 'Lynette', 'Morningstar', 'bfewNbMEKLXNV@gmail.com', '4c77e418270855957724bd61a8832e2e11db7e0df8f3e46e8891195d7fb635f7', 30, '129-008-7897', '2018-11-10 06:08:30', 10000.0),
(103, 'Ann Littlefield', 'James', 'Masters', 'rduAxezRKNOz@gmail.com', 'd35de6d70b3585d8e2bd185fdd376329da7c000649b096172bc18aae3c7bca15', 33, '276-315-0404', '2019-05-06 04:42:09', 10000.0),
(104, 'Beverly Bowling', 'Jim', 'Richmond', 'bONxCuKpQORIqfhLatxo@gmail.com', '06d1c9dd5ebbaf67ba3f870664ad9dccac4a8eea124a84cf033e499012fce498', 21, '167-864-1378', '2018-04-18 16:48:54', 10000.0),
(105, 'Phyllis Dickerson', 'Matthew', 'Abernathy', 'EBeECZYlYGhHQWA@gmail.com', 'dc5ad11302ef15325ba9f725b4aaa1aec4bd69cc66fbef77ef46672671270e75', 38, '552-472-6992', '2018-10-13 06:31:26', 10000.0),
(106, 'Harriette Mercer', 'Richard', 'Thompson', 'gkktITsscLiJGHXsVYW@gmail.com', '5ead5328be6c4b167822ebd239a693758a267685a564c6e2a6231f004f87a44d', 50, '919-674-2013', '2019-10-15 21:40:25', 10000.0),
(107, 'Matilda Lambert', 'Lisa', 'Crawford', 'aRdUFUcTvoEZTDp@gmail.com', '64f4ac10c2ee2de2d1b3e2e38e913161cb3a20fe6ef52fe67c17c5c542bc5e81', 41, '694-818-0315', '2019-05-22 13:59:14', 10000.0),
(108, 'Jeffrey Ramirez', 'Barry', 'Grollimund', 'bLrPcFKpxJxdrGoXLu@gmail.com', '82cd63401355ba040b76ab68b663067456d339ea1b0097541eccc710c0c79133', 42, '404-436-4250', '2019-10-25 03:12:12', 10000.0),
(109, 'Barbara Campbell', 'Alice', 'Molina', 'DxTRYCOXSeJIn@gmail.com', '538779c55a9f2b377b73c51c37c25df056943cc4d8cd5425f2ac0a8f103d3a44', 20, '885-823-1430', '2019-11-04 22:14:12', 10000.0),
(110, 'Gene Conley', 'John', 'Williams', 'qlYNPpyqzFUGoDGOtulS@gmail.com', '0cf9f384d93c997842a18b63d9663e2a90af239bd6da63ee5a1384259acd3c6f', 41, '952-396-6697', '2019-07-29 19:27:29', 10000.0),
(111, 'Brandon Grice', 'Dwight', 'Christensen', 'iEwSykqUadAE@gmail.com', '0309905c56733a475b2e06b0659e40e88fe6ef6eaba8fe1dfb4e46884bc5c2cd', 26, '413-729-5973', '2019-05-12 21:52:03', 10000.0),
(112, 'Bettina Flores', 'Aaron', 'Berlin', 'dbLixRzGStuxGfvv@gmail.com', '8c278545c7ed3f872e54bba3ee4d8c3eb283ae67f7a9b139ad1d7ea829f93d35', 47, '902-681-5023', '2018-01-06 16:46:34', 10000.0),
(113, 'Kenneth Murray', 'Daniel', 'Schafer', 'rsenuxNkEh@gmail.com', '08917e3a073a8b805e8711373cc34289f812ef7024e188c9eea10e720f5e7f8e', 47, '175-882-6982', '2019-07-31 07:37:11', 10000.0),
(114, 'Maria Coleman', 'Tiffany', 'Williams', 'kGEUOjezSmvtDHMunEkL@gmail.com', 'b600056f4b243a26754ea6277c1065c002d57d9a1260eddeca60877037d066f8', 50, '308-440-5710', '2019-05-16 06:08:18', 10000.0),
(115, 'Albert Orzechowski', 'Grace', 'Curtis', 'WaOAnjiQmOMNwyBk@gmail.com', '62e773a27a05b1b705a1bed67d8aa1a803960dce3e6664d8552dfd73da924818', 46, '673-717-3373', '2018-08-01 00:21:18', 10000.0),
(116, 'David Powers', 'Geoffrey', 'Stone', 'aBHYNBwIZjJz@gmail.com', '7b56d05563c002197925c55fd5c1089fdaa0f318047a9b2f91dd52b7a08bcb20', 20, '591-677-6022', '2019-06-24 10:55:26', 10000.0),
(117, 'Elaine Smith', 'Deborah', 'Grenier', 'owdQJcybdcgHab@gmail.com', 'b2deeb18d8019487dddf3dafc685bd320ef4ca0510f3823d34a333ee317518b5', 32, '502-008-9554', '2018-11-17 22:19:21', 10000.0),
(118, 'Patrick Ryan', 'Jennifer', 'Curtis', 'UfHxEBHwnZAo@gmail.com', 'cccaadcce48d69fef738c8bf5d0086c8126aaf052fa9e001f51e1b7900a4444b', 20, '401-084-9197', '2019-07-21 18:29:38', 10000.0),
(119, 'Kim Hurd', 'Patsy', 'Verhoeven', 'zNufFexroDJJ@gmail.com', 'c50dc29c4e54e9a0a7c053cc97079c44e1f074dd7a3e55ebc85dedcac6c16753', 47, '202-240-5808', '2019-07-02 10:34:49', 10000.0),
(120, 'Page Branham', 'Juana', 'Fry', 'AeMetEMSaqIEeDW@gmail.com', '0376fdb19134bd20a6a333466e778992c7301688087e658221da520e70016ebd', 38, '452-614-1940', '2018-05-11 02:32:40', 10000.0),
(121, 'Corey Drew', 'Michael', 'Wille', 'QXNTmbnQRLIQ@gmail.com', 'a0c38c3c898f021658801f430ed5f1fd1157ce8fef43432a9a1006d9b76cd2c9', 38, '265-394-3817', '2018-08-17 02:17:38', 10000.0),
(122, 'Jeremy Yeoman', 'Daniel', 'Davis', 'HEQTEgqsnBgm@gmail.com', 'ccf9749115af85c52ed6e0a0a02d445ea71fe8fa69be9e8e2491fbb24d2ccf86', 42, '442-339-7262', '2018-05-03 17:37:53', 10000.0),
(123, 'Joseph Slover', 'Timmy', 'Miller', 'hAlUbjuHIeJBGfaZ@gmail.com', '4697d709fdef65014939427cd4a9e725c984749d9196c6336a2b495bffa7f615', 41, '802-328-2583', '2019-11-28 16:34:19', 10000.0),
(124, 'Isabel Shields', 'Jerome', 'Gust', 'UqiTTExolzVMoRURvm@gmail.com', '7403f2a1d71f0a56ea57226bf86fef4887cb11aec82bb48e709b6172d59fb7c2', 47, '240-236-1838', '2018-09-13 00:38:01', 10000.0),
(125, 'Antionette Rocchio', 'Meredith', 'Rueluas', 'JkxpPpaIfsdxR@gmail.com', 'f973c354e9340f84364f0073a7e99e6172c5793157a8f388490933520db46f14', 38, '374-481-0432', '2019-03-31 07:17:07', 10000.0),
(126, 'Roxie Montgomery', 'Sabrina', 'Perez', 'IrqmImzGDTjALs@gmail.com', '28688d1a6fb59f25a8808b6e77189b60d9a73afb68ec5d5ee4f6031a25d6bc89', 48, '384-691-4926', '2018-05-31 18:48:18', 10000.0),
(127, 'Donald Michael', 'Leslie', 'Yuhasz', 'VWeYgyhZRBM@gmail.com', '858440791cc256ee8ec1f9ebc6d0235619e2d8475232728ea593abd79f927f5b', 22, '732-372-5113', '2019-01-27 14:42:23', 10000.0),
(128, 'Barbara Andrews', 'Whitney', 'Mcnew', 'jRsczGUjOcoMZ@gmail.com', '113d90932ac443de69531650acf1ff9308bb8467c3168d8e769b185ea6a5b435', 47, '780-312-2510', '2018-06-03 00:45:11', 10000.0),
(129, 'Frederic Waldow', 'William', 'Saldana', 'MKufVYpkVMfNHN@gmail.com', '2ecdd0f1d03c929c8321b4d3dae530c4abca242bdd270642c3245bbd7cc12ef1', 40, '519-740-4149', '2018-08-21 09:58:42', 10000.0),
(130, 'Lois Simms', 'Steve', 'Ross', 'WloAvJavgHuMJZs@gmail.com', 'd741bf470398b88d31c639ce7ab7231eed82666358508b36dfa9e158a583665e', 45, '787-537-4117', '2018-08-25 09:45:17', 10000.0),
(131, 'Frank Terry', 'Hazel', 'Davis', 'hsWcXXpnIUF@gmail.com', '4395d6ad096e3312a6ef66b35bbcb27a2eacb16f7594583e728c23ef1d22d9ce', 38, '945-210-4009', '2018-01-05 16:12:46', 10000.0),
(132, 'Lara Mickelsen', 'Maria', 'Gutierrez', 'HbYsGbzeGO@gmail.com', '9627ce894196a6f0697a7da1e5d3ba1709a0c3903f37f20c93664fdf8fd927e5', 33, '228-664-6612', '2018-06-15 11:02:15', 10000.0),
(133, 'Ola Newcomb', 'Pedro', 'Venegas', 'RvUbrINoyGe@gmail.com', '7e8bbed79889bead072a800605ae4b7515c699ecf74cc0744dfe8e101e95204e', 44, '194-019-7409', '2018-05-30 18:33:21', 10000.0),
(134, 'Casey Mini', 'Kurt', 'Brown', 'lSXTJSqQYvPNCSerBDCj@gmail.com', '19e0dc0e1d1ad178d022f254c3b8fb04901fd16540dd94620d4f8823c48c53de', 44, '890-045-2846', '2018-06-21 22:52:36', 10000.0),
(135, 'William Caverly', 'Rita', 'Bumbrey', 'boZvATSXlPWVRXVOBxIv@gmail.com', '979be4c0901e7a25f97a37100f2ecbfa2de9716ea3d972fac2c4c4261c22875b', 21, '648-472-2996', '2018-09-11 13:50:19', 10000.0),
(136, 'Richard Steelman', 'Vincent', 'Abel', 'UVINfKZtOXpXjOEScOW@gmail.com', 'f0ba1c58e89eab3226a0194764e00bf8d0284eec1ebe8c697d77dbb1a85ea2c1', 44, '356-420-4966', '2019-11-18 08:34:10', 10000.0),
(137, 'Susan Chamberlain', 'Cleveland', 'Woolery', 'UeqYfosgiGZ@gmail.com', 'cfa862ad587725202d932d7bfada17f59feadf9e20bbeacf7c79134f35821339', 49, '725-326-0362', '2019-12-11 21:14:01', 10000.0),
(138, 'Dale Davis', 'Jimmy', 'Harris', 'ieUqthMnbQw@gmail.com', '452449581d8b2cbe93766f0b8eed1b6c1e16e783a2f2f9b649fc152101e8865e', 21, '426-219-1656', '2019-11-30 10:52:12', 10000.0),
(139, 'Alda Polk', 'Marshall', 'Davis', 'RJrMKZPqVuse@gmail.com', 'f9c0ca2d40a226e1758b26dc22a53a8f4d5a03316b3af20c5d317e80debde7f8', 41, '734-353-4726', '2018-01-05 12:28:21', 10000.0),
(140, 'John Davis', 'Bonnie', 'Johns', 'rDujQxCvrzs@gmail.com', '33b461ba3dbf337326c23164d1df2c7679ba43f87cb413289c109eb00c782471', 20, '882-732-7199', '2018-01-08 02:24:05', 10000.0),
(141, 'Sylvia Adair', 'Jane', 'Burton', 'DkjlrTjhAURn@gmail.com', '01931f07ee4d0ca52c09cd572e276c8b726443094ab3d27c1e473dfaad89179d', 25, '856-368-6863', '2019-04-13 14:47:18', 10000.0),
(142, 'Kimberly Smith', 'David', 'Hunter', 'pUqUnOTmeENrRWegre@gmail.com', '6aacbe7ea58b06766432aba8a045e51f38f2ca419a01cdcc113c7b606e28d75f', 50, '769-492-5430', '2018-08-09 13:17:23', 10000.0),
(143, 'William Sanchez', 'Aracely', 'Hunter', 'cgwvVRdbmfXcG@gmail.com', '1631c02b0039e7b20998ad8e31a2dd94b6317e13c903d0e8e3fe98f59803759a', 42, '591-344-4908', '2019-06-16 08:53:16', 10000.0),
(144, 'Marina Gillespie', 'Anne', 'Hearn', 'IKdsTUJjORCfSE@gmail.com', 'b77149503144c5d9f3c3908bc6e24bb9647a9222a32e9e807a199cf3b36d2b6b', 28, '823-590-2968', '2019-06-09 21:24:36', 10000.0),
(145, 'Allie Lewis', 'Amelia', 'Haverland', 'TgcDVCqEUNgzOCSkItU@gmail.com', 'd8237986f90bc9674b66a4a35a4d1066701a86aec9fbff76fa7ae52eaabda88e', 49, '439-482-5824', '2018-05-12 14:01:27', 10000.0),
(146, 'Eddie Winter', 'Jennifer', 'Epley', 'ZnljlPDamjMBcqLNzYLV@gmail.com', '8881d051d8884b667177658b452fd30ef5454ae742db554939705468030b43da', 33, '763-010-8893', '2019-06-22 03:59:55', 10000.0),
(147, 'Ernie Bowman', 'Judy', 'Ray', 'kuZxzpSXzOjtZjdpzsUB@gmail.com', 'a7eb00eb48269f6ce2d4638b3bddd3a1f94a3bc52f851bf25658e5d2614b8590', 26, '304-117-3100', '2019-07-30 09:14:57', 10000.0),
(148, 'Debra Maldonado', 'Connie', 'Faulkner', 'jJreREIftGywro@gmail.com', 'c559d59b9d5677bc9b19c4bb6d7845c5f5c2eebdafb86e59911170fd3d74e4eb', 41, '612-168-5830', '2019-12-07 07:35:31', 10000.0),
(149, 'Alan Harris', 'Robert', 'Cabrera', 'QstyfkoqADICUYF@gmail.com', '2726410c839678fe0b06c16a254c2722656218c0f815c70e908367c582be686e', 45, '126-453-4446', '2018-08-31 03:11:31', 10000.0),
(150, 'DESKTOP-90O1POJ\bodan', 'Andew', 'Toroor', 'fjksdjfkajsdkfj@gmail.com', '2726410c839678fe0b06c16a254c2722656218c0f815c70e908367c582be686e', 45, '127-453-4446', '2018-08-31 03:11:31', 10000.0)
;
INSERT INTO Customers VALUES
(10000, 'Hattie', 'Edwards', 'jMeJDXGDStHLhpyYoVOf@gmail.com', '370-605-9695'),
(10001, 'Tracy', 'Campbell', 'LaxaIhBvwDSYIscnBe@gmail.com', '570-007-5876'),
(10002, 'Noel', 'Shaffer', 'OgfwfLSUWlAVEjZHX@gmail.com', '852-471-8763'),
(10003, 'Kristen', 'Schertz', 'gCSgoPeDIQbNf@gmail.com', '240-433-5861'),
(10004, 'George', 'Hunt', 'akcUrZIWQjiyIajt@gmail.com', '256-482-4660'),
(10005, 'Gilberto', 'Yoo', 'diLJICcDfKBfynDUzB@gmail.com', '888-748-6529'),
(10006, 'Vada', 'Hamilton', 'BnFwiGXsoSZCJvVYVz@gmail.com', '844-111-5911'),
(10007, 'Patricia', 'Romano', 'WWCKQHBFIjeC@gmail.com', '437-333-0854'),
(10008, 'Steven', 'Plumlee', 'moqlYfHtNS@gmail.com', '532-236-8016'),
(10009, 'Joe', 'Doi', 'KrEjyHLUdiveHnSgX@gmail.com', '128-309-9776'),
(10010, 'Virginia', 'Belden', 'qiiNuUxWiTntNy@gmail.com', '766-258-1070'),
(10011, 'Dorothy', 'Mathis', 'uvQZutjOaxXAX@gmail.com', '439-881-8174'),
(10012, 'Louie', 'Garcia', 'AhYopcoVOBkDevmhH@gmail.com', '913-216-0705'),
(10013, 'Jennifer', 'Chio', 'HpyzrfMtGkP@gmail.com', '541-753-8670'),
(10014, 'Mildred', 'Godby', 'ppFFtbBJdlS@gmail.com', '806-077-3910'),
(10015, 'Thomas', 'Tuttle', 'xMkjFNxxBOWfIbggus@gmail.com', '360-139-9590'),
(10016, 'Genevieve', 'Greenwald', 'szgoGDxPNS@gmail.com', '612-404-8464'),
(10017, 'Claire', 'Gonzalez', 'RTyTkaweesJ@gmail.com', '655-381-9816'),
(10018, 'Vicky', 'Simmons', 'YtirBQBhNkoqe@gmail.com', '359-754-7862'),
(10019, 'Emma', 'Palmer', 'JsxDFvuZBDiNKvS@gmail.com', '585-144-0427'),
(10020, 'Michael', 'Portnoy', 'WNNSpbQWudphLZMdDPzY@gmail.com', '256-869-0566'),
(10021, 'Robert', 'Springer', 'BHRGZAFDzMBdUWOjfS@gmail.com', '427-563-1217'),
(10022, 'Betty', 'Zecca', 'wSHbuYIRsxm@gmail.com', '201-531-6469'),
(10023, 'Leann', 'Eady', 'iSjyGTdPIAUTAkNV@gmail.com', '853-054-3535'),
(10024, 'Ernestine', 'Sobers', 'UUfrBUcinPdKSuoTb@gmail.com', '227-772-0113'),
(10025, 'Rita', 'Gonzales', 'rNnXvNyibAbIeYWn@gmail.com', '893-684-3373'),
(10026, 'Mary', 'Reed', 'GmUbNuFJKJBSBPx@gmail.com', '832-323-2174'),
(10027, 'Holly', 'Curtis', 'bwMvuDidPTeWNYZP@gmail.com', '338-772-7715'),
(10028, 'Guy', 'Grant', 'KWPiMTnkZatzqVHELa@gmail.com', '999-302-4879'),
(10029, 'Brian', 'Grinder', 'LBhPESrCfrCgmuy@gmail.com', '647-572-0636'),
(10030, 'Darnell', 'Bonifer', 'HKNvTbtwHnEqilYJSh@gmail.com', '827-827-1164'),
(10031, 'Daniel', 'Dial', 'LeNWnFAlcqiUa@gmail.com', '377-829-7392'),
(10032, 'Andrew', 'Hatfield', 'ZxzqIjFTffNuz@gmail.com', '271-378-0903'),
(10033, 'Randy', 'Wood', 'GPgbLkiOze@gmail.com', '707-534-0581'),
(10034, 'Ralph', 'Floyd', 'UqyNfyOlkeMaxRW@gmail.com', '775-770-1985'),
(10035, 'Margaret', 'Shumate', 'BlRvwdHcUNCrS@gmail.com', '662-489-2083'),
(10036, 'John', 'Richey', 'mIPCduQWEZyrnJRxzb@gmail.com', '641-858-7680'),
(10037, 'Maurice', 'Klein', 'TFGfyPmrqRFfdLNdN@gmail.com', '813-595-3566'),
(10038, 'Leroy', 'Root', 'TiSdijGfgBrYNYWALSvF@gmail.com', '545-038-6528'),
(10039, 'Krista', 'Sandrock', 'meDJIZCSrYKOoZGOeg@gmail.com', '118-710-1537'),
(10040, 'Evelyn', 'Rooks', 'INKBirjreMGFpTTTo@gmail.com', '561-814-9238'),
(10041, 'Ramona', 'Yuen', 'iApXcHlaPKRLYCjfb@gmail.com', '389-733-4030'),
(10042, 'Lavada', 'Wooten', 'cxRQJeJJORqGxF@gmail.com', '619-637-7088'),
(10043, 'Freddie', 'Marugg', 'MTxIdTJFYRHoP@gmail.com', '963-048-3261'),
(10044, 'Lillie', 'Collins', 'FymFKwroWgRvlw@gmail.com', '205-317-4171'),
(10045, 'Lauren', 'Degiulio', 'xMNdMAWjvQgJ@gmail.com', '457-807-6404'),
(10046, 'Demetrius', 'Desilva', 'NKNSYBBxUR@gmail.com', '511-264-7216'),
(10047, 'James', 'Demme', 'GzRidIxBlVajyhXB@gmail.com', '219-455-7980'),
(10048, 'Joseph', 'Marugg', 'ivrwgfdztlmAU@gmail.com', '714-571-0368'),
(10049, 'Brandon', 'Meier', 'ILdGrlaqLIGRtOGdNvBc@gmail.com', '823-453-6322')
;
INSERT INTO DiscountCards VALUES
(5000, 10000, 0.05),
(5001, 10001, 0.05),
(5002, 10002, 0.05),
(5003, 10003, 0.05),
(5004, 10004, 0.05),
(5005, 10005, 0.05),
(5006, 10006, 0.05),
(5007, 10007, 0.05),
(5008, 10008, 0.05),
(5009, 10009, 0.05),
(5010, 10010, 0.05),
(5011, 10011, 0.05),
(5012, 10012, 0.05),
(5013, 10013, 0.05),
(5014, 10014, 0.05),
(5015, 10015, 0.05),
(5016, 10016, 0.05),
(5017, 10017, 0.05),
(5018, 10018, 0.05),
(5019, 10019, 0.05),
(5020, 10020, 0.05),
(5021, 10021, 0.05),
(5022, 10022, 0.05),
(5023, 10023, 0.05),
(5024, 10024, 0.05),
(5025, 10025, 0.05),
(5026, 10026, 0.05),
(5027, 10027, 0.05),
(5028, 10028, 0.05),
(5029, 10029, 0.05),
(5030, 10030, 0.05),
(5031, 10031, 0.05),
(5032, 10032, 0.05),
(5033, 10033, 0.05),
(5034, 10034, 0.05),
(5035, 10035, 0.05),
(5036, 10036, 0.05),
(5037, 10037, 0.05),
(5038, 10038, 0.05),
(5039, 10039, 0.05),
(5040, 10040, 0.05),
(5041, 10041, 0.05),
(5042, 10042, 0.05),
(5043, 10043, 0.05),
(5044, 10044, 0.05),
(5045, 10045, 0.05),
(5046, 10046, 0.05),
(5047, 10047, 0.05),
(5048, 10048, 0.05),
(5049, 10049, 0.05)
;
INSERT INTO Orders VALUES
(1000, 100, '2019-02-20 21:57:16', 5000),
(1001, 101, '2019-10-26 20:41:30', 5001),
(1002, 102, '2020-06-10 04:55:11', 5002),
(1003, 103, '2022-06-02 21:34:33', 5003),
(1004, 104, '2018-03-15 01:20:31', 5004),
(1005, 105, '2021-09-12 23:16:28', 5005),
(1006, 106, '2020-10-09 10:37:51', 5006),
(1007, 107, '2019-12-21 16:57:54', 5007),
(1008, 108, '2020-05-26 10:42:04', 5008),
(1009, 109, '2018-10-05 03:22:09', 5009),
(1010, 110, '2018-03-25 00:02:11', 5010),
(1011, 111, '2022-01-09 02:18:34', 5011),
(1012, 112, '2020-10-31 06:39:40', 5012),
(1013, 113, '2020-09-12 01:47:28', 5013),
(1014, 114, '2021-09-17 18:17:40', 5014),
(1015, 115, '2020-02-21 00:09:27', 5015),
(1016, 116, '2020-07-29 11:52:57', 5016),
(1017, 117, '2018-11-05 02:26:00', 5017),
(1018, 118, '2020-08-28 11:19:58', 5018),
(1019, 119, '2019-07-24 14:19:17', 5019),
(1020, 120, '2019-01-14 09:49:32', 5020),
(1021, 121, '2022-05-30 22:49:23', 5021),
(1022, 122, '2020-06-27 13:36:04', 5022),
(1023, 123, '2020-05-15 22:35:32', 5023),
(1024, 124, '2021-05-29 16:34:41', 5024),
(1025, 125, '2018-07-24 03:49:29', 5025),
(1026, 126, '2020-10-04 17:19:31', 5026),
(1027, 127, '2018-11-03 17:28:49', 5027),
(1028, 128, '2022-03-03 18:27:18', 5028),
(1029, 129, '2020-03-04 01:39:20', 5029),
(1030, 130, '2021-12-22 02:37:51', 5030),
(1031, 131, '2019-03-06 11:54:30', 5031),
(1032, 132, '2021-06-18 12:31:51', 5032),
(1033, 133, '2021-01-31 15:42:53', 5033),
(1034, 134, '2019-12-14 16:35:21', 5034),
(1035, 135, '2019-03-10 04:10:22', 5035),
(1036, 136, '2020-01-30 04:49:28', 5036),
(1037, 137, '2019-01-06 03:44:57', 5037),
(1038, 138, '2021-02-10 15:28:30', 5038),
(1039, 139, '2021-11-01 20:29:12', 5039),
(1040, 140, '2018-02-04 23:34:26', 5040),
(1041, 141, '2022-06-03 23:51:00', 5041),
(1042, 142, '2018-01-29 22:18:29', 5042),
(1043, 143, '2021-07-05 20:32:18', 5043),
(1044, 144, '2020-04-04 10:50:19', 5044),
(1045, 145, '2018-11-19 23:36:19', 5045),
(1046, 146, '2022-01-18 01:09:16', 5046),
(1047, 147, '2021-09-11 10:22:20', 5047),
(1048, 148, '2022-06-10 20:50:50', 5048),
(1049, 149, '2019-09-12 05:44:06', 5049)
;
INSERT INTO OrderToDishes VALUES
(1000, 100, 1),
(1001, 101, 3),
(1002, 102, 5),
(1003, 103, 4),
(1004, 104, 5),
(1005, 105, 4),
(1006, 106, 4),
(1007, 107, 4),
(1008, 108, 4),
(1009, 109, 1),
(1010, 110, 3),
(1011, 111, 4),
(1012, 112, 3),
(1013, 113, 2),
(1014, 114, 1),
(1015, 115, 1),
(1016, 116, 2),
(1017, 117, 5),
(1018, 118, 5),
(1019, 119, 2),
(1020, 120, 4),
(1021, 121, 3),
(1022, 122, 1),
(1023, 123, 3),
(1024, 124, 3),
(1025, 125, 4),
(1026, 126, 3),
(1027, 127, 4),
(1028, 128, 1),
(1029, 129, 5),
(1030, 130, 5),
(1031, 131, 3),
(1032, 132, 4),
(1033, 133, 3),
(1034, 134, 3),
(1035, 135, 3),
(1036, 136, 5),
(1037, 137, 3),
(1038, 138, 2),
(1039, 139, 1),
(1040, 140, 4),
(1041, 141, 2),
(1042, 142, 5),
(1043, 143, 3),
(1044, 144, 4),
(1045, 145, 2),
(1046, 146, 4),
(1047, 147, 5),
(1048, 148, 5),
(1049, 149, 3)
;

INSERT INTO Roles
VALUES
(1, 'admin'),
(2, 'user'),
(3, 'manager');

INSERT INTO RolesToEmployees
VALUES
    (150, 1);