INSERT INTO Dishes VALUES
(100, 'Platters', 'drinkware', 'susan'),
(101, 'Susan', 'bakeware', 'cup'),
(102, 'Carafe', 'dinnerware', 'carafe'),
(103, 'Salad bowls', 'dinnerware', 'tea cup'),
(104, 'Salad bowls', 'dinnerware', 'tea cup'),
(105, 'Salad bowls', 'dinnerware', 'cup'),
(106, 'Tea cup', 'dinnerware', 'platters'),
(107, 'Cup', 'dinnerware', 'carafe'),
(108, 'Platters', 'dinnerware', 'salad bowls'),
(109, 'Carafe', 'dinnerware', 'tea cup'),
(110, 'Carafe', 'dinnerware', 'cup'),
(111, 'Tea cup', 'dinnerware', 'platters'),
(112, 'Cup', 'dinnerware', 'salad bowls'),
(113, 'Tea cup', 'dinnerware', 'tea cup'),
(114, 'Cup', 'drinkware', 'susan'),
(115, 'Tea cup', 'dinnerware', 'salad bowls'),
(116, 'Cup', 'bakeware', 'cup'),
(117, 'Carafe', 'dinnerware', 'platters'),
(118, 'Platters', 'dinnerware', 'bowls'),
(119, 'Carafe', 'dinnerware', 'bowls'),
(120, 'Susan', 'dinnerware', 'bowls'),
(121, 'Platters', 'dinnerware', 'bowls'),
(122, 'Cup', 'dinnerware', 'salad bowls'),
(123, 'Carafe', 'bakeware', 'tea cup'),
(124, 'Carafe', 'dinnerware', 'susan'),
(125, 'Carafe', 'dinnerware', 'cup'),
(126, 'Platters', 'dinnerware', 'bowls'),
(127, 'Carafe', 'dinnerware', 'salad bowls'),
(128, 'Bowls', 'dinnerware', 'bowls'),
(129, 'Platters', 'dinnerware', 'platters'),
(130, 'Platters', 'dinnerware', 'salad bowls'),
(131, 'Tea cup', 'dinnerware', 'platters'),
(132, 'Platters', 'dinnerware', 'susan'),
(133, 'Platters', 'dinnerware', 'salad bowls'),
(134, 'Tea cup', 'dinnerware', 'tea cup'),
(135, 'Tea cup', 'dinnerware', 'susan'),
(136, 'Bowls', 'drinkware', 'bowls'),
(137, 'Bowls', 'dinnerware', 'cup'),
(138, 'Tea cup', 'drinkware', 'salad bowls'),
(139, 'Bowls', 'dinnerware', 'susan'),
(140, 'Salad bowls', 'dinnerware', 'susan'),
(141, 'Bowls', 'dinnerware', 'carafe'),
(142, 'Platters', 'dinnerware', 'salad bowls'),
(143, 'Bowls', 'dinnerware', 'cup'),
(144, 'Susan', 'dinnerware', 'carafe'),
(145, 'Platters', 'dinnerware', 'cup'),
(146, 'Cup', 'drinkware', 'cup'),
(147, 'Carafe', 'dinnerware', 'carafe'),
(148, 'Platters', 'dinnerware', 'bowls'),
(149, 'Salad bowls', 'dinnerware', 'carafe')
;
INSERT INTO DishPrices VALUES
(100, 22.51889, '2017-10-20 04:25:11'),
(101, 23.24796, '2020-01-14 05:26:23'),
(102, 10.48646, '2018-07-11 00:06:08'),
(103, 23.71091, '2018-05-03 13:59:54'),
(104, 12.15314, '2017-06-14 21:38:33'),
(105, 21.40845, '2019-01-22 08:52:54'),
(106, 18.79992, '2019-03-11 19:43:23'),
(107, 17.28549, '2019-07-28 20:23:58'),
(108, 16.82052, '2017-05-28 21:16:35'),
(109, 17.06448, '2018-06-18 11:27:36'),
(110, 11.59143, '2020-09-16 20:32:23'),
(111, 16.18787, '2017-05-04 02:25:33'),
(112, 23.06949, '2019-04-27 16:49:43'),
(113, 8.42421, '2018-11-25 01:21:48'),
(114, 6.35611, '2019-11-16 17:36:56'),
(115, 24.86153, '2018-10-01 21:52:46'),
(116, 14.55971, '2018-05-10 20:24:41'),
(117, 21.34334, '2017-04-22 23:29:09'),
(118, 4.00651, '2020-06-07 09:47:15'),
(119, 4.34087, '2018-05-01 22:14:32'),
(120, 8.32693, '2018-12-22 21:55:19'),
(121, 8.21291, '2019-12-22 21:26:32'),
(122, 4.21289, '2019-03-07 10:33:56'),
(123, 3.67376, '2020-10-20 12:12:16'),
(124, 22.07272, '2017-11-24 07:30:49'),
(125, 19.16542, '2018-08-04 21:22:32'),
(126, 16.67052, '2019-10-12 02:39:03'),
(127, 3.69764, '2020-07-03 09:19:21'),
(128, 16.31828, '2017-03-17 01:12:05'),
(129, 24.14488, '2020-12-23 02:41:59'),
(130, 8.41555, '2019-04-17 15:04:17'),
(131, 6.54395, '2018-12-05 10:47:39'),
(132, 10.06612, '2017-12-18 12:47:13'),
(133, 15.81170, '2017-02-20 23:44:57'),
(134, 10.05510, '2020-11-27 12:15:04'),
(135, 19.93816, '2020-12-07 08:46:57'),
(136, 4.94748, '2017-02-09 12:06:19'),
(137, 23.26672, '2017-01-05 08:21:17'),
(138, 24.10593, '2019-11-01 15:37:59'),
(139, 19.21650, '2019-01-10 00:08:36'),
(140, 7.19837, '2018-01-05 06:29:58'),
(141, 18.14139, '2017-12-21 22:00:05'),
(142, 5.07042, '2019-10-12 22:55:47'),
(143, 23.76305, '2020-10-03 14:55:29'),
(144, 23.00813, '2019-12-14 03:36:01'),
(145, 12.97920, '2017-04-04 09:22:23'),
(146, 10.86995, '2017-12-04 15:57:11'),
(147, 6.32600, '2019-06-03 23:04:32'),
(148, 4.23882, '2018-11-13 14:03:52'),
(149, 8.79933, '2017-08-19 12:27:29')
;
INSERT INTO DishCounts VALUES
(100, 477, '2017-03-12 01:12:30'),
(101, 445, '2017-06-29 09:43:40'),
(102, 408, '2020-01-21 19:52:59'),
(103, 368, '2018-09-08 16:16:25'),
(104, 147, '2020-06-06 21:49:08'),
(105, 299, '2018-02-12 11:14:01'),
(106, 331, '2020-08-30 06:28:54'),
(107, 474, '2017-06-18 09:17:04'),
(108, 372, '2019-08-16 23:18:49'),
(109, 287, '2017-11-30 10:31:16'),
(110, 337, '2018-05-11 20:40:20'),
(111, 355, '2020-02-16 04:36:49'),
(112, 248, '2019-11-15 08:40:03'),
(113, 193, '2019-02-04 17:04:40'),
(114, 489, '2017-02-28 14:15:15'),
(115, 318, '2019-12-23 10:45:28'),
(116, 429, '2018-03-04 10:08:24'),
(117, 413, '2020-09-10 15:43:05'),
(118, 242, '2019-05-10 01:13:23'),
(119, 106, '2020-08-28 17:17:32'),
(120, 255, '2019-07-24 00:26:23'),
(121, 236, '2017-12-11 07:19:36'),
(122, 374, '2017-09-06 17:47:11'),
(123, 131, '2017-11-02 09:24:14'),
(124, 192, '2019-09-02 16:30:25'),
(125, 161, '2019-05-15 23:12:00'),
(126, 273, '2017-05-22 05:26:58'),
(127, 403, '2018-10-19 18:56:50'),
(128, 355, '2018-05-01 03:39:47'),
(129, 464, '2018-04-20 18:02:47'),
(130, 135, '2019-01-13 11:31:54'),
(131, 191, '2019-08-28 17:32:13'),
(132, 130, '2018-07-12 23:35:12'),
(133, 479, '2019-02-11 00:49:27'),
(134, 205, '2018-09-07 20:48:53'),
(135, 386, '2019-12-20 20:57:02'),
(136, 313, '2017-05-08 14:14:13'),
(137, 346, '2017-03-03 16:26:08'),
(138, 496, '2018-12-03 22:17:17'),
(139, 208, '2019-12-20 20:27:15'),
(140, 353, '2019-05-24 04:28:32'),
(141, 370, '2020-05-19 05:15:24'),
(142, 246, '2017-12-15 05:52:56'),
(143, 262, '2020-05-15 18:39:39'),
(144, 391, '2017-05-03 17:13:23'),
(145, 393, '2020-09-12 03:40:07'),
(146, 246, '2017-10-16 21:53:06'),
(147, 494, '2018-01-31 15:09:11'),
(148, 172, '2018-05-05 07:29:59'),
(149, 462, '2019-09-17 15:53:38')
;
INSERT INTO Descriptions VALUES
(100, 'Ukraine', '2019-09-11 17:25:12', 4282.05500),
(101, 'China', '2017-02-22 17:22:29', 4440.26877),
(102, 'USA', '2018-06-02 09:11:53', 448.25437),
(103, 'USA', '2020-06-18 12:16:17', 2742.78309),
(104, 'Ukraine', '2017-02-22 10:40:43', 2785.57203),
(105, 'Germany', '2018-06-02 19:15:13', 3541.80876),
(106, 'USA', '2017-04-16 00:07:28', 4903.57623),
(107, 'Ukraine', '2020-09-06 02:49:18', 3936.29621),
(108, 'China', '2019-05-19 19:22:54', 423.51319),
(109, 'China', '2017-02-02 07:57:02', 1870.98407),
(110, 'USA', '2020-09-20 13:25:22', 1791.89119),
(111, 'Ukraine', '2020-10-19 05:39:26', 3626.27630),
(112, 'Ukraine', '2019-05-20 22:55:22', 406.78862),
(113, 'USA', '2017-03-05 15:13:33', 3225.01610),
(114, 'USA', '2018-09-13 20:47:22', 3566.87317),
(115, 'China', '2019-08-22 04:13:01', 526.06708),
(116, 'China', '2017-11-18 10:00:20', 1951.42949),
(117, 'USA', '2020-01-18 21:04:58', 614.98479),
(118, 'Ukraine', '2020-02-05 03:21:15', 4366.32236),
(119, 'Germany', '2019-05-26 18:47:46', 3932.62074),
(120, 'Ukraine', '2018-01-03 22:16:13', 4765.81308),
(121, 'Germany', '2018-11-20 21:16:52', 161.88811),
(122, 'China', '2017-11-03 02:52:35', 2343.43949),
(123, 'China', '2019-10-01 04:03:53', 3426.61923),
(124, 'Ukraine', '2017-03-11 04:29:49', 1401.20951),
(125, 'Ukraine', '2020-12-27 06:14:37', 3697.01528),
(126, 'Ukraine', '2017-12-26 17:33:56', 544.44658),
(127, 'Ukraine', '2020-01-26 09:55:27', 367.92611),
(128, 'USA', '2018-07-12 00:56:13', 2654.24805),
(129, 'Ukraine', '2017-02-19 14:02:01', 2990.26684),
(130, 'Ukraine', '2019-10-31 15:35:46', 4616.88858),
(131, 'USA', '2019-03-24 01:09:59', 3004.92487),
(132, 'China', '2017-11-02 12:44:28', 1307.09560),
(133, 'China', '2020-08-31 07:34:44', 3020.45408),
(134, 'USA', '2017-08-10 04:51:20', 4329.71979),
(135, 'Ukraine', '2019-06-02 21:15:46', 1415.82262),
(136, 'Ukraine', '2018-10-04 18:34:00', 4917.30480),
(137, 'Ukraine', '2020-11-20 04:34:27', 4509.53585),
(138, 'Ukraine', '2020-11-30 13:31:33', 2946.43815),
(139, 'China', '2018-04-27 06:35:23', 4420.59962),
(140, 'Ukraine', '2017-06-14 01:45:56', 1126.15377),
(141, 'USA', '2019-10-08 22:21:04', 1086.36721),
(142, 'Germany', '2018-05-17 06:02:27', 1417.86639),
(143, 'USA', '2019-03-04 02:59:41', 972.34314),
(144, 'Ukraine', '2017-03-31 20:38:22', 3177.54339),
(145, 'USA', '2017-02-22 11:20:01', 1562.94738),
(146, 'Germany', '2019-04-09 10:44:07', 1244.80467),
(147, 'Germany', '2017-06-19 18:30:42', 2316.11525),
(148, 'Germany', '2018-05-19 00:07:31', 937.15211),
(149, 'Ukraine', '2019-10-23 01:27:46', 2811.80925)
;
INSERT INTO DishMaterials VALUES
(100, 'melamine'),
(101, 'melamine'),
(102, 'stoneware'),
(103, 'stoneware'),
(104, 'earthenware'),
(105, 'melamine'),
(106, 'porcelain'),
(107, 'porcelain'),
(108, 'earthenware'),
(109, 'earthenware'),
(110, 'bone china'),
(111, 'earthenware'),
(112, 'stoneware'),
(113, 'porcelain'),
(114, 'bone china'),
(115, 'bone china'),
(116, 'bone china'),
(117, 'melamine'),
(118, 'bone china'),
(119, 'melamine'),
(120, 'earthenware'),
(121, 'melamine'),
(122, 'melamine'),
(123, 'bone china'),
(124, 'porcelain'),
(125, 'bone china'),
(126, 'earthenware'),
(127, 'melamine'),
(128, 'porcelain'),
(129, 'earthenware'),
(130, 'porcelain'),
(131, 'earthenware'),
(132, 'porcelain'),
(133, 'melamine'),
(134, 'bone china'),
(135, 'stoneware'),
(136, 'porcelain'),
(137, 'stoneware'),
(138, 'melamine'),
(139, 'earthenware'),
(140, 'bone china'),
(141, 'stoneware'),
(142, 'bone china'),
(143, 'porcelain'),
(144, 'bone china'),
(145, 'bone china'),
(146, 'melamine'),
(147, 'bone china'),
(148, 'bone china'),
(149, 'melamine')
;
INSERT INTO Employees VALUES
(100, 'Robert', 'Rubio', 'KJkCqDJJZhVnUQeFeDy@gmail.com', '1c757928ce11b3145bf0f60380f4ab1966182ef26eb1017a0549e4b4e407a964', 42, '790-341-9655', '2018-07-31 10:10:57', 10000.0),
(101, 'Christopher', 'Talbot', 'TAOpKKjIGILl@gmail.com', '71f29e2a8933fcb034006d00742d2cc6806974435899fed576a3bf8d9037e564', 26, '658-753-7807', '2019-10-24 15:21:45', 10000.0),
(102, 'Joel', 'Price', 'eqbGPKzKfbakhXnD@gmail.com', '5f83ffdb6bef92b4ed21cdf84e25116b01044fd491f2a205806c3f0994d5845a', 34, '912-403-2721', '2018-11-07 14:31:09', 10000.0),
(103, 'Willis', 'Wells', 'CPKxiIgwYRaEZCuG@gmail.com', 'f9790259caea6f7e6ac7ebeb68bffbd58cfabb7dcd88cf0de23ab926e9265aec', 46, '948-241-3164', '2018-10-27 08:41:53', 10000.0),
(104, 'Randa', 'Cormier', 'EDtJJlULtdLVc@gmail.com', '502da69c37940d0bfbfaf127a96602ae79002eefe396aecacc0810141a625a7c', 22, '531-040-1426', '2019-05-20 00:59:34', 10000.0),
(105, 'Irene', 'Licht', 'FaGvfFHzFtJiSrYnIxK@gmail.com', '3fd9b2a1c7df231801ea78d720f9901ff0c71cc1f1bff7a298c98ef3e6117d6a', 34, '329-759-0203', '2018-12-11 06:21:22', 10000.0),
(106, 'Hector', 'Schindler', 'BBaqrKwUQEcnxM@gmail.com', '3c56639ef836e3663f3c2be774d93ef1aab11ba33da55ccdb5a187b08523252a', 29, '332-744-0190', '2018-03-19 09:52:15', 10000.0),
(107, 'John', 'Gaff', 'CVpEqsFUyYKhjFH@gmail.com', '3dd1656fc75aab83cb68f0f153a3ee2e08451396bfeb9093d86047e9a1385ea7', 30, '233-586-4205', '2018-04-24 01:59:57', 10000.0),
(108, 'Peggy', 'Jimenez', 'NkpmcELaVUpiLHJ@gmail.com', 'c56a79ba6fcce6023201822a97c8cebd28d45f1a0dc6b1afeba76b8918140a0f', 40, '863-218-0123', '2019-07-04 14:44:28', 10000.0),
(109, 'Marion', 'Welk', 'eyZsxmCnKBNNZlBGmE@gmail.com', 'c11ddc0167dfa08938d6f5fc022ffdf8d1a25f4fbf8c9acfd2e05f58bcc296ca', 21, '904-197-4686', '2018-02-02 16:15:38', 10000.0),
(110, 'Vanessa', 'Engel', 'kQCQnANDyOfRqRtbW@gmail.com', 'bf3c7eda6419135f45e0ba4f69891813e97658cb5ab18a7afaf3975f23605ec2', 45, '657-526-1258', '2019-12-20 22:55:05', 10000.0),
(111, 'Christy', 'Robert', 'AhAWuSEyDKJNvZNdwEnR@gmail.com', 'e6f3be5127cc42b110c330f4ef0232c44a256affed41e7cd2d5ede2d830653a6', 41, '149-668-7430', '2018-12-27 11:56:55', 10000.0),
(112, 'Louis', 'Keenan', 'EYeiHhCgYIIBTEk@gmail.com', '12cec10a688b66822e82d28175b8a2ac103b7285e61a425adfc5e62f59ddfc50', 33, '291-169-5791', '2018-03-04 07:10:36', 10000.0),
(113, 'Timothy', 'Simon', 'fLXSsdKDkEaHguqOKlbA@gmail.com', '7a35681a93cabeadb50f01dc510c1ba3bf8bb64384fc342561a3f2fea39c7e5e', 29, '223-407-1232', '2018-03-12 20:45:28', 10000.0),
(114, 'Nicole', 'Bailey', 'FeuJLSalHrJlGQZvzWH@gmail.com', 'aec91309fefa7be7ea8df952343c451535b324beb74b3b055d74bf3969ab53ef', 28, '353-526-9361', '2018-01-11 19:42:13', 10000.0),
(115, 'Janice', 'Sundt', 'EOBvlbaoTBZ@gmail.com', '753071f17d829df14d5c834207fe3db2d555aeeaa3aa53b7e2a50cb7cfa1d1b5', 44, '264-292-4722', '2019-03-27 04:13:30', 10000.0),
(116, 'Casey', 'Mcneil', 'yUKQdgwSIsZmVkqN@gmail.com', '2442d83c762720f9cca1fcb5e75e6d375d4db0bdd318c422afe09934dc71f823', 32, '381-529-3186', '2019-12-03 00:19:58', 10000.0),
(117, 'Jack', 'Griffith', 'cvdWWPvhhxZ@gmail.com', 'd7d8ee808f60884865cdaf22800bb528beda4e7fc90fffef3caa6acfd63cbc54', 43, '646-188-6551', '2019-09-01 19:58:37', 10000.0),
(118, 'David', 'Lantz', 'ASSKUKwIwJCQQgiqFo@gmail.com', '72bd166552c8f75ab10e06f78f2b5c042c8692d542dd22f6a727cfdb68b098bd', 42, '383-180-1729', '2018-07-01 11:07:43', 10000.0),
(119, 'Anita', 'Garris', 'lAFkusUNfrVYO@gmail.com', 'e2d038576d87288e0053eeea9efcddab77334261a5395f6df3c3f164fd842c50', 26, '500-204-5054', '2019-07-16 16:57:25', 10000.0),
(120, 'Jamar', 'Glesener', 'HHnqXjIKYjI@gmail.com', 'a98970207e817f18edca061c0011fa8c383e04f347a81f2e42410c15ea9763dc', 20, '854-059-1198', '2019-01-02 13:04:05', 10000.0),
(121, 'Christine', 'Oglesby', 'MavYlNLHdfhn@gmail.com', 'd622ea6fcd3409fddce9c2c483095193efe5cfefd951cd24ff780b903cdab0ef', 36, '809-226-4289', '2019-10-09 06:01:50', 10000.0),
(122, 'Margarett', 'Tooze', 'TLTEbnydMq@gmail.com', '842010a217eb32cfc44dc73a48936d57d4f6f9b024e4096c0f058b2c61b5e060', 22, '754-046-4465', '2018-04-01 19:04:55', 10000.0),
(123, 'Wanita', 'Henderson', 'dQOKvJwScSiSu@gmail.com', 'a2c3a0c614fdaa0dd16d33fb8ae542faa8ac861dfa426f2798ff7e82e3cb71f6', 39, '768-344-2536', '2019-04-05 21:30:17', 10000.0),
(124, 'Carlton', 'Snider', 'aQlBbLFKNATpZyc@gmail.com', 'f6eabb6b9a81c1befd1e0072413004a01261e7b70632266aa0033220b9f496d5', 41, '190-188-0553', '2019-07-09 18:53:41', 10000.0),
(125, 'Clara', 'Gray', 'xEusvELXfdJbpN@gmail.com', '9ffa6fcb1722e2178204b615d6836a74d088214ba62bd2b8abd458c9b0a8720f', 34, '843-535-9053', '2019-05-22 00:01:43', 10000.0),
(126, 'Corliss', 'Mcloughlin', 'zCBaKYwriDtcgZE@gmail.com', '9fe427588ad097288a1e8703ddcc7160e0609a8d7925bbaee90f8753a839ab1f', 26, '513-743-6930', '2019-01-26 21:26:37', 10000.0),
(127, 'Anthony', 'Gross', 'ruvbzuueuKmAT@gmail.com', '11d98a9c64a10f5e14be573e52ee24f9529220d49611747932888b039c22c01e', 26, '733-312-0209', '2018-12-24 19:48:45', 10000.0),
(128, 'Margaret', 'Bursi', 'jRUwgmmPcuydqjlJB@gmail.com', '1b2f29ae92401d4a4c187f736420e27f4a6a4b32e89b9ed4addc76d765193980', 47, '377-887-0166', '2019-07-02 14:53:53', 10000.0),
(129, 'Angeline', 'Penny', 'vcGQoCEAFgyy@gmail.com', 'f1888860994c0f7f32a99f54df6ce6130f9b052a55c1b82d907e07e463cf954c', 29, '759-508-2212', '2019-09-15 12:03:27', 10000.0),
(130, 'Ashley', 'Morgan', 'KROMxTeZcUT@gmail.com', '6b5f29cb89eca65a818a762c1f16e287e844c767873355e92277be4783f8bd90', 50, '497-337-6645', '2018-10-06 14:48:13', 10000.0),
(131, 'James', 'Chapa', 'rkhbKXlZyLpHlFmmMBP@gmail.com', 'a42cf62916eb27365040a97d3a65a7b107a57eb3cd60cf42da365f465944d909', 29, '451-054-1868', '2018-08-05 05:32:17', 10000.0),
(132, 'Don', 'Vargas', 'gxeQKqWmreThAF@gmail.com', 'a6e8ff5ef1d5d9685f240373cb2a16241f1ad7855a6738fc440cac491e65d286', 27, '105-716-1317', '2019-09-30 19:00:55', 10000.0),
(133, 'Alex', 'Foreman', 'HtOJvUVJSYvK@gmail.com', '4c3bb0a52c04a59d14e67e4b2b4174e39a0615684b44e603e634022f93335d3a', 30, '791-638-6074', '2019-04-21 03:46:30', 10000.0),
(134, 'Racquel', 'Koziel', 'pdyKimvlwJQPaHlhbwl@gmail.com', '063aff7296254384dca10c1e6862f2dcbb03b107fc7fec575c4d4cf28c78f9eb', 31, '415-618-9734', '2019-10-10 02:07:41', 10000.0),
(135, 'Lang', 'Cardoza', 'RFyNCAPixSUDkddJQ@gmail.com', '9e2d6cc50eae23e8b30e137fff12cebbca0de5fef884e6e20a359181b7c4461d', 49, '958-249-2530', '2018-03-26 22:03:33', 10000.0),
(136, 'Doris', 'Brown', 'HIzvMrrpKbEXB@gmail.com', 'ff5572bbb57ab3bd25c6dbe371a08c06d17dc82339997ecb5ed642102eb93052', 24, '193-798-9657', '2018-12-01 04:06:58', 10000.0),
(137, 'Vickie', 'Santoro', 'qPAzVMankSViRdfNkwT@gmail.com', '0140f9d02b8ccfdef7bf51628b9206103ac1b9b3df54c95d20b51eb34eba5154', 45, '449-302-6431', '2018-09-12 19:25:53', 10000.0),
(138, 'Tim', 'West', 'tPDFsUAwqUFoaSvJnIu@gmail.com', '1c9de2ec2dc977d369b3c5345753bedee78360357f90b856eddf5a67fcdf00ae', 43, '737-147-0360', '2019-05-12 00:19:34', 10000.0),
(139, 'Mildred', 'Chapman', 'XcYbiANqSvBGVa@gmail.com', 'ca75e73b14b1088dbc30d1937e0372c76e8eb6bb596ad30489ab1edfb893246b', 39, '664-381-9093', '2018-12-11 00:29:56', 10000.0),
(140, 'Allen', 'Harris', 'CpQOtgRDQHGlqFZdz@gmail.com', 'a4dce992ad2b54d8b2a01ef95ec33db5e6cf1aeffeee31f4786b1a524fa0b784', 42, '554-268-8854', '2018-05-30 21:00:16', 10000.0),
(141, 'Sharon', 'Hester', 'IEHYOUsLniTHC@gmail.com', 'aeaa189a5c15d22b937ab490f39a73d5cd6a88c4b36002ff6adf2e624d2c8bb1', 32, '151-398-0631', '2019-11-15 01:48:37', 10000.0),
(142, 'Ronald', 'Wassinger', 'fZVPGrnPCvW@gmail.com', '62e08835266fc97bcefbe9e98deb72e695dafbe3282e65974e3d43c1f26d7574', 39, '483-247-1945', '2018-11-17 14:41:26', 10000.0),
(143, 'Dan', 'Kann', 'XrHBLDKpfXuMTuv@gmail.com', '38399eca811da8dbaf4e493c1665408037ff0640ca1791e4081c0af85b8c74fc', 44, '391-255-1356', '2019-10-24 08:35:47', 10000.0),
(144, 'Dorothy', 'Ortega', 'ngwooQTfAAPpb@gmail.com', '2de985dfe1a2a67a79edf05fea2b4cb5554b76e776f85c235ce0e53c8182fdf5', 46, '707-519-1374', '2019-03-04 21:34:49', 10000.0),
(145, 'Keith', 'Luong', 'egeudyEMxARVXJNKkB@gmail.com', '47c77203953b3930a965e69dafe08c3bad303dad74fa3ba3e877044e41fc358a', 44, '553-329-3165', '2018-10-29 21:12:25', 10000.0),
(146, 'Janis', 'Turner', 'tpIYxBIDaeVC@gmail.com', 'ad386cbc737b912481278d6d9ba3632caa856c8a30c6b9dad98c2652dcb025fa', 25, '621-692-0462', '2018-06-29 16:16:10', 10000.0),
(147, 'David', 'Lucas', 'tVOCAdSlMsSaDPttgp@gmail.com', '3df50aed5b1a02a09453f4b2102e024c416e76028a47474720e4b31459e65dd3', 39, '700-244-9907', '2019-01-22 17:33:48', 10000.0),
(148, 'Bradley', 'Fey', 'bTRkpvJkYO@gmail.com', '8538a20712f62682eeadaa8a0bc38bff17fab9ca739ecb5ce879b14b8f94070b', 46, '742-827-8769', '2019-03-08 15:47:31', 10000.0),
(149, 'Amy', 'Bally', 'MFhsFQscXib@gmail.com', '8e261bac0c4002478bd8b46bc5a5f7193f4f2ad9804c30524be9da86f7398c89', 47, '789-219-1170', '2019-11-15 00:21:14', 10000.0)
;
INSERT INTO Customers VALUES
(10000, 'Eva', 'Matsumoto', 'kDGRQqXSqYRwOCTnsrQ@gmail.com', '460-866-4691'),
(10001, 'Larry', 'King', 'wLjozyxloCqcIg@gmail.com', '286-778-2756'),
(10002, 'Norma', 'Knowles', 'lgFeqHEvZYeXytO@gmail.com', '229-201-4651'),
(10003, 'Gloria', 'Butler', 'UiMYMipgBhEPh@gmail.com', '404-585-3299'),
(10004, 'Antonio', 'Armitage', 'HbHoykGeNzKMjf@gmail.com', '493-744-1680'),
(10005, 'Lou', 'Anderson', 'nLauriVvigLjYYl@gmail.com', '208-091-2757'),
(10006, 'Mike', 'Smith', 'AqtGldnxuMMuz@gmail.com', '832-660-2336'),
(10007, 'George', 'Miller', 'QntieVVSDXez@gmail.com', '144-419-7452'),
(10008, 'Wayne', 'Huseman', 'BxZkzaSJgOLtEsfLfaAT@gmail.com', '642-267-2771'),
(10009, 'Joseph', 'Bickerstaff', 'xnuvCBJWIabHOpeidUsh@gmail.com', '675-551-3793'),
(10010, 'Dennis', 'Toure', 'yVhoArkwHJRbfyEPz@gmail.com', '488-798-2378'),
(10011, 'Ginny', 'Wilson', 'pgVMVRZjEQRlQoVme@gmail.com', '722-690-6108'),
(10012, 'Lorie', 'Thurlow', 'UKcqOYIMTrsPzhGFb@gmail.com', '644-252-4767'),
(10013, 'Loretta', 'Torres', 'BUXdrzGfuxoZsQvw@gmail.com', '815-754-9009'),
(10014, 'Debra', 'Garza', 'fOLIguZUzNj@gmail.com', '156-479-6516'),
(10015, 'Jaime', 'Wooldridge', 'IdjcNQNKQWVTZzINSuf@gmail.com', '310-740-1667'),
(10016, 'Ray', 'Burkett', 'cWZANzLBWAknFSyXRF@gmail.com', '540-233-4777'),
(10017, 'Elizabeth', 'Sousa', 'gXqKQqQWMVWvvJXrh@gmail.com', '358-648-0969'),
(10018, 'Charles', 'Roberts', 'rklQdRvIVaJ@gmail.com', '185-494-6993'),
(10019, 'Amy', 'Moody', 'PlZcBiWTeeqGb@gmail.com', '381-536-4134'),
(10020, 'Edwin', 'Buckner', 'AFPlQQRlcCG@gmail.com', '593-384-9015'),
(10021, 'Kyle', 'Badger', 'erTJEXZotjoWpH@gmail.com', '314-220-5244'),
(10022, 'Philip', 'Anderson', 'ENjJmaMvkTkSNaquZFUU@gmail.com', '944-568-6333'),
(10023, 'Floyd', 'Osborne', 'fWbTIpuJeA@gmail.com', '284-601-6380'),
(10024, 'Clifford', 'Hrbacek', 'OcXgbjLdgbbcnDPC@gmail.com', '640-030-0845'),
(10025, 'Gregory', 'Alquisira', 'zOCKsxLTOzPpHRXvR@gmail.com', '855-445-1064'),
(10026, 'Edmund', 'Ward', 'RhHbiUfaoqXtVDZlKwp@gmail.com', '379-186-8447'),
(10027, 'Herschel', 'Douthitt', 'fjBCMoghrQPZMpFpMxb@gmail.com', '775-469-7335'),
(10028, 'Nathan', 'Ingram', 'gtVlWiGBqWd@gmail.com', '228-541-9466'),
(10029, 'Tamara', 'Gates', 'UeKNaovCpvAmpmBhqO@gmail.com', '305-812-0996'),
(10030, 'Glenda', 'Wu', 'ErfJJNxVoQbDP@gmail.com', '784-583-4453'),
(10031, 'Faye', 'Bronner', 'JaqsHQQwSzuXz@gmail.com', '577-013-5152'),
(10032, 'Mark', 'Holloway', 'GqEQbRkebHkTTZzKl@gmail.com', '703-437-7220'),
(10033, 'Aubrey', 'Morales', 'rysenmqWUdpLsVHTmWJt@gmail.com', '213-758-9051'),
(10034, 'William', 'Payne', 'NOKTIREHZGoUyGJM@gmail.com', '259-237-6200'),
(10035, 'Princess', 'Smith', 'kCyqTHnSzVGbmAtac@gmail.com', '317-435-5791'),
(10036, 'Ann', 'Turner', 'DwCwNcopFsqiC@gmail.com', '959-369-7776'),
(10037, 'Kenneth', 'Gladney', 'rQHVOUuWcK@gmail.com', '115-617-9137'),
(10038, 'John', 'Levesque', 'zikzwpxZjKy@gmail.com', '139-699-3976'),
(10039, 'Richard', 'Bussell', 'UcQUAecMYMvWuad@gmail.com', '824-229-5341'),
(10040, 'Tracy', 'Bumgardner', 'VmAFiecspbMefL@gmail.com', '904-812-1186'),
(10041, 'Dan', 'Fogle', 'YnxGHtYdno@gmail.com', '664-147-0658'),
(10042, 'Shannon', 'Hoopes', 'szDjLvDpvOlBX@gmail.com', '936-302-2320'),
(10043, 'Michael', 'Robertson', 'mqBRsePvlyFRot@gmail.com', '330-658-4768'),
(10044, 'James', 'Lachley', 'VXiRSzLrKGK@gmail.com', '719-376-5467'),
(10045, 'Sam', 'Norman', 'CBrbcoQreNMDeMLJuKyg@gmail.com', '935-237-4776'),
(10046, 'Charles', 'Vetter', 'qcGxarJBEqFoQ@gmail.com', '934-856-0473'),
(10047, 'Annie', 'Weise', 'sjPymeUXrNrBUaogYI@gmail.com', '970-191-3073'),
(10048, 'Larry', 'Williams', 'VMMUhJuKFHDFu@gmail.com', '128-055-0379'),
(10049, 'Clarence', 'Fitzgerald', 'cSXcAcecvO@gmail.com', '441-520-5402')
;
INSERT INTO DiscountCards VALUES
(5000, 10000, 0.05),
(5001, 10001, 0.05),
(5002, 10002, 0.05),
(5003, 10003, 0.05),
(5004, 10004, 0.05),
(5005, 10005, 0.05),
(5006, 10006, 0.05),
(5007, 10007, 0.05),
(5008, 10008, 0.05),
(5009, 10009, 0.05),
(5010, 10010, 0.05),
(5011, 10011, 0.05),
(5012, 10012, 0.05),
(5013, 10013, 0.05),
(5014, 10014, 0.05),
(5015, 10015, 0.05),
(5016, 10016, 0.05),
(5017, 10017, 0.05),
(5018, 10018, 0.05),
(5019, 10019, 0.05),
(5020, 10020, 0.05),
(5021, 10021, 0.05),
(5022, 10022, 0.05),
(5023, 10023, 0.05),
(5024, 10024, 0.05),
(5025, 10025, 0.05),
(5026, 10026, 0.05),
(5027, 10027, 0.05),
(5028, 10028, 0.05),
(5029, 10029, 0.05),
(5030, 10030, 0.05),
(5031, 10031, 0.05),
(5032, 10032, 0.05),
(5033, 10033, 0.05),
(5034, 10034, 0.05),
(5035, 10035, 0.05),
(5036, 10036, 0.05),
(5037, 10037, 0.05),
(5038, 10038, 0.05),
(5039, 10039, 0.05),
(5040, 10040, 0.05),
(5041, 10041, 0.05),
(5042, 10042, 0.05),
(5043, 10043, 0.05),
(5044, 10044, 0.05),
(5045, 10045, 0.05),
(5046, 10046, 0.05),
(5047, 10047, 0.05),
(5048, 10048, 0.05),
(5049, 10049, 0.05)
;
INSERT INTO Orders VALUES
(1000, 100, '2018-01-27 18:41:22', 5000),
(1001, 101, '2021-06-05 07:57:18', 5001),
(1002, 102, '2018-11-26 06:32:41', 5002),
(1003, 103, '2019-12-22 03:40:50', 5003),
(1004, 104, '2021-11-11 18:20:31', 5004),
(1005, 105, '2019-04-25 04:01:34', 5005),
(1006, 106, '2020-05-20 07:45:47', 5006),
(1007, 107, '2019-03-08 12:54:21', 5007),
(1008, 108, '2022-07-11 20:56:05', 5008),
(1009, 109, '2020-02-29 05:36:13', 5009),
(1010, 110, '2018-07-19 03:24:37', 5010),
(1011, 111, '2020-10-16 09:05:06', 5011),
(1012, 112, '2020-10-31 02:20:25', 5012),
(1013, 113, '2022-05-10 07:54:26', 5013),
(1014, 114, '2022-03-31 22:01:02', 5014),
(1015, 115, '2019-08-05 19:24:07', 5015),
(1016, 116, '2019-07-30 09:13:28', 5016),
(1017, 117, '2020-06-22 07:45:58', 5017),
(1018, 118, '2018-02-09 23:25:22', 5018),
(1019, 119, '2018-12-19 04:16:08', 5019),
(1020, 120, '2020-06-24 02:17:40', 5020),
(1021, 121, '2019-04-02 04:09:17', 5021),
(1022, 122, '2021-10-17 19:51:35', 5022),
(1023, 123, '2018-01-19 04:05:33', 5023),
(1024, 124, '2018-09-28 23:26:27', 5024),
(1025, 125, '2020-09-27 21:53:57', 5025),
(1026, 126, '2022-02-16 01:04:39', 5026),
(1027, 127, '2018-07-30 14:29:18', 5027),
(1028, 128, '2020-11-02 13:01:07', 5028),
(1029, 129, '2021-06-21 22:58:20', 5029),
(1030, 130, '2020-07-24 18:51:18', 5030),
(1031, 131, '2021-12-03 09:04:20', 5031),
(1032, 132, '2019-03-13 08:10:11', 5032),
(1033, 133, '2018-07-22 07:14:50', 5033),
(1034, 134, '2020-11-02 01:38:41', 5034),
(1035, 135, '2019-03-20 09:43:11', 5035),
(1036, 136, '2020-12-26 14:06:52', 5036),
(1037, 137, '2018-01-15 05:41:54', 5037),
(1038, 138, '2021-03-07 19:29:15', 5038),
(1039, 139, '2020-04-23 00:34:40', 5039),
(1040, 140, '2021-07-27 14:35:11', 5040),
(1041, 141, '2021-09-15 15:32:31', 5041),
(1042, 142, '2020-03-25 15:17:56', 5042),
(1043, 143, '2021-08-27 02:12:12', 5043),
(1044, 144, '2020-01-03 21:15:26', 5044),
(1045, 145, '2018-02-25 00:20:59', 5045),
(1046, 146, '2019-09-06 00:12:19', 5046),
(1047, 147, '2021-11-02 21:24:31', 5047),
(1048, 148, '2018-07-04 14:19:22', 5048),
(1049, 149, '2018-05-25 01:01:37', 5049)
;
INSERT INTO OrderToDishes VALUES
(1000, 100, 1),
(1001, 101, 3),
(1002, 102, 2),
(1003, 103, 4),
(1004, 104, 4),
(1005, 105, 4),
(1006, 106, 1),
(1007, 107, 2),
(1008, 108, 3),
(1009, 109, 4),
(1010, 110, 5),
(1011, 111, 3),
(1012, 112, 4),
(1013, 113, 2),
(1014, 114, 1),
(1015, 115, 2),
(1016, 116, 1),
(1017, 117, 4),
(1018, 118, 1),
(1019, 119, 2),
(1020, 120, 4),
(1021, 121, 3),
(1022, 122, 3),
(1023, 123, 1),
(1024, 124, 3),
(1025, 125, 2),
(1026, 126, 3),
(1027, 127, 1),
(1028, 128, 2),
(1029, 129, 2),
(1030, 130, 5),
(1031, 131, 1),
(1032, 132, 4),
(1033, 133, 5),
(1034, 134, 2),
(1035, 135, 2),
(1036, 136, 2),
(1037, 137, 5),
(1038, 138, 3),
(1039, 139, 4),
(1040, 140, 1),
(1041, 141, 3),
(1042, 142, 4),
(1043, 143, 1),
(1044, 144, 4),
(1045, 145, 2),
(1046, 146, 1),
(1047, 147, 4),
(1048, 148, 5),
(1049, 149, 2)
;
