INSERT INTO Dishes VALUES
(100, 'Bowls', 'dinnerware', 'susan'),
(101, 'Cup', 'dinnerware', 'salad bowls'),
(102, 'Cup', 'dinnerware', 'platters'),
(103, 'Cup', 'dinnerware', 'platters'),
(104, 'Carafe', 'dinnerware', 'bowls'),
(105, 'Salad bowls', 'bakeware', 'susan'),
(106, 'Salad bowls', 'dinnerware', 'bowls'),
(107, 'Susan', 'dinnerware', 'bowls'),
(108, 'Tea cup', 'dinnerware', 'tea cup'),
(109, 'Carafe', 'dinnerware', 'susan'),
(110, 'Cup', 'dinnerware', 'carafe'),
(111, 'Salad bowls', 'dinnerware', 'susan'),
(112, 'Tea cup', 'dinnerware', 'carafe'),
(113, 'Cup', 'dinnerware', 'susan'),
(114, 'Platters', 'dinnerware', 'tea cup'),
(115, 'Susan', 'dinnerware', 'tea cup'),
(116, 'Susan', 'dinnerware', 'bowls'),
(117, 'Salad bowls', 'dinnerware', 'bowls'),
(118, 'Platters', 'dinnerware', 'tea cup'),
(119, 'Carafe', 'dinnerware', 'susan'),
(120, 'Cup', 'dinnerware', 'carafe'),
(121, 'Platters', 'dinnerware', 'salad bowls'),
(122, 'Tea cup', 'dinnerware', 'cup'),
(123, 'Susan', 'dinnerware', 'bowls'),
(124, 'Tea cup', 'dinnerware', 'bowls'),
(125, 'Salad bowls', 'serveware', 'platters'),
(126, 'Platters', 'dinnerware', 'tea cup'),
(127, 'Cup', 'bakeware', 'salad bowls'),
(128, 'Cup', 'dinnerware', 'carafe'),
(129, 'Bowls', 'dinnerware', 'bowls'),
(130, 'Cup', 'drinkware', 'salad bowls'),
(131, 'Tea cup', 'dinnerware', 'salad bowls'),
(132, 'Salad bowls', 'dinnerware', 'tea cup'),
(133, 'Susan', 'dinnerware', 'platters'),
(134, 'Susan', 'dinnerware', 'bowls'),
(135, 'Carafe', 'dinnerware', 'salad bowls'),
(136, 'Salad bowls', 'dinnerware', 'salad bowls'),
(137, 'Carafe', 'dinnerware', 'tea cup'),
(138, 'Susan', 'dinnerware', 'cup'),
(139, 'Cup', 'dinnerware', 'tea cup'),
(140, 'Platters', 'bakeware', 'platters'),
(141, 'Susan', 'dinnerware', 'platters'),
(142, 'Salad bowls', 'dinnerware', 'tea cup'),
(143, 'Susan', 'dinnerware', 'platters'),
(144, 'Platters', 'dinnerware', 'cup'),
(145, 'Susan', 'bakeware', 'carafe'),
(146, 'Bowls', 'dinnerware', 'platters'),
(147, 'Salad bowls', 'bakeware', 'susan'),
(148, 'Tea cup', 'dinnerware', 'bowls'),
(149, 'Platters', 'dinnerware', 'salad bowls')
;
INSERT INTO DishPrices VALUES
(100, 5.69828, '2017-11-30 02:58:11'),
(101, 7.18697, '2020-11-24 22:41:59'),
(102, 17.29637, '2019-01-17 01:29:04'),
(103, 16.50550, '2020-07-10 23:08:54'),
(104, 14.00045, '2020-09-14 22:06:47'),
(105, 13.07103, '2017-11-09 15:45:57'),
(106, 19.69811, '2017-07-03 14:58:53'),
(107, 13.61435, '2020-08-15 09:31:22'),
(108, 16.72653, '2020-08-31 15:51:42'),
(109, 14.09953, '2020-09-05 11:32:03'),
(110, 4.19052, '2017-06-07 20:19:05'),
(111, 9.10419, '2018-02-16 13:02:39'),
(112, 8.01841, '2020-01-29 23:21:07'),
(113, 7.67746, '2020-10-21 14:28:24'),
(114, 23.80505, '2019-07-16 22:28:04'),
(115, 17.58771, '2017-07-07 09:37:43'),
(116, 20.51695, '2019-12-12 17:29:08'),
(117, 21.34130, '2019-11-14 19:24:30'),
(118, 22.73904, '2019-04-25 17:06:26'),
(119, 6.56416, '2018-02-15 22:17:04'),
(120, 13.34429, '2018-06-23 06:00:53'),
(121, 24.45052, '2019-07-14 20:54:48'),
(122, 4.98452, '2017-08-03 22:43:53'),
(123, 18.87454, '2018-07-03 11:10:54'),
(124, 23.35758, '2017-07-02 14:51:45'),
(125, 20.95882, '2017-02-09 13:09:52'),
(126, 3.39589, '2017-01-04 19:14:47'),
(127, 3.11103, '2018-06-02 01:39:13'),
(128, 6.59363, '2020-06-11 15:15:45'),
(129, 6.65195, '2020-11-03 10:38:18'),
(130, 23.16561, '2017-02-10 18:17:19'),
(131, 17.89847, '2020-04-07 04:28:07'),
(132, 15.97127, '2020-08-20 06:33:20'),
(133, 9.57653, '2018-03-19 21:12:52'),
(134, 15.38718, '2017-11-06 08:40:24'),
(135, 15.83234, '2018-04-21 12:38:54'),
(136, 5.27780, '2020-04-21 10:36:58'),
(137, 3.13844, '2020-11-05 01:56:09'),
(138, 15.53953, '2017-10-08 22:37:59'),
(139, 8.81032, '2019-03-02 07:27:59'),
(140, 15.40553, '2017-05-11 13:55:35'),
(141, 6.40369, '2020-11-29 02:27:44'),
(142, 5.46651, '2019-01-04 21:31:08'),
(143, 14.08793, '2020-05-27 00:20:46'),
(144, 14.46115, '2020-07-30 23:10:02'),
(145, 24.30123, '2019-09-29 21:16:59'),
(146, 9.21062, '2020-10-20 03:48:14'),
(147, 7.94631, '2019-08-27 21:42:43'),
(148, 8.03118, '2017-02-12 10:11:03'),
(149, 14.65979, '2020-05-17 19:29:18')
;
INSERT INTO DishCounts VALUES
(100, 350, '2020-06-01 16:10:29'),
(101, 235, '2017-06-08 00:33:46'),
(102, 271, '2020-02-02 05:20:01'),
(103, 467, '2018-09-01 12:00:23'),
(104, 248, '2020-11-04 09:25:27'),
(105, 424, '2017-05-18 19:24:11'),
(106, 136, '2018-11-22 23:54:33'),
(107, 109, '2020-03-21 00:01:50'),
(108, 428, '2020-03-03 00:04:35'),
(109, 416, '2017-07-29 01:05:43'),
(110, 200, '2019-06-27 05:09:54'),
(111, 294, '2019-08-10 16:16:12'),
(112, 402, '2017-05-07 09:57:51'),
(113, 142, '2017-05-08 04:47:38'),
(114, 186, '2018-01-19 03:48:33'),
(115, 286, '2019-11-28 12:35:39'),
(116, 370, '2018-09-27 16:20:18'),
(117, 437, '2019-01-11 12:22:34'),
(118, 436, '2020-08-28 11:36:17'),
(119, 252, '2019-01-25 01:48:04'),
(120, 447, '2018-10-22 00:07:10'),
(121, 332, '2019-10-03 16:17:36'),
(122, 241, '2017-09-29 11:29:30'),
(123, 305, '2019-04-13 03:38:05'),
(124, 399, '2019-03-31 06:14:18'),
(125, 135, '2020-07-06 11:58:41'),
(126, 148, '2020-11-18 19:05:44'),
(127, 435, '2019-05-07 05:28:11'),
(128, 198, '2019-10-13 22:13:56'),
(129, 207, '2020-03-01 18:09:54'),
(130, 423, '2017-11-30 01:35:30'),
(131, 175, '2019-06-27 04:28:40'),
(132, 361, '2018-10-17 16:05:42'),
(133, 427, '2018-02-26 20:57:39'),
(134, 201, '2019-06-28 18:16:07'),
(135, 485, '2020-02-27 21:42:28'),
(136, 414, '2017-04-28 17:29:53'),
(137, 467, '2017-03-02 22:25:14'),
(138, 133, '2020-11-05 01:53:22'),
(139, 138, '2020-11-25 08:33:56'),
(140, 357, '2020-04-06 09:27:51'),
(141, 277, '2019-03-20 17:41:58'),
(142, 257, '2017-04-16 09:45:37'),
(143, 294, '2019-07-27 15:41:11'),
(144, 205, '2018-01-06 10:53:06'),
(145, 188, '2018-05-26 03:16:13'),
(146, 106, '2020-08-12 00:44:14'),
(147, 121, '2020-03-30 15:36:40'),
(148, 226, '2020-12-03 14:00:56'),
(149, 283, '2017-11-15 09:33:53')
;
INSERT INTO Descriptions VALUES
(100, 'USA', '2018-01-27 22:47:08', 4179.64416),
(101, 'China', '2019-03-22 05:16:00', 2159.22585),
(102, 'USA', '2018-11-12 10:24:35', 4066.85325),
(103, 'Germany', '2017-12-17 05:49:35', 4418.33783),
(104, 'Germany', '2017-03-26 09:26:52', 2085.92022),
(105, 'Ukraine', '2019-11-25 09:08:41', 489.84486),
(106, 'Germany', '2017-09-09 15:36:16', 1107.67098),
(107, 'Germany', '2019-06-22 14:23:00', 1060.80119),
(108, 'China', '2020-11-21 08:13:05', 3956.83503),
(109, 'Germany', '2020-05-13 03:10:35', 532.31740),
(110, 'Germany', '2018-12-13 22:34:51', 1126.56195),
(111, 'USA', '2019-06-12 17:20:45', 1886.41316),
(112, 'Ukraine', '2017-12-30 19:41:15', 3064.39466),
(113, 'Ukraine', '2019-02-16 06:23:18', 4296.32250),
(114, 'China', '2019-02-04 06:10:47', 1073.06012),
(115, 'Ukraine', '2017-09-29 09:44:06', 185.34173),
(116, 'Ukraine', '2019-05-12 09:50:11', 4413.52990),
(117, 'USA', '2017-12-03 10:28:42', 1339.72203),
(118, 'USA', '2020-12-09 01:47:34', 3048.06138),
(119, 'USA', '2020-11-15 02:28:19', 2912.52720),
(120, 'Ukraine', '2019-04-05 17:57:40', 4715.73954),
(121, 'Germany', '2019-10-11 03:13:35', 778.20298),
(122, 'USA', '2019-05-25 21:50:32', 1872.82826),
(123, 'Germany', '2019-12-05 03:03:48', 2486.15370),
(124, 'Germany', '2017-06-08 16:51:17', 3487.50779),
(125, 'Germany', '2017-11-24 20:12:27', 473.40751),
(126, 'USA', '2019-02-10 23:17:35', 103.17752),
(127, 'Ukraine', '2017-08-14 23:33:03', 4264.90832),
(128, 'USA', '2017-10-02 01:32:20', 4909.60216),
(129, 'USA', '2019-10-04 21:42:38', 745.23463),
(130, 'USA', '2017-10-26 06:16:12', 1016.42097),
(131, 'China', '2019-06-27 17:46:24', 4818.13045),
(132, 'Germany', '2017-05-25 20:53:11', 4542.05520),
(133, 'China', '2018-09-19 15:04:06', 232.86493),
(134, 'China', '2019-11-07 21:35:46', 4414.23532),
(135, 'Germany', '2017-11-04 09:01:34', 4749.95916),
(136, 'Ukraine', '2019-08-24 18:32:03', 1418.82568),
(137, 'Germany', '2017-10-11 09:33:00', 1990.17863),
(138, 'Germany', '2017-04-03 09:33:23', 4632.52434),
(139, 'Germany', '2019-06-16 15:25:29', 1647.74048),
(140, 'China', '2020-04-01 18:44:15', 3115.09201),
(141, 'Germany', '2020-05-28 08:36:12', 4816.01273),
(142, 'China', '2019-12-27 12:51:34', 2923.01310),
(143, 'Germany', '2019-03-02 14:53:50', 217.44737),
(144, 'USA', '2018-11-17 04:44:56', 4776.55282),
(145, 'Ukraine', '2018-08-12 21:51:01', 3213.41708),
(146, 'USA', '2018-11-24 11:20:52', 309.94643),
(147, 'Ukraine', '2018-09-21 09:39:31', 1497.60385),
(148, 'USA', '2019-05-12 08:30:12', 4775.77195),
(149, 'USA', '2017-07-26 01:50:56', 1083.14988)
;
INSERT INTO DishMaterials VALUES
(100, 'stoneware'),
(101, 'earthenware'),
(102, 'melamine'),
(103, 'stoneware'),
(104, 'porcelain'),
(105, 'melamine'),
(106, 'bone china'),
(107, 'melamine'),
(108, 'bone china'),
(109, 'stoneware'),
(110, 'earthenware'),
(111, 'bone china'),
(112, 'porcelain'),
(113, 'melamine'),
(114, 'earthenware'),
(115, 'earthenware'),
(116, 'bone china'),
(117, 'bone china'),
(118, 'melamine'),
(119, 'earthenware'),
(120, 'porcelain'),
(121, 'porcelain'),
(122, 'earthenware'),
(123, 'bone china'),
(124, 'bone china'),
(125, 'porcelain'),
(126, 'stoneware'),
(127, 'porcelain'),
(128, 'earthenware'),
(129, 'earthenware'),
(130, 'porcelain'),
(131, 'porcelain'),
(132, 'porcelain'),
(133, 'porcelain'),
(134, 'melamine'),
(135, 'melamine'),
(136, 'melamine'),
(137, 'stoneware'),
(138, 'earthenware'),
(139, 'bone china'),
(140, 'bone china'),
(141, 'bone china'),
(142, 'melamine'),
(143, 'stoneware'),
(144, 'stoneware'),
(145, 'stoneware'),
(146, 'stoneware'),
(147, 'melamine'),
(148, 'earthenware'),
(149, 'earthenware')
;
INSERT INTO Employees VALUES
(100, 'Stephen', 'Lee', 'lMVYNEuyaJGNOFv@gmail.com', '96c7538552754845e21b139de3629370301fe53b8be2be3f9d2d654328d708c3', 28, '442-689-1134', '2018-03-18 16:19:11', 10000.0),
(101, 'Gerald', 'Brewer', 'kuWixcFfhw@gmail.com', '80b93f156e75f597e8502e3faa1f0e3ba18fac15b5ee7225c7dc97de35a36df8', 32, '623-200-0395', '2019-11-06 05:28:18', 10000.0),
(102, 'Nancy', 'Jacobson', 'pRATKlRzDsAAd@gmail.com', 'ffe0db9219de46418a511d32954f7c23561e06fd4b3685492304943cd23898db', 21, '108-075-5560', '2018-06-19 09:57:34', 10000.0),
(103, 'June', 'Farnum', 'qWivVVUAkg@gmail.com', '437b063fb3a622c533bd5b4f0b7fc7541c4e90805147f5a8a2f7f76b43f853a0', 27, '205-480-6113', '2019-03-24 05:40:51', 10000.0),
(104, 'Coretta', 'Bryant', 'rERStMOdjTjON@gmail.com', '4561ddc9121b09b072370165925938dc17d74882ba5ca224e144dc20c8669c47', 31, '433-256-8908', '2018-11-10 02:54:07', 10000.0),
(105, 'Jennifer', 'Phillips', 'YxamtXzaBvzrJfDw@gmail.com', '481d6c026cc361de973a0dd38ed33b59205f9093d3a96d29c29fb760a843cd89', 43, '800-510-3087', '2018-01-11 20:07:48', 10000.0),
(106, 'Joseph', 'Calumag', 'wvvKrVSMjZk@gmail.com', '54e70e426e1a902fa3a44d2f576753110f9ab4c8f8ed2c908756f0fb2c1e60d8', 38, '890-417-9097', '2018-07-10 11:52:32', 10000.0),
(107, 'Jackie', 'Nguyen', 'FZUnSBEtavHNVjsdk@gmail.com', '4ee69d2f03628e6db251243a2a76a79db67df24856c6297b17e2cead90ebced1', 25, '577-546-8179', '2018-10-01 09:36:20', 10000.0),
(108, 'Michele', 'Copeland', 'gmEXJLNpVA@gmail.com', '394d07d950dcf6b1481ed62544c7c855c54e01a81d6144925fe418673d4d2840', 46, '573-872-6002', '2018-06-17 09:42:23', 10000.0),
(109, 'Michael', 'Hardy', 'fTxINlkuoUrpzDq@gmail.com', '5bfb65da6244d37682fa4e45df8abeedbebc74fd152b2dce16f330bd5313bbc9', 35, '201-608-4106', '2018-07-25 19:48:08', 10000.0),
(110, 'Nicole', 'Noah', 'ArjOqNlGBJBx@gmail.com', '6e61d855c31f88a2f152f9cb07c2a66803f7f25207aaa923b866017b62437879', 43, '117-672-6381', '2018-07-09 01:09:23', 10000.0),
(111, 'Donald', 'Smith', 'gpGSTGWJJMPSIaOh@gmail.com', '8ceb6196b3aae8c9c6da7393f6239d9972872f4abc202182601730b0b787687c', 30, '425-056-6909', '2019-03-11 20:39:25', 10000.0),
(112, 'David', 'Williams', 'MEeGfKqjwMOltxNYkcI@gmail.com', '7e23aa0fbb0c9c28b83e4ba2d05593fc7ab81df84dabb95611db450b3c5801ed', 37, '246-444-0979', '2019-10-03 08:08:36', 10000.0),
(113, 'John', 'Feliciano', 'qmsrXIqqPGXirQbLTmhZ@gmail.com', '49fb4eb7bc462b5abe60b1ccceee07deff227e9fe10b06ba97f78fbf3941c74d', 48, '170-640-4118', '2019-10-29 06:15:42', 10000.0),
(114, 'William', 'Price', 'LmhHLoucbpjvr@gmail.com', 'f14988382cc840dd5328b41c662f7db344dd6f4c45366202edfa6f24352782e9', 43, '437-001-3100', '2019-09-10 20:04:54', 10000.0),
(115, 'Cynthia', 'Cummings', 'cOeqVwzBixUJpSDQ@gmail.com', '102a9e41415360b7725ff0c6647582fa4e9bb911b1c2e7109721765521623324', 34, '965-459-3209', '2019-10-23 00:13:22', 10000.0),
(116, 'Shawn', 'David', 'BUopEQYSgA@gmail.com', 'b031b1d0f08e529c66a804d2148309a41ff0a76d559015a74a1554a665403b65', 33, '866-450-5656', '2018-02-09 11:05:49', 10000.0),
(117, 'Russell', 'Cosentino', 'aaKEHLRAilsQaKCa@gmail.com', 'dd31a7e59a946a6e7f532b82b791ab013a8dcd148fba7387010ac5411c9207d5', 47, '347-664-0579', '2019-08-25 15:01:11', 10000.0),
(118, 'Veronica', 'Bowen', 'DfAbfiAHTKTTibyCZ@gmail.com', 'e2cb2b39f70183739270f13d9241a8f4ef9c96996b63774570d6ef3b2a2080f4', 35, '323-613-4130', '2018-07-26 04:11:56', 10000.0),
(119, 'Patricia', 'Aiyer', 'ufXSpSdeCTThxkl@gmail.com', 'b666ed81632ad0318a7c1a701882dc32ac1e0f9ce7d200a0ae9205d79cc24207', 38, '774-209-2850', '2019-03-04 14:42:44', 10000.0),
(120, 'Lillian', 'Hobbs', 'EskiJYmavxyfncYF@gmail.com', 'bf40d07ac4cb7aa860d53b281d3acef0d52f5745a9af77c0132a8c76ef946dc3', 34, '639-332-0500', '2018-01-02 08:42:03', 10000.0),
(121, 'Garrett', 'Dankert', 'REHwNrCXfZcOIVf@gmail.com', 'db2ec3ee0e8ef275c3df611433565b52a48df58c9a13f0d11ded638a794c3581', 34, '970-058-8961', '2019-01-17 17:26:15', 10000.0),
(122, 'Rose', 'Harris', 'fUgHpXXIzeMuYieVgJq@gmail.com', '211be395186b04c09aaee688505d1bfebb036d128bee389aa06f1279e3a7cfa1', 25, '451-309-7541', '2019-05-19 06:16:06', 10000.0),
(123, 'Nathan', 'Butler', 'rkxTrqpFhUrQNDOMB@gmail.com', 'b1689cc2d09dfa6ad119d386cab7d148b63efcf6cf6e6900200a244d54d14f19', 21, '397-555-2473', '2018-07-27 20:26:01', 10000.0),
(124, 'Jose', 'Thomas', 'qjzLqdVTJSs@gmail.com', '848d956981490a18ce5137a0d2bd536c52be38c2ebef89883d366f0187692cc1', 50, '815-751-4757', '2018-01-05 06:02:50', 10000.0),
(125, 'Austin', 'Boisvert', 'GDcTyzVFZEtLNnMqyLS@gmail.com', '95f1435e8c891772ff23b83aa09b65de23454fdd9a440f0b67c008d53f6df223', 38, '744-332-5812', '2018-02-10 04:59:44', 10000.0),
(126, 'Sarah', 'Chambers', 'sesMGnCunebQuohXzn@gmail.com', 'f6d1ef33f696f55b146625b2c75319881b2608cf35e27fd34fb379be3ce17ed5', 39, '940-188-3080', '2019-07-22 08:07:42', 10000.0),
(127, 'Milton', 'Garcia', 'pMiKzgJhhxepjynpCql@gmail.com', 'c36e59795f645ce31443051d7f8c601f4d06c8470c65570ddcecb34ae8b1aa97', 27, '792-022-6790', '2019-06-07 17:33:04', 10000.0),
(128, 'Lillian', 'Parker', 'ACDAWPAIPQQAFcYH@gmail.com', 'c36a09993ffce49f5703dafbb47ad13817e5e9382d4e162230dee350e1ce668e', 39, '669-365-3273', '2018-11-09 06:22:47', 10000.0),
(129, 'Jennifer', 'Bouleris', 'QqxbLSRrlDOZyCa@gmail.com', 'e6ae53b23378ecdae8cd5b68bc893fe4e469f8e259f639a42a5fb38b6e414c1d', 32, '311-843-9012', '2018-01-29 13:05:31', 10000.0),
(130, 'Zina', 'Duprey', 'svYHwZOrTXboQ@gmail.com', '8e1a7fa969eecf308833ae23c2fd3179815c6778bb5285c016d1afbb318de8ce', 37, '480-225-2582', '2019-07-02 08:00:58', 10000.0),
(131, 'John', 'Ramirez', 'NUnuYIIGjgXlcJLXU@gmail.com', '12113e544e51f32c0aff389a3f49f69a6a1e2b585fb2fe873bd9e63c703b8617', 28, '320-636-1211', '2019-12-09 02:32:22', 10000.0),
(132, 'Felicia', 'Thuss', 'xYGfQvhBOKX@gmail.com', 'f94fec624824adde6cba58e45214abc5ead37c5045be3085d12af81c1192856c', 49, '729-283-4129', '2019-01-19 22:26:54', 10000.0),
(133, 'Jerald', 'Bruner', 'ZwzoGtpHEYDhuoV@gmail.com', 'c67e2fabec8f368d5cb7dcbc6a5433aa6be493956393878f02ad76fcd21fae6c', 48, '462-125-6929', '2019-04-14 09:09:47', 10000.0),
(134, 'Roberta', 'Barrera', 'CISCrUxkkxeUKPIUN@gmail.com', '5be56efcc0fb897d5474e1c807bd4690b9401457cc9e392102c2d5cb26be082f', 34, '863-122-7818', '2018-09-08 11:01:53', 10000.0),
(135, 'Bernard', 'Tesch', 'VrxxomBMTUlGjMv@gmail.com', 'ab5a46e1f198688a2ee7c790f1ed7654482781080002748477d785c530ee1161', 35, '975-071-1515', '2018-05-09 14:01:38', 10000.0),
(136, 'Christina', 'Deer', 'YDOmISvYIfqEyvp@gmail.com', 'e2eba1bf2ac8f14c26cefcf30a15463dd4e0ee3c68fcae8c6ddb9f0736e93335', 46, '178-123-2468', '2019-02-23 23:04:49', 10000.0),
(137, 'Michael', 'Swafford', 'zKaTcpyCWlHBHPuZgOT@gmail.com', '5fc82cb4dd1aaa547e123d7a901c4dfed76716156dec89bd7a3f04d9ae0fb1f8', 45, '460-068-6868', '2018-12-21 17:27:34', 10000.0),
(138, 'Fernando', 'Love', 'ZKzIZLLNLm@gmail.com', '2eefa9acbfd2f72638cbf22e53cea03141f48e1feabfd61d1c47ceef903df457', 33, '997-648-2125', '2018-10-29 16:37:01', 10000.0),
(139, 'Brittany', 'Baxter', 'NtAXXQKrWxLLzWPIiAu@gmail.com', 'd494ff28a96210a8f05f87623439dd8c747b5c01abeafd32a2c1ffbed30873b1', 20, '514-146-7381', '2018-05-01 22:16:37', 10000.0),
(140, 'Edna', 'Satterfield', 'XLlRoOrjkHmNWDDB@gmail.com', '39dfe48c01cea86f2bf8c8f4a76af41d42843d5964003f5794b55029c7daba07', 44, '594-077-1151', '2018-06-28 07:11:36', 10000.0),
(141, 'Paulette', 'Robertson', 'QUpXUayypwKG@gmail.com', '95a62b6bbf6abee50de2c2fd85210f7fd1ca83df238a7efbad0001bd9d55a65f', 50, '550-208-0505', '2018-07-18 12:38:27', 10000.0),
(142, 'Marilyn', 'Osorio', 'MCzwpJrWKjMqIkIkICR@gmail.com', '1e3155dab6f00848d05b0ce52438dd763a060380f4f9c6547561ac9be4a0c01f', 48, '585-719-9129', '2018-03-12 10:09:37', 10000.0),
(143, 'Cortez', 'Mcdermott', 'ovmmpzsWvVSYGACUTJi@gmail.com', '88fb15595dc12d43077589d18d6e0041c1dfbf61db2f00d20c328ae137c5335d', 50, '259-190-6574', '2019-10-11 00:54:28', 10000.0),
(144, 'Allen', 'Tucker', 'RlBEBUjSTAcH@gmail.com', 'd21771367b12a758086be3cdacd02f43339c419866c873543ba8e697628e434a', 50, '390-020-2200', '2019-10-01 02:44:49', 10000.0),
(145, 'Rebecca', 'Sellers', 'UTCWrIQPaWaG@gmail.com', 'e823324967f73e823906671a5f9174118fea5d687c5eb9708bd7028ea7e16cbc', 22, '982-272-1108', '2019-05-10 22:12:23', 10000.0),
(146, 'Martha', 'Abrams', 'MXHpzbqLtjBXNztMqH@gmail.com', 'd7329624475be0a39468acd710e9ff30a6e3cf13fae0b3237de755510b902aa3', 20, '699-049-8973', '2019-09-04 09:27:42', 10000.0),
(147, 'Cody', 'Peck', 'yInIBpDKqxjKBwj@gmail.com', '4dbe5cb0d024cff46ec9c28078aa7cdc33f277faaa09e06178686372e0bec5d6', 29, '147-037-7689', '2019-09-30 16:37:07', 10000.0),
(148, 'Ian', 'Farrell', 'qUcFUXBfoKanayi@gmail.com', 'bab231c23def8f9831df814d4eb5a357fc11288836a064a4a676aee5bf20e0fa', 27, '599-376-0515', '2018-07-25 22:37:00', 10000.0),
(149, 'Elodia', 'Belkowski', 'gfRExGGmSHPCa@gmail.com', '81c28156f4ba53715346a09bc6d67c271838b4b73941b14991254cda7802a7e7', 29, '612-554-3328', '2019-07-29 05:02:52', 10000.0)
;
INSERT INTO Customers VALUES
(10000, 'Joe', 'Mendoza', 'ghiQwKwVlHeC@gmail.com', '724-727-2718'),
(10001, 'David', 'Flynn', 'IzjsnrkeNWTydtWBg@gmail.com', '590-397-0752'),
(10002, 'Ralph', 'Craun', 'uQzlZgLBymslOAb@gmail.com', '426-221-2281'),
(10003, 'Jack', 'Lovingood', 'GKctbdbANakPqYhpwiBF@gmail.com', '267-640-1304'),
(10004, 'Robert', 'Ander', 'UDCShlKbfqLAsulyp@gmail.com', '997-431-4736'),
(10005, 'John', 'Villasenor', 'duPLgAUPjWTC@gmail.com', '840-011-9747'),
(10006, 'Mario', 'Prince', 'tHTXlNPdxDJOSLp@gmail.com', '918-402-5714'),
(10007, 'Frances', 'Williams', 'fvxMIjXRIE@gmail.com', '249-495-0856'),
(10008, 'David', 'Holt', 'tKJNaTRdzP@gmail.com', '750-183-4559'),
(10009, 'Teresa', 'Crump', 'BOUwOOluEKg@gmail.com', '730-692-8717'),
(10010, 'John', 'Conda', 'ewZBZLPubODSioaGKmtk@gmail.com', '429-122-0816'),
(10011, 'Edward', 'Matz', 'uwqwAZAIpIaqK@gmail.com', '911-778-6575'),
(10012, 'Timothy', 'Helton', 'KOzDoGnQoykPjHQ@gmail.com', '997-575-7320'),
(10013, 'Hubert', 'Herman', 'hXmKHoDravjTW@gmail.com', '756-069-0826'),
(10014, 'Lois', 'Freeland', 'CutJJgOrdOdFDkwzGgZh@gmail.com', '473-312-9418'),
(10015, 'David', 'Crum', 'ecyFSrsgxrZuxMKElX@gmail.com', '724-745-0245'),
(10016, 'Walter', 'Russell', 'ftYpUMvxrmprGTHQti@gmail.com', '374-764-7094'),
(10017, 'Kathy', 'Sanchez', 'EfKonzGsORwRshk@gmail.com', '748-197-8293'),
(10018, 'Karen', 'Martinez', 'BozxJeLsshJ@gmail.com', '842-883-9265'),
(10019, 'Bill', 'Siewers', 'gstwiHvfbshu@gmail.com', '529-386-0124'),
(10020, 'Connie', 'Childers', 'VEqiAqElYrYwg@gmail.com', '324-556-6892'),
(10021, 'Betty', 'Thomas', 'ajHqDwOtLEdjZZiMke@gmail.com', '909-692-9708'),
(10022, 'Stephanie', 'Cannon', 'XOmPiANqgnCDhnxpw@gmail.com', '525-155-7874'),
(10023, 'Kyle', 'Kempf', 'yhrlyJeFuGZoLSw@gmail.com', '524-666-7536'),
(10024, 'Phillip', 'Smallwood', 'JjkDZGwvlH@gmail.com', '514-314-1156'),
(10025, 'Breanna', 'Bigelow', 'FeayhcXAWMyVzCBwRJOP@gmail.com', '875-847-7987'),
(10026, 'Gabriel', 'Boyles', 'dXHbhStQUBhfcPN@gmail.com', '689-639-8882'),
(10027, 'Elizabeth', 'Munoz', 'STFataWpqojyZf@gmail.com', '498-730-2257'),
(10028, 'Anna', 'Pein', 'TEWBSSPoLSsdglNsT@gmail.com', '287-445-9138'),
(10029, 'John', 'Schaffert', 'pdSkbdhBxx@gmail.com', '519-559-3890'),
(10030, 'Brandon', 'Cleveland', 'YUQtnlGqurKUIcFZX@gmail.com', '790-521-6260'),
(10031, 'Mary', 'Sizemore', 'AptUmJjzkY@gmail.com', '876-791-8882'),
(10032, 'Carla', 'Walker', 'FJkrbbVjoAsXWZt@gmail.com', '169-537-5425'),
(10033, 'Shawn', 'Porter', 'GMszMmRXhji@gmail.com', '576-034-3139'),
(10034, 'Guy', 'Joslin', 'fmpGiEnvFVNBscH@gmail.com', '934-416-3363'),
(10035, 'Shawn', 'Mcgill', 'wpHbQfTmgfANPDAynev@gmail.com', '172-885-2835'),
(10036, 'Angel', 'Hurlbut', 'iKOKrcyuMudpxuMrb@gmail.com', '200-557-8234'),
(10037, 'Andrew', 'Franklin', 'cDBqJwtOzJSIM@gmail.com', '870-355-4752'),
(10038, 'Joe', 'Wilkins', 'XNubwBmmrUHhgiFpuh@gmail.com', '370-500-3027'),
(10039, 'Matthew', 'Coleman', 'YMgyVCruUtLtL@gmail.com', '409-007-9478'),
(10040, 'Thomas', 'Eden', 'TRsdvkCcvjjJWQxl@gmail.com', '158-662-7308'),
(10041, 'Valerie', 'Quinlan', 'AUXZBHcEqDmetXoQn@gmail.com', '421-789-1176'),
(10042, 'Danny', 'Johnson', 'WfQCSQjlHdwygV@gmail.com', '415-427-2963'),
(10043, 'Melissa', 'Hammons', 'xSwPNGRZIo@gmail.com', '725-242-9042'),
(10044, 'Mary', 'Yoon', 'IkPkPzXwdiHPfjqBUHY@gmail.com', '768-864-3696'),
(10045, 'Arthur', 'Perez', 'wOKsnhpmkbngG@gmail.com', '459-853-3701'),
(10046, 'Jimmy', 'Nuuanu', 'HkCEZLiZtoz@gmail.com', '246-838-0641'),
(10047, 'Dave', 'Hartman', 'EPImNrxHNmQeDGpECmrV@gmail.com', '778-436-0897'),
(10048, 'Josephine', 'Dudley', 'cSfSXuVSoEHdYm@gmail.com', '218-772-3907'),
(10049, 'Ned', 'Lawson', 'hQUwaPVMMzBHooFKXDw@gmail.com', '356-234-1773')
;
INSERT INTO DiscountCards VALUES
(5000, 10000, 0.05),
(5001, 10001, 0.05),
(5002, 10002, 0.05),
(5003, 10003, 0.05),
(5004, 10004, 0.05),
(5005, 10005, 0.05),
(5006, 10006, 0.05),
(5007, 10007, 0.05),
(5008, 10008, 0.05),
(5009, 10009, 0.05),
(5010, 10010, 0.05),
(5011, 10011, 0.05),
(5012, 10012, 0.05),
(5013, 10013, 0.05),
(5014, 10014, 0.05),
(5015, 10015, 0.05),
(5016, 10016, 0.05),
(5017, 10017, 0.05),
(5018, 10018, 0.05),
(5019, 10019, 0.05),
(5020, 10020, 0.05),
(5021, 10021, 0.05),
(5022, 10022, 0.05),
(5023, 10023, 0.05),
(5024, 10024, 0.05),
(5025, 10025, 0.05),
(5026, 10026, 0.05),
(5027, 10027, 0.05),
(5028, 10028, 0.05),
(5029, 10029, 0.05),
(5030, 10030, 0.05),
(5031, 10031, 0.05),
(5032, 10032, 0.05),
(5033, 10033, 0.05),
(5034, 10034, 0.05),
(5035, 10035, 0.05),
(5036, 10036, 0.05),
(5037, 10037, 0.05),
(5038, 10038, 0.05),
(5039, 10039, 0.05),
(5040, 10040, 0.05),
(5041, 10041, 0.05),
(5042, 10042, 0.05),
(5043, 10043, 0.05),
(5044, 10044, 0.05),
(5045, 10045, 0.05),
(5046, 10046, 0.05),
(5047, 10047, 0.05),
(5048, 10048, 0.05),
(5049, 10049, 0.05)
;
INSERT INTO Orders VALUES
(1000, 100, '2021-06-19 18:20:13', 5000),
(1001, 101, '2021-04-28 19:50:18', 5001),
(1002, 102, '2019-06-18 22:56:15', 5002),
(1003, 103, '2018-08-09 12:49:18', 5003),
(1004, 104, '2021-07-07 22:31:25', 5004),
(1005, 105, '2018-10-10 08:15:02', 5005),
(1006, 106, '2018-05-29 21:10:09', 5006),
(1007, 107, '2020-10-17 17:38:08', 5007),
(1008, 108, '2019-09-30 12:18:13', 5008),
(1009, 109, '2022-03-17 07:32:50', 5009),
(1010, 110, '2022-07-12 16:10:15', 5010),
(1011, 111, '2018-06-09 07:34:04', 5011),
(1012, 112, '2019-06-10 23:39:15', 5012),
(1013, 113, '2021-08-26 06:07:44', 5013),
(1014, 114, '2020-06-02 06:16:23', 5014),
(1015, 115, '2018-01-07 19:40:32', 5015),
(1016, 116, '2022-06-28 23:56:39', 5016),
(1017, 117, '2020-04-23 13:02:04', 5017),
(1018, 118, '2020-02-13 07:12:22', 5018),
(1019, 119, '2018-12-16 03:21:16', 5019),
(1020, 120, '2020-05-03 14:29:16', 5020),
(1021, 121, '2020-01-30 07:08:21', 5021),
(1022, 122, '2018-05-28 05:49:31', 5022),
(1023, 123, '2018-02-16 02:07:53', 5023),
(1024, 124, '2019-11-28 08:58:04', 5024),
(1025, 125, '2021-06-02 00:06:34', 5025),
(1026, 126, '2018-07-31 11:06:11', 5026),
(1027, 127, '2020-11-21 17:44:21', 5027),
(1028, 128, '2019-12-12 06:43:06', 5028),
(1029, 129, '2020-11-28 20:11:46', 5029),
(1030, 130, '2021-08-13 01:15:09', 5030),
(1031, 131, '2018-07-31 17:01:46', 5031),
(1032, 132, '2019-12-08 00:56:19', 5032),
(1033, 133, '2019-10-18 04:07:04', 5033),
(1034, 134, '2022-06-28 19:08:17', 5034),
(1035, 135, '2018-08-18 17:50:46', 5035),
(1036, 136, '2020-07-06 18:39:19', 5036),
(1037, 137, '2021-04-23 05:57:50', 5037),
(1038, 138, '2021-10-18 04:13:31', 5038),
(1039, 139, '2022-04-08 04:28:26', 5039),
(1040, 140, '2020-08-09 00:20:50', 5040),
(1041, 141, '2021-08-16 20:21:47', 5041),
(1042, 142, '2019-06-30 17:16:41', 5042),
(1043, 143, '2018-09-30 18:21:20', 5043),
(1044, 144, '2020-10-12 22:10:17', 5044),
(1045, 145, '2019-01-29 15:08:52', 5045),
(1046, 146, '2019-06-10 02:02:13', 5046),
(1047, 147, '2019-06-17 09:46:55', 5047),
(1048, 148, '2018-06-22 17:05:21', 5048),
(1049, 149, '2019-12-21 20:48:50', 5049)
;
INSERT INTO OrderToDishes VALUES
(1000, 100, 4),
(1001, 101, 3),
(1002, 102, 1),
(1003, 103, 1),
(1004, 104, 1),
(1005, 105, 3),
(1006, 106, 3),
(1007, 107, 4),
(1008, 108, 5),
(1009, 109, 4),
(1010, 110, 2),
(1011, 111, 5),
(1012, 112, 5),
(1013, 113, 5),
(1014, 114, 3),
(1015, 115, 1),
(1016, 116, 2),
(1017, 117, 5),
(1018, 118, 4),
(1019, 119, 3),
(1020, 120, 5),
(1021, 121, 5),
(1022, 122, 1),
(1023, 123, 3),
(1024, 124, 5),
(1025, 125, 5),
(1026, 126, 1),
(1027, 127, 4),
(1028, 128, 3),
(1029, 129, 5),
(1030, 130, 3),
(1031, 131, 4),
(1032, 132, 2),
(1033, 133, 5),
(1034, 134, 2),
(1035, 135, 3),
(1036, 136, 2),
(1037, 137, 3),
(1038, 138, 2),
(1039, 139, 2),
(1040, 140, 1),
(1041, 141, 5),
(1042, 142, 4),
(1043, 143, 2),
(1044, 144, 2),
(1045, 145, 3),
(1046, 146, 3),
(1047, 147, 5),
(1048, 148, 4),
(1049, 149, 2)
;
