INSERT INTO Dishes VALUES
(100, 'Susan', 'dinnerware', 'bowls'),
(101, 'Susan', 'dinnerware', 'tea cup'),
(102, 'Platters', 'dinnerware', 'bowls'),
(103, 'Carafe', 'dinnerware', 'carafe'),
(104, 'Salad bowls', 'dinnerware', 'carafe'),
(105, 'Cup', 'dinnerware', 'salad bowls'),
(106, 'Carafe', 'bakeware', 'platters'),
(107, 'Cup', 'dinnerware', 'cup'),
(108, 'Susan', 'dinnerware', 'cup'),
(109, 'Tea cup', 'dinnerware', 'tea cup'),
(110, 'Salad bowls', 'dinnerware', 'tea cup'),
(111, 'Salad bowls', 'dinnerware', 'bowls'),
(112, 'Susan', 'dinnerware', 'platters'),
(113, 'Cup', 'dinnerware', 'bowls'),
(114, 'Bowls', 'bakeware', 'carafe'),
(115, 'Bowls', 'drinkware', 'tea cup'),
(116, 'Carafe', 'dinnerware', 'cup'),
(117, 'Tea cup', 'bakeware', 'bowls'),
(118, 'Tea cup', 'drinkware', 'bowls'),
(119, 'Susan', 'dinnerware', 'carafe'),
(120, 'Carafe', 'dinnerware', 'susan'),
(121, 'Salad bowls', 'dinnerware', 'platters'),
(122, 'Platters', 'dinnerware', 'salad bowls'),
(123, 'Salad bowls', 'dinnerware', 'susan'),
(124, 'Salad bowls', 'dinnerware', 'platters'),
(125, 'Tea cup', 'dinnerware', 'platters'),
(126, 'Carafe', 'dinnerware', 'salad bowls'),
(127, 'Salad bowls', 'dinnerware', 'cup'),
(128, 'Salad bowls', 'dinnerware', 'susan'),
(129, 'Bowls', 'dinnerware', 'carafe'),
(130, 'Carafe', 'dinnerware', 'carafe'),
(131, 'Cup', 'drinkware', 'salad bowls'),
(132, 'Bowls', 'dinnerware', 'bowls'),
(133, 'Bowls', 'dinnerware', 'platters'),
(134, 'Tea cup', 'dinnerware', 'bowls'),
(135, 'Cup', 'dinnerware', 'susan'),
(136, 'Bowls', 'dinnerware', 'susan'),
(137, 'Salad bowls', 'drinkware', 'tea cup'),
(138, 'Bowls', 'dinnerware', 'susan'),
(139, 'Carafe', 'dinnerware', 'bowls'),
(140, 'Salad bowls', 'bakeware', 'tea cup'),
(141, 'Carafe', 'bakeware', 'tea cup'),
(142, 'Carafe', 'dinnerware', 'susan'),
(143, 'Cup', 'dinnerware', 'cup'),
(144, 'Tea cup', 'dinnerware', 'bowls'),
(145, 'Tea cup', 'drinkware', 'bowls'),
(146, 'Bowls', 'dinnerware', 'tea cup'),
(147, 'Cup', 'dinnerware', 'susan'),
(148, 'Susan', 'dinnerware', 'susan'),
(149, 'Bowls', 'dinnerware', 'susan')
;
INSERT INTO DishPrices VALUES
(100, 23.05244),
(101, 3.78188),
(102, 22.80177),
(103, 10.41015),
(104, 12.76714),
(105, 16.70141),
(106, 23.10878),
(107, 18.25581),
(108, 7.14869),
(109, 8.77749),
(110, 18.69173),
(111, 12.76127),
(112, 22.07278),
(113, 17.53533),
(114, 15.48000),
(115, 23.14725),
(116, 4.04126),
(117, 6.39954),
(118, 23.80829),
(119, 9.66270),
(120, 13.82751),
(121, 17.10279),
(122, 8.08875),
(123, 23.69925),
(124, 20.05873),
(125, 6.07281),
(126, 23.16330),
(127, 14.00960),
(128, 21.87515),
(129, 13.41083),
(130, 14.90991),
(131, 24.56717),
(132, 11.78241),
(133, 14.64397),
(134, 20.05926),
(135, 4.45337),
(136, 4.82012),
(137, 18.37794),
(138, 6.24105),
(139, 10.96268),
(140, 17.27357),
(141, 15.79862),
(142, 18.83359),
(143, 15.13813),
(144, 8.79846),
(145, 10.73653),
(146, 20.83427),
(147, 13.69067),
(148, 5.76294),
(149, 8.08247)
;
INSERT INTO DishCounts VALUES
(100, 478),
(101, 470),
(102, 206),
(103, 148),
(104, 434),
(105, 479),
(106, 439),
(107, 491),
(108, 451),
(109, 476),
(110, 257),
(111, 201),
(112, 489),
(113, 220),
(114, 429),
(115, 393),
(116, 205),
(117, 226),
(118, 204),
(119, 293),
(120, 404),
(121, 228),
(122, 273),
(123, 401),
(124, 434),
(125, 288),
(126, 222),
(127, 476),
(128, 331),
(129, 111),
(130, 411),
(131, 136),
(132, 294),
(133, 430),
(134, 402),
(135, 141),
(136, 230),
(137, 125),
(138, 301),
(139, 486),
(140, 361),
(141, 249),
(142, 453),
(143, 426),
(144, 470),
(145, 321),
(146, 108),
(147, 216),
(148, 108),
(149, 128)
;
INSERT INTO Descriptions VALUES
(100, 'USA', '2019-01-23 10:04:10', 2458.41233),
(101, 'China', '2019-07-13 00:19:44', 3722.42053),
(102, 'Germany', '2018-08-24 12:13:27', 1047.69559),
(103, 'Germany', '2018-08-18 21:06:32', 2495.94783),
(104, 'China', '2018-10-05 07:07:06', 4074.05915),
(105, 'USA', '2018-08-03 15:52:05', 1908.65093),
(106, 'China', '2018-03-07 03:01:51', 4020.47098),
(107, 'Ukraine', '2017-11-07 16:26:35', 2649.47758),
(108, 'USA', '2020-08-04 05:02:35', 3888.53081),
(109, 'Germany', '2018-09-23 19:00:07', 2399.61467),
(110, 'China', '2017-09-23 03:18:54', 845.47198),
(111, 'Germany', '2017-08-27 05:46:02', 2628.94125),
(112, 'USA', '2019-04-11 13:29:45', 1314.92579),
(113, 'Germany', '2017-06-03 06:48:59', 1347.11287),
(114, 'China', '2017-03-12 05:30:57', 3228.96893),
(115, 'China', '2017-08-15 10:08:34', 4955.11958),
(116, 'Germany', '2020-11-19 16:15:05', 3710.96834),
(117, 'USA', '2020-06-30 02:24:17', 2524.46444),
(118, 'USA', '2018-07-20 10:02:01', 3799.04386),
(119, 'China', '2019-12-30 09:37:50', 1453.57540),
(120, 'China', '2019-06-19 07:43:54', 3398.09909),
(121, 'China', '2017-12-08 06:22:20', 311.89583),
(122, 'China', '2018-08-03 02:45:41', 1343.36075),
(123, 'China', '2019-05-14 23:18:30', 401.65218),
(124, 'Germany', '2017-07-07 02:44:43', 2256.65045),
(125, 'Germany', '2019-10-12 13:49:01', 1796.07263),
(126, 'China', '2019-11-09 17:11:11', 1842.64515),
(127, 'Ukraine', '2017-04-30 03:58:33', 1477.67781),
(128, 'Germany', '2018-05-18 15:50:00', 3775.37631),
(129, 'Germany', '2019-03-02 09:52:55', 480.03219),
(130, 'USA', '2017-09-04 22:07:05', 2613.24700),
(131, 'Germany', '2020-10-28 02:25:03', 3574.38252),
(132, 'China', '2020-12-06 11:24:08', 1898.04706),
(133, 'China', '2018-01-22 05:45:26', 2472.59645),
(134, 'USA', '2020-06-27 20:21:38', 2446.51110),
(135, 'Germany', '2019-04-29 03:21:15', 530.59080),
(136, 'Germany', '2018-07-10 17:38:04', 1406.65268),
(137, 'USA', '2019-09-26 20:58:26', 4508.79296),
(138, 'Germany', '2017-02-05 14:44:49', 3208.69981),
(139, 'Ukraine', '2020-05-28 01:40:30', 1157.67287),
(140, 'USA', '2017-10-07 11:20:54', 3146.33476),
(141, 'China', '2019-12-16 20:23:23', 3067.84551),
(142, 'Ukraine', '2020-07-13 03:52:22', 4218.93742),
(143, 'USA', '2018-12-03 18:45:52', 2255.89669),
(144, 'USA', '2019-05-19 00:43:18', 3496.12458),
(145, 'Germany', '2020-03-12 11:27:43', 2544.01907),
(146, 'USA', '2020-09-29 08:27:17', 3147.38543),
(147, 'Germany', '2017-12-18 08:47:52', 447.57119),
(148, 'USA', '2019-05-28 03:50:09', 4823.49481),
(149, 'Ukraine', '2018-02-03 00:05:45', 3828.75989)
;
INSERT INTO DishMaterials VALUES
(100, 'earthenware'),
(101, 'bone china'),
(102, 'earthenware'),
(103, 'melamine'),
(104, 'porcelain'),
(105, 'bone china'),
(106, 'earthenware'),
(107, 'porcelain'),
(108, 'stoneware'),
(109, 'melamine'),
(110, 'melamine'),
(111, 'bone china'),
(112, 'porcelain'),
(113, 'porcelain'),
(114, 'earthenware'),
(115, 'bone china'),
(116, 'earthenware'),
(117, 'earthenware'),
(118, 'melamine'),
(119, 'melamine'),
(120, 'porcelain'),
(121, 'porcelain'),
(122, 'porcelain'),
(123, 'bone china'),
(124, 'melamine'),
(125, 'melamine'),
(126, 'porcelain'),
(127, 'earthenware'),
(128, 'earthenware'),
(129, 'melamine'),
(130, 'bone china'),
(131, 'bone china'),
(132, 'porcelain'),
(133, 'bone china'),
(134, 'stoneware'),
(135, 'bone china'),
(136, 'bone china'),
(137, 'bone china'),
(138, 'stoneware'),
(139, 'melamine'),
(140, 'earthenware'),
(141, 'porcelain'),
(142, 'bone china'),
(143, 'earthenware'),
(144, 'porcelain'),
(145, 'bone china'),
(146, 'porcelain'),
(147, 'stoneware'),
(148, 'bone china'),
(149, 'porcelain')
;
INSERT INTO Employees VALUES
(100, 'Lamont Moody', 'zxZaxEdVMGGoOgA@gmail.com', '3c4912ed945a0db1fb39df2face8fe0df2cdf5c07d383dbeb5f5ddb5631ea549', 47, '453-844-0653', '2018-07-03 22:50:09', 10000.0),
(101, 'Thomas Ivy', 'rSUWlrZGwcXcjgcmZ@gmail.com', '90846de090637eed52d2cd8009504d25d220508c0b295e965a1d6878e612fa38', 37, '266-725-3174', '2019-11-25 14:52:16', 10000.0),
(102, 'Lois Harris', 'eqDYZXEJnOC@gmail.com', 'af6965fab58782ce5f675133e830b0a742b0b08b1d5ef13ee4ce325196c69447', 41, '275-015-4063', '2019-08-26 12:42:28', 10000.0),
(103, 'Mildred Sanders', 'jutZgmLLODvXEv@gmail.com', 'b6723b4345fed7749e73943018792172d6df046ef7228b5cbc8a0496d0734250', 20, '957-378-3438', '2019-08-02 08:16:27', 10000.0),
(104, 'Jennifer Mays', 'dgvVNmWSLAHnFcFX@gmail.com', '6d8e0df089e6ef07754ebedf9aa9a3163c43c03a982f32bc75d80ebf75407602', 31, '210-342-4304', '2018-07-18 00:32:06', 10000.0),
(105, 'Sally Beekman', 'ABqKcEjhDwHfADQmLm@gmail.com', 'db154fe7ab2a956727725beeecf5b1323952f72b840f3363844b14f7d54cd9b6', 35, '366-262-8519', '2018-08-13 01:33:13', 10000.0),
(106, 'Joyce Allen', 'PryfzOHOuvrYop@gmail.com', '04d062a172d657ac41a23b0824d639c518f7bd937ab798f283066155a6fc17de', 25, '861-074-0361', '2019-08-24 06:34:12', 10000.0),
(107, 'Gretchen Whitney', 'UXhtPnJwXGwXPvv@gmail.com', '2cf04d3d6b3f407f0e6839cd09cb9161cbc32465457e58a06431229021218a4b', 22, '132-747-2785', '2019-08-16 20:56:33', 10000.0),
(108, 'James Renwick', 'EiPgkXRzKulzhGGLcU@gmail.com', '30d2ebc02f3341e63b2054da6e853680b47ae2c2570c11e78a53dcc6fe2700e2', 35, '768-638-3214', '2018-08-22 12:33:02', 10000.0),
(109, 'Carolyn Pickett', 'mXZpsvDVpRtNUoyJjUbk@gmail.com', '05798f218432d4c121a1d1953cbca5848ca6a4be091bc3cb268846be55d6d26f', 39, '160-603-3527', '2018-12-21 15:13:01', 10000.0),
(110, 'Boris Bell', 'QKzPCecoOg@gmail.com', 'cd193defe2faf17c4de267acbd17ecad8cd3d52a55956fea956398ff4e2f9e67', 49, '823-301-4565', '2019-06-18 13:02:49', 10000.0),
(111, 'Edward Carr', 'cjVDibrvcPpoGSRslelB@gmail.com', '161a020eccb5fb23bf9cc0ca597850851a8db04afda0a715d9d9759a4493c815', 35, '544-146-1609', '2018-01-13 23:45:23', 10000.0),
(112, 'Travis Lewis', 'pMGAarakgAUtBuLjnZBe@gmail.com', '08f935d66fc01b699dcbefabccae9fbdcd168f5e396812765d1ce71a7b47684e', 25, '443-149-0463', '2019-05-29 11:38:40', 10000.0),
(113, 'Kenneth Karle', 'PyoanaQgOOfzfUIa@gmail.com', '13af94ba6c4d2bbed8533bd4a2879a54351a989bca0f2cbfcacea5fd9488e3e6', 29, '507-047-7253', '2019-01-13 17:39:33', 10000.0),
(114, 'Alica Smith', 'yWSCplUEtEXaZyKUL@gmail.com', '8f99ae690dc08289b7db9db5afdef70384d84ffefd9f6d467b8dd164a596eb35', 33, '275-288-1196', '2019-05-04 07:45:45', 10000.0),
(115, 'Gayla Arguellez', 'fKFpwQuwMNYPJzDgs@gmail.com', 'b329eccfb5c6f929d1106674458602cb72f97b8805879e4f45d4feba043b0edc', 22, '851-167-6473', '2018-07-17 08:10:00', 10000.0),
(116, 'Jose Burse', 'rnSjpSouFcXC@gmail.com', 'adcd37c4352ee4209f0186f3aacd8620c078d826b31089193cff65bde4a33e21', 40, '662-783-5186', '2019-02-11 15:15:16', 10000.0),
(117, 'Thomas Shorr', 'lCGflthdWmiRm@gmail.com', '26409353be7709996952199af8006ad5afcd653a585e1002e0a25ce3ce8668ef', 23, '105-467-7481', '2019-08-31 01:02:22', 10000.0),
(118, 'Deborah Lively', 'maAaxfBWViiLLUA@gmail.com', 'f4d4044ba83f2efa8a5dd33b759278f5b308a4062c2f7c1ab9758cb288f6c661', 50, '819-838-5457', '2018-04-12 23:47:47', 10000.0),
(119, 'Cheri Daniels', 'cwYdEytRAJxsn@gmail.com', '033cbdd48538ef1f434d302d6464389409cb2e29ae1a6143ad60068e439953da', 37, '847-285-6489', '2018-09-06 11:20:54', 10000.0),
(120, 'Willard Weems', 'ejZfPIhmwSKenEoOVNX@gmail.com', '64a113b7628ed590aa7ab131e9409014a247797a4ee9691bd594de68aa3bf43d', 33, '353-707-8335', '2019-09-15 04:51:16', 10000.0),
(121, 'Jack Dorazio', 'mysnSodyAMIKUEyR@gmail.com', '6b58b95c52a3ee556c54a2164c46570e2eadc84d4acd969cfe69df736ba376da', 45, '749-018-3519', '2018-11-29 10:54:07', 10000.0),
(122, 'Christopher Thomson', 'fLdllATbduF@gmail.com', 'e1640efe064e163d3e3805df120fa81edcda847dfb6481aa04d326d671a6e7fd', 35, '807-072-1591', '2019-02-09 11:34:46', 10000.0),
(123, 'Herbert Mcallister', 'AIsfgmoqGBvHMGuBJwVB@gmail.com', 'e98a41a96fbac0ad575a8d288f0780b597f4bc3b7ddfcdd2cad162f9bbae04de', 42, '237-716-7375', '2019-11-18 06:57:53', 10000.0),
(124, 'Penelope Bowen', 'oigXoTlaEdzcT@gmail.com', 'dde40bc20971dfd4b5e155b4d8818d602e42d65007718a2f5a93b663dc28da85', 42, '460-196-3878', '2019-04-14 11:36:09', 10000.0),
(125, 'William Buckley', 'pEvryrnWrCF@gmail.com', 'a4ea8915c806128a8640bdf68d154a0fecd0867b3c4c8df322ad3f7f7fb0c09c', 29, '343-660-2189', '2018-02-15 15:34:29', 10000.0),
(126, 'Travis Hall', 'jArKfjfPiHpbVMu@gmail.com', '537774e3555281ac7e7a835484a3cfb583f5df307c346508d5daf53f9cd29533', 42, '345-245-4378', '2019-10-15 22:18:20', 10000.0),
(127, 'Gail Garner', 'fbqTLEpuphKjrb@gmail.com', 'f7f326224430d9ca4314eb89a892931bb7724185b027d483f4120fea2a09d9b7', 28, '849-374-8453', '2019-05-27 16:51:43', 10000.0),
(128, 'Jewell Guerrier', 'UZGuwjPgXEIiEU@gmail.com', 'd0c7de3b80abdbbfefa3df429fa62e3366cbc6d272b4ce4f23a31231c40b3b17', 32, '263-089-6419', '2019-06-17 12:11:24', 10000.0),
(129, 'Violeta Barnwell', 'bgJKbjiAcgCvMizvBX@gmail.com', '47c05e69972a22aef092b6605327c651874526e9a00eb754008b169b76496a46', 32, '429-562-2586', '2018-12-03 14:42:04', 10000.0),
(130, 'Robin Stolz', 'eGjgCuxCeNJDjFRuEXcs@gmail.com', '2409623977490e895bac2a62a8c7e118e42c2f606df32ade625190c4f4eb13ce', 37, '225-117-4399', '2018-01-17 04:48:36', 10000.0),
(131, 'Jerry Pierce', 'GyvAejNWYHTxsuve@gmail.com', '5a96387d8ce07e1f6a7dbb4004345ab9cfe797d01823453cb64e5834b5b572f1', 22, '184-247-2524', '2019-12-07 20:09:31', 10000.0),
(132, 'Julie Bailey', 'uzXgIbTYuMtmyoZtHGR@gmail.com', 'e2f96e57fc5923a869bb253b5d0b13b27e2228360790ea357377a2c3d1557ca6', 35, '397-111-5732', '2019-11-08 08:53:09', 10000.0),
(133, 'Christopher Thompson', 'uEApixwZkCtniZZq@gmail.com', '3077b1210e5ba2c63628396ade902ef4e694ae9a68756eb4744f9f8eaffe232a', 30, '778-767-5272', '2019-11-26 20:11:50', 10000.0),
(134, 'Valerie Curry', 'nkuYYYIvLJnmUUf@gmail.com', '23de75b36f4ff17275b01cefd59ff02cf9276bbfa713cab846172677334ce780', 49, '795-198-3775', '2018-11-03 02:32:48', 10000.0),
(135, 'Samantha Kelly', 'qhlddDJgTRhh@gmail.com', 'a8ae18c36947c2ac5ba1932e15c6d5663eba5fbc8a66a66e24f7fb66201a7d9c', 48, '920-785-4741', '2019-09-26 05:17:43', 10000.0),
(136, 'Elijah Harris', 'haRKRMSVLCxOwheIZtKS@gmail.com', '22c2e18c2fb5eeed85c1363f85c547906f737e5576121e4fbc0b668b97aaf42b', 30, '717-535-8908', '2018-01-24 05:28:59', 10000.0),
(137, 'James Goldbach', 'NCeGyBkKFHgrRj@gmail.com', '5af5c758c0a2ee6f323a72b9817901cd53bf0cabe947b231744dd79a3910a46c', 43, '837-874-9880', '2019-03-31 12:15:33', 10000.0),
(138, 'James Sparks', 'aPKXSBbeMMjdWXLvEh@gmail.com', 'cc7a65d0439bbc235af2cf8028343f41763309450c53b4f1292541daf4ca8ab0', 24, '386-257-8294', '2018-11-08 21:06:00', 10000.0),
(139, 'Juan Alamilla', 'sDhjxTznyll@gmail.com', '2d5bc99e468791f32e1f7d0c46277092d651d4358ed7b5f9b90c5d3612a138cb', 50, '609-322-3681', '2019-05-13 20:52:44', 10000.0),
(140, 'Ryan Cole', 'baggDfTVfTuSMsl@gmail.com', '5eccf987b58775c7692c8917e2685bbd339bd7a078b2dee6b8f24e7da2d0daf7', 25, '161-621-3042', '2019-10-25 13:08:27', 10000.0),
(141, 'Duncan Lynch', 'ZqoFAzvenemIDWLnuTys@gmail.com', '10bc62b270b4d68e485eb3e0bfd81790af0ec8b27a400ed88b0cf1b6e03a9a01', 44, '699-764-7610', '2019-01-18 04:15:57', 10000.0),
(142, 'Cory Segura', 'iYtdnaiFgTKqrwdTA@gmail.com', 'b7c58cefc2d40955317766dac9621eb4f6ba046d75080ad544c66ebded95cf2e', 48, '931-503-3183', '2018-08-06 01:11:27', 10000.0),
(143, 'Arthur Dickerson', 'hQWsaDHEXQmmnMtcHOjY@gmail.com', '511167f6718778d720a40cb5dab21488d563d7f22685697e411cc418055ecb00', 45, '882-202-3899', '2019-11-02 17:10:26', 10000.0),
(144, 'Robert Clark', 'JsuIZOyzehy@gmail.com', 'd66f0760565e08e9faddbd4a4a59c67bbaee8fc4222df534e2ddf2d6cbae9b5a', 25, '721-512-2656', '2018-11-22 16:38:47', 10000.0),
(145, 'Alicia Powell', 'ALFnWHhnhZuqWMpzvXZ@gmail.com', '14e8596f1eb76c0db49b2ac1d90ecf38710477af1d30291dca5cbc86d25d5483', 39, '943-318-3418', '2019-09-02 16:04:49', 10000.0),
(146, 'Curtis Ferguson', 'GUlIfbqmUDWSUc@gmail.com', 'de2d79b59a6716c9e599e45002bffca03c3b7c73bc6296b412e3fb4079085967', 27, '872-541-4209', '2018-09-19 16:24:18', 10000.0),
(147, 'Lisa Peterson', 'ZhtPAJtELJr@gmail.com', '08b05a31dbbc23a5bf1c6f1393b5bc9be78d9a438e9fb47116574edf156de733', 30, '649-523-0145', '2018-10-23 15:51:00', 10000.0),
(148, 'Christopher Saito', 'zhtfJNCydkyqrTLyPyj@gmail.com', '65ece72e85232fecadbce1574a6248a1c6365ad7862fdf87d1285187d8af6df3', 48, '239-540-3187', '2019-05-10 05:30:13', 10000.0),
(149, 'Yolanda Wilcox', 'vyUVPkSwEu@gmail.com', '034e69dc45252dca227e2b910f0dbb2c42e510fbaab6d74e28cb027adcdd8b84', 21, '980-833-7567', '2019-03-23 10:19:29', 10000.0)
;
INSERT INTO Customers VALUES
(10000, 'Dorthy Jimenez', 'ANinPtqbueZ@gmail.com', '585-348-8458'),
(10001, 'Shawn Ferraro', 'aQzvhdXmDiEfLfgw@gmail.com', '221-683-9914'),
(10002, 'Dixie Goeller', 'rwAORfcQTGLylprcrGs@gmail.com', '673-407-9816'),
(10003, 'Maria Pietrafesa', 'XuvvBONxJrSXBwm@gmail.com', '879-741-4643'),
(10004, 'Frank Dunn', 'FPysovBAcb@gmail.com', '723-757-9666'),
(10005, 'Renee Houston', 'EGSCsLPVySk@gmail.com', '788-575-3177'),
(10006, 'Gladys Robinson', 'NrVwJzMhenqWigs@gmail.com', '122-672-7064'),
(10007, 'Christopher Block', 'LULEDhbQELcYOqlJz@gmail.com', '789-639-3457'),
(10008, 'Shirley Poston', 'PxHkvlEMcqGHwtsWRzk@gmail.com', '203-696-9617'),
(10009, 'Cindy Ramey', 'wzfwHnwGZqYRiigsTYD@gmail.com', '728-322-0564'),
(10010, 'Patrick Baxley', 'hddZefWXYdcpGJZee@gmail.com', '650-858-6862'),
(10011, 'Janet Whatley', 'OMAzXdyAOkeXyMfzo@gmail.com', '357-785-3416'),
(10012, 'Joan Dejesus', 'wlifuorzLx@gmail.com', '692-680-2696'),
(10013, 'Jacquline Ward', 'waoGknEXjvZRA@gmail.com', '610-218-0222'),
(10014, 'Darryl Carter', 'qXtLpqKVDJ@gmail.com', '418-584-2746'),
(10015, 'Pamela Orzechowski', 'kPjJtrHcirUe@gmail.com', '379-039-2699'),
(10016, 'Rhonda Laird', 'aOoNItxpFuUDzW@gmail.com', '622-735-5709'),
(10017, 'Frank Norton', 'vEisLCzBNXjyEZknnw@gmail.com', '228-185-7452'),
(10018, 'Josue Kincaid', 'FUhgtKaafNzl@gmail.com', '445-526-4224'),
(10019, 'Theodore Law', 'QewOBJTZnmNQZZiLVik@gmail.com', '546-577-1439'),
(10020, 'Michele Bruner', 'qTrCwPjXljeRUosnOk@gmail.com', '353-081-3130'),
(10021, 'Nina North', 'AVRBZUczcdRJTPmBYjBb@gmail.com', '773-126-3481'),
(10022, 'Paula Coco', 'YxmjYpnrGJilMaWjf@gmail.com', '854-183-2221'),
(10023, 'Chester Jackson', 'UAVNrQnClf@gmail.com', '466-686-7693'),
(10024, 'Arlene Wetzel', 'WUNmWZAOzpGMIFKv@gmail.com', '108-869-5889'),
(10025, 'Danny Warner', 'zAVGNXRFHfIWltj@gmail.com', '944-208-0849'),
(10026, 'Eunice Ullmann', 'ZqqsGzsqhFXrD@gmail.com', '545-777-9207'),
(10027, 'Lisa Woolard', 'kXGRdPUbdErsnfdae@gmail.com', '677-051-2989'),
(10028, 'Larae Graham', 'DtBmrmseZk@gmail.com', '711-589-9078'),
(10029, 'Marianne Klein', 'GIHRFnRYwuRvSZoosgh@gmail.com', '965-167-7693'),
(10030, 'Michael Gale', 'SdWGhKGLOGF@gmail.com', '542-097-9954'),
(10031, 'Joyce Raines', 'UZWodhLzUxmkyIPEkysS@gmail.com', '574-672-1220'),
(10032, 'Harry Farrell', 'EUyFvjDtLmdXvnq@gmail.com', '742-814-0038'),
(10033, 'Michael Smith', 'MDUdZeqeuiL@gmail.com', '887-403-2368'),
(10034, 'Earl Savage', 'VDSrFsvPdEgSYFoxY@gmail.com', '530-695-1134'),
(10035, 'Heidi Donovan', 'fjtgZCkMlDEcCyrUrCyq@gmail.com', '859-502-5224'),
(10036, 'Stacey Boyd', 'dKykHSIVrLLcc@gmail.com', '432-359-8554'),
(10037, 'Evelyn Coleman', 'lgSBKkaPmckH@gmail.com', '254-594-9727'),
(10038, 'Sandra Hultgren', 'umdSyGVausVHXDFYrqyV@gmail.com', '593-007-2044'),
(10039, 'Augustine Nelson', 'fbWoNUMJcQBWTVmcJs@gmail.com', '526-311-2248'),
(10040, 'Kurtis Fulton', 'fAAcJYYVMrQqrCbfKv@gmail.com', '304-668-0795'),
(10041, 'Brian Robinson', 'xFMfAjMnoJM@gmail.com', '876-197-4157'),
(10042, 'Janette Ponds', 'uINKEFaajWku@gmail.com', '992-809-4364'),
(10043, 'Felipe Aquino', 'PBpKHHFyakzHRMqr@gmail.com', '549-133-1681'),
(10044, 'Priscilla Nelson', 'sDUpVvxcxddh@gmail.com', '739-708-2073'),
(10045, 'Carol Morales', 'XFrvnmXJBUXbtlgHKHQ@gmail.com', '708-249-4348'),
(10046, 'Richard Phillips', 'KeBgydPgPIXyxrLU@gmail.com', '907-853-0579'),
(10047, 'Carol Mcentyre', 'fNUCfmhOacoZnkT@gmail.com', '279-883-9942'),
(10048, 'Ingrid Baumgartner', 'bJHXZnuyRqVIqMDnAV@gmail.com', '685-550-3116'),
(10049, 'Tressa Hains', 'YFButOrOxdg@gmail.com', '828-401-2212')
;
INSERT INTO DiscountCards VALUES
(5000, 10000, 0.05),
(5001, 10001, 0.05),
(5002, 10002, 0.05),
(5003, 10003, 0.05),
(5004, 10004, 0.05),
(5005, 10005, 0.05),
(5006, 10006, 0.05),
(5007, 10007, 0.05),
(5008, 10008, 0.05),
(5009, 10009, 0.05),
(5010, 10010, 0.05),
(5011, 10011, 0.05),
(5012, 10012, 0.05),
(5013, 10013, 0.05),
(5014, 10014, 0.05),
(5015, 10015, 0.05),
(5016, 10016, 0.05),
(5017, 10017, 0.05),
(5018, 10018, 0.05),
(5019, 10019, 0.05),
(5020, 10020, 0.05),
(5021, 10021, 0.05),
(5022, 10022, 0.05),
(5023, 10023, 0.05),
(5024, 10024, 0.05),
(5025, 10025, 0.05),
(5026, 10026, 0.05),
(5027, 10027, 0.05),
(5028, 10028, 0.05),
(5029, 10029, 0.05),
(5030, 10030, 0.05),
(5031, 10031, 0.05),
(5032, 10032, 0.05),
(5033, 10033, 0.05),
(5034, 10034, 0.05),
(5035, 10035, 0.05),
(5036, 10036, 0.05),
(5037, 10037, 0.05),
(5038, 10038, 0.05),
(5039, 10039, 0.05),
(5040, 10040, 0.05),
(5041, 10041, 0.05),
(5042, 10042, 0.05),
(5043, 10043, 0.05),
(5044, 10044, 0.05),
(5045, 10045, 0.05),
(5046, 10046, 0.05),
(5047, 10047, 0.05),
(5048, 10048, 0.05),
(5049, 10049, 0.05)
;
INSERT INTO Orders VALUES
(1000, 100, '2020-04-11 08:12:33', 5000),
(1001, 101, '2018-09-28 03:59:11', 5001),
(1002, 102, '2019-03-28 05:54:18', 5002),
(1003, 103, '2018-02-11 10:01:11', 5003),
(1004, 104, '2019-12-28 01:27:48', 5004),
(1005, 105, '2018-07-27 06:09:34', 5005),
(1006, 106, '2020-11-17 17:47:18', 5006),
(1007, 107, '2019-03-22 16:19:51', 5007),
(1008, 108, '2018-05-04 01:32:48', 5008),
(1009, 109, '2019-03-01 13:40:37', 5009),
(1010, 110, '2020-12-22 14:27:37', 5010),
(1011, 111, '2020-12-19 22:56:04', 5011),
(1012, 112, '2019-05-23 17:44:20', 5012),
(1013, 113, '2019-12-25 08:20:47', 5013),
(1014, 114, '2022-02-14 18:09:52', 5014),
(1015, 115, '2018-02-01 17:48:52', 5015),
(1016, 116, '2018-12-20 23:43:17', 5016),
(1017, 117, '2019-02-11 11:28:07', 5017),
(1018, 118, '2021-12-06 05:38:14', 5018),
(1019, 119, '2019-01-24 15:58:55', 5019),
(1020, 120, '2022-06-10 04:10:49', 5020),
(1021, 121, '2018-09-02 17:14:03', 5021),
(1022, 122, '2021-03-04 02:58:02', 5022),
(1023, 123, '2019-12-19 17:50:07', 5023),
(1024, 124, '2019-05-28 16:23:25', 5024),
(1025, 125, '2021-07-04 13:47:56', 5025),
(1026, 126, '2021-05-13 11:18:33', 5026),
(1027, 127, '2019-11-16 01:12:40', 5027),
(1028, 128, '2021-11-22 10:52:41', 5028),
(1029, 129, '2021-06-16 07:40:58', 5029),
(1030, 130, '2019-01-15 14:22:45', 5030),
(1031, 131, '2021-04-30 20:53:42', 5031),
(1032, 132, '2019-03-14 22:50:59', 5032),
(1033, 133, '2021-07-23 12:33:23', 5033),
(1034, 134, '2021-04-07 07:12:12', 5034),
(1035, 135, '2020-08-20 08:55:01', 5035),
(1036, 136, '2022-06-17 23:15:12', 5036),
(1037, 137, '2021-11-17 08:35:29', 5037),
(1038, 138, '2019-08-23 20:41:30', 5038),
(1039, 139, '2018-06-27 15:41:42', 5039),
(1040, 140, '2022-06-27 10:12:06', 5040),
(1041, 141, '2019-02-23 12:58:07', 5041),
(1042, 142, '2018-12-01 15:22:43', 5042),
(1043, 143, '2021-03-15 20:28:33', 5043),
(1044, 144, '2022-02-14 01:37:32', 5044),
(1045, 145, '2018-11-11 16:33:58', 5045),
(1046, 146, '2018-04-13 06:00:55', 5046),
(1047, 147, '2019-12-30 03:13:01', 5047),
(1048, 148, '2021-06-11 00:40:18', 5048),
(1049, 149, '2020-09-28 01:57:39', 5049)
;
INSERT INTO OrderToDishes VALUES
(1000, 100, 3),
(1001, 101, 3),
(1002, 102, 3),
(1003, 103, 3),
(1004, 104, 4),
(1005, 105, 1),
(1006, 106, 2),
(1007, 107, 2),
(1008, 108, 1),
(1009, 109, 1),
(1010, 110, 2),
(1011, 111, 3),
(1012, 112, 1),
(1013, 113, 5),
(1014, 114, 5),
(1015, 115, 5),
(1016, 116, 4),
(1017, 117, 5),
(1018, 118, 4),
(1019, 119, 4),
(1020, 120, 5),
(1021, 121, 2),
(1022, 122, 2),
(1023, 123, 4),
(1024, 124, 2),
(1025, 125, 4),
(1026, 126, 4),
(1027, 127, 5),
(1028, 128, 2),
(1029, 129, 1),
(1030, 130, 2),
(1031, 131, 4),
(1032, 132, 2),
(1033, 133, 4),
(1034, 134, 2),
(1035, 135, 5),
(1036, 136, 4),
(1037, 137, 5),
(1038, 138, 4),
(1039, 139, 5),
(1040, 140, 2),
(1041, 141, 2),
(1042, 142, 5),
(1043, 143, 2),
(1044, 144, 4),
(1045, 145, 1),
(1046, 146, 4),
(1047, 147, 4),
(1048, 148, 5),
(1049, 149, 3)
;
