-- phpMyAdmin SQL Dump
-- version 4.6.6deb4
-- https://www.phpmyadmin.net/
--
-- Host: localhost:3306
-- Generation Time: Aug 14, 2019 at 01:59 PM
-- Server version: 5.6.44
-- PHP Version: 7.3.5-1+0~20190503093827.38+stretch~1.gbp60a41b

SET SQL_MODE = "NO_AUTO_VALUE_ON_ZERO";
SET time_zone = "+00:00";


/*!40101 SET @OLD_CHARACTER_SET_CLIENT=@@CHARACTER_SET_CLIENT */;
/*!40101 SET @OLD_CHARACTER_SET_RESULTS=@@CHARACTER_SET_RESULTS */;
/*!40101 SET @OLD_COLLATION_CONNECTION=@@COLLATION_CONNECTION */;
/*!40101 SET NAMES utf8mb4 */;

--
-- Database: `peveestp20191`
--

-- --------------------------------------------------------

--
-- Table structure for table `Actividades`
--

CREATE TABLE `Actividades` (
  `idActividad` int(11) NOT NULL,
  `idDirectiva` int(11) NOT NULL,
  `Nombre` varchar(40) DEFAULT NULL,
  `Fecha` date DEFAULT NULL,
  `ObjetivoActividad` varchar(400) DEFAULT NULL
) ENGINE=InnoDB DEFAULT CHARSET=latin1;

--
-- Dumping data for table `Actividades`
--

INSERT INTO `Actividades` (`idActividad`, `idDirectiva`, `Nombre`, `Fecha`, `ObjetivoActividad`) VALUES
(123, 43, 'Día del Deporte', '2019-04-10', 'Se celebra el día de la actividad física'),
(125, 43, 'Día saludable', '2019-06-04', 'Se promoverá la alimentación saludable dentro del campus Concepción'),
(126, 42, 'Aniversario N°2', '2019-06-07', 'Conmemoración dos años de la agrupación'),
(127, 44, 'Día de la familia', '2019-07-05', 'Conmemoración a la familia'),
(128, 42, 'Día del Chicle', '2019-07-20', 'Día de celebración donde los alumnos se reúnen en función del chicle'),
(129, 41, 'Entrega de títulos', '2019-07-02', 'Entrega de titulos de los alumnos');

-- --------------------------------------------------------

--
-- Table structure for table `Administradores`
--

CREATE TABLE `Administradores` (
  `idAdmin` int(11) NOT NULL,
  `idTipoAdmin` int(11) NOT NULL,
  `nombre` varchar(50) DEFAULT NULL,
  `cargo` varchar(50) DEFAULT NULL
) ENGINE=InnoDB DEFAULT CHARSET=latin1;

--
-- Dumping data for table `Administradores`
--

INSERT INTO `Administradores` (`idAdmin`, `idTipoAdmin`, `nombre`, `cargo`) VALUES
(701, 85, 'Carlos Aguilera', 'Financiamiento'),
(702, 85, 'Amelia', 'Fuentes');

-- --------------------------------------------------------

--
-- Table structure for table `Agrupacion`
--

CREATE TABLE `Agrupacion` (
  `idAgrupacion` int(11) NOT NULL,
  `idEstadoA` int(11) NOT NULL,
  `idDirectiva` int(11) NOT NULL,
  `NombreAgrupacion` varchar(49) NOT NULL,
  `Descripcion` varchar(150) NOT NULL,
  `ObjetivoAgrupacion` varchar(1000) NOT NULL,
  `deleted_at` timestamp NULL DEFAULT NULL,
  `created_at` timestamp NOT NULL DEFAULT CURRENT_TIMESTAMP,
  `updated_at` timestamp NULL DEFAULT CURRENT_TIMESTAMP,
  `idTiempo` int(11) NOT NULL
) ENGINE=InnoDB DEFAULT CHARSET=latin1;

--
-- Dumping data for table `Agrupacion`
--

INSERT INTO `Agrupacion` (`idAgrupacion`, `idEstadoA`, `idDirectiva`, `NombreAgrupacion`, `Descripcion`, `ObjetivoAgrupacion`, `deleted_at`, `created_at`, `updated_at`, `idTiempo`) VALUES
(10002, 33, 43, 'AjedrezUBB', 'Asociación de estudiantes Ajedrez', 'Asociación de estudiantes Ajedrez para los estudiantes de la Universidad del Bio Bio', NULL, '2019-08-12 13:15:14', NULL, 1),
(10003, 34, 42, 'Mapau', 'Agrupación  de madres y padres de la universidad', 'Organización donde se reunen los alumnos que tienen el rol de mamá o papá dentro de la universidad del Bio Bio.', NULL, '2019-08-12 18:39:36', NULL, 1),
(10075, 34, 42, 'asdasdaZXDVFDCV', 'ASZDCSGVFDGCFFHNGJHGJNGH', 'DGFDFHBGASKDNASNIAJUNXJSNJXNASJHZXCJHBSDVCDVFB', NULL, '2019-08-02 00:10:05', '2019-08-14 00:10:05', 6),
(10076, 34, 42, 'Agrupacion de cualquier cosa', 'Esta agrupacion es de cualquer cosa', 'qqwwddokmokdm lkmdlkmckm  lmdskmk slkm 11111', '2019-08-14 07:03:56', '2019-08-14 02:35:33', '2019-08-14 02:35:33', 1),
(10077, 34, 42, 'no se no se no se chao', '1holaholaholaholaholaholaholaholaoh', 'Quiero dormir :( porqueee :C', '2019-08-14 07:41:15', '2019-08-14 03:40:34', '2019-08-14 03:40:34', 6);

-- --------------------------------------------------------

--
-- Table structure for table `Alumno`
--

CREATE TABLE `Alumno` (
  `idAlumno` int(11) NOT NULL,
  `rutAlumno` int(11) NOT NULL,
  `idEstado` int(11) DEFAULT NULL,
  `Nombre` varchar(50) DEFAULT NULL,
  `ApellidoPaterno` varchar(50) DEFAULT NULL,
  `ApellidoMaterno` varchar(50) DEFAULT NULL,
  `Email` varchar(50) DEFAULT NULL,
  `Celular` int(11) DEFAULT NULL,
  `DireccionAcademica` varchar(100) DEFAULT NULL,
  `AñoIngreso` int(11) DEFAULT NULL
) ENGINE=InnoDB DEFAULT CHARSET=latin1;

--
-- Dumping data for table `Alumno`
--

INSERT INTO `Alumno` (`idAlumno`, `rutAlumno`, `idEstado`, `Nombre`, `ApellidoPaterno`, `ApellidoMaterno`, `Email`, `Celular`, `DireccionAcademica`, `AñoIngreso`) VALUES
(1, 12781273, 101, 'Blanca', 'Sandoval', 'Lavin', 'Blanca.Sandoval@gmail.com', 99793231, 'Calle  12 Concepcion', 2019),
(2, 241221212, 103, 'Rosa', 'Gonzalez', 'Gonzalez', 'Rosa.Gonzalez@gmail.com', 21382190, 'Freire 1920', 2013),
(3, 21827381, 101, 'Gary', 'Medel', 'Soto', 'Gary.Medel@gmail.com', 9123182, 'paicavi 1232', 2014),
(13, 18292182, 101, 'Tomas', 'Muñoz', 'Merino', 'Tomas.Muños@gmail.com', 91239102, 'vicuña mackena 1289', 2017),
(16, 181456382, 101, 'Brenda ', 'Machuca ', 'Gajardo', 'Brenda.Machuca@gmail.com', 987235691, 'Los castaños 234', 2018),
(17, 18964329, 101, 'Barbara', 'Peña', 'Barra', 'Barbara.Peña@gmail.com', 986532378, 'los palomares 1243', 2016),
(18, 2129389, 103, 'Patricio', 'Navarrete', 'Contreras', 'Patricio.Navarrete@gmail.com', 93138144, 'Rios 121', 2015),
(19, 128182938, 103, 'Benajamin', 'Bazaes', 'Rivera', 'Benjamin.Bazaes@gmail.com', 8129831, 'Los cargantes 212', 2016),
(20, 193758435, 105, 'Bastian', 'Olave ', 'Lagos', 'Bastian.Olave@gmail.com', 76543908, 'nonguen 1466', 2017),
(21, 17862121, 101, 'Bárbara', 'Peña', 'Barra', 'barbara.npb@gmail.com', 997960457, 'Las Revueltas', 2015),
(22, 178627090, 101, 'Bárbara', 'Barra', 'Peña', 'barbara.npb@gmail.com', 997960457, 'Las Revueltas', 2121);

-- --------------------------------------------------------

--
-- Table structure for table `Cargo`
--

CREATE TABLE `Cargo` (
  `idCargo` int(11) NOT NULL,
  `idAlumno` int(11) NOT NULL,
  `idRol` int(11) NOT NULL
) ENGINE=InnoDB DEFAULT CHARSET=latin1;

--
-- Dumping data for table `Cargo`
--

INSERT INTO `Cargo` (`idCargo`, `idAlumno`, `idRol`) VALUES
(61, 1, 502),
(64, 3, 503),
(65, 13, 504),
(66, 16, 505),
(67, 17, 506);

-- --------------------------------------------------------

--
-- Table structure for table `Carrera`
--

CREATE TABLE `Carrera` (
  `idCarrera` int(11) NOT NULL,
  `CodigoCarrera` varchar(6) DEFAULT NULL,
  `idFacultad` int(11) NOT NULL,
  `NombreCarrera` varchar(100) DEFAULT NULL,
  `SemestresDuracion` int(11) NOT NULL
) ENGINE=InnoDB DEFAULT CHARSET=latin1;

--
-- Dumping data for table `Carrera`
--

INSERT INTO `Carrera` (`idCarrera`, `CodigoCarrera`, `idFacultad`, `NombreCarrera`, `SemestresDuracion`) VALUES
(11, '29001', 100, 'Arquitectura', 10),
(12, '29015', 200, 'Contador Público y Auditor', 8),
(13, '29004', 100, 'Diseño Industrial', 10),
(14, '29021', 500, 'Ingeniería Civil', 10),
(15, '29037', 200, 'Ingeniería de Ejecución en Computación e Informática', 8),
(16, '29029', 500, 'Ingeniería Civil Eléctrica', 10),
(17, '29024', 500, 'Ingeniería Civil en Industrias de la madera', 10),
(18, '29027', 200, 'Ingeniería Civil en Informática', 10),
(19, '29019', 500, 'Ingeniería Civil Química', 10);

-- --------------------------------------------------------

--
-- Table structure for table `DetalleBoleta`
--

CREATE TABLE `DetalleBoleta` (
  `idDetalle` int(11) NOT NULL,
  `idRendicion` int(11) NOT NULL,
  `NumeroBoleta` int(11) NOT NULL,
  `GiroComercial` varchar(40) DEFAULT NULL,
  `Producto` varchar(40) DEFAULT NULL,
  `Cantidad` int(11) NOT NULL,
  `ValorProducto` int(11) NOT NULL,
  `MontoTotal` int(11) DEFAULT NULL,
  `ConceptoCompra` varchar(67) DEFAULT NULL
) ENGINE=InnoDB DEFAULT CHARSET=latin1;

-- --------------------------------------------------------

--
-- Table structure for table `Directiva`
--

CREATE TABLE `Directiva` (
  `idDirectiva` int(11) NOT NULL,
  `idRol` int(11) NOT NULL,
  `NombreRepresentacion` varchar(20) DEFAULT NULL
) ENGINE=InnoDB DEFAULT CHARSET=latin1;

--
-- Dumping data for table `Directiva`
--

INSERT INTO `Directiva` (`idDirectiva`, `idRol`, `NombreRepresentacion`) VALUES
(41, 502, 'Mapau'),
(42, 503, 'Ajedrez'),
(43, 505, 'Basketball'),
(44, 505, 'Jamaicana'),
(45, 505, 'Lectores');

-- --------------------------------------------------------

--
-- Table structure for table `EstadoAgrupacion`
--

CREATE TABLE `EstadoAgrupacion` (
  `idEstadoA` int(11) NOT NULL,
  `NombreEstadoA` varchar(30) DEFAULT NULL
) ENGINE=InnoDB DEFAULT CHARSET=latin1;

--
-- Dumping data for table `EstadoAgrupacion`
--

INSERT INTO `EstadoAgrupacion` (`idEstadoA`, `NombreEstadoA`) VALUES
(33, 'Vigente'),
(34, 'En trámite'),
(35, 'Rechazada'),
(36, 'No vigente');

-- --------------------------------------------------------

--
-- Table structure for table `estadoAlumno`
--

CREATE TABLE `estadoAlumno` (
  `idEstado` int(11) NOT NULL,
  `NombreEstado` varchar(100) DEFAULT NULL
) ENGINE=InnoDB DEFAULT CHARSET=latin1;

--
-- Dumping data for table `estadoAlumno`
--

INSERT INTO `estadoAlumno` (`idEstado`, `NombreEstado`) VALUES
(101, 'Regular'),
(102, 'Terminal'),
(103, 'Egresado'),
(104, 'Titulado'),
(105, 'Pasante');

-- --------------------------------------------------------

--
-- Table structure for table `Estudia`
--

CREATE TABLE `Estudia` (
  `idEstudia` int(11) NOT NULL,
  `idAlumno` int(11) NOT NULL,
  `idCarrera` int(11) NOT NULL
) ENGINE=InnoDB DEFAULT CHARSET=latin1;

--
-- Dumping data for table `Estudia`
--

INSERT INTO `Estudia` (`idEstudia`, `idAlumno`, `idCarrera`) VALUES
(1, 1, 13),
(2, 3, 18),
(3, 13, 11),
(4, 16, 11),
(5, 17, 18);

-- --------------------------------------------------------

--
-- Table structure for table `EvaluaAceptacion`
--

CREATE TABLE `EvaluaAceptacion` (
  `idEvaluaAceptacion` int(11) NOT NULL,
  `idAdmin` int(11) NOT NULL,
  `idAgrupacion` int(11) NOT NULL
) ENGINE=InnoDB DEFAULT CHARSET=latin1;

-- --------------------------------------------------------

--
-- Table structure for table `Facultad`
--

CREATE TABLE `Facultad` (
  `idFacultad` int(11) NOT NULL,
  `NombreFacultad` varchar(50) DEFAULT NULL
) ENGINE=InnoDB DEFAULT CHARSET=latin1;

--
-- Dumping data for table `Facultad`
--

INSERT INTO `Facultad` (`idFacultad`, `NombreFacultad`) VALUES
(100, 'Escuela de Construcción, Arquitectura y diseño'),
(200, 'Ciencias Empresariales'),
(300, 'Ciencias de la Salud y Alimentos'),
(400, 'Educación y Humanidades'),
(500, 'Ingeniería');

-- --------------------------------------------------------

--
-- Table structure for table `Integra`
--

CREATE TABLE `Integra` (
  `idIntegra` int(11) NOT NULL,
  `idAlumno` int(11) NOT NULL,
  `idAgrupacion` int(11) NOT NULL
) ENGINE=InnoDB DEFAULT CHARSET=latin1;

--
-- Dumping data for table `Integra`
--

INSERT INTO `Integra` (`idIntegra`, `idAlumno`, `idAgrupacion`) VALUES
(2, 1, 10003),
(3, 3, 10003),
(4, 13, 10003),
(5, 16, 10003),
(6, 17, 10003),
(1000001, 2, 10002);

-- --------------------------------------------------------

--
-- Table structure for table `NivelSancion`
--

CREATE TABLE `NivelSancion` (
  `idNivel` int(11) NOT NULL,
  `NombreSancion` varchar(30) DEFAULT NULL
) ENGINE=InnoDB DEFAULT CHARSET=latin1;

-- --------------------------------------------------------

--
-- Table structure for table `RendicionCuentas`
--

CREATE TABLE `RendicionCuentas` (
  `idRendicion` int(11) NOT NULL,
  `idDirectiva` int(11) NOT NULL,
  `MontoEntregado` int(11) NOT NULL,
  `FechaDeposito` date DEFAULT NULL,
  `ItemGastado` varchar(100) CHARACTER SET utf8 NOT NULL,
  `file` varchar(100) DEFAULT NULL,
  `delete_at` timestamp NOT NULL DEFAULT CURRENT_TIMESTAMP ON UPDATE CURRENT_TIMESTAMP
) ENGINE=InnoDB DEFAULT CHARSET=latin1;

--
-- Dumping data for table `RendicionCuentas`
--

INSERT INTO `RendicionCuentas` (`idRendicion`, `idDirectiva`, `MontoEntregado`, `FechaDeposito`, `ItemGastado`, `file`, `delete_at`) VALUES
(1101, 43, 15000, '2019-06-04', '14980', NULL, '2019-08-14 04:35:11'),
(11010, 44, 99000, '2019-06-11', '89210', NULL, '2019-08-14 04:35:11'),
(11011, 42, 6000, '2019-06-02', '6000', NULL, '2019-08-14 04:35:11'),
(11012, 45, 500000, '2019-06-02', '470000', NULL, '2019-08-14 04:35:11'),
(11015, 42, 785785, '2019-07-25', '5252', NULL, '2019-08-14 04:35:11'),
(11016, 41, 7000, '2019-07-24', '6000', NULL, '2019-08-14 04:35:11'),
(11018, 43, 24, '2019-08-15', '26', NULL, '2019-08-14 04:35:11'),
(11019, 43, 40000, '2019-07-18', '40000', 'http://localhost:8000/image/g7brnOBUs5QEfwauH38MZ47GE8JUDiL36N17cKZ9.png', '2019-08-14 04:35:11');

-- --------------------------------------------------------

--
-- Table structure for table `Revisa`
--

CREATE TABLE `Revisa` (
  `idRevisa` int(11) NOT NULL,
  `idRendicion` int(11) NOT NULL,
  `idAdmin` int(11) NOT NULL,
  `Estado` varchar(10) DEFAULT NULL
) ENGINE=InnoDB DEFAULT CHARSET=latin1;

--
-- Dumping data for table `Revisa`
--

INSERT INTO `Revisa` (`idRevisa`, `idRendicion`, `idAdmin`, `Estado`) VALUES
(801, 1101, 701, 'En proceso'),
(802, 11011, 701, 'Aceptado');

-- --------------------------------------------------------

--
-- Table structure for table `rolDirectiva`
--

CREATE TABLE `rolDirectiva` (
  `idRol` int(11) NOT NULL,
  `NombreRol` varchar(20) DEFAULT NULL
) ENGINE=InnoDB DEFAULT CHARSET=latin1;

--
-- Dumping data for table `rolDirectiva`
--

INSERT INTO `rolDirectiva` (`idRol`, `NombreRol`) VALUES
(502, 'Presidencia'),
(503, 'VicePresidencia'),
(504, 'Tesorería'),
(505, 'Secretaría'),
(506, 'Delegación');

-- --------------------------------------------------------

--
-- Table structure for table `Sancion`
--

CREATE TABLE `Sancion` (
  `idSacion` int(11) NOT NULL,
  `idNivel` int(11) NOT NULL,
  `idAlumno` int(11) NOT NULL,
  `Descripcion` varchar(500) DEFAULT NULL
) ENGINE=InnoDB DEFAULT CHARSET=latin1;

-- --------------------------------------------------------

--
-- Table structure for table `Sede`
--

CREATE TABLE `Sede` (
  `idSede` int(11) NOT NULL,
  `nombreSede` varchar(20) DEFAULT NULL,
  `Ciudad` varchar(20) DEFAULT NULL
) ENGINE=InnoDB DEFAULT CHARSET=latin1;

--
-- Dumping data for table `Sede`
--

INSERT INTO `Sede` (`idSede`, `nombreSede`, `Ciudad`) VALUES
(97, 'La Castilla', 'Chillán'),
(98, 'Fernando May', 'Chillán'),
(99, 'Concepción', 'Concepción');

-- --------------------------------------------------------

--
-- Table structure for table `SolicitudDinero`
--

CREATE TABLE `SolicitudDinero` (
  `idSolicitud` int(11) NOT NULL,
  `idDirectiva` int(11) NOT NULL,
  `Monto` int(11) DEFAULT NULL,
  `Cotizacion` varchar(1000) DEFAULT NULL,
  `Fecha` date DEFAULT NULL,
  `inserDoc` mediumblob NOT NULL
) ENGINE=InnoDB DEFAULT CHARSET=latin1;

--
-- Dumping data for table `SolicitudDinero`
--

INSERT INTO `SolicitudDinero` (`idSolicitud`, `idDirectiva`, `Monto`, `Cotizacion`, `Fecha`, `inserDoc`) VALUES
(2, 44, 123123, '12', '1212-12-12', 0x2f746d702f7068706f3733727975),
(3, 41, 6879, '7863', '2019-08-16', 0x504b030414000600080000002100e424894c7d01000029060000130008025b436f6e74656e745f54797065735d2e786d6c20a2040228a000020000000000000000000000000000000000000000000000000000000000000000000000000000000000000000000000000000000000000000000000000000000000000000000000000000000000000000000000000000000000000000000000000000000000000000000000000000000000000000000000000000000000000000000000000000000000000000000000000000000000000000000000000000000000000000000000000000000000000000000000000000000000000000000000000000000000000000000000000000000000000000000000000000000000000000000000000000000000000000000000000000000000000000000000000000000000000000000000000000000000000000000000000000000000000000000000000000000000000000000000000000000000000000000000000000000000000000000000000000000000000000000000000000000000000000000000000000000000000000000000000000000000000000000000000000000000000000000000000000000000000000000000000000000000000000000000000000000000000000000000000000000000000000000000000000000000000000000000000000000000000000000000000000000000000000000000000000000000000000000000000000000000000000000000000000000000000000000000000000000000000000b494cb6ac3301045f785fe83d1b6c44aba28a5c4c9a28f651b680add2af23811d50b699cc7df77ec24a614272e4db231c833f7dea301cd70bc363a594288cad98c0dd23e4bc04a972b3bcfd8c7f4a577cf9288c2e6423b0b19db4064e3d1f5d570baf1101352db98b105a27fe03cca05181153e7c152a570c108a46398732fe4979803bfedf7efb87416c1620f2b0f361a3e41214a8dc9f39a7e6f4902e8c892c76d63959531e1bd565220d5f9d2e6bf527abb849494754f5c281f6fa881f1d684aa723860a77ba3d10495433211015f85a12ebe7221e7b993a521657adca685d3158592d0e82b371f9c841869e646a74dc50865f7fc6d1cb28ce8cca7d15c219849703e0e4ec6694c2b3f08a8a099e1c159d8d2cc2010fdf987d158774244dc6888e727d8fa76c70322092e01b073ee4458c1ecfd62143fcc3b410aca9d8a9986f36334d69d1048ab08b6dfd35f456d732c923aeb0748ab2dfce3dafbdd55a97bfe4f2faf4924eb93ef07d55acc216fc9e6f5a21f7d030000ffff0300504b0304140006000800000021001e911ab7ef0000004e0200000b0008025f72656c732f2e72656c7320a2040228a000020000000000000000000000000000000000000000000000000000000000000000000000000000000000000000000000000000000000000000000000000000000000000000000000000000000000000000000000000000000000000000000000000000000000000000000000000000000000000000000000000000000000000000000000000000000000000000000000000000000000000000000000000000000000000000000000000000000000000000000000000000000000000000000000000000000000000000000000000000000000000000000000000000000000000000000000000000000000000000000000000000000000000000000000000000000000000000000000000000000000000000000000000000000000000000000000000000000000000000000000000000000000000000000000000000000000000000000000000000000000000000000000000000000000000000000000000000000000000000000000000000000000000000000000000000000000000000000000000000000000000000000000000000000000000000000000000000000000000000000000000000000000000000000000000000000000000000000000000000000000000000000000000000000000000000000000000000000000000000000000000000000000000000000000000000000000000000000000000000000000000000ac92c16ac3300c40ef83fd83d1bd51dac118a34e2f63d0db18d907085b494c13dbd86ad7fefd3cd8d8025de96147cbd2d393d07a739c4675e0945df01a96550d8abd09d6f95ec35bfbbc78009585bca53178d670e20c9be6f666fdca234929ca838b59158acf1a0691f88898cdc013e52a44f6e5a70b692229cfd46324b3a39e7155d7f7987e33a09931d5d66a485b7b07aa3d45be861dbace197e0a663fb197332d908fc2deb25dc454ea93b8328d6a29f52c1a6c302f259c9162ac0a1af0bcd1ea7aa3bfa7c589852c09a109892ffb7c665c125afee78ae6193f36ef2159b45fe16f1b9c5d41f3010000ffff0300504b030414000600080000002100d7e6089e1b010000440400001c000801776f72642f5f72656c732f646f63756d656e742e786d6c2e72656c7320a2040128a0000100000000000000000000000000000000000000000000000000000000000000000000000000000000000000000000000000000000000000000000000000000000000000000000000000000000000000000000000000000000000000000000000000000000000000000000000000000000000000000000000000000000000000000000000000000000000000000000000000000000000000000000000000000000000000000000000000000000000000000000000000000000000000000000000000000000000000000000000000000000000000000000000000000000000000000000000000000000000000000000000000000000000000000000000000000000ac93cd4ec3301084ef48bc83b577e2a44041a84e2f08a95708125737d9fc88d88eec0d90b7c7a26a928a2aeac1c71d6b673e7bbd9bed8f6ad9175ad7182d20896260a8735334ba12f09ebddc3c02732475215ba351c0800eb6e9f5d5e6155b49bec9d54de79877d14e404dd43d71eef21a957491e950fb93d25825c997b6e29dcc3f65857c15c76b6ee71e909e78b25d21c0ee8a5b60d9d0e125dea62c9b1c9f4dde2bd47426823b1a5a7f0196495b210938d491f7017e3efe21643cf95e9cd2ffca83982c31ac4232e85eedd1faf14e1ca3b404918484c87b47467df8b411228a269537846af149d621694aa32993fb76369a515a82b80f09f18dfb3724f25398fdcf99b80472177447fe511c9523023fd9fdf4170000ffff0300504b0304140006000800000021004134d8c9451500005be7000011000000776f72642f646f63756d656e742e786d6cec5ddb72a34c7ebf4f55de81f25552f579dc67c0b5335bd034b3de7c3376d99e2f95ab1446d8e61b4968111eefcc6be409f601b62aa9dced65e6c5d2dd2019109290d0c107e9c298a6e9c3fff8eb7f1ff8c31fff3ae81bdfa2741c27c3f747f01d3832a26198f4e2e1ddfba32fd7feb175648cb360d80bfac9307a7ff43d1a1ffdf1c33fffd31f1e4f7b49f830888699218b188e4f1f47e1fba3fb2c1b9d9e9c8cc3fb68108cdf0de2304dc6c96df62e4c0627c9ed6d1c46278f49da3b410002fddf284dc2683c96f5f160f82d181f15c50d664b4b46d1503ebc4dd24190c9dbf4ee6410a45f1f46c7b2f45190c537713fcebecbb2019b1493bc3f7a4887a74511c7d306a9574ef3061597c91b699b7af357bc8202bac69334eacb3624c3f17d3c7aeac6baa5c987f79342be2deac4b7417f92ef710449371e7869f0282f4f05b6697e2f7f69d0cf5bbeb844085a704415317da34d13aa754e5a3208e2e153c56b91a6445c48572b00d50b18dd7563cec73479183d9516772bed6cf8755a96d2ec15ca2a985ceedab85b63aeee8391d4c041787a76374cd2e0a62f5b24596648aa1b4aac8f3e488b7393f4beabeb482693d351900667bdf747cce12ef08473a453b3e8af994a358b9f4c3d95d6ad77f9fe0800cfc1be25a64917a94ab43c424d6f9ae845b7c1433f534f5c0401f0274f2e4a99752b2e527db9cabef72399e75bd07f7f742dab4fe2612f9232da8ba5364747272a579a67bed137e31f93ecc8ca1f8f7ff07135eda478e7645a51fea7b91c8c66cbc9d326e53c9e6a437d3a1e05a1a4ed288dc651fa2d3afa60a82c599e51d7b094604562a76ecd6dce85f3e5da313c6188df9c5fbf38fcece77f7d56b7bf3ac6c5e5d92771e918e2f3f5a5f8a8335d9c5f5e3bfef9af67e7c6c7cb2f17ceafd5de28e2e9ba6efac5a5a8fba65fe59a14b8204c86e143d04bc3877e90375f66fb7799455a20a048907d1fc9a6060f59327d7c36ece51920d6929667e9fdf5a9805f93e4eba41a401c5dd06d9c8eb3cb44bda66efb4171f7f49027fd878172c893e793049d6598fcc9952e797af75b7e070b0297bbf9318d7beadf3b799565e48d3519a579032bc9964d9a5281d9900a91ad93f3ea26b564cdc2535256487decfb842c56d6ebb262ea82c3fc6fd1afb0608bee4803d943575a17096af44d329ad05f599a7ea45e18ff787fa4da30913f4dc830e9276999c1fde8365bf7dd9b24cb92c1ba6fa7f1ddfd9a552b8e94fb7f1ff7a24f12264d1e1556abc215e008e85a52435736a1256b597dd2c95afe1e4e72842a319db1a1cbad63c9d07c70ae2e04bf3e2f4c8a77de6023346916489ad28d83a07516340818b21c9bbf1841ab7835b0ba63aebea3c4ee739205eb082068743007019cf47faecc219f71ec5385f03acbdc4b10b08b64d85b43c0b4473f48586713c718375d682be4f6964d9cb1580cd525cf9d3652a44450ca212402a0c5043d40c6dd8a39e136b1305903325606910db20f19745d7b77b25f1aa2eaf14f3be99ff79696ff8adc3f761a522faa2719dca4518bba562c76bc9be6af1f8ed8443d5262a274981891112bc91826e34d06421691b71719fdc008837414d590e0ca923687846192a6519825554656ecef5cfb7818e8ac8b334dcbf48805ddd52d62679c3931552d597c184aaccb629b10849d6ec3576a53e4b175595cd888ec037807c11afa7d80f96b739f30685b146c244ab6090557979cb96963dde531b0874d04cc257324070cbde36898108e4df1163074c3f871ab118c1618bab1e92b14a52c9d9f4850f38b31d4c0776c7c37863fff3188d2c450982a1ecfc2a932098b71c56a551e10d6ee9567aebe208bb9c4e3fb88e41d10d66e588c25c4323dae4a3820ac37c77dca1c1b50a44a7b71088b01a9f5022f6efa0161ed16616126a8eb9b6c75817a9b08ab19ee5c4677125c4998b52378252ff1fcca3ac6de825192661a3cf6e2db3894ec0c7af2563e09835e600ce24882cb64473d6d5aaeb4145c1cf0e3baf89109e153ace6160ef8f195e2478b484f0cbacdbe1ef0e30be53ea3cce6267c360aae2e3973d3c6bacba16582816b6bd37ec08fcf063f420f6166695a1ef0e3da288707fdb817f474946ec93c6b49b4578075df7efe7d28919c2cfb5fe615de0535f6e3e1d78593e2ebb5fa5f8d40d323fa3d4ac3388c0fd1c49d3a0b1331462cb75ba8e980069f753cc9f27d1358ddf0c0010dbe54ee3b96874c73238bcd37a1e0ea9233376dacbb6c9b84707d8f2f99193ca0c11d6f93e18453c2d48ec0031a6c8370cac02f181b7d09d322798d87599af41ec22c49e3e0007a763a4236892f84f05617e103e879212c561ec1779cc2a31c40cf1b5370e8318bfb6bf8a8fd4fa152067ce02f89dd1e40cf8ea750858905b6152db70f7a4a536b2f16f4e8dd4fa3341944bd385f997688f1eccb1aca7194703057a51de0ceeb643122c0b3a5d3ebc4e28dc11d7a803b3be53e361d8905cc6e60774f70c7f42d0adc25e1a9b670c7c654a9405d86d4a12d57a36038e90a3e88d65a28086260210cd68825e650a2baa975b3270b6852cc209ea5e8a67919d30c92f1e361d03f18b59d1a350753022c55c273326aea921fa45503591c7b3ee16b1cc0b69d0868ac0fe55202225b81f4e90415117f3c7da8b1af415d7202d4bbca7c4184296aa36b082c092072fb3bed6af5f0b842e7848b6cbd7d70a6ff2ec59057cf9a2b924afdaf8d4226bd587efa5b0da9ac5dcee3dc858cc5af62284a2647f587fb149a8deb2637d880f2afde98ae357f38eb492953ab468330fef9bf43e32249b3e036e9c7c9e9bc8ee77c2fb1720b5d5f4474dba79e6376aef9c3c5f9e5b1f3c5db38498f6b25ca8173722b52d587dc738c4751bf7f9505e9c4c5957b075de40adebd77cea85533c4b0b7c546fc627c9e3dd1616287b67684e1733ca01031cbce1b5849c6c8a40dc90c14e4ada412340dcdcc3da190f9d2cdaa8365caba6abb14785e6ee1a71e992242045f32c8ccb1ba67325714587dc2dbf44f51193548343969da24473388d28498f26d0aa2c6f7cac3e9a2c27e14a42a4b196a682ef5e5534f08c7cfc705f7d120f2756210aa2099e6dc34f53a1e4a3784f5f04035ab1997b80e72096c33d46ea42c60d817b4c9fb55b36befe710081d4793b1705dab9d64549c65b946d8af6866a7c29506fbe7d7e7570dcaace9bb80e95acc9f0dd3a53063d3ac4f28409b730674d465934ce704f900ec86e99df9fbf9fc937b29d660b03258cf86bfca7dd904d536ae51e0b8aea5ce51df327f9faffa7efebfff5e83b7daed7461ae2d90af9831cbdcdc28ac66b11d617362b5d90ed19db925c22f616e3126abd07fdec9732b337769e18ff380b433d91a769254378755e46089e96853fd87dedc63bb76d04d233c091458ab6e72ab88b7bae4454c1bb6125e322de6da2dcf1b79bd788970213ca1fbbba2f66d151ab50f17e43231e33190673368af01039f55b79659f26706c32c0b32df2ef46c4a74e270ee02ed2f5a109d0308a11e936d0a71ed34f4f4810783b8af8f160d9b46c9cb38faac7017b11cecd256275daca4453b63683b9a3f2f3c0499edfa265d030f3d47a277f5d29043619976ab55e6afd74b536823d36f35b5f792bcb4c911e00e534a72f0d2bb9225e95da1692345b112d119313de6e1270abf6e2f7d1d0ce3c0b88a463fffd1ff16f5d6f9dac1f38a90001b7097d6987af0d45bf5d426b3180360e3e6eb657a6a0a4c46b058b291f1d57b6a87103b5f46f39a3c35a490097bf3a0f4e0a917c8127201b45cfdddbf12d1916f2186bca788e7ebf6d4eecfbfa5379220c66f517a27af2fdd539b944280ddc3987aa79eda6426b1697dfce4788e4bc91bd1a439e79e2443d999280dc238194663e32e1aca9b7e34fee5693f88017bbf2c5cc0833dcac00656970c822c8d7fa8fd28691c8def166d445197fcad4a4ba80749c9342e582de19916e4f6a6d00a7912c0eda215df15450767f4223772aba1150cb98b9c5a748572640a479f48b984b205651a94a59a5d2b0b556bcc2a1ba7e608cb4a5f9c6d6c50a7c295c8893f8b4b7ec6cfceaf8cff307e3dfbfc6feb2c92b0a03ee4ade57af73d8900a300f9c4ab290206184874d642040aae3688405538f2e5b24fec59c75e6eea53c41dbefd7b29aebe7c129f179ac3463a2d5f59da4e32cf3e5f5f9e7b5f78bd019d0bbe3ebf3cab7e767487dd9a330bec09834b276d4cd57161fb9eeccb169ad2b1e60e53e1737ef30d92f642bac44a2ba70bbbcb71236211e0c3255bb15bbb4144a75f5cdeb21bf4b9b44f8d3670baa2b2794a0b0b4f5056337784ba4802bf2a12ac2d84afc8fb24b1ecf12a86708ec75be34b878b846691b9d3749bbce64b980aa6c5ad24954d6bc86af2ef3bc8f3e1acfc6faa092d55727b24b8169f9c5f0c7efe596381f99a3757deb70505d6550368594c8e676ac00f60c6894d9e005d3ec6317da21b5f528382e30d6a507da2d5a0241e4b805fa7b5916db8dd6655dd6a66b8f45bc745eca2d18bda350f306faa5d13c0b4a80db5157c1509db35c1e6ebb6766afad526db579bd7848203d3ad6ad79ebcea5c1b406d4238abef8963c4a74c3095dad0c97683bf62434fd9062c42fe3749769f736c138eb0b1919d0a571201eb9b809ab47b3b55f364d84283b753f7b81c1b92bf697868be9e6cc407ce155a2c2c17b99eda8559c66f9e85658fa7c1b9f9423b7fb5704378af18f1948476f3f0a224b9dba940f14976331eaa509e62e3cdcfbf8de330181b8aa646980ca2e18f2035a2be113ea4e3d557dc369aefe2b48aaac121dcf684ceba9259dc84b12388bb18d46727a1001cbbf069b7efdcfecc37762b86395e82b143c79fa691d8cb6591d8edea3bb0104016af45ee11c5ccb54a5b9797cbe106f47d536abd2a3b9cde406aef384ba596aa839a8ae0b8f19787c8086ea33093c4cc8fe94e6e7e8fb2f85ba2bf15d30f8c68a0a0cd8239b3392add1ce96b5069e8629b0bba72fc6023f8c5372d6e921a7ea1a6cd212d0dd1e7f66741f05a406c2bf4b60f95ee2c2ea4c2ee9291d83a5a38e6c94d7cbd2f53814d0b11c4d4b463794c8b08b390535dd8b658be67e5617632a3181597e4a133efdb28667b5f2b2598fa76ab6fbd6d5a31217684c7586df305a6c01126af3262459bfdc21533383e0fb3bda90765d803a42611528c11c07a1e746dae54b3ef533d8a630e96ab07120010cbad6f55597b840e26b3081b1da1230809f5f4328832cba0835d5babf6b29e57d46589221549f358b691b84b499b1a5bbaaaa0cc449b667c5fe7126fea256ea7e133e185ce257e0aeea234de9bb9419411dfd5007b8186b5d0da19d9ad66d7b25b3adea4cd44cb3a22bb92f9293b436a02498a1a2ad91142767d4c7c5edbdc09a94589ebd71072d5542c9dec7ad98ef80649a83a5064da9b7a48f7c3787dc13ee1185b764917e6aa0713d0b19e5cc062f52832975833ab08dbf1c3e5088c6711d7aaa3c21d2152e83888d29a1262ca01b1ad16c6e8f52a023ee6e757d565153bd4026232c69d3ac0c18e4d787e92d146b5c00688e7c78ced4f0b4c0c1075db9da8ba692d304d0749e4561f130ad7f2b158a805af46e0e9f1753c4ac686f3eeecddde841e4301bcfaae6a4c04e20c5797a0340a7db1dab68137d5278b4d7f273e3436a83373ce86dfa27116df1527178e939b343f99be17df46a982716323d3ec53dfc87ee8c55992fefc7b30367e7f1866891118e307955716216fc746301e45a1fe27cf1ca4f339be8206038fd9d08435cfbd1b0dc6dc6288d63f1ecba0c088ea40e812d1d95d6405ea017195e379da52715a6f48552d5ceb7ad07550355ba6c882d17a9f83dac86408246a6a7dc966f825067c93c3a7cd6e356cd236ca6d8ea03ef271f7a8113bccb5ea2704219758dc47d539c397a46d9dca5182cf8e45781ffdfc9ff82f0feb1c71b21155303ddf1788d6d601bc6a55908e5c4a1ead89e36e5481718e8429ea0328e4014c710ba0fe5a55c13cbe7ce746c3dff7e6113861bea7e7a6de8a1a308b38dc042b2faedb881a38c046ccac2f9bb54c2207ac6f580dace34fc1f0ee616fd1349343ea5a6409267f5d6a80b843a816badd03239323eeeb39f53230122e33a54778bb6a601ff3341e650b96d06d570d90e910ece98dd72f5a0d24fd93e4eb2048bfea43f5e59bb132b3aa4dc36020e9f39f1f133708bfe6854ff20afd4d8d3c6741a596ba8499e3da7efd7ce1dde812104c5882d6dc19e44478401f2dd386672f5b6d847dfc5b94ea6f561817fd40ad51850d2a344339222c26788d6b44f8ae5b0f1e37ce6e3d472bb44363c1b0f03c5b1f9ffd567c260114506b3fa13b1302c2a1fe8462d9673ad0b3891e57bd519f29ece05829bd81d467bcf6e53925901290812563eb57a50cd8c5c877961d91bca5711425bee5d54ff564c4169ec33a2d0e79d1cad0bc274d40906b4845391e5b7c86a86b7b3ef871f6e34e6df8e9b5aabbf8f6d00ef5169bbee9f9baa0b7a2b72624401052a4ee566f91c70942662d1a4f5cd7f7b85e4cf9469d18845a43f7b72d8e5acc1698bc253087197408b3f73233c4a085d5d17cd5ba55801e5aec2deb013a76afaa47d3ec50094c8f5ac0d32b595eb512344a525933846fbb02adbcb87d231ec286900ba716cea096637b56ed6089e6fe745bb2aec0533cbc9399faf130524642478dd4cde5433f2acecf98559897b1ba1de2cd2f13bf72ae28dd97c622390641deb2e387d6b1a30d6a5c645e4f5a9ecd7a728410a79ebf97f5e4400068cf6cbe871c9b94e90f782d61d7fc65b40decdad1aac21d4a3b139c124fef367f2b208d420f32b8faf9621b99a57265e59cd5276b99e77abe3e54f920ad8bc84798ec938fd7d8c0f3bad014609c98c8dd4bd0985996e931ab36d667d8e20e1778b908cf3fa6ab950857bf657f91a6c16dd28bfaf1382b246aa98c6f1457ed50f8b1c0c2a59abddb07266b6bc40e76afd91e3331d8cb5002dba6b4c14ecd7720e649abec745aecbc69fbfd2ce7f7b0e97192af537d33688312e0f9f5c33d7723ad140369ab494d5a8987a510ead3950fd2ba887cc07439c4cb7607be2a6965543017c1bdace7c5849b36c4b57913c0117769b700e69b9056664ac7e8d4a35cafdbb672ec9816d8d88718e1f480da498e8d5861415c0bb33a6670b0e5997a76ff20d78bc82747ea023afa5cb53723d7cca2d8177b89501007ba8ec56b6684415b50865b0cefdeb8b422844c2ce08b5feeba82b40242b1e7f095adf0466c2bf091cd487dd213518fbba245f4f7ad235caa76292c9baf7e31d2aa2e37fdd96e42dfe79e54cb16ddf41cec5b4ffb284bddac3ed1dd2cbec6b0fd6ece1869e849333d51c457d021040823c86db3668afbd4d2d33d653dae7d17a3d4cb6af65df7721c85d945c582b668fe957c49a53a26b1265a7477a55af1a86c1b227a46f05e510de6b38361d2934680e6ad1bdd7d0a54955932922444f9de178573a777d25865c9607adb8f6e9f9edd47412f928d3235ac3ebd4d92ac747bf790e9db22621a267d45886279a0caa3937b49f851da2155743c8c2ee22c948d55139939a572a2e87f6f92de77fd8f7ce5612069ffe1ff05000000ffff0300504b030414000600080000002100381723332b0600008d1a000015000000776f72642f7468656d652f7468656d65312e786d6cec594d8b1b3718be17fa1fc4dc1d7fcdf8638937d8633b69b39b84ac9392a33c23cf28ab199991bcbb26044a722c144ad3d24303bdf550da0612e825fd35dba6b429e42f54d2786cc99659da6c602959c35a1fcffbead1fb4a8f349ecb574e12028e50c6304d3b4ef552c501280d6888d3a8e3dc190d4b2d07300ed310129aa28e3347ccb9b2fbe10797e10e8f518280b04fd90eec3831e7d39d729905a219b24b748a52d137a15902b9a8665139cce0b1f09b9072ad52699413885307a430116e47c2068408dc9c4c70809cddc2fd80887f2967b22120d981748e16361a363cacca2f36673ec9c011241d478c14d2e3113ae10e209071d1d1712aeacf29ef5e2e2f8d08df62abd90dd5dfc26e61101ed6945d168d9786aeebb98deed2bf0210be891b34078d4163e94f0160108899e65c74acd76bf7fade02ab81f2a2c577bfd9af570dbce6bfbe81ef7af263e015282fba1bf8e1d05fc55003e545cf129366cd770dbc02e5c5c606be59e9f6dda68157a098e0f470035df11a75bf98ed1232a1e49a15def6dc61b3b680af50656d75e5f629dfb6d612789f66430150c9851ca780cfa768020381f321c1e30c833d1cc562e14d614a9968aed42ac34a5dfc971f57955444e00e829a75de14b08d26c907b020c353de713e165e1d0df2e6e58f6f5e3e07a78f5e9c3efae5f4f1e3d3473f5bacaec134d2ad5e7fffc5df4f3f057f3dffeef593afec78a6e37fffe9b3df7efdd20ee43af0d5d7cffe78f1ecd5379ffff9c3130bbc9bc1b10e1fe1043170031d83db341113b30c80c6d9bfb318c510eb16dd34623085d2c6821ef0d840df9843022db81e32237837133261035e9ddd37081fc4d98c630bf07a9c18c07d4a498f66d6395d9763e95198a5917df06ca6e36e4378641bdb5fcbef603615eb1ddb5cfa313268de2222e5304229e240f6d143842c66f73036e2ba8f838c323ae1e01e063d88ad2119e1b1b19a5646d77022f232b71114f93662b37f17f428b1b9efa32313297605243697881861bc0a671c2656c630213a720ff2d846f2609e0546c01917998e10a1601022c66c3637b3b941f7ba90177bdaf7c93c319119c78736e41ea45447f6e9a11fc3646ae58cd358c77ec40ec51285e016e55612d4dc21b22ef200d3ade9be8b9191eeb3f7f61da1acf605227b66996d4b206aeec7399940a49c97d7f43cc1e999e2be26ebdebb957521a4afbe7d6ad7dd0b29e8dd0c5b77d4ba8c6fc3ad8bb74fb3105f7cedeec3597a0b89ed6281be97eef7d2fdbf97ee6dfbf9fc057ba5d1ea125f5cd5959b64ebbd7d820939e07382f698527726a6170e45a3aa28a3e563c23416c5c570062ecaa02a838cf24f308f0f623815c354d508115bb88e18985226ce07d56cf52d3bc82cd9a761de5aad164fa6c200f255bb385f8a76711af1bcb5d15c3d822dddab5aa41e950b02d2f6df90d0063349d42d249a45e31924d4ccce8545dbc2a225dd6f65a1be165911fb0f40f9b386e7e68cc47a830485324fb97d91dd73cff4b6609ad3ae59a6d7965ccf27d306096db99924b46518c310ad379f73aedbab941af464283669345bef22d75244d6b481a4660d1c8b3d57f7849b004e3bce44dc0c4531990a7f4cea262451da7102be08f47f519669c6781fb23887a9ae7cfe09e62803042762adeb6920e98a5bb5d69473bca0e4da958b1739f5a527194d2628e05b5a5655d1973bb1f6be255856e84c903e88c3633026b3ec361481f29a5519c01033be8c6688336d71afa2b826578bad68fc62b6daa2904c63b838517431cfe1aabca4a3cd43315d9f95595f4c661cc924bdf5a97bb691ecd04473cb01224f4dbb7ebcbb435e63b5d27d83552eddeb5ad72eb46edb29f1f60782466d3598414d32b6505bb59ad4cef142a00db75c9adbce88f33e0dd657ad3c208a7ba5aa6dbc9aa0e3fb62e5f7c5757546385354d1897846f08b1f95732550ad85ba9c7030cb70c77950f1baae5ff3fc52a5e50d4a6eddad945a5eb75eea7a5ebd3af0aa957eaff6500485c749d5cbc71e8ae719325fbc7b51ed1bef5f92e29a7d29a04999aa7b705919abf72fd59af1fe25bf278391ec7700169179d0a80ddbf576af516ad7bbc392dbefb54a6dbfd12bf51b7eb33fecfb5eab3d7ce880230576bb75df6d0c5aa546d5f74b6ea322e9b7daa5a65bab75dd66b73570bb0f17b116332fbe8bf02a5ebbff000000ffff0300504b0304140006000800000021000b00355e03050000330f000011000000776f72642f73657474696e67732e786d6cb4575b6fdb36147e1fb0ff60e879ae49eaaed52d745d5b24eb50672f7ba325da2622890245c77187fdf71d5d58272953642bfa64ea7ce77e218f5fbfbd6feac51d933d17eddac2af90b5606d292adeeed7d69f37c532b016bda26d456bd1b2b57566bdf5f6cdcf3fbd3e453d530ad8fa05a868fba829d7d641a92e5aadfaf2c01adabf121d6b01dc09d950059f72bf6aa8bc3d76cb52341d557ccb6baece2b829067cd6ac4da3aca369a552c1b5e4ad18b9d1a4422b1dbf192cd3f5a42bec4ee249289f2d8b0568d165792d5e08368fb03ef7aadadf9bfda003c682577df0ae2aea935df09a317847b12b2fa22f112f706814e8a92f53d14a8a9b583bcbd1876be52f4c5f62bb03d8738aa02718cc6d343cfddffa6803c51d0d72f896482aef8565239f5c91c465346eff7ad90745b435742380bf0c87a036df9598866718a3a264ba8cddaf25d6b35d0212162b751543140fb8ed5f5d8e365cd28e83b457b491be84e4d19652ab6a3c75addd0ed46890e98ee28b8eda360820fe7eec0dab187fe82e9d0b8436693e5814a5a2a26371d2dc15a2a5a2545adf92af1bb50294c828442cd12e35c5c4e9b69c640a2a50d04fa686eae45c506cf8f92bfbc1683c0681d6b278d8604dc099257ec6648f0469d6b5680f31bfe99c56df5e1d82b0e1ac7c8bfc3836f39007905cb1fa1256ece1d2b18554748d30f323656a2a87977cda514f27d5b41ebfc30637cb763120c70e8c56b682f2ec569ccf33b462bb88abfd3eeea611bc1c55ef5faf04908a55911ca1312c6e9e4e9805e104488977b46c426693077ff13c4b38b7c6ea92748e804b111c11e4e92d0882424c98dbee10279416642486e27816d42ec8084496c444288941891ccf590d10307fbc4992bfc04f1e06af04d888b50e21a23756ddfc7c65cbba14b32339261273366d4cd5cdf36d6c7cdb11d2626c40b304a8d19f502e29ae3f14244523392e3d85c05af705060ccb51f380132ca041e21d8e85b9039ae6f4442849fc94148fcc0377a1d262ecaccda0a378b8d32b183716cecaad8770273f7c6a19b25c6ca250423541811d7c6a919099cd033663449489e187390e4d8f78c7d90228c3132220e29d033885f9867218559f08c5ea7be5f9827382d5cec1ba7049020cb4d48463ca49ff827880fd78bf30c92e4460fb2d82e02a39ddcc7816d9cc6e7efd1bc403132ca1431c90a7d5b0f10dcd14d34ac907f487d1a1edc453349a4b4d94a4e17d7c392b91a38b6f236e1adc6b70cb626f610d91cb71a5c2e27a06f685d17b09168602c691355bcef32b61bcff53595fb8bde99431aa9b01d7df8a26b58b698fc4d8a6337a12749bbe921d52cd8716649deaa2bde687a7fdc6eb4540b7bde03e8d8561fefe498a74b7a4e918207715c48aee8f8b08ebcac5fa65753b2cb5a6e8647935dd3ae9bdedeed1eafad9aef0f0a0fcfa582af0afe8b8c1fdb3d9931326264c2c60f5a0e9101f77cb8d088a63de0b335cdbed01c4d732e3457d3dc0bcdd3346fa0c16ec924aca8b7b006e8e340df89ba162756bdbbe05f91a624f407dab16cda60a1bdc4449857da7e7117b17b588f59c515fcc5eb78d5d07ba8112263c3cedc353d8ba37ac43b600373f758434515d50bc823e1b1c59ff8326cd6258776dc9c9bed6521fe6572bce63d2c4d1decce4a488dfd3a62d8892a51be874982d3d4540172e2309d6e0dec8e3bb7ba8126bf85ba7f62bb84f6ac9a312dea4ea27fc3eb1287a80897896f174b27b7d36510227fe9159eefa78e93e57ef1cf3ca4fadfee9b7f010000ffff0300504b030414000600080000002100fd7238b1910d00006e8100000f000000776f72642f7374796c65732e786d6ce49d4b73db3812c7ef5bb5df81a5d3eec1b1e567921a67ca76ec8d6bf2f044cee40c919085094968f988edf9f40b80a404aa098a0d7652bbb5275ba4fa07b0ffdd0d8014c95f7e7d4ae2e03bcf7221d3f3c9f4c5c124e0692823913e9c4fbedcdfecbd9c0479c1d288c532e5e793679e4f7e7df3f7bffdf2f83a2f9e639e070a90e6af93f07cb22c8ad5ebfdfd3c5cf284e52fe48aa76ae74266092bd4c7ec613f61d9b772b517ca64c50a3117b1289ef70f0f0e4e2735261b42918b8508f95b1996094f0b63bf9ff15811659a2fc52a6f688f43688f328b56990c799eab834ee28a973091ae31d363004a4498c95c2e8a17ea60ea1e1994329f1e98ff92780338c1010ed780247c7dfb90ca8ccd63e57dd59340c1266f94fb2319bee50b56c645ae3f667759fdb1fe64fedcc8b4c883c7d72c0f85b8572d2b482214efdd459a8b89dac3595e5ce48275ee5cea7f3af78479616dbe149198eceb16f3bfd4ceef2c3e9f1c1e365bae740f5adb62963e34db78be77f5deee89da94ee7d99e94d73c53d9fb06c6f76a10df7eb03abfe5a87bbdafe641a5eb1509876d8a2e02ab2a6a7071a1a0b1dc88727af9a0f9f4bed5b5616b26ec400aabf6bec3ef0b80a38157eb32a0bd45ebe782fc36f3c9a156ac7f9c4b4a5367eb9bdcb84cc54a49f4f5e9936d5c6194fc43b11453cb5be982e45c4bf2e79fa25e7d166fbef37265aeb0da12c53f5ffd1d9d444419c47d74f215fe9d8577b53a635f9a80d62fded526c1a37e6ff6e60d35a892efb2567ba0004d36d84e93e0a71a82d72eb68bb99e5d6b19b6fa11a3afa590d1dffac864e7e5643a73faba1b39fd5d0cb9fd590c1fcc886441af1a72a11613380ba8be3c84634c7916c688e2397d01c47aaa0398e4c40731c818ee638e218cd7184298253c8d0158556b01f39a2bd9fbb7b8cf0e3ee1e12fcb8bb47003feeee82efc7dd5ddffdb8bbcbb91f7777f5f6e3ee2ed6786e35d50a6e559aa5c5e82c5b4859a4b2e041c19fc6d358aa58665544c3d3831ecf480e92005355b67a201e4d0b99f9bc3b424c92fa8fe7855ec80572112cc44399a9c5f4d88ef3f43b8fd5b2366051a47884c08c1765e6f0884f4c677cc1339e869c32b0e9a07a2518a465322788cd157b2063f13422765f4324290aeb8056ebe7a54e124110d4090b3339be6b9291d587f7221fef2b0d092ecb38e644ac8f34216658e3d70606337e696030e3570606337e61606946e5a29a46e4a99a46e4b09a46e4b72a3ea9fc56d388fc56d388fc56d3c6fbed5e14b129f1f6ac633afcdcdd552cf579ecd1fd98898794a909c0f8e1a63e671adcb18c3d646cb50cf459e96eac7dccd8762e65f41cdc3bc7b4ed33a15e68aa89be89992be5069196e33ddca25165db9a47946f6b1e51c6ad79e373ee839a37eb19db3b9a05ceac9c179d596c4883b278c6e2b29ae18e4f3f568c8fb04d02dc882c274b836e2c41047fd4f35b2d274529dcf4727cc736acf169b55d9548bb5723097a19cbf05b4f5d46a0de3daf78a6d669df46936e641ccb471ed111674526ab58b353fed0483228e5af93d592e5c22c9e5a88e1637f73493cf8c056a30fe82e6622a5d1ed7a2f61220ee8a614efee3fbc0feee54aaf3bb563688097b2286442c6ac4f0dfee32b9fff93a683176a559c3e131ded05d1f92203bb1204834c4592111149cd3b452a48c650c3fb8d3fcf25cb221ada5dc6ab5fa1149c883863c9aa9a7410e496aa8b8faafe10cc860cef0f96097da2882aa9ee4960d679c4bc9cffc9c3f1a5eea30c484e157d2a0b7342d24c758d351d6efc34a1851b3f45306aaae141c72fc1c1b670e30fb685a33ad8ab98e5b9705e53f5e6511d6ec3a33edef18bbf9a2763992dca98ce810d90cc830d90cc85322e9334a73c62c3233c60c3a33e5ec290313c82737486f7af4c44646218189512064625838151696060a4028cffc98e051bffbb1d0b36fec73b158c680a60c1a8e28c74f827baec63c1a8e2ccc0a8e2ccc0a8e2ccc0a8e2ece86dc0170b3509a61b622c2455cc5948ba81262d78b29219cb9e8990d7317f600427482bda5d2617faf6049956bfea2640ea73d431e164bbc25189fc95cfc9baa65994fd223823cae2584aa2736b9b01c758b6ae72edb23277768ceec15dcc42be9471c433c721b96dd5727956dda6b1dd7bd38d41673ddf8b876511cc96eb93fd36e6b4cf0b9565b35e6f99ed6eb0cbe5a7cdfd2d5d661f7824caa4e928bcb9e2f468b8b109e896f1f16ee3cd44a2657932d012b679badb7233496e599e0db4846dbe1c6869d2b465f9aac7f22dcbbe7506c2595ffcac97788ee03beb8ba2b57167b37d81b4b6ec0ac1b3be286aa54a701186fa6201546758ceb8ed87258fdb1e93456e0a269ddc94c179e546f425d867fe5de8811d53344d7beb5f536c377764e6d0832ae7efa5ac4edbb7ae370dbfc9eb56cd9bd29c079d9ca3e1d7ad5a55c6edc7c1e5c68d185c77dc88c105c88d1854899ce6a892e4a60cae4d6ec4e022e546a0ab151c1170d50adae3aa15b4f7a95690e253ad46cc02dc88c1d30137029da810814ed4113305370295a8c0dc2b5121059da810814e548840272a9c80e11215dae31215dafb242aa4f8242aa4a0131522d0890a11e844850874a242043a513de7f64e73af44851474a242043a5121029da866be382251a13d2e51a1bd4fa2428a4fa2420a3a5121029da810814e548840272a44a013152250890accbd121552d0890a11e844850874a256b71efa272ab4c7252ab4f7495448f149544841272a44a0131522d0890a11e844850874a242042a5181b957a2420a3a5121029da810814e5473ad7044a2427b5ca2427b9f4485149f44851474a242043a5121029da810814e548840272a44a01215987b252aa4a0131522d0890a117df1595fa174fdca7e8a3febe9fcc1fef04b5775a73edbb776dba8a3e1a8a6576ed6f05b112ea5fc1674de887864d61bc320621e0b694e513baeaadb5cf38b08d475cf4f57fd37f8d8f4910f61aa6f8530d74c01fc78a82538a772dc17f2b62558e41df745ba6d09669dc77dd5d7b604c3e0715fd13579d9fc26450d47c0b8afcc58c65387795fb5b6cca18bfb6ab465083ddc57992d43e8e0be7a6c199e04ba386f5b9f0cf4d3e9fae7a580d0178e16e1cc4de80b4ba855538e61620c15cd4d18aa9e9b3054463701a5a7138317d68d422bec46f9490dd30c2bb57fa2ba0958a921c14b6a80f1971aa2bca586283fa96161c44a0d0958a9fd8bb39be02535c0f84b0d51de5243949fd47028c34a0d0958a921012bf5c801d989f1971aa2bca586283fa9e1e40e2b352460a58604acd490e02535c0f84b0d51de5243949fd460958c961a12b0524302566a48f0921a60fca586286fa921aa4f6a7316a525354a61cb1c3709b30c7103b265882bce96a1c76ac9b2f65c2d5904cfd512d4aad11cb75ab245731386aae7260c95d14d40e9e9c4e08575a3d00abb517e52e3564b5d52fb27aa9b80951ab75a724a8d5b2df54a8d5b2df54a8d5b2db9a5c6ad96baa4c6ad96baa4f62fce6e8297d4b8d552afd4b8d552afd4b8d5925b6adc6aa94b6adc6aa94b6adc6aa94bea9103b213e32f356eb5d42b356eb5e4961ab75aea921ab75aea921ab75aea921ab75a724a8d5b2df54a8d5b2df54a8d5b2db9a5c6ad96baa4c6ad96baa4c6ad96baa4c6ad969c52e3564bbd52e3564bbd523b564bfb8fad173269b6794199fa72f1bce2fa99dcd60d3351f54cd2fa22a0f9e26db47e719236d63d09ea5754d59b4d87eb0b86558bc61036152e555b61fdf024475337a5ea2b8ff82acbd842ae32f5af36d86edaf1f054d3958d139a6fd74edd5c0cadbed7baf0d9dbf3423bbda7d75a1496f679a9d2cdd5c1577520eeeaa1eacf3cae5ee3a5feb94d230578ac1fdc5af5347a62154aedbfe271fc8155df962bf75763be28aabdd30373d7fcd6fe79f50038a77d664a8513b0dfee4cf5b17e9598c3dfd533e2eb6bd80e9fcf441aab84601d0e373fa918ebeb01d1d0d63f946958b2280bcb1876aa4a5b7dbea3f62953ad7cd2b9bddedd0450e5d35c6871cdce8383ebcbc3571757d51ed76bdcec97b81daf3f74bfc40d174797328b78666a471547a657fa71cab51bfe52a5d4fca3fac4d72f6453f569d3f23acabc6cd711e865ddc4a797b1489512fcdd38f33ffcccab54b1ddffbf9cd4ad9166933afca990117f88e55c82ac693d12a02b6fec21483fafb4d96e53af5836beeeb6f3f1eae6e4e5db6bca7cec7c33a52a72fc41f2e0cbad36376f9d6c6f0a73eb737524eb174d4eebe991fda2c96a9bf5bec821237558e62a52ccfc018c7b5b6eded6cfec0f221e986f046b25b654740cfabdaa222575ebf7dfe5f9ee24b9338e8978f78067e6859b1b9f77e509f4d951fdeba7cd246edb619787d383839b56c00b336ae832a37fa5584f8143fdcc98a7a26471fdfc0a2bc8bd2a837e9dd18aa791d01102ebc3fad9f6e8e2d0026f4ac4aecc7f7b7174f39220f31f5fff193654558a8d6a3babc1bd48781e7ce48fc16799307373fce6edb01d3bebb8edd8a3c3777bf356141fd641d17a516db3d2a95e546bbd9a36dfbb9efd80da0254da8e80aac2b4be465366da81b72312fe6ff45aabf3992f221e4afd586da6aa09d0a5f35d545851e806ecd3ebe9c5cbfad7a1b55856bdae4f66b4eab5d9e65baf4d040df38e79db14ba7a6dd83f6076633b0bd438ec8cc60ad03a18618012178db673b67d5f558ccd7768ca8525364e0d449c8e7160779c5ee465aa6754f1b0586d9e06dde5ad4e2fa4fa95097d5fb0fdd8d1991f1cdcb587e7d5f15ce5a4a1e8389c6df7565f5373e478484cba927f871fa963d2f6986f8436ffe56ffe030000ffff0300504b030414000600080000002100743f397ac2000000280100001e000801637573746f6d586d6c2f5f72656c732f6974656d312e786d6c2e72656c7320a2040128a00001000000000000000000000000000000000000000000000000000000000000000000000000000000000000000000000000000000000000000000000000000000000000000000000000000000000000000000000000000000000000000000000000000000000000000000000000000000000000000000000000000000000000000000000000000000000000000000000000000000000000000000000000000000000000000000000000000000000000000000000000000000000000000000000000000000000000000000000000000000000000000000000000000000000000000000000000000000000000000000000000000000000000000000000000000000008ccfb18ac3300c06e0fde0dec1686f9cdc50ca11a74b29743b4a0eba1a47494c63cb586a69dfbee6a62b74e82889fffb51bbbd85455d31b3a768a0a96a50181d0d3e4e067efbfd6a038ac5c6c12e14d1c01d19b6dde7477bc4c54a09f1ec13aba24436308ba46fadd9cd182c57943096cb48395829639e74b2ee6c27d45f75bdd6f9bf01dd93a90e83817c181a50fd3de13b368da377b823770918e545857617160aa7b0fc642a8daab7794231e005c3dfaaa98a09ba6bf5d37fdd030000ffff0300504b030414000600080000002100e4f9f8fd0c0300004815000012000000776f72642f6e756d626572696e672e786d6cec585f6fda30107f9fb4ef8022ed610f257f3049404dabb5ac53a76e9ab6ee0398c410abfe13d926946f3f3b2101528a129878e2c989efee77f7f39d2fa75cdfbe52d2cb919098b3c872fb8ed5432ce60966f3c8fafbfc70155a3da9204b20e10c45d60a49ebf6e6e387ebe5982de81409add8d3184c8e97591c59a952d9d8b6659c220a659fe25870c967aa1f736af3d90cc7c85e7291d89ee33ac55326788ca4d438f790e5505a6b38fa168d678869e18c0b0a957e15739b42f1b2c8ae347a06159e6282d54a633b7e05c3236b21d8780d715507644cc66540eba5b2106dfc9626131e2f2862aaf0680b44740c9cc914671b1ac7a269615a81e48748e494547acbcc05a7e56022e0522f1bc036e127a5112565e487115da745460c446dd126845d9f55241462b6717cd4d16c1dae3bec06e03501b2f969c9f926f822dba0e1d3d01ed94b8d65ae7607ac7592b7a9c9d382f993c24cdf401a8f1fe78c0b38253a229db29e3ef59e296beb46b71c38954ac058fd5cd0decedb6312594ea1c2244eb42c8724b28600f860e24c2cdb48e88228fc8472449e5719aa74d2d554e0e4879111232b7515cd48a5e1040e084793afa584e44680f5623cea479511dda906c0f9e2386e50c4a01ba65095b95bdae96ef940eb4dc297483c21a590a8619fd16b2dffe47eaef7bfc7b5159aa9723bfb25cc8299e16ab6232bf08a7052c8e645f31ef88ed1b56b65b15e1e3853d26862a6cd1234839afc5ab5d0b10bb74db2ee1bb2a36247372cddf5726434fe1379afdf95bc0bc041f6fb29796f28dd9d42e937a790ed6734d8c748e079fa3e25cff57729b9610b4a832625e7e1484a098a3185ebfbd0e4033a67c80bc3233204ce5774c3ce94348323280dcf56747ef7a203834617695574fe798a2ee89ca1a1734c5b08ce577461774a41a32db4a2149eade846dd8bce078dd6f04ed1d93b9f7c8372701e28196dcf03fe3d1805eedda08ce4d8790004f7e02ef4c39a677dca9779e0320fb4bb259779e0320f5ce681cb3cd0a47499074e9a07583107b0edefffce5050f9afe0d81e33ef7db3e2002ab3722dff80defc030000ffff0300504b030414000600080000002100bdfe4d8fe10000005501000018002800637573746f6d586d6c2f6974656d50726f7073312e786d6c20a2240028a0200000000000000000000000000000000000000000000000000000000000000000009c90c16ac3300c86ef83bd83d1dd755aa7495be2948267e8756cb0abeb388921b683ed8c8db1779fc34edd7127f14948df8f9af3879dd0bb0ed178c760bb290069a77c67dcc0e0f545e003a098a4ebe4e49d66e03c9cdbc787a68ba74e2619930ffa9ab445b96172bd72065ff5b17e1282735cd3b2c6a5b8507c39ec05aef69cee685d95b4d87e03ca6a97cf4406634af38990a8466d65dcf859bb3cec7db032650c03f17d6f94e65e2d56bb4476455111b564bd7db313b46b9edfed67ddc77b5ca32dc1fcd77233b7c9f821c879fc04d236e48f6ae5bb57b43f000000ffff0300504b0304140006000800000021009eb37444970100002403000011000801646f6350726f70732f636f72652e786d6c20a2040128a00001000000000000000000000000000000000000000000000000000000000000000000000000000000000000000000000000000000000000000000000000000000000000000000000000000000000000000000000000000000000000000000000000000000000000000000000000000000000000000000000000000000000000000000000000000000000000000000000000000000000000000000000000000000000000000000000000000000000000000000000000000000000000000000000000000000000000000000000000000000000000000000000000000000000000000000000000000000000000000000000000000000000000000000000000000000008492514fdb301080df91f61f22bfa7b6d34299950669433c81844410d3de3cfb281e896dd95742ff3d4ed2a42b42da9befeebb4ff69dcbabf7b6c9de2044e3ec86f005231958e5b4b1db0d79ac6ff24b92459456cbc659d8903d4472557d3b2b9517ca05b80fce434003314b261b85f21bf282e805a551bd402be3221136159f5d6825a6306ca997ea556e81168c5dd016506a8992f6c2dccf4672506a352bfd2e3483402b0a0db4603152bee0f4c82284367ed93054fe215b837b0f5fa25371a6dfa399c1aeeb16dd7240d3fd39fd7577fb303c3537b69f950252955a0934d84055d2e3319de2eecf5f5038a6e7209d5500892e540f10b6c60de529d50ffb15f69d0b3aa6c69328611aa20ac6635ae1a83d4924ba9111efd24e9f0de81ffbea31ee64302ed3903d19ab5d1707e727aa6f0cf066fa9f51ad06620e27e97d3016415705e397395be57c5df3b55871c1d8efd93941e56137e3b3406769a662dcc054795afebcae6f48effb9eb3f39c15355f09be1c7d9ffa8fc2f670ebff1ad7797151b3a5382f4e8d93601ceee9bfae3e000000ffff0300504b030414000600080000002100503a6749cb0000003601000013002800637573746f6d586d6c2f6974656d312e786d6c20a2240028a020000000000000000000000000000000000000000000000000000000000000000000ac8f416ac3301045f785dc41cc3e969b4528c64e08a4592605b75d7523cb635b20cd1869129cdb5784b627e8f2338f37ffd7fb257875c3981c5303cf45090ac972ef686ce0e3fdb47e0195c4506f3c1336400cfbddeaa9eeaa96afd162522d7ab4827d2b779f81afc3dba1758b4cafbd932cbd0c83b37821ef088b2579500ff06c4286330beaf3f7fb16546e43a9ea1a9844e64aeb64270c26153c23e5dbc03118c9318e9a1fe223db6b4012bd29cbadee5ce71d8fd1ccd3fd47f62faa5dadff06e7f5df000000ffff0300504b0304140006000800000021009be251d0c4010000f805000012000000776f72642f666f6e745461626c652e786d6cbc92db6ae3301086ef0bfb0e42f78d65d7695a53a76cbb0914965ef4f0008a22db6275301a25debcfd8e6527bd68032d74232190fe99f924fdcccded5fa3c9567a50ce96349d304aa4156ead6c5dd2d797e5f9152510b85d73edac2ce94e02bd9dff38bbe98acad90004eb2d144694b409a12d920444230d87896ba5c560e5bce1018fbe4e0cf77f36edb970a6e541ad94566197648c5dd211e33f437155a584fce5c4c6481b627de2a546a2b3d0a816f6b4ee33b4cef975eb9d9000f867a3079ee1ca1e3069fe0e6494f00e5c1526f899f1451185e5298b3ba3df00d3af01b203c088e2a1b6cef39546f3f1250461743eba4fbac27283811765249047d9912767b88d092db70e648a395bae4bca329c97ec824d598e2bc35d4e933e5134dc83ec6143221be48a1ba5777bd5476e0cb42a8866af6fb957fde38610a81a031b58b1922e1863d962b9a4839296f41e95d9d5f46e54b2feae38ae47e5e2a0b05e1191138fe9c0119173c8c13b93c189778edc73ad565e1d7162191de8678e3e645f72023a05f00d4e64f9ec244e3ccbda49f2fa70c48abb68453e2e6c8bff6b45fe91158b7cb6574ed114e4b7aa9b70b435fa8638696bfc3c596b8c1b98ff030000ffff0300504b030414000600080000002100618d740a85010000a003000014000000776f72642f77656253657474696e67732e786d6c9493c94ec3301086ef48bc43e47b9ba4a22c5117a9aa8a90d80485bbe34c5a0bdb63d96e43797aa6493728077af2f89f99cf33fa93def053ab6809ce4b347d96b613168111584833ebb3b7e9a475cd221fb829b842037db602cf8683f3b35e955590bf420854e923a2189f69d167f3106c16c75ecc4173df460b8692253acd035ddd2cd6dc7d2c6c4ba0b63cc85c2a19567127492ed906e3fe43c1b29402c628161a4ca8fb63078a8868fc5c5abfa555ffa155e80aeb5080f7b48f560d4f73697698f4e208a4a570e8b10c6d5a6633518da2f634a923adf680ee6980ce0ea045763733e878aec8029a2422181b9007855cfacd1955992cc8c2b49b766e3a97ddabba20c76235ae934bae28cbe2b54a16dc4319b66ab2535fe46cfe873c457b2c8e3004d4bf741a6454b87514f63d863e1d4617ffb5ae5b07960bd8c4021592e37c11b041a883c94eebcc7f4c745aaf3bdcfc94d678bf74136ecfda18b4416af905137423879507d7bc066af564de1feeeb1b570aabe7c7db8676f05f0dbe010000ffff0300504b030414000600080000002100eb42aea4e4010000dd03000010000801646f6350726f70732f6170702e786d6c20a2040128a00001000000000000000000000000000000000000000000000000000000000000000000000000000000000000000000000000000000000000000000000000000000000000000000000000000000000000000000000000000000000000000000000000000000000000000000000000000000000000000000000000000000000000000000000000000000000000000000000000000000000000000000000000000000000000000000000000000000000000000000000000000000000000000000000000000000000000000000000000000000000000000000000000000000000000000000000000000000000000000000000000000000000000000000000000000000009c93cd8ed33010c7ef48bc43e4fbd64969d152b95ea1aed01e805da9d9ddb37126ad85635bf6b4daf24e3c052fc638a121054ee4f49f8f8c7f9e198b9b97ce164788c978b766d5ac640538ed1be3766bf6587fb8ba664542e51a65bd83353b416237f2f52bf1107d8088065241255c5ab33d6258719ef41e3a9566147614697dec14921977dcb7add170ebf5a103877c5e966f39bc20b8069aab30166443c5d511ffb768e375e64b4ff529503d296ae8825508f273fed30a3e3a44ed51d9da7420178b9202a3291ed40e92ac041f8478f6b149725e5e0b3e48b1d9aba83452fb64552d96824f1ce27d08d66885d459f9c9e8e8936fb1b8ef718b5c40f0698aa02b6c411fa2c1932490a9293e1a4704ef041f04a145b58b2aec8927f38d96d86a6561439797adb20904ffed1077a0f2601f94c97c475c1d41a38f4532df68b473567c510972cbd6eca8a2510ed9903618bdb6216194f58fef78b05ef0d1d3cb69e2549b456ee3202e137ba3a7207dc9571bb490ee5bba1dfe03b79ae2f60c03ec04674a763ee38faa1bdf05e5a8c37c54d4e2afe931d4fe36efc7af2e5e3a27837f36b8df06a5f3a6bc5956d3159884c496bcd0d04cc7b18c0e71475788361f40ffba1d34e79cbf0379a99e86d72aabe5aca4afdfa2b38f76617c46f227000000ffff0300504b01022d0014000600080000002100e424894c7d010000290600001300000000000000000000000000000000005b436f6e74656e745f54797065735d2e786d6c504b01022d00140006000800000021001e911ab7ef0000004e0200000b00000000000000000000000000b60300005f72656c732f2e72656c73504b01022d0014000600080000002100d7e6089e1b010000440400001c00000000000000000000000000d6060000776f72642f5f72656c732f646f63756d656e742e786d6c2e72656c73504b01022d00140006000800000021004134d8c9451500005be70000110000000000000000000000000033090000776f72642f646f63756d656e742e786d6c504b01022d0014000600080000002100381723332b0600008d1a00001500000000000000000000000000a71e0000776f72642f7468656d652f7468656d65312e786d6c504b01022d00140006000800000021000b00355e03050000330f0000110000000000000000000000000005250000776f72642f73657474696e67732e786d6c504b01022d0014000600080000002100fd7238b1910d00006e8100000f00000000000000000000000000372a0000776f72642f7374796c65732e786d6c504b01022d0014000600080000002100743f397ac2000000280100001e00000000000000000000000000f5370000637573746f6d586d6c2f5f72656c732f6974656d312e786d6c2e72656c73504b01022d0014000600080000002100e4f9f8fd0c030000481500001200000000000000000000000000fb390000776f72642f6e756d626572696e672e786d6c504b01022d0014000600080000002100bdfe4d8fe1000000550100001800000000000000000000000000373d0000637573746f6d586d6c2f6974656d50726f7073312e786d6c504b01022d00140006000800000021009eb3744497010000240300001100000000000000000000000000763e0000646f6350726f70732f636f72652e786d6c504b01022d0014000600080000002100503a6749cb00000036010000130000000000000000000000000044410000637573746f6d586d6c2f6974656d312e786d6c504b01022d00140006000800000021009be251d0c4010000f8050000120000000000000000000000000068420000776f72642f666f6e745461626c652e786d6c504b01022d0014000600080000002100618d740a85010000a003000014000000000000000000000000005c440000776f72642f77656253657474696e67732e786d6c504b01022d0014000600080000002100eb42aea4e4010000dd030000100000000000000000000000000013460000646f6350726f70732f6170702e786d6c504b0506000000000f000f00d40300002d4900000000),
(15, 41, 100000, '100000', '2019-08-30', 0x2f746d702f7068707838466a6b55),
(16, 41, 300000, '250000', '2019-08-22', 0x2f746d702f706870664a37433839);

-- --------------------------------------------------------

--
-- Table structure for table `TipoAdmin`
--

CREATE TABLE `TipoAdmin` (
  `idTipoAdmin` int(11) NOT NULL,
  `NombreTipoAdmin` varchar(50) DEFAULT NULL
) ENGINE=InnoDB DEFAULT CHARSET=latin1;

--
-- Dumping data for table `TipoAdmin`
--

INSERT INTO `TipoAdmin` (`idTipoAdmin`, `NombreTipoAdmin`) VALUES
(84, 'Encargado Solicitudes'),
(85, 'Encargado de Rendiciones'),
(86, 'Encargado de Solicitudes de dinero'),
(87, 'Administrador Principal');

-- --------------------------------------------------------

--
-- Table structure for table `Ubicada`
--

CREATE TABLE `Ubicada` (
  `idUbicada` int(11) NOT NULL,
  `idFacultad` int(11) NOT NULL,
  `idSede` int(11) NOT NULL
) ENGINE=InnoDB DEFAULT CHARSET=latin1;

--
-- Dumping data for table `Ubicada`
--

INSERT INTO `Ubicada` (`idUbicada`, `idFacultad`, `idSede`) VALUES
(22, 200, 99),
(23, 200, 97),
(24, 500, 99),
(25, 400, 97),
(26, 400, 98),
(27, 100, 99),
(28, 100, 98);

-- --------------------------------------------------------

--
-- Table structure for table `users`
--

CREATE TABLE `users` (
  `id` int(20) UNSIGNED NOT NULL,
  `name` varchar(255) COLLATE utf8mb4_unicode_ci NOT NULL,
  `email` varchar(255) COLLATE utf8mb4_unicode_ci NOT NULL,
  `email_verified_at` timestamp NULL DEFAULT NULL,
  `password` varchar(255) COLLATE utf8mb4_unicode_ci NOT NULL,
  `remember_token` varchar(100) COLLATE utf8mb4_unicode_ci DEFAULT NULL,
  `created_at` timestamp NULL DEFAULT NULL,
  `updated_at` timestamp NULL DEFAULT NULL,
  `role_id` int(11) DEFAULT NULL
) ENGINE=InnoDB DEFAULT CHARSET=utf8mb4 COLLATE=utf8mb4_unicode_ci;

--
-- Dumping data for table `users`
--

INSERT INTO `users` (`id`, `name`, `email`, `email_verified_at`, `password`, `remember_token`, `created_at`, `updated_at`, `role_id`) VALUES
(3, 'Bárbara Peña Barra', 'barbara.npb@gmail.com', NULL, '$2y$10$TNBROaSx65ei0qshbMa4w.9mmTnMZtActNLHjCgkZ7wcUFJ5aREoS', NULL, '2019-08-12 22:41:11', '2019-08-12 22:41:11', NULL),
(4, 'Javiera Espejo', 'javieraiespejo@gmail.com', NULL, '$2y$10$8Vu0PSHQg7kfKhAhuykxo.p46OMYd0tDXArTraKmYmT5CiZJdZYju', NULL, '2019-08-13 06:19:37', '2019-08-13 06:19:37', NULL),
(5, 'Alumno', 'alumno@alumno.cl', NULL, '$2y$10$4p05/pX91iK.unyfWseEGeqhGN6ZZ3n6M9L6uIBUnB4KuM8LCbXiK', NULL, '2019-08-13 07:48:11', '2019-08-13 07:48:11', NULL),
(6, 'Barbara Vergara', 'bnve@ubiobio.cl', NULL, '$2y$10$Vikp4I8gkJAF0frdUAfnpOkepnEONzOaFEE1nNwVvwpLMH7SnMjfa', NULL, '2019-08-13 20:11:01', '2019-08-13 20:11:01', NULL);

-- --------------------------------------------------------

--
-- Table structure for table `Verifica`
--

CREATE TABLE `Verifica` (
  `idVerifica` int(11) NOT NULL,
  `idAdmin` int(11) NOT NULL,
  `idSolicitud` int(11) NOT NULL,
  `Estado` varchar(15) DEFAULT NULL
) ENGINE=InnoDB DEFAULT CHARSET=latin1;

--
-- Dumping data for table `Verifica`
--

INSERT INTO `Verifica` (`idVerifica`, `idAdmin`, `idSolicitud`, `Estado`) VALUES
(1, 701, 2, 'Rechazada'),
(2, 702, 3, 'Aprobada');

--
-- Indexes for dumped tables
--

--
-- Indexes for table `Actividades`
--
ALTER TABLE `Actividades`
  ADD PRIMARY KEY (`idActividad`),
  ADD KEY `idDirectiva` (`idDirectiva`);

--
-- Indexes for table `Administradores`
--
ALTER TABLE `Administradores`
  ADD PRIMARY KEY (`idAdmin`),
  ADD KEY `idTipoAdmin` (`idTipoAdmin`);

--
-- Indexes for table `Agrupacion`
--
ALTER TABLE `Agrupacion`
  ADD PRIMARY KEY (`idAgrupacion`),
  ADD KEY `idEstadoA` (`idEstadoA`),
  ADD KEY `idDirectiva` (`idDirectiva`),
  ADD KEY `idTiempo` (`idTiempo`);

--
-- Indexes for table `Alumno`
--
ALTER TABLE `Alumno`
  ADD PRIMARY KEY (`idAlumno`),
  ADD KEY `idEstado` (`idEstado`);

--
-- Indexes for table `Cargo`
--
ALTER TABLE `Cargo`
  ADD PRIMARY KEY (`idCargo`),
  ADD KEY `idAlumno` (`idAlumno`),
  ADD KEY `idRol` (`idRol`);

--
-- Indexes for table `Carrera`
--
ALTER TABLE `Carrera`
  ADD PRIMARY KEY (`idCarrera`),
  ADD KEY `idFacultad` (`idFacultad`);

--
-- Indexes for table `DetalleBoleta`
--
ALTER TABLE `DetalleBoleta`
  ADD PRIMARY KEY (`idDetalle`),
  ADD KEY `idRendicion` (`idRendicion`);

--
-- Indexes for table `Directiva`
--
ALTER TABLE `Directiva`
  ADD PRIMARY KEY (`idDirectiva`),
  ADD KEY `idRol` (`idRol`);

--
-- Indexes for table `EstadoAgrupacion`
--
ALTER TABLE `EstadoAgrupacion`
  ADD PRIMARY KEY (`idEstadoA`);

--
-- Indexes for table `estadoAlumno`
--
ALTER TABLE `estadoAlumno`
  ADD PRIMARY KEY (`idEstado`);

--
-- Indexes for table `Estudia`
--
ALTER TABLE `Estudia`
  ADD PRIMARY KEY (`idEstudia`),
  ADD KEY `idAlumno` (`idAlumno`),
  ADD KEY `idCarrera` (`idCarrera`);

--
-- Indexes for table `EvaluaAceptacion`
--
ALTER TABLE `EvaluaAceptacion`
  ADD PRIMARY KEY (`idEvaluaAceptacion`),
  ADD KEY `idAdmin` (`idAdmin`),
  ADD KEY `idAgrupacion` (`idAgrupacion`);

--
-- Indexes for table `Facultad`
--
ALTER TABLE `Facultad`
  ADD PRIMARY KEY (`idFacultad`);

--
-- Indexes for table `Integra`
--
ALTER TABLE `Integra`
  ADD PRIMARY KEY (`idIntegra`),
  ADD KEY `idAlumno` (`idAlumno`),
  ADD KEY `idAgrupacion` (`idAgrupacion`);

--
-- Indexes for table `NivelSancion`
--
ALTER TABLE `NivelSancion`
  ADD PRIMARY KEY (`idNivel`);

--
-- Indexes for table `RendicionCuentas`
--
ALTER TABLE `RendicionCuentas`
  ADD PRIMARY KEY (`idRendicion`),
  ADD KEY `idDirectiva` (`idDirectiva`);

--
-- Indexes for table `Revisa`
--
ALTER TABLE `Revisa`
  ADD PRIMARY KEY (`idRevisa`),
  ADD KEY `idRendicion` (`idRendicion`),
  ADD KEY `idAdmin` (`idAdmin`);

--
-- Indexes for table `rolDirectiva`
--
ALTER TABLE `rolDirectiva`
  ADD PRIMARY KEY (`idRol`);

--
-- Indexes for table `Sancion`
--
ALTER TABLE `Sancion`
  ADD PRIMARY KEY (`idSacion`),
  ADD KEY `idNivel` (`idNivel`),
  ADD KEY `idAlumno` (`idAlumno`);

--
-- Indexes for table `Sede`
--
ALTER TABLE `Sede`
  ADD PRIMARY KEY (`idSede`);

--
-- Indexes for table `SolicitudDinero`
--
ALTER TABLE `SolicitudDinero`
  ADD PRIMARY KEY (`idSolicitud`),
  ADD KEY `idDirectiva` (`idDirectiva`);

--
-- Indexes for table `TipoAdmin`
--
ALTER TABLE `TipoAdmin`
  ADD PRIMARY KEY (`idTipoAdmin`);

--
-- Indexes for table `Ubicada`
--
ALTER TABLE `Ubicada`
  ADD PRIMARY KEY (`idUbicada`),
  ADD KEY `idFacultad` (`idFacultad`),
  ADD KEY `idSede` (`idSede`);

--
-- Indexes for table `users`
--
ALTER TABLE `users`
  ADD PRIMARY KEY (`id`);

--
-- Indexes for table `Verifica`
--
ALTER TABLE `Verifica`
  ADD PRIMARY KEY (`idVerifica`),
  ADD KEY `idAdmin` (`idAdmin`),
  ADD KEY `idSolicitud` (`idSolicitud`);

--
-- AUTO_INCREMENT for dumped tables
--

--
-- AUTO_INCREMENT for table `Actividades`
--
ALTER TABLE `Actividades`
  MODIFY `idActividad` int(11) NOT NULL AUTO_INCREMENT, AUTO_INCREMENT=130;
--
-- AUTO_INCREMENT for table `Administradores`
--
ALTER TABLE `Administradores`
  MODIFY `idAdmin` int(11) NOT NULL AUTO_INCREMENT, AUTO_INCREMENT=703;
--
-- AUTO_INCREMENT for table `Agrupacion`
--
ALTER TABLE `Agrupacion`
  MODIFY `idAgrupacion` int(11) NOT NULL AUTO_INCREMENT, AUTO_INCREMENT=10079;
--
-- AUTO_INCREMENT for table `Alumno`
--
ALTER TABLE `Alumno`
  MODIFY `idAlumno` int(11) NOT NULL AUTO_INCREMENT, AUTO_INCREMENT=23;
--
-- AUTO_INCREMENT for table `Cargo`
--
ALTER TABLE `Cargo`
  MODIFY `idCargo` int(11) NOT NULL AUTO_INCREMENT, AUTO_INCREMENT=68;
--
-- AUTO_INCREMENT for table `Carrera`
--
ALTER TABLE `Carrera`
  MODIFY `idCarrera` int(11) NOT NULL AUTO_INCREMENT, AUTO_INCREMENT=20;
--
-- AUTO_INCREMENT for table `DetalleBoleta`
--
ALTER TABLE `DetalleBoleta`
  MODIFY `idDetalle` int(11) NOT NULL AUTO_INCREMENT;
--
-- AUTO_INCREMENT for table `Directiva`
--
ALTER TABLE `Directiva`
  MODIFY `idDirectiva` int(11) NOT NULL AUTO_INCREMENT, AUTO_INCREMENT=46;
--
-- AUTO_INCREMENT for table `EstadoAgrupacion`
--
ALTER TABLE `EstadoAgrupacion`
  MODIFY `idEstadoA` int(11) NOT NULL AUTO_INCREMENT, AUTO_INCREMENT=37;
--
-- AUTO_INCREMENT for table `estadoAlumno`
--
ALTER TABLE `estadoAlumno`
  MODIFY `idEstado` int(11) NOT NULL AUTO_INCREMENT, AUTO_INCREMENT=106;
--
-- AUTO_INCREMENT for table `Estudia`
--
ALTER TABLE `Estudia`
  MODIFY `idEstudia` int(11) NOT NULL AUTO_INCREMENT, AUTO_INCREMENT=6;
--
-- AUTO_INCREMENT for table `Facultad`
--
ALTER TABLE `Facultad`
  MODIFY `idFacultad` int(11) NOT NULL AUTO_INCREMENT, AUTO_INCREMENT=501;
--
-- AUTO_INCREMENT for table `Integra`
--
ALTER TABLE `Integra`
  MODIFY `idIntegra` int(11) NOT NULL AUTO_INCREMENT, AUTO_INCREMENT=1000002;
--
-- AUTO_INCREMENT for table `NivelSancion`
--
ALTER TABLE `NivelSancion`
  MODIFY `idNivel` int(11) NOT NULL AUTO_INCREMENT;
--
-- AUTO_INCREMENT for table `RendicionCuentas`
--
ALTER TABLE `RendicionCuentas`
  MODIFY `idRendicion` int(11) NOT NULL AUTO_INCREMENT, AUTO_INCREMENT=11020;
--
-- AUTO_INCREMENT for table `Revisa`
--
ALTER TABLE `Revisa`
  MODIFY `idRevisa` int(11) NOT NULL AUTO_INCREMENT, AUTO_INCREMENT=803;
--
-- AUTO_INCREMENT for table `rolDirectiva`
--
ALTER TABLE `rolDirectiva`
  MODIFY `idRol` int(11) NOT NULL AUTO_INCREMENT, AUTO_INCREMENT=507;
--
-- AUTO_INCREMENT for table `Sancion`
--
ALTER TABLE `Sancion`
  MODIFY `idSacion` int(11) NOT NULL AUTO_INCREMENT;
--
-- AUTO_INCREMENT for table `Sede`
--
ALTER TABLE `Sede`
  MODIFY `idSede` int(11) NOT NULL AUTO_INCREMENT, AUTO_INCREMENT=100;
--
-- AUTO_INCREMENT for table `SolicitudDinero`
--
ALTER TABLE `SolicitudDinero`
  MODIFY `idSolicitud` int(11) NOT NULL AUTO_INCREMENT, AUTO_INCREMENT=17;
--
-- AUTO_INCREMENT for table `TipoAdmin`
--
ALTER TABLE `TipoAdmin`
  MODIFY `idTipoAdmin` int(11) NOT NULL AUTO_INCREMENT, AUTO_INCREMENT=88;
--
-- AUTO_INCREMENT for table `Ubicada`
--
ALTER TABLE `Ubicada`
  MODIFY `idUbicada` int(11) NOT NULL AUTO_INCREMENT, AUTO_INCREMENT=29;
--
-- AUTO_INCREMENT for table `users`
--
ALTER TABLE `users`
  MODIFY `id` int(20) UNSIGNED NOT NULL AUTO_INCREMENT, AUTO_INCREMENT=7;
--
-- AUTO_INCREMENT for table `Verifica`
--
ALTER TABLE `Verifica`
  MODIFY `idVerifica` int(11) NOT NULL AUTO_INCREMENT, AUTO_INCREMENT=3;
--
-- Constraints for dumped tables
--

--
-- Constraints for table `Actividades`
--
ALTER TABLE `Actividades`
  ADD CONSTRAINT `Actividades_ibfk_1` FOREIGN KEY (`idDirectiva`) REFERENCES `Directiva` (`idDirectiva`);

--
-- Constraints for table `Administradores`
--
ALTER TABLE `Administradores`
  ADD CONSTRAINT `Administradores_ibfk_1` FOREIGN KEY (`idTipoAdmin`) REFERENCES `TipoAdmin` (`idTipoAdmin`);

--
-- Constraints for table `Agrupacion`
--
ALTER TABLE `Agrupacion`
  ADD CONSTRAINT `Agrupacion_ibfk_1` FOREIGN KEY (`idEstadoA`) REFERENCES `EstadoAgrupacion` (`idEstadoA`),
  ADD CONSTRAINT `Agrupacion_ibfk_2` FOREIGN KEY (`idDirectiva`) REFERENCES `Directiva` (`idDirectiva`);

--
-- Constraints for table `Alumno`
--
ALTER TABLE `Alumno`
  ADD CONSTRAINT `Alumno_ibfk_1` FOREIGN KEY (`idEstado`) REFERENCES `estadoAlumno` (`idEstado`);

--
-- Constraints for table `Cargo`
--
ALTER TABLE `Cargo`
  ADD CONSTRAINT `Cargo_ibfk_1` FOREIGN KEY (`idAlumno`) REFERENCES `Alumno` (`idAlumno`),
  ADD CONSTRAINT `Cargo_ibfk_2` FOREIGN KEY (`idRol`) REFERENCES `rolDirectiva` (`idRol`);

--
-- Constraints for table `Carrera`
--
ALTER TABLE `Carrera`
  ADD CONSTRAINT `Carrera_ibfk_1` FOREIGN KEY (`idFacultad`) REFERENCES `Facultad` (`idFacultad`);

--
-- Constraints for table `DetalleBoleta`
--
ALTER TABLE `DetalleBoleta`
  ADD CONSTRAINT `DetalleBoleta_ibfk_1` FOREIGN KEY (`idRendicion`) REFERENCES `RendicionCuentas` (`idRendicion`);

--
-- Constraints for table `Directiva`
--
ALTER TABLE `Directiva`
  ADD CONSTRAINT `Directiva_ibfk_1` FOREIGN KEY (`idRol`) REFERENCES `rolDirectiva` (`idRol`);

--
-- Constraints for table `Estudia`
--
ALTER TABLE `Estudia`
  ADD CONSTRAINT `Estudia_ibfk_1` FOREIGN KEY (`idAlumno`) REFERENCES `Alumno` (`idAlumno`),
  ADD CONSTRAINT `Estudia_ibfk_2` FOREIGN KEY (`idCarrera`) REFERENCES `Carrera` (`idCarrera`);

--
-- Constraints for table `EvaluaAceptacion`
--
ALTER TABLE `EvaluaAceptacion`
  ADD CONSTRAINT `EvaluaAceptacion_ibfk_1` FOREIGN KEY (`idAdmin`) REFERENCES `Administradores` (`idAdmin`),
  ADD CONSTRAINT `EvaluaAceptacion_ibfk_2` FOREIGN KEY (`idAgrupacion`) REFERENCES `Agrupacion` (`idAgrupacion`);

--
-- Constraints for table `Integra`
--
ALTER TABLE `Integra`
  ADD CONSTRAINT `Integra_ibfk_1` FOREIGN KEY (`idAlumno`) REFERENCES `Alumno` (`idAlumno`),
  ADD CONSTRAINT `Integra_ibfk_2` FOREIGN KEY (`idAgrupacion`) REFERENCES `Agrupacion` (`idAgrupacion`);

--
-- Constraints for table `RendicionCuentas`
--
ALTER TABLE `RendicionCuentas`
  ADD CONSTRAINT `RendicionCuentas` FOREIGN KEY (`idDirectiva`) REFERENCES `Directiva` (`idDirectiva`);

--
-- Constraints for table `Revisa`
--
ALTER TABLE `Revisa`
  ADD CONSTRAINT `Revisa_ibfk_1` FOREIGN KEY (`idRendicion`) REFERENCES `RendicionCuentas` (`idRendicion`),
  ADD CONSTRAINT `Revisa_ibfk_2` FOREIGN KEY (`idAdmin`) REFERENCES `Administradores` (`idAdmin`);

--
-- Constraints for table `Sancion`
--
ALTER TABLE `Sancion`
  ADD CONSTRAINT `Sancion_ibfk_1` FOREIGN KEY (`idNivel`) REFERENCES `NivelSancion` (`idNivel`),
  ADD CONSTRAINT `Sancion_ibfk_2` FOREIGN KEY (`idAlumno`) REFERENCES `Alumno` (`idAlumno`);

--
-- Constraints for table `SolicitudDinero`
--
ALTER TABLE `SolicitudDinero`
  ADD CONSTRAINT `SolicitudDinero_ibfk_1` FOREIGN KEY (`idDirectiva`) REFERENCES `Directiva` (`idDirectiva`);

--
-- Constraints for table `Ubicada`
--
ALTER TABLE `Ubicada`
  ADD CONSTRAINT `Ubicada_ibfk_1` FOREIGN KEY (`idFacultad`) REFERENCES `Facultad` (`idFacultad`),
  ADD CONSTRAINT `Ubicada_ibfk_2` FOREIGN KEY (`idSede`) REFERENCES `Sede` (`idSede`);

--
-- Constraints for table `Verifica`
--
ALTER TABLE `Verifica`
  ADD CONSTRAINT `Verifica_ibfk_1` FOREIGN KEY (`idAdmin`) REFERENCES `Administradores` (`idAdmin`),
  ADD CONSTRAINT `Verifica_ibfk_2` FOREIGN KEY (`idSolicitud`) REFERENCES `SolicitudDinero` (`idSolicitud`);

/*!40101 SET CHARACTER_SET_CLIENT=@OLD_CHARACTER_SET_CLIENT */;
/*!40101 SET CHARACTER_SET_RESULTS=@OLD_CHARACTER_SET_RESULTS */;
/*!40101 SET COLLATION_CONNECTION=@OLD_COLLATION_CONNECTION */;
