INSERT INTO fundraiser_react.Account (id, balance, currency, email, funds, goalName, ipAddress, password, role, userName) VALUES (1, 5000, 2, 'tyhpet@gmail.com', 0, 'admin', '0:0:0:0:0:0:0:1', '$2a$10$7vrIT1VNSqToRxaK/5PyruTS2fLjrC/1vuOvdq2RIGfYRKcIe35qC', 'ROLE_ADMINISTRATOR', 'admin');
INSERT INTO fundraiser_react.Account (id, balance, currency, email, funds, goalName, ipAddress, password, role, userName) VALUES (2, 2686, 2, 'peter.bathy@gmail.com', 0, 'user', '0:0:0:0:0:0:0:1', '$2a$10$0M/uxIMBSOG4uS8XXcHi/OD3tEAcEm2hXvLY9/LElWg.7LcDIP1zC', 'ROLE_USER', 'user');
INSERT INTO fundraiser_react.Account (id, balance, currency, email, funds, goalName, ipAddress, password, role, userName) VALUES (7, 5000, 2, 'kissg@tonline.hu', 0, 'user', '0:0:0:0:0:0:0:1', '$2a$10$5ye8rrPZN21XFE7ars9LauY26j7hDk/m40LD/QJeY1LNKC.UCHtui', 'ROLE_USER', 'Kiss Gábor');
INSERT INTO fundraiser_react.Account (id, balance, currency, email, funds, goalName, ipAddress, password, role, userName) VALUES (8, 5000, 2, 'tyhpeter@gmail.com', 0, 'user', '0:0:0:0:0:0:0:1', '$2a$10$UGn45ZoiSb/PDvDlI.LwROhME.4Cu9FzQj0SYKZN5RnEWarDJa5im', 'ROLE_USER', 'Péter');
INSERT INTO fundraiser_react.Account (id, balance, currency, email, funds, goalName, ipAddress, password, role, userName) VALUES (5, 5000, 3, 'sjd@greatb.com', 0, 'user', '0:0:0:0:0:0:0:1', '$2a$10$VzXMS4umB0fWyoiifdSv4eLJXJaAkgMrAQD5fdjRkyP2qbijovZNe', 'ROLE_USER', 'Sir John Doe');

INSERT INTO fundraiser_react.Category (id, name) VALUES (1, 'Education');
INSERT INTO fundraiser_react.Category (id, name) VALUES (2, 'Green tech');
INSERT INTO fundraiser_react.Category (id, name) VALUES (3, 'Fashion');
INSERT INTO fundraiser_react.Category (id, name) VALUES (4, 'Health');
INSERT INTO fundraiser_react.Category (id, name) VALUES (5, 'Home');
INSERT INTO fundraiser_react.Category (id, name) VALUES (6, 'Travel & outdoor');
INSERT INTO fundraiser_react.Category (id, name) VALUES (7, 'Kitchen');

INSERT INTO fundraiser_react.Email (id, allowedParameter, emailBody, emailSubject, templateName) VALUES (1, '{username}', '<p>Tesztemail szövege</p>
<p>új sorban</p>
<p>még több szöveg</p>', 'Registration on Fundraiser', 'Registration email');
INSERT INTO fundraiser_react.Email (id, allowedParameter, emailBody, emailSubject, templateName) VALUES (2, '', '<p>Második Tesztemail szövege</p>
<p>teszt még egy szöveg</p>
<p>még több szöveg</p>', 'Donation on Fundraiser', 'Donate email');

INSERT INTO fundraiser_react.Project (id, deadline, description, funds, goalFunds, imageUrl, name, account_id, category_id, createDate) VALUES (2, '2018-09-30', 'Are you tired of pushing your lawnmower? We have a solution. The Smart-mow maps your entire back yard to it''s hard drive and mows the lawn. Smart!', 650, 120000, 'https://res.cloudinary.com/dup84qpgn/image/upload/v1538056527/gardena-robotfunyiro-sileno-b-159294-10110.jpg', 'Smart-mow', 1, 2, '2018-09-17');
INSERT INTO fundraiser_react.Project (id, deadline, description, funds, goalFunds, imageUrl, name, account_id, category_id, createDate) VALUES (3, '2018-11-10', 'Fast printing speed, High resolution, and reliable 1080p SLA printer for everyone.', 7834, 12400, 'https://res.cloudinary.com/dup84qpgn/image/upload/v1538056328/yoogljbaat1w9aqes9fc.jpg', 'SparkMaker FHD-The Most Affordable SLA 3D Printer', 2, 1, '2018-09-17');
INSERT INTO fundraiser_react.Project (id, deadline, description, funds, goalFunds, imageUrl, name, account_id, category_id, createDate) VALUES (4, '2018-09-29', 'A complete Music STEAM DIY maker bundle with ukulele, amp and app for kids, age 9 and up!
', 5047, 5000, 'https://res.cloudinary.com/dup84qpgn/image/upload/v1538070364/f2lzqlpphaoff8mwdly6.jpg', 'STEAMusic: Music Learning & Maker Kit for Schools!', 1, 1, '2018-09-17');
INSERT INTO fundraiser_react.Project (id, deadline, description, funds, goalFunds, imageUrl, name, account_id, category_id, createDate) VALUES (5, '2018-12-10', 'Super portable, wireless charging, 310g payload, mic jack, one-key switch, zoom and focus control
', 8760, 10000, 'https://res.cloudinary.com/dup84qpgn/image/upload/v1538056328/t1e09oovtkwysntocnz1.png', 'ATOM: A pocket-sized 3-axis smartphone gimbal', 2, 6, '2018-09-17');
INSERT INTO fundraiser_react.Project (id, deadline, description, funds, goalFunds, imageUrl, name, account_id, category_id, createDate) VALUES (6, '2018-10-11', 'Created by SpaceX engineers. Looks and feels like a baseball cap. Safe as a traditional helmet.
', 40120, 50000, 'https://res.cloudinary.com/dup84qpgn/image/upload/v1538056328/olhrumbya4naoknofwmn.jpg', 'Park & Diamond: Collapsible Bike Helmet
', 1, 3, '2018-09-17');
INSERT INTO fundraiser_react.Project (id, deadline, description, funds, goalFunds, imageUrl, name, account_id, category_id, createDate) VALUES (7, '2018-10-25', 'EARTH: AR and AI enabled model of planet earth', 19455, 20000, 'https://res.cloudinary.com/dup84qpgn/image/upload/v1538070775/bjeaox9pq6ip4cfwxi5d.jpg', 'AR enabled EARTH globe taking you through time to explore our planet.', 2, 1, '2018-09-17');
INSERT INTO fundraiser_react.Project (id, deadline, description, funds, goalFunds, imageUrl, name, account_id, category_id, createDate) VALUES (8, '2018-09-28', 'Qbi Toy- Magnetic Modular Block Toys', 2671, 5000, 'https://res.cloudinary.com/dup84qpgn/image/upload/v1538070776/peslywfpuxbnepkxkqvf.png', 'A simple, versatile, and modular block toys that let parents and children enjoy the fun together.', 5, 1, '2018-09-17');
INSERT INTO fundraiser_react.Project (id, deadline, description, funds, goalFunds, imageUrl, name, account_id, category_id, createDate) VALUES (9, '2018-12-28', 'BE SMARTER! MAKE', 2653, 5184, 'https://res.cloudinary.com/dup84qpgn/image/upload/v1538070776/fuhcutiwsdib0r4gwohy.jpg', 'Create your microcontroller board', 2, 1, '2018-09-17');
INSERT INTO fundraiser_react.Project (id, deadline, description, funds, goalFunds, imageUrl, name, account_id, category_id, createDate) VALUES (10, '2019-07-21', 'VEELER : An Open Source Robot Kit', 0, 2650, 'https://res.cloudinary.com/dup84qpgn/image/upload/v1538070776/uoxsewbqjofpegsedwvj.png', 'VEELER is designed to teach kids Arduino programming', 5, 1, '2018-09-17');
INSERT INTO fundraiser_react.Project (id, deadline, description, funds, goalFunds, imageUrl, name, account_id, category_id, createDate) VALUES (11, '2019-03-25', 'GoSun Go: Boil Water & Cook Meals with Solar Power', 2710, 3000, 'https://res.cloudinary.com/dup84qpgn/image/upload/v1538071632/prgycbm67tgv2lvj4bup.webp', 'This 2LB (0.9kg) sun oven is versatile and durable enough to take anywhere!', 5, 2, '2018-09-17');
INSERT INTO fundraiser_react.Project (id, deadline, description, funds, goalFunds, imageUrl, name, account_id, category_id, createDate) VALUES (12, '2018-11-05', 'Geizeer – Tiny Eco-Friendly Air Cooler', 140, 4500, 'https://res.cloudinary.com/dup84qpgn/image/upload/v1538071632/bdcfb5cijemkr21d9guf.webp', 'Geizeer was born from the necessity to make our work space more comfortable.', 1, 2, '2018-09-17');
INSERT INTO fundraiser_react.Project (id, deadline, description, funds, goalFunds, imageUrl, name, account_id, category_id, createDate) VALUES (13, '2018-10-05', 'Nature Box: Smart', 11200, 10000, 'https://res.cloudinary.com/dup84qpgn/image/upload/v1538071632/wysitmcsbillmuqx7cqd.webp', 'Auto Watering + Lighting | Non-GMO Organic Seeds | Soilless Substrate | App Reminders', 5, 2, '2018-09-17');
INSERT INTO fundraiser_react.Project (id, deadline, description, funds, goalFunds, imageUrl, name, account_id, category_id, createDate) VALUES (14, '2018-09-30', 'HELIO: Solar Light & Powerbank', 6504, 11000, 'https://res.cloudinary.com/dup84qpgn/image/upload/v1538071632/iksoqig2ncvvrlexhpyf.webp', 'HELIO is an ultra-efficient solar lantern', 2, 2, '2018-09-17');
INSERT INTO fundraiser_react.Project (id, deadline, description, funds, goalFunds, imageUrl, name, account_id, category_id, createDate) VALUES (15, '2018-11-02', 'LUMZAG: The Smart Bag Packed With 7 Cool Features', 41993, 50000, 'https://res.cloudinary.com/dup84qpgn/image/upload/v1538072129/kraudohgmdvl4rwtixps.webp', 'Inside Light, Missing Item Reminder, Open Alert, Wireless Charger, Global WiFi, GPS Tracking, Camera', 5, 3, '2018-09-17');
INSERT INTO fundraiser_react.Project (id, deadline, description, funds, goalFunds, imageUrl, name, account_id, category_id, createDate) VALUES (16, '2018-12-08', 'The Switch Bag by Séfu', 75322, 80000, 'https://res.cloudinary.com/dup84qpgn/image/upload/v1538072129/4670835f3bc6a2937f6db8542fd6950b_original.jpg', 'The best bag for the Nintendo Switch — protective, attractive, and just the right size.', 2, 3, '2018-09-17');
INSERT INTO fundraiser_react.Project (id, deadline, description, funds, goalFunds, imageUrl, name, account_id, category_id, createDate) VALUES (17, '2019-05-09', 'MMARTINYCA: MOST EPIC MENORCAN SANDALS SINCE XVIII', 25571, 26000, 'https://res.cloudinary.com/dup84qpgn/image/upload/v1538072129/tisfcdain4fvglxiggki.jpg', 'A limited Edition with recycled Bridgestone tires – (Get your´s!) Hazte con 1 par en "SELECT PERK"
', 1, 3, '2018-09-17');
INSERT INTO fundraiser_react.Project (id, deadline, description, funds, goalFunds, imageUrl, name, account_id, category_id, createDate) VALUES (18, '2019-02-07', 'The Perfect Running Shoes
', 120, 10000, 'https://res.cloudinary.com/dup84qpgn/image/upload/v1538072129/khs6af7vimkwvpizgz97.png', 'The comfy of your foot and muscles supported by the Power and Flexibility of the Tracks.', 2, 3, '2018-09-17');
INSERT INTO fundraiser_react.Project (id, deadline, description, funds, goalFunds, imageUrl, name, account_id, category_id, createDate) VALUES (19, '2019-01-03', 'Banale Mat: the most portable and compact yoga Mat', 11583, 10000, 'https://res.cloudinary.com/dup84qpgn/image/upload/v1538072735/pc21jrg6udbj3suq1kok.webp', 'The all-natural yoga mat that shrinks to the size of a water bottle', 1, 4, '2018-09-17');
INSERT INTO fundraiser_react.Project (id, deadline, description, funds, goalFunds, imageUrl, name, account_id, category_id, createDate) VALUES (21, '2018-11-03', 'iJoou: Smart Moxibustion Pain Relief Device
', 13758, 20000, 'https://res.cloudinary.com/dup84qpgn/image/upload/v1538072734/cf2ggixufphiasmvj5cq.webp', 'A powerful penetrating herbal remedy for natural pain relief. Hands-Free, Portable, and App Control.', 1, 4, '2018-09-17');
INSERT INTO fundraiser_react.Project (id, deadline, description, funds, goalFunds, imageUrl, name, account_id, category_id, createDate) VALUES (22, '2019-09-14', 'Oclean Air: World''s Most Compact Smart Toothbrush', 12046, 10000, 'https://res.cloudinary.com/dup84qpgn/image/upload/v1538072734/zzhay9adockyhcb3qhca.jpg', 'Get Dental-Cleaned Teeth and Customizable Brushing Plans For a White Smile', 2, 4, '2018-09-17');
INSERT INTO fundraiser_react.Project (id, deadline, description, funds, goalFunds, imageUrl, name, account_id, category_id, createDate) VALUES (24, '2018-10-05', 'Smart locks features with no door modifications | Easy to install | Fits 90% of keys

', 0, 1000, 'https://res.cloudinary.com/dup84qpgn/image/upload/v1538125816/yernwjkfnfphkgnbiioc.jpg', 'Locky: Smart Key Overlay', 1, 7, '2018-09-17');

INSERT INTO fundraiser_react.Transfer (id, amount, transferDate, transfer_account, transfer_project) VALUES (1, 1314, '2018-09-27 17:18:25', 2, 3);
INSERT INTO fundraiser_react.Transfer (id, amount, transferDate, transfer_account, transfer_project) VALUES (2, 140, '2018-09-28 08:53:11', 6, 3);
INSERT INTO fundraiser_react.Transfer (id, amount, transferDate, transfer_account, transfer_project) VALUES (3, 1000, '2018-09-28 11:08:20', 2, 3);
INSERT INTO fundraiser_react.Transfer (id, amount, transferDate, transfer_account, transfer_project) VALUES (4, 500, '2018-09-28 11:08:20', 2, 5);
INSERT INTO fundraiser_react.Transfer (id, amount, transferDate, transfer_account, transfer_project) VALUES (5, 620, '2018-09-30 11:08:20', 2, 5);
INSERT INTO fundraiser_react.Transfer (id, amount, transferDate, transfer_account, transfer_project) VALUES (6, 110, '2018-09-24 11:08:20', 2, 5);
INSERT INTO fundraiser_react.Transfer (id, amount, transferDate, transfer_account, transfer_project) VALUES (7, 360, '2018-10-01 11:08:20', 2, 5);