insert into City (name) values ('Jabłoń');
insert into City (name) values ('Futang');
insert into City (name) values ('Yanjiang');
insert into City (name) values ('Inongo');
insert into City (name) values ('Czchów');;

insert into Zipcode (id, name, city_id) values (1, 'DC', 1);
insert into Zipcode (id, name, city_id) values (2, 'MI', 2);
insert into Zipcode (id, name, city_id) values (3, 'TX', 3);
insert into Zipcode (id, name, city_id) values (4, 'TE', 4);
insert into Zipcode (id, name, city_id) values (5, 'FL', 5);

insert into Author (id, name, zipcode_id) values (1, 'Robbi Ibberson', 1);
insert into Author (id, name, zipcode_id) values (2, 'Reggie Townson', 5);
insert into Author (id, name, zipcode_id) values (3, 'Aubrey Organ', 2);
insert into Author (id, name, zipcode_id) values (4, 'Zonnya Flavelle', 2);
insert into Author (id, name, zipcode_id) values (5, 'Aubrey Dowzell', 1);
insert into Author (id, name, zipcode_id) values (6, 'Merilyn Betje', 4);
insert into Author (id, name, zipcode_id) values (7, 'Kiersten Gornar', 3);
insert into Author (id, name, zipcode_id) values (8, 'Bobby Wenderoth', 2);
insert into Author (id, name, zipcode_id) values (9, 'Winfred Banaszkiewicz', 4);
insert into Author (id, name, zipcode_id) values (10, 'Reina Antonat', 3);

insert into Category (id, name) values (1, 'Comedy|Romance|Western');
insert into Category (id, name) values (2, 'Comedy|Crime|Drama');
insert into Category (id, name) values (3, 'Action|Drama|War');
insert into Category (id, name) values (4, 'Horror');
insert into Category (id, name) values (5, 'Documentary');
insert into Category (id, name) values (6, 'Action|Adventure|Comedy|Romance');
insert into Category (id, name) values (7, 'Drama|Sci-Fi');
insert into Category (id, name) values (8, 'Comedy|Drama|Romance');
insert into Category (id, name) values (9, 'Children');
insert into Category (id, name) values (10, 'Action|Drama|Romance');

insert into Publisher (name) values ('Doyle, Wiegand and Bergnaum');
insert into Publisher (name) values ('Schamberger-Jerde');
insert into Publisher (name) values ('Frami and Sons');
insert into Publisher (name) values ('Breitenberg Group');
insert into Publisher (name) values ('Mitchell-Heidenreich');

insert into Book (title, isbn13, price, publication_year, img_url, category_id, publisher_id) values ('Open Water', '404114118-4', 6023.83, 1994, 'http://dummyimage.com/179x100.png/ff4444/ffffff', 6, 1);
insert into Book (title, isbn13, price, publication_year, img_url, category_id, publisher_id) values ('Général Idi Amin Dada: A Self Portrait (Général Idi Amin Dada: Autoportrait)', '011529160-1', 802.7, 1995, 'http://dummyimage.com/249x100.png/dddddd/000000', 5, 5);
insert into Book (title, isbn13, price, publication_year, img_url, category_id, publisher_id) values ('Serena', '835167149-5', 4782.7, 1996, 'http://dummyimage.com/173x100.png/dddddd/000000', 10, 2);
insert into Book (title, isbn13, price, publication_year, img_url, category_id, publisher_id) values ('Bloodhounds of Broadway', '514799227-8', 9151.58, 1985, 'http://dummyimage.com/146x100.png/ff4444/ffffff', 2, 4);
insert into Book (title, isbn13, price, publication_year, img_url, category_id, publisher_id) values ('Cheerleader Massacre', '569549084-7', 4886.05, 2008, 'http://dummyimage.com/147x100.png/ff4444/ffffff', 10, 2);
insert into Book (title, isbn13, price, publication_year, img_url, category_id, publisher_id) values ('See You Tomorrow, Everyone', '744910588-8', 5779.71, 1993, 'http://dummyimage.com/150x100.png/dddddd/000000', 2, 3);
insert into Book (title, isbn13, price, publication_year, img_url, category_id, publisher_id) values ('Closely Watched Trains (Ostre sledované vlaky)', '398415924-2', 7972.73, 2004, 'http://dummyimage.com/116x100.png/dddddd/000000', 9, 3);
insert into Book (title, isbn13, price, publication_year, img_url, category_id, publisher_id) values ('Taste of Honey, A', '308085896-4', 9716.86, 1993, 'http://dummyimage.com/189x100.png/cc0000/ffffff', 8, 2);
insert into Book (title, isbn13, price, publication_year, img_url, category_id, publisher_id) values ('Chocolat', '613516042-7', 1104.8, 1997, 'http://dummyimage.com/213x100.png/ff4444/ffffff', 8, 1);
insert into Book (title, isbn13, price, publication_year, img_url, category_id, publisher_id) values ('Die, Mommie, Die', '198721480-3', 9586.76, 2003, 'http://dummyimage.com/118x100.png/dddddd/000000', 9, 1);

insert into Book_Author (book_id, author_id) values (1, 3);
insert into Book_Author (book_id, author_id) values (2, 2);
insert into Book_Author (book_id, author_id) values (3, 5);
insert into Book_Author (book_id, author_id) values (4, 4);
insert into Book_Author (book_id, author_id) values (5, 3);
insert into Book_Author (book_id, author_id) values (6, 1);
insert into Book_Author (book_id, author_id) values (7, 7);
insert into Book_Author (book_id, author_id) values (8, 5);
insert into Book_Author (book_id, author_id) values (9, 10);
insert into Book_Author (book_id, author_id) values (10, 7);
insert into Book_Author (book_id, author_id) values (1, 4);
insert into Book_Author (book_id, author_id) values (2, 5);
insert into Book_Author (book_id, author_id) values (3, 6);
insert into Book_Author (book_id, author_id) values (4, 7);
insert into Book_Author (book_id, author_id) values (5, 1);
insert into Book_Author (book_id, author_id) values (6, 3);
insert into Book_Author (book_id, author_id) values (7, 9);
insert into Book_Author (book_id, author_id) values (8, 2);
insert into Book_Author (book_id, author_id) values (9, 9);
insert into Book_Author (book_id, author_id) values (10, 6);
insert into Book_Author (book_id, author_id) values (1, 1);
insert into Book_Author (book_id, author_id) values (2, 2);
insert into Book_Author (book_id, author_id) values (3, 3);
insert into Book_Author (book_id, author_id) values (4, 4);
insert into Book_Author (book_id, author_id) values (5, 5);
insert into Book_Author (book_id, author_id) values (6, 6);
insert into Book_Author (book_id, author_id) values (7, 7);
insert into Book_Author (book_id, author_id) values (8, 8);
insert into Book_Author (book_id, author_id) values (9, 9);
insert into Book_Author (book_id, author_id) values (10, 10);