# ************************************************************
# Host: 127.0.0.1 (MySQL 5.5.5-10.4.8-MariaDB)
# ************************************************************

# Dump of table cl_attendance_status
# ------------------------------------------------------------

DROP TABLE IF EXISTS `cl_attendance_status`;

CREATE TABLE `cl_attendance_status` (
  `id` int(11) unsigned NOT NULL AUTO_INCREMENT,
  `status` varchar(128) DEFAULT NULL,
  PRIMARY KEY (`id`)
) ENGINE=InnoDB DEFAULT CHARSET=utf8mb4;

LOCK TABLES `cl_attendance_status` WRITE;
/*!40000 ALTER TABLE `cl_attendance_status` DISABLE KEYS */;

INSERT INTO `cl_attendance_status` (`id`, `status`)
VALUES
	(1,'Retraso'),
	(2,'Presente'),
	(3,'Ausente'),
	(4,'Justificado');

/*!40000 ALTER TABLE `cl_attendance_status` ENABLE KEYS */;
UNLOCK TABLES;


# Dump of table cl_aulas_attendance
# ------------------------------------------------------------

DROP TABLE IF EXISTS `cl_aulas_attendance`;

CREATE TABLE `cl_aulas_attendance` (
  `attendance_id` int(11) unsigned NOT NULL AUTO_INCREMENT,
  `attendance_date` datetime DEFAULT NULL,
  `attendance_status` int(11) DEFAULT NULL,
  `aula_id` int(11) DEFAULT NULL,
  `student_id` int(11) DEFAULT NULL,
  `group_id` int(11) DEFAULT NULL,
  PRIMARY KEY (`attendance_id`)
) ENGINE=InnoDB DEFAULT CHARSET=utf8mb4;

LOCK TABLES `cl_aulas_attendance` WRITE;
/*!40000 ALTER TABLE `cl_aulas_attendance` DISABLE KEYS */;

INSERT INTO `cl_aulas_attendance` (`attendance_id`, `attendance_date`, `attendance_status`, `aula_id`, `student_id`, `group_id`)
VALUES
	(43,'2017-09-04 16:30:00',2,13571,371,1),
	(44,'2017-09-04 16:30:00',2,13571,361,1),
	(45,'2017-09-04 16:30:00',2,13571,357,1),
	(46,'2017-09-04 16:30:00',2,13571,368,1),
	(47,'2017-09-04 16:30:00',2,13571,364,1),
	(48,'2017-09-04 16:30:00',2,13571,354,1),
	(49,'2017-09-04 16:30:00',2,13571,366,1),
	(50,'2017-09-04 16:30:00',2,13571,358,1),
	(51,'2017-09-04 16:30:00',2,13571,363,1),
	(52,'2017-09-04 16:30:00',2,13571,369,1),
	(53,'2017-09-04 16:30:00',2,13571,356,1),
	(54,'2017-09-04 16:30:00',2,13571,360,2),
	(55,'2017-09-04 16:30:00',2,13571,365,2),
	(56,'2017-09-04 16:30:00',2,13571,384,2),
	(57,'2017-09-04 16:30:00',2,13571,355,2),
	(58,'2017-09-04 16:30:00',2,13571,370,2),
	(59,'2017-09-04 16:30:00',2,13571,362,2),
	(145167,'2017-11-08 16:30:00',2,13571,371,1),
	(145168,'2017-11-08 16:30:00',2,13571,359,1),
	(145169,'2017-11-08 16:30:00',2,13571,361,1),
	(145170,'2017-11-08 16:30:00',2,13571,357,1),
	(145171,'2017-11-08 16:30:00',2,13571,368,1),
	(145172,'2017-11-08 16:30:00',2,13571,364,1),
	(145173,'2017-11-08 16:30:00',2,13571,354,1),
	(145174,'2017-11-08 16:30:00',2,13571,5364,1),
	(145175,'2017-11-08 16:30:00',2,13571,358,1),
	(145176,'2017-11-08 16:30:00',2,13571,363,1),
	(145177,'2017-11-08 16:30:00',2,13571,369,1),
	(145178,'2017-11-08 16:30:00',2,13571,356,1),
	(145179,'2017-11-08 16:30:00',2,13571,4976,1),
	(145180,'2017-11-09 16:30:00',2,13571,371,1),
	(145181,'2017-11-09 16:30:00',2,13571,359,1),
	(145182,'2017-11-09 16:30:00',2,13571,361,1),
	(145183,'2017-11-09 16:30:00',2,13571,357,1),
	(145184,'2017-11-09 16:30:00',2,13571,368,1),
	(145185,'2017-11-09 16:30:00',2,13571,364,1),
	(145186,'2017-11-09 16:30:00',2,13571,354,1),
	(145187,'2017-11-09 16:30:00',2,13571,5364,1),
	(145188,'2017-11-09 16:30:00',2,13571,358,1),
	(145189,'2017-11-09 16:30:00',2,13571,363,1),
	(145190,'2017-11-09 16:30:00',2,13571,369,1),
	(145191,'2017-11-09 16:30:00',2,13571,356,1),
	(145192,'2017-11-09 16:30:00',2,13571,4976,1),
	(145193,'2017-11-14 16:30:00',2,13571,371,1),
	(145194,'2017-11-14 16:30:00',3,13571,359,1),
	(145195,'2017-11-14 16:30:00',2,13571,361,1),
	(145196,'2017-11-14 16:30:00',2,13571,357,1),
	(145197,'2017-11-14 16:30:00',2,13571,368,1),
	(145198,'2017-11-14 16:30:00',2,13571,364,1),
	(145199,'2017-11-14 16:30:00',2,13571,354,1),
	(145200,'2017-11-14 16:30:00',2,13571,5364,1),
	(145201,'2017-11-14 16:30:00',2,13571,358,1),
	(145202,'2017-11-14 16:30:00',2,13571,363,1),
	(145203,'2017-11-14 16:30:00',2,13571,369,1),
	(145204,'2017-11-14 16:30:00',2,13571,356,1),
	(145205,'2017-11-14 16:30:00',2,13571,4976,1),
	(145206,'2017-11-16 16:30:00',2,13571,371,1),
	(145207,'2017-11-16 16:30:00',3,13571,359,1),
	(145208,'2017-11-16 16:30:00',2,13571,361,1),
	(145209,'2017-11-16 16:30:00',2,13571,357,1),
	(145210,'2017-11-16 16:30:00',2,13571,368,1),
	(145211,'2017-11-16 16:30:00',2,13571,364,1),
	(145212,'2017-11-16 16:30:00',2,13571,354,1),
	(145213,'2017-11-16 16:30:00',2,13571,5364,1),
	(145214,'2017-11-16 16:30:00',2,13571,358,1),
	(145215,'2017-11-16 16:30:00',2,13571,363,1),
	(145216,'2017-11-16 16:30:00',2,13571,369,1),
	(145217,'2017-11-16 16:30:00',2,13571,356,1),
	(145218,'2017-11-16 16:30:00',2,13571,4976,1),
	(145219,'2017-11-17 18:30:00',3,13571,371,1),
	(145220,'2017-11-17 18:30:00',2,13571,359,1),
	(145221,'2017-11-17 18:30:00',2,13571,361,1),
	(145222,'2017-11-17 18:30:00',2,13571,357,1),
	(145223,'2017-11-17 18:30:00',3,13571,368,1),
	(145224,'2017-11-17 18:30:00',2,13571,364,1),
	(145225,'2017-11-17 18:30:00',2,13571,354,1),
	(145226,'2017-11-17 18:30:00',3,13571,5364,1),
	(145227,'2017-11-17 18:30:00',2,13571,358,1),
	(145228,'2017-11-17 18:30:00',2,13571,363,1),
	(145229,'2017-11-17 18:30:00',2,13571,369,1),
	(145230,'2017-11-17 18:30:00',2,13571,356,1),
	(145231,'2017-11-17 18:30:00',2,13571,4976,1),
	(145232,'2017-11-23 18:30:00',2,13571,371,1),
	(145233,'2017-11-23 18:30:00',3,13571,359,1),
	(145234,'2017-11-23 18:30:00',3,13571,361,1),
	(145235,'2017-11-23 18:30:00',2,13571,357,1),
	(145236,'2017-11-23 18:30:00',2,13571,368,1),
	(145237,'2017-11-23 18:30:00',2,13571,364,1),
	(145238,'2017-11-23 18:30:00',3,13571,354,1),
	(145239,'2017-11-23 18:30:00',3,13571,5364,1),
	(145240,'2017-11-23 18:30:00',3,13571,358,1),
	(145241,'2017-11-23 18:30:00',2,13571,363,1),
	(145242,'2017-11-23 18:30:00',3,13571,369,1),
	(145243,'2017-11-23 18:30:00',2,13571,356,1),
	(145244,'2017-11-23 18:30:00',2,13571,4976,1),
	(145245,'2017-11-23 20:00:00',2,13571,371,1),
	(145246,'2017-11-23 20:00:00',3,13571,359,1),
	(145247,'2017-11-23 20:00:00',3,13571,361,1),
	(145248,'2017-11-23 20:00:00',2,13571,357,1),
	(145249,'2017-11-23 20:00:00',2,13571,368,1),
	(145250,'2017-11-23 20:00:00',2,13571,364,1),
	(145251,'2017-11-23 20:00:00',3,13571,354,1),
	(145252,'2017-11-23 20:00:00',3,13571,5364,1),
	(145253,'2017-11-23 20:00:00',3,13571,358,1),
	(145254,'2017-11-23 20:00:00',2,13571,363,1),
	(145255,'2017-11-23 20:00:00',3,13571,369,1),
	(145256,'2017-11-23 20:00:00',2,13571,356,1),
	(145257,'2017-11-23 20:00:00',2,13571,4976,1),
	(145258,'2017-11-30 18:30:00',2,13571,371,1),
	(145259,'2017-11-30 18:30:00',3,13571,359,1),
	(145260,'2017-11-30 18:30:00',2,13571,361,1),
	(145261,'2017-11-30 18:30:00',2,13571,357,1),
	(145262,'2017-11-30 18:30:00',2,13571,368,1),
	(145263,'2017-11-30 18:30:00',2,13571,364,1),
	(145264,'2017-11-30 18:30:00',2,13571,354,1),
	(145265,'2017-11-30 18:30:00',3,13571,5364,1),
	(145266,'2017-11-30 18:30:00',2,13571,358,1),
	(145267,'2017-11-30 18:30:00',2,13571,363,1),
	(145268,'2017-11-30 18:30:00',2,13571,369,1),
	(145269,'2017-11-30 18:30:00',2,13571,356,1),
	(145270,'2017-11-30 18:30:00',2,13571,4976,1),
	(145271,'2017-11-30 20:00:00',2,13571,371,1),
	(145272,'2017-11-30 20:00:00',3,13571,359,1),
	(145273,'2017-11-30 20:00:00',2,13571,361,1),
	(145274,'2017-11-30 20:00:00',2,13571,357,1),
	(145275,'2017-11-30 20:00:00',2,13571,368,1),
	(145276,'2017-11-30 20:00:00',2,13571,364,1),
	(145277,'2017-11-30 20:00:00',2,13571,354,1),
	(145278,'2017-11-30 20:00:00',3,13571,5364,1),
	(145279,'2017-11-30 20:00:00',2,13571,358,1),
	(145280,'2017-11-30 20:00:00',2,13571,363,1),
	(145281,'2017-11-30 20:00:00',2,13571,369,1),
	(145282,'2017-11-30 20:00:00',2,13571,356,1),
	(145283,'2017-11-30 20:00:00',2,13571,4976,1),
	(145284,'2017-12-05 18:30:00',2,13571,371,1),
	(145285,'2017-12-05 18:30:00',2,13571,359,1),
	(145286,'2017-12-05 18:30:00',2,13571,361,1),
	(145287,'2017-12-05 18:30:00',2,13571,357,1),
	(145288,'2017-12-05 18:30:00',2,13571,368,1),
	(145289,'2017-12-05 18:30:00',2,13571,364,1),
	(145290,'2017-12-05 18:30:00',2,13571,354,1),
	(145291,'2017-12-05 18:30:00',3,13571,5364,1),
	(145292,'2017-12-05 18:30:00',2,13571,358,1),
	(145293,'2017-12-05 18:30:00',2,13571,363,1),
	(145294,'2017-12-05 18:30:00',2,13571,369,1),
	(145295,'2017-12-05 18:30:00',2,13571,356,1),
	(145296,'2017-12-05 18:30:00',2,13571,4976,1),
	(145297,'2017-12-13 18:30:00',2,13571,371,1),
	(145298,'2017-12-13 18:30:00',2,13571,359,1),
	(145299,'2017-12-13 18:30:00',2,13571,361,1),
	(145300,'2017-12-13 18:30:00',2,13571,357,1),
	(145301,'2017-12-13 18:30:00',2,13571,368,1),
	(145302,'2017-12-13 18:30:00',2,13571,364,1),
	(145303,'2017-12-13 18:30:00',2,13571,354,1),
	(145304,'2017-12-13 18:30:00',3,13571,5364,1),
	(145305,'2017-12-13 18:30:00',2,13571,358,1),
	(145306,'2017-12-13 18:30:00',2,13571,363,1),
	(145307,'2017-12-13 18:30:00',2,13571,369,1),
	(145308,'2017-12-13 18:30:00',2,13571,356,1),
	(145309,'2017-12-13 18:30:00',2,13571,4976,1),
	(145310,'2017-12-13 20:00:00',2,13571,371,1),
	(145311,'2017-12-13 20:00:00',2,13571,359,1),
	(145312,'2017-12-13 20:00:00',2,13571,361,1),
	(145313,'2017-12-13 20:00:00',2,13571,357,1),
	(145314,'2017-12-13 20:00:00',2,13571,368,1),
	(145315,'2017-12-13 20:00:00',2,13571,364,1),
	(145316,'2017-12-13 20:00:00',2,13571,354,1),
	(145317,'2017-12-13 20:00:00',3,13571,5364,1),
	(145318,'2017-12-13 20:00:00',2,13571,358,1),
	(145319,'2017-12-13 20:00:00',2,13571,363,1),
	(145320,'2017-12-13 20:00:00',2,13571,369,1),
	(145321,'2017-12-13 20:00:00',2,13571,356,1),
	(145322,'2017-12-13 20:00:00',2,13571,4976,1),
	(145323,'2017-12-20 16:30:00',2,13571,371,1),
	(145324,'2017-12-20 16:30:00',2,13571,359,1),
	(145325,'2017-12-20 16:30:00',2,13571,361,1),
	(145326,'2017-12-20 16:30:00',2,13571,357,1),
	(145327,'2017-12-20 16:30:00',2,13571,368,1),
	(145328,'2017-12-20 16:30:00',2,13571,364,1),
	(145329,'2017-12-20 16:30:00',2,13571,354,1),
	(145330,'2017-12-20 16:30:00',3,13571,5364,1),
	(145331,'2017-12-20 16:30:00',2,13571,358,1),
	(145332,'2017-12-20 16:30:00',2,13571,363,1),
	(145333,'2017-12-20 16:30:00',2,13571,369,1),
	(145334,'2017-12-20 16:30:00',2,13571,356,1),
	(145335,'2017-12-20 16:30:00',3,13571,4976,1),
	(145336,'2017-11-08 16:30:00',2,13571,5392,2),
	(145337,'2017-11-08 16:30:00',2,13571,360,2),
	(145338,'2017-11-08 16:30:00',2,13571,5397,2),
	(145339,'2017-11-08 16:30:00',2,13571,5394,2),
	(145340,'2017-11-08 16:30:00',2,13571,384,2),
	(145341,'2017-11-08 16:30:00',2,13571,5379,2),
	(145342,'2017-11-08 16:30:00',2,13571,5399,2),
	(145343,'2017-11-08 16:30:00',2,13571,4797,1),
	(145344,'2017-11-08 16:30:00',2,13571,355,2),
	(145345,'2017-11-08 16:30:00',2,13571,5375,2),
	(145346,'2017-11-08 16:30:00',2,13571,5187,2),
	(145347,'2017-11-08 16:30:00',2,13571,370,2),
	(145348,'2017-11-08 16:30:00',2,13571,362,2),
	(145349,'2017-11-09 16:30:00',2,13571,5392,2),
	(145350,'2017-11-09 16:30:00',2,13571,360,2),
	(145351,'2017-11-09 16:30:00',2,13571,5397,2),
	(145352,'2017-11-09 16:30:00',2,13571,5394,2),
	(145353,'2017-11-09 16:30:00',2,13571,384,2),
	(145354,'2017-11-09 16:30:00',2,13571,5379,2),
	(145355,'2017-11-09 16:30:00',2,13571,5399,2),
	(145356,'2017-11-09 16:30:00',2,13571,4797,1),
	(145357,'2017-11-09 16:30:00',2,13571,355,2),
	(145358,'2017-11-09 16:30:00',2,13571,5375,2),
	(145359,'2017-11-09 16:30:00',2,13571,5187,2),
	(145360,'2017-11-09 16:30:00',2,13571,370,2),
	(145361,'2017-11-09 16:30:00',2,13571,362,2),
	(145376,'2017-11-14 16:30:00',2,13571,5392,2),
	(145377,'2017-11-14 16:30:00',2,13571,360,2),
	(145378,'2017-11-14 16:30:00',2,13571,5397,2),
	(145379,'2017-11-14 16:30:00',2,13571,5394,2),
	(145380,'2017-11-14 16:30:00',2,13571,384,2),
	(145381,'2017-11-14 16:30:00',2,13571,5379,2),
	(145382,'2017-11-14 16:30:00',3,13571,5399,2),
	(145383,'2017-11-14 16:30:00',2,13571,4797,1),
	(145384,'2017-11-14 16:30:00',2,13571,355,2),
	(145385,'2017-11-14 16:30:00',2,13571,5375,2),
	(145386,'2017-11-14 16:30:00',2,13571,5187,2),
	(145387,'2017-11-14 16:30:00',2,13571,370,2),
	(145388,'2017-11-14 16:30:00',2,13571,362,2),
	(145403,'2017-11-16 16:30:00',2,13571,5392,2),
	(145404,'2017-11-16 16:30:00',2,13571,360,2),
	(145405,'2017-11-16 16:30:00',2,13571,5397,2),
	(145406,'2017-11-16 16:30:00',2,13571,5394,2),
	(145407,'2017-11-16 16:30:00',2,13571,384,2),
	(145408,'2017-11-16 16:30:00',2,13571,5379,2),
	(145409,'2017-11-16 16:30:00',3,13571,5399,2),
	(145410,'2017-11-16 16:30:00',2,13571,4797,1),
	(145411,'2017-11-16 16:30:00',2,13571,355,2),
	(145412,'2017-11-16 16:30:00',2,13571,5375,2),
	(145413,'2017-11-16 16:30:00',2,13571,5187,2),
	(145414,'2017-11-16 16:30:00',2,13571,370,2),
	(145415,'2017-11-16 16:30:00',2,13571,362,2),
	(145444,'2017-11-17 18:30:00',2,13571,5392,2),
	(145445,'2017-11-17 18:30:00',3,13571,360,2),
	(145446,'2017-11-17 18:30:00',2,13571,5397,2),
	(145447,'2017-11-17 18:30:00',3,13571,5394,2),
	(145448,'2017-11-17 18:30:00',2,13571,384,2),
	(145449,'2017-11-17 18:30:00',3,13571,5379,2),
	(145450,'2017-11-17 18:30:00',3,13571,5399,2),
	(145451,'2017-11-17 18:30:00',2,13571,4797,1),
	(145452,'2017-11-17 18:30:00',2,13571,355,2),
	(145453,'2017-11-17 18:30:00',3,13571,5375,2),
	(145454,'2017-11-17 18:30:00',2,13571,5187,2),
	(145455,'2017-11-17 18:30:00',2,13571,370,2),
	(145456,'2017-11-17 18:30:00',2,13571,362,2),
	(145471,'2017-11-20 18:30:00',2,13571,5392,2),
	(145472,'2017-11-20 18:30:00',2,13571,360,2),
	(145473,'2017-11-20 18:30:00',2,13571,5397,2),
	(145474,'2017-11-20 18:30:00',2,13571,5394,2),
	(145475,'2017-11-20 18:30:00',2,13571,384,2),
	(145476,'2017-11-20 18:30:00',2,13571,5379,2),
	(145477,'2017-11-20 18:30:00',3,13571,5399,2),
	(145478,'2017-11-20 18:30:00',2,13571,4797,1),
	(145479,'2017-11-20 18:30:00',2,13571,355,2),
	(145480,'2017-11-20 18:30:00',2,13571,5375,2),
	(145481,'2017-11-20 18:30:00',2,13571,5187,2),
	(145482,'2017-11-20 18:30:00',2,13571,370,2),
	(145483,'2017-11-20 18:30:00',2,13571,362,2),
	(145484,'2017-11-20 20:00:00',2,13571,5392,2),
	(145485,'2017-11-20 20:00:00',2,13571,360,2),
	(145486,'2017-11-20 20:00:00',2,13571,5397,2),
	(145487,'2017-11-20 20:00:00',2,13571,5394,2),
	(145488,'2017-11-20 20:00:00',2,13571,384,2),
	(145489,'2017-11-20 20:00:00',2,13571,5379,2),
	(145490,'2017-11-20 20:00:00',3,13571,5399,2),
	(145491,'2017-11-20 20:00:00',2,13571,4797,1),
	(145492,'2017-11-20 20:00:00',2,13571,355,2),
	(145493,'2017-11-20 20:00:00',2,13571,5375,2),
	(145494,'2017-11-20 20:00:00',2,13571,5187,2),
	(145495,'2017-11-20 20:00:00',2,13571,370,2),
	(145496,'2017-11-20 20:00:00',2,13571,362,2),
	(145497,'2017-11-28 18:30:00',2,13571,5392,2),
	(145498,'2017-11-28 18:30:00',2,13571,360,2),
	(145499,'2017-11-28 18:30:00',2,13571,5397,2),
	(145500,'2017-11-28 18:30:00',2,13571,5394,2),
	(145501,'2017-11-28 18:30:00',3,13571,384,2),
	(145502,'2017-11-28 18:30:00',3,13571,5379,2),
	(145503,'2017-11-28 18:30:00',3,13571,5399,2),
	(145504,'2017-11-28 18:30:00',2,13571,4797,1),
	(145505,'2017-11-28 18:30:00',2,13571,355,2),
	(145506,'2017-11-28 18:30:00',3,13571,5375,2),
	(145507,'2017-11-28 18:30:00',2,13571,5187,2),
	(145508,'2017-11-28 18:30:00',2,13571,370,2),
	(145509,'2017-11-28 18:30:00',2,13571,362,2),
	(145510,'2017-11-28 20:00:00',2,13571,5392,2),
	(145511,'2017-11-28 20:00:00',2,13571,360,2),
	(145512,'2017-11-28 20:00:00',2,13571,5397,2),
	(145513,'2017-11-28 20:00:00',2,13571,5394,2),
	(145514,'2017-11-28 20:00:00',3,13571,384,2),
	(145515,'2017-11-28 20:00:00',3,13571,5379,2),
	(145516,'2017-11-28 20:00:00',3,13571,5399,2),
	(145517,'2017-11-28 20:00:00',2,13571,4797,1),
	(145518,'2017-11-28 20:00:00',2,13571,355,2),
	(145519,'2017-11-28 20:00:00',3,13571,5375,2),
	(145520,'2017-11-28 20:00:00',2,13571,5187,2),
	(145521,'2017-11-28 20:00:00',2,13571,370,2),
	(145522,'2017-11-28 20:00:00',2,13571,362,2),
	(145523,'2017-12-05 18:30:00',2,13571,5392,2),
	(145524,'2017-12-05 18:30:00',2,13571,360,2),
	(145525,'2017-12-05 18:30:00',2,13571,5397,2),
	(145526,'2017-12-05 18:30:00',2,13571,5394,2),
	(145527,'2017-12-05 18:30:00',2,13571,384,2),
	(145528,'2017-12-05 18:30:00',2,13571,5379,2),
	(145529,'2017-12-05 18:30:00',2,13571,5399,2),
	(145530,'2017-12-05 18:30:00',2,13571,4797,1),
	(145531,'2017-12-05 18:30:00',2,13571,355,2),
	(145532,'2017-12-05 18:30:00',2,13571,5375,2),
	(145533,'2017-12-05 18:30:00',2,13571,5187,2),
	(145534,'2017-12-05 18:30:00',2,13571,370,2),
	(145535,'2017-12-05 18:30:00',2,13571,362,2),
	(145536,'2017-12-13 15:00:00',2,13571,5392,2),
	(145537,'2017-12-13 15:00:00',2,13571,360,2),
	(145538,'2017-12-13 15:00:00',2,13571,5397,2),
	(145539,'2017-12-13 15:00:00',2,13571,5394,2),
	(145540,'2017-12-13 15:00:00',2,13571,384,2),
	(145541,'2017-12-13 15:00:00',2,13571,5379,2),
	(145542,'2017-12-13 15:00:00',2,13571,5399,2),
	(145543,'2017-12-13 15:00:00',2,13571,4797,1),
	(145544,'2017-12-13 15:00:00',2,13571,355,2),
	(145545,'2017-12-13 15:00:00',2,13571,5375,2),
	(145546,'2017-12-13 15:00:00',2,13571,5187,2),
	(145547,'2017-12-13 15:00:00',2,13571,370,2),
	(145548,'2017-12-13 15:00:00',2,13571,362,2),
	(145549,'2017-12-13 16:30:00',2,13571,5392,2),
	(145550,'2017-12-13 16:30:00',2,13571,360,2),
	(145551,'2017-12-13 16:30:00',2,13571,5397,2),
	(145552,'2017-12-13 16:30:00',2,13571,5394,2),
	(145553,'2017-12-13 16:30:00',2,13571,384,2),
	(145554,'2017-12-13 16:30:00',2,13571,5379,2),
	(145555,'2017-12-13 16:30:00',2,13571,5399,2),
	(145556,'2017-12-13 16:30:00',2,13571,4797,1),
	(145557,'2017-12-13 16:30:00',2,13571,355,2),
	(145558,'2017-12-13 16:30:00',2,13571,5375,2),
	(145559,'2017-12-13 16:30:00',2,13571,5187,2),
	(145560,'2017-12-13 16:30:00',2,13571,370,2),
	(145561,'2017-12-13 16:30:00',2,13571,362,2),
	(145562,'2017-12-20 16:30:00',2,13571,5392,2),
	(145563,'2017-12-20 16:30:00',2,13571,360,2),
	(145564,'2017-12-20 16:30:00',2,13571,5397,2),
	(145565,'2017-12-20 16:30:00',2,13571,5394,2),
	(145566,'2017-12-20 16:30:00',2,13571,384,2),
	(145567,'2017-12-20 16:30:00',2,13571,5379,2),
	(145568,'2017-12-20 16:30:00',2,13571,5399,2),
	(145569,'2017-12-20 16:30:00',2,13571,4797,1),
	(145570,'2017-12-20 16:30:00',2,13571,355,2),
	(145571,'2017-12-20 16:30:00',2,13571,5375,2),
	(145572,'2017-12-20 16:30:00',2,13571,5187,2),
	(145573,'2017-12-20 16:30:00',2,13571,370,2),
	(145574,'2017-12-20 16:30:00',2,13571,362,2),
	(186888,'2018-03-07 18:30:00',3,13572,5291,1),
	(186889,'2018-03-07 18:30:00',2,13572,5293,1),
	(186890,'2018-03-07 18:30:00',3,13572,5277,1),
	(186891,'2018-03-07 18:30:00',2,13572,5298,1),
	(186892,'2018-03-07 18:30:00',2,13572,5181,1),
	(186893,'2018-03-07 18:30:00',2,13572,5137,1),
	(186894,'2018-03-07 18:30:00',2,13572,5182,1),
	(186895,'2018-03-07 18:30:00',2,13572,5183,1),
	(186896,'2018-03-07 18:30:00',2,13572,5276,1),
	(186897,'2018-03-07 18:30:00',3,13572,5186,1),
	(186898,'2018-03-07 18:30:00',2,13572,5296,1),
	(187103,'2018-03-07 20:00:00',3,13572,5291,1),
	(187104,'2018-03-07 20:00:00',4,13572,5293,1),
	(187105,'2018-03-07 20:00:00',3,13572,5277,1),
	(187106,'2018-03-07 20:00:00',2,13572,5298,1),
	(187107,'2018-03-07 20:00:00',2,13572,5181,1),
	(187108,'2018-03-07 20:00:00',2,13572,5137,1),
	(187109,'2018-03-07 20:00:00',2,13572,5182,1),
	(187110,'2018-03-07 20:00:00',2,13572,5183,1),
	(187111,'2018-03-07 20:00:00',2,13572,5276,1),
	(187112,'2018-03-07 20:00:00',3,13572,5186,1),
	(187113,'2018-03-07 20:00:00',2,13572,5296,1),
	(195580,'2018-03-14 18:30:00',2,13572,5291,1),
	(195581,'2018-03-14 18:30:00',2,13572,5293,1),
	(195582,'2018-03-14 18:30:00',2,13572,5277,1),
	(195583,'2018-03-14 18:30:00',2,13572,5298,1),
	(195584,'2018-03-14 18:30:00',2,13572,5181,1),
	(195585,'2018-03-14 18:30:00',2,13572,5137,1),
	(195586,'2018-03-14 18:30:00',2,13572,5182,1),
	(195587,'2018-03-14 18:30:00',2,13572,5183,1),
	(195588,'2018-03-14 18:30:00',3,13572,5276,1),
	(195589,'2018-03-14 18:30:00',2,13572,5186,1),
	(195590,'2018-03-14 18:30:00',2,13572,5296,1),
	(198496,'2018-03-14 20:00:00',2,13572,5291,1),
	(198497,'2018-03-14 20:00:00',3,13572,5293,1),
	(198498,'2018-03-14 20:00:00',2,13572,5277,1),
	(198499,'2018-03-14 20:00:00',2,13572,5298,1),
	(198500,'2018-03-14 20:00:00',3,13572,5181,1),
	(198501,'2018-03-14 20:00:00',3,13572,5137,1),
	(198502,'2018-03-14 20:00:00',2,13572,5182,1),
	(198503,'2018-03-14 20:00:00',2,13572,5183,1),
	(198504,'2018-03-14 20:00:00',3,13572,5276,1),
	(198505,'2018-03-14 20:00:00',2,13572,5186,1),
	(198506,'2018-03-14 20:00:00',3,13572,5296,1),
	(198507,'2018-03-16 18:30:00',2,13572,5291,1),
	(198508,'2018-03-16 18:30:00',2,13572,5293,1),
	(198509,'2018-03-16 18:30:00',2,13572,5277,1),
	(198510,'2018-03-16 18:30:00',2,13572,5298,1),
	(198511,'2018-03-16 18:30:00',2,13572,5181,1),
	(198512,'2018-03-16 18:30:00',2,13572,5137,1),
	(198513,'2018-03-16 18:30:00',2,13572,5182,1),
	(198514,'2018-03-16 18:30:00',2,13572,5183,1),
	(198515,'2018-03-16 18:30:00',2,13572,5276,1),
	(198516,'2018-03-16 18:30:00',2,13572,5186,1),
	(198517,'2018-03-16 18:30:00',3,13572,5296,1),
	(198533,'2018-03-16 20:00:00',2,13572,5291,1),
	(198534,'2018-03-16 20:00:00',2,13572,5293,1),
	(198535,'2018-03-16 20:00:00',2,13572,5277,1),
	(198536,'2018-03-16 20:00:00',2,13572,5298,1),
	(198537,'2018-03-16 20:00:00',2,13572,5181,1),
	(198538,'2018-03-16 20:00:00',2,13572,5137,1),
	(198539,'2018-03-16 20:00:00',2,13572,5182,1),
	(198540,'2018-03-16 20:00:00',2,13572,5183,1),
	(198541,'2018-03-16 20:00:00',2,13572,5276,1),
	(198542,'2018-03-16 20:00:00',2,13572,5186,1),
	(198543,'2018-03-16 20:00:00',3,13572,5296,1),
	(202847,'2018-03-21 18:30:00',2,13572,5291,1),
	(202848,'2018-03-21 18:30:00',2,13572,5293,1),
	(202849,'2018-03-21 18:30:00',2,13572,5277,1),
	(202850,'2018-03-21 18:30:00',2,13572,5298,1),
	(202851,'2018-03-21 18:30:00',2,13572,5181,1),
	(202852,'2018-03-21 18:30:00',2,13572,5137,1),
	(202853,'2018-03-21 18:30:00',2,13572,5182,1),
	(202854,'2018-03-21 18:30:00',2,13572,5183,1),
	(202855,'2018-03-21 18:30:00',2,13572,5276,1),
	(202856,'2018-03-21 18:30:00',2,13572,5186,1),
	(202857,'2018-03-21 18:30:00',2,13572,5296,1),
	(202942,'2018-03-21 20:00:00',2,13572,5291,1),
	(202943,'2018-03-21 20:00:00',2,13572,5293,1),
	(202944,'2018-03-21 20:00:00',2,13572,5277,1),
	(202945,'2018-03-21 20:00:00',2,13572,5298,1),
	(202946,'2018-03-21 20:00:00',2,13572,5181,1),
	(202947,'2018-03-21 20:00:00',2,13572,5137,1),
	(202948,'2018-03-21 20:00:00',2,13572,5182,1),
	(202949,'2018-03-21 20:00:00',2,13572,5183,1),
	(202950,'2018-03-21 20:00:00',2,13572,5276,1),
	(202951,'2018-03-21 20:00:00',2,13572,5186,1),
	(202952,'2018-03-21 20:00:00',2,13572,5296,1),
	(215698,'2018-04-10 18:30:00',2,13572,5291,1),
	(215699,'2018-04-10 18:30:00',2,13572,5293,1),
	(215700,'2018-04-10 18:30:00',2,13572,5277,1),
	(215701,'2018-04-10 18:30:00',2,13572,5298,1),
	(215702,'2018-04-10 18:30:00',2,13572,5181,1),
	(215703,'2018-04-10 18:30:00',2,13572,5137,1),
	(215704,'2018-04-10 18:30:00',2,13572,5182,1),
	(215705,'2018-04-10 18:30:00',2,13572,5183,1),
	(215706,'2018-04-10 18:30:00',2,13572,5276,1),
	(215707,'2018-04-10 18:30:00',2,13572,5186,1),
	(215708,'2018-04-10 18:30:00',2,13572,5296,1),
	(215709,'2018-04-10 20:00:00',2,13572,5291,1),
	(215710,'2018-04-10 20:00:00',2,13572,5293,1),
	(215711,'2018-04-10 20:00:00',2,13572,5277,1),
	(215712,'2018-04-10 20:00:00',2,13572,5298,1),
	(215713,'2018-04-10 20:00:00',2,13572,5181,1),
	(215714,'2018-04-10 20:00:00',2,13572,5137,1),
	(215715,'2018-04-10 20:00:00',2,13572,5182,1),
	(215716,'2018-04-10 20:00:00',2,13572,5183,1),
	(215717,'2018-04-10 20:00:00',2,13572,5276,1),
	(215718,'2018-04-10 20:00:00',2,13572,5186,1),
	(215719,'2018-04-10 20:00:00',2,13572,5296,1),
	(217066,'2018-04-11 15:00:00',2,13572,5291,1),
	(217067,'2018-04-11 15:00:00',2,13572,5293,1),
	(217068,'2018-04-11 15:00:00',2,13572,5277,1),
	(217069,'2018-04-11 15:00:00',2,13572,5298,1),
	(217070,'2018-04-11 15:00:00',2,13572,5181,1),
	(217071,'2018-04-11 15:00:00',2,13572,5137,1),
	(217072,'2018-04-11 15:00:00',3,13572,5182,1),
	(217073,'2018-04-11 15:00:00',2,13572,5183,1),
	(217074,'2018-04-11 15:00:00',2,13572,5276,1),
	(217075,'2018-04-11 15:00:00',2,13572,5186,1),
	(217076,'2018-04-11 15:00:00',2,13572,5296,1),
	(217252,'2018-04-11 16:30:00',2,13572,5291,1),
	(217253,'2018-04-11 16:30:00',2,13572,5293,1),
	(217254,'2018-04-11 16:30:00',2,13572,5277,1),
	(217255,'2018-04-11 16:30:00',2,13572,5298,1),
	(217256,'2018-04-11 16:30:00',2,13572,5181,1),
	(217257,'2018-04-11 16:30:00',2,13572,5137,1),
	(217258,'2018-04-11 16:30:00',3,13572,5182,1),
	(217259,'2018-04-11 16:30:00',2,13572,5183,1),
	(217260,'2018-04-11 16:30:00',2,13572,5276,1),
	(217261,'2018-04-11 16:30:00',2,13572,5186,1),
	(217262,'2018-04-11 16:30:00',2,13572,5296,1),
	(218768,'2018-04-12 18:30:00',2,13572,5291,1),
	(218769,'2018-04-12 18:30:00',2,13572,5293,1),
	(218770,'2018-04-12 18:30:00',2,13572,5277,1),
	(218771,'2018-04-12 18:30:00',2,13572,5298,1),
	(218772,'2018-04-12 18:30:00',2,13572,5181,1),
	(218773,'2018-04-12 18:30:00',2,13572,5137,1),
	(218774,'2018-04-12 18:30:00',2,13572,5182,1),
	(218775,'2018-04-12 18:30:00',2,13572,5183,1),
	(218776,'2018-04-12 18:30:00',2,13572,5276,1),
	(218777,'2018-04-12 18:30:00',2,13572,5186,1),
	(218778,'2018-04-12 18:30:00',2,13572,5296,1),
	(218898,'2018-04-12 20:00:00',2,13572,5291,1),
	(218899,'2018-04-12 20:00:00',2,13572,5293,1),
	(218900,'2018-04-12 20:00:00',2,13572,5277,1),
	(218901,'2018-04-12 20:00:00',2,13572,5298,1),
	(218902,'2018-04-12 20:00:00',2,13572,5181,1),
	(218903,'2018-04-12 20:00:00',2,13572,5137,1),
	(218904,'2018-04-12 20:00:00',2,13572,5182,1),
	(218905,'2018-04-12 20:00:00',2,13572,5183,1),
	(218906,'2018-04-12 20:00:00',2,13572,5276,1),
	(218907,'2018-04-12 20:00:00',2,13572,5186,1),
	(218908,'2018-04-12 20:00:00',2,13572,5296,1),
	(222930,'2018-04-17 18:30:00',2,13572,5291,1),
	(222931,'2018-04-17 18:30:00',2,13572,5293,1),
	(222932,'2018-04-17 18:30:00',2,13572,5277,1),
	(222933,'2018-04-17 18:30:00',2,13572,5298,1),
	(222934,'2018-04-17 18:30:00',2,13572,5181,1),
	(222935,'2018-04-17 18:30:00',2,13572,5137,1),
	(222936,'2018-04-17 18:30:00',2,13572,5182,1),
	(222937,'2018-04-17 18:30:00',2,13572,5183,1),
	(222938,'2018-04-17 18:30:00',2,13572,5276,1),
	(222939,'2018-04-17 18:30:00',2,13572,5186,1),
	(222940,'2018-04-17 18:30:00',2,13572,5296,1),
	(229768,'2018-04-17 20:00:00',2,13572,5291,1),
	(229769,'2018-04-17 20:00:00',2,13572,5293,1),
	(229770,'2018-04-17 20:00:00',2,13572,5277,1),
	(229771,'2018-04-17 20:00:00',2,13572,5298,1),
	(229772,'2018-04-17 20:00:00',2,13572,5181,1),
	(229773,'2018-04-17 20:00:00',2,13572,5137,1),
	(229774,'2018-04-17 20:00:00',2,13572,5182,1),
	(229775,'2018-04-17 20:00:00',2,13572,5183,1),
	(229776,'2018-04-17 20:00:00',2,13572,5276,1),
	(229777,'2018-04-17 20:00:00',2,13572,5186,1),
	(229778,'2018-04-17 20:00:00',2,13572,5296,1),
	(229790,'2018-04-24 20:00:00',2,13572,5291,1),
	(229791,'2018-04-24 20:00:00',2,13572,5293,1),
	(229792,'2018-04-24 20:00:00',2,13572,5277,1),
	(229793,'2018-04-24 20:00:00',2,13572,5298,1),
	(229794,'2018-04-24 20:00:00',2,13572,5181,1),
	(229795,'2018-04-24 20:00:00',2,13572,5137,1),
	(229796,'2018-04-24 20:00:00',2,13572,5182,1),
	(229797,'2018-04-24 20:00:00',2,13572,5183,1),
	(229798,'2018-04-24 20:00:00',2,13572,5276,1),
	(229799,'2018-04-24 20:00:00',2,13572,5186,1),
	(229800,'2018-04-24 20:00:00',2,13572,5296,1),
	(256356,'2018-04-24 18:30:00',2,13572,5291,1),
	(256357,'2018-04-24 18:30:00',2,13572,5293,1),
	(256358,'2018-04-24 18:30:00',2,13572,5277,1),
	(256359,'2018-04-24 18:30:00',2,13572,5298,1),
	(256360,'2018-04-24 18:30:00',2,13572,5181,1),
	(256361,'2018-04-24 18:30:00',2,13572,5137,1),
	(256362,'2018-04-24 18:30:00',2,13572,5182,1),
	(256363,'2018-04-24 18:30:00',2,13572,5183,1),
	(256364,'2018-04-24 18:30:00',2,13572,5276,1),
	(256365,'2018-04-24 18:30:00',2,13572,5186,1),
	(256366,'2018-04-24 18:30:00',2,13572,5296,1);

/*!40000 ALTER TABLE `cl_aulas_attendance` ENABLE KEYS */;
UNLOCK TABLES;


# Dump of table cl_aulas_calendar
# ------------------------------------------------------------

DROP TABLE IF EXISTS `cl_aulas_calendar`;

CREATE TABLE `cl_aulas_calendar` (
  `aula_calendar_id` int(11) unsigned NOT NULL AUTO_INCREMENT,
  `aula_id` int(11) DEFAULT NULL,
  `group_id` int(11) DEFAULT NULL,
  `calendar_date_ini` datetime DEFAULT NULL,
  `calendar_date_end` datetime DEFAULT NULL,
  PRIMARY KEY (`aula_calendar_id`)
) ENGINE=InnoDB DEFAULT CHARSET=utf8mb4;

LOCK TABLES `cl_aulas_calendar` WRITE;
/*!40000 ALTER TABLE `cl_aulas_calendar` DISABLE KEYS */;

INSERT INTO `cl_aulas_calendar` (`aula_calendar_id`, `aula_id`, `group_id`, `calendar_date_ini`, `calendar_date_end`)
VALUES
	(7058,13571,1,'2017-11-08 16:30:00','2017-11-08 18:00:00'),
	(7059,13571,2,'2017-11-08 16:30:00','2017-11-08 18:00:00'),
	(7079,13571,1,'2017-11-09 16:30:00','2017-11-09 18:00:00'),
	(7080,13571,2,'2017-11-09 16:30:00','2017-11-09 18:00:00'),
	(7184,13571,1,'2017-11-14 16:30:00','2017-11-14 18:00:00'),
	(7284,13571,1,'2017-11-16 16:30:00','2017-11-16 18:00:00'),
	(7285,13571,2,'2017-11-16 16:30:00','2017-11-16 18:00:00'),
	(7384,13571,1,'2017-11-17 18:30:00','2017-11-17 20:00:00'),
	(7386,13571,2,'2017-11-17 18:30:00','2017-11-17 20:00:00'),
	(7796,13571,1,'2017-11-23 18:30:00','2017-11-23 21:30:00'),
	(7932,13571,2,'2017-11-28 18:30:00','2017-11-28 21:30:00'),
	(7999,13571,1,'2017-11-30 18:30:00','2017-11-30 21:30:00'),
	(8269,13571,1,'2017-12-05 18:30:00','2017-12-05 20:00:00'),
	(8272,13571,2,'2017-12-05 18:30:00','2017-12-05 20:00:00'),
	(8782,13571,1,'2017-12-13 18:30:00','2017-12-13 21:30:00'),
	(8783,13571,2,'2017-12-13 15:00:00','2017-12-13 18:00:00'),
	(8813,13571,2,'2017-11-20 18:30:00','2017-11-20 21:30:00'),
	(8938,13571,1,'2017-12-20 16:30:00','2017-12-20 18:00:00'),
	(8939,13571,2,'2017-12-20 16:30:00','2017-12-20 18:00:00'),
	(11485,13572,1,'2018-03-07 18:30:00','2018-03-07 21:30:00'),
	(11501,13572,1,'2018-03-08 18:30:00','2018-03-08 21:30:00'),
	(11755,13572,1,'2018-03-16 18:30:00','2018-03-16 21:30:00'),
	(11820,13572,1,'2018-04-12 18:30:00','2018-04-12 21:30:00'),
	(12359,13572,1,'2018-04-10 18:30:00','2018-04-10 21:30:00'),
	(12501,13572,1,'2018-04-17 18:30:00','2018-04-17 21:30:00'),
	(13667,13571,2,'2017-11-14 16:30:00','2017-11-14 18:00:00'),
	(14029,13572,1,'2018-03-21 18:30:00','2018-03-21 21:30:00'),
	(14030,13572,1,'2018-04-11 15:00:00','2018-04-11 18:00:00'),
	(14031,13572,1,'2018-04-24 18:30:00','2018-04-24 21:30:00'),
	(14198,13572,1,'2018-03-14 18:30:00','2018-03-14 21:30:00');

/*!40000 ALTER TABLE `cl_aulas_calendar` ENABLE KEYS */;
UNLOCK TABLES;


# Dump of table cl_aulas_students
# ------------------------------------------------------------

DROP TABLE IF EXISTS `cl_aulas_students`;

CREATE TABLE `cl_aulas_students` (
  `aula_student_id` int(11) unsigned NOT NULL AUTO_INCREMENT,
  `student_id` int(11) DEFAULT NULL,
  `aula_id` int(11) DEFAULT NULL,
  `group_id` int(11) DEFAULT NULL,
  PRIMARY KEY (`aula_student_id`)
) ENGINE=InnoDB DEFAULT CHARSET=utf8mb4;

LOCK TABLES `cl_aulas_students` WRITE;
/*!40000 ALTER TABLE `cl_aulas_students` DISABLE KEYS */;

INSERT INTO `cl_aulas_students` (`aula_student_id`, `student_id`, `aula_id`, `group_id`)
VALUES
	(1,371,13571,1),
	(2,359,13571,1),
	(3,361,13571,1),
	(4,357,13571,1),
	(5,364,13571,1),
	(6,354,13571,1),
	(7,363,13571,1),
	(8,369,13571,1),
	(9,356,13571,1),
	(10,360,13571,2),
	(11,5394,13571,2),
	(12,384,13571,2),
	(13,355,13571,2),
	(14,5375,13571,2),
	(15,370,13571,2),
	(16,362,13571,2),
	(17,5399,13571,2),
	(18,5379,13571,2),
	(19,5277,13572,1),
	(20,5298,13572,1),
	(21,5181,13572,1),
	(22,5182,13572,1),
	(23,5183,13572,1),
	(24,5276,13572,1),
	(25,5186,13572,1),
	(26,5296,13572,1),
	(27,5392,13571,2),
	(28,5291,13572,1),
	(29,5137,13572,1),
	(30,358,13571,1),
	(31,5293,13572,1),
	(32,4797,13571,1),
	(33,4976,13571,1),
	(34,5397,13571,2);

/*!40000 ALTER TABLE `cl_aulas_students` ENABLE KEYS */;
UNLOCK TABLES;


# Dump of table cl_students
# ------------------------------------------------------------

DROP TABLE IF EXISTS `cl_students`;

CREATE TABLE `cl_students` (
  `student_id` int(11) unsigned NOT NULL AUTO_INCREMENT,
  `student_name` varchar(128) DEFAULT NULL,
  `student_lastname` varchar(128) DEFAULT NULL,
  PRIMARY KEY (`student_id`)
) ENGINE=InnoDB DEFAULT CHARSET=utf8mb4;

LOCK TABLES `cl_students` WRITE;
/*!40000 ALTER TABLE `cl_students` DISABLE KEYS */;

INSERT INTO `cl_students` (`student_id`, `student_name`, `student_lastname`)
VALUES
	(354,'JORDI','CAPELLADES'),
	(355,'ADRIÀ','PLAZA'),
	(356,'MIGUEL ÁNGEL','SERRA'),
	(357,'Saül','Perez'),
	(358,'CLAUDIA','LUQUE'),
	(359,'ARNAU','GÓMEZ'),
	(360,'ROBERT','PICAZO'),
	(361,'Santiago','Encarnación'),
	(362,'Manuel','Chueca'),
	(363,'Isaac James','Paredes'),
	(364,'ALBERT','DE LA MOTA'),
	(369,'ABRIL','VALERO'),
	(370,'NIKOLAI','CAÑETE'),
	(371,'ALEX','DURÀ'),
	(384,'DIEGO AUGUSTO','PONCE'),
	(4797,'MARTI','PEREZ'),
	(4976,'DARIA',NULL),
	(5137,'ALEIX','MARES'),
	(5181,'JORDI','NUNEZ'),
	(5182,'MARC','CAÑADELL'),
	(5183,'MARC','LOPEZ'),
	(5186,'SERGI ','PERAL'),
	(5276,'SERGI','PASCUAL'),
	(5277,'ANNA','FERRANDO'),
	(5291,'NIL','LAZARO'),
	(5293,'MARIA','VALERO'),
	(5296,'PAU','ROMAN'),
	(5298,'CLAUDIA','BUSQUETS'),
	(5375,'LLUC','FERRER'),
	(5379,'LUIS','ANDRION'),
	(5392,'NIL','SÁNCHEZ'),
	(5394,'JAN','ROBERT'),
	(5397,'BERN','ROS'),
	(5399,'Pere','Gomáriz');

/*!40000 ALTER TABLE `cl_students` ENABLE KEYS */;
UNLOCK TABLES;
