-- --------------------------------------------------------
-- Host:                         127.0.0.1
-- Server version:               10.4.6-MariaDB - mariadb.org binary distribution
-- Server OS:                    Win64
-- HeidiSQL Version:             10.2.0.5599
-- --------------------------------------------------------

/*!40101 SET @OLD_CHARACTER_SET_CLIENT=@@CHARACTER_SET_CLIENT */;
/*!40101 SET NAMES utf8 */;
/*!50503 SET NAMES utf8mb4 */;
/*!40014 SET @OLD_FOREIGN_KEY_CHECKS=@@FOREIGN_KEY_CHECKS, FOREIGN_KEY_CHECKS=0 */;
/*!40101 SET @OLD_SQL_MODE=@@SQL_MODE, SQL_MODE='NO_AUTO_VALUE_ON_ZERO' */;

-- Dumping data for table moadrpcd_corporate.tb_m_app: ~0 rows (approximately)
/*!40000 ALTER TABLE `tb_m_app` DISABLE KEYS */;
INSERT INTO `tb_m_app` (`app_id`, `app_name`, `app_label`, `app_default_function_id`, `app_description`, `app_active`, `app_order`, `app_icon`, `app_bgcolor`, `created_by`, `created_dt`, `changed_by`, `changed_dt`) VALUES
	(1, 'Keuangan & Akuntansi', 'Keuangan &<br/> Akuntansi', 1101, '', '1', 1, 'mdi mdi-scale-balance', 'primary', 'system.init', '2018-04-12 18:33:48', 'system.init', '2018-04-12 18:33:48');
/*!40000 ALTER TABLE `tb_m_app` ENABLE KEYS */;

-- Dumping data for table moadrpcd_corporate.tb_m_function: ~41 rows (approximately)
/*!40000 ALTER TABLE `tb_m_function` DISABLE KEYS */;
INSERT INTO `tb_m_function` (`function_id`, `app_id`, `function_parent`, `function_name`, `function_name_id`, `function_controller`, `function_description`, `function_active`, `function_order`, `function_icon`, `function_link_visible`, `created_by`, `created_dt`, `changed_by`, `changed_dt`) VALUES
	('11', 1, '0', 'Akuntansi', NULL, NULL, NULL, '1', 1, 'mdi mdi-scale-balance', '1', 'ark.irfan', '2018-02-07 15:50:15', 'ark.irfan', '2019-09-27 08:40:30'),
	('110', 1, '11', 'Dasbor Bisnis', NULL, 'dashboard_business', NULL, '1', 1, NULL, '1', 'ark.irfan', '2018-02-07 15:50:15', 'ark.irfan', '2019-09-27 08:53:19'),
	('111', 1, '11', 'Daftar Akun', NULL, 'coa', NULL, '1', 2, NULL, '1', 'ark.irfan', '2018-02-07 15:50:15', 'ark.irfan', '2019-09-27 08:53:20'),
	('112', 1, '11', 'Kas & Bank', NULL, 'cashbank', NULL, '1', 3, NULL, '1', 'ark.irfan', '2018-02-07 15:50:15', 'ark.irfan', '2019-09-27 08:53:21'),
	('113', 1, '11', 'Jurnal umum', NULL, 'journal', NULL, '1', 4, NULL, '1', 'ark.irfan', '2018-02-07 15:50:15', 'ark.irfan', '2019-09-27 08:53:21'),
	('114', 1, '11', 'Rekonsilasi', NULL, 'reconcile', NULL, '1', 5, NULL, '1', 'ark.irfan', '2018-02-07 15:50:15', 'ark.irfan', '2019-09-27 08:53:22'),
	('12', 1, '0', 'Penjualan', NULL, NULL, NULL, '1', 2, 'mdi mdi-tag-multiple', '1', 'ark.irfan', '2018-02-07 15:50:15', 'ark.irfan', '2019-09-27 08:35:08'),
	('121', 1, '12', 'Penawaran', NULL, 'sales_quotation', NULL, '1', 1, NULL, '1', 'system', '2018-02-20 14:57:37', 'system', '2019-09-28 19:49:20'),
	('122', 1, '12', 'Pemesanan', NULL, 'sales_order', NULL, '1', 2, NULL, '1', 'system', '2018-02-20 14:57:37', 'system', '2019-09-28 19:49:22'),
	('123', 1, '12', 'Pengiriman', NULL, 'sales_delivery', NULL, '1', 3, NULL, '1', 'system', '2018-02-20 14:57:37', 'system', '2019-09-28 19:49:24'),
	('124', 1, '12', 'Penagihan', NULL, 'sales_invoice', NULL, '1', 4, NULL, '1', 'system', '2018-02-20 14:57:37', 'system', '2019-09-28 19:49:26'),
	('125', 1, '12', 'Pembayaran', NULL, 'sales_payment', NULL, '1', 5, NULL, '1', 'system', '2018-02-20 14:57:37', 'system', '2019-09-28 19:49:29'),
	('13', 1, '0', 'Pembelian', NULL, NULL, NULL, '1', 3, 'mdi mdi-wallet-giftcard', '1', 'system', NULL, 'system', '2019-09-27 08:47:00'),
	('131', 1, '13', 'Permintaan', NULL, 'purchase_quotation', NULL, '1', 1, NULL, '1', 'system', NULL, 'system', '2019-09-29 13:15:51'),
	('132', 1, '13', 'Pemesanan', NULL, 'purchase_order', NULL, '1', 2, NULL, '1', 'system', NULL, 'system', '2019-09-29 13:15:53'),
	('133', 1, '13', 'Penerimaan', NULL, 'purchase_delivery', NULL, '1', 3, NULL, '1', 'system', NULL, 'system', '2019-09-29 13:15:58'),
	('134', 1, '13', 'Faktur Pembelian', NULL, 'purchase_invoice', NULL, '1', 4, NULL, '1', 'system', NULL, 'system', '2019-09-27 08:53:42'),
	('14', 1, '0', 'Penggajian', NULL, NULL, NULL, '1', 4, 'mdi mdi-wallet', '1', 'system', NULL, 'system', '2019-09-29 13:59:44'),
	('141', 1, '14', 'Komponen Gaji', NULL, 'payroll_comp', NULL, '1', 2, NULL, '1', 'system', NULL, 'system', '2019-09-29 13:49:27'),
	('142', 1, '14', 'Proses Gaji', NULL, 'payroll_process', NULL, '1', 3, NULL, '1', 'system', NULL, 'system', '2019-09-29 13:49:30'),
	('15', 1, '0', 'Laporan', NULL, NULL, NULL, '1', 5, 'mdi mdi-chart-bar', '1', 'system', NULL, 'system', '2019-09-29 13:59:49'),
	('151', 1, '15', 'Buku Besar', NULL, 'general_ledger', NULL, '1', 1, NULL, '1', 'ark.irfan', '2018-02-07 15:50:15', 'ark.irfan', '2019-09-29 13:20:12'),
	('152', 1, '15', 'Neraca Saldo', NULL, 'balance_sheet', NULL, '1', 2, NULL, '1', 'ark.irfan', '2018-02-07 15:50:15', 'ark.irfan', '2019-09-29 13:20:14'),
	('153', 1, '15', 'Laba Rugi', NULL, 'profit_loss', NULL, '1', 3, NULL, '1', 'ark.irfan', '2018-02-07 15:50:15', 'ark.irfan', '2019-09-29 13:20:16'),
	('154', 1, '15', 'Arus Kas Proyek', NULL, 'project_cashflow', NULL, '1', 4, NULL, '1', 'ark.irfan', NULL, 'system', '2019-09-29 13:20:18'),
	('155', 1, '15', 'Rekap Gaji', NULL, 'payroll_report', NULL, '1', 5, NULL, '1', 'system', NULL, 'system', '2019-09-29 14:00:28'),
	('156', 1, '15', 'Slip Gaji', NULL, NULL, NULL, '1', 6, NULL, '1', 'system', NULL, 'system', '2019-09-29 14:00:30'),
	('16', 1, '0', 'Data Master', NULL, NULL, NULL, '1', 6, ' mdi mdi-format-list-bulleted', '1', 'system', NULL, 'system', '2019-09-27 08:46:17'),
	('161', 1, '16', 'Pelanggan', NULL, 'customer', NULL, '1', 1, NULL, '1', 'system', NULL, 'system', '2019-09-27 08:53:33'),
	('162', 1, '16', 'Pemasok', NULL, 'supplier', NULL, '1', 2, NULL, '1', 'system', NULL, 'system', '2019-09-27 08:53:34'),
	('163', 1, '16', 'Produk', NULL, 'item', NULL, '1', 3, NULL, '1', 'system', '2019-07-29 08:13:29', 'system', '2019-09-27 08:53:35'),
	('164', 1, '16', 'Pajak', NULL, 'tax', NULL, '1', 4, NULL, '1', 'system', NULL, 'system', '2019-09-27 08:53:36'),
	('165', 1, '16', 'Kepegawaian', NULL, 'master_employee', NULL, '1', 5, NULL, '1', 'system', NULL, 'system', '2019-09-27 08:58:49'),
	('17', 1, '0', 'Pengaturan', NULL, NULL, NULL, '1', 7, NULL, '0', 'system', NULL, 'system', '2019-09-29 14:03:46'),
	('171', 1, '17', 'Perusahaan', NULL, 'settings', NULL, '1', 1, NULL, '0', 'system', NULL, 'system', '2019-09-29 14:04:09'),
	('172', 1, '17', 'Penjualan', NULL, 'settings/sales', NULL, '1', 2, NULL, '0', 'system', NULL, 'system', '2019-09-29 14:04:29'),
	('173', 1, '17', 'Pembelian', NULL, 'settings/purchase', NULL, '1', 3, NULL, '0', 'system', NULL, 'system', '2019-09-29 14:04:47'),
	('174', 1, '17', 'Produk', NULL, 'settings/items', NULL, '1', 4, NULL, '0', 'system', NULL, 'system', '2019-09-29 14:05:09'),
	('175', 1, '17', 'Pemetaan Akun', NULL, 'settings/account', NULL, '1', 5, NULL, '0', 'system', NULL, 'system', '2019-09-29 14:05:29'),
	('176', 1, '17', 'Pengguna', NULL, 'settings/users', NULL, '1', 6, NULL, '0', 'system', NULL, 'system', '2019-09-29 14:05:49'),
	('177', 1, '17', 'Tagihan', NULL, 'settings/billing', NULL, '1', 7, NULL, '0', 'system', NULL, 'system', '2019-09-29 14:06:07');
/*!40000 ALTER TABLE `tb_m_function` ENABLE KEYS */;

-- Dumping data for table moadrpcd_corporate.tb_m_function_feature: ~211 rows (approximately)
/*!40000 ALTER TABLE `tb_m_function_feature` DISABLE KEYS */;
INSERT INTO `tb_m_function_feature` (`feature_id`, `function_id`, `feature_name`, `feature_description`, `feature_element_id`, `feature_element_class`, `feature_element_type`, `feature_element_icon`, `feature_action`, `feature_position`, `created_by`, `created_dt`, `changed_by`, `changed_dt`) VALUES
	('11001', '110', 'Dasbor Ringkasan Bisnis', NULL, 'shortcut', NULL, 'page', NULL, 'dashboard_business', NULL, 'ark.irfan', '2018-02-09 13:32:19', 'ark.irfan', '2019-09-28 19:52:24'),
	('11101', '111', 'Daftar Akun', NULL, 'shortcut', NULL, 'page', NULL, 'coa', NULL, 'ark.irfan', '2018-02-07 15:54:06', 'ark.irfan', '2019-09-28 19:52:28'),
	('11102', '111', 'Buat Akun', NULL, 'shortcut', NULL, 'page', NULL, 'coa/create', NULL, 'ark.irfan', '2018-02-07 15:54:06', 'ark.irfan', '2019-09-28 19:52:30'),
	('11103', '111', 'Lihat Akun', NULL, NULL, NULL, 'page', NULL, 'coa/id', NULL, 'ark.irfan', '2018-02-07 15:54:06', 'ark.irfan', '2019-09-28 19:52:32'),
	('11104', '111', 'Edit Akun', NULL, NULL, NULL, 'page', NULL, 'coa/edit', NULL, 'ark.irfan', '2018-02-07 15:54:06', 'ark.irfan', '2019-09-28 19:52:34'),
	('11105', '111', 'Buat Jurnal Umum', NULL, 'btn_add_journal', 'btn btn-primary btn-bordered waves-light waves-effect w-md m-b-5', 'button', 'mdi mdi-plus', 'window.location=SITE_URL + \'journal/create\'', NULL, 'ark.irfan', '2018-02-07 15:54:06', 'ark.irfan', '2019-09-29 13:17:24'),
	('11106', '111', 'Buat Akun Baru', NULL, 'btn_add_coa', 'btn btn-custom btn-bordered waves-light waves-effect w-md m-b-5', 'button', 'mdi mdi-plus', 'window.location=SITE_URL + \'coa/create\'', NULL, 'ark.irfan', '2018-02-07 15:54:06', 'ark.irfan', '2019-09-29 13:17:26'),
	('11107', '111', 'Penutupan Buku', NULL, 'btn_closed', 'btn btn-pink btn-bordered waves-light waves-effect w-md m-b-5', 'button', 'mdi mdi-book-multiple ', 'window.location=SITE_URL + \'journal/create\'', NULL, 'ark.irfan', '2018-02-07 15:54:06', 'ark.irfan', '2019-09-29 13:17:29'),
	('11108', '111', 'Impor', NULL, 'btn_impor', 'btn btn-custom btn-bordered waves-light waves-effect w-md m-b-5', 'button', 'mdi mdi-package-down ', 'on_import()', NULL, 'ark.irfan', '2018-02-07 15:54:06', 'ark.irfan', '2019-09-29 13:17:30'),
	('11109', '111', 'Ekspor', NULL, 'btn_ekspor', 'btn btn-custom btn-bordered waves-light waves-effect w-md m-b-5', 'button', 'mdi mdi-package-up ', 'export_excel()', NULL, 'ark.irfan', '2018-02-07 16:02:27', 'ark.irfan', '2019-09-29 13:17:33'),
	('11110', '111', 'Simpan Akun', NULL, 'btn_submit', 'btn btn-primary btn-bordered waves-light waves-effect w-md m-b-5', 'submit', NULL, NULL, NULL, 'ark.irfan', '2018-02-07 16:03:34', 'ark.irfan', '2019-09-29 13:23:53'),
	('11111', '111', 'Simpan & Input Lagi', NULL, 'btn_submit_stay', 'btn btn-primary btn-bordered waves-light waves-effect w-md m-b-5', 'button', NULL, 'submit_account_and_stay()', NULL, 'ark.irfan', '2018-02-07 16:04:17', 'ark.irfan', '2019-09-29 13:23:57'),
	('11112', '111', 'Ubah Akun', NULL, 'btn_edit', 'btn btn-custom btn-bordered waves-light waves-effect w-md m-b-5', 'button', NULL, 'window.location=\'{0}coa/edit/{1}\'', NULL, 'ark.irfan', '2018-02-07 16:06:33', 'ark.irfan', '2019-09-29 13:24:17'),
	('11113', '111', 'Hapus', NULL, 'btn_delete', 'btn btn-danger btn-bordered waves-light waves-effect w-md m-b-5', 'button', NULL, 'on_delete()', NULL, 'ark.irfan', '2018-02-07 16:06:34', 'ark.irfan', '2019-09-29 13:24:21'),
	('11114', '111', 'Perbarui Akun', NULL, 'btn_update', 'btn btn-primary btn-bordered waves-light waves-effect w-md m-b-5', 'submit', NULL, NULL, NULL, 'ark.irfan', '2018-02-07 16:07:38', 'ark.irfan', '2019-09-29 13:24:23'),
	('11115', '111', 'Download Template', NULL, 'btn_tmplt', 'btn btn-tumblr waves-effect waves-light m-b-5', 'button', 'glyphicon glyphicon-file', 'download_template()', NULL, 'ark.irfan', '2018-02-07 16:09:19', 'ark.irfan', '2019-09-29 13:24:26'),
	('11116', '111', 'Proses', NULL, 'btn_proses', 'btn btn-linkedin waves-effect waves-light w-lg m-b-5', 'button', NULL, NULL, NULL, 'ark.irfan', '2018-02-07 16:11:49', 'ark.irfan', '2019-09-29 13:24:31'),
	('11201', '112', 'Daftar Kas & Bank', NULL, 'shortcut', NULL, 'page', NULL, 'cashbank', NULL, 'ark.irfan', '2018-02-07 16:11:50', 'ark.irfan', '2019-09-29 13:24:39'),
	('11202', '112', 'Transfer Uang (Kas & Bank)', NULL, 'shortcut', NULL, 'page', NULL, 'cashbank/transfer', NULL, 'ark.irfan', '2018-02-07 16:14:42', 'ark.irfan', '2019-09-29 13:24:43'),
	('11203', '112', 'Uang Masuk', NULL, 'shortcut', NULL, 'page', NULL, 'cashbank/deposit', NULL, 'ark.irfan', '2018-02-07 16:14:43', 'ark.irfan', '2019-09-29 13:24:45'),
	('11204', '112', 'Uang Keluar', NULL, 'shortcut', NULL, 'page', NULL, 'cashbank/withdrawal', NULL, 'ark.irfan', '2018-02-07 16:14:43', 'ark.irfan', '2019-09-29 13:24:47'),
	('11205', '112', 'Rekonsiliasi (Kas & Bank)', NULL, 'shortcut', NULL, 'page', NULL, 'cashbank/reconcile', NULL, 'ark.irfan', '2018-02-07 16:15:13', 'ark.irfan', '2019-09-29 13:24:51'),
	('11206', '112', 'Transfer Uang', NULL, 'btn_transfer', 'btn btn-custom btn-bordered waves-light waves-effect w-md m-b-5', 'button', NULL, 'window.location=SITE_URL + \'cashbank/transfer\'', NULL, 'ark.irfan', '2018-02-07 16:16:23', 'ark.irfan', '2019-09-29 13:24:54'),
	('11207', '112', 'Uang Masuk', NULL, 'btn_deposit', 'btn btn-custom btn-bordered waves-light waves-effect w-md m-b-5', 'button', NULL, 'window.location=SITE_URL + \'cashbank/deposit\'', NULL, 'ark.irfan', '2018-02-07 16:17:33', 'ark.irfan', '2019-09-29 13:24:58'),
	('11208', '112', 'Uang Keluar', NULL, 'btn_withdrawal', 'btn btn-custom btn-bordered waves-light waves-effect w-md m-b-5', 'button', NULL, 'window.location=SITE_URL + \'cashbank/withdrawal\'', NULL, 'ark.irfan', '2018-02-07 16:17:34', 'ark.irfan', '2019-09-29 13:25:03'),
	('11209', '112', 'Rekonsilasi Bank', NULL, 'btn_reconcile', 'btn btn-custom btn-bordered waves-light waves-effect w-md m-b-5', 'button', NULL, 'window.location=SITE_URL + \'cashbank/reconcile\'', NULL, 'ark.irfan', '2018-02-07 16:17:35', 'ark.irfan', '2019-09-29 13:25:06'),
	('11210', '112', 'Simpan Transferan', NULL, 'btn_submit_transfer', 'btn btn-primary btn-bordered waves-light waves-effect w-md m-b-5', 'button', NULL, 'submit_transfer()', NULL, 'ark.irfan', '2018-02-07 16:18:10', 'ark.irfan', '2019-09-29 13:25:09'),
	('11211', '112', 'Simpan Penerimaan', NULL, 'btn_submit_deposit', 'btn btn-primary btn-bordered waves-light waves-effect w-md m-b-5', 'button', NULL, 'submit_deposit()', NULL, 'ark.irfan', '2018-02-07 16:18:51', 'ark.irfan', '2019-09-29 13:25:12'),
	('11212', '112', 'Simpan Pengiriman', NULL, 'btn_submit_withdrawal', 'btn btn-primary btn-bordered waves-light waves-effect w-md m-b-5', 'button', NULL, 'submit_deposit()', NULL, 'ark.irfan', '2018-02-07 16:18:54', 'ark.irfan', '2019-09-29 13:25:15'),
	('11213', '112', 'Simpan Rekonsilasi Akun', NULL, 'btn_submit_reconcile', 'btn btn-primary btn-bordered waves-light waves-effect w-md m-b-5', 'button', NULL, 'submit_reconcile()', NULL, 'ark.irfan', '2018-02-07 16:23:59', 'ark.irfan', '2019-09-29 13:25:18'),
	('11301', '113', 'Daftar Jurnal', NULL, 'shortcut', NULL, 'page', NULL, 'journal', NULL, 'ark.irfan', '2018-02-07 16:24:00', 'ark.irfan', '2019-09-29 13:25:26'),
	('11302', '113', 'Buat Jurnal', NULL, 'shortcut', NULL, 'page', NULL, 'journal/create', NULL, 'ark.irfan', '2018-02-07 16:25:32', 'ark.irfan', '2019-09-29 13:25:32'),
	('11303', '113', 'Lihat Jurnal', NULL, NULL, NULL, 'page', NULL, 'journal/id', NULL, 'ark.irfan', '2018-02-07 16:25:33', 'ark.irfan', '2019-09-29 13:25:34'),
	('11304', '113', 'Edit Jurnal', NULL, NULL, NULL, 'page', NULL, 'journal/edit', NULL, 'ark.irfan', '2018-02-07 16:25:33', 'ark.irfan', '2019-09-29 13:25:38'),
	('11305', '113', 'Buat Jurnal Umum', NULL, 'btn_add', 'btn btn-custom btn-bordered waves-light waves-effect w-md m-b-5', 'button', 'mdi mdi-plus', 'window.location=SITE_URL + \'journal/create\'', NULL, 'ark.irfan', '2018-02-07 16:26:18', 'ark.irfan', '2019-09-29 13:25:40'),
	('11306', '113', 'Simpan Jurnal', NULL, 'btn_submit', 'btn btn-primary btn-bordered waves-light waves-effect w-md m-b-5', 'button', NULL, 'submit_jurnal()', NULL, 'ark.irfan', '2018-02-07 16:28:54', 'ark.irfan', '2019-09-29 13:25:43'),
	('11307', '113', 'Simpan & Input Lagi', NULL, 'btn_submit_stay', 'btn btn-primary btn-bordered waves-light waves-effect w-md m-b-5', 'button', NULL, 'submit_jurnal_and_stay()', NULL, 'ark.irfan', '2018-02-07 16:28:54', 'ark.irfan', '2019-09-29 13:25:45'),
	('11308', '113', 'Ubah Jurnal', NULL, 'btn_edit', 'btn btn-custom btn-bordered waves-light waves-effect w-md m-b-5', 'button', NULL, 'window.location=\'{0}journal/edit/{1}\'', NULL, 'ark.irfan', '2018-02-07 16:29:47', 'ark.irfan', '2019-09-29 13:25:48'),
	('11309', '113', 'Hapus', NULL, 'btn_delete', 'btn btn-danger btn-bordered waves-light waves-effect w-md m-b-5', 'button', NULL, '$(\'#myModal\').modal(\'show\')', NULL, 'ark.irfan', '2018-02-09 13:28:56', 'ark.irfan', '2019-09-29 13:25:50'),
	('11310', '113', 'Perbarui Jurnal', NULL, 'btn_update', 'btn btn-primary btn-bordered waves-light waves-effect w-md m-b-5', 'button', NULL, 'submit_jurnal()', NULL, 'ark.irfan', '2018-02-09 13:28:57', 'ark.irfan', '2019-09-29 13:25:52'),
	('11401', '114', 'Daftar Rekonsiliasi', NULL, 'shortcut', NULL, 'page', NULL, 'reconcile', NULL, 'ark.irfan', '2018-02-09 13:28:58', 'ark.irfan', '2019-09-29 13:27:15'),
	('11402', '114', 'Lihat Rekonsiliasi', NULL, NULL, NULL, 'page', NULL, 'reconcile/id', NULL, 'ark.irfan', '2018-02-09 13:28:59', 'ark.irfan', '2019-09-29 13:27:18'),
	('11403', '114', 'Buat Rekonsilasi Bank', NULL, 'btn_add', 'btn btn-custom btn-bordered waves-light waves-effect w-md m-b-5', 'button', 'mdi mdi-plus', 'window.location=SITE_URL+\'cashbank/reconcile\'', NULL, 'ark.irfan', '2018-02-09 13:30:23', 'ark.irfan', '2019-09-29 13:27:20'),
	('11404', '114', 'Hapus', NULL, 'btn_delete', 'btn btn-danger btn-bordered waves-light waves-effect w-md m-b-5', 'button', NULL, '$(\'#myModal\').modal(\'show\')', NULL, 'ark.irfan', '2018-02-09 13:31:27', 'ark.irfan', '2019-09-29 13:27:23'),
	('12101', '121', 'Daftar Penawaran Penjualan', NULL, 'shortcut', NULL, 'page', NULL, 'sales_quotation', NULL, 'ark.irfan', '2018-02-09 14:10:35', 'ark.irfan', '2019-09-29 13:30:33'),
	('12102', '121', 'Buat Penawaran Penjualan Baru', NULL, 'shortcut', NULL, 'page', NULL, 'sales_quotation/create', NULL, 'ark.irfan', '2018-02-09 14:11:38', 'ark.irfan', '2019-09-29 13:30:36'),
	('12103', '121', 'Lihat', NULL, NULL, NULL, 'page', NULL, 'sales_quotation/id', NULL, 'ark.irfan', '2018-02-09 14:12:26', 'ark.irfan', '2019-09-29 13:30:38'),
	('12104', '121', 'Ubah Penawaran Penjualan', NULL, NULL, NULL, 'page', NULL, 'sales_quotation/edit', NULL, 'ark.irfan', '2018-02-09 14:12:51', 'ark.irfan', '2019-09-29 13:30:39'),
	('12105', '121', 'Buat Penawaran Baru', NULL, 'btn_add', 'btn btn-custom btn-bordered waves-light waves-effect w-md m-b-5', 'button', 'mdi mdi-plus', 'window.location=SITE_URL + \'sales_quotation/create\'', NULL, 'ark.irfan', '2018-02-09 14:14:56', 'ark.irfan', '2019-09-29 13:30:41'),
	('12106', '121', 'Buat Penawaran', NULL, 'btn_submit', 'btn btn-primary btn-bordered waves-light waves-effect w-md m-b-5', 'button', NULL, 'submit_quotation()', NULL, 'ark.irfan', '2018-02-09 14:16:03', 'ark.irfan', '2019-09-29 13:30:43'),
	('12107', '121', 'Ubah', NULL, 'btn_edit', 'btn btn-custom btn-bordered waves-light waves-effect w-md m-b-5', 'button', NULL, 'window.location=\'{0}sales_quotation/edit/{1}\'', NULL, 'ark.irfan', '2018-02-09 14:16:48', 'ark.irfan', '2019-09-29 13:30:46'),
	('12108', '121', 'Hapus', NULL, 'btn_delete', 'btn btn-danger btn-bordered waves-light waves-effect w-md m-b-5', 'button', NULL, '$(\'#myModal\').modal(\'show\')', NULL, 'ark.irfan', '2018-02-09 14:17:36', 'ark.irfan', '2019-09-29 13:30:48'),
	('12109', '121', 'Perbarui Penawaran', NULL, 'btn_update', 'btn btn-primary btn-bordered waves-light waves-effect w-md m-b-5', 'button', NULL, 'submit_quotation()', NULL, 'ark.irfan', '2018-02-09 14:18:31', 'ark.irfan', '2019-09-29 13:30:52'),
	('12201', '122', 'Daftar Pemesanan Penjualan', NULL, 'shortcut', NULL, 'page', NULL, 'sales_order', NULL, 'ark.irfan', '2018-02-09 14:10:35', 'ark.irfan', '2019-09-29 13:32:17'),
	('12202', '122', 'Buat Pemesanan Penjualan Baru', NULL, 'shortcut', NULL, 'page', NULL, 'sales_order/create', NULL, 'ark.irfan', '2018-02-09 14:11:38', 'ark.irfan', '2019-09-29 13:32:18'),
	('12203', '122', 'Lihat', NULL, NULL, NULL, 'page', NULL, 'sales_order/id', NULL, 'ark.irfan', '2018-02-09 14:12:26', 'ark.irfan', '2019-09-29 13:32:20'),
	('12204', '122', 'Ubah Pemesanan Penjualan', NULL, NULL, NULL, 'page', NULL, 'sales_order/edit', NULL, 'ark.irfan', '2018-02-09 14:12:51', 'ark.irfan', '2019-09-29 13:32:22'),
	('12205', '122', 'Buat Pemesanan Baru', NULL, 'btn_add', 'btn btn-custom btn-bordered waves-light waves-effect w-md m-b-5', 'button', 'mdi mdi-plus', 'window.location=SITE_URL + \'sales_order/create\'', NULL, 'ark.irfan', '2018-02-09 14:14:56', 'ark.irfan', '2019-09-29 13:32:24'),
	('12206', '122', 'Buat Pemesanan', NULL, 'btn_submit', 'btn btn-primary btn-bordered waves-light waves-effect w-md m-b-5', 'button', NULL, 'submit_order()', NULL, 'ark.irfan', '2018-02-09 14:16:03', 'ark.irfan', '2019-09-29 13:32:26'),
	('12207', '122', 'Ubah', NULL, 'btn_edit', 'btn btn-custom btn-bordered waves-light waves-effect w-md m-b-5', 'button', NULL, 'window.location=\'{0}sales_order/edit/{1}\'', NULL, 'ark.irfan', '2018-02-09 14:16:48', 'ark.irfan', '2019-09-29 13:32:29'),
	('12208', '122', 'Hapus', NULL, 'btn_delete', 'btn btn-danger btn-bordered waves-light waves-effect w-md m-b-5', 'button', NULL, '$(\'#myModal\').modal(\'show\')', NULL, 'ark.irfan', '2018-02-09 14:17:36', 'ark.irfan', '2019-09-29 13:32:31'),
	('12209', '122', 'Perbarui', NULL, 'btn_update', 'btn btn-primary btn-bordered waves-light waves-effect w-md m-b-5', 'button', NULL, 'submit_order()', NULL, 'ark.irfan', '2018-02-09 14:18:31', 'ark.irfan', '2019-09-29 13:32:34'),
	('12301', '123', 'Daftar Pengiriman Penjualan', NULL, 'shortcut', NULL, 'page', NULL, 'sales_delivery', NULL, 'ark.irfan', '2019-07-27 21:48:48', 'ark.irfan', '2019-09-29 13:32:50'),
	('12302', '123', 'Buat Pengiriman Penjualan', NULL, 'shortcut', NULL, 'page', NULL, 'sales_delivery/create', NULL, 'ark.irfan', '2019-07-27 21:49:16', 'ark.irfan', '2019-09-29 13:32:52'),
	('12303', '123', 'Lihat', NULL, NULL, NULL, 'page', NULL, 'sales_delivery/id', NULL, 'ark.irfan', '2019-07-27 21:49:41', 'ark.irfan', '2019-09-29 13:32:53'),
	('12304', '123', 'Ubah Pengiriman Penjualan', NULL, NULL, NULL, 'page', NULL, 'sales_delivery/edit', NULL, 'ark.irfan', '2019-07-27 21:50:21', 'ark.irfan', '2019-09-29 13:32:55'),
	('12305', '123', 'Buat Pengiriman Baru', NULL, 'btn_add', 'btn btn-custom btn-bordered waves-light waves-effect w-md m-b-5', 'button', 'mdi mdi-plus', 'window.location=SITE_URL + \'sales_delivery/create\'', NULL, 'ark.irfan', '2019-07-27 21:51:24', 'ark.irfan', '2019-09-29 13:32:57'),
	('12306', '123', 'Buat Pengiriman', NULL, 'btn_submit', 'btn btn-primary btn-bordered waves-light waves-effect w-md m-b-5', 'button', NULL, 'submit_delivery()', NULL, 'ark.irfan', '2019-07-27 21:52:03', 'ark.irfan', '2019-09-29 13:32:59'),
	('12307', '123', 'Ubah', NULL, 'btn_edit', 'btn btn-custom btn-bordered waves-light waves-effect w-md m-b-5', 'button', NULL, 'window.location=\'{0}sales_delivery/edit/{1}\'', NULL, 'ark.irfan', '2019-07-27 21:52:43', 'ark.irfan', '2019-09-29 13:33:01'),
	('12308', '123', 'Hapus', NULL, 'btn_delete', 'btn btn-danger btn-bordered waves-light waves-effect w-md m-b-5', 'button', NULL, '$(\'#myModal\').modal(\'show\')', NULL, 'ark.irfan', '2019-07-27 21:53:09', 'ark.irfan', '2019-09-29 13:33:03'),
	('12309', '123', 'Perbarui', NULL, 'btn_update', 'btn btn-primary btn-bordered waves-light waves-effect w-md m-b-5', 'button', NULL, 'submit_delivery()', NULL, 'ark.irfan', '2019-07-27 21:53:39', 'ark.irfan', '2019-09-29 13:33:06'),
	('12401', '124', 'Daftar Penagihan Penjualan', NULL, 'shortcut', NULL, 'page', NULL, 'sales_invoice', NULL, 'ark.irfan', '2019-07-27 21:48:48', 'ark.irfan', '2019-09-29 13:33:54'),
	('12402', '124', 'Buat Penagihan Penjualan', NULL, 'shortcut', NULL, 'page', NULL, 'sales_invoice/create', NULL, 'ark.irfan', '2019-07-27 21:49:16', 'ark.irfan', '2019-09-29 13:33:57'),
	('12403', '124', 'Lihat', NULL, NULL, NULL, 'page', NULL, 'sales_invoice/id', NULL, 'ark.irfan', '2019-07-27 21:49:41', 'ark.irfan', '2019-09-29 13:33:58'),
	('12404', '124', 'Ubah Penagihan Penjualan', NULL, NULL, NULL, 'page', NULL, 'sales_invoice/edit', NULL, 'ark.irfan', '2019-07-27 21:50:21', 'ark.irfan', '2019-09-29 13:34:00'),
	('12405', '124', 'Buat Penagihan Baru', NULL, 'btn_add', 'btn btn-custom btn-bordered waves-light waves-effect w-md m-b-5', 'button', 'mdi mdi-plus', 'window.location=SITE_URL + \'sales_invoice/create\'', NULL, 'ark.irfan', '2019-07-27 21:51:24', 'ark.irfan', '2019-09-29 13:34:02'),
	('12406', '124', 'Buat Penagihan', NULL, 'btn_submit', 'btn btn-primary btn-bordered waves-light waves-effect w-md m-b-5', 'button', NULL, 'submit_delivery()', NULL, 'ark.irfan', '2019-07-27 21:52:03', 'ark.irfan', '2019-09-29 13:34:03'),
	('12407', '124', 'Ubah', NULL, 'btn_edit', 'btn btn-custom btn-bordered waves-light waves-effect w-md m-b-5', 'button', NULL, 'window.location=\'{0}sales_invoice/edit/{1}\'', NULL, 'ark.irfan', '2019-07-27 21:52:43', 'ark.irfan', '2019-09-29 13:34:05'),
	('12408', '124', 'Hapus', NULL, 'btn_delete', 'btn btn-danger btn-bordered waves-light waves-effect w-md m-b-5', 'button', NULL, '$(\'#myModal\').modal(\'show\')', NULL, 'ark.irfan', '2019-07-27 21:53:09', 'ark.irfan', '2019-09-29 13:34:07'),
	('12409', '124', 'Perbarui', NULL, 'btn_update', 'btn btn-primary btn-bordered waves-light waves-effect w-md m-b-5', 'button', NULL, 'submit_delivery()', NULL, 'ark.irfan', '2019-07-27 21:53:39', 'ark.irfan', '2019-09-29 13:34:09'),
	('12501', '125', 'Daftar Pembayaran Penjualan', NULL, 'shortcut', NULL, 'page', NULL, 'sales_payment', NULL, 'ark.irfan', '2019-07-27 21:48:48', 'ark.irfan', '2019-09-29 13:34:22'),
	('12502', '125', 'Buat Pembayaran Penjualan', NULL, 'shortcut', NULL, 'page', NULL, 'sales_payment/create', NULL, 'ark.irfan', '2019-07-27 21:49:16', 'ark.irfan', '2019-09-29 13:34:25'),
	('12503', '125', 'Lihat', NULL, NULL, NULL, 'page', NULL, 'sales_payment/id', NULL, 'ark.irfan', '2019-07-27 21:49:41', 'ark.irfan', '2019-09-29 13:34:27'),
	('12504', '125', 'Ubah Pembayaran Penjualan', NULL, NULL, NULL, 'page', NULL, 'sales_payment/edit', NULL, 'ark.irfan', '2019-07-27 21:50:21', 'ark.irfan', '2019-09-29 13:34:28'),
	('12505', '125', 'Buat Pembayaran Baru', NULL, 'btn_add', 'btn btn-custom btn-bordered waves-light waves-effect w-md m-b-5', 'button', 'mdi mdi-plus', 'window.location=SITE_URL + \'sales_payment/create\'', NULL, 'ark.irfan', '2019-07-27 21:51:24', 'ark.irfan', '2019-09-29 13:34:30'),
	('12506', '125', 'Buat Pembayaran', NULL, 'btn_submit', 'btn btn-primary btn-bordered waves-light waves-effect w-md m-b-5', 'button', NULL, 'submit_delivery()', NULL, 'ark.irfan', '2019-07-27 21:52:03', 'ark.irfan', '2019-09-29 13:34:33'),
	('12507', '125', 'Ubah', NULL, 'btn_edit', 'btn btn-custom btn-bordered waves-light waves-effect w-md m-b-5', 'button', NULL, 'window.location=\'{0}sales_payment/edit/{1}\'', NULL, 'ark.irfan', '2019-07-27 21:52:43', 'ark.irfan', '2019-09-29 13:34:35'),
	('12508', '125', 'Hapus', NULL, 'btn_delete', 'btn btn-danger btn-bordered waves-light waves-effect w-md m-b-5', 'button', NULL, '$(\'#myModal\').modal(\'show\')', NULL, 'ark.irfan', '2019-07-27 21:53:09', 'ark.irfan', '2019-09-29 13:34:37'),
	('12509', '125', 'Perbarui', NULL, 'btn_update', 'btn btn-primary btn-bordered waves-light waves-effect w-md m-b-5', 'button', NULL, 'submit_delivery()', NULL, 'ark.irfan', '2019-07-27 21:53:39', 'ark.irfan', '2019-09-29 13:34:39'),
	('13101', '131', 'Daftar Permintaan Pembelian', NULL, 'shortcut', NULL, 'page', NULL, 'purchase_quotation', NULL, 'ark.irfan', '2018-02-09 14:10:35', 'ark.irfan', '2019-09-29 13:30:33'),
	('13102', '131', 'Buat Permintaan Pembelian Baru', NULL, 'shortcut', NULL, 'page', NULL, 'purchase_quotation/create', NULL, 'ark.irfan', '2018-02-09 14:11:38', 'ark.irfan', '2019-09-29 13:30:36'),
	('13103', '131', 'Lihat', NULL, NULL, NULL, 'page', NULL, 'purchase_quotation/id', NULL, 'ark.irfan', '2018-02-09 14:13:26', 'ark.irfan', '2019-09-29 13:30:38'),
	('13104', '131', 'Ubah Permintaan Pembelian', NULL, NULL, NULL, 'page', NULL, 'purchase_quotation/edit', NULL, 'ark.irfan', '2018-02-09 14:13:51', 'ark.irfan', '2019-09-29 13:30:39'),
	('13105', '131', 'Buat Permintaan Baru', NULL, 'btn_add', 'btn btn-custom btn-bordered waves-light waves-effect w-md m-b-5', 'button', 'mdi mdi-plus', 'window.location=SITE_URL + \'purchase_quotation/create\'', NULL, 'ark.irfan', '2018-02-09 14:14:56', 'ark.irfan', '2019-09-29 13:30:41'),
	('13106', '131', 'Buat Permintaan', NULL, 'btn_submit', 'btn btn-primary btn-bordered waves-light waves-effect w-md m-b-5', 'button', NULL, 'submit_quotation()', NULL, 'ark.irfan', '2018-02-09 14:16:03', 'ark.irfan', '2019-09-29 13:30:43'),
	('13107', '131', 'Ubah', NULL, 'btn_edit', 'btn btn-custom btn-bordered waves-light waves-effect w-md m-b-5', 'button', NULL, 'window.location=\'{0}purchase_quotation/edit/{1}\'', NULL, 'ark.irfan', '2018-02-09 14:16:48', 'ark.irfan', '2019-09-29 13:30:46'),
	('13108', '131', 'Hapus', NULL, 'btn_delete', 'btn btn-danger btn-bordered waves-light waves-effect w-md m-b-5', 'button', NULL, '$(\'#myModal\').modal(\'show\')', NULL, 'ark.irfan', '2018-02-09 14:17:36', 'ark.irfan', '2019-09-29 13:30:48'),
	('13109', '131', 'Perbarui Permintaan', NULL, 'btn_update', 'btn btn-primary btn-bordered waves-light waves-effect w-md m-b-5', 'button', NULL, 'submit_quotation()', NULL, 'ark.irfan', '2018-02-09 14:18:31', 'ark.irfan', '2019-09-29 13:30:52'),
	('13201', '132', 'Daftar Pemesanan Pembelian', NULL, 'shortcut', NULL, 'page', NULL, 'purchase_order', NULL, 'ark.irfan', '2018-02-09 14:10:35', 'ark.irfan', '2019-09-29 13:32:17'),
	('13202', '132', 'Buat Pemesanan Pembelian Baru', NULL, 'shortcut', NULL, 'page', NULL, 'purchase_order/create', NULL, 'ark.irfan', '2018-02-09 14:11:38', 'ark.irfan', '2019-09-29 13:32:18'),
	('13203', '132', 'Lihat', NULL, NULL, NULL, 'page', NULL, 'purchase_order/id', NULL, 'ark.irfan', '2018-02-09 14:13:26', 'ark.irfan', '2019-09-29 13:32:20'),
	('13204', '132', 'Ubah Pemesanan Pembelian', NULL, NULL, NULL, 'page', NULL, 'purchase_order/edit', NULL, 'ark.irfan', '2018-02-09 14:13:51', 'ark.irfan', '2019-09-29 13:32:22'),
	('13205', '132', 'Buat Pemesanan Baru', NULL, 'btn_add', 'btn btn-custom btn-bordered waves-light waves-effect w-md m-b-5', 'button', 'mdi mdi-plus', 'window.location=SITE_URL + \'purchase_order/create\'', NULL, 'ark.irfan', '2018-02-09 14:14:56', 'ark.irfan', '2019-09-29 13:32:24'),
	('13206', '132', 'Buat Pemesanan', NULL, 'btn_submit', 'btn btn-primary btn-bordered waves-light waves-effect w-md m-b-5', 'button', NULL, 'submit_order()', NULL, 'ark.irfan', '2018-02-09 14:16:03', 'ark.irfan', '2019-09-29 13:32:26'),
	('13207', '132', 'Ubah', NULL, 'btn_edit', 'btn btn-custom btn-bordered waves-light waves-effect w-md m-b-5', 'button', NULL, 'window.location=\'{0}purchase_order/edit/{1}\'', NULL, 'ark.irfan', '2018-02-09 14:16:48', 'ark.irfan', '2019-09-29 13:32:29'),
	('13208', '132', 'Hapus', NULL, 'btn_delete', 'btn btn-danger btn-bordered waves-light waves-effect w-md m-b-5', 'button', NULL, '$(\'#myModal\').modal(\'show\')', NULL, 'ark.irfan', '2018-02-09 14:17:36', 'ark.irfan', '2019-09-29 13:32:31'),
	('13209', '132', 'Perbarui', NULL, 'btn_update', 'btn btn-primary btn-bordered waves-light waves-effect w-md m-b-5', 'button', NULL, 'submit_order()', NULL, 'ark.irfan', '2018-02-09 14:18:31', 'ark.irfan', '2019-09-29 13:32:34'),
	('13301', '133', 'Daftar Penerimaan Pembelian', NULL, 'shortcut', NULL, 'page', NULL, 'purchase_delivery', NULL, 'ark.irfan', '2019-07-27 21:48:48', 'ark.irfan', '2019-09-29 13:32:50'),
	('13302', '133', 'Buat Penerimaan Pembelian', NULL, 'shortcut', NULL, 'page', NULL, 'purchase_delivery/create', NULL, 'ark.irfan', '2019-07-27 21:49:16', 'ark.irfan', '2019-09-29 13:32:52'),
	('13303', '133', 'Lihat', NULL, NULL, NULL, 'page', NULL, 'purchase_delivery/id', NULL, 'ark.irfan', '2019-07-27 21:49:41', 'ark.irfan', '2019-09-29 13:32:53'),
	('13304', '133', 'Ubah Penerimaan Pembelian', NULL, NULL, NULL, 'page', NULL, 'purchase_delivery/edit', NULL, 'ark.irfan', '2019-07-27 21:50:21', 'ark.irfan', '2019-09-29 13:32:55'),
	('13305', '133', 'Buat Penerimaan Baru', NULL, 'btn_add', 'btn btn-custom btn-bordered waves-light waves-effect w-md m-b-5', 'button', 'mdi mdi-plus', 'window.location=SITE_URL + \'purchase_delivery/create\'', NULL, 'ark.irfan', '2019-07-27 21:51:24', 'ark.irfan', '2019-09-29 13:32:57'),
	('13306', '133', 'Buat Penerimaan', NULL, 'btn_submit', 'btn btn-primary btn-bordered waves-light waves-effect w-md m-b-5', 'button', NULL, 'submit_delivery()', NULL, 'ark.irfan', '2019-07-27 21:52:03', 'ark.irfan', '2019-09-29 13:32:59'),
	('13307', '133', 'Ubah', NULL, 'btn_edit', 'btn btn-custom btn-bordered waves-light waves-effect w-md m-b-5', 'button', NULL, 'window.location=\'{0}purchase_delivery/edit/{1}\'', NULL, 'ark.irfan', '2019-07-27 21:52:43', 'ark.irfan', '2019-09-29 13:33:01'),
	('13308', '133', 'Hapus', NULL, 'btn_delete', 'btn btn-danger btn-bordered waves-light waves-effect w-md m-b-5', 'button', NULL, '$(\'#myModal\').modal(\'show\')', NULL, 'ark.irfan', '2019-07-27 21:53:09', 'ark.irfan', '2019-09-29 13:33:03'),
	('13309', '133', 'Perbarui', NULL, 'btn_update', 'btn btn-primary btn-bordered waves-light waves-effect w-md m-b-5', 'button', NULL, 'submit_delivery()', NULL, 'ark.irfan', '2019-07-27 21:53:39', 'ark.irfan', '2019-09-29 13:33:06'),
	('13401', '134', 'Daftar Faktur Pembelian', NULL, 'shortcut', NULL, 'page', NULL, 'purchase_invoice', NULL, 'ark.irfan', '2019-07-27 21:48:48', 'ark.irfan', '2019-09-29 13:42:20'),
	('13402', '134', 'Buat Faktur Pembelian', NULL, 'shortcut', NULL, 'page', NULL, 'purchase_invoice/create', NULL, 'ark.irfan', '2019-07-27 21:49:16', 'ark.irfan', '2019-09-29 13:42:24'),
	('13403', '134', 'Lihat', NULL, NULL, NULL, 'page', NULL, 'purchase_invoice/id', NULL, 'ark.irfan', '2019-07-27 21:49:41', 'ark.irfan', '2019-09-29 13:33:58'),
	('13404', '134', 'Ubah Faktur Pembelian', NULL, NULL, NULL, 'page', NULL, 'purchase_invoice/edit', NULL, 'ark.irfan', '2019-07-27 21:50:21', 'ark.irfan', '2019-09-29 13:42:28'),
	('13405', '134', 'Buat Faktur Baru', NULL, 'btn_add', 'btn btn-custom btn-bordered waves-light waves-effect w-md m-b-5', 'button', 'mdi mdi-plus', 'window.location=SITE_URL + \'purchase_invoice/create\'', NULL, 'ark.irfan', '2019-07-27 21:51:24', 'ark.irfan', '2019-09-29 13:42:34'),
	('13406', '134', 'Buat Faktur', NULL, 'btn_submit', 'btn btn-primary btn-bordered waves-light waves-effect w-md m-b-5', 'button', NULL, 'submit_delivery()', NULL, 'ark.irfan', '2019-07-27 21:52:03', 'ark.irfan', '2019-09-29 13:42:39'),
	('13407', '134', 'Ubah', NULL, 'btn_edit', 'btn btn-custom btn-bordered waves-light waves-effect w-md m-b-5', 'button', NULL, 'window.location=\'{0}purchase_invoice/edit/{1}\'', NULL, 'ark.irfan', '2019-07-27 21:52:43', 'ark.irfan', '2019-09-29 13:34:05'),
	('13408', '134', 'Hapus', NULL, 'btn_delete', 'btn btn-danger btn-bordered waves-light waves-effect w-md m-b-5', 'button', NULL, '$(\'#myModal\').modal(\'show\')', NULL, 'ark.irfan', '2019-07-27 21:53:09', 'ark.irfan', '2019-09-29 13:34:07'),
	('13409', '134', 'Perbarui', NULL, 'btn_update', 'btn btn-primary btn-bordered waves-light waves-effect w-md m-b-5', 'button', NULL, 'submit_delivery()', NULL, 'ark.irfan', '2019-07-27 21:53:39', 'ark.irfan', '2019-09-29 13:34:09'),
	('14101', '141', 'Data Komponen Gaji', NULL, 'shortcut', NULL, 'page', NULL, 'salary_component', NULL, 'ark.irfan', NULL, 'ark.irfan', '2019-09-29 13:49:56'),
	('14102', '141', 'Buat Komponen Gaji', NULL, 'shortcut', NULL, 'page', NULL, 'salary_component/create', NULL, 'ark.irfan', NULL, 'ark.irfan', '2019-09-29 13:49:54'),
	('14103', '141', 'Ubah Komponen Gaji', NULL, NULL, NULL, 'page', NULL, 'salary_component/edit', NULL, 'ark.irfan', NULL, 'ark.irfan', '2019-09-29 13:49:53'),
	('14104', '141', 'Lihat Komponen Gaji', NULL, NULL, NULL, 'page', NULL, 'salary_component/id', NULL, 'ark.irfan', NULL, 'ark.irfan', '2019-09-29 13:49:51'),
	('14105', '141', 'Buat Komponen Gaji Baru', NULL, 'btn_add', 'btn btn-custom btn-bordered waves-light waves-effect w-md m-b-5', 'button', 'mdi mdi-plus', 'window.location=SITE_URL + \'salary_component/create\'', NULL, 'ark.irfan', NULL, 'ark.irfan', '2019-09-29 13:49:50'),
	('14106', '141', 'Simpan', NULL, 'btn_submit', 'btn btn-primary btn-bordered waves-light waves-effect w-md m-b-5', 'button', NULL, 'submit_salary_component()', NULL, 'ark.irfan', NULL, 'ark.irfan', '2019-09-29 13:49:48'),
	('14107', '141', 'Ubah', NULL, 'btn_edit', 'btn btn-custom btn-bordered waves-light waves-effect w-md m-b-5', 'button', NULL, 'window.location=\'{0}salary_component/edit/{1}\'', NULL, 'ark.irfan', NULL, 'ark.irfan', '2019-09-29 13:49:46'),
	('14108', '141', 'Hapus', NULL, 'btn_delete', 'btn btn-danger btn-bordered waves-light waves-effect w-md m-b-5', 'button', NULL, '$(\'#myModal\').modal(\'show\')', NULL, 'ark.irfan', NULL, 'ark.irfan', '2019-09-29 13:49:44'),
	('14109', '141', 'Perbarui', NULL, 'btn_update', 'btn btn-primary btn-bordered waves-light waves-effect w-md m-b-5', 'button', NULL, 'submit_salary_component()', NULL, 'ark.irfan', NULL, 'ark.irfan', '2019-09-29 13:49:42'),
	('14201', '142', 'Data Proses Gaji', NULL, 'shortcut', NULL, 'page', NULL, 'payroll_process', NULL, 'ark.irfan', NULL, 'ark.irfan', '2019-09-29 13:50:22'),
	('14202', '142', 'Buat Proses Gaji', NULL, 'shortcut', NULL, 'page', NULL, 'payroll_process/create', NULL, 'ark.irfan', NULL, 'ark.irfan', '2019-09-29 13:50:21'),
	('14203', '142', 'Ubah Proses Gaji', NULL, NULL, NULL, 'page', NULL, 'payroll_process/edit', NULL, 'ark.irfan', NULL, 'ark.irfan', '2019-09-29 13:50:19'),
	('14204', '142', 'Lihat Proses Gaji', NULL, NULL, NULL, 'page', NULL, 'payroll_process/id', NULL, 'ark.irfan', NULL, 'ark.irfan', '2019-09-29 13:50:17'),
	('14205', '142', 'Buat Proses Gaji Baru', NULL, 'btn_add', 'btn btn-custom btn-bordered waves-light waves-effect w-md m-b-5', 'button', 'mdi mdi-plus', 'window.location=SITE_URL + \'payroll_process/create\'', NULL, 'ark.irfan', NULL, 'ark.irfan', '2019-09-29 13:50:15'),
	('14206', '142', 'Simpan', NULL, 'btn_submit', 'btn btn-primary btn-bordered waves-light waves-effect w-md m-b-5', 'button', NULL, 'submit_payroll_process()', NULL, 'ark.irfan', NULL, 'ark.irfan', '2019-09-29 13:50:13'),
	('14207', '142', 'Ubah', NULL, 'btn_edit', 'btn btn-custom btn-bordered waves-light waves-effect w-md m-b-5', 'button', NULL, 'window.location=\'{0}payroll_process/edit/{1}\'', NULL, 'ark.irfan', NULL, 'ark.irfan', '2019-09-29 13:50:11'),
	('14208', '142', 'Hapus', NULL, 'btn_delete', 'btn btn-danger btn-bordered waves-light waves-effect w-md m-b-5', 'button', NULL, '$(\'#myModal\').modal(\'show\')', NULL, 'ark.irfan', NULL, 'ark.irfan', '2019-09-29 13:50:10'),
	('14209', '142', 'Perbarui', NULL, 'btn_update', 'btn btn-primary btn-bordered waves-light waves-effect w-md m-b-5', 'button', NULL, 'submit_payroll_process()', NULL, 'ark.irfan', NULL, 'ark.irfan', '2019-09-29 13:50:08'),
	('15101', '151', 'Buku Besar', NULL, 'shortcut', NULL, 'page', NULL, 'general_ledger', NULL, 'ark.irfan', '2018-02-09 13:33:16', 'ark.irfan', '2019-09-29 13:27:45'),
	('15201', '152', 'Daftar Neraca Saldo', NULL, 'shortcut', NULL, 'page', NULL, 'balance_sheet', NULL, 'ark.irfan', '2018-02-09 13:33:56', 'ark.irfan', '2019-09-29 13:28:12'),
	('15202', '152', 'Buat Neraca Saldo', NULL, 'shortcut', NULL, 'page', NULL, 'balance_sheet/create', NULL, 'ark.irfan', '2018-02-09 13:35:13', 'ark.irfan', '2019-09-29 13:28:15'),
	('15203', '152', 'Lihat Neraca Saldo', NULL, NULL, NULL, 'page', NULL, 'balance_sheet/id', NULL, 'ark.irfan', '2018-02-09 13:36:06', 'ark.irfan', '2019-09-29 13:28:20'),
	('15204', '152', 'Ubah Neraca Saldo', NULL, NULL, NULL, 'page', NULL, 'balance_sheet/edit', NULL, 'ark.irfan', '2018-02-09 13:38:25', 'ark.irfan', '2019-09-29 13:28:27'),
	('15205', '152', 'Buat Neraca Saldo', NULL, 'btn_add', 'btn btn-custom btn-bordered waves-light waves-effect w-md m-b-5', 'button', 'mdi mdi-plus', 'window.location=SITE_URL + \'balance_sheet/create\'', NULL, 'ark.irfan', '2018-02-09 13:44:50', 'ark.irfan', '2019-09-29 13:28:31'),
	('15206', '152', 'Simpan', NULL, 'btn_submit', 'btn btn-primary btn-bordered waves-light waves-effect w-md m-b-5', 'button', NULL, 'on_submit_new_bs()', NULL, 'ark.irfan', '2018-02-09 13:45:54', 'ark.irfan', '2019-09-29 13:28:35'),
	('15207', '152', 'Ubah', NULL, 'btn_edit', 'btn btn-custom btn-bordered waves-light waves-effect w-md m-b-5', 'button', NULL, 'window.location=\'{0}balance_sheet/edit/{1}\'', NULL, 'ark.irfan', '2018-02-09 13:46:43', 'ark.irfan', '2019-09-29 13:28:41'),
	('15208', '152', 'Cetak', NULL, 'btn_print', 'btn btn-custom btn-bordered waves-light waves-effect w-md m-b-5', 'button', NULL, 'on_print_area()', NULL, 'ark.irfan', '2018-02-09 13:47:18', 'ark.irfan', '2019-09-29 13:28:46'),
	('15209', '152', 'Hapus', NULL, 'btn_delete', 'btn btn-danger btn-bordered waves-light waves-effect w-md m-b-5', 'button', NULL, '$(\'#myModal\').modal(\'show\')', NULL, 'ark.irfan', '2018-02-09 13:47:55', 'ark.irfan', '2019-09-29 13:28:50'),
	('15210', '152', 'Perbarui Laporan', NULL, 'btn_update', 'btn btn-primary btn-bordered waves-light waves-effect w-md m-b-5', 'button', NULL, 'on_submit_new_bs()', NULL, 'ark.irfan', '2018-02-09 13:48:40', 'ark.irfan', '2019-09-29 13:29:00'),
	('15301', '153', 'Daftar Laba Rugi', NULL, 'shortcut', NULL, 'page', NULL, 'profit_loss', NULL, 'ark.irfan', '2018-02-09 13:33:56', 'ark.irfan', '2019-09-29 13:29:14'),
	('15302', '153', 'Buat Laba Rugi', NULL, 'shortcut', NULL, 'page', NULL, 'profit_loss/create', NULL, 'ark.irfan', '2018-02-09 13:35:13', 'ark.irfan', '2019-09-29 13:29:18'),
	('15303', '153', 'Lihat Laba Rugi', NULL, NULL, NULL, 'page', NULL, 'profit_loss/id', NULL, 'ark.irfan', '2018-02-09 13:36:06', 'ark.irfan', '2019-09-29 13:29:23'),
	('15304', '153', 'Ubah Laba Rugi', NULL, NULL, NULL, 'page', NULL, 'profit_loss/edit', NULL, 'ark.irfan', '2018-02-09 13:38:25', 'ark.irfan', '2019-09-29 13:29:31'),
	('15305', '153', 'Buat Laba Rugi', NULL, 'btn_add', 'btn btn-custom btn-bordered waves-light waves-effect w-md m-b-5', 'button', 'mdi mdi-plus', 'window.location=SITE_URL + \'profit_loss/create\'', NULL, 'ark.irfan', '2018-02-09 13:44:50', 'ark.irfan', '2019-09-29 13:29:33'),
	('15306', '153', 'Simpan', NULL, 'btn_submit', 'btn btn-primary btn-bordered waves-light waves-effect w-md m-b-5', 'button', NULL, 'on_submit_new_lr()', NULL, 'ark.irfan', '2018-02-09 13:45:54', 'ark.irfan', '2019-09-29 13:29:35'),
	('15307', '153', 'Ubah', NULL, 'btn_edit', 'btn btn-custom btn-bordered waves-light waves-effect w-md m-b-5', 'button', NULL, 'window.location=\'{0}profit_loss/edit/{1}\'', NULL, 'ark.irfan', '2018-02-09 13:46:43', 'ark.irfan', '2019-09-29 13:29:38'),
	('15308', '153', 'Cetak', NULL, 'btn_print', 'btn btn-custom btn-bordered waves-light waves-effect w-md m-b-5', 'button', NULL, 'on_print_area()', NULL, 'ark.irfan', '2018-02-09 13:47:18', 'ark.irfan', '2019-09-29 13:29:41'),
	('15309', '153', 'Hapus', NULL, 'btn_delete', 'btn btn-danger btn-bordered waves-light waves-effect w-md m-b-5', 'button', NULL, '$(\'#myModal\').modal(\'show\')', NULL, 'ark.irfan', '2018-02-09 13:47:55', 'ark.irfan', '2019-09-29 13:29:43'),
	('15310', '153', 'Perbarui Laporan', NULL, 'btn_update', 'btn btn-primary btn-bordered waves-light waves-effect w-md m-b-5', 'button', NULL, 'on_submit_new_lr()', NULL, 'ark.irfan', '2018-02-09 13:48:40', 'ark.irfan', '2019-09-29 13:29:45'),
	('15401', '154', 'Arus Kas Proyek', NULL, 'shortcut', NULL, 'page', NULL, 'project_cashflow', NULL, 'ark.irfan', NULL, 'ark.irfan', '2019-09-29 13:29:55'),
	('15402', '154', 'Detil Arus Kas', NULL, NULL, NULL, 'page', NULL, 'project_cashflow/id', NULL, 'ark.irfan', NULL, 'ark.irfan', '2019-09-29 13:29:57'),
	('15501', '155', 'Rekap Gaji', NULL, 'shortcut', NULL, 'page', NULL, 'payroll_report', NULL, 'ark.irfan', '2018-02-09 13:33:56', 'ark.irfan', '2019-09-29 13:28:12'),
	('15601', '156', 'Slip Gaji', NULL, 'shortcut', NULL, 'page', NULL, 'payroll_slip', NULL, 'ark.irfan', '2018-02-09 13:33:56', 'ark.irfan', '2019-09-29 13:28:12'),
	('16101', '161', 'Data Pelanggan', NULL, 'shortcut', NULL, 'page', NULL, 'customer', NULL, 'ark.irfan', NULL, 'ark.irfan', '2019-09-29 13:35:27'),
	('16102', '161', 'Buat Pelanggan', NULL, 'shortcut', NULL, 'page', NULL, 'customer/create', NULL, 'ark.irfan', NULL, 'ark.irfan', '2019-09-29 13:35:30'),
	('16103', '161', 'Ubah Pelanggan', NULL, NULL, NULL, 'page', NULL, 'customer/edit', NULL, 'ark.irfan', NULL, 'ark.irfan', '2019-09-29 13:35:31'),
	('16104', '161', 'Lihat Pelanggan', NULL, NULL, NULL, 'page', NULL, 'customer/id', NULL, 'ark.irfan', NULL, 'ark.irfan', '2019-09-29 13:35:34'),
	('16201', '162', 'Data Pemasok', NULL, 'shortcut', NULL, 'page', NULL, 'supplier', NULL, 'ark.irfan', NULL, 'ark.irfan', '2019-09-29 13:36:12'),
	('16202', '162', 'Buat Pemasok', NULL, 'shortcut', NULL, 'page', NULL, 'supplier/create', NULL, 'ark.irfan', NULL, 'ark.irfan', '2019-09-29 13:36:14'),
	('16203', '162', 'Ubah Pemasok', NULL, NULL, NULL, 'page', NULL, 'supplier/edit', NULL, 'ark.irfan', NULL, 'ark.irfan', '2019-09-29 13:36:16'),
	('16204', '162', 'Lihat Pemasok', NULL, NULL, NULL, 'page', NULL, 'supplier/id', NULL, 'ark.irfan', NULL, 'ark.irfan', '2019-09-29 13:36:18'),
	('16205', '162', 'Buat Pemasok Baru', NULL, 'btn_add', 'btn btn-custom btn-bordered waves-light waves-effect w-md m-b-5', 'button', 'mdi mdi-plus', 'window.location=SITE_URL + \'supplier/create\'', NULL, 'ark.irfan', NULL, 'ark.irfan', '2019-09-29 13:36:20'),
	('16206', '162', 'Simpan', NULL, 'btn_submit', 'btn btn-primary btn-bordered waves-light waves-effect w-md m-b-5', 'button', NULL, 'submit_supplier()', NULL, 'ark.irfan', NULL, 'ark.irfan', '2019-09-29 13:36:22'),
	('16207', '162', 'Ubah', NULL, 'btn_edit', 'btn btn-custom btn-bordered waves-light waves-effect w-md m-b-5', 'button', NULL, 'window.location=\'{0}supplier/edit/{1}\'', NULL, 'ark.irfan', NULL, 'ark.irfan', '2019-09-29 13:36:24'),
	('16208', '162', 'Hapus', NULL, 'btn_delete', 'btn btn-danger btn-bordered waves-light waves-effect w-md m-b-5', 'button', NULL, '$(\'#myModal\').modal(\'show\')', NULL, 'ark.irfan', NULL, 'ark.irfan', '2019-09-29 13:36:26'),
	('16209', '162', 'Perbarui', NULL, 'btn_update', 'btn btn-primary btn-bordered waves-light waves-effect w-md m-b-5', 'button', NULL, 'submit_supplier()', NULL, 'ark.irfan', NULL, 'ark.irfan', '2019-09-29 13:36:28'),
	('16301', '163', 'Data Produk', NULL, 'shortcut', NULL, 'page', NULL, 'item', NULL, 'ark.irfan', NULL, 'ark.irfan', '2019-09-29 13:36:46'),
	('16302', '163', 'Buat Produk', NULL, 'shortcut', '', 'page', '', 'item/create', NULL, 'ark.irfan', NULL, 'ark.irfan', '2019-09-29 13:36:48'),
	('16303', '163', 'Ubah', NULL, '', NULL, 'page', NULL, 'item/edit', NULL, 'ark.irfan', NULL, 'ark.irfan', '2019-09-29 13:36:51'),
	('16304', '163', 'Lihat', NULL, NULL, NULL, 'page', NULL, 'item/id', NULL, 'ark.irfan', NULL, 'ark.irfan', '2019-09-29 13:36:53'),
	('16305', '163', 'Buat Produk Baru', NULL, 'btn_add', 'btn btn-custom btn-bordered waves-light waves-effect w-md m-b-5', 'button', 'mdi mdi-plus', 'window.location=SITE_URL + \'item/create\'', NULL, 'ark.irfan', NULL, 'ark.irfan', '2019-09-29 13:36:54'),
	('16306', '163', 'Simpan', NULL, 'btn_submit', 'btn btn-primary btn-bordered waves-light waves-effect w-md m-b-5', 'button', NULL, 'submit_item()', NULL, 'ark.irfan', NULL, 'ark.irfan', '2019-09-29 13:36:56'),
	('16307', '163', 'Ubah', NULL, 'btn_edit', 'btn btn-custom btn-bordered waves-light waves-effect w-md m-b-5', 'button', NULL, 'window.location=\'{0}item/edit/{1}\'', NULL, 'ark.irfan', NULL, 'ark.irfan', '2019-09-29 13:36:59'),
	('16308', '163', 'Hapus', NULL, 'btn_delete', 'btn btn-danger btn-bordered waves-light waves-effect w-md m-b-5', 'button', NULL, '$(\'#myModal\').modal(\'show\')', NULL, 'ark.irfan', NULL, 'ark.irfan', '2019-09-29 13:37:01'),
	('16309', '163', 'Perbarui', NULL, 'btn_update', 'btn btn-primary btn-bordered waves-light waves-effect w-md m-b-5', 'button', NULL, 'submit_item()', NULL, 'ark.irfan', NULL, 'ark.irfan', '2019-09-29 13:37:03'),
	('16401', '164', 'Data Pajak', NULL, 'shortcut', NULL, 'page', NULL, 'tax', NULL, 'ark.irfan', NULL, 'ark.irfan', '2019-09-29 13:37:20'),
	('16402', '164', 'Buat Pajak', NULL, 'shortcut', NULL, 'page', NULL, 'tax/create', NULL, 'ark.irfan', NULL, 'ark.irfan', '2019-09-29 13:37:22'),
	('16403', '164', 'Ubah Pajak', NULL, NULL, NULL, 'page', NULL, 'tax/edit', NULL, 'ark.irfan', NULL, 'ark.irfan', '2019-09-29 13:37:24'),
	('16404', '164', 'Lihat Pajak', NULL, NULL, NULL, 'page', NULL, 'tax/id', NULL, 'ark.irfan', NULL, 'ark.irfan', '2019-09-29 13:37:26'),
	('16405', '164', 'Buat Pajak', NULL, 'btn_add', 'btn btn-custom btn-bordered waves-light waves-effect w-md m-b-5', 'button', 'mdi mdi-plus', 'window.location=SITE_URL + \'tax/create\'', NULL, 'ark.eri', NULL, 'ark.eri', '2019-09-29 13:37:29'),
	('16501', '165', 'Data Pegawai', NULL, 'shortcut', NULL, 'page', NULL, 'employee', NULL, 'ark.irfan', NULL, 'ark.irfan', '2019-09-29 13:48:50'),
	('16502', '165', 'Buat Pegawai', NULL, 'shortcut', NULL, 'page', NULL, 'employee/create', NULL, 'ark.irfan', NULL, 'ark.irfan', '2019-09-29 13:48:52'),
	('16503', '165', 'Ubah Pegawai', NULL, NULL, NULL, 'page', NULL, 'employee/edit', NULL, 'ark.irfan', NULL, 'ark.irfan', '2019-09-29 13:48:54'),
	('16504', '165', 'Lihat Pegawai', NULL, NULL, NULL, 'page', NULL, 'employee/id', NULL, 'ark.irfan', NULL, 'ark.irfan', '2019-09-29 13:48:57'),
	('16505', '165', 'Buat Pegawai Baru', NULL, 'btn_add', 'btn btn-custom btn-bordered waves-light waves-effect w-md m-b-5', 'button', 'mdi mdi-plus', 'window.location=SITE_URL + \'employee/create\'', NULL, 'ark.irfan', NULL, 'ark.irfan', '2019-09-29 13:49:00'),
	('16506', '165', 'Simpan', NULL, 'btn_submit', 'btn btn-primary btn-bordered waves-light waves-effect w-md m-b-5', 'button', NULL, 'submit_employee()', NULL, 'ark.irfan', NULL, 'ark.irfan', '2019-09-29 13:49:02'),
	('16507', '165', 'Ubah', NULL, 'btn_edit', 'btn btn-custom btn-bordered waves-light waves-effect w-md m-b-5', 'button', NULL, 'window.location=\'{0}employee/edit/{1}\'', NULL, 'ark.irfan', NULL, 'ark.irfan', '2019-09-29 13:49:05'),
	('16508', '165', 'Hapus', NULL, 'btn_delete', 'btn btn-danger btn-bordered waves-light waves-effect w-md m-b-5', 'button', NULL, '$(\'#myModal\').modal(\'show\')', NULL, 'ark.irfan', NULL, 'ark.irfan', '2019-09-29 13:49:08'),
	('16509', '165', 'Perbarui', NULL, 'btn_update', 'btn btn-primary btn-bordered waves-light waves-effect w-md m-b-5', 'button', NULL, 'submit_employee()', NULL, 'ark.irfan', NULL, 'ark.irfan', '2019-09-29 13:49:10'),
	('17101', '171', 'Perusahaan', NULL, 'shortcut', NULL, 'page', NULL, 'settings', NULL, 'ark.eri', NULL, 'ark.irfan', '2019-09-29 14:06:40'),
	('17201', '172', 'Penjualan', NULL, 'shortcut', NULL, 'page', NULL, 'settings/sales', NULL, 'ark.eri', NULL, 'ark.irfan', '2019-09-29 14:06:43'),
	('17301', '173', 'Pembelian', NULL, 'shortcut', NULL, 'page', NULL, 'settings/purchase', NULL, 'ark.eri', NULL, 'ark.irfan', '2019-09-29 14:06:50'),
	('17401', '174', 'Produk', NULL, 'shortcut', NULL, 'page', NULL, 'settings/items', NULL, 'ark.eri', NULL, 'ark.irfan', '2019-09-29 14:06:52'),
	('17501', '175', 'Pemetaan Akun', NULL, 'shortcut', NULL, 'page', NULL, 'settings/account', NULL, 'ark.eri', NULL, 'ark.irfan', '2019-09-29 14:06:53'),
	('17601', '176', 'Pengguna', NULL, 'shortcut', NULL, 'page', NULL, 'settings/users', NULL, 'ark.eri', NULL, 'ark.irfan', '2019-09-29 14:06:55'),
	('17701', '177', 'Tagihan', NULL, 'shortcut', NULL, 'page', NULL, 'settings/billing', NULL, 'ark.eri', NULL, 'ark.irfan', '2019-09-29 14:06:58');
/*!40000 ALTER TABLE `tb_m_function_feature` ENABLE KEYS */;

-- Dumping data for table moadrpcd_corporate.tb_m_package: ~1 rows (approximately)
/*!40000 ALTER TABLE `tb_m_package` DISABLE KEYS */;
INSERT INTO `tb_m_package` (`package_id`, `package_name`, `package_price`, `package_period`, `package_description`, `default_landing`, `default_users`, `created_by`, `created_dt`, `changed_by`, `changed_dt`) VALUES
	(1, 'Corporate', 0, 'Per Bulan', 'Corporate Package', 'dashboard_business', '999', 'system', '2017-03-17 20:14:12', 'system', '2019-09-27 09:00:46');
/*!40000 ALTER TABLE `tb_m_package` ENABLE KEYS */;

-- Dumping data for table moadrpcd_corporate.tb_m_package_detail: ~34 rows (approximately)
/*!40000 ALTER TABLE `tb_m_package_detail` DISABLE KEYS */;
INSERT INTO `tb_m_package_detail` (`package_detail_id`, `package_id`, `code`, `type`, `description`, `display_flag`, `created_by`, `created_dt`, `changed_by`, `changed_dt`) VALUES
	(1, 1, 110, 'function', '', '0', 'system', NULL, 'system', '2019-09-27 14:31:01'),
	(2, 1, 111, 'function', '', '0', 'system', NULL, 'system', '2019-09-27 14:31:01'),
	(3, 1, 112, 'function', '', '0', 'system', NULL, 'system', '2019-09-27 14:31:01'),
	(4, 1, 113, 'function', '', '0', 'system', NULL, 'system', '2019-09-27 14:31:01'),
	(5, 1, 114, 'function', '', '0', 'system', NULL, 'system', '2019-09-27 14:31:01'),
	(6, 1, 121, 'function', '', '0', 'system', NULL, 'system', '2019-09-27 14:31:01'),
	(7, 1, 122, 'function', '', '0', 'system', NULL, 'system', '2019-09-27 14:31:01'),
	(8, 1, 123, 'function', '', '0', 'system', NULL, 'system', '2019-09-27 14:31:01'),
	(9, 1, 124, 'function', '', '0', 'system', NULL, 'system', '2019-09-27 14:31:01'),
	(10, 1, 125, 'function', '', '0', 'system', NULL, 'system', '2019-09-27 14:31:01'),
	(11, 1, 131, 'function', '', '0', 'system', NULL, 'system', '2019-09-27 14:31:01'),
	(12, 1, 132, 'function', '', '0', 'system', NULL, 'system', '2019-09-27 14:31:01'),
	(13, 1, 133, 'function', '', '0', 'system', NULL, 'system', '2019-09-27 14:31:01'),
	(14, 1, 134, 'function', '', '0', 'system', NULL, 'system', '2019-09-27 14:31:01'),
	(15, 1, 141, 'function', '', '0', 'system', NULL, 'system', '2019-09-27 14:31:01'),
	(16, 1, 142, 'function', '', '0', 'system', NULL, 'system', '2019-09-27 14:31:01'),
	(17, 1, 151, 'function', '', '0', 'system', NULL, 'system', '2019-09-29 13:56:23'),
	(18, 1, 152, 'function', '', '0', 'system', NULL, 'system', '2019-09-29 13:56:25'),
	(19, 1, 153, 'function', '', '0', 'system', NULL, 'system', '2019-09-29 13:56:28'),
	(20, 1, 154, 'function', '', '0', 'system', NULL, 'system', '2019-09-29 13:57:04'),
	(21, 1, 155, 'function', '', '0', 'system', NULL, 'system', '2019-09-29 13:57:08'),
	(22, 1, 156, 'function', '', '0', 'system', NULL, 'system', '2019-09-29 13:57:11'),
	(23, 1, 161, 'function', '', '0', 'system', NULL, 'system', '2019-09-29 13:57:17'),
	(24, 1, 162, 'function', '', '0', 'system', NULL, 'system', '2019-09-29 13:57:20'),
	(25, 1, 163, 'function', '', '0', 'system', NULL, 'system', '2019-09-29 13:57:29'),
	(26, 1, 164, 'function', '', '0', 'system', NULL, 'system', '2019-09-29 13:57:47'),
	(27, 1, 165, 'function', '', '0', 'system', NULL, 'system', '2019-09-29 13:57:50'),
	(28, 1, 171, 'function', '', '0', 'system', NULL, 'system', '2019-09-29 14:07:10'),
	(29, 1, 172, 'function', '', '0', 'system', NULL, 'system', '2019-09-29 14:07:12'),
	(30, 1, 173, 'function', '', '0', 'system', NULL, 'system', '2019-09-29 14:07:15'),
	(31, 1, 174, 'function', '', '0', 'system', NULL, 'system', '2019-09-29 14:07:17'),
	(32, 1, 175, 'function', '', '0', 'system', NULL, 'system', '2019-09-29 14:07:20'),
	(33, 1, 176, 'function', '', '0', 'system', NULL, 'system', '2019-09-29 14:07:22'),
	(34, 1, 177, 'function', '', '0', 'system', NULL, 'system', '2019-09-29 14:07:24');
/*!40000 ALTER TABLE `tb_m_package_detail` ENABLE KEYS */;

-- Dumping data for table moadrpcd_corporate.tb_m_system: ~31 rows (approximately)
/*!40000 ALTER TABLE `tb_m_system` DISABLE KEYS */;
INSERT INTO `tb_m_system` (`system_type`, `system_code`, `valid_from`, `valid_to`, `system_value_txt`, `system_value_num`, `system_value_time`, `created_by`, `created_dt`, `changed_by`, `changed_dt`) VALUES
	('account_type', 'assets', '2015-01-09', '2099-01-09', 'Assets', 1, NULL, 'irfan', '2015-04-13 15:52:55', 'irfan', '2016-12-20 06:04:36'),
	('account_type', 'equity', '2015-01-09', '2099-01-09', 'Equity', 3, NULL, 'irfan', '2015-04-13 15:52:55', 'irfan', '2016-12-20 06:04:40'),
	('account_type', 'expenses', '2015-01-09', '2099-01-09', 'Expenses', 5, NULL, 'irfan', '2015-04-13 15:52:55', 'irfan', '2016-12-20 06:04:44'),
	('account_type', 'income', '2015-01-09', '2099-01-09', 'Income', 4, NULL, 'irfan', '2015-04-13 15:52:55', 'irfan', '2016-12-20 06:04:42'),
	('account_type', 'liability', '2015-01-09', '2099-01-09', 'Liability', 2, NULL, 'irfan', '2015-04-13 15:52:55', 'irfan', '2016-12-20 06:04:37'),
	('app_config', 'trial_days', '2018-01-16', '2099-01-16', 'Default Masa Trial Aplikasi', 15, NULL, 'system', '2018-01-16 16:39:07', 'system', '2019-07-25 17:56:18'),
	('app_config', 'user_group_admin', '2017-01-01', '2099-12-31', 'Administrator', 1, NULL, 'ark.misbah', '2017-02-17 11:26:02', 'system', '2018-01-16 18:50:11'),
	('app_init_config_purchase', 'default_invoice_terms', '2017-03-01', '2099-12-31', 'net30', 30, NULL, 'system', '2017-03-01 10:35:35', 'system', '2017-03-01 03:35:35'),
	('app_init_config_purchase', 'pre_good_receipt', '2017-03-01', '2099-12-31', 'GR', NULL, NULL, 'system', '2017-03-01 10:35:35', 'system', '2017-03-01 03:35:35'),
	('app_init_config_purchase', 'pre_purchase_order', '2017-03-01', '2099-12-31', 'PO', NULL, NULL, 'system', '2017-03-01 10:35:35', 'system', '2017-03-01 03:35:35'),
	('app_init_config_purchase', 'pre_purchase_payment', '2017-03-01', '2099-12-31', 'PY', NULL, NULL, 'system', '2017-03-01 10:35:35', 'system', '2017-03-01 03:35:35'),
	('app_init_config_purchase', 'pre_purchase_request', '2017-03-01', '2099-12-31', 'PR', NULL, NULL, 'system', '2017-03-01 10:35:35', 'system', '2017-03-01 03:35:35'),
	('app_init_config_purchase', 'pre_purchase_return', '2017-03-01', '2099-12-31', 'RG', NULL, NULL, 'system', NULL, 'system', '2017-03-31 03:32:58'),
	('app_init_config_sales', 'default_invoice_terms', '2017-03-01', '2099-12-31', 'net30', 30, NULL, 'system', '2017-03-01 10:35:35', 'system', '2017-03-01 03:35:35'),
	('app_init_config_sales', 'default_pos_journal_text', '2017-03-09', '2099-12-31', 'Penjualan POS', NULL, NULL, 'system', '2017-03-09 15:04:46', 'system', '2017-03-20 07:44:18'),
	('app_init_config_sales', 'pre_sales_delivery', '2017-03-01', '2099-12-31', 'SD', NULL, NULL, 'system', '2017-03-01 10:35:35', 'system', '2017-03-01 03:35:35'),
	('app_init_config_sales', 'pre_sales_invoice', '2017-03-01', '2099-12-31', 'SI', NULL, NULL, 'system', '2017-03-01 10:35:35', 'system', '2017-03-01 03:35:35'),
	('app_init_config_sales', 'pre_sales_order', '2017-03-01', '2099-12-31', 'SO', NULL, NULL, 'system', '2017-03-01 10:35:35', 'system', '2017-03-01 03:35:35'),
	('app_init_config_sales', 'pre_sales_payment', '2017-03-01', '2099-12-31', 'PY', NULL, NULL, 'system', '2017-03-01 10:35:35', 'system', '2017-03-01 03:35:35'),
	('app_init_config_sales', 'pre_sales_quotation', '2017-03-01', '2099-12-31', 'SQ', NULL, NULL, 'system', '2017-03-01 10:35:35', 'system', '2017-03-01 03:35:35'),
	('app_init_config_sales', 'pre_sales_return', '2017-03-01', '2099-12-31', 'SR', NULL, NULL, 'system', NULL, 'system', '2017-04-03 04:03:35'),
	('app_init_config_terms', 'cod', '2017-03-01', '2099-12-31', 'Cash on delivery', 0, NULL, 'system', '2017-03-01 10:35:35', 'system', '2017-03-01 03:35:35'),
	('app_init_config_terms', 'net15', '2017-03-01', '2099-12-31', 'Net 15', 15, NULL, 'system', '2017-03-01 10:35:35', 'system', '2017-03-01 03:35:35'),
	('app_init_config_terms', 'net30', '2017-03-01', '2099-12-31', 'Net 30', 30, NULL, 'system', '2017-03-01 10:35:35', 'system', '2017-03-01 03:35:35'),
	('app_init_config_terms', 'net60', '2017-03-01', '2099-12-31', 'Net 60', 60, NULL, 'system', '2017-03-01 10:35:35', 'system', '2017-03-01 03:35:35'),
	('app_init_config_units', 'Lot', '2017-03-01', '2099-12-31', 'Lot', 2, NULL, 'system', '2017-03-01 10:35:35', 'system', '2017-03-01 03:35:35'),
	('app_init_config_units', 'Pack', '2017-03-01', '2099-12-31', 'Pack', 1, NULL, 'system', '2017-03-01 10:35:35', 'system', '2017-03-01 03:35:35'),
	('app_init_config_units', 'Piece', '2017-03-01', '2099-12-31', 'Piece', 6, NULL, 'system', '2017-03-01 10:35:35', 'system', '2017-03-01 03:35:35'),
	('app_init_item_category', 'Produk', '2017-03-01', '2099-12-31', 'Produk', 2, NULL, 'system', '2017-03-01 10:35:35', 'system', '2017-03-01 03:35:35'),
	('app_init_item_category', 'Proyek', '2017-03-01', '2099-12-31', 'Proyek', 3, NULL, 'system', '2017-03-01 10:35:35', 'system', '2017-03-01 03:35:35'),
	('app_init_item_category', 'Resource', '2017-03-01', '2099-12-31', 'Resource', 8, NULL, 'system', '2017-03-01 10:35:35', 'system', '2017-03-01 03:35:35');
/*!40000 ALTER TABLE `tb_m_system` ENABLE KEYS */;

/*!40101 SET SQL_MODE=IFNULL(@OLD_SQL_MODE, '') */;
/*!40014 SET FOREIGN_KEY_CHECKS=IF(@OLD_FOREIGN_KEY_CHECKS IS NULL, 1, @OLD_FOREIGN_KEY_CHECKS) */;
/*!40101 SET CHARACTER_SET_CLIENT=@OLD_CHARACTER_SET_CLIENT */;
