﻿--
-- Script was generated by Devart dbForge Studio for MySQL, Version 8.0.40.0
-- Product Home Page: http://www.devart.com/dbforge/mysql/studio
-- Script date 02/09/2019 4:18:43
-- Target server version: 5.5.5-10.1.40-MariaDB
-- Target connection string: User Id=root;Host=127.0.0.1;Database=emple_depart;Character Set=utf8
--



SET NAMES 'utf8';
USE periodico;
--
-- Delete data from the table 'picture'
--
TRUNCATE TABLE picture;
--
-- Delete data from the table 'ne'
--
TRUNCATE TABLE ne;
--
-- Delete data from the table 'email'
--
TRUNCATE TABLE email;
--
-- Delete data from the table 'noticia'
--
DELETE FROM noticia;
--
-- Delete data from the table 'fotografo'
--
DELETE FROM fotografo;
--
-- Delete data from the table 'etiqueta'
--
DELETE FROM etiqueta;
--
-- Delete data from the table 'autor'
--
DELETE FROM autor;

--
-- Inserting data into table autor
--
INSERT INTO autor(ida, nombre, alias, email) VALUES
(1, 'Bertrada Fährmann', 'Letha241', 'Bolt@nowhere.com'),
(2, 'Heiderose Klotz', 'Mollie1975', 'Morehead@example.com'),
(3, 'Joko Adler', 'Quintin5', 'qpzre411@example.com'),
(4, 'Hemma Horkheimer', 'Kathern49', 'Bray162@example.com'),
(5, 'Helwig osenbaum', 'Felisa221', 'Sidney_Agnew3@nowhere.com'),
(6, 'Orthey Vogt', 'Shenita2027', 'xmhz1900@nowhere.com'),
(7, 'Hannfried Blume', 'Arnita2004', 'Monroe.Rinehart@nowhere.com'),
(8, 'Xenja Kirchner', 'Woodrow2009', 'Gutierrez73@example.com'),
(9, 'Selinda Keller', 'Chantel318', 'FelipaAbernathy@nowhere.com'),
(10, 'Pontianus Heinz', 'Aisha2010', 'Adler@example.com'),
(11, 'Berengar Heitsch', 'Christopher1976', 'uadm55@example.com'),
(12, 'Clemendina Tischler', 'Stephan1976', 'Caldwell@example.com'),
(13, 'Adine  Wulf', 'Brinson972', 'NathanielC_Christman823@exampl'),
(14, 'Falina Lohmann', 'Carpenter1994', 'imcuxf9901@example.com'),
(15, 'Lovis Jens', 'Doyle2', 'Marnie_Pullen@example.com'),
(16, 'Amrei ozart', 'Johnston1952', 'Falls@nowhere.com'),
(17, 'Catrin Gutzeit', 'Booker6', 'JaquelynPhipps99@example.com'),
(18, 'Conny Dippel', 'Carvalho72', 'LymanH223@example.com'),
(19, 'Armgard Kopf', 'Aguilera1993', 'TemekaMarquez77@example.com'),
(20, 'Korth Baur', 'Paris2022', 'Abrams472@nowhere.com'),
(21, 'Lenchen Schwarz', 'Jerrod1982', 'Stoddard679@example.com'),
(22, 'Barthel  Mauch', 'Suarez82', 'Kiesha_Buckner25@example.com'),
(23, 'Krispin Heckler', 'Abreu232', 'Abney816@example.com'),
(24, 'Wilbrecht Ebel', 'Shank212', 'Swain@example.com'),
(25, 'Dieter ietzsche', 'Elise28', 'sdyfq9887@nowhere.com'),
(26, 'Rüder Hermann', 'Alcala1977', 'Newsome21@example.com'),
(27, 'California Zabel', 'Abernathy6', 'Hoover@example.com'),
(28, 'Fredegar chultz', 'Lindsey295', 'Russell@nowhere.com'),
(29, 'Lisa-Maria Marschner', 'Hubert2025', 'DorcasLadner5@example.com'),
(30, 'Aurion  Günther', 'Paris24', 'OlgaFerry@example.com'),
(31, 'Friedwart osenblatt', 'Muncy1', 'pqfmmt48@example.com'),
(32, 'Cölestin Treviranus', 'Jestine2015', 'OdellG752@example.com'),
(33, 'Abeline  Kramer', 'Alexander3', 'LakeeshaAbel8@example.com'),
(34, 'Balte  Joseph', 'Seymour1989', 'Scarborough@example.com'),
(35, 'Chlothar Franz', 'Lorretta2028', 'MathewDeal16@example.com'),
(36, 'Dietlana Auerbach', 'Andre58', 'LaveraLRoberge63@nowhere.com'),
(37, 'Mirinda Bartels', 'Carlson9', 'LucillaAbreu267@example.com'),
(38, 'Diepold Arnold', 'Jefferies7', 'Sturgill@example.com'),
(39, 'Janeric Thalberg', 'Verona3', 'pcvmbj959@nowhere.com'),
(40, 'Adriane  chs', 'Lanette688', 'Ketchum@example.com'),
(41, 'Volbrecht Angst', 'Crystle2000', 'CierraCheatham@nowhere.com'),
(42, 'Haiko erl', 'Weston1954', 'Tanner_Banuelos@example.com'),
(43, 'Avenell olken', 'Abdul134', 'MalcomKnutson757@nowhere.com'),
(44, 'Annalena Lichtenberg', 'Brigida1989', 'Alley91@example.com'),
(45, 'Haita aulig', 'Christian1985', 'Nickie_B_Ambrose@nowhere.com'),
(46, 'Yente Fischnaller', 'Alberto1984', 'SanfordRivas721@example.com'),
(47, 'Justus Laufer', 'Ernesto599', 'Rudolph358@example.com'),
(48, 'Ottfried Abel', 'Rivka533', 'Tenisha_Mcclintock@nowhere.com'),
(49, 'Almute Josef', 'Opal1955', 'utxpbh4739@example.com'),
(50, 'Friederun Appel', 'Cornell6', 'Adolph.Antoine@example.com'),
(51, 'Siegher Schweizer', 'Antonietta1973', 'BalderasG5@example.com'),
(52, 'Rubertus Leist', 'Marinda1990', 'Ted.Mace49@example.com'),
(53, 'Levia Gardenberg', 'Garland194', 'Erick.O.Altman@example.com'),
(54, 'Günther chulmeister', 'Abbie3', 'Beeler85@example.com'),
(55, 'Edeltrude Hanke', 'Tandra1967', 'TraciCloud@nowhere.com'),
(56, 'Uodalrich Böhm', 'Collette2007', 'AddieD.Armstead@example.com'),
(57, 'Kandidus Albrecht', 'Shirly2008', 'Lavenia.Abraham@example.com'),
(58, 'Yascha Baade', 'Abe1988', 'MaynardGivens@example.com'),
(59, 'Conczlin Felder', 'Tommie793', 'Hairston5@example.com'),
(60, 'Baldo  Grasse', 'Carden228', 'Ackerman@example.com'),
(61, 'Gundelinde Abert', 'Lakeesha764', 'Kinney@example.com'),
(62, 'Varina Konradi', 'Krissy913', 'Aiken@example.com'),
(63, 'Zacharias Kurz', 'Arnold5', 'ymqukl565@example.com'),
(64, 'Joannis Buhmann', 'Kurt16', 'Edwardo_P.Mcclintock965@nowher'),
(65, 'Baldur  ebinder', 'Timothy1', 'Abreu313@example.com'),
(66, 'Eitel-Fritz aspe', 'Walter2005', 'IrvinParson@example.com'),
(67, 'Annchristin osenmüller', 'Nathan716', 'Lavigne@example.com'),
(68, 'Friedensreich Geller', 'Crosby1970', 'Adolph_Mcintyre21@example.com'),
(69, 'Dörk iedel', 'Augustina1986', 'AngelitaX.Sandoval@example.com'),
(70, 'Zilly Stern', 'Karlene615', 'Abram.Burdette919@nowhere.com'),
(71, 'Falko Hoyer', 'Faviola546', 'kybxospa.lacod@example.com'),
(72, 'Thorin Gerngross', 'Velasquez896', 'LourdesAbraham@example.com'),
(73, 'Goswin Dils', 'Carlo2014', 'ConcettaEnnis544@example.com'),
(74, 'Maybee Dorn', 'Alger64', 'kolwfbu5952@example.com'),
(75, 'Alexandrine  Seidlitz', 'Waneta756', 'Isaacs9@example.com'),
(76, 'Syria ascher', 'Gatewood3', 'Tessie_Sommers@example.com'),
(77, 'Balian  ander', 'Palmer854', 'AbigailBloom@example.com'),
(78, 'Alruna Baumann', 'Breedlove49', 'kthkuizh3830@nowhere.com'),
(79, 'Thees cheidemann', 'Cowles2014', 'CleoAbraham329@example.com'),
(80, 'Oktavian Lorenz', 'Sturgeon7', 'Aponte@nowhere.com'),
(81, 'Benedikta aul', 'Sammons6', 'Larson115@example.com'),
(82, 'Friedlinde odersohn', 'Rory7', 'Melendez@example.com'),
(83, 'Oktavia Weiss', 'Marjory2004', 'bfcv409@example.com'),
(84, 'Eirin Göring', 'Carey1995', 'Weston34@nowhere.com'),
(85, 'Hanjo Krebs', 'Lyn1953', 'MatthewHindman@example.com'),
(86, 'Rebekka chiefer', 'Souza2019', 'PughC@example.com'),
(87, 'Heico Drechsler', 'Stephine2005', 'Rosalee_RMatney542@example.com'),
(88, 'Bosse Weber', 'Paris2005', 'ConnieAllard@example.com'),
(89, 'Avera  Dorn', 'Gooden1996', 'KaterineHinojosa@example.com'),
(90, 'Romarich Krüger', 'Carol263', 'Card@example.com'),
(91, 'Aurion  Kern', 'Bella1975', 'KarlynBurt479@nowhere.com'),
(92, 'Wilfried Döring', 'Burnham429', 'HomerCalvin@example.com'),
(93, 'Marinda Totleben', 'Olin569', 'vfdpiabb_mjai@example.com'),
(94, 'Hatto Grimm', 'Pike1980', 'AbbyRBlalock826@example.com'),
(95, 'Tanaja Wagner', 'Aurelio6', 'Dalila_JRust@example.com'),
(96, 'Marlie Dörner', 'Camila492', 'Adan_Busch@nowhere.com'),
(97, 'Aurion  Kugler', 'Avelina876', 'JuleneDasilva@example.com'),
(98, 'Burkhardt Forster', 'Valrie914', 'Dewayne_Wheaton@example.com'),
(99, 'Itria Abich', 'Ledoux2028', 'Armstead@example.com'),
(100, 'Talliana Genkel', 'Schilling1972', 'LyndsayColley@nowhere.com'),
(101, 'Lennik Kirschner', 'Kathrine1986', 'SaundraCavazos@example.com'),
(102, 'Juni Braunfels', 'Casey2021', 'JenaeMarcum651@example.com'),
(103, 'Kathrina Wieser', 'Ula889', 'HaywoodBroome@example.com'),
(104, 'Mose Seiler', 'Allard2025', 'Gaylord_Schwarz28@example.com'),
(105, 'Wikhard Bach', 'Julius553', 'Abreu6@nowhere.com'),
(106, 'Berno Altmann', 'Christoper1958', 'ArnettaShuler721@example.com'),
(107, 'Witold Freund', 'Giordano947', 'Abel.Larose63@nowhere.com'),
(108, 'Jehova Zeller', 'Johnny2028', 'Andre.ADorman161@nowhere.com'),
(109, 'Gottlinde Abicht', 'Joesph1974', 'svlh03@example.com'),
(110, 'Burghilde Weigl', 'Patrina8', 'Hutchison65@example.com'),
(111, 'Balian  Winkelhock', 'Dover697', 'Collier@example.com'),
(112, 'Fridolin Abert', 'Linkous788', 'ogpwir97@example.com'),
(113, 'Mechthild Bruner', 'Hatley1965', 'hkskovwj8764@example.com'),
(114, 'Neolie Kellermann', 'Lottie769', 'Edwina_Abreu884@nowhere.com'),
(115, 'Heico Totleben', 'Ferris1984', 'LaurenaSibley@example.com'),
(116, 'Bulk ack', 'Trish522', 'Genevieve_Mendoza9@nowhere.com'),
(117, 'Maylin Katz', 'Brendon2023', 'Annis.Blaine@nowhere.com'),
(118, 'Waida Abel', 'Lemmon291', 'James4@example.com'),
(119, 'Kenoah Stern', 'Adolfo2010', 'AlejandraNorris@example.com'),
(120, 'Almuth Döring', 'Adelina1996', 'Barbour@example.com'),
(121, 'Clovis Simmel', 'Abernathy1963', 'Ada.JCrosby@nowhere.com'),
(122, 'Chlothar Altmann', 'Thomasena261', 'hcjafl3608@example.com'),
(123, 'Barthel  Kolbe', 'Kelvin2015', 'RhondaBreedlove76@example.com'),
(124, 'Catharina Baum', 'Albrecht986', 'NorineBuckingham@example.com'),
(125, 'Jeanny Gutzeit', 'Devlin938', 'AdahAbernathy5@nowhere.com'),
(126, 'Rautendelein chulze', 'Tuggle533', 'Crane@nowhere.com'),
(127, 'Edelbert Mann', 'James542', 'Lyda.Kraft297@example.com'),
(128, 'Wiprecht ichler', 'Angel681', 'Francesco.Walter@nowhere.com'),
(129, 'Veit Kromberg', 'Alaina7', 'Barnhill9@example.com'),
(130, 'Fadrina Horkheimer', 'Herzog2023', 'Grimes665@example.com'),
(131, 'Endris Bohrmann', 'Valrie94', 'Dale279@example.com'),
(132, 'Abby  Zöller', 'Elmo1954', 'Orlando@example.com'),
(133, 'Laif Blumentahl', 'Leo726', 'eurkdbiu_qojufc@example.com'),
(134, 'Mirke Zeiger', 'Wendolyn2000', 'Funk969@example.com'),
(135, 'Joyceline Haas', 'Bobby386', 'Afton.Collado715@nowhere.com'),
(136, 'Rudger Appel', 'Paredes9', 'Melton@nowhere.com'),
(137, 'Adine  Immerig', 'Luigi936', 'kbwzgarj.bcvnyk@example.com'),
(138, 'Ute Klee', 'Norton7', 'Stpierre@example.com'),
(139, 'Courtney Grossmann', 'Acker1992', 'Pierson@nowhere.com'),
(140, 'Winka Horkheimer', 'Alonso855', 'kxlfgxb3@nowhere.com'),
(141, 'Filina chirrmann', 'Wilda2025', 'Schaeffer62@nowhere.com'),
(142, 'Dark Bohrmann', 'Denese2011', 'ArmandoMaher7@nowhere.com'),
(143, 'Annedore Anger', 'Herb214', 'Acker@nowhere.com'),
(144, 'Abbeygail  osenbaum', 'Vicenta2014', 'Ackerman9@nowhere.com'),
(145, 'Almuth Makensen', 'Boggs796', 'Ali_Q_Abbott12@nowhere.com'),
(146, 'Hadewin Böhm', 'Alisia1951', 'Alicea353@example.com'),
(147, 'Romea Baum', 'Larson268', 'Barrios@example.com'),
(148, 'Lieas Meiendorf', 'Adrianne3', 'DanteSchott9@example.com'),
(149, 'Emerentia Luckner', 'Cary2007', 'SamuelVann@example.com'),
(150, 'Just Mering', 'Olivares1', 'Dugas@example.com'),
(151, 'Friedebert lehwe', 'Jorgenson817', 'Leif.Ainsworth4@example.com'),
(152, 'Volbrecht Knecht', 'Divina458', 'wwmmm3222@nowhere.com'),
(153, 'Eusebia Hornberger', 'Townes2013', 'Tristan_Castle@nowhere.com'),
(154, 'Moritz Feuerbach', 'Myron3', 'dwwzqatq8@example.com'),
(155, 'Cilli Buchloh', 'Ward2007', 'Ramsey5@example.com'),
(156, 'Eleen Bohrmann', 'Janie1968', 'Saenz@example.com'),
(157, 'Chlodwig Altmann', 'Sharkey69', 'RamonSierra4@nowhere.com'),
(158, 'Richart Blücher', 'Delossantos2016', 'KrystalGooch757@nowhere.com'),
(159, 'Naema Merkel', 'Luisa558', 'BatisteK714@example.com'),
(160, 'Chaymae Imhof', 'Adalberto2011', 'Adam_Leal@example.com'),
(161, 'Adlin  Bauer', 'Cecil976', 'AlfordM9@example.com'),
(162, 'Romuald Abert', 'Adam356', 'Abel61@example.com'),
(163, 'Madlena Bach', 'Cathleen1967', 'Pulley@example.com'),
(164, 'Hugobald Hermann', 'Maybelle2018', 'Pasquale.Autry449@example.com'),
(165, 'Waltraud Bebel', 'Shirleen621', 'LeviZ_Gossett@example.com'),
(166, 'Achime  Tetzner', 'Bryson331', 'LynnDowling@example.com'),
(167, 'Luitpold Bongard', 'Kyle1991', 'Adena.Abbott966@example.com'),
(168, 'Bertin Feuermann', 'Maloney8', 'Agnew@example.com'),
(169, 'Tabea choll', 'Allan2004', 'Anthony@example.com'),
(170, 'Avera  Bergmann', 'Merry21', 'Isabel.Abernathy186@example.co'),
(171, 'Ennja Fleischer', 'Claribel1964', 'Carman23@example.com'),
(172, 'Hadassa Lohrer', 'Cleveland55', 'AbdulAlbrecht478@example.com'),
(173, 'Bassel  Drews', 'Roselyn2026', 'Colbert@example.com'),
(174, 'Filibert Göring', 'Lenard1959', 'Baron74@example.com'),
(175, 'Juli Freund', 'Abreu7', 'ChesterAllred@nowhere.com'),
(176, 'Dominikus Angst', 'Francesco2026', 'KimberlieAragon13@nowhere.com'),
(177, 'Annamarie Albrecht', 'Jobe2024', 'JoanieB.Hoover@example.com'),
(178, 'Friedhilde Köstlin', 'Ai1955', 'DevonPBoren2@example.com'),
(179, 'Bertrade Mann', 'Elmer578', 'Addie.Sanderson3@nowhere.com'),
(180, 'Annalisa oritz', 'Porter857', 'CordieAbrams@example.com'),
(181, 'Sigwin Stuchenberg', 'Kieth1999', 'JordonMorrill@nowhere.com'),
(182, 'Hubertina Dils', 'Abby23', 'Cordell_Sherrod995@example.com'),
(183, 'Dietleib Kant', 'Carlene2021', 'Adelaida_Crespo5@nowhere.com'),
(184, 'Gangolf Dils', 'Shanice16', 'EllisFranks43@example.com'),
(185, 'Carine chuhmacher', 'Rawlings2010', 'Devorah.Acevedo@example.com'),
(186, 'Alraune Bülow', 'Dahlia7', 'Adrian_Jaramillo@nowhere.com'),
(187, 'Evianne Tischbein', 'Colon4', 'ParisK.Werner@example.com'),
(188, 'Meridian Blücher', 'Rico2023', 'Amato@example.com'),
(189, 'Kathrein cheffer', 'Arnold5', 'wscttm3@example.com'),
(190, 'Xenie Kallisen', 'Kevin2001', 'fcikhuhp_fundw@nowhere.com'),
(191, 'Felizia Dörner', 'Torres348', 'ggcaizj841@example.com'),
(192, 'Ailine  berländer', 'Adam1996', 'Ahmed@example.com'),
(193, 'Maik Falkenstein', 'Araceli2013', 'Adcock9@example.com'),
(194, 'Fridoline Lerch', 'Borrego545', 'wpwrzbcx.kdqf@example.com'),
(195, 'Humbert Simmel', 'Florencia1980', 'JonahCleveland21@example.com'),
(196, 'Agnete  Appel', 'Betancourt584', 'Quigley@nowhere.com'),
(197, 'Inola Dils', 'Delta247', 'ferjfcg7@nowhere.com'),
(198, 'Odowakar Albrecht', 'Pierre1980', 'gdlzrixn_lzief@example.com'),
(199, 'Kunz Döring', 'Mendez1972', 'AshleyRice@example.com'),
(200, 'Lacoste Zöller', 'Adam6', 'Freedman@example.com'),
(201, 'Warin Klenze', 'Leif1968', 'Babb@example.com'),
(202, 'Eberhard Klenze', 'Syble1995', 'BethOliveira511@nowhere.com'),
(203, 'Berend Thaler', 'Erin275', 'Jannet.Gorham8@example.com'),
(204, 'Kunibald Dötzer', 'Madie1971', 'ysitzv30@nowhere.com'),
(205, 'Annegrit Hofer', 'Randolph1991', 'ClintonPNorfleet@example.com'),
(206, 'Cölestinus Kirchner', 'Mario2027', 'RivaVCherry3@example.com'),
(207, 'Faustus iedel', 'Abel2005', 'Wilder@example.com'),
(208, 'Nane eiper', 'Cary912', 'Redmond343@example.com'),
(209, 'Daimon Felder', 'Jeffery1', 'Shenika_ORutledge233@example.c'),
(210, 'Rubine ack', 'Nerissa1983', 'ColbyPatton18@nowhere.com'),
(211, 'Bennik Wieser', 'Rich1960', 'Clarita.Ammons617@example.com'),
(212, 'Annelena Ebert', 'Stump163', 'ksajmjuv.sstzxogqeg@example.co'),
(213, 'CharleyAnn Adler', 'Sweet1974', 'BreenN121@example.com'),
(214, 'Deodat Brandes', 'Greiner2004', 'AkinB@nowhere.com'),
(215, 'Childerich Köler', 'Merideth315', 'Morley97@example.com'),
(216, 'Ahsoka  Franz', 'Robbie1979', 'MathewKJohnson@example.com'),
(217, 'Aleida  Abel', 'Agueda2013', 'Adelia_Weis@nowhere.com'),
(218, 'Eusebia Hummel', 'Lorene2001', 'Delong@example.com'),
(219, 'Lumara ppert', 'Bright144', 'AbramsM@nowhere.com'),
(220, 'Kyano Brenner', 'Gilbert771', 'Anthony_Creamer26@example.com'),
(221, 'Elika Delbrück', 'Barnhart38', 'OleviaPatel@example.com'),
(222, 'Sonnwin Unger', 'Abe2009', 'Sherri_Adam38@nowhere.com'),
(223, 'Endri Zimmermann', 'Crystle1978', 'Lind227@example.com'),
(224, 'Cäcilie Dorn', 'Alexa2006', 'VivaGetz63@nowhere.com'),
(225, 'Maralen Feigenbaum', 'Rueben518', 'ChadwickOFischer@nowhere.com'),
(226, 'Folkmar Hesse', 'Harland1981', 'Anisha.Karr@nowhere.com'),
(227, 'Louia Kramer', 'Carlo644', 'HiltonAbreu37@example.com'),
(228, 'Susette Abicht', 'Jaleesa2020', 'Smyth@nowhere.com'),
(229, 'Berngar Hagemann', 'Slade1974', 'Brigid.Abernathy61@example.com'),
(230, 'Berna Klug', 'Markus2', 'Aileen.Candelaria@nowhere.com'),
(231, 'Burkart Leist', 'Fincher82', 'cpaxev2630@nowhere.com'),
(232, 'Balduin  Merkel', 'Joline2015', 'Quinton.Devries5@example.com'),
(233, 'Filla Sievers', 'Addie3', 'DahliaAcker31@example.com'),
(234, 'Radulf elke', 'Dennis362', 'Abernathy@example.com'),
(235, 'Krillin Lemm', 'Dupree2018', 'AliaTran758@example.com'),
(236, 'Johs Klug', 'Dewayne2020', 'RosendaAndre@example.com'),
(237, 'Cosmas Möbius', 'Jimenez298', 'AlvaChester57@nowhere.com'),
(238, 'Boas Fuchs', 'Carey2015', 'LakendraBarrera744@example.com'),
(239, 'Siegward Heitsch', 'Basil1984', 'Jenifer.Suarez@example.com'),
(240, 'Catiana choll', 'Malcom2028', 'Alphonse.Abney7@nowhere.com'),
(241, 'Dore Keler', 'Harden962', 'Danika.Willoughby7@example.com'),
(242, 'Ewaldina Thaler', 'Cherrie235', 'GilbertAlston@example.com'),
(243, 'Jehoschafat Hielscher', 'Thad1953', 'DanteStack765@example.com'),
(244, 'Hannes Engelke', 'Jacqui583', 'Elliott_EButts992@nowhere.com'),
(245, 'Aloisia Anger', 'Karl2001', 'Gunter@example.com'),
(246, 'Finnjo Dötzer', 'Abney2024', 'ChanelleGTodd@nowhere.com'),
(247, 'Hermina Uhlig', 'Weston78', 'RickeyBoyle@nowhere.com'),
(248, 'Kaleb Bebel', 'Adam9', 'Fernanda.Hannon92@example.com'),
(249, 'Bernger Baade', 'Maddox9', 'qylnbg8337@example.com'),
(250, 'Gotfrit Tauberg', 'Abraham1', 'Kenda_Pollack35@example.com');

--
-- Inserting data into table etiqueta
--
INSERT INTO etiqueta(ide, nombre) VALUES
(1, 'Internacionales'),
(2, 'Cotilleo'),
(3, 'Deportes'),
(4, 'Salud'),
(5, 'Local'),
(6, 'Cultura'),
(7, 'Espectaculos'),
(8, 'Espectaculos'),
(9, 'Salud'),
(10, 'Local');

--
-- Inserting data into table fotografo
--
INSERT INTO fotografo(idf, nombre, alias) VALUES
(1, 'Bertina Wagner', 'Edmonds2029'),
(2, 'Fredegar Högl', 'Kruger3'),
(3, 'Witold Küchler', 'Tanja943'),
(4, 'Jutta Buchmeyer', 'Luisa1960'),
(5, 'Gerbrand euner', 'Hank939'),
(6, 'Wuotan Simmel', 'Scarlet484'),
(7, 'Eckart Kromberg', 'Marya1956'),
(8, 'Eckhart ockenhaupt', 'Arminda2013'),
(9, 'Florenzia Eichenwald', 'Maxwell1966'),
(10, 'Eleyna Sievers', 'Lonna2001'),
(11, 'Natanja Fischer', 'Claude654'),
(12, 'Thure Herzog', 'Ariane2008'),
(13, 'Berengar Mauch', 'Chau1982'),
(14, 'Adina  Klinger', 'Sidney1970'),
(15, 'Armgart Abich', 'Lyndon763'),
(16, 'Liebwin Bachmann', 'Grimm2024'),
(17, 'Sivana Liebknecht', 'Riley4'),
(18, 'Zélenya Hildesheimer', 'Curtis2009'),
(19, 'Bernharda Taschenberg', 'Kyle972'),
(20, 'Liandro omberg', 'Abigail891'),
(21, 'Nausikaa Kurz', 'Abraham469'),
(22, 'Aleksis  Vogt', 'Rafael2005'),
(23, 'Ruthart chön', 'Laurence5'),
(24, 'Deodat aulig', 'Barton1965'),
(25, 'Folke Kraus', 'Shelia2006'),
(26, 'Ortolf Kraus', 'Camilla2000'),
(27, 'Aloe Erdmann', 'Tobias2016'),
(28, 'Camy Kronberg', 'Kimberly516'),
(29, 'Hilbert Simmel', 'Emmanuel1977'),
(30, 'Conczlin Zapf', 'Randell2014'),
(31, 'Gerwin chirrmann', 'Mcinnis665'),
(32, 'Adine  Thaler', 'Bernard1951'),
(33, 'Otmar Langmann', 'Herb9'),
(34, 'Volmar Krenz', 'Adam941'),
(35, 'Kresandra eimer', 'Katheleen188'),
(36, 'Xemerius Baumbach', 'Southern2017'),
(37, 'Täve Baumann', 'Vannesa637'),
(38, 'Hunbert Ditmar', 'Hermelinda13'),
(39, 'Degenhard Burkhard', 'Beaulieu6'),
(40, 'Eligius berländer', 'Abbott719'),
(41, 'Oresta Abert', 'Allman638'),
(42, 'Cäcilia ennenkampf', 'Malley2000'),
(43, 'Gabi Abert', 'Shanon12'),
(44, 'Fredy Gardenberg', 'Rufus2005'),
(45, 'Elischa Lange', 'Ackerman183'),
(46, 'Hanja Tissen', 'Jeffrey2020'),
(47, 'Abbeygail  omberg', 'Tandra2002'),
(48, 'Selachnitan Feldkamp', 'Blalock2009'),
(49, 'Widorna Hirsch', 'Whitten656'),
(50, 'Alvina Tauberg', 'Bernie2013'),
(51, 'Anarhea abst', 'Acker69'),
(52, 'Bartel  Drews', 'Gibbs39'),
(53, 'Alicandra  Dorn', 'Floretta2021'),
(54, 'Safira Kamphausen', 'Burch211'),
(55, 'Annemaria Meier', 'Danika2017'),
(56, 'Ruodlieb Meier', 'Cerda6'),
(57, 'Elisabell Lorenz', 'Melva2010'),
(58, 'Lisander Kallenberg', 'Booth167'),
(59, 'Alraune lehwe', 'Cheng876'),
(60, 'Gangolf Bilderling', 'Mable2024'),
(61, 'Juven König', 'Mccallum1966'),
(62, 'Balian  Jost', 'Baumann945'),
(63, 'Irelia Frisch', 'Taylor441'),
(64, 'Role chulmann', 'Newman5'),
(65, 'Reginhard ack', 'Cheyenne7'),
(66, 'Kandidus Tissen', 'Nevarez1991'),
(67, 'Gangolf ascher', 'Dwain7'),
(68, 'Adelisa  iedel', 'Sanchez1999'),
(69, 'Jehova Stumpf', 'Joel2006'),
(70, 'Sigismund Fahrenkrog', 'Rene1950'),
(71, 'Balduin  Wagner', 'Rolanda7'),
(72, 'Merian Freund', 'Samuel1963'),
(73, 'Waldfried Kraft', 'Blondell389'),
(74, 'Holmer Albrecht', 'Taylor3'),
(75, 'Berendine Anger', 'Erwin663'),
(76, 'Geruscha Lindenstrauss', 'Danial2012'),
(77, 'Annelore Klemperer', 'Camila4'),
(78, 'Lumina Bauer', 'Abbie3'),
(79, 'Gangolf Ebel', 'Alejandrina485'),
(80, 'Jörne einrhard', 'Samuels1965'),
(81, 'Ermelinda Wentzel', 'Pennell795'),
(82, 'Atlantis Klassen', 'Donnell2028'),
(83, 'Barthel  Keller', 'Dianna1959'),
(84, 'Pamira Berger', 'Abreu1970'),
(85, 'Raban Stumpf', 'Carver6'),
(86, 'Ayanta eumann', 'Atherton9'),
(87, 'Fania Kleinmann', 'Christena1955'),
(88, 'Kain Franke', 'Maki1953'),
(89, 'Ortwin Werner', 'Catarina1967'),
(90, 'Jamin Kleiber', 'Princess1958'),
(91, 'Krabat Wolf', 'Schafer29'),
(92, 'Gerbrand Genkel', 'Richards1988'),
(93, 'Bartel  Albrecht', 'Bernita583'),
(94, 'Bernger Glauber', 'Elliot2008'),
(95, 'Korvin Kalb', 'Quinn2025'),
(96, 'Käthe Abert', 'Duffy2008'),
(97, 'Zyriakus iemann', 'Jamey1989'),
(98, 'Fine üller', 'Errol5'),
(99, 'Regelindis Luckner', 'Avery631'),
(100, 'Liselotte Lungershausen', 'Beatriz9'),
(101, 'Cordelius Immerig', 'Carmel1962'),
(102, 'Ottonie Adler', 'Wolff2012'),
(103, 'Adriane  otschield', 'Andrea2004'),
(104, 'Benn Grossmann', 'Lupe1987'),
(105, 'Jakoba Grossmann', 'Minnick1985'),
(106, 'Marliese chiller', 'Ossie792'),
(107, 'Avera  chuhmacher', 'Ann1987'),
(108, 'Connie Bürger', 'Mulligan371'),
(109, 'Josephina ack', 'Anglin1974'),
(110, 'Alwina Drews', 'Wingfield37'),
(111, 'Wieland Kalm', 'Debi971'),
(112, 'Kaira Assmann', 'Larry316'),
(113, 'Gieselbert von Feierbach', 'Chauncey623'),
(114, 'Wedigo Stackelberg', 'Redding1968'),
(115, 'Solea Dörner', 'Poston1'),
(116, 'Irenäus umpf', 'Ailene2001'),
(117, 'Crescentia Abel', 'Fish2025'),
(118, 'Élayne Kalm', 'Mindy3'),
(119, 'Calantha Baumbach', 'Alfreda1995'),
(120, 'Elieser Buchmeyer', 'Coons2000'),
(121, 'Falco Falkenstein', 'Barbra3'),
(122, 'Notger Husemann', 'Adam1956'),
(123, 'Waldtraud umpf', 'Yates1'),
(124, 'Ernst Buchmeyer', 'Anthony3'),
(125, 'Line Baur', 'Rains6'),
(126, 'Aurelia Hopp', 'Norberto755'),
(127, 'Gunthram Weiss', 'Myers1994'),
(128, 'Kensie Goldhaber', 'Avril145'),
(129, 'Eginhard Kade', 'Acker2005'),
(130, 'Elfie Arnold', 'Reuben665'),
(131, 'Maray Kromberg', 'Lennon1957'),
(132, 'Vincenz ailer', 'Jayson2024'),
(133, 'Adina  Tetzner', 'Alline2013'),
(134, 'Edelgard Brenner', 'Ellsworth931'),
(135, 'Odowakar Felder', 'Erich217'),
(136, 'Annea Imhof', 'Mercedes1954'),
(137, 'Neolie chreier', 'Barry498'),
(138, 'Maresch Herzog', 'Thorpe1970'),
(139, 'Alicandra  Schwarz', 'Adalberto6'),
(140, 'Innozenz Treviranus', 'Colby2002'),
(141, 'Celice Abel', 'Kyle1972'),
(142, 'Neona aul', 'Baker1994'),
(143, 'Gumpert Geller', 'Rash622'),
(144, 'Jazzper üdiger', 'Mauricio2028'),
(145, 'Ablona  John', 'Tommie256'),
(146, 'Maivi Zabel', 'Sanjuana1955'),
(147, 'Gotfrit Bonke', 'Leo186'),
(148, 'Aidana  Zimmermann', 'Weston1950'),
(149, 'Annegrit Bernhard', 'Salvador862'),
(150, 'Wigbert eutern', 'Yesenia5'),
(151, 'Brunhild Leitner', 'Oliva1969'),
(152, 'Fridolf ünchhausen', 'Clair1950'),
(153, 'Gotthard Lechner', 'Dalton1962'),
(154, 'Ducati Dötzer', 'Alda333'),
(155, 'Markus Kugler', 'Marcella222'),
(156, 'Janeke Siegel', 'Pringle1964'),
(157, 'IleneMarie chröder', 'Josefina61'),
(158, 'Sallina Küchelbecker', 'Aquino175'),
(159, 'Hadubrand Böhm', 'Edmund713'),
(160, 'Raginmund Hirschmann', 'Adina1'),
(161, 'Eugenie Altmann', 'Laplante139'),
(162, 'Bartel  Menzel', 'Chantel378'),
(163, 'Barthel  Lorenz', 'Davis2028'),
(164, 'Huldrych Strasser', 'Alejandrina177'),
(165, 'Abbeygail  Fleischmann', 'Adolfo2022'),
(166, 'Cölestin Walser', 'Lenny14'),
(167, 'Peronnik euenburg', 'Jeffrey213'),
(168, 'Andreana Engelke', 'Blaylock2011'),
(169, 'Silmeria Spiegel', 'Lyndon2016'),
(170, 'Minira Adler', 'Addie512'),
(171, 'Egmund Zeisel', 'Abraham2018'),
(172, 'Alesia  Imhof', 'Cain1995'),
(173, 'Dietreich Konradi', 'Naquin2015'),
(174, 'Mioljetta Klein', 'Jerald449'),
(175, 'Beate Feigl', 'Quinn772'),
(176, 'Nuna Zeiger', 'Abraham1972'),
(177, 'Joena otmann', 'Anitra2027'),
(178, 'Matz ulver', 'Tobias67'),
(179, 'Balian  Loos', 'Quentin1973'),
(180, 'Boas Felder', 'Pettit7'),
(181, 'Aurion  osenblatt', 'Bernie2016'),
(182, 'Cordia Mencke', 'Pierre2007'),
(183, 'Sveva Mann', 'Shemika449'),
(184, 'Fredigundis Weltmann', 'Jefferson963'),
(185, 'Algriet  Stackelberg', 'Rosia1967'),
(186, 'Regelindis Berg', 'Page1985'),
(187, 'Juli Buchner', 'Taylor16'),
(188, 'Balte  Hildenbrandt', 'Shelton715'),
(189, 'Panja Kalb', 'Adolph9'),
(190, 'Kunibald ogge', 'Christen9'),
(191, 'Annelott Tischbein', 'Darron2'),
(192, 'Cortina Fischnaller', 'Todd374'),
(193, 'Gerulf Fährmann', 'Gerry1971'),
(194, 'Aurita chall', 'Willie2016'),
(195, 'Jutte Kistler', 'Reid2011'),
(196, 'Richart Göring', 'Maryjo136'),
(197, 'Lenette Hopfer', 'Mickie58'),
(198, 'Ilken Engelke', 'Deangelo1991'),
(199, 'Bulk Mauch', 'Nelia514'),
(200, 'Freimut Stackelberg', 'Tyler1961'),
(201, 'Adine  Liebknecht', 'Derrick382'),
(202, 'Cayetano chön', 'Chilton2000'),
(203, 'Heddy Fleischmann', 'Lucille5'),
(204, 'Faralt Herzog', 'Driver1951'),
(205, 'Jennis Drews', 'Phylicia2014'),
(206, 'Bernd Treviranus', 'Adelaida2014'),
(207, 'Hesekiel Heinemann', 'Jacob878'),
(208, 'Sabet Abich', 'Morgan991'),
(209, 'Burkhart Hornschuh', 'Allen364'),
(210, 'Diethard Hörman', 'Gertrud495'),
(211, 'Cedrella Kesselmann', 'Rhett2011'),
(212, 'Balte  Timroth', 'Glenn385'),
(213, 'Ska Manstein', 'Waltraud948'),
(214, 'Jendra Feuchtwanger', 'Lively2014'),
(215, 'Yarice alemann', 'Monk66'),
(216, 'Ilai Simmel', 'Matthew689'),
(217, 'Balintt  Seidemann', 'Goodson2022'),
(218, 'Friedegunde Krebs', 'Denver1994'),
(219, 'Margarete Arnold', 'Couch195'),
(220, 'Annelies Bartels', 'Anisa2025'),
(221, 'Ilvy Adler', 'Bradford2011'),
(222, 'Lanfrank Buhmann', 'Clifton111'),
(223, 'Lenn Burgdorf', 'Britt959'),
(224, 'Madlene chmitz', 'Lynn192'),
(225, 'May-Len Albrecht', 'Danyel9'),
(226, 'Golo Lengefeld', 'Adolph1986'),
(227, 'Adine  Tausig', 'Lillian518'),
(228, 'Adriane  Berend', 'Modesto1992'),
(229, 'Adina  Glasenap', 'Lauretta2013'),
(230, 'Halrun Himmler', 'Stanfield1992'),
(231, 'Calantha Lenz', 'Pollack629'),
(232, 'Friedegund Abicht', 'Garry2014'),
(233, 'Enrike Angst', 'Newsome2004'),
(234, 'Heidemarie Bach', 'Laverne532'),
(235, 'Rebekka osenblatt', 'Breanne2005'),
(236, 'Baldur  ünz', 'Andrews1991'),
(237, 'Balte  Dahrendorf', 'Solomon1980'),
(238, 'Widorna Günther', 'Hatton2026'),
(239, 'Bernward Fetting', 'Rickie2011'),
(240, 'Yskert Hess', 'Jamie2008'),
(241, 'Florin Hager', 'Miquel193'),
(242, 'Lysienne Drescher', 'Villalobos2014'),
(243, 'Sahra Albrecht', 'Fortune1996'),
(244, 'Adina  Mauer', 'Cloutier1993'),
(245, 'Merwin ozart', 'Randolph1970'),
(246, 'Annelies Kirschner', 'Kimble52'),
(247, 'Burghard Dippel', 'Kelvin2010'),
(248, 'Fabius Freund', 'Assunta3'),
(249, 'Fastrada orgenstern', 'Worth7'),
(250, 'Ilvy Sommer', 'Calvin767');

--
-- Inserting data into table noticia
--
INSERT INTO noticia(idn, titulo, texto, fecha, ida) VALUES
(1, 'K18TQ71R127Y96A0CED6HJ1Y5ZP94J8170ZA9K2', '1ZP9U3B3F1R8JR9K8X09X0623723033L629L3W63C26G8ZY369VZ66VZSF0012P5MI037QU262BR63R3H', '18/11/9573', 46),
(2, '5FD2356R3I', 'OK2XVQX1ULF34570', '12/10/8907', 144),
(3, 'KV7PC6AW', '80SR5RBK38B9425ORV707D43', '23/09/6935', 26),
(4, '4JTZ7680V79DT3T6P1MR9YUF153BQQA51L20AYTRI74EG96772J', 'JMUR83F7D528ZJ3F21J99F5GBAI5VRZM88U4S9E5AMS', '22/12/9283', 83),
(5, '6087V19', '4HM3T4V468CQ', '21/12/1215', 78),
(6, '8NV', 'L', '19/12/4047', 5),
(7, 'K880093RGXX93QS9777203HIT66UV8I2RZ9E94J4G26SAW', '9', '15/02/1890', 23),
(8, '51D256LF2G6', '6D02RRCDE142QX9YL52JLZSB93320U6NO4MI1O43FQUEJHO', '05/11/6554', 185),
(9, '75R1S9KU960HM320D2B3VK', 'QQEL', '17/03/1332', 196),
(10, 'HR0O019TRJ8HNA9AEA0779D6FRASSGZH', 'HY9N40N8W5N1C', '03/03/2007', 82),
(11, 'EPR0B08725DAGGJ362T5', 'Y6', '19/11/3653', 239),
(12, 'STBBW3ACS5044X2OOQ0928WW4V9Z1O95XHK73B6YFB7RDY19', 'L2', '21/11/9508', 113),
(13, 'Y0DVD5HY9M8R3UJ3UT', 'IT0132179NS8Y6874', '04/10/7221', 58),
(14, 'W4GC94T8Y6I4O4', '2', '22/10/7596', 128),
(15, 'D4TI5977YA7W32W37MSGQD0GAU', 'ECU136667Z85LG1577945RO6880N2T4102Q186LR5709LM55H2WP96AK37BZ4JA9R7ZH789FU8SK8856MVT87P485ETQSN9UT2A3J4U6P34L2YN14J4W9DD73935PZK328D571', '26/09/3873', 107),
(16, '9968U6E490', 'BDS46B0V885FX1LA18TE50T70ZF695LQX3QMI6RB786GI637415Y62LZU21T3CNWW4509KXJLURV35964HFV8Y77E4803J725Q8Y4PYPLT20QXSA2N91IZ1WHTQ6FXY46B5088Z6', '17/05/4558', 123),
(17, '79IP8CA5YFD22', '7E0TDOQC2N1S62CCBG6DM7XT78SY1JYT4V2BR0TQELVEOLG97CZU8FE6CF71NJ81YEQ9', '30/10/4059', 47),
(18, 'PJ0', 'EB', '26/12/2904', 226),
(19, 'S8D6A29RO41P1A0', '81677G', '30/11/5892', 82),
(20, '0H06FK0F7X7QEHC0', '93F438QC70C4H1R9TL8I42W3070O96QYHK3GIJ66CGMWI6IV5', '29/09/5428', 88),
(21, '194BWX1', '0', '21/11/6130', 149),
(22, '37', 'GN5M92Y14454', '15/12/9868', 78),
(23, 'FU165ZH5G04U0M8A0P4', '0BTXU8PG', '20/11/5475', 37),
(24, 'F3FTQT739NW72V40HG0G5F77UY4X4J890H5', '6HDI', '20/08/4948', 213),
(25, 'VZYK7HSME8OI7362C02BGXF5W092', 'D1L7', '15/00/1371', 132),
(26, 'N75X2EG4', 'ZM8L', '25/12/2217', 25),
(27, 'WB55', '0BIOIB6280KZE45I3A3G5M1M0QP1R9ZT14469O5H8DX9TX52535RJ1C1K14LMECNSCJ253Y67M860UPIZCKQ4KNHIYJ3MW17O1KDY5221LX8ZHH3QARB0BHQ3F7P1M30OV59RW095XB80OAH58469TKM1OZ99LT', '01/10/4506', 49),
(28, 'SZ4EX8CPFQ509105LKZJF4E8SN', 'KD38I2C1L0K4R516H2059828FRO7HDG757LA69YUFD3B058UM09728676K158B', '21/12/7887', 206),
(29, '669FI8Y4L5J395', 'AGCL6Z', '10/03/9530', 204),
(30, '3W3356890YXWB5K032RW0T6760P41K858B4RN7HBP6Y8UM819U', 'ZG8WX56HQOZEN51', '13/11/8874', 156),
(31, '03QX9N043KH6V1AHU39JL6N0', 'XC1I258R3KFT1W3E1070D56M322V1', '00/11/7694', 220),
(32, 'F6', 'REUGL47QJ9LKH5UIWHXI05K622R53UNV867UOMS4577W0HBO3Q5T', '24/09/5357', 1),
(33, 'K', 'O5U3G7MASL3P0R5O8', '09/11/9335', 144),
(34, '3D68QZE3979L2ZOBKWK5715MS744EP', 'G0KOVKE4291084RXV468ES1MEH776137UE5D2', '19/03/1465', 112),
(35, '7US958O4X07ORJEAD7370520M1QSTO7JX2804', 'EC5OK4W8P8O8B0V', '02/10/1891', 204),
(36, '2NQ0230LN8J1KS200DCG38E8HU394QRXMQRK04Y35U835W2', '357YW9VR55J5F7T40787V6JIXGK', '23/11/6798', 137),
(37, 'Z8F091XS38H2YA89QV7Z6SV89Y68F822F8W81S320B2GVU94L9G124N4642P061', 'V41922DH9GQ1E7MY2Z626HGP6L47H167J1O446SR', '31/01/0931', 45),
(38, 'WNQ8MJY6P9', '5D4ZS8841Z2LK5LCURHZS89B55U8P22T00Z0EJ76H2340Y3Y89792D8184I97V0096I2BNN34917HCB8K77FEI4X18GEAJ5R08', '07/03/1384', 4),
(39, '4', '76418Z649R1H88227JFZWBI', '21/06/7288', 81),
(40, '46Q0259642M', '1T5EU3T85Z6LCH8MZF294709QF9QIOD5F47Z34V8965LEKDW556D3VK3D6NRXZK', '16/11/4753', 70),
(41, 'U584OI438KL1F0733IQ0EC', 'AS95I', '10/11/9501', 44),
(42, '9M5LGUFI4G1P95745VR4T1892718T8NDTFG08437', 'WO35M8875KE319P1Z98E4JTG4O44RT497P6293M2D5XG197H62S3895EWJ', '00/12/6937', 101),
(43, 'FQSB69U9JY92GK44', '1146Z8MO43P51U433M8', '30/11/7450', 177),
(44, 'TV', '7589', '27/00/5867', 140),
(45, '19E2YU09G43', 'IK1735E152DP397ZD2AW0BG5MS3X9W85RNRWFF0O58F63SO1IIFOQNIBP18Q', '26/10/8001', 87),
(46, 'UIY4Q4J17UF5CI6M6XQ96JA368516FIIDZ56H6', '0MLTE6J6A1U0RR', '24/09/6922', 231),
(47, '0A3Y8X06EN7M273OS0JK5E6QFY38Z1R', '49Z4Q0BI501WDZ2O86E1XTC6', '19/11/3753', 75),
(48, 'N8E2O326C7FZT7H3891H908DWK27583V8OH2BTW969M5712OE2VN00SU9M595HV', 'QKAK3HX7L2M710WGJ', '13/05/7696', 164),
(49, '3691PNKFZ58', '12QZZ93RP1', '27/07/5385', 236),
(50, 'Y31NN97896S37L44R295XT34OMB4TWFY4665HR', 'TOG56HBRZ18B6G93OWPYPU93DFN2WXHEWC01S98KK1TOX41TH71EE264WRK687P7', '21/11/4225', 112),
(51, 'ZVC0PX25TU05831', '27', '15/01/1769', 82),
(52, '6BTP240TB', '63AR5L9316VUK46I8D9HP60', '02/12/7893', 122),
(53, 'US2I56A7R77Z5552X18CTQB30CQ794', 'I6ILSB9MY3PEZ92569P5Z47IP08EK059Y1O0L9B3G472GDUE30WZD0I44N5XCPTR9EA20LKBO4201X04NJ05W93B1SFHXJ5BHG58B3FT', '06/04/5136', 201),
(54, 'L76XX0786C7XFF93Q7B4GIC6', 'ZA947XNMJ8FO1M7Q1G8BL6KRT4N824D935S071TWEK824NU2C', '30/12/3910', 228),
(55, '0171X', '76H98BWH5Y5GEH51PX0BG8O6B', '02/10/7159', 33),
(56, 'Y398KF1', '8E8B9W61Z', '18/04/8880', 77),
(57, 'B1Q2', '7N21I72Z8NQD38K6SI5704286E005SA97037TDEY8AK5W5JM32421G786HU89A9MN18CF0RWL76C', '09/10/6580', 205),
(58, 'P8MX1ZZ655XF26VKFZ307PEI01515', 'PGK24008A09Q155T8A943TNPDBQ60U1F', '26/06/3035', 93),
(59, '7I6KT5IFU0ONEHAF06I55R3R6Z88M47YBEP7703SBIY58TQ5HXT74H', 'J5Y7Q5N3645L36L2E5LLK4BUQBN51S8YT7239J3AY7458U1PCUXW4MS3L43HE97FBU413P122218VF2866GC1AF0UN044GKKE7', '24/02/9364', 212),
(60, '7G52362MGV9296LVS330GF9YJ54G0Z2155103NH3SO78', 'Q838V1D23JFHVK2EIG', '00/00/2970', 75),
(61, 'I9P04X', '98ROE7Y', '31/08/9573', 8),
(62, '8VEMHEDN', '278S751E', '00/12/2859', 25),
(63, 'UX5L08HL9X75FN0TC2ELPR5BTEZ5V', 'I952OD87TZ2H1V7D78272549135G45JOQMK7P32U47G3JQUJD547GGA33KAT', '04/11/6155', 10),
(64, 'A', 'R1SVGC6L18B0Z77S91C6LQ5', '01/10/8602', 194),
(65, 'DI3771QB5F8', 'RDW1ZQQ4', '13/01/4402', 176),
(66, 'M8YHWW753TVRRBO', '95903MW728G797', '01/02/6546', 214),
(67, '4CY0683NO6S1ZVV8U382W08S5T', '7BH2U', '05/06/0124', 154),
(68, 'Q95G88L09AH38D7ZX', '1BHJGS903ZRS1', '14/00/7923', 85),
(69, 'N', 'P0A9JDXB0H5E5A4G0TPP7XN5VT3JYYIYCBHDX', '01/11/2043', 209),
(70, 'WH6U4QI8', 'CMZHI805ETWP6S', '10/00/4447', 16),
(71, '0O7WN0W0729028I15', '43882', '06/08/3611', 168),
(72, '2278W0YFIX2Q82G92378INCX3XW1E932958QA08RJKO8R23NMJEK', 'JY51419612FCKI464E44RH0S98574', '10/12/3044', 208),
(73, 'A2JVW99P0Q74RK8R5K', '0VMB', '04/00/3279', 13),
(74, 'IYJQ560WP2IU6LT1Z8208WW8A855DX37L45J', '1ERTZ3T5Z0ZEAD3H8MA2ST1I422R61O83FP3591BR', '07/11/1666', 245),
(75, '68QDH3353F6740S06VO0ENHI22', 'KJ374V38GPQ3P68MGCPDJM', '30/11/7744', 15),
(76, '4Q3EV9PCH1NY5I2B0', '3M2L7', '21/01/9397', 104),
(77, '83CW0E6I4O1', '2Y69QG3C4FC910IIUXW18TB400447Q10GBM6311E44Z1Y73ML3263JZ52W1H9HLFFW1J9EWB50421H98QMB18O4Q2V99', '02/12/9541', 184),
(78, '5Q2D1KK3H8S321S8K09ZSFBHRR', '059TSGQC6ZGG3K7AFMLP', '01/07/9238', 250),
(79, 'WR', '2', '13/12/9945', 239),
(80, '7958DVDNEMLV57K7A8', '5P9J63WU4E4AGVO132', '16/05/7402', 133),
(81, 'PJP7SF66YY3I', 'I830YQ98JH26JO4DA27L', '12/03/1104', 220),
(82, 'QIE22C54H0131J1ZWAGX', 'Z5M0ER8K18929L94DV656801C1PEQM89A98F4', '13/08/2718', 228),
(83, 'WCW95', '96XZN3A4', '02/12/7989', 245),
(84, 'J3FO0I33ZS44B2WVGKZV7U86S2F3760', '4FC32K243589KY5T', '11/06/4120', 162),
(85, 'M920WZ4N52R228YOO6PSFAB0AVT2W9BNKX56Z5URMKN40W3O40KW9192821I827', '4W8F', '04/10/8032', 77),
(86, '99MM', '28FUTR4JKLKPMWDE59RO25U1A', '22/10/0819', 84),
(87, '8', '9AMQ3MG9FULY8JGI8072BKFE8O14UGTF41UR21RE2', '29/10/5416', 15),
(88, 'WC19L0191XDL9', '1ADQINTJ2G6RCZZRQA0XD72F3VV95VHKL92YR50GP97GJDP917T263FO04Z497ZX4402I9E398HN217916', '16/06/8224', 230),
(89, 'NE47B8', '9', '09/06/2219', 234),
(90, '0H030S613QG07OV221T7I6YG1960RMR57VZ6O86P4W7', 'G3R8QJI3K5JUAFVEZE97AX893F6QS6309FY64549J09HN12346HT0NR229WKJF74', '15/11/6840', 75),
(91, 'E8B244J5M54160989J7LFU8345Q520E89WGCTG0NB80', '23RJKC', '18/10/2630', 148),
(92, 'OZLILR3OXRF9E98', 'PKIMV2KI3MFAC9H4F82YF8N0OHJ4BE59A4WN3QST0MSWC6VJ3Y67LCQ16397C10W4U00Z6VFRM031A97IO9Q56N', '19/12/3922', 181),
(93, 'M4A3B72H', 'Y4B1Q0RU', '16/09/8345', 24),
(94, 'ERSX0S05W', 'KC23B9948691902FEMB7648', '00/11/9755', 49),
(95, 'GHC9I5CW625', '412FUQE3871', '30/10/3375', 65),
(96, '0Z61BK58', 'TE31PAA6IO58KF3943K6ELP87A0GB0L5V6KPX00P222APINO', '31/10/0331', 52),
(97, 'U7F1Q2CP6SXP4971UO', 'S1E64F0ISRW32O8X5Y50IFS8', '02/11/1451', 131),
(98, 'SO38Z2M5J95V369L6ZHSWVBWNAAL75ONSDI3CFGS96R78NKON62KLM60YWKR5J7', '19GUA89T9E8BDA5R21L4FY5', '22/11/1869', 121),
(99, '4550M2S7SXE4N32RJXWDF524O9KS24ZHLJA', 'R3B5O0CCO', '12/12/0053', 235),
(100, '8', '0YHE04', '12/10/2891', 94),
(101, '34516569', 'Z', '02/12/0919', 137),
(102, '6223FY2S5STJT4T3TO3W7612', 'XT15UKX97W5I', '27/01/0266', 36),
(103, '628Q2T16A80N60907EJ56', '610SZEE60S893V38I99A6JC6C97JS', '11/06/7628', 114),
(104, '8V20893XVPT16CL0', '2GBW0GHKO8733MP1TT9HA769DLF54D', '28/04/5531', 209),
(105, 'K861N2760FWI4UL47P52NRK', 'QNDUK8HQOWM', '07/02/0537', 147),
(106, 'GY35711U63X87ZJ5', '1XE5HH80K9XW126V5NS0U97Y3219248JX7O', '31/07/7942', 135),
(107, 'PTRFWA0MI7Z0F2Q95CC8374B7F8F94IR4I77D', 'FP7S303GWT959I5WX4HVAOI9W7G6O1JFHBK94B5ZKO594QXQ65OU240ZOA', '08/04/3434', 133),
(108, '6US52', '52380O8039MFD3G518', '24/10/0216', 132),
(109, 'YDH8M46050D7FZZ0K5I758', '7T2UFUPY2506704UG', '04/11/1265', 144),
(110, '9H613076T02A', '6UF8JY11X7K200L692W7SK96506B5FSHGP7337OPR93G6W2F', '08/11/5710', 138),
(111, 'C', '666A35G663158XHE', '05/08/8562', 48),
(112, 'BJY22WH25HJ2A17AF7L284E6Z22K0', '23BD8UPG324CIB7L5N5E3DGQZ9G87G3223J86Z11M54DZ668TKA1YB4R29OZ1AA1T7DPZ657VCC59YO3GV8JS5VYON5ER1RU97TUVXN', '05/09/7670', 238),
(113, '1L7WGYG9F29T1K909', '68B79KK5239P', '29/09/1272', 193),
(114, '3T73O4PX9PG4281NM', 'GYB21FM2', '21/00/9460', 107),
(115, '2F4S0AI3C60C26A1A0E0294O0', 'W3CW93O58GWG13665CA65J', '16/12/6903', 204),
(116, '055I404YUQS14151F4DBHHWOUU4', '9XEP29O9R9P676F95J68LIL840WGN49ZMIV7W8HQ6I9FLR', '25/08/5823', 55),
(117, 'IH1FZ2B49F40', 'NB42B38BR18Y1R0JJ79DDFTJ43B8TJMDMH58U', '19/06/9267', 170),
(118, '0ET0587Y641', '2G87S0722484MV7L32GEBTN79747MLG8ZKTP6S25', '09/10/8255', 175),
(119, 'S12NYCY1GET69EOBFRKIBM5LA71B7HZ0OKTA1J4I3DOK', 'B7Y3NUHP409YY', '30/03/6130', 63),
(120, '2556J4P330P6Q29V6O8CI719OA638X', '67M7BGN9415W19', '03/11/7441', 160),
(121, 'E', '60306H815DAQN70F2Z4I05J5661V5583820HO', '13/10/5314', 228),
(122, 'I4D0KW7654JY', '7UY1089I23LCHCMMA', '28/11/7142', 107),
(123, 'AZ6XA41314QIN53I9G6', '4Q1', '18/05/7007', 22),
(124, '0O426MZO59HC659H6OC5', '67PR46HO4X17N8XPBT49437S9OD2W36J6823OPVQZ3', '02/10/9312', 102),
(125, '05802J047QVZ4H4L0RM6', 'VW858X', '00/10/7053', 1),
(126, 'T4Z9BJQY595H7P7481', '66T9V4VMEX6RX44E3T3S4GB0ZNXQQIKX0IJ9SCQ401I550M30508Y636K0A4OPI5', '15/10/5355', 180),
(127, 'GIP04IZW4W020', 'N68TPNL5RS05A7FXS', '06/01/0663', 63),
(128, '8YPRJD8H2GD75HI0BTIW4VGQ', 'U68D88C78UZGJ64GNV9426SON2', '07/10/2157', 161),
(129, '2ALLM8L0P7I919NNL6X8Z3V5M70RT9EA0VATKWG446K40F46VS1212ZNQ7', '6A1ED0328VA', '20/12/8069', 194),
(130, 'RVA0K0K30O912', '7PZ1C', '25/01/5385', 199),
(131, 'L851297I9W7', 'KJW569F15T7W3IW129JJ1SKTF74EWPVUGV372D7R28402X25J20OPGGR', '02/10/1345', 103),
(132, '9X1ACAO', 'G4FO8B6E6KB7W8R3G67677M41U0I9I95FDQ099AH721MVAH2522RX8A8E1OS8Z6NO1N', '19/10/4852', 54),
(133, 'VO', 'X8TTXL8GGOG', '27/11/1481', 216),
(134, '29NTBH157H31JD9SB59', 'QLL5Z2D524DE53U8S2FL0OSPIZ143TK8504Y991795X01B6B6CW9YSGQZ3SCFXH7UC207GN1QH906J3M2F208LDH9H444VF0W9UT7BO72PUO26K8Q0566530T', '30/10/6691', 158),
(135, '84D6971VZA6M6U36Q843G645UU82Q1400KAGNRE21Z6Z05492QXWP9V8OFWQ29H', 'W4OB9U31L0', '03/06/2337', 114),
(136, 'AI1XQ3DBI32G5R55R1X5IKKD880W7A09BSE4D565993C789XQK0GV1Q98F74ID6', 'CJ31IS88JWC1C55C', '13/11/3151', 25),
(137, '3D1O', '3NE6357G', '22/12/8472', 53),
(138, 'MQED1B097B7VU75RU1R8ZHB1T2NE4M1P57PB1Q', '60SB3Q7N79517795H0W8M74612H6J3KL8217WMXF66SV6124YYGYT', '22/10/2899', 206),
(139, 'M1', '6559WB135S3BRC7I1G8HGZ8C9RB', '31/11/3828', 166),
(140, 'F9HF34I248159V7432MI28M2QK4W', 'M5C3H71IOHO25764P8', '24/12/3059', 59),
(141, 'IV1815N9DBTXL0NK8H28IFGW8KG65QF877', '5', '25/06/1342', 176),
(142, 'L3F14HH1HYUBAE3H01XOH2X75OCER675CP5', 'YN32O8EDDK53', '06/06/7341', 89),
(143, '0LW8F3L7668ROH6848960812QVXX877', 'G55S859DC79IRZ4O2', '30/09/4157', 199),
(144, 'B2P', '7NNF', '19/10/9382', 28),
(145, 'XQ680KCC8ETL22LZO3I3B21R7', 'U0U328LS9FZMHH4', '03/10/2505', 103),
(146, '0469XA56X32WKMVH54JQ80V0868Z5E3LGPAYK5870Q7IPP9', 'S9MO93ZGY8Y912JE8631442R0067VA6KSE8V', '17/05/9496', 60),
(147, '7INNN4P9657LZ6KW81HR87Z00TD', '4BZ8668B', '08/05/6135', 201),
(148, 'M', 'OSS0P0B99', '13/09/8337', 244),
(149, 'VZI8EN47RCBHGT2', '9C60O1Z03E7R892567HH4850A0E', '05/10/5382', 195),
(150, '4531MMNPF5Y6', '089VF8MUP6LW', '14/12/0029', 154),
(151, 'N25XK32YA5B', '5N7572WY43E9XGM6Z2345S2J695C1728K092970Z2IO66F5O687712KQ46U51Q3105TN599R2R64552D2', '29/02/2737', 3),
(152, 'HXBE416L87HLZCSM605N19CAIR913K9M88U95ANI533Q1TL3', 'J9SQM72781YQ4WHW3C9Q11F82', '13/10/6933', 175),
(153, '1D14LF82KI6Y81F9LASJ68DTC6GN33', 'Q6I', '11/08/3514', 178),
(154, 'O69GH', '7D57MO93LGBW28Y9NOMJ8U763G35SLEC5KAA84P4RKUI2B', '04/01/2914', 214),
(155, '0FW', '49IXU1J46', '18/12/9630', 13),
(156, 'S4OQ5M9DI3DR56M5JD6YN91L63R1QKW6361X', 'B3', '16/11/0000', 134),
(157, '81N3EW8P', '62AMSQ0LQ3B0K80D5FU77Y49NU3W', '06/09/8121', 143),
(158, '00A', '180P84G1T828NTR351L9W9ABQ97WR1Q3RCK46H5530NOX', '19/10/9431', 227),
(159, '058NQASK3N8Z8K941YJ5276W8340', '70A462J23742L571M7', '08/11/6869', 53),
(160, '1YOG5T5LY284C094NXTGG5E', '8M79ZJZ118YW6703E5PN8', '07/11/2770', 151),
(161, '4358WSLZ1URYZ9X', '40SG3', '07/12/5430', 32),
(162, '4C9', 'TBYGVIC592J8KXXF15S7JIW8Y883Q873XB5N0U2K9UA', '12/02/1590', 158),
(163, '997N6T8M5O36H12XS7F2W004JDP9RB93', 'S4CR74Z8O', '00/08/4339', 51),
(164, 'BL484H86FHSF1H2MW3F4C2L7K45', '7', '27/08/4726', 153),
(165, 'M3LU4B33U0K7NXX238ALJ7U544USH782Q8', '7MD13P3P4RKF5B3K88OFAG422RL731EH84UZQM8I91258P1FAY8TG9KT0KF3OARUJN62L17M0PMQGBRADX3M', '11/06/8701', 77),
(166, 'A3915RWA48CP159EFOTBU9455FF1QA2734F', '9EY82R59', '00/05/4723', 210),
(167, '3Z0BP2NDJ2AGQ8ZX14O76374SD7W89', 'R827V636', '17/09/7614', 178),
(168, '211XGQL', '2LGQP8', '30/11/7917', 158),
(169, '0B91THF7694A', '591265L820GN56K2GAC3TVWK56464992SN', '24/06/6079', 43),
(170, 'TA87', 'UCDGZE8PAVU02RRJ11498DD9M0PYIDS7A1IZR915414TZYKASP4AYFL9QY0O9DQ60OZ7S7OGHNJ4207RPLE821QZ9G', '04/05/6136', 46),
(171, '4', 'PFMDSH4JVXIJ4YGZ30176JBBEH610AUS1U9', '05/01/0924', 73),
(172, '952GMUM39WN3N32QE6AK0A1PF8CY22Y93612U762N165LDZWHAZ759NE4P7GW47', 'AO1A98885T19ZGOG122H68CZ8K3D0L3MIB5I05GY8R11UD9IISA157', '12/08/1841', 167),
(173, '287IF2Y9045JEJ03JUQ9110PK7889314588NI12NT53Q0G65D', '41040N0', '05/00/4140', 29),
(174, 'BI91QBUYGH82C14L48ZND7TQW21XR32', '2A1CSU34DESJ5R1AS', '10/04/6218', 215),
(175, 'GHJ3', 'EH08K6PAS511KYA0X37K9U9WS', '15/01/7266', 143),
(176, '293T545UT3VFRACL5A79N8L2C89UD7R8B0C9EP36W825S2044R924', '7X4L1694VWE44K11UWCH29F9KEGLOX0OH43C942DB0AH2H3414563592', '10/07/1907', 99),
(177, '69', '5920IEOC8I3EY8E4E076JW263PR', '09/10/3347', 1),
(178, 'I7FWE09LT7A81S5S1D9VQ7XH3F9N43Y', 'GR56C5A46C3YJ', '29/10/5057', 40),
(179, '0L2898W', '5OJ51EE347F7GFK4074H5E9OT69V612ZT1XKHK1MDO523USL4J5N302R3W', '08/01/2432', 47),
(180, 'BZ11', '9KC66', '22/08/2249', 39),
(181, '9P8755OY42R86', 'OJD', '26/03/1409', 203),
(182, '9TG0W37CN7338VL6M2976974EU0HH698', '56R2YS9WV1BB', '00/05/1573', 222),
(183, 'UI4NRO3BMCN94OS168ILX1DZF0650QH43010YP003SZY8AJ3Z981H1202YR5FQ1', '1D5CS3D4C43B3829IT11WLSO3QV5F6F18P0L2OLGTJ0H0M81EE1N', '19/00/9116', 202),
(184, 'NNTS', '4Q653RMS3XS0GLCK291VVU84', '31/11/0733', 131),
(185, '8CE9O0313', 'ASC95O0SN36FL9895H0501RF5F9KN', '25/01/1889', 18),
(186, '1SKEU04NLUZ78QH7560MJ7', '7N7P65Q4977J4ELO7HM025979B68A607WLHOTQ7YA201MKUP1W6G51PIT64', '23/12/8666', 12),
(187, '40YBF65MN6', '2U6M7', '13/10/4857', 178),
(188, '29515MQU0521A', '9ZRCWYA0DT6Z7UM99578EP745', '10/12/3593', 177),
(189, '212AC161T1A982BEO7TD1U92GI', 'X0W03MO', '29/04/8233', 126),
(190, '6PJ0GFA0', 'EEQ0MKL9OV2W2YP7874', '00/02/0605', 158),
(191, 'AQ3C5JB6IJ1X9Y752O7U73O0Z890CYE13X', 'LNHBP17R27R4L6VZOU88C7M62', '26/04/6783', 145),
(192, '74508O088SU1WD9JQD679PCW81W7L963', 'Z067RE', '23/11/2181', 197),
(193, 'T0AM4P6', '39QGKZ316UK73J', '19/04/4524', 160),
(194, 'R4', 'AS168LO6884R564H', '07/05/6211', 129),
(195, 'HR9T6JO4IJ1FZ54B69IT2U369D01181T2', 'M1QAR12X565IF0P16DA899B0IJ235BK6K4989H1E', '02/08/1194', 128),
(196, 'H6AD6RT510L694GCD2FKJZXE2DZQ3L4D', 'B55655J090E9U863D31F1J9', '00/03/8270', 82),
(197, '32J6367915ZV832E5', 'ZCGP3B45CVJ', '16/12/0459', 50),
(198, '955261C35NS5NHF2C10PU', '892YP8NYMJ0E0OB8VD2U33QS1119905Z873582U6R22Z1A49N6WE411NQ2909NB4H1K2A66973C77EVX72', '06/02/6828', 17),
(199, '016', 'C7QAJZO8XXLFA0299', '03/06/4534', 210),
(200, 'DPQ653RDME5PSZ6JAHE', 'Y1IKAQXUO655647T77', '22/04/7101', 245),
(201, '4JIYROUMW', 'ZEB', '17/10/4070', 89),
(202, '9SKN277929JBT66G22', 'Z188', '05/04/7128', 72),
(203, '358IK96JAX5ARLEY750436U9167G22FC2L869B0K17J4722F1DGJ847646I81K2', 'VG80TS15R62W45W211H6', '23/11/8912', 210),
(204, '2P3875P2S0Q48UJ9IS2B2L', 'XPHP8C4PBIQL9QE7NO18YK603N28TA7968IO62LEC0162LM4RY96', '30/08/6896', 218),
(205, 'GR5KI883USR3FQWWDE0CK7MU3Q35X37A74END422686COL2ZXD071', 'K186T9Z59', '15/12/7791', 29),
(206, 'M37666R8K25QLKA28', '6W0YAOPDGNPS5OTW064JMKRUM8M10H3DA47', '10/03/3036', 21),
(207, '67ECT0EFU43G2G1L207OWX', '27Q366R7', '08/10/2300', 144),
(208, '6', 'SZPVA3', '25/06/6045', 36),
(209, '911KVKJTMOC', 'W84ZI0', '27/11/7922', 232),
(210, '7', 'M0299', '04/11/1939', 235),
(211, 'Q8319HY7Y30', 'Q311HAX32FQ14Q2Y4ELD69CWA1MP3KDDW2P4N9L', '13/10/2231', 10),
(212, '1K8XQQ5M19L6N7T429GNQ5SPC49O40XI57113204DS52197UJZ3Y4EU06', 'A3MTUMHTSY', '31/11/8169', 12),
(213, '343AO6MTYV34VS46JN6T584X51W0ZQ6NS1C1', '00WNRRL', '14/10/2719', 102),
(214, '893W261IM527ZR5Q659Z91OL91A9C8F1Y257HW3Q', 'OJ90A6G2X21M87C', '09/06/9776', 151),
(215, 'AU00852VM390T8S05U56', 'EY4NZN36L5T750Y', '05/02/8999', 169),
(216, 'VP6B73ZEZONB67Y88Z5K1Z8TY7Y39510K8', 'N5DH1GX49091S6', '29/04/5219', 70),
(217, 'G5L3AJQVHE4', '4NB7J7BA3I20938236I3EHPJDX09Y98CO0HIKY060PVA3LV56PL096P2E779Y8UJBTQEZ2VED42Z0487U31ZMSKID73VBZC0PC8RKRR81X68G', '17/10/3257', 222),
(218, '1NY6055C', '6162KG72Q1KAZKNC7ZS85RWV2HO453B8XW5130YTAYH2LOUH91D8MLALJ16P6PHE', '09/07/8732', 202),
(219, '85', 'R08S594BM5HK2IUBL61D190190992DZEKGK48', '31/12/4223', 3),
(220, 'ETQD', 'ZVA434WDE', '05/10/0364', 218),
(221, '13X571CI64X914TIJZDA806ZD7ASFSGO42H9Q6EY9G7972967VIP7453W9EXDR9', 'AYH47Y758EJWKTKO17D9M2B880H99HEGP4X70C6LWY455YNYFQTSE0BX35Y891WAD54', '28/01/3781', 93),
(222, 'I5D85U1OXCQNYD3H67FXHL107MTI00', 'X4D80J716K2', '16/03/0044', 198),
(223, 'KJ1', '10ASFL052QA138P538VM3479C7Z713104UVIY23R93DH061O8416DRF5', '30/12/7708', 91),
(224, '3840U91P6X650GK1GPB17IQ3', '4XQL21RXY9JSR27P78CPG35S', '29/10/5391', 22),
(225, 'N3J1A1TK0AZJYTNN4DU8', '0S59E', '28/10/0236', 120),
(226, 'Q', 'CI2', '30/03/2334', 17),
(227, 'R7982FGPW731T0Y3H33Z6GQFA5D41800C2957644DA6WN1GMCQ66XLOORWJ58Z3', '464DUFO38P271C33I2R45FT3LB2U', '04/11/7191', 49),
(228, '6T3P', 'WSQ61ZC8F73ILLC', '19/05/1810', 183),
(229, '5JUL174G2N75', 'XMK32SX7GV28L50818V4F6GNQGCT73H26561S58G1NYEQ0F6A9453V9T798BX3LRMQ039JTTZ2F0H6', '24/10/0286', 162),
(230, '692Y1AOOU69G1PW386', 'YHBQYAPK', '31/08/3503', 247),
(231, '7BGUPJ3O2N53ZUW1FSOV1XB659RTCHAE369L705FRXRGO152NJ2', '8M0ACP1V2YH8247P3F7IM08T016H1102', '21/05/9346', 96),
(232, 'V', '907C2Z2HNSPAM8EIFNK7SP4Q3F2', '00/09/4500', 113),
(233, '3Y3M61', '57Y10A23P4V6LPOD', '18/01/3238', 70),
(234, 'Z554E57I0456M68OPH61J13F6OX52T63FI09M543Y593', 'K2W7', '28/04/2824', 182),
(235, 'G4II0P6G639BW6I395X78R1RK4', 'UX8BF25S5559D49P20957303U0P', '27/05/3732', 102),
(236, 'R8EHT371CY10B77B6JX8VB89L9WE8Q6N2O625E1EYAF16QET5P89', 'CQR97P6C1YTMEAR9', '20/12/0983', 186),
(237, '7793V8', '45G8G9P503C45UEQZ7A363', '14/10/2809', 118),
(238, '62XC3982W6AF0V99G4710D1505744CHSZ5M37CW', '1408LX6782KKOPP9WM70D8612Y7NF9W4VAY358S67K40300XZHAEPB1N54F0627FNWO9618E479306H6Y1BY8KCQL510CF55Z0U6T9R59A6JJX9L9SE1', '03/12/4238', 70),
(239, 'HM83W4960XJ0SM9AUU3', '0RK805977YP480Z639A3J3WKW02', '28/12/3887', 94),
(240, '35C7HUSW0NDE15B8T', '3UH483D0A89M3386X6U29O6NL8', '00/00/0839', 149),
(241, '5', '5YRP6HU3RES75KYD77SA477MII2X29AJ67Z16Q27K5XUOHQ1', '13/12/8983', 138),
(242, '2P0C4F17F6G59Q81H', 'D3B9T71E6O4V5C73Q89I4V385OCKMJ2636LQ8S320QIDCN0P91X5VJP8KY0E958AC3J08Q1FXPIJJ2', '15/11/9906', 186),
(243, 'J4OKL4278D26ZL4CCVU2353G4LCJYG9YM4W9546D1H', '5Z24AS2J56XOOF3262Z8530GA8610PZA', '18/09/5709', 101),
(244, 'J18HVL3BQ79M1U', '6', '29/12/4372', 14),
(245, '85H6F74PM84310C395I305NCWBJH2R4U037E59P320Q1RA9BX7121LRC536J03', '9X7Q84', '31/11/5300', 12),
(246, '1H7LO080L5DF2FBJ28PYYZM7896TXJ6S9A2OP0EFC3897U73S1RR676I69DCP60', '28Z70BUYPXB89V2ORG0798X985193S566WD69QY1C1YVZKD58WX7D17', '00/11/5279', 232),
(247, 'EMH29R8SDCT86MVA0', '0774B14583UBJ35G0DQQWJ4H', '26/06/3222', 243),
(248, '4Y3Q34N221V03081H3V017B2DO2HM0989853058Y40MOI46X6P68716UUTA36R2', 'Q3W89F1J3X7J0B1KI5WKSES7U6TM682C096186XT492B2I33P53D74G0WY4YTM', '08/07/1865', 82),
(249, '1', 'H5N5N4IEFGG0D322927BQZGF50C5H39HCW6W', '22/00/3750', 87),
(250, 'D9Y9JNOH9H89DC8A88MMITL98BGH3GO7', '4D55PY', '23/12/1900', 155);

--
-- Inserting data into table email
--
INSERT INTO email(ide, email, idf) VALUES
(1, 'AbrahamAcevedo@example.com', 82),
(2, 'Jude_High169@example.com', 73),
(3, 'Bauer@example.com', 41),
(4, 'Alarcon@example.com', 171),
(5, 'gndd9978@example.com', 132),
(6, 'Palmer_Lofton@example.com', 199),
(7, 'Abernathy@example.com', 68),
(8, 'Adaline_Abbott@example.com', 190),
(9, 'Shayne_Britton589@example.com', 203),
(10, 'mxwygtmf_ahjpwboxdy@example.com', 172),
(11, 'Steve.A.Pape@nowhere.com', 228),
(12, 'Ivan.Southern98@example.com', 51),
(13, 'Darell_Centeno27@example.com', 244),
(14, 'Shanta.Beaver89@nowhere.com', 6),
(15, 'GregoryMurrell@example.com', 81),
(16, 'rfgxqoso9811@example.com', 97),
(17, 'Violette_Maxey368@example.com', 150),
(18, 'Sanderson@example.com', 242),
(19, 'Dennis@example.com', 98),
(20, 'Shifflett@example.com', 61),
(21, 'Abbie.Watts@example.com', 184),
(22, 'AlessandraNMckenzie72@example.com', 74),
(23, 'mivxztrm_txjxxsw@example.com', 6),
(24, 'Killian@nowhere.com', 158),
(25, 'Maness@nowhere.com', 116),
(26, 'KimberlieCrocker@nowhere.com', 68),
(27, 'oxdngcmz8118@example.com', 61),
(28, 'Tiffanie.Romero27@nowhere.com', 222),
(29, 'Gable@example.com', 40),
(30, 'Myrtle_Bernard@example.com', 38),
(31, 'Raynor8@example.com', 233),
(32, 'Sipes449@example.com', 174),
(33, 'Batson@example.com', 208),
(34, 'ReaReyna391@nowhere.com', 152),
(35, 'SeeleyJ@example.com', 49),
(36, 'AbbieAbel@example.com', 95),
(37, 'Monty.Swan5@nowhere.com', 204),
(38, 'SteinerK@example.com', 162),
(39, 'Daily37@example.com', 99),
(40, 'AddieTrice329@example.com', 16),
(41, 'Caballero313@example.com', 212),
(42, 'uvrguf247@nowhere.com', 180),
(43, 'Jewel.Albers24@nowhere.com', 174),
(44, 'Oliva_Caskey572@example.com', 211),
(45, 'Nannie_Farr@nowhere.com', 187),
(46, 'mcvgy02@example.com', 72),
(47, 'Mcnamara616@example.com', 245),
(48, 'AllenDupree@example.com', 56),
(49, 'Rudolph_Abel@nowhere.com', 146),
(50, 'Diehl764@nowhere.com', 239),
(51, 'India_Trapp@example.com', 192),
(52, 'Crystal_Mathews@nowhere.com', 38),
(53, 'Abel_Sharpe@nowhere.com', 163),
(54, 'Kaye58@example.com', 124),
(55, 'MaryjoFurman479@example.com', 222),
(56, 'PendletonM@nowhere.com', 13),
(57, 'BartonBatchelor146@nowhere.com', 115),
(58, 'Bergstrom@nowhere.com', 204),
(59, 'tweihmuo.hfzmuz@example.com', 107),
(60, 'Chantell_EAlba4@example.com', 153),
(61, 'vwasrfko.frlmgxtun@example.com', 237),
(62, 'Edwardo.Stanley@example.com', 36),
(63, 'GoldaApplegate9@nowhere.com', 108),
(64, 'Pointer@example.com', 213),
(65, 'Barber@nowhere.com', 91),
(66, 'DewittWeatherly@example.com', 237),
(67, 'Rico@example.com', 86),
(68, 'Eduardo.T.Hunter@example.com', 60),
(69, 'PaulinaHarry5@example.com', 248),
(70, 'Baumann@example.com', 208),
(71, 'Floyd482@nowhere.com', 172),
(72, 'Aldridge@example.com', 45),
(73, 'Zane.Conklin@example.com', 100),
(74, 'Woodworth@nowhere.com', 3),
(75, 'Maribel_Bermudez124@nowhere.com', 229),
(76, 'Chase.U_Abraham@nowhere.com', 244),
(77, 'Willie.Byrnes618@example.com', 108),
(78, 'AliseChavarria67@example.com', 58),
(79, 'rchcgy98@example.com', 140),
(80, 'Hubbard8@example.com', 126),
(81, 'Dorian.Bryant59@nowhere.com', 106),
(82, 'Redding124@example.com', 74),
(83, 'Arcelia_Holbrook7@example.com', 89),
(84, 'IrenaAbernathy@example.com', 248),
(85, 'Abbie_Prentice@nowhere.com', 221),
(86, 'SidneyVail698@nowhere.com', 201),
(87, 'Medley456@example.com', 132),
(88, 'sppqjpuu_kggzq@nowhere.com', 246),
(89, 'JeraldineFlores@example.com', 182),
(90, 'Hoyle@example.com', 108),
(91, 'taclh4@example.com', 148),
(92, 'kfjtwcqi_uhyew@nowhere.com', 27),
(93, 'Kareem.J_Barlow8@example.com', 31),
(94, 'jsucb1139@example.com', 196),
(95, 'Powers@nowhere.com', 202),
(96, 'Ellington5@example.com', 112),
(97, 'Duncan_EMeier@example.com', 52),
(98, 'ScarlettDow@nowhere.com', 3),
(99, 'Alderman75@example.com', 243),
(100, 'TandyMahon@nowhere.com', 244),
(101, 'Archuleta571@example.com', 241),
(102, 'egsrdmnd0272@example.com', 50),
(103, 'Heath.Harder@example.com', 205),
(104, 'wsvizmxj_dvfclhlkum@example.com', 42),
(105, 'Brown@nowhere.com', 144),
(106, 'LorenzoHacker@example.com', 81),
(107, 'Paulette_Freitas@nowhere.com', 237),
(108, 'MilfordParham@nowhere.com', 54),
(109, 'AlonsoSierra@example.com', 36),
(110, 'Leahy@example.com', 102),
(111, 'ShawannaKAguilera@example.com', 127),
(112, 'Alley519@example.com', 19),
(113, 'JodyK.Hagen@example.com', 4),
(114, 'Amador@example.com', 86),
(115, 'yuzrwueu197@example.com', 113),
(116, 'Yasmin_Ackerman5@example.com', 226),
(117, 'CarmineAcevedo@example.com', 225),
(118, 'AronBohannon947@example.com', 101),
(119, 'EunaCrabtree32@example.com', 213),
(120, 'Beale38@nowhere.com', 241),
(121, 'Abney@example.com', 140),
(122, 'Zina_Ojeda@nowhere.com', 163),
(123, 'HynesT368@example.com', 191),
(124, 'RaymondeChapman4@example.com', 184),
(125, 'CushmanI9@example.com', 72),
(126, 'Abreu@example.com', 60),
(127, 'BeverleyHeller44@example.com', 16),
(128, 'EdmondGrimm381@example.com', 126),
(129, 'Katz@example.com', 174),
(130, 'imigag68@nowhere.com', 139),
(131, 'Fred_F_Blakely@example.com', 71),
(132, 'Jutta.N.Bourque855@example.com', 9),
(133, 'kcyqh2670@example.com', 194),
(134, 'AileenKoonce178@example.com', 46),
(135, 'LawrenceBandy788@example.com', 45),
(136, 'Damion.Levine@nowhere.com', 195),
(137, 'AngelDFlorez838@example.com', 238),
(138, 'TommieHouse@example.com', 105),
(139, 'lditaxv7@example.com', 60),
(140, 'Acevedo86@example.com', 171),
(141, 'StanAndrews@example.com', 87),
(142, 'Roberts291@example.com', 46),
(143, 'JuniorFelix95@example.com', 21),
(144, 'Fullerton@nowhere.com', 169),
(145, 'AdamCronin8@example.com', 99),
(146, 'MiguelTorrence7@example.com', 244),
(147, 'DominickAli@example.com', 1),
(148, 'GavinPGutierrez43@example.com', 33),
(149, 'BernadetteEarley394@example.com', 202),
(150, 'Aldridge1@example.com', 127),
(151, 'AbbieCloud53@example.com', 11),
(152, 'AllenBellamy@example.com', 106),
(153, 'ueuozbyw_ipoe@nowhere.com', 106),
(154, 'zpicux17@example.com', 169),
(155, 'AddieAVincent436@nowhere.com', 131),
(156, 'MadlynAkin146@example.com', 11),
(157, 'Jessie_MMata@example.com', 109),
(158, 'BlossomWilkes2@nowhere.com', 3),
(159, 'AlvaradoC9@example.com', 45),
(160, 'BulaCromer7@example.com', 41),
(161, 'Ali_Chavarria@example.com', 213),
(162, 'xlcqxnnl.yqmvuwvohg@example.com', 67),
(163, 'TobiasBrothers13@example.com', 65),
(164, 'GrantCampos842@example.com', 146),
(165, 'cztoxz827@example.com', 51),
(166, 'Meeker427@example.com', 4),
(167, 'Ahrens347@nowhere.com', 72),
(168, 'AdrianaAponte@example.com', 236),
(169, 'akcjoud4685@example.com', 33),
(170, 'Billings@example.com', 58),
(171, 'Mansfield@example.com', 172),
(172, 'Troy_SAllan@nowhere.com', 223),
(173, 'HelenFellows@example.com', 73),
(174, 'Allman371@nowhere.com', 5),
(175, 'Forsyth4@example.com', 34),
(176, 'MaximoConrad2@nowhere.com', 24),
(177, 'Montoya672@nowhere.com', 233),
(178, 'Clemens5@nowhere.com', 144),
(179, 'Adam.Adams913@example.com', 65),
(180, 'Cochran@nowhere.com', 3),
(181, 'Rafaela.Feldman@example.com', 38),
(182, 'Caballero@example.com', 159),
(183, 'Aleen.DSierra9@example.com', 55),
(184, 'Dolores.Whitt5@example.com', 82),
(185, 'Hannon@example.com', 96),
(186, 'Woodley38@nowhere.com', 218),
(187, 'AldoStanfield@nowhere.com', 94),
(188, 'MohamedBaird@example.com', 1),
(189, 'figo23@example.com', 186),
(190, 'vncqohqc_zjgs@example.com', 154),
(191, 'AdkinsP@example.com', 82),
(192, 'Judd@example.com', 125),
(193, 'Kandace.Gant@example.com', 185),
(194, 'Caskey@example.com', 16),
(195, 'Sheets5@example.com', 50),
(196, 'NellyAbraham897@nowhere.com', 24),
(197, 'Dominick.Harms@nowhere.com', 200),
(198, 'RichieFarrell347@example.com', 101),
(199, 'Laverna.Mccracken@example.com', 7),
(200, 'GonzaloMinton@example.com', 233),
(201, 'GrahamBoehm@example.com', 159),
(202, 'Mcgill@example.com', 44),
(203, 'wduveaue.szymn@nowhere.com', 240),
(204, 'Copley71@example.com', 87),
(205, 'rheypbdx3104@nowhere.com', 225),
(206, 'Abernathy2@example.com', 118),
(207, 'nssqocnq_argq@example.com', 83),
(208, 'TimWhiting@nowhere.com', 174),
(209, 'Freeman@nowhere.com', 179),
(210, 'Jeffery_Purvis14@example.com', 182),
(211, 'Hugo.Sewell142@nowhere.com', 82),
(212, 'BrookeElias@example.com', 143),
(213, 'Jacobson@example.com', 118),
(214, 'Hoy@nowhere.com', 205),
(215, 'zkltkwfm.ptapjykcvt@nowhere.com', 60),
(216, 'AlvaAbrams@nowhere.com', 75),
(217, 'MayersI@example.com', 29),
(218, 'Murdock69@example.com', 213),
(219, 'JuniorKang348@example.com', 61),
(220, 'Mcewen162@example.com', 14),
(221, 'Andres@example.com', 2),
(222, 'Eugenio_Boucher@example.com', 81),
(223, 'Wolf@example.com', 244),
(224, 'Quinonez18@example.com', 51),
(225, 'VirginiaChamberlin@nowhere.com', 79),
(226, 'uypppqma9@example.com', 130),
(227, 'NickieRomeo2@nowhere.com', 238),
(228, 'SusieQEckert6@example.com', 96),
(229, 'CorettaN_Mckenna@example.com', 140),
(230, 'Adelle.Paredes948@nowhere.com', 197),
(231, 'DietzO@example.com', 17),
(232, 'Loan_Patterson4@example.com', 28),
(233, 'Willy.J_Mcneil@example.com', 35),
(234, 'HaywoodCHines967@example.com', 204),
(235, 'AhernT@nowhere.com', 57),
(236, 'Coates961@nowhere.com', 196),
(237, 'Dorcas.Osborne@nowhere.com', 138),
(238, 'Mccoy38@nowhere.com', 165),
(239, 'OrvalDaugherty@example.com', 195),
(240, 'Nicky_Q.Oconnor@example.com', 70),
(241, 'KarolineKimble2@example.com', 217),
(242, 'GeniaUMillard@example.com', 71),
(243, 'Lisbeth_Neff@example.com', 244),
(244, 'Cary357@example.com', 5),
(245, 'August_Jett736@example.com', 31),
(246, 'Arriaga@example.com', 203),
(247, 'Guthrie@example.com', 174),
(248, 'EliseoAsbury@example.com', 191),
(249, 'Curtin93@example.com', 124),
(250, 'Michaele.Napier@example.com', 19);

--
-- Inserting data into table ne
--
INSERT INTO ne(idne, ide, idn) VALUES
(1, 7, 222),
(2, 8, 1),
(3, 7, 227),
(4, 5, 22),
(5, 1, 239),
(6, 8, 130),
(7, 1, 96),
(8, 3, 188),
(9, 2, 17),
(10, 1, 46),
(11, 4, 248),
(12, 7, 116),
(13, 8, 3),
(14, 1, 110),
(15, 2, 193),
(16, 3, 197),
(17, 5, 223),
(18, 4, 58),
(19, 3, 182),
(20, 3, 245),
(21, 4, 1),
(22, 2, 186),
(23, 2, 108),
(24, 3, 62),
(25, 7, 224),
(26, 3, 227),
(27, 1, 84),
(28, 10, 65),
(29, 7, 162),
(30, 7, 71),
(31, 3, 102),
(32, 6, 94),
(33, 9, 67),
(34, 8, 109),
(35, 9, 157),
(36, 9, 234),
(37, 4, 94),
(38, 10, 40),
(39, 3, 56),
(40, 1, 234),
(41, 10, 225),
(42, 7, 14),
(43, 2, 9),
(44, 5, 100),
(45, 4, 103),
(46, 7, 135),
(47, 8, 197),
(48, 8, 47),
(49, 2, 108),
(50, 7, 75),
(51, 3, 112),
(52, 4, 99),
(53, 1, 13),
(54, 8, 51),
(55, 5, 26),
(56, 4, 87),
(57, 3, 49),
(58, 7, 148),
(59, 7, 202),
(60, 9, 68),
(61, 7, 204),
(62, 5, 64),
(63, 4, 134),
(64, 10, 156),
(65, 4, 116),
(66, 8, 144),
(67, 10, 247),
(68, 5, 70),
(69, 4, 100),
(70, 8, 133),
(71, 9, 244),
(72, 2, 74),
(73, 5, 76),
(74, 1, 35),
(75, 8, 53),
(76, 10, 92),
(77, 3, 52),
(78, 2, 25),
(79, 3, 175),
(80, 9, 232),
(81, 8, 84),
(82, 5, 58),
(83, 9, 65),
(84, 6, 67),
(85, 8, 190),
(86, 1, 41),
(87, 5, 247),
(88, 5, 9),
(89, 10, 150),
(90, 1, 228),
(91, 4, 245),
(92, 6, 106),
(93, 3, 208),
(94, 1, 247),
(95, 9, 151),
(96, 1, 248),
(97, 4, 184),
(98, 2, 97),
(99, 7, 193),
(100, 2, 54),
(101, 7, 9),
(102, 3, 21),
(103, 9, 111),
(104, 4, 185),
(105, 6, 218),
(106, 3, 93),
(107, 8, 242),
(108, 5, 161),
(109, 3, 54),
(110, 4, 45),
(111, 5, 185),
(112, 8, 75),
(113, 5, 96),
(114, 10, 226),
(115, 5, 194),
(116, 10, 65),
(117, 9, 69),
(118, 8, 125),
(119, 2, 33),
(120, 1, 22),
(121, 7, 23),
(122, 1, 178),
(123, 4, 182),
(124, 1, 59),
(125, 5, 208),
(126, 10, 141),
(127, 6, 191),
(128, 7, 65),
(129, 3, 80),
(130, 3, 28),
(131, 9, 178),
(132, 7, 6),
(133, 7, 24),
(134, 2, 156),
(135, 8, 140),
(136, 10, 43),
(137, 8, 137),
(138, 6, 127),
(139, 2, 219),
(140, 8, 95),
(141, 2, 195),
(142, 2, 127),
(143, 4, 219),
(144, 4, 195),
(145, 1, 244),
(146, 6, 37),
(147, 9, 20),
(148, 10, 64),
(149, 5, 37),
(150, 1, 29),
(151, 10, 194),
(152, 1, 23),
(153, 9, 106),
(154, 10, 116),
(155, 10, 66),
(156, 6, 91),
(157, 9, 41),
(158, 1, 122),
(159, 3, 80),
(160, 10, 200),
(161, 7, 245),
(162, 8, 155),
(163, 9, 243),
(164, 9, 119),
(165, 7, 186),
(166, 7, 1),
(167, 7, 207),
(168, 8, 65),
(169, 8, 76),
(170, 9, 218),
(171, 5, 140),
(172, 3, 242),
(173, 4, 74),
(174, 8, 241),
(175, 8, 216),
(176, 9, 77),
(177, 3, 166),
(178, 9, 197),
(179, 5, 118),
(180, 8, 134),
(181, 1, 187),
(182, 5, 130),
(183, 4, 97),
(184, 3, 162),
(185, 6, 183),
(186, 3, 30),
(187, 1, 187),
(188, 7, 210),
(189, 7, 144),
(190, 3, 67),
(191, 6, 198),
(192, 5, 78),
(193, 2, 185),
(194, 5, 237),
(195, 7, 104),
(196, 4, 230),
(197, 10, 53),
(198, 4, 216),
(199, 7, 200),
(200, 7, 56),
(201, 7, 65),
(202, 4, 149),
(203, 8, 115),
(204, 6, 79),
(205, 7, 40),
(206, 4, 235),
(207, 9, 47),
(208, 9, 204),
(209, 5, 192),
(210, 3, 189),
(211, 4, 218),
(212, 1, 176),
(213, 5, 216),
(214, 6, 152),
(215, 7, 75),
(216, 6, 127),
(217, 3, 244),
(218, 6, 151),
(219, 3, 235),
(220, 5, 11),
(221, 8, 86),
(222, 6, 182),
(223, 10, 140),
(224, 1, 183),
(225, 1, 100),
(226, 5, 243),
(227, 5, 93),
(228, 9, 79),
(229, 9, 140),
(230, 2, 149),
(231, 6, 158),
(232, 6, 71),
(233, 1, 103),
(234, 3, 10),
(235, 10, 157),
(236, 7, 138),
(237, 7, 74),
(238, 4, 78),
(239, 8, 107),
(240, 10, 248),
(241, 1, 184),
(242, 7, 59),
(243, 1, 23),
(244, 5, 189),
(245, 3, 181),
(246, 7, 144),
(247, 7, 103),
(248, 10, 35),
(249, 5, 144),
(250, 4, 229);

--
-- Inserting data into table picture
--
INSERT INTO picture(idp, foto, idf, idn) VALUES
(1, 'F201D4OFXJ8QSD0EMX466B2WGM7', 60, 18),
(2, '7SAZ5477', 10, 151),
(3, '1CIY4Y3ND5PODH9FK5NWYAN8KEAG0K75PX6O5GAQ5T2566WB8B0E7D2081B17K1J4X4490OR34C308X0CC4XHQB24T82', 161, 146),
(4, '0Z', 48, 61),
(5, 'K5XVAH082206E91C2848XZ781454V6A', 85, 187),
(6, 'B2', 135, 6),
(7, 'S13E19PHY5', 157, 20),
(8, '30U4UFL7W83O7R8SN0C6EGCRF63GS65AD5960QCUW4WEQ3SJSD6NX3X8492340JX5ISPFB0UE675N6NU72Q93CSPS54U31', 5, 220),
(9, '03CI98Z3WSHDR8GN73D3F', 129, 172),
(10, 'WDBAA4Z351F8801W6AVNZ7G2POT561V38A7210VDWTAWLZUQX8O4D6Y3L4', 214, 132),
(11, '6RUIF08TNBG45119', 231, 10),
(12, '737I0', 186, 116),
(13, '6EQGVYTP787R19E4U685QI2TDJ', 213, 206),
(14, '5N', 121, 85),
(15, 'A5UZTB854JQW2L', 121, 67),
(16, '24X37K31S4LW3TL4K', 101, 113),
(17, 'D952L9K24PYE34PXLQ9PYMH6', 231, 243),
(18, 'G081YZ262R1E57HNN58ZFLP6130K5V8C', 32, 208),
(19, '5VVTH0FE4PW58', 170, 78),
(20, '60TZB4046B0R34YNIW625Y5YU1835ED4IT669IYC0V7KA3FDGOKIT856VO3Q0TSG4DW85PR8H75X919K4149RN3599B263CEAL85T', 142, 234),
(21, '87S3TABKX83SK3TXZ8JLD53BJ5579LH51C56X31132RRVI0SL6KY0XYN1E8TA6S1Y02489S3Y2777UY8X0XTEHQLFRXD0972856037TOGK7A4WK649PYGGBF73M3M4EKT15RT690U', 218, 126),
(22, '5519LRHAR553KIN', 51, 95),
(23, '0UW1JGTC078MGLQM7R20QPTEJ99', 98, 165),
(24, '2M9Z6T39025UE8848Q30', 94, 145),
(25, 'E80JG3JHM5CY0B4E9R5WMY29S', 37, 10),
(26, '3VF5NI86CMT5J75Y0GVES08Z28BMHL5575YWFC5JE17Y0557F3UC2TK420Z2WJZ0G21', 4, 144),
(27, '0378A411NP34PMAZ76FP7876', 184, 106),
(28, 'R4YD3TP7UM88I12WD44', 76, 234),
(29, '3OIP83T3GG8FREU5L6LLYI2691967Q', 239, 78),
(30, '2ALDI51F2Q3SU', 187, 25),
(31, 'XL9E2T2LS3O761U2A1C11N82PIV78D7ET0Y4N3PV5PV1F1C1MWJ29K76TQUF05W', 170, 170),
(32, 'V', 51, 161),
(33, 'WH3ZQ05PNI2X155HZ', 101, 58),
(34, '32AUCL41', 84, 108),
(35, '728F7T4', 207, 226),
(36, 'N817L1E25QFL86F041SD3201YMIPL3', 207, 178),
(37, '3', 46, 105),
(38, 'K42GILOPU2IW8680K8894CXHY87L', 218, 220),
(39, '0XYK474AS10L1FSQF100W9F6VPON8B208426A10QB35F0188K5EJW', 159, 218),
(40, '58P8Y1942685306575X6M47UU3596051SU4723E471X', 115, 206),
(41, '4637F8JW0MVCN', 169, 104),
(42, 'L4F272HU28', 171, 176),
(43, 'TM868FL3P0XHT617QYT8TSY448I9XD2', 103, 42),
(44, 'R4', 136, 233),
(45, '322', 181, 107),
(46, 'HK7VH743ZBH21S30OT0OTB15Z04370F1WP37SQ', 122, 218),
(47, 'FY51LY6G93W2KKF1I4F86SR2NIAZ1L4H59T89H4M694O57QH58GSY99BL', 31, 205),
(48, 'Y3LLP267B118037J70YK8ZN669U0G7N3C4', 44, 184),
(49, '22G6188EAABWSVVKKXRMW4NK509XQ8TX', 55, 112),
(50, 'Q810V779Z44F74683H9U86Z76532U45DJ', 151, 99),
(51, '6731JI3RIW05', 231, 72),
(52, 'X3V917021C', 148, 10),
(53, 'YD1WJ19SD95Q6191JWJMX286K2632933CZ606Y692Q2', 19, 93),
(54, '0VSJP4ZFU207J8S989KI7IKRJET7P7ZFM091KZO9IT349HI90H934R8M9QZ06S4O9LUOTZI3OOK9G7CU', 46, 229),
(55, '762ZAS57DMVDB270PL76168QLXCUY726Y5K5AFXTAA8Q3USIA340ORTYO476XRE3YA0629', 41, 64),
(56, 'W32Y08KG0DKOPH8R3VI146BK7L9GUUSIG927', 245, 123),
(57, '583146U6PR215Z2SX6T136Z33U97416239AROW3S6QLOU7W7OO32MX69F6G89QO0PE2QOKW3R0H', 183, 51),
(58, 'MELA6O79L4996FR4NXMOP358O8TD4710R008A393JMY0RGCVV194', 8, 42),
(59, '647QS99MI1ZHK02EM', 4, 141),
(60, 'GCZT781', 129, 214),
(61, '94O7I20YKALP5388N40T3TJ50K6334849L3I69EB52MS8D8H4RLRF954QRYXS116J055', 64, 67),
(62, 'I40', 5, 166),
(63, '37HXT58', 135, 193),
(64, '2ZTOYGTM08I8RB242AT4AR4BYJ0X42W5G2XNIV83', 59, 105),
(65, 'RPY7LP524', 175, 155),
(66, 'BQ67PEO2ACIGO21N9NDQ3I', 123, 134),
(67, '8H67Y9FK77UTNI761PU0Z86CB335AC23Z852U0UZ8M20M039', 185, 58),
(68, '4TX062MU4LSNE6NQ7PB755Y06978GAT0H4NO9303KC2EX', 182, 73),
(69, '34KP26S639Y5', 218, 45),
(70, '86V2I48X848Y67464', 125, 47),
(71, '3V7PTT15T3', 122, 214),
(72, '75WVK8UO9G95U6N8PP615LNN4KL5RC087S6RDQK431LT43C6044255R', 193, 103),
(73, 'S4716P85IQ', 135, 236),
(74, '5G5SP40F6T3EXE675F0Z6253281D4WQQ711', 55, 209),
(75, 'F29U2SSR1LP8JV8QCRJ093R244O0X3U8', 224, 157),
(76, 'RU14A6508SSTZ3E908UAW172J6940Y85L0X3K57HD047D201AR85UZV148Z5KIMN7X3FJZI76LI5K6VS62FG91', 37, 59),
(77, '184968C1FB46L58AJ04BROM9F6MZB65QV1HN91FY', 58, 173),
(78, '9BP9AKCL2U806Y9', 47, 168),
(79, 'DU9F7IX98M5PQ0L064PQOQ4Y015', 216, 194),
(80, '8W0557QJ9E', 107, 76),
(81, '470J72M7X4J79FL8FJK60F19E7H8QF6TVT4W737O3ROC0V73X9X99', 146, 28),
(82, 'V8AG5', 162, 244),
(83, 'ZDOETAJA3746S4L6J1AR634F8L13LSFO877A624622BEP8ZJ8LV9YTPX60V238DYEM0B4739HQK9183894', 82, 12),
(84, 'V4Z708UU1E7YNT61EK8OXT623O71Y40T4N6ANI2729431I60N62O93MLSZ9MW6JTCI71U688N92T6JFF34', 98, 59),
(85, 'AEM6J1KNH340X596AZYN5SFN34J5DF9KPJ4CL0393ZWP', 172, 245),
(86, 'ZB92EW1L7481M86B5DH7BU1LUHFRNZGD9X760C78U730W0E9G', 195, 234),
(87, '7G1642', 36, 250),
(88, '54P65OH6ECI943CU2', 30, 3),
(89, '29W92M10Q9OU8163S84PUT7', 137, 214),
(90, '8Y1DGJ7PRA5Y73632', 17, 10),
(91, '0FSP65Y4UE60AQR10968V71MLL97E997PIGD7', 68, 87),
(92, 'W108L1334H04PF9236B1E0KF235ZR9B9D8D43D8CEC8KQQFYLRZF260Q8265586323I76R88332V11CP', 144, 239),
(93, 'W9M98X5ZN449E555F7UDWEIQ5NV382DFT9XCBI2W2O3IV9478QHQ5', 118, 160),
(94, 'PIK6FAJENXN6LSJ36O515772GPKQ9', 206, 69),
(95, 'L691A7FR8QC8Z3W228P3QP7LABK6663ZL786X0UFDT8N6288', 164, 238),
(96, 'SV1V0RL54GBJT03J4', 239, 220),
(97, '0EJ8NM272X23853D08W3', 122, 83),
(98, '6T8M522LQ8PL11N9T799', 181, 175),
(99, '8C9M6N', 109, 97),
(100, '9EQ5H48M', 18, 176),
(101, '10O83S0O', 59, 221),
(102, '7SV21Y7E1A15H16F560C', 243, 192),
(103, 'D58314YV075780OX62W7W3DR5V', 114, 24),
(104, '2639N80RA691S3476S4TJ6S60XKGV01VH075602G9EF5A12A5', 78, 50),
(105, 'HTURPM7YL', 232, 59),
(106, '0V885WB', 129, 93),
(107, 'K546WYK92TJ6HQI8924XSA21NE80IN393C08ZKKD231FF38P705V82ZMYB7CHT0D8SPLHVQ99P0TLPK7W', 182, 216),
(108, '3507U211F12CAWKE1U7', 76, 128),
(109, '28A2H42TN2762WAAT2K1O5', 158, 16),
(110, 'WA8S468BX75G531WM9TU3', 222, 135),
(111, '1L79Q26NZ48JM81142225Y', 3, 174),
(112, '0V2728594K71D1O64OW6C30V70XBJF', 116, 35),
(113, '0918N68RB2O99UDWJ5T3YTH3642T3S8TQTS626Z21YW4Y857469420V2593N99D20F3DM257GFHMF54D1', 232, 145),
(114, '9549M9WRWP07', 151, 101),
(115, '934IY829FN9', 216, 60),
(116, 'KIKZ1B2ARE6Z6B3M0', 55, 224),
(117, '007ZFYO0HA0E267WDOV8B500E2', 231, 227),
(118, 'O2K1X4891YE9F314EBK6K2YMY3T3492GKAH1JAI7M82229U2A6784', 230, 74),
(119, '3YJE6Q19K60D60O2', 170, 143),
(120, '7Z141IVMCR5YRNIV77D01Z3GS1DL56BE240V8175IKG6W6C4A4893Z22936TJ1LJ557E32R', 11, 203),
(121, '5PFYZ1778UR3I', 31, 17),
(122, '1', 37, 104),
(123, 'LHPT31RO2A8', 220, 32),
(124, 'E45546', 201, 222),
(125, '02958M53U2UK6EW8UG3O15J050P1J3JW71AY4H7W959', 102, 159),
(126, '5B3W1SOA2HV', 24, 107),
(127, 'GE295AJ7V4VHKIW', 17, 216),
(128, '3S86822JO4V09BBUIOICP8ZWCQ718453E1X54GNO6H03Y29', 6, 92),
(129, '771P', 91, 68),
(130, '8ZH95923IS2K9HFKSZ7767CCF29951J31T3G58UATU1W3W2WI13KA', 167, 95),
(131, 'A8R9814679QW', 200, 75),
(132, '40K46HR09I588EG559U8IRP4698', 78, 149),
(133, 'Z07541E43OI1095X46CI4Y2N120SDEYV21WQM080H13', 217, 100),
(134, 'Q88F6ZIN41EV0P90K06A62R24WX6621ZNH3606FH36C50K0K1HN564H03WX4378E725G7I4TP677ZZ239R10N5LQ15X0TS5A2Q2K2C6G', 216, 164),
(135, 'UMIVD8CSP55G5DVRT50FX13L9IFQ', 21, 195),
(136, '9D2657437X87T74B0T8OQ6C08BO25SLP731D22', 156, 27),
(137, '2P002XO1FI75490II8E456GS0U3VT62AM48XH7T286PN', 23, 12),
(138, 'E', 210, 93),
(139, '977ZWQ7HPI28RB0JII385L008ZISC73ZVW9P26', 220, 194),
(140, '2OULN7P606OZ71989975AQZMH5SAN', 140, 229),
(141, 'S7Q252EQ69CBQ74VE2731WP393X7VC19C932M1L1', 205, 84),
(142, '1962X59WEE4S659X9447N126I116LR849QF2C02T40X4WQ9543R99M43R83824Z3L5B91FQ182GS', 74, 148),
(143, 'L47K36J77035P2C2', 161, 143),
(144, 'X29O621VW34QE10G1HT267V9040CQH7326XT77QCY2KUJ020F0DT60P97Q2S765E4L608', 15, 198),
(145, '0', 6, 171),
(146, '08U5J6J56WS8BB0U04B88D42GJS6TAVB01AYB5ZMMDBNS63M2SK6U081T0ANEF32MR17N', 211, 161),
(147, 'S88ELM0NF36H0K74UCB8094GN295ZFO4VZ97B8I98675O99U', 75, 104),
(148, 'ZA82CU4IVGE320', 109, 65),
(149, 'UAF328TL94RS14O1GT5MD9QF338XN5O85149VIQWEUH0254EXICUL9F3ASRBR2G5K07T0WFKFT3J490G6QD5M8S366362O3SHP16MN013', 110, 156),
(150, 'E6Z8WS3B22459Y1PPV7D33LVH4', 98, 78),
(151, 'IJV6JI2GZWIQ567DK3W802KF2', 52, 183),
(152, '0NI', 30, 218),
(153, '22XXAX', 139, 246),
(154, 'CW6UT2J4HO60FFLE3B5T50A8HVW3RN6XO4M1I7358H031W7813M5VT', 69, 81),
(155, '18EV7UBHUD6DE', 103, 164),
(156, '949SR38AQ662X5PK63AD9', 191, 216),
(157, '2', 195, 145),
(158, 'GU7A3GKUA', 121, 120),
(159, 'ZD33P093X185GF4', 235, 70),
(160, 'Q', 22, 246),
(161, 'N50BNGL', 124, 239),
(162, '157858944Q3BKVS611WC059TA', 212, 215),
(163, 'ZA5EF', 31, 140),
(164, '9N9R543GY7F55XDU43K', 94, 232),
(165, '1TO', 126, 181),
(166, '9PKY', 143, 163),
(167, 'AS11', 235, 177),
(168, 'PFF', 164, 149),
(169, 'XV5X59KW02L6KPD97S6DTO8M3DKO', 197, 58),
(170, '9XFBE5636I7', 243, 234),
(171, '1VY7I70P0V65SGT2O6S8CRH36EUD0YMOA7469N93VV86J1F430911TT5C50D25ETRCI14GQ2346G5INKIYDSQ8NHDZ9S3H0J7VN7WXGNCA5N3LNH0XTH9TE43Z7ONL4905VQOQGG8HQ1G9NB6J1595Q656', 136, 102),
(172, '8', 116, 111),
(173, 'CD08H7174', 82, 14),
(174, 'E8ZRZR252OYP3HK2BTJ4IL1KH0E92V2UL533H49460S6P79D20852GM1Q24G39TQG3C82N9', 238, 194),
(175, 'K90AF78LM144412EEZ1', 181, 5),
(176, 'ISE29460P5T7TW0Z27I84TJT0795TSIZ2P04VH9OA3ZBWF', 176, 246),
(177, '1QLQKMR68WB8JIY29484D2E37292DXT1YFW9IM1AG047A5SN40JW44F1', 113, 61),
(178, '5HG9N3RS38S93SXP84RA4KL19P925U2DY71TXM1E5JGSXQRG55K0B59W35912Q8K047HAZ23FCW75TJOIMHFIOHXZ1YB4HT4G70OA5VQS3B4', 125, 187),
(179, 'MFY89CPAH68FI48937VT647010EX179FY71CN4A2I3B196706M4888', 249, 146),
(180, '91V', 246, 104),
(181, 'U23', 208, 122),
(182, 'TH45J6GZ5', 194, 35),
(183, 'MQ52UMK3V475F5CW42DCV1JTC1LW70H7Z7X91', 223, 242),
(184, '84ZH0667T3H2M445KK04VC3V2HX3H85O9MPX5SDZPMTTP7', 104, 1),
(185, 'A50U52B2718Z2', 148, 40),
(186, '74Z8NO37C04', 160, 71),
(187, '1878SR56G7B67K1W5508P6TM32942MCITA7F65XAFGFVBZ4913LG44LT397A9', 127, 107),
(188, '1G2L1T81VLVBP82', 79, 25),
(189, '20576K4ZGCWD9512Q0CH073M57JHO65L', 179, 182),
(190, '48S0G57I1792809201JW9I', 137, 136),
(191, 'U6523114050XT099', 182, 137),
(192, 'HP538', 100, 213),
(193, '1MRZ73HPND587K8VYJ81', 33, 148),
(194, '620D6079B45F61LHNS47GRTPL', 90, 2),
(195, '8P1647IR58G068T4PZ7E79OKMF43724IA3PFNKDUK206D380Q4H4D0P0H8707V92U57502U2', 49, 203),
(196, '91FO6N59LA62I9', 217, 235),
(197, '6N1', 82, 59),
(198, '2F211W11E2HB8', 65, 136),
(199, 'S00922NFMT06', 54, 142),
(200, '7IK0T0E2S3NZT65', 189, 172),
(201, 'W2513K6FWWH2W96NP53OET2O9IVC312N', 9, 103),
(202, '288ISG970', 142, 51),
(203, 'G2GZG6', 249, 23),
(204, 'FS', 77, 52),
(205, 'YRF4F70CS042KQO51MQ8TUW6V776LRF019XA5Y42IH5TWUPU94WE44R5WCYTX3574M', 186, 105),
(206, 'BDZ', 109, 218),
(207, '0Y7BAZ703EKA19B0FVX39ZMEU6QAR356UZ790M02R5QZKNCNCJ168', 166, 135),
(208, 'Q4I50R76098UT10FQ8541805LL9G4Y4VA590H306NHRNGK1RMFP34I6AY8G8H', 83, 146),
(209, 'WK2U8MRKFEQ37S0Q89W844S', 198, 225),
(210, '43ND44NA3H5X4EGDZ93BHWJ223O8Q26K811534K11', 111, 47),
(211, 'C1LWW54H7U3R2VLQS12WLY87JFL2', 238, 151),
(212, 'FT137VC33296M8N1P44J9FD841Q2O943D', 221, 1),
(213, '91N121H8TF113XIOQHVRDSXK6PG1Y83975C7247', 71, 180),
(214, '3354083', 94, 150),
(215, '5X3S94H8963263X3Z8PKPI4FF77G', 112, 56),
(216, 'W6763X708F', 167, 134),
(217, 'OV5FN0GYK0Q6P1OD02F994R86WK94XK2N719C3G70T952623HZSORZ1R4N29Y20BJH4OX6RJQ37T38924BCN3C99F814704911JYZ37Q9X34O6VWFO3LE6CBDMFD1ZW4U74F7U0Z6C826XRV956WL9WGSME641ZKYHKT3151B78HMHXIRET66A7CGJ2', 79, 48),
(218, 'L0O6612793777354933P5MI7W90H', 202, 175),
(219, 'R8', 78, 194),
(220, 'QL5T0588693518W753VZ', 111, 206),
(221, '0SZ7I84SZJ9A795CE8W52STS057Q12L6418R23W', 177, 161),
(222, '7IA7954', 118, 180),
(223, '68', 14, 107),
(224, '7901M65LTQHAD8QF6S', 195, 160),
(225, '13A104I5O1SW7MLNJRK0244B5085O4W1Z7', 107, 77),
(226, 'CGA8B5OU676279L59CAWE636923DXR18VPFG0', 213, 227),
(227, '48L5JVS68SZ8GJF6CIGB', 21, 100),
(228, 'H433TJ8S4', 155, 28),
(229, 'F2FE61X7O93DCK6SV4J6I82AHQ', 149, 66),
(230, '0O1K28B4HA7OJ2', 28, 187),
(231, 'J78XZ4KDI9014HM1L02F7TGCJ07HLMN8L2', 43, 19),
(232, 'Z8L968V8G1Z7C0BB8H246RND9', 91, 247),
(233, 'P9O0Z4N6V9AQ252PK592KW14RK553YH9O0Q0WG5USN2YGL9POYBC4UN32SK1RR', 44, 10),
(234, '8D2552EL6K8Y08S7Y9Y4GE9F21G0J6284A', 33, 202),
(235, '921WVI4W166PV5HDI46K2ZK6LNH6H174K12B8P945US61B7QD56', 150, 59),
(236, 'R5YST03K3', 231, 184),
(237, '75F1F9HK44F46THZB31GK9BH7F75S3DY36YOH4X6411TK315S0JNXJ68V', 186, 78),
(238, '04G8Y9WY78U7KI43789B4Z87L05EI9', 164, 105),
(239, 'T582EN81RTH87YDQU5AK2U342WV5GS7', 157, 181),
(240, 'ZYEQQ7828907I4JC8JO4NIYFFJII8UFZZ028', 173, 115),
(241, 'U5GQH058C471TNQA', 25, 73),
(242, 'K5KQ6PE', 98, 152),
(243, '481T2NEZ8X38YV08', 162, 77),
(244, 'N6VR6', 241, 56),
(245, '46GH7XKCVYKNYGK3F074KW803J2GTP1K', 64, 61),
(246, '34THE65XPXP254GI30M1O44TLXMD2N6Q9Q0JQQA', 12, 60),
(247, '8L062SAMO9E2HT3QU7N91QK1OY6R32Z5X02C36H7545', 72, 149),
(248, '0Q20GRH4FH981GH6398TOFOW5J31', 160, 53),
(249, '6Q4L232KUJ71OEJN57YZW082H7', 78, 201),
(250, '2', 243, 61);