-- phpMyAdmin SQL Dump
-- version 5.2.0
-- https://www.phpmyadmin.net/
--
-- Servidor: mysqldb
-- Tiempo de generación: 05-09-2022 a las 11:09:31
-- Versión del servidor: 5.7.39
-- Versión de PHP: 8.0.22

SET SQL_MODE = "NO_AUTO_VALUE_ON_ZERO";
START TRANSACTION;
SET time_zone = "+00:00";


/*!40101 SET @OLD_CHARACTER_SET_CLIENT=@@CHARACTER_SET_CLIENT */;
/*!40101 SET @OLD_CHARACTER_SET_RESULTS=@@CHARACTER_SET_RESULTS */;
/*!40101 SET @OLD_COLLATION_CONNECTION=@@COLLATION_CONNECTION */;
/*!40101 SET NAMES utf8mb4 */;

--
-- Base de datos: `argentina`
--
CREATE DATABASE IF NOT EXISTS `argentina` DEFAULT CHARACTER SET utf8mb4 COLLATE utf8mb4_general_ci;
USE `argentina`;

-- --------------------------------------------------------

--
-- Estructura de tabla para la tabla `departamentos`
--

CREATE TABLE `departamentos` (
  `dpto_id` smallint(6) NOT NULL,
  `dpto_name` varchar(255) NOT NULL,
  `dpto_prov_id` tinyint(4) NOT NULL
) ENGINE=InnoDB DEFAULT CHARSET=utf8mb4;

--
-- Volcado de datos para la tabla `departamentos`
--

INSERT INTO `departamentos` (`dpto_id`, `dpto_name`, `dpto_prov_id`) VALUES
(1, '12 De Octubre', 3),
(2, '1° De Mayo', 3),
(3, '2 De Abril', 3),
(4, '25 De Mayo', 1),
(5, '25 De Mayo', 3),
(6, '25 De Mayo', 14),
(7, '25 De Mayo', 16),
(8, '25 De Mayo', 18),
(9, '9 De Julio', 1),
(10, '9 De Julio', 3),
(11, '9 De Julio', 16),
(12, '9 De Julio', 18),
(13, '9 De Julio', 21),
(14, 'Adolfo Alsina', 1),
(15, 'Adolfo Alsina', 16),
(16, 'Adolfo Gonzales Chaves', 1),
(17, 'Aguirre', 22),
(18, 'Albardón', 18),
(19, 'Alberdi', 22),
(20, 'Alberti', 1),
(21, 'Almirante Brown', 1),
(22, 'Almirante Brown', 3),
(23, 'Aluminé', 15),
(24, 'Ambato', 2),
(25, 'Ancasti', 2),
(26, 'Andalgalá', 2),
(27, 'Añelo', 15),
(28, 'Angaco', 18),
(29, 'Anta', 17),
(30, 'Antártida Argentina', 23),
(31, 'Antofagasta De La Sierra', 2),
(32, 'Apóstoles', 14),
(33, 'Arauco', 12),
(34, 'Arrecifes', 1),
(35, 'Atamisqui', 22),
(36, 'Atreucó', 11),
(37, 'Avellaneda', 1),
(38, 'Avellaneda', 16),
(39, 'Avellaneda', 22),
(40, 'Ayacucho', 1),
(41, 'Ayacucho', 19),
(42, 'Azul', 1),
(43, 'Bahía Blanca', 1),
(44, 'Balcarce', 1),
(45, 'Banda', 22),
(46, 'Baradero', 1),
(47, 'Bariloche', 16),
(48, 'Belén', 2),
(49, 'Belgrano', 19),
(50, 'Belgrano', 21),
(51, 'Belgrano', 22),
(52, 'Bella Vista', 7),
(53, 'Benito Juárez', 1),
(54, 'Berazategui', 1),
(55, 'Berisso', 1),
(56, 'Bermejo', 3),
(57, 'Bermejo', 9),
(58, 'Berón De Astrada', 7),
(59, 'Biedma', 4),
(60, 'Bolívar', 1),
(61, 'Bragado', 1),
(62, 'Brandsen', 1),
(63, 'Burruyacú', 24),
(64, 'Cachi', 17),
(65, 'Cafayate', 17),
(66, 'Cainguás', 14),
(67, 'Calamuchita', 6),
(68, 'Caleu Caleu', 11),
(69, 'Calingasta', 18),
(70, 'Campana', 1),
(71, 'Candelaria', 14),
(72, 'Cañuelas', 1),
(73, 'Capayán', 2),
(74, 'Capital', 2),
(75, 'Capital', 6),
(76, 'Capital', 7),
(77, 'Capital', 11),
(78, 'Capital', 12),
(79, 'Capital', 13),
(80, 'Capital', 14),
(81, 'Capital', 17),
(82, 'Capital', 18),
(83, 'Capital', 22),
(84, 'Capital', 24),
(85, 'Capitán Sarmiento', 1),
(86, 'Carlos Casares', 1),
(87, 'Carlos Tejedor', 1),
(88, 'Carmen De Areco', 1),
(89, 'Caseros', 21),
(90, 'Castellanos', 21),
(91, 'Castelli', 1),
(92, 'Castro Barros', 12),
(93, 'Catán Lil', 15),
(94, 'Catriló', 11),
(95, 'Caucete', 18),
(96, 'Cerrillos', 17),
(97, 'Chacabuco', 1),
(98, 'Chacabuco', 3),
(99, 'Chacabuco', 19),
(100, 'Chalileo', 11),
(101, 'Chamical', 12),
(102, 'Chapaleufú', 11),
(103, 'Chascomús', 1),
(104, 'Chical Co', 11),
(105, 'Chicligasta', 24),
(106, 'Chicoana', 17),
(107, 'Chilecito', 12),
(108, 'Chimbas', 18),
(109, 'Chivilcoy', 1),
(110, 'Chos Malal', 15),
(111, 'Choya', 22),
(112, 'Ciudad Libertador San Martín', 1),
(113, 'Cochinoca', 10),
(114, 'Collón Curá', 15),
(115, 'Colón', 1),
(116, 'Colón', 6),
(117, 'Colón', 8),
(118, 'Comandante Fernández', 3),
(119, 'Comuna 1', 5),
(120, 'Comuna 10', 5),
(121, 'Comuna 11', 5),
(122, 'Comuna 12', 5),
(123, 'Comuna 13', 5),
(124, 'Comuna 14', 5),
(125, 'Comuna 15', 5),
(126, 'Comuna 2', 5),
(127, 'Comuna 3', 5),
(128, 'Comuna 4', 5),
(129, 'Comuna 5', 5),
(130, 'Comuna 6', 5),
(131, 'Comuna 7', 5),
(132, 'Comuna 8', 5),
(133, 'Comuna 9', 5),
(134, 'Concepción', 7),
(135, 'Concepción', 14),
(136, 'Concordia', 8),
(137, 'Conesa', 16),
(138, 'Confluencia', 15),
(139, 'Conhelo', 11),
(140, 'Copo', 22),
(141, 'Coronel De Marina Leonardo Rosales', 1),
(142, 'Coronel Dorrego', 1),
(143, 'Coronel Felipe Varela', 12),
(144, 'Coronel Pringles', 1),
(145, 'Coronel Pringles', 19),
(146, 'Coronel Suárez', 1),
(147, 'Corpen Aike', 20),
(148, 'Cruz Alta', 24),
(149, 'Cruz Del Eje', 6),
(150, 'Curacó', 11),
(151, 'Curuzu Cuatia', 7),
(152, 'Cushamen', 4),
(153, 'Daireaux', 1),
(154, 'Deseado', 20),
(155, 'Diamante', 8),
(156, 'Dolores', 1),
(157, 'Dr. Manuel Belgrano', 10),
(158, 'El Alto', 2),
(159, 'El Carmen', 10),
(160, 'El Cuy', 16),
(161, 'Eldorado', 14),
(162, 'Empedrado', 7),
(163, 'Ensenada', 1),
(164, 'Escalante', 4),
(165, 'Escobar', 1),
(166, 'Esquina', 7),
(167, 'Esteban Echeverría', 1),
(168, 'Exaltación De La Cruz', 1),
(169, 'Famaillá', 24),
(170, 'Famatina', 12),
(171, 'Federación', 8),
(172, 'Federal', 8),
(173, 'Feliciano', 8),
(174, 'Figueroa', 22),
(175, 'Florencio Varela', 1),
(176, 'Florentino Ameghino', 1),
(177, 'Florentino Ameghino', 4),
(178, 'Formosa', 9),
(179, 'Fray Justo Santa María De Oro', 3),
(180, 'Fray Mamerto Esquiú', 2),
(181, 'Futaleufú', 4),
(182, 'Gaiman', 4),
(183, 'Garay', 21),
(184, 'Gastre', 4),
(185, 'General Alvarado', 1),
(186, 'General Alvear', 1),
(187, 'General Alvear', 7),
(188, 'General Alvear', 13),
(189, 'General Ángel V. Peñaloza', 12),
(190, 'General Arenales', 1),
(191, 'General Belgrano', 1),
(192, 'General Belgrano', 3),
(193, 'General Belgrano', 12),
(194, 'General Donovan', 3),
(195, 'General Güemes', 3),
(196, 'General Güemes', 17),
(197, 'General Guido', 1),
(198, 'General José De San Martín', 17),
(199, 'General Juan F. Quiroga', 12),
(200, 'General Juan Madariaga', 1),
(201, 'General La Madrid', 1),
(202, 'General Lamadrid', 12),
(203, 'General Las Heras', 1),
(204, 'General Lavalle', 1),
(205, 'General López', 21),
(206, 'General Manuel Belgrano', 14),
(207, 'General Obligado', 21),
(208, 'General Ocampo', 12),
(209, 'General Paz', 1),
(210, 'General Paz', 7),
(211, 'General Pedernera', 19),
(212, 'General Pinto', 1),
(213, 'General Pueyrredón', 1),
(214, 'General Roca', 6),
(215, 'General Roca', 16),
(216, 'General Rodríguez', 1),
(217, 'General San Martín', 6),
(218, 'General San Martín', 12),
(219, 'General Taboada', 22),
(220, 'General Viamonte', 1),
(221, 'General Villegas', 1),
(222, 'Gobernador Dupuy', 19),
(223, 'Godoy Cruz', 13),
(224, 'Goya', 7),
(225, 'Graneros', 24),
(226, 'Guachipas', 17),
(227, 'Gualeguay', 8),
(228, 'Gualeguaychú', 8),
(229, 'Guaminí', 1),
(230, 'Guaraní', 14),
(231, 'Guasayán', 22),
(232, 'Guatraché', 11),
(233, 'Guaymallén', 13),
(234, 'Güer Aike', 20),
(235, 'Hipólito Yrigoyen', 1),
(236, 'Hucal', 11),
(237, 'Huiliches', 15),
(238, 'Humahuaca', 10),
(239, 'Hurlingham', 1),
(240, 'Iglesia', 18),
(241, 'Iguazú', 14),
(242, 'Independencia', 3),
(243, 'Independencia', 12),
(244, 'Iriondo', 21),
(245, 'Iruya', 17),
(246, 'Ischilín', 6),
(247, 'Islas Del Atlántico Sur', 23),
(248, 'Islas Del Ibicuy', 8),
(249, 'Itatí', 7),
(250, 'Ituzaingó', 1),
(251, 'Ituzaingó', 7),
(252, 'Jáchal', 18),
(253, 'Jiménez', 22),
(254, 'José C. Paz', 1),
(255, 'José M. Ezeiza', 1),
(256, 'Juan Bautista Alberdi', 24),
(257, 'Juan F. Ibarra', 22),
(258, 'Juan Martín De Pueyrredón', 19),
(259, 'Juárez Celman', 6),
(260, 'Junín', 1),
(261, 'Junín', 13),
(262, 'Junín', 19),
(263, 'La Caldera', 17),
(264, 'La Candelaria', 17),
(265, 'La Capital', 21),
(266, 'La Cocha', 24),
(267, 'La Costa', 1),
(268, 'La Matanza', 1),
(269, 'La Paz', 2),
(270, 'La Paz', 8),
(271, 'La Paz', 13),
(272, 'La Plata', 1),
(273, 'La Poma', 17),
(274, 'La Viña', 17),
(275, 'Lácar', 15),
(276, 'Lago Argentino', 20),
(277, 'Lago Buenos Aires', 20),
(278, 'Laishí', 9),
(279, 'Languiñeo', 4),
(280, 'Lanús', 1),
(281, 'Laprida', 1),
(282, 'Las Colonias', 21),
(283, 'Las Flores', 1),
(284, 'Las Heras', 13),
(285, 'Lavalle', 7),
(286, 'Lavalle', 13),
(287, 'Leales', 24),
(288, 'Leandro N. Alem', 1),
(289, 'Leandro N. Alem', 14),
(290, 'Ledesma', 10),
(291, 'Lezama', 1),
(292, 'Libertad', 3),
(293, 'Libertador General San Martín', 3),
(294, 'Libertador General San Martín', 14),
(295, 'Libertador General San Martín', 19),
(296, 'Lihuel Calel', 11),
(297, 'Limay Mahuida', 11),
(298, 'Lincoln', 1),
(299, 'Lobería', 1),
(300, 'Lobos', 1),
(301, 'Lomas De Zamora', 1),
(302, 'Loncopué', 15),
(303, 'Loreto', 22),
(304, 'Los Andes', 17),
(305, 'Los Lagos', 15),
(306, 'Loventué', 11),
(307, 'Luján', 1),
(308, 'Luján De Cuyo', 13),
(309, 'Lules', 24),
(310, 'Magallanes', 20),
(311, 'Magdalena', 1),
(312, 'Maipú', 1),
(313, 'Maipú', 3),
(314, 'Maipú', 13),
(315, 'Malargüe', 13),
(316, 'Malvinas Argentinas', 1),
(317, 'Mar Chiquita', 1),
(318, 'Maracó', 11),
(319, 'Marcos Juárez', 6),
(320, 'Marcos Paz', 1),
(321, 'Mártires', 4),
(322, 'Matacos', 9),
(323, 'Mayor Luis J. Fontana', 3),
(324, 'Mburucuyá', 7),
(325, 'Mercedes', 1),
(326, 'Mercedes', 7),
(327, 'Merlo', 1),
(328, 'Metán', 17),
(329, 'Minas', 6),
(330, 'Minas', 15),
(331, 'Mitre', 22),
(332, 'Molinos', 17),
(333, 'Monte', 1),
(334, 'Monte Caseros', 7),
(335, 'Monte Hermoso', 1),
(336, 'Montecarlo', 14),
(337, 'Monteros', 24),
(338, 'Moreno', 1),
(339, 'Moreno', 22),
(340, 'Morón', 1),
(341, 'Navarro', 1),
(342, 'Necochea', 1),
(343, 'Nogoyá', 8),
(344, 'Ñorquín', 15),
(345, 'Ñorquinco', 16),
(346, 'O\'Higgins', 3),
(347, 'Oberá', 14),
(348, 'Ojo De Agua', 22),
(349, 'Olavarría', 1),
(350, 'Orán', 17),
(351, 'Paclín', 2),
(352, 'Palpalá', 10),
(353, 'Paraná', 8),
(354, 'Paso De Indios', 4),
(355, 'Paso De Los Libres', 7),
(356, 'Patagones', 1),
(357, 'Patiño', 9),
(358, 'Pehuajó', 1),
(359, 'Pehuenches', 15),
(360, 'Pellegrini', 1),
(361, 'Pellegrini', 22),
(362, 'Pergamino', 1),
(363, 'Pichi Mahuida', 16),
(364, 'Picún Leufú', 15),
(365, 'Picunches', 15),
(366, 'Pila', 1),
(367, 'Pilagás', 9),
(368, 'Pilar', 1),
(369, 'Pilcaniyeu', 16),
(370, 'Pilcomayo', 9),
(371, 'Pinamar', 1),
(372, 'Pirané', 9),
(373, 'Pocho', 6),
(374, 'Pocito', 18),
(375, 'Pomán', 2),
(376, 'Presidencia De La Plaza', 3),
(377, 'Presidente Perón', 1),
(378, 'Presidente Roque Sáenz Peña', 6),
(379, 'Puán', 1),
(380, 'Puelén', 11),
(381, 'Punilla', 6),
(382, 'Punta Indio', 1),
(383, 'Quebrachos', 22),
(384, 'Quemú Quemú', 11),
(385, 'Quilmes', 1),
(386, 'Quitilipi', 3),
(387, 'Ramallo', 1),
(388, 'Ramón Lista', 9),
(389, 'Rancul', 11),
(390, 'Rauch', 1),
(391, 'Rawson', 4),
(392, 'Rawson', 18),
(393, 'Realicó', 11),
(394, 'Rinconada', 10),
(395, 'Río Chico', 20),
(396, 'Río Chico', 24),
(397, 'Río Cuarto', 6),
(398, 'Río Grande', 23),
(399, 'Río Hondo', 22),
(400, 'Río Primero', 6),
(401, 'Río Seco', 6),
(402, 'Río Segundo', 6),
(403, 'Río Senguer', 4),
(404, 'Rivadavia', 1),
(405, 'Rivadavia', 13),
(406, 'Rivadavia', 17),
(407, 'Rivadavia', 18),
(408, 'Rivadavia', 22),
(409, 'Robles', 22),
(410, 'Rojas', 1),
(411, 'Roque Pérez', 1),
(412, 'Rosario', 21),
(413, 'Rosario De La Frontera', 17),
(414, 'Rosario De Lerma', 17),
(415, 'Rosario Vera Peñaloza', 12),
(416, 'Saavedra', 1),
(417, 'Saladas', 7),
(418, 'Saladillo', 1),
(419, 'Salavina', 22),
(420, 'Salliqueló', 1),
(421, 'Salto', 1),
(422, 'San Alberto', 6),
(423, 'San Andrés De Giles', 1),
(424, 'San Antonio', 10),
(425, 'San Antonio', 16),
(426, 'San Antonio De Areco', 1),
(427, 'San Blas De Los Sauces', 12),
(428, 'San Carlos', 13),
(429, 'San Carlos', 17),
(430, 'San Cayetano', 1),
(431, 'San Cosme', 7),
(432, 'San Cristóbal', 21),
(433, 'San Fernando', 1),
(434, 'San Fernando', 3),
(435, 'San Ignacio', 14),
(436, 'San Isidro', 1),
(437, 'San Javier', 6),
(438, 'San Javier', 14),
(439, 'San Javier', 21),
(440, 'San Jerónimo', 21),
(441, 'San Justo', 6),
(442, 'San Justo', 21),
(443, 'San Lorenzo', 3),
(444, 'San Lorenzo', 21),
(445, 'San Luis Del Palmar', 7),
(446, 'San Martín', 7),
(447, 'San Martín', 13),
(448, 'San Martín', 18),
(449, 'San Martín', 21),
(450, 'San Martín', 22),
(451, 'San Miguel', 1),
(452, 'San Miguel', 7),
(453, 'San Nicolás', 1),
(454, 'San Pedro', 1),
(455, 'San Pedro', 10),
(456, 'San Pedro', 14),
(457, 'San Rafael', 13),
(458, 'San Roque', 7),
(459, 'San Salvador', 8),
(460, 'San Vicente', 1),
(461, 'Sanagasta', 12),
(462, 'Santa Bárbara', 10),
(463, 'Santa Catalina', 10),
(464, 'Santa Lucía', 18),
(465, 'Santa María', 2),
(466, 'Santa María', 6),
(467, 'Santa Rosa', 2),
(468, 'Santa Rosa', 13),
(469, 'Santa Victoria', 17),
(470, 'Santo Tomé', 7),
(471, 'Sargento Cabral', 3),
(472, 'Sarmiento', 4),
(473, 'Sarmiento', 18),
(474, 'Sarmiento', 22),
(475, 'Sauce', 7),
(476, 'Silípica', 22),
(477, 'Simoca', 24),
(478, 'Sobremonte', 6),
(479, 'Suipacha', 1),
(480, 'Susques', 10),
(481, 'Tafí Del Valle', 24),
(482, 'Tafí Viejo', 24),
(483, 'Tala', 8),
(484, 'Tandil', 1),
(485, 'Tapalqué', 1),
(486, 'Tapenagá', 3),
(487, 'Tehuelches', 4),
(488, 'Telsen', 4),
(489, 'Tercero Arriba', 6),
(490, 'Tigre', 1),
(491, 'Tilcara', 10),
(492, 'Tinogasta', 2),
(493, 'Toay', 11),
(494, 'Tolhuin', 23),
(495, 'Tordillo', 1),
(496, 'Tornquist', 1),
(497, 'Totoral', 6),
(498, 'Trancas', 24),
(499, 'Trenel', 11),
(500, 'Trenque Lauquen', 1),
(501, 'Tres Arroyos', 1),
(502, 'Tres De Febrero', 1),
(503, 'Tres Lomas', 1),
(504, 'Tulumba', 6),
(505, 'Tumbaya', 10),
(506, 'Tunuyán', 13),
(507, 'Tupungato', 13),
(508, 'Ullum', 18),
(509, 'Unión', 6),
(510, 'Uruguay', 8),
(511, 'Ushuaia', 23),
(512, 'Utracán', 11),
(513, 'Valcheta', 16),
(514, 'Valle Fértil', 18),
(515, 'Valle Grande', 10),
(516, 'Valle Viejo', 2),
(517, 'Vera', 21),
(518, 'Vicente López', 1),
(519, 'Victoria', 8),
(520, 'Villa Constitución', 21),
(521, 'Villa Gesell', 1),
(522, 'Villaguay', 8),
(523, 'Villarino', 1),
(524, 'Vinchina', 12),
(525, 'Yaví', 10),
(526, 'Yerba Buena', 24),
(527, 'Zapala', 15),
(528, 'Zárate', 1),
(529, 'Zonda', 18);

-- --------------------------------------------------------

--
-- Estructura de tabla para la tabla `localidades`
--

CREATE TABLE `localidades` (
  `local_id` smallint(6) NOT NULL,
  `local_name` varchar(255) NOT NULL,
  `local_dpto_id` smallint(6) NOT NULL
) ENGINE=InnoDB DEFAULT CHARSET=utf8mb4;

--
-- Volcado de datos para la tabla `localidades`
--

INSERT INTO `localidades` (`local_id`, `local_name`, `local_dpto_id`) VALUES
(1, '1 De Agosto', 116),
(2, '1 De Mayo', 510),
(3, '1 De Mayo', 66),
(4, '10a. Seccion', 79),
(5, '11 De Octubre', 138),
(6, '11 De Septiembre', 502),
(7, '11a. Seccion', 79),
(8, '12 De Octubre', 9),
(9, '16 De Julio', 42),
(10, '17 De Agosto', 379),
(11, '1a. Seccion', 79),
(12, '20 De Junio', 268),
(13, '25 De Mayo', 4),
(14, '25 De Mayo', 380),
(15, '25 De Mayo', 457),
(16, '25 De Mayo', 6),
(17, '28 De Julio', 182),
(18, '28 De Noviembre', 234),
(19, '2a. Seccion', 79),
(20, '3 De Mayo', 286),
(21, '30 De Agosto', 500),
(22, '3a. Seccion', 79),
(23, '4a. Seccion', 79),
(24, '5a. Seccion', 79),
(25, '5ta Brigada', 211),
(26, '6a. Seccion', 79),
(27, '7 De Abril', 63),
(28, '7a. Seccion', 79),
(29, '8a. Seccion', 79),
(30, '9 De Abril', 167),
(31, '9 De Julio', 9),
(32, '9 De Julio', 458),
(33, '9 De Julio', 161),
(34, '9 De Julio', 12),
(35, '9 De Julio Kilometro 20', 161),
(36, '9a. Seccion', 79),
(37, 'Aaron Castellanos', 205),
(38, 'Abasto', 272),
(39, 'Abbott', 333),
(40, 'Abdon Castro Tolay', 113),
(41, 'Abra Grande', 45),
(42, 'Abra Pampa', 113),
(43, 'Abralaite', 113),
(44, 'Abramo', 236),
(45, 'Acassuso', 436),
(46, 'Acceso Norte', 164),
(47, 'Acebal', 412),
(48, 'Acevedo', 362),
(49, 'Acheral', 337),
(50, 'Achiras', 397),
(51, 'Aconquija', 26),
(52, 'Acoyte', 469),
(53, 'Adelia Maria', 397),
(54, 'Adolfo E. Carranza', 73),
(55, 'Adolfo Gonzales Chaves', 16),
(56, 'Adolfo Van Praet', 393),
(57, 'Adrogue', 21),
(58, 'Aerolito', 339),
(59, 'Aeropuerto Internacional Ezeiza', 255),
(60, 'Agrelo', 308),
(61, 'Agronomia', 125),
(62, 'Agua De Castilla', 113),
(63, 'Agua De Oro', 116),
(64, 'Agua Escondida', 315),
(65, 'Aguada Cecilio', 513),
(66, 'Aguada De Guerra', 7),
(67, 'Aguada Guzman', 160),
(68, 'Aguada San Roque', 27),
(69, 'Aguara Grande', 432),
(70, 'Aguaray', 198),
(71, 'Aguas Blancas', 350),
(72, 'Aguas Calientes', 159),
(73, 'Aguas Verdes', 267),
(74, 'Aguilares', 396),
(75, 'Agustin Mosconi', 4),
(76, 'Agustin Roca', 260),
(77, 'Agustina', 260),
(78, 'Agustoni', 318),
(79, 'AicuÑa', 143),
(80, 'Aimogasta', 33),
(81, 'Alba Posse', 6),
(82, 'Albarellos', 412),
(83, 'Alberdi', 347),
(84, 'Alberdi Viejo', 288),
(85, 'Alberti', 20),
(86, 'Alcaraz', 270),
(87, 'Alcira', 397),
(88, 'Alcorta', 520),
(89, 'Aldao', 90),
(90, 'Aldao', 444),
(91, 'Aldea Apeleg', 403),
(92, 'Aldea Asuncion', 227),
(93, 'Aldea Beleiro', 403),
(94, 'Aldea Brasilera', 155),
(95, 'Aldea Epulef', 279),
(96, 'Aldea Escolar', 181),
(97, 'Aldea Grapschental', 155),
(98, 'Aldea Maria Luisa', 353),
(99, 'Aldea Protestante', 155),
(100, 'Aldea Salto', 155),
(101, 'Aldea San Antonio', 228),
(102, 'Aldea San Francisco', 155),
(103, 'Aldea San Juan', 228),
(104, 'Aldea San Juan', 353),
(105, 'Aldea San Rafael', 353),
(106, 'Aldea Santa Maria', 353),
(107, 'Aldea Santa Maria', 509),
(108, 'Aldea Santa Rosa', 353),
(109, 'Aldea Spatzenkutter', 155),
(110, 'Aldea Valle Maria', 155),
(111, 'Alderetes', 148),
(112, 'Aldo Bonzi', 268),
(113, 'Alejandra', 439),
(114, 'Alejandro Korn', 460),
(115, 'Alejandro Petion', 72),
(116, 'Alejandro Roca', 259),
(117, 'Alejo Ledesma', 319),
(118, 'Alfredo Demarchi', 9),
(119, 'Algarrobo Del Aguila', 104),
(120, 'Alhuampa', 339),
(121, 'Alicia', 441),
(122, 'Alicia Baja', 6),
(123, 'Alijilan', 467),
(124, 'Allen', 215),
(125, 'Almafuerte', 289),
(126, 'Almafuerte', 489),
(127, 'Almagro', 129),
(128, 'Almirante Brown', 116),
(129, 'Almirante Brown', 206),
(130, 'Alpa Corral', 397),
(131, 'Alpachiri', 105),
(132, 'Alpachiri', 232),
(133, 'Alpasinche', 427),
(134, 'Alta Gracia', 466),
(135, 'Alta Italia', 393),
(136, 'Altamirano', 62),
(137, 'Altamirano Sur', 483),
(138, 'Alto Alegre', 509),
(139, 'Alto Carrizal', 170),
(140, 'Alto De La Sierra', 406),
(141, 'Alto De Las Juntas', 26),
(142, 'Alto De Los Quebrachos', 149),
(143, 'Alto De Sierra', 464),
(144, 'Alto Los Cardales', 70),
(145, 'Alto Pelado', 258),
(146, 'Alto Pencoso', 258),
(147, 'Alto Resbaloso - El Barrial', 437),
(148, 'Alto Rio Senguer', 403),
(149, 'Alto Verde', 447),
(150, 'Alto Verde', 105),
(151, 'Altos De Chipion', 441),
(152, 'Alumine', 23),
(153, 'Alvarez', 412),
(154, 'Alvarez De Toledo', 418),
(155, 'Alvarez Jonte', 382),
(156, 'Alvear', 187),
(157, 'Alvear', 412),
(158, 'Amadores', 351),
(159, 'Amaicha Del Valle', 481),
(160, 'Amana', 243),
(161, 'Amanao', 26),
(162, 'Ambil', 208),
(163, 'Amboy', 67),
(164, 'Ambrosetti', 432),
(165, 'Ambul', 422),
(166, 'Amenabar', 205),
(167, 'America', 404),
(168, 'Aminga', 92),
(169, 'Ampascachi', 274),
(170, 'Amuschina', 427),
(171, 'Ana Zumaran', 509),
(172, 'AÑatuya', 219),
(173, 'Ancajan', 111),
(174, 'Ancasti', 25),
(175, 'Anchorena', 222),
(176, 'Andacollo', 330),
(177, 'Andalgala', 26),
(178, 'Andalhuala', 465),
(179, 'Andant', 153),
(180, 'Andolucas', 427),
(181, 'Andrade', 405),
(182, 'AÑelo', 27),
(183, 'Angastaco', 429),
(184, 'Angel Etcheverry', 272),
(185, 'Angel Gallardo', 265),
(186, 'Angelica', 90),
(187, 'Angeloni', 442),
(188, 'Angualasto', 240),
(189, 'Anguil', 77),
(190, 'Anguinan', 107),
(191, 'Angulos', 170),
(192, 'Anillaco', 92),
(193, 'Anillaco', 492),
(194, 'Animana', 429),
(195, 'Anisacate', 466),
(196, 'Anjullon', 92),
(197, 'Anquincila', 25),
(198, 'Antaje', 45),
(199, 'Antelo', 519),
(200, 'Antilla', 413),
(201, 'Antinaco', 170),
(202, 'Antinaco', 492),
(203, 'Antofagasta De La Sierra', 31),
(204, 'Antofalla', 31),
(205, 'Antonio Carboni', 300),
(206, 'Anzoategui', 68),
(207, 'Aparicio', 142),
(208, 'Aparzo', 238),
(209, 'Apolinario Saravia', 29),
(210, 'Apostoles', 32),
(211, 'Apoyaco', 375),
(212, 'Arana', 272),
(213, 'Aranguren', 343),
(214, 'Arata', 499),
(215, 'Arauco', 33),
(216, 'Arbilla', 412),
(217, 'Arboledas', 153),
(218, 'Arcadia', 105),
(219, 'Ardiles', 45),
(220, 'Area Cinturon Ecologico', 37),
(221, 'Area De Promocion El Triangulo', 316),
(222, 'Arenas Verdes', 299),
(223, 'Arenaza', 298),
(224, 'Arequito', 89),
(225, 'Argentina', 17),
(226, 'Argerich', 523),
(227, 'Arias', 319),
(228, 'Ariel', 42),
(229, 'Aristobulo Del Valle', 66),
(230, 'Arizona', 222),
(231, 'Arminda', 412),
(232, 'Armstrong', 50),
(233, 'Arocena', 440),
(234, 'Arraga', 476),
(235, 'Arrayanal', 455),
(236, 'Arrecifes', 34),
(237, 'Arribe¥os', 190),
(238, 'Arroyito', 441),
(239, 'Arroyito', 138),
(240, 'Arroyo Aguiar', 265),
(241, 'Arroyo Algodon', 217),
(242, 'Arroyo Baru', 117),
(243, 'Arroyo Cabral', 217),
(244, 'Arroyo Ceibal', 207),
(245, 'Arroyo Colorado', 455),
(246, 'Arroyo Corto', 416),
(247, 'Arroyo De La Cruz', 168),
(248, 'Arroyo Del Medio', 289),
(249, 'Arroyo Dulce', 421),
(250, 'Arroyo Leyes', 265),
(251, 'Arroyo Los Berros', 513),
(252, 'Arroyo Los Patos', 422),
(253, 'Arroyo San Antonio', 67),
(254, 'Arroyo Seco', 412),
(255, 'Arroyo Venado', 229),
(256, 'Arroyo Ventana', 513),
(257, 'Arroyo Verde', 59),
(258, 'Arrufo', 432),
(259, 'Arteaga', 89),
(260, 'Arturo Segui', 272),
(261, 'Asamblea', 61),
(262, 'Ascension', 190),
(263, 'Ascochinga', 116),
(264, 'Assunta', 259),
(265, 'Astica', 514),
(266, 'Astra', 164),
(267, 'Atahona', 400),
(268, 'Atahona', 477),
(269, 'Atalaya', 311),
(270, 'Ataliva', 90),
(271, 'Ataliva Roca', 512),
(272, 'Atlantida', 317),
(273, 'Atocha', 81),
(274, 'Aurelia', 90),
(275, 'Ausonia', 217),
(276, 'Avellaneda', 37),
(277, 'Avellaneda', 246),
(278, 'Avellaneda', 207),
(279, 'Averias', 219),
(280, 'Avia Terai', 242),
(281, 'Ayacucho', 40),
(282, 'Azara', 32),
(283, 'Azcuenaga', 423),
(284, 'Azopardo', 379),
(285, 'Azul', 42),
(286, 'Bagual', 222),
(287, 'Bahia Blanca', 43),
(288, 'Bahia Bustamante', 164),
(289, 'Bahia Creek', 15),
(290, 'Bahia San Blas', 356),
(291, 'Baigorrita', 220),
(292, 'Bajada Del Agrio', 365),
(293, 'Bajo Caracoles', 395),
(294, 'Bajo Carrizal', 170),
(295, 'Bajo Hondo', 141),
(296, 'Bajo San Cayetano', 215),
(297, 'Balcarce', 44),
(298, 'Balde', 258),
(299, 'Balde De La Punta', 73),
(300, 'Balde Del Rosario', 514),
(301, 'Ballesteros', 509),
(302, 'Ballesteros Sur', 509),
(303, 'Balnearia', 441),
(304, 'Balneario La Verde', 432),
(305, 'Balneario Laguna De Gomez', 260),
(306, 'Balneario Marisol', 142),
(307, 'Balneario Monje', 440),
(308, 'Balneario Orense', 501),
(309, 'Balneario Pehuen Co', 141),
(310, 'Balneario San Cayetano', 430),
(311, 'Balneario Sauce Grande', 335),
(312, 'Balvanera', 127),
(313, 'BaÑado De Los Pantanos', 33),
(314, 'BaÑado De Ovanta', 467),
(315, 'BaÑado De Soto', 149),
(316, 'Bananal', 290),
(317, 'Banco Payagua', 278),
(318, 'Banda De Lucero', 492),
(319, 'Banda Del Rio Sali', 148),
(320, 'Banda Florida', 143),
(321, 'Bandera', 51),
(322, 'Bandera Bajada', 174),
(323, 'Banderalo', 221),
(324, 'Banfield', 301),
(325, 'Baradero', 46),
(326, 'Barcena', 505),
(327, 'Barda Del Medio', 215),
(328, 'Bario Ita', 336),
(329, 'Barker', 53),
(330, 'Barra Concepcion', 135),
(331, 'Barracas', 128),
(332, 'Barranca Larga', 48),
(333, 'Barrancas', 314),
(334, 'Barrancas', 359),
(335, 'Barrancas', 440),
(336, 'Barranqueras', 434),
(337, 'Barreal', 69),
(338, 'Barrio 12 De Octubre', 468),
(339, 'Barrio 25 De Mayo', 164),
(340, 'Barrio Adina I Y Ii', 308),
(341, 'Barrio Aeropuerto', 148),
(342, 'Barrio Alto Del Olvido', 286),
(343, 'Barrio America Unida', 377),
(344, 'Barrio Araujo', 309),
(345, 'Barrio Arroyo Del Medio', 520),
(346, 'Barrio Banco Provincia', 55),
(347, 'Barrio Belgrano', 72),
(348, 'Barrio Belgrano Norte', 507),
(349, 'Barrio Blanco', 215),
(350, 'Barrio Caima', 440),
(351, 'Barrio Caleta Cordova', 164),
(352, 'Barrio Caleta Olivares', 164),
(353, 'Barrio Calle Ciega N? 10', 215),
(354, 'Barrio Calle Ciega N? 6', 215),
(355, 'Barrio Campos El Toledano', 457),
(356, 'Barrio Canale', 215),
(357, 'Barrio Carrasco', 428),
(358, 'Barrio Casa Rosada', 169),
(359, 'Barrio Castelli', 164),
(360, 'Barrio Chacra Monte', 215),
(361, 'Barrio Chivilcoy', 447),
(362, 'Barrio Cicarelli', 244),
(363, 'Barrio Ciudadela', 164),
(364, 'Barrio Colinas Verdes', 213),
(365, 'Barrio Colonia Conesa', 137),
(366, 'Barrio Cooperativa Los Campamentos', 405),
(367, 'Barrio Costa Este', 215),
(368, 'Barrio Costa Linda', 215),
(369, 'Barrio Costa Oeste', 215),
(370, 'Barrio Cuatro Bocas', 336),
(371, 'Barrio De Los Pescadores', 2),
(372, 'Barrio Del Lago', 71),
(373, 'Barrio Destacamento', 215),
(374, 'Barrio Echeverria', 457),
(375, 'Barrio El Boqueron', 213),
(376, 'Barrio El Carmen (este)', 55),
(377, 'Barrio El Carmen (oeste)', 272),
(378, 'Barrio El Casal', 213),
(379, 'Barrio El Cepillo', 428),
(380, 'Barrio El Congreso', 96),
(381, 'Barrio El Coyunco', 213),
(382, 'Barrio El Cruce', 482),
(383, 'Barrio El Jardin De San Martin', 198),
(384, 'Barrio El Labrador', 215),
(385, 'Barrio El Maruchito', 215),
(386, 'Barrio El Milagro', 159),
(387, 'Barrio El Milagro', 198),
(388, 'Barrio El Mirador', 62),
(389, 'Barrio El Nevado', 457),
(390, 'Barrio El Pacaa - Barrio Comipini', 440),
(391, 'Barrio El Petroleo', 215),
(392, 'Barrio El Pilar', 47),
(393, 'Barrio El Taladro', 72),
(394, 'Barrio El Treinta', 215),
(395, 'Barrio Emanuel', 447),
(396, 'Barrio Emergente', 215),
(397, 'Barrio Empleados De Comercio', 457),
(398, 'Barrio Escuela 461', 347),
(399, 'Barrio Escuela 633', 347),
(400, 'Barrio Esperanza', 363),
(401, 'Barrio Frontera', 215),
(402, 'Barrio Gambier', 272),
(403, 'Barrio Gasoducto', 164),
(404, 'Barrio Gilbert', 466),
(405, 'Barrio Gilbert (1° De Mayo)', 466),
(406, 'Barrio Goretti', 215),
(407, 'Barrio Guatambu', 336),
(408, 'Barrio GÜemes', 164),
(409, 'Barrio Guerrico', 215),
(410, 'Barrio Intendencia', 457),
(411, 'Barrio Isla 10', 215),
(412, 'Barrio Jesus De Nazaret', 314),
(413, 'Barrio Jocoli Ii', 286),
(414, 'Barrio Justo P. Castro Iv', 95),
(415, 'Barrio Kennedy', 200),
(416, 'Barrio La Barda', 215),
(417, 'Barrio La Costa', 215),
(418, 'Barrio La Costa', 215),
(419, 'Barrio La Defensa', 215),
(420, 'Barrio La Esperanza', 286),
(421, 'Barrio La Estacion', 447),
(422, 'Barrio La Gloria', 213),
(423, 'Barrio La Herradura', 215),
(424, 'Barrio La Lor', 215),
(425, 'Barrio La Palmera', 286),
(426, 'Barrio La Pega', 286),
(427, 'Barrio La Ribera - Barrio Apycar', 215),
(428, 'Barrio La Rotonda', 106),
(429, 'Barrio La Union', 159),
(430, 'Barrio Lagunas De Bartoluzzi', 286),
(431, 'Barrio Laprida', 164),
(432, 'Barrio Las Angustias', 215),
(433, 'Barrio Las Casuarinas', 307),
(434, 'Barrio Las Golondrinas', 62),
(435, 'Barrio Las Malvinas', 272),
(436, 'Barrio Las Margaritas', 410),
(437, 'Barrio Las Quintas', 272),
(438, 'Barrio Las Quintas', 466),
(439, 'Barrio Las Rosas', 457),
(440, 'Barrio Las Tunas', 96),
(441, 'Barrio Lomas Altas', 103),
(442, 'Barrio Lomas De Tafi', 482),
(443, 'Barrio Los Bosquecitos', 62),
(444, 'Barrio Los Charabones', 447),
(445, 'Barrio Los Jarilleros', 286),
(446, 'Barrio Los Olivos', 286),
(447, 'Barrio Los Olmos', 96),
(448, 'Barrio Los Pinares', 96),
(449, 'Barrio Los Pioneros', 70),
(450, 'Barrio Luisillo', 215),
(451, 'Barrio Manantial Rosales', 164),
(452, 'Barrio Mar Del Plata', 215),
(453, 'Barrio Maria Auxiliadora', 468),
(454, 'Barrio Maria Elvira', 215),
(455, 'Barrio Militar - Aeropuerto Militar', 164),
(456, 'Barrio Mitre', 520),
(457, 'Barrio Molina Cabrera', 468),
(458, 'Barrio MoÑo Azul', 215),
(459, 'Barrio Morabo', 216),
(460, 'Barrio Mosconi', 215),
(461, 'Barrio Municipal', 374),
(462, 'Barrio Mutual San Martin', 482),
(463, 'Barrio Norte', 215),
(464, 'Barrio Ntra. Sra. De Fatima', 447),
(465, 'Barrio Nuevo Garupa', 80),
(466, 'Barrio Nuevo Rio Ceballos', 116),
(467, 'Barrio Parada 14', 482),
(468, 'Barrio Parque General San Martin', 112),
(469, 'Barrio Parque Las Acacias', 62),
(470, 'Barrio Perdriel Iv', 308),
(471, 'Barrio Pinar', 215),
(472, 'Barrio Pino Azul', 215),
(473, 'Barrio Planta Compresora De Gas', 137),
(474, 'Barrio Porvenir', 215),
(475, 'Barrio Presidente Peron', 215),
(476, 'Barrio Primavera', 457),
(477, 'Barrio Prospero Palazzo', 164),
(478, 'Barrio Puente 83', 215),
(479, 'Barrio Puente De Madera', 215),
(480, 'Barrio Restinga Ali', 164),
(481, 'Barrio Rio Salado', 209),
(482, 'Barrio Rivadavia', 405),
(483, 'Barrio Rodriguez PeÑa', 164),
(484, 'Barrio Ruca Luhe', 138),
(485, 'Barrio Rural', 32),
(486, 'Barrio Ruta 24 Kilometro 10', 216),
(487, 'Barrio Ruta 24 Km. 10', 216),
(488, 'Barrio Ruta 40', 374),
(489, 'Barrio Ruta Sol', 272),
(490, 'Barrio Saavedra', 528),
(491, 'Barrio Saavedra', 164),
(492, 'Barrio Sadop', 448),
(493, 'Barrio San Cayetano', 506),
(494, 'Barrio San Cayetano', 103),
(495, 'Barrio San Felipe', 309),
(496, 'Barrio San Jorge', 63),
(497, 'Barrio San Jose Iii', 526),
(498, 'Barrio San Jose Iii', 526),
(499, 'Barrio San Rafael', 81),
(500, 'Barrio Santa Isabel', 381),
(501, 'Barrio Santa Paula', 213),
(502, 'Barrio Santa Rita', 215),
(503, 'Barrio Santa Rosa', 320),
(504, 'Barrio Santa Teresita', 106),
(505, 'Barrio Sarmiento', 164),
(506, 'Barrio Tres Luces', 215),
(507, 'Barrio Tungoil', 435),
(508, 'Barrio U.t.a. Ii', 482),
(509, 'Barrio Union', 38),
(510, 'Barrio Union', 215),
(511, 'Barrio Universitario', 55),
(512, 'Barrio Villa Del Parque', 466),
(513, 'Barrio Villa S.u.p.e.', 164),
(514, 'Barrio Virgen Del Rosario', 286),
(515, 'Barrios', 525),
(516, 'Barrios Acapulco Y Veracruz', 90),
(517, 'Barrios Lisandro De La Torre Y Santa Marta', 320),
(518, 'Bartolome De Las Casas', 357),
(519, 'Bartolome De Las Casas', 357),
(520, 'Basail', 434),
(521, 'Basavilbaso', 510),
(522, 'Batan', 213),
(523, 'Batavia', 222),
(524, 'Bauer Y Sigel', 90),
(525, 'Bayauca', 298),
(526, 'Beazley', 258),
(527, 'Beccar', 436),
(528, 'Belen', 48),
(529, 'Belen De Escobar', 165),
(530, 'Belgrano', 123),
(531, 'Bell Ville', 509),
(532, 'Bella Italia', 90),
(533, 'Bella Vista', 240),
(534, 'Bella Vista', 287),
(535, 'Bella Vista', 451),
(536, 'Bella Vista', 52),
(537, 'Bellocq', 86),
(538, 'Beltran', 409),
(539, 'Benavidez', 490),
(540, 'Bengolea', 259),
(541, 'Benitez', 109),
(542, 'Benito Juarez', 53),
(543, 'Benito Legeren', 136),
(544, 'Benjamin Gould', 509),
(545, 'Beravebu', 89),
(546, 'Berazategui', 54),
(547, 'Berazategui Oeste', 54),
(548, 'Berdier', 421),
(549, 'Berisso', 55),
(550, 'Bermejito', 290),
(551, 'Bermejo', 233),
(552, 'Bermejo', 95),
(553, 'Bermudez', 298),
(554, 'Berna', 207),
(555, 'Bernal', 385),
(556, 'Bernal Oeste', 385),
(557, 'Bernardo De Irigoyen', 206),
(558, 'Bernardo De Irigoyen', 440),
(559, 'Bernardo Larroude', 102),
(560, 'Bernasconi', 236),
(561, 'Beron De Astrada', 58),
(562, 'Berrotaran', 397),
(563, 'Berutti', 500),
(564, 'Betbeder', 343),
(565, 'Bialet Masse', 381),
(566, 'Bialet Masse', 381),
(567, 'Bigand', 89),
(568, 'Billinghurst', 112),
(569, 'Blancagrande', 349),
(570, 'Blanco Encalada', 284),
(571, 'Blancuntre', 184),
(572, 'Blaquier', 176),
(573, 'Boca', 128),
(574, 'Bocayuva', 360),
(575, 'Boedo', 129),
(576, 'Bombal', 520),
(577, 'Bonpland', 71),
(578, 'Bonpland', 355),
(579, 'Bordenave', 379),
(580, 'Bosques', 175),
(581, 'Boulogne Sur Mer', 436),
(582, 'Bouquet', 50),
(583, 'Bouwer', 466),
(584, 'Bovril', 270),
(585, 'Bowen', 188),
(586, 'Bragado', 61),
(587, 'Brea Pozo', 450),
(588, 'Brinckmann', 441),
(589, 'Buen Pasto', 472),
(590, 'Buena Esperanza', 222),
(591, 'Buena Nueva', 233),
(592, 'Buena Vista', 367),
(593, 'Buena Vista', 26),
(594, 'Buenos Aires Chico', 152),
(595, 'Bulnes', 397),
(596, 'Burzaco', 21),
(597, 'Bustinza', 244),
(598, 'Buta Ranquil', 359),
(599, 'C.c. Bosque Real', 216),
(600, 'Caa - Yari', 289),
(601, 'Cabal', 265),
(602, 'Cabalango', 381),
(603, 'Caballito', 130),
(604, 'Cabildo', 43),
(605, 'Cabra Corral', 274),
(606, 'Caburei', 206),
(607, 'Cachari', 42),
(608, 'Cacheuta', 308),
(609, 'Cachi', 64),
(610, 'Cachirulo', 493),
(611, 'Cacique Ariacaiquin', 439),
(612, 'Cadret', 86),
(613, 'Cafayate', 65),
(614, 'Cafferata', 205),
(615, 'Caimancito', 290),
(616, 'Calabacilla', 136),
(617, 'Calchaqui', 517),
(618, 'Calchin', 402),
(619, 'Calchin Oeste', 402),
(620, 'Caleta Olivia', 154),
(621, 'Caleufu', 389),
(622, 'Calilegua', 290),
(623, 'Calingasta', 69),
(624, 'Camarones', 177),
(625, 'Camet', 213),
(626, 'Camet Norte', 317),
(627, 'Camilo Aldao', 319),
(628, 'Caminiaga', 478),
(629, 'Campamento Vespucio', 198),
(630, 'Campana', 70),
(631, 'Campanas', 170),
(632, 'Campichuelo', 198),
(633, 'Campo Afuera', 18),
(634, 'Campo Andino', 265),
(635, 'Campo De Herrera', 169),
(636, 'Campo De Mayo', 451),
(637, 'Campo Duran', 198),
(638, 'Campo Gallo', 19),
(639, 'Campo Grande', 66),
(640, 'Campo La Cruz', 469),
(641, 'Campo Largo', 242),
(642, 'Campo Los Andes', 506),
(643, 'Campo Quijano', 414),
(644, 'Campo Ramon', 347),
(645, 'Campo Santo', 196),
(646, 'Campo Viera', 347),
(647, 'Campos De Roca', 62),
(648, 'Campos Del Virrey', 466),
(649, 'Campos Salles', 453),
(650, 'CaÑada De Gomez', 244),
(651, 'CaÑada De Luque', 497),
(652, 'CaÑada De Machado', 400),
(653, 'CaÑada De Rio Pinto', 246),
(654, 'CaÑada Del Sauce', 67),
(655, 'CaÑada Del Ucle', 205),
(656, 'CaÑada Escobar', 45),
(657, 'CaÑada Honda', 473),
(658, 'CaÑada Ombu', 517),
(659, 'CaÑada Rica', 520),
(660, 'CaÑada Rosquin', 449),
(661, 'CaÑadon Chileno', 369),
(662, 'CaÑadon Seco', 154),
(663, 'Canals', 509),
(664, 'Candelaria', 71),
(665, 'Candelaria', 41),
(666, 'Candelaria Sur', 497),
(667, 'Candioti', 265),
(668, 'Cangrejillos', 525),
(669, 'Canning', 167),
(670, 'Canning', 255),
(671, 'Canteras El Sauce', 116),
(672, 'Canteras Quilpo', 149),
(673, 'Capayan', 73),
(674, 'Capdevila', 284),
(675, 'Capiazuti', 198),
(676, 'Capilla De Los Remedios', 400),
(677, 'Capilla De Siton', 497),
(678, 'Capilla Del Carmen', 402),
(679, 'Capilla Del Monte', 381),
(680, 'Capilla Del Rosario', 233),
(681, 'Capilla Del Se¥or', 168),
(682, 'Capilla Vieja', 67),
(683, 'Capiovi', 294),
(684, 'CapioviciÑo', 294),
(685, 'Capitan Bermudez', 444),
(686, 'Capitan Caceres', 337),
(687, 'Capitan Castro', 358),
(688, 'Capitan General Bernardo O`higgins', 319),
(689, 'Capitan Juan Page', 406),
(690, 'Capitan Montoya', 457),
(691, 'Capitan Sarmiento', 85),
(692, 'Capitan Solari', 471),
(693, 'Capivara', 432),
(694, 'Caraguatay', 336),
(695, 'Carahunco', 352),
(696, 'Carapachay', 518),
(697, 'Carboncito', 198),
(698, 'CarcaraÑa', 444),
(699, 'Cardenal Cagliero', 356),
(700, 'Carhue', 14),
(701, 'Carilo', 371),
(702, 'Carlos Beguerie', 411),
(703, 'Carlos Casares', 86),
(704, 'Carlos Keen', 307),
(705, 'Carlos Maria Naon', 9),
(706, 'Carlos Pellegrini', 449),
(707, 'Carlos Salas', 298),
(708, 'Carlos Spegazzini', 255),
(709, 'Carlos Tejedor', 87),
(710, 'Carlos Tomas Sourigues', 54),
(711, 'Carmen', 205),
(712, 'Carmen De Areco', 88),
(713, 'Carmen De Patagones', 356),
(714, 'Carmen Del Sauce', 412),
(715, 'Carmensa', 188),
(716, 'Carnerillo', 259),
(717, 'Carolina', 145),
(718, 'Carpinteria', 374),
(719, 'Carpinteria', 262),
(720, 'Carrenleufu', 279),
(721, 'Carreras', 205),
(722, 'Carrilobo', 402),
(723, 'Carrizales', 244),
(724, 'Carro Quemado', 306),
(725, 'Carrodilla', 308),
(726, 'Casa Bamba', 116),
(727, 'Casa Colorada', 394),
(728, 'Casa De Piedra', 380),
(729, 'Casa De Piedra', 269),
(730, 'Casa De Piedra', 465),
(731, 'Casa Grande', 381),
(732, 'Casabindo', 113),
(733, 'Casalegno', 440),
(734, 'Casalins', 366),
(735, 'Casares', 17),
(736, 'Casas', 449),
(737, 'Casbas', 229),
(738, 'Cascadas', 146),
(739, 'Caseros', 502),
(740, 'Caseros', 510),
(741, 'Caseros Centro', 466),
(742, 'Casilda', 89),
(743, 'Casira', 463),
(744, 'Caspala', 515),
(745, 'Caspi Corral', 174),
(746, 'Caspichango', 465),
(747, 'Castelar', 340),
(748, 'Castelar', 449),
(749, 'Castellanos', 90),
(750, 'Castelli', 91),
(751, 'Castilla', 97),
(752, 'Castro Barros', 193),
(753, 'Catriel', 215),
(754, 'Catrilo', 94),
(755, 'Catua', 480),
(756, 'Caucete', 95),
(757, 'Causana', 466),
(758, 'Cavanagh', 319),
(759, 'Caviahue', 344),
(760, 'Cavour', 282),
(761, 'Cayasta', 183),
(762, 'Cayastacito', 442),
(763, 'Cazador', 258),
(764, 'Cazadores Correntinos', 151),
(765, 'Cazon', 418),
(766, 'Ca¥ada Seca', 221),
(767, 'Ca¥uelas', 72),
(768, 'Cc El Tipal', 81),
(769, 'Cc La Almudena', 81),
(770, 'Ceballos', 102),
(771, 'Ceibalito', 29),
(772, 'Ceibas', 248),
(773, 'Centenario', 138),
(774, 'Centeno', 440),
(775, 'Centinela Del Mar', 185),
(776, 'Centro 25 De Junio', 29),
(777, 'Centro Forestal', 352),
(778, 'Centro Guerrero', 91),
(779, 'Cepeda', 520),
(780, 'Ceres', 432),
(781, 'Cerrillos', 96),
(782, 'Cerrito', 353),
(783, 'Cerro Azul', 289),
(784, 'Cerro Colorado', 258),
(785, 'Cerro Colorado', 401),
(786, 'Cerro Condor', 354),
(787, 'Cerro Cora', 71),
(788, 'Cerro De La Gloria (canal 15)', 91),
(789, 'Cerro De Oro', 262),
(790, 'Cerro Negro', 492),
(791, 'Cerro Policia', 160),
(792, 'Cervantes', 215),
(793, 'Chabas', 89),
(794, 'Chacabuco', 97),
(795, 'Chacarita', 125),
(796, 'Chacharramendi', 512),
(797, 'Chacras De Coria', 308),
(798, 'Chacras Del Rio Lujan', 70),
(799, 'Chajan', 397),
(800, 'Chajari', 171),
(801, 'Chalacea', 400),
(802, 'Chalican', 290),
(803, 'Chamical', 101),
(804, 'ChaÑar', 193),
(805, 'ChaÑar Ladeado', 89),
(806, 'ChaÑar Pozo De Abajo', 399),
(807, 'ChaÑar Punco', 465),
(808, 'ChaÑar Viejo', 401),
(809, 'ChaÑarmuyo', 170),
(810, 'Chancani', 373),
(811, 'Chapadmalal', 213),
(812, 'Chapanay', 447),
(813, 'Chapuy', 205),
(814, 'Chaquiago', 26),
(815, 'Charadai', 486),
(816, 'Charata', 98),
(817, 'Charbonier', 381),
(818, 'Charras', 259),
(819, 'Chascomus', 103),
(820, 'Chasico', 496),
(821, 'Chauchillas', 399),
(822, 'Chaupi Pozo', 45),
(823, 'Chaupihuasi', 427),
(824, 'Chavarria', 458),
(825, 'Chazon', 217),
(826, 'Chelforo', 38),
(827, 'Chepes', 415),
(828, 'Chichinales', 215),
(829, 'Chiclana', 358),
(830, 'Chicoana', 106),
(831, 'Chilca Juliana', 419),
(832, 'Chilecito', 107),
(833, 'Chilecito', 428),
(834, 'Chilibroste', 509),
(835, 'Chillar', 42),
(836, 'Chimbas', 108),
(837, 'Chimpay', 38),
(838, 'Chivilcoy', 447),
(839, 'Chivilcoy', 109),
(840, 'Choele Choel', 38),
(841, 'Cholila', 152),
(842, 'Choromoro', 498),
(843, 'Chorotis', 179),
(844, 'Chorriaca', 302),
(845, 'Chos Malal', 110),
(846, 'Chosmes', 258),
(847, 'Chovet', 205),
(848, 'Choya', 111),
(849, 'Choya', 26),
(850, 'Christophersen', 205),
(851, 'Chuchucaruana', 24),
(852, 'Chucul', 397),
(853, 'Chucuma', 514),
(854, 'Chumbicha', 73),
(855, 'ChuÑa', 246),
(856, 'ChuÑa Huasi', 478),
(857, 'Chuquis', 92),
(858, 'Churqui CaÑada', 504),
(859, 'Churruca', 502),
(860, 'Cianzo', 238),
(861, 'Cienaga Del Coro', 329),
(862, 'Cienaguita', 473),
(863, 'Cienega', 463),
(864, 'Cieneguillas', 463),
(865, 'Ciervo Petiso', 293),
(866, 'Cinco Saltos', 215),
(867, 'Cinco Saltos', 215),
(868, 'Cintra', 509),
(869, 'Cipolletti', 215),
(870, 'Cipolletti', 215),
(871, 'City Bell', 272),
(872, 'Ciudad De La Punta', 258),
(873, 'Ciudad De Los NiÑos', 116),
(874, 'Ciudad De San Martin', 447),
(875, 'Ciudad Del Libertador General San Martin', 112),
(876, 'Ciudad Evita', 268),
(877, 'Ciudad Jardin El Libertador', 112),
(878, 'Ciudad Jardin Lomas Del Palomar', 502),
(879, 'Ciudadela', 502),
(880, 'Claraz', 342),
(881, 'Claromeco', 501),
(882, 'Classon', 244),
(883, 'Claypole', 21),
(884, 'Clemente Onelli', 7),
(885, 'Clodomira', 45),
(886, 'Clodomiro Ledesma', 136),
(887, 'Clorinda', 370),
(888, 'Club De Campo Las Malvinas', 62),
(889, 'Club De Campo Los Puentes', 307),
(890, 'Cobos', 196),
(891, 'Cobres', 273),
(892, 'Cochinoca', 113),
(893, 'Coctaca', 238),
(894, 'Coghlan', 122),
(895, 'Colalao Del Valle', 481),
(896, 'Colan Conhue', 279),
(897, 'Colan Conue', 7),
(898, 'Colana', 375),
(899, 'Colazo', 402),
(900, 'Colegiales', 123),
(901, 'Collagasta', 180),
(902, 'Colmena', 517),
(903, 'Colombres', 148),
(904, 'Colon', 115),
(905, 'Colon', 117),
(906, 'Colonia 10 De Julio', 441),
(907, 'Colonia Aborigen', 5),
(908, 'Colonia Alemana', 171),
(909, 'Colonia Alicia', 6),
(910, 'Colonia Almada', 489),
(911, 'Colonia Alpina', 408),
(912, 'Colonia Ana', 432),
(913, 'Colonia Anguinan', 107),
(914, 'Colonia Anita', 441),
(915, 'Colonia Aurora', 6),
(916, 'Colonia Avellaneda', 353),
(917, 'Colonia Avigdor', 270),
(918, 'Colonia Ayui', 136),
(919, 'Colonia Baranda', 434),
(920, 'Colonia Barge', 319),
(921, 'Colonia Baron', 384),
(922, 'Colonia Belgrano', 449),
(923, 'Colonia Benitez', 2),
(924, 'Colonia Bicha', 90),
(925, 'Colonia Bismarck', 509),
(926, 'Colonia Bossi', 432),
(927, 'Colonia Bremen', 509),
(928, 'Colonia Campo VillafaÑe', 372),
(929, 'Colonia Carlos Pellegrini', 446),
(930, 'Colonia Carolina', 224),
(931, 'Colonia Caroya', 116),
(932, 'Colonia Catinzaco', 107),
(933, 'Colonia Cello', 90),
(934, 'Colonia Crespo', 353),
(935, 'Colonia Del Valle', 73),
(936, 'Colonia Dolores', 442),
(937, 'Colonia Dora', 39),
(938, 'Colonia Duran', 439),
(939, 'Colonia El Simbolar', 409),
(940, 'Colonia Elia', 510),
(941, 'Colonia Elisa', 471),
(942, 'Colonia Ensayo', 155),
(943, 'Colonia Fatima', 215),
(944, 'Colonia Fiorito', 12),
(945, 'Colonia Fiscal', 473),
(946, 'Colonia General Roca', 136),
(947, 'Colonia Gutierrez', 464),
(948, 'Colonia Hinojo', 349),
(949, 'Colonia Hugues', 117),
(950, 'Colonia Italiana', 319),
(951, 'Colonia Iturraspe', 441),
(952, 'Colonia Julia Y Echarren', 363),
(953, 'Colonia Las Cuatro Esquinas', 400),
(954, 'Colonia Las Pichanas', 441),
(955, 'Colonia Las Rosas', 506),
(956, 'Colonia Libertad', 334),
(957, 'Colonia Liebig\'s', 251),
(958, 'Colonia Malligasta', 107),
(959, 'Colonia Margarita', 90),
(960, 'Colonia Marina', 441),
(961, 'Colonia Mauricio', 86),
(962, 'Colonia Mayo - Barrio La Milagrosa', 148),
(963, 'Colonia Medici', 244),
(964, 'Colonia Nievas', 349),
(965, 'Colonia Nueva Coneta', 73),
(966, 'Colonia Ortiz De Ocampo', 208),
(967, 'Colonia Pando', 458),
(968, 'Colonia Pastoril', 178),
(969, 'Colonia PeÑa', 171),
(970, 'Colonia Polana', 435),
(971, 'Colonia Popular', 292),
(972, 'Colonia Prosperidad', 441),
(973, 'Colonia Raquel', 90),
(974, 'Colonia Rosa', 432),
(975, 'Colonia San Adolfo', 523),
(976, 'Colonia San Bartolome', 441),
(977, 'Colonia San Jose', 491),
(978, 'Colonia San Jose', 384),
(979, 'Colonia San Juan', 174),
(980, 'Colonia San Martin', 416),
(981, 'Colonia San Miguel', 349),
(982, 'Colonia San Miguel Arcangel', 14),
(983, 'Colonia San Pedro', 441),
(984, 'Colonia San Ricardo', 212),
(985, 'Colonia Santa Maria', 441),
(986, 'Colonia Santa Maria', 512),
(987, 'Colonia Santa Rosa', 350),
(988, 'Colonia Santa Rosa', 350),
(989, 'Colonia Sarmiento', 357),
(990, 'Colonia Segovia', 233),
(991, 'Colonia Sere', 87),
(992, 'Colonia Suiza', 47),
(993, 'Colonia Tinco', 399),
(994, 'Colonia Tirolesa', 116),
(995, 'Colonia Valtelina', 441),
(996, 'Colonia Veinticinco', 319),
(997, 'Colonia Vicente Aguero', 116),
(998, 'Colonia Vichigasta', 107),
(999, 'Colonia Victoria', 161),
(1000, 'Colonia Videla', 402),
(1001, 'Colonia Vignaud', 441),
(1002, 'Colonias Unidas', 471),
(1003, 'Colpes', 24),
(1004, 'Colpes', 375),
(1005, 'Comallo', 369),
(1006, 'Comandante Fontana', 357),
(1007, 'Comandante Luis Piedrabuena', 147),
(1008, 'Comandante Nicanor Otamendi', 185),
(1009, 'Comico', 11),
(1010, 'Comodoro Py', 61),
(1011, 'Comodoro Rivadavia', 164),
(1012, 'Comunidad Aborigen Bartolome De Las Casas', 357),
(1013, 'Cona Niyeu', 11),
(1014, 'Concaran', 99),
(1015, 'Concepcion', 105),
(1016, 'Concepcion', 73),
(1017, 'Concepcion', 134),
(1018, 'Concepcion De La Sierra', 135),
(1019, 'Concepcion Del Bermejo', 22),
(1020, 'Concepcion Del Uruguay', 510),
(1021, 'Concordia', 136),
(1022, 'Condor Huasi', 48),
(1023, 'Conesa', 453),
(1024, 'Coneta', 73),
(1025, 'Conhelo', 139),
(1026, 'Conlara', 437),
(1027, 'Conscripto Bernardi', 172),
(1028, 'Constanza', 432),
(1029, 'Constitucion', 119),
(1030, 'Contralmirante Cordero', 215),
(1031, 'Copacabana', 492),
(1032, 'Copacabana', 246),
(1033, 'Copahue', 344),
(1034, 'Copetonas', 501),
(1035, 'Copo Quile', 413),
(1036, 'Coquimbito', 314),
(1037, 'Coranzuli', 480),
(1038, 'Corcovado', 181),
(1039, 'Cordoba', 75),
(1040, 'Cordoba', 75),
(1041, 'Cordobita', 492),
(1042, 'Cordon Del Plata', 507),
(1043, 'Coronda', 440),
(1044, 'Coronel Arnold', 444),
(1045, 'Coronel Baigorria', 397),
(1046, 'Coronel Belisle', 38),
(1047, 'Coronel Boerr', 283),
(1048, 'Coronel Bogado', 412),
(1049, 'Coronel Brandsen', 62),
(1050, 'Coronel Charlone', 221),
(1051, 'Coronel Cornejo', 198),
(1052, 'Coronel Dorrego', 142),
(1053, 'Coronel Du Graty', 323),
(1054, 'Coronel Fraga', 90),
(1055, 'Coronel Hilario Lagos', 102),
(1056, 'Coronel Juan Sola', 406),
(1057, 'Coronel Manuel L. Rico', 19),
(1058, 'Coronel Martinez De Hoz', 298),
(1059, 'Coronel Moldes', 397),
(1060, 'Coronel Moldes', 274),
(1061, 'Coronel Mollinedo', 29),
(1062, 'Coronel Olleros', 29),
(1063, 'Coronel Pringles', 144),
(1064, 'Coronel Rodolfo S. Dominguez', 412),
(1065, 'Coronel Segui', 20),
(1066, 'Coronel Suarez', 146),
(1067, 'Coronel Vidal', 317),
(1068, 'Corpus', 435),
(1069, 'Corral De Bustos', 319),
(1070, 'Corral Quemado', 48),
(1071, 'Corral Quemado', 116),
(1072, 'Corralito', 489),
(1073, 'Correa', 244),
(1074, 'Corrientes', 76),
(1075, 'Cortaderas', 99),
(1076, 'Cortines', 307),
(1077, 'Corzuela', 192),
(1078, 'Cosquin', 381),
(1079, 'Costa Azul', 466),
(1080, 'Costa Bonita', 342),
(1081, 'Costa De Araujo', 286),
(1082, 'Costa De Chubut', 152),
(1083, 'Costa De Reyes', 492),
(1084, 'Costa Flores', 308),
(1085, 'Costasacate', 402),
(1086, 'Cote Lai', 486),
(1087, 'Country Chacras De La Villa', 116),
(1088, 'Country Chacras De La Villa - Country Sa', 116),
(1089, 'Country Club El Casco', 528),
(1090, 'Country Club El Rodeo', 272),
(1091, 'Country Club Las Praderas', 307),
(1092, 'Country Club Los Caldenes', 211),
(1093, 'Country Jockey Club', 526),
(1094, 'Country Los Medanos', 523),
(1095, 'Country San Isidro', 116),
(1096, 'Covunco Centro', 527),
(1097, 'Coyaguaima', 394),
(1098, 'Crespo', 353),
(1099, 'Crispi', 449),
(1100, 'Crotto', 485),
(1101, 'Cruce Caballero', 456),
(1102, 'Crucesita', 37),
(1103, 'Cruz Alta', 319),
(1104, 'Cruz CaÑa', 437),
(1105, 'Cruz De CaÑa', 149),
(1106, 'Cruz De Los Milagros', 285),
(1107, 'Cruz De Piedra', 314),
(1108, 'Cruz De Piedra', 258),
(1109, 'Cruz Del Eje', 149),
(1110, 'Cuadro Nacional', 457),
(1111, 'Cuadro Ortega', 405),
(1112, 'Cuartel V', 338),
(1113, 'Cuatro Bocas', 51),
(1114, 'Cuatro Esquinas', 412),
(1115, 'Cuchillo Co', 296),
(1116, 'Cuesta Blanca', 381),
(1117, 'Cuipan', 427),
(1118, 'Culullu', 423),
(1119, 'Cululu', 282),
(1120, 'Cura Malal', 146),
(1121, 'Curaru', 87),
(1122, 'Curupayti', 432),
(1123, 'Curuzu Cuatia', 151),
(1124, 'Cushamen Centro', 152),
(1125, 'Cusi Cusi', 463),
(1126, 'Cutral Co', 138),
(1127, 'D\'orbigny', 146),
(1128, 'Daireaux', 153),
(1129, 'Dalmacio Velez', 489),
(1130, 'Damian Maisonave', 393),
(1131, 'Darregueira', 379),
(1132, 'Darwin', 38),
(1133, 'De Bary', 360),
(1134, 'De La Canal', 484),
(1135, 'De La Garma', 16),
(1136, 'De La Quebrada', 49),
(1137, 'De Praga', 295),
(1138, 'Dean Funes', 246),
(1139, 'Del Campillo', 214),
(1140, 'Del Carril', 418),
(1141, 'Del Valle', 4),
(1142, 'Del Viso', 254),
(1143, 'Del Viso', 368),
(1144, 'Delfin Huergo', 14),
(1145, 'Desaguadero', 271),
(1146, 'Desaguadero', 258),
(1147, 'Desiderio Tello', 415),
(1148, 'DespeÑaderos', 466),
(1149, 'Desvio Arijon', 440),
(1150, 'Devoto', 441),
(1151, 'Diadema Argentina', 164),
(1152, 'Diag. Norte - Luz Y Fuerza - Los Pocitos', 482),
(1153, 'Diamante', 155),
(1154, 'Diaz', 440),
(1155, 'Diego De Alvear', 205),
(1156, 'Diego De Rojas', 400),
(1157, 'Diego Gaynor', 168),
(1158, 'Dina Huapi', 369),
(1159, 'Dique Chico', 466),
(1160, 'Dique Florentino Ameghino', 182),
(1161, 'Dique Lujan', 490),
(1162, 'Dique Nº 1', 163),
(1163, 'Divisadero', 473),
(1164, 'Doblas', 36),
(1165, 'Dock Sud', 37),
(1166, 'Doctor Ricardo Rojas', 403),
(1167, 'Dolavon', 182),
(1168, 'Dolores', 156),
(1169, 'Domingo Savio', 435),
(1170, 'Domselaar', 460),
(1171, 'Don Bosco', 385),
(1172, 'Don Cristobal', 343),
(1173, 'Don Emilio', 455),
(1174, 'Don Orione', 21),
(1175, 'Don Torcuato Este', 490),
(1176, 'Don Torcuato Oeste', 490),
(1177, 'Donadeu', 19),
(1178, 'Dorila', 318),
(1179, 'Dorrego', 233),
(1180, 'Dos Acequias', 448),
(1181, 'Dos Arroyos', 289),
(1182, 'Dos Arroyos', 437),
(1183, 'Dos De Mayo Nucleo I', 66),
(1184, 'Dos De Mayo Nucleo Iii', 66),
(1185, 'Dos Hermanas', 206),
(1186, 'Dragones', 198),
(1187, 'Dudignac', 9),
(1188, 'Dufaur', 416),
(1189, 'Duggan', 426),
(1190, 'Dumesnil', 116),
(1191, 'Dunamar', 501),
(1192, 'Durazno', 483),
(1193, 'Eduardo Castex', 139),
(1194, 'Egusquiza', 90),
(1195, 'El 49', 348),
(1196, 'El Acheral', 455),
(1197, 'El Aguilar', 238),
(1198, 'El Alamito', 26),
(1199, 'El Alcalde', 400),
(1200, 'El Alcazar', 294),
(1201, 'El Algarrobal', 284),
(1202, 'El Alto', 158),
(1203, 'El Angosto', 463),
(1204, 'El AraÑado', 441),
(1205, 'El Araza', 207),
(1206, 'El Arbolito', 115),
(1207, 'El Arenal', 253),
(1208, 'El Aybal', 269),
(1209, 'El BaÑado', 73),
(1210, 'El BaÑado', 269),
(1211, 'El BaÑado', 516),
(1212, 'El Barrial', 429),
(1213, 'El Bobadal', 253),
(1214, 'El Bolson', 47),
(1215, 'El Bolson', 24),
(1216, 'El Borbollon', 284),
(1217, 'El Bordo', 196),
(1218, 'El Bracho', 148),
(1219, 'El Brete', 149),
(1220, 'El Brillante', 117),
(1221, 'El Cabure', 140),
(1222, 'El Cadillal', 482),
(1223, 'El Cain', 7),
(1224, 'El Cajon', 465),
(1225, 'El Calafate', 276),
(1226, 'El Caramelo', 412),
(1227, 'El Carmelo', 308),
(1228, 'El Carmen', 159),
(1229, 'El Carril', 106),
(1230, 'El Carrizal', 308),
(1231, 'El Cazador', 165),
(1232, 'El Ceibal', 424),
(1233, 'El Cerrito', 465),
(1234, 'El Chacho', 329),
(1235, 'El Challao', 284),
(1236, 'El Chalten', 276),
(1237, 'El ChaÑar', 63),
(1238, 'El Charco', 253),
(1239, 'El Charco', 399),
(1240, 'El Chocon', 138),
(1241, 'El Cholar', 344),
(1242, 'El Chorrillo', 258),
(1243, 'El Cimarron', 172),
(1244, 'El Colorado', 372),
(1245, 'El Colorado', 257),
(1246, 'El Colorado', 117),
(1247, 'El Condor', 525),
(1248, 'El Condor', 15),
(1249, 'El Corcovado - El Torreon', 67),
(1250, 'El Corte', 148),
(1251, 'El Crispin', 400),
(1252, 'El Crucero', 174),
(1253, 'El Cuadrado', 257),
(1254, 'El Cuy', 160),
(1255, 'El Dean', 83),
(1256, 'El Desmonte', 465),
(1257, 'El Diquecito', 116),
(1258, 'El Divisadero', 269),
(1259, 'El Divisorio', 144),
(1260, 'El Dorado', 288),
(1261, 'El Durazno', 48),
(1262, 'El Durazno', 67),
(1263, 'El Encon', 8),
(1264, 'El Escorial', 184),
(1265, 'El Espinillo', 195),
(1266, 'El Espinillo', 367),
(1267, 'El Espino', 447),
(1268, 'El Fiscal', 252),
(1269, 'El Fortin', 441),
(1270, 'El Foyel', 47),
(1271, 'El Fuerte', 462),
(1272, 'El Fuertecito', 441),
(1273, 'El Galpon', 328),
(1274, 'El Hoyo', 152),
(1275, 'El Huayco', 422),
(1276, 'El Hueco', 180),
(1277, 'El Huecu', 344),
(1278, 'El JagÜel', 167),
(1279, 'El Jardin', 264),
(1280, 'El Juncal', 15),
(1281, 'El Libertador', 502),
(1282, 'El Lindero', 26),
(1283, 'El Maiten', 152),
(1284, 'El Manantial', 309),
(1285, 'El Manzano', 506),
(1286, 'El Manzano', 116),
(1287, 'El Marquesado', 213),
(1288, 'El Medanito', 392),
(1289, 'El Medano', 252),
(1290, 'El Mirador', 405),
(1291, 'El Mirasol', 321),
(1292, 'El Mogote', 108),
(1293, 'El Mojon', 83),
(1294, 'El Mojon', 361),
(1295, 'El Mollar', 481),
(1296, 'El Moreno', 505),
(1297, 'El Naranjo', 413),
(1298, 'El Naranjo', 63),
(1299, 'El Nihuil', 457),
(1300, 'El Pajonal', 375),
(1301, 'El Palenque', 353),
(1302, 'El Palomar', 340),
(1303, 'El Pantanillo', 74),
(1304, 'El Pantanillo', 437),
(1305, 'El Paraiso', 387),
(1306, 'El Paraiso', 148),
(1307, 'El Paramillo', 286),
(1308, 'El Pato', 54),
(1309, 'El Pedregal', 314),
(1310, 'El PeÑon', 31),
(1311, 'El Pensamiento', 144),
(1312, 'El Peral', 507),
(1313, 'El Perdido', 142),
(1314, 'El Pingo', 353),
(1315, 'El Piquete', 462),
(1316, 'El Plumerillo', 284),
(1317, 'El Portezuelo', 516),
(1318, 'El Potrerillo', 466),
(1319, 'El Potrero', 26),
(1320, 'El Potrero', 413),
(1321, 'El Potrillo', 388),
(1322, 'El Pueblito', 492),
(1323, 'El Pueblito', 116),
(1324, 'El Pueblito', 437),
(1325, 'El Puesto', 465),
(1326, 'El Puesto', 492),
(1327, 'El Puesto', 455),
(1328, 'El Quebrachal', 29),
(1329, 'El Quebracho', 388),
(1330, 'El Quemado', 455),
(1331, 'El Quimilo', 269),
(1332, 'El Rabon', 207),
(1333, 'El Ramblon', 353),
(1334, 'El Ramblon', 447),
(1335, 'El Rastreador', 259),
(1336, 'El Recreo', 357),
(1337, 'El Remanso', 168),
(1338, 'El Resguardo', 284),
(1339, 'El Retiro', 272),
(1340, 'El Rincon', 149),
(1341, 'El Rincon', 18),
(1342, 'El Rincon', 95),
(1343, 'El Rincon', 253),
(1344, 'El Rodeo', 24),
(1345, 'El Rodeo', 504),
(1346, 'El Rosario', 351),
(1347, 'El Salado', 492),
(1348, 'El Salto', 308),
(1349, 'El Salto', 347),
(1350, 'El Sauce', 233),
(1351, 'El Sauce', 364),
(1352, 'El Sauzal', 195),
(1353, 'El Sauzalito', 195),
(1354, 'El Soberbio', 230),
(1355, 'El Solar', 270),
(1356, 'El Sombrero', 162),
(1357, 'El Sosneado', 457),
(1358, 'El Tabacal', 350),
(1359, 'El Tala', 264),
(1360, 'El Talar', 462),
(1361, 'El Talar', 490),
(1362, 'El Tio', 441),
(1363, 'El Toro', 480),
(1364, 'El Trapiche', 145),
(1365, 'El Trebol', 449),
(1366, 'El Trigo', 283),
(1367, 'El Triunfo', 298),
(1368, 'El Tropezon', 175),
(1369, 'El Tropezon', 457),
(1370, 'El Tunal', 328),
(1371, 'El Turbio', 234),
(1372, 'El Tuscal', 504),
(1373, 'El Valle', 437),
(1374, 'El Vergel', 286),
(1375, 'El Volcan', 258),
(1376, 'El Zampal', 507),
(1377, 'El Zanjon', 83),
(1378, 'El Zapallar', 284),
(1379, 'Eldorado', 161),
(1380, 'Elena', 397),
(1381, 'Elisa', 282),
(1382, 'Elortondo', 205),
(1383, 'Elvira', 300),
(1384, 'Embajador Martini', 393),
(1385, 'Embalse', 67),
(1386, 'Embarcacion', 198),
(1387, 'Embarcacion', 198),
(1388, 'Emilia', 265),
(1389, 'Emilio Ayarza', 109),
(1390, 'Emilio V. Bunge', 221),
(1391, 'Empalme San Carlos', 282),
(1392, 'Empalme Villa Constitucion', 520),
(1393, 'Empedrado', 162),
(1394, 'Energia', 342),
(1395, 'Enrique Carbo', 228),
(1396, 'Enrique Urien', 323),
(1397, 'Ensenada', 163),
(1398, 'Epuyen', 152),
(1399, 'Erezcano', 453),
(1400, 'Ernestina', 4),
(1401, 'Escalada', 528),
(1402, 'Esmeralda', 90),
(1403, 'Espartillar', 14),
(1404, 'Espartillar (e)', 416),
(1405, 'Esperanza', 241),
(1406, 'Esperanza', 282),
(1407, 'Espigas', 349),
(1408, 'Esquel', 181),
(1409, 'Esquina', 400),
(1410, 'Esquina', 166),
(1411, 'Esquina Del Alambre', 246),
(1412, 'Esquiu', 269),
(1413, 'Estacion Apostoles', 32),
(1414, 'Estacion Araoz', 287),
(1415, 'Estacion Arenales', 190),
(1416, 'Estacion Arroyo Cle', 483),
(1417, 'Estacion Atamisqui', 35),
(1418, 'Estacion Camet', 213),
(1419, 'Estacion Camps', 155),
(1420, 'Estacion Chapadmalal', 213),
(1421, 'Estacion Clucellas', 90),
(1422, 'Estacion Colonia Tirolesa', 116),
(1423, 'Estacion Empalme', 425),
(1424, 'Estacion EscriÑa', 228),
(1425, 'Estacion General Obligado', 292),
(1426, 'Estacion La Punta', 111),
(1427, 'Estacion Lazo', 227),
(1428, 'Estacion Lecueder', 214),
(1429, 'Estacion Libertad', 334),
(1430, 'Estacion Luxardo', 441),
(1431, 'Estacion Mazan', 33),
(1432, 'Estacion Presidente Roca', 90),
(1433, 'Estacion Puiggari', 155),
(1434, 'Estacion Raices', 522),
(1435, 'Estacion Robles', 450),
(1436, 'Estacion Saguier', 90),
(1437, 'Estacion Sol De Mayo', 410),
(1438, 'Estacion Taboada', 450),
(1439, 'Estacion TacaÑitas', 219),
(1440, 'Estacion Torrent', 187),
(1441, 'Estacion Yerua', 136),
(1442, 'Estacion Yuqueri', 136),
(1443, 'Estancia De Guadalupe', 329),
(1444, 'Estancia Grande', 136),
(1445, 'Estancia Grande', 145),
(1446, 'Estancia Vieja', 381),
(1447, 'Estanislao Del Campo', 357),
(1448, 'Estanislao Severo Zeballos', 175),
(1449, 'Esteban Agustin Gascon', 14),
(1450, 'Esteban Rams', 13),
(1451, 'Estela', 379),
(1452, 'Esther', 442),
(1453, 'Etruria', 217),
(1454, 'Eufrasio Loza', 401),
(1455, 'Eugenio Bustos', 428),
(1456, 'Eusebia Y Carolina', 90),
(1457, 'Eustolia', 90),
(1458, 'Ex Ingenio Esperanza', 148),
(1459, 'Ex Ingenio Los Ralos', 148),
(1460, 'Ex Ingenio Lujan', 148),
(1461, 'Ex Ingenio Nueva Baviera', 169),
(1462, 'Ex Ingenio San Jose', 526),
(1463, 'Ezpeleta', 385),
(1464, 'Ezpeleta Oeste', 385),
(1465, 'Facundo', 403),
(1466, 'Falda Del CaÑete', 466),
(1467, 'Falda Del Carmen', 466),
(1468, 'Falucho', 393),
(1469, 'Famailla', 169),
(1470, 'Famatanca', 465),
(1471, 'Famatina', 170),
(1472, 'Farallon Negro', 48),
(1473, 'Faro', 142),
(1474, 'Fatima', 368),
(1475, 'Faustino M. Parera', 228),
(1476, 'Febre', 343),
(1477, 'Federacion', 171),
(1478, 'Federal', 172),
(1479, 'Felicia', 282),
(1480, 'Felipe Sola', 379),
(1481, 'Felipe Yofre', 326),
(1482, 'Fernandez', 409),
(1483, 'Ferre', 190),
(1484, 'Ferri', 215),
(1485, 'Fiambala', 492),
(1486, 'Fighiera', 412),
(1487, 'Firmat', 520),
(1488, 'Firmat', 205),
(1489, 'Fitz Roy', 154),
(1490, 'Fleming', 159),
(1491, 'Florencia', 207),
(1492, 'Florencio Varela', 175),
(1493, 'Florentino Ameghino', 176),
(1494, 'Florentino Ameghino', 438),
(1495, 'Flores', 131),
(1496, 'Floresta', 120),
(1497, 'Florida', 518),
(1498, 'Florida Oeste', 518),
(1499, 'Fofo Cahuel', 152),
(1500, 'Fontana', 434),
(1501, 'Fontezuela', 362),
(1502, 'Formosa', 178),
(1503, 'Fortin Acha', 288),
(1504, 'Fortin Cabo 1° Lugones', 357),
(1505, 'Fortin El Patria', 222),
(1506, 'Fortin Inca', 51),
(1507, 'Fortin Las ChuÑas', 242),
(1508, 'Fortin Lavalle', 195),
(1509, 'Fortin Olavarria', 404),
(1510, 'Fortin Olmos', 517),
(1511, 'Fortin Sargento 1° Leyes', 357),
(1512, 'Fortin Tiburcio', 260),
(1513, 'Fortuna', 222),
(1514, 'Fracran', 230),
(1515, 'Fraga', 145),
(1516, 'Fraile Pintado', 290),
(1517, 'Francisco Alvarez', 338),
(1518, 'Francisco Madero', 358),
(1519, 'Franck', 282),
(1520, 'Franklin', 423),
(1521, 'Fray Luis Beltran', 314),
(1522, 'Fray Luis Beltran', 444),
(1523, 'Frente Mar', 317),
(1524, 'Freyre', 441),
(1525, 'Frias', 111),
(1526, 'Frontera', 90),
(1527, 'Frontera De Rio Pico', 487),
(1528, 'Fuentes', 444),
(1529, 'Fuerte Esperanza', 195),
(1530, 'Fuerte Quemado', 465),
(1531, 'Funes', 412),
(1532, 'Gaboto', 440),
(1533, 'Gahan', 421),
(1534, 'Gaiman', 182),
(1535, 'Galvez', 440),
(1536, 'Gan Gan', 488),
(1537, 'Gancedo', 1),
(1538, 'Gaona', 29),
(1539, 'Garabato', 517),
(1540, 'Garayalde', 177),
(1541, 'Gardey', 484),
(1542, 'Garibaldi', 90),
(1543, 'Garin', 165),
(1544, 'Garmendia', 63),
(1545, 'Garre', 229),
(1546, 'Garruchos', 470),
(1547, 'Garuhape', 294),
(1548, 'Garupa', 80),
(1549, 'Garza', 474),
(1550, 'Gastre', 184),
(1551, 'Gato Colorado', 13),
(1552, 'General Acha', 512),
(1553, 'General Almada', 228),
(1554, 'General Alvear', 155),
(1555, 'General Alvear', 188),
(1556, 'General Alvear', 347),
(1557, 'General Alvear', 186),
(1558, 'General Arenales', 190),
(1559, 'General Baldissera', 319),
(1560, 'General Ballivian', 198),
(1561, 'General Belgrano', 233),
(1562, 'General Belgrano', 191),
(1563, 'General Cabrera', 259),
(1564, 'General Campos', 459),
(1565, 'General Capdevila', 1),
(1566, 'General Conesa', 495),
(1567, 'General Conesa', 137),
(1568, 'General Daniel Cerri', 43),
(1569, 'General Deheza', 259),
(1570, 'General Enrique Godoy', 215),
(1571, 'General Fernandez Oro', 215),
(1572, 'General Fotheringham', 489),
(1573, 'General Galarza', 227),
(1574, 'General Gelly', 520),
(1575, 'General Guemes', 196),
(1576, 'General Guido', 197),
(1577, 'General Gutierrez', 314),
(1578, 'General Hornos', 203),
(1579, 'General Jose De San Martin', 293),
(1580, 'General Juan Madariaga', 200),
(1581, 'General La Madrid', 201),
(1582, 'General Lagos', 412),
(1583, 'General Las Heras', 203),
(1584, 'General Lavalle', 204),
(1585, 'General Levalle', 378),
(1586, 'General Lucio V Mansilla', 278),
(1587, 'General Mansilla', 311),
(1588, 'General Manuel J. Campos', 232),
(1589, 'General Mosconi', 388),
(1590, 'General Mosconi', 198),
(1591, 'General Mosconi', 198),
(1592, 'General O\'brien', 61),
(1593, 'General Pacheco', 490),
(1594, 'General Paz', 116),
(1595, 'General Pico', 318),
(1596, 'General Pinedo', 1),
(1597, 'General Pinto', 212),
(1598, 'General Piran', 317),
(1599, 'General Pizarro', 29),
(1600, 'General Racedo', 155),
(1601, 'General Ramirez', 155),
(1602, 'General Rivas', 479),
(1603, 'General Roca', 319),
(1604, 'General Roca', 215),
(1605, 'General Rodrguez', 216),
(1606, 'General Rodriguez', 216),
(1607, 'General Rojo', 453),
(1608, 'General San Martin', 236),
(1609, 'General Urquiza', 435),
(1610, 'General Vedia', 56),
(1611, 'General Villegas', 221),
(1612, 'Gerli', 37),
(1613, 'Gerli', 280),
(1614, 'Germania', 212),
(1615, 'Gessler', 440),
(1616, 'Gilbert', 228),
(1617, 'Girodias', 500),
(1618, 'Glew', 21),
(1619, 'Gobernador Benegas', 223),
(1620, 'Gobernador Castro', 454),
(1621, 'Gobernador Costa', 487),
(1622, 'Gobernador Crespo', 442),
(1623, 'Gobernador Duval', 150),
(1624, 'Gobernador Echague', 483),
(1625, 'Gobernador Gregores', 395),
(1626, 'Gobernador Igr.valentin Virasoro', 470),
(1627, 'Gobernador Juan E. Martinez', 285),
(1628, 'Gobernador Julio A. Costa', 175),
(1629, 'Gobernador Lopez', 289),
(1630, 'Gobernador Mansilla', 483),
(1631, 'Gobernador Roca', 435),
(1632, 'Gobernador Sola', 483),
(1633, 'Gobernador Udaondo', 72),
(1634, 'Gobernador Ugarte', 4),
(1635, 'Godeken', 89),
(1636, 'Godoy', 520),
(1637, 'Godoy Cruz', 223),
(1638, 'Goldney', 325),
(1639, 'Golondrina', 517),
(1640, 'Gomez', 62),
(1641, 'Gonzalez Catan', 268),
(1642, 'Gonzalez Moreno', 404),
(1643, 'Gorchs', 191),
(1644, 'Gorostiaga', 109),
(1645, 'Goudge', 457),
(1646, 'Gowland', 325),
(1647, 'Goya', 224),
(1648, 'Goyena', 416),
(1649, 'Gral', 49),
(1650, 'Gramilla', 253),
(1651, 'Gramilla', 399),
(1652, 'Gran China', 252),
(1653, 'Gran Guardia', 178),
(1654, 'Granadero Baigorria', 412),
(1655, 'Grand Bourg', 316),
(1656, 'Graneros', 225),
(1657, 'Gregoria Perez De Denis', 13),
(1658, 'Gregorio De Laferrere', 268),
(1659, 'GrÜnbein', 43),
(1660, 'Grutly', 282),
(1661, 'Guachipas', 226),
(1662, 'Guadalcazar', 57),
(1663, 'Guadalupe Norte', 207),
(1664, 'Gualeguay', 227),
(1665, 'Gualeguaychu', 228),
(1666, 'Gualjaina', 152),
(1667, 'Guamini', 229),
(1668, 'Guanacache', 473),
(1669, 'Guanaco Muerto', 149),
(1670, 'Guanchin', 107),
(1671, 'Guandacol', 143),
(1672, 'Guarani', 347),
(1673, 'Guardamonte', 483),
(1674, 'Guardia Escolta', 51),
(1675, 'Guardia Mitre', 15),
(1676, 'Guasapampa', 329),
(1677, 'Guatimozin', 319),
(1678, 'Guatrache', 232),
(1679, 'Guaviravi', 446),
(1680, 'Guayamba', 158),
(1681, 'Guaymallen', 233),
(1682, 'Guernica', 377),
(1683, 'Guerrero', 157),
(1684, 'Guerrico', 362),
(1685, 'Guillermo Enrique Hudson', 54),
(1686, 'GuiÑazu Norte', 116),
(1687, 'Gunther', 212),
(1688, 'Gutemberg', 401),
(1689, 'Haedo', 340),
(1690, 'Hale', 60),
(1691, 'Hambis', 117),
(1692, 'Hasenkamp', 353),
(1693, 'Hasse', 339),
(1694, 'Haumonia', 486),
(1695, 'Helvecia', 435),
(1696, 'Helvecia', 183),
(1697, 'Henderson', 235),
(1698, 'Hermoso Campo', 3),
(1699, 'Hernan Mejia Miraval', 339),
(1700, 'Hernandarias', 353),
(1701, 'Hernandez', 343),
(1702, 'Hernando', 489),
(1703, 'Herradura', 278),
(1704, 'Herrera', 510),
(1705, 'Herrera', 39),
(1706, 'Herrera Vegas', 235),
(1707, 'Hersilia', 432),
(1708, 'Hickman', 198),
(1709, 'Hilario Ascasubi', 523),
(1710, 'Hinojo', 349),
(1711, 'Hinojo', 349),
(1712, 'Hipatia', 282),
(1713, 'Hipolito Bouchard', 214),
(1714, 'Hipolito Yrigoyen', 238),
(1715, 'Hipolito Yrigoyen', 435),
(1716, 'Hipolito Yrigoyen', 350),
(1717, 'Hipolito Yrigoyen', 395),
(1718, 'Hito 1', 406),
(1719, 'Hocker', 117),
(1720, 'Horquilla', 486),
(1721, 'Hortensia', 86),
(1722, 'Huacalera', 491),
(1723, 'Huaco', 252),
(1724, 'Hualfin', 48),
(1725, 'Huancar', 480),
(1726, 'Huanchillas', 259),
(1727, 'Huanguelen', 146),
(1728, 'Huanqueros', 432),
(1729, 'Huaycama', 24),
(1730, 'Huaycama', 516),
(1731, 'Hucal', 236),
(1732, 'Huerta Grande', 381),
(1733, 'Hughes', 205),
(1734, 'Huillapima', 73),
(1735, 'Huinca Renanco', 214),
(1736, 'Huinganco', 330),
(1737, 'Humahuaca', 238),
(1738, 'Humberto Primo', 90),
(1739, 'Humboldt', 282),
(1740, 'Hurlingham', 239),
(1741, 'Huyamampa', 45),
(1742, 'Ibarlucea', 412),
(1743, 'Ibarreta', 357),
(1744, 'Ibicuy', 248),
(1745, 'IcaÑo', 269),
(1746, 'IcaÑo', 39),
(1747, 'Idiazabal', 509),
(1748, 'Iglesia', 240),
(1749, 'Ignacio Correas', 272),
(1750, 'Iltico', 105),
(1751, 'Impira', 402),
(1752, 'Indio Rico', 144),
(1753, 'Ines Indart', 421),
(1754, 'Infanzon', 158),
(1755, 'Ingeniero Adolfo Sourdeaux', 316),
(1756, 'Ingeniero Barbet', 471),
(1757, 'Ingeniero Chanourdie', 207),
(1758, 'Ingeniero Forres', 409),
(1759, 'Ingeniero Foster', 389),
(1760, 'Ingeniero Giagnoni', 261),
(1761, 'Ingeniero Guillermo N. Juarez', 322),
(1762, 'Ingeniero Gustavo Andre', 286),
(1763, 'Ingeniero Jacobacci', 7),
(1764, 'Ingeniero Juan Allan', 175),
(1765, 'Ingeniero Luiggi', 393),
(1766, 'Ingeniero Luis A. Huergo', 215),
(1767, 'Ingeniero Maschwitz', 165),
(1768, 'Ingeniero Miguel Sajaroff', 522),
(1769, 'Ingeniero Moneta', 454),
(1770, 'Ingeniero Otto Krause', 215),
(1771, 'Ingeniero Pablo Nogues', 316),
(1772, 'Ingeniero Thompson', 503),
(1773, 'Ingeniero White', 43),
(1774, 'Ingenio Fronterita', 169),
(1775, 'Ingenio La Florida', 148),
(1776, 'Ingenio Primer Correntino', 431),
(1777, 'Ingenio San Pablo', 309),
(1778, 'Ingenio Santa Barbara', 396),
(1779, 'Inocencio Sosa', 358),
(1780, 'Inriville', 319),
(1781, 'Integracion', 206),
(1782, 'Intendente Alvear', 102),
(1783, 'Intiyaco', 517),
(1784, 'Irala', 61),
(1785, 'Irazusta', 228),
(1786, 'Irene', 142),
(1787, 'Irigoyen', 440),
(1788, 'Irineo Portela', 46),
(1789, 'Iruya', 245),
(1790, 'Isca Yacu', 253),
(1791, 'Isca Yacu Semaul', 253),
(1792, 'Isidro Casanova', 268),
(1793, 'Isla De CaÑas', 245),
(1794, 'Isla Del Cerrito', 56),
(1795, 'Isla Santiago (oeste)', 163),
(1796, 'Isla Verde', 319),
(1797, 'Ita Ibate', 210),
(1798, 'Itacaruare', 438),
(1799, 'Italo', 214),
(1800, 'Itati', 249),
(1801, 'Itin', 3),
(1802, 'Ituzaingo', 251),
(1803, 'Ituzaingo Centro', 250),
(1804, 'Ituzaingo Sur', 250),
(1805, 'Jacinto Arauz', 236),
(1806, 'Jacinto L. Arauz', 282),
(1807, 'Jacipunco', 48),
(1808, 'Jague', 524),
(1809, 'Jaime Prats', 457),
(1810, 'Jama', 480),
(1811, 'James Craik', 489),
(1812, 'Jaramillo', 154),
(1813, 'Jardin America', 435),
(1814, 'Jardin Arenales', 75),
(1815, 'Jarilla', 258),
(1816, 'Jeppener', 62),
(1817, 'Jesus Maria', 116),
(1818, 'Jesus Nazareno', 233),
(1819, 'Joaquin Gorina', 272),
(1820, 'Joaquin V. Gonzalez', 29),
(1821, 'Jocoli', 284),
(1822, 'Jocoli', 286),
(1823, 'Jocoli Viejo', 286),
(1824, 'Jose B. Casas', 356),
(1825, 'Jose C. Paz', 254),
(1826, 'Jose De La Quintana', 466),
(1827, 'Jose De San Martin', 487),
(1828, 'Jose Hernandez', 272),
(1829, 'Jose Ingenieros', 502),
(1830, 'Jose Juan Almeyra', 341),
(1831, 'Jose Maria Ezeiza', 255),
(1832, 'Jose Marmol', 21),
(1833, 'Jose Melchor Romero', 272),
(1834, 'Jose R. Gomez', 470),
(1835, 'Josefina', 90),
(1836, 'Joyango', 375),
(1837, 'Juan A. De La Pe¥a', 362),
(1838, 'Juan A. Pradere', 356),
(1839, 'Juan Anchorena', 362),
(1840, 'Juan B. Molina', 520),
(1841, 'Juan Bautista Alberdi', 256),
(1842, 'Juan Bautista Alberdi', 288),
(1843, 'Juan Couste', 523),
(1844, 'Juan E. Barra', 16),
(1845, 'Juan F. Ibarra', 60),
(1846, 'Juan G. Bazan', 357),
(1847, 'Juan Jorba', 211),
(1848, 'Juan Jose Castelli', 195),
(1849, 'Juan Jose Paso', 358),
(1850, 'Juan Llerena', 211),
(1851, 'Juan Maria Gutierrez', 54),
(1852, 'Juan N. Fernandez', 342),
(1853, 'Juan Pujol', 334),
(1854, 'Juarez Celman', 116),
(1855, 'Jubileo', 522),
(1856, 'Juella', 491),
(1857, 'Julia Dufour', 234),
(1858, 'Juncal', 520),
(1859, 'Junin', 261),
(1860, 'Junin', 260),
(1861, 'Junin De Los Andes', 237),
(1862, 'Justiniano Posse', 509),
(1863, 'Justo Daract', 211),
(1864, 'Juventud Unida', 363),
(1865, 'Kilometro 101', 412),
(1866, 'Kilometro 115', 517),
(1867, 'Kilometro 17 (ruta 8)', 66),
(1868, 'Kilometro 30', 174),
(1869, 'Kilometro 658', 400),
(1870, 'Km. 11 - Cuarteles', 164),
(1871, 'Km. 3 - General Mosconi', 164),
(1872, 'Km. 5 - Presidente Ortiz', 164),
(1873, 'Km. 8 - Don Bosco', 164),
(1874, 'Koluel Kaike', 154);
INSERT INTO `localidades` (`local_id`, `local_name`, `local_dpto_id`) VALUES
(1875, 'La Adela', 68),
(1876, 'La Agraria', 260),
(1877, 'La Aguada', 26),
(1878, 'La Almona', 157),
(1879, 'La Angelita', 190),
(1880, 'La Arboleda', 507),
(1881, 'La Armonia', 317),
(1882, 'La Aurora', 9),
(1883, 'La Aurora', 45),
(1884, 'La Bajada', 351),
(1885, 'La Bajada', 145),
(1886, 'La Baliza', 317),
(1887, 'La Banda', 149),
(1888, 'La Banda', 45),
(1889, 'La Batea', 149),
(1890, 'La Beba', 410),
(1891, 'La Boca Del Rio', 466),
(1892, 'La Brava', 439),
(1893, 'La Buitrera', 365),
(1894, 'La Cabral', 432),
(1895, 'La Caldera', 263),
(1896, 'La Calera', 49),
(1897, 'La Calera', 116),
(1898, 'La Calera', 116),
(1899, 'La Caleta', 317),
(1900, 'La CaÑada', 174),
(1901, 'La CaÑada', 18),
(1902, 'La Candelaria', 25),
(1903, 'La Candelaria', 264),
(1904, 'La Capilla', 175),
(1905, 'La Carbonada', 466),
(1906, 'La Carlota', 259),
(1907, 'La Carolina', 397),
(1908, 'La Carrera', 180),
(1909, 'La Carreta', 500),
(1910, 'La Cautiva', 397),
(1911, 'La Central', 405),
(1912, 'La Cesira', 378),
(1913, 'La Chimbera', 8),
(1914, 'La Chispa', 205),
(1915, 'La Choza', 203),
(1916, 'La Cienaga', 81),
(1917, 'La Cienega', 463),
(1918, 'La Cieneguita', 284),
(1919, 'La Clarita', 117),
(1920, 'La Clotilde', 346),
(1921, 'La Cocha', 266),
(1922, 'La Colina', 201),
(1923, 'La Colonia', 261),
(1924, 'La Constancia', 40),
(1925, 'La Consulta', 428),
(1926, 'La Corita', 135),
(1927, 'La Cortadera', 422),
(1928, 'La Criolla', 136),
(1929, 'La Criolla', 442),
(1930, 'La Cruz', 67),
(1931, 'La Cruz', 446),
(1932, 'La Cuadra', 170),
(1933, 'La Cumbre', 272),
(1934, 'La Cumbre', 381),
(1935, 'La Cumbrecita', 67),
(1936, 'La Darsena', 45),
(1937, 'La Delfina', 220),
(1938, 'La Donosa', 466),
(1939, 'La Dorada', 269),
(1940, 'La Dormida', 468),
(1941, 'La Eduvigis', 293),
(1942, 'La Emilia', 453),
(1943, 'La Escondida', 194),
(1944, 'La Esperanza', 455),
(1945, 'La Esperanza', 455),
(1946, 'La Esperanza', 405),
(1947, 'La Falda', 252),
(1948, 'La Falda', 381),
(1949, 'La Falda De San Antonio', 180),
(1950, 'La Firmeza', 140),
(1951, 'La Floresta', 75),
(1952, 'La Florida', 148),
(1953, 'La Florida', 405),
(1954, 'La Florida', 145),
(1955, 'La Francia', 441),
(1956, 'La Gallareta', 517),
(1957, 'La Gilda', 397),
(1958, 'La Gloria', 94),
(1959, 'La Granja', 116),
(1960, 'La Guardia', 269),
(1961, 'La Higuera', 351),
(1962, 'La Higuera', 149),
(1963, 'La Hoyada', 465),
(1964, 'La Humada', 104),
(1965, 'La Intermedia', 525),
(1966, 'La Invencible', 421),
(1967, 'La Invernada', 174),
(1968, 'La Isleta', 207),
(1969, 'La Jaula', 155),
(1970, 'La Juanita', 155),
(1971, 'La Laguna', 217),
(1972, 'La Larga', 153),
(1973, 'La Leonesa', 56),
(1974, 'La Libertad', 405),
(1975, 'La Limpia', 61),
(1976, 'La Llave Nueva', 457),
(1977, 'La Loberia', 15),
(1978, 'La Loma', 465),
(1979, 'La Lonja', 368),
(1980, 'La Lucila', 518),
(1981, 'La Lucila', 432),
(1982, 'La Luisa', 85),
(1983, 'La Majada', 25),
(1984, 'La Manga', 455),
(1985, 'La Maroma', 106),
(1986, 'La Maroma', 222),
(1987, 'La Maruja', 389),
(1988, 'La Mendieta', 455),
(1989, 'La Merced', 96),
(1990, 'La Merced', 351),
(1991, 'La Merced Del Encon', 414),
(1992, 'La Mesada', 26),
(1993, 'La Mision', 350),
(1994, 'La Morada', 116),
(1995, 'La Nena', 219),
(1996, 'La Nueva Donosa', 399),
(1997, 'La Paisanita', 466),
(1998, 'La Pala', 14),
(1999, 'La Palestina', 217),
(2000, 'La Pampa', 497),
(2001, 'La Paquita', 441),
(2002, 'La Para', 400),
(2003, 'La Paz', 437),
(2004, 'La Paz', 270),
(2005, 'La Paz', 271),
(2006, 'La Pelada', 282),
(2007, 'La Penca Y Caraguata', 442),
(2008, 'La Perla', 466),
(2009, 'La Picada', 353),
(2010, 'La Plata', 272),
(2011, 'La Playa', 329),
(2012, 'La Playosa', 217),
(2013, 'La Poblacion', 437),
(2014, 'La Poma', 273),
(2015, 'La Posta', 400),
(2016, 'La Primavera', 233),
(2017, 'La Puerta', 332),
(2018, 'La Puerta', 24),
(2019, 'La Puerta', 116),
(2020, 'La Puerta', 400),
(2021, 'La Punilla', 211),
(2022, 'La Puntilla', 107),
(2023, 'La Puntilla', 308),
(2024, 'La Puntilla', 48),
(2025, 'La Puntilla', 465),
(2026, 'La Puntilla', 492),
(2027, 'La Quiaca', 525),
(2028, 'La Quinta', 400),
(2029, 'La Ramada', 437),
(2030, 'La Ramada', 63),
(2031, 'La Ramadita', 492),
(2032, 'La Rancherita', 466),
(2033, 'La Redonda', 113),
(2034, 'La Reduccion', 309),
(2035, 'La Reforma', 297),
(2036, 'La Reja', 338),
(2037, 'La Ribera', 211),
(2038, 'La Rica', 109),
(2039, 'La Rinconada', 401),
(2040, 'La Rinconada', 57),
(2041, 'La Rinconada', 374),
(2042, 'La Rioja', 78),
(2043, 'La Rubia', 432),
(2044, 'La Ruta', 142),
(2045, 'La Sabana', 486),
(2046, 'La Sarita', 207),
(2047, 'La Serranita', 466),
(2048, 'La Silleta', 414),
(2049, 'La Sofia', 86),
(2050, 'La Soledad', 57),
(2051, 'La Tablada', 268),
(2052, 'La Tercena', 180),
(2053, 'La Tigra', 346),
(2054, 'La Toma', 424),
(2055, 'La Toma', 145),
(2056, 'La Tordilla', 441),
(2057, 'La Travesia', 437),
(2058, 'La Trinidad', 190),
(2059, 'La Trinidad', 105),
(2060, 'La Union', 406),
(2061, 'La Union', 255),
(2062, 'La Vanguardia', 520),
(2063, 'La Verde', 194),
(2064, 'La Vertiente', 295),
(2065, 'La ViÑa', 274),
(2066, 'La ViÑa', 351),
(2067, 'La Violeta', 362),
(2068, 'Labarden', 197),
(2069, 'Laborde', 509),
(2070, 'Labordeboy', 205),
(2071, 'Laboulaye', 378),
(2072, 'Lafinur', 262),
(2073, 'Lago Blanco', 403),
(2074, 'Lago Epuyen', 152),
(2075, 'Lago Meliquina', 275),
(2076, 'Lago Puelo', 152),
(2077, 'Lago Rosario', 181),
(2078, 'Laguna Alsina', 229),
(2079, 'Laguna Blanca', 292),
(2080, 'Laguna Blanca', 370),
(2081, 'Laguna Blanca', 369),
(2082, 'Laguna Brava', 76),
(2083, 'Laguna De Lobos', 300),
(2084, 'Laguna Escondida', 511),
(2085, 'Laguna Gallo', 367),
(2086, 'Laguna Larga', 402),
(2087, 'Laguna Limpia', 293),
(2088, 'Laguna Naick-neck', 370),
(2089, 'Laguna Paiva', 265),
(2090, 'Laguna Vitel', 103),
(2091, 'Laguna Yema', 57),
(2092, 'Lagunillas De Farallon', 394),
(2093, 'Lagunita Salada', 184),
(2094, 'Laharrague', 336),
(2095, 'Lamadrid', 57),
(2096, 'Lamadrid', 225),
(2097, 'Lamarque', 38),
(2098, 'Lampacito', 465),
(2099, 'Landeta', 449),
(2100, 'Lanteri', 207),
(2101, 'Lanus Este', 280),
(2102, 'Lanus Oeste', 280),
(2103, 'Lapachito', 194),
(2104, 'Laplacette', 260),
(2105, 'Laprida', 281),
(2106, 'Laprida', 111),
(2107, 'Larguia', 244),
(2108, 'Larrechea', 440),
(2109, 'Larroque', 228),
(2110, 'Lartigau', 144),
(2111, 'Las Acequias', 397),
(2112, 'Las Aguadas', 295),
(2113, 'Las Albahacas', 397),
(2114, 'Las Armas', 312),
(2115, 'Las Arrias', 504),
(2116, 'Las Avispas', 432),
(2117, 'Las Bahamas', 387),
(2118, 'Las Bajadas', 67),
(2119, 'Las Bandurrias', 449),
(2120, 'Las Bayas', 345),
(2121, 'Las BreÑas', 10),
(2122, 'Las Caleras', 67),
(2123, 'Las Calles', 422),
(2124, 'Las CaÑadas', 149),
(2125, 'Las CaÑas', 467),
(2126, 'Las CaÑas', 233),
(2127, 'Las Carabelas', 410),
(2128, 'Las Carditas', 308),
(2129, 'Las Catitas', 468),
(2130, 'Las Cejas', 148),
(2131, 'Las Chacras', 258),
(2132, 'Las Chacras', 295),
(2133, 'Las Chacras', 437),
(2134, 'Las Chacras', 437),
(2135, 'Las Chacritas', 24),
(2136, 'Las Chacritas', 12),
(2137, 'Las Coloradas', 93),
(2138, 'Las Compuertas', 308),
(2139, 'Las Corzuelas', 116),
(2140, 'Las Costas', 81),
(2141, 'Las Cuevas', 284),
(2142, 'Las Delicias', 361),
(2143, 'Las Encadenadas', 416),
(2144, 'Las Esquinas', 269),
(2145, 'Las Flores', 283),
(2146, 'Las Flores', 240),
(2147, 'Las Garcitas', 471),
(2148, 'Las Garzas', 207),
(2149, 'Las Gramillas', 400),
(2150, 'Las Grutas', 425),
(2151, 'Las Guachas', 483),
(2152, 'Las Heras', 284),
(2153, 'Las Heras', 154),
(2154, 'Las Higueras', 397),
(2155, 'Las Isletillas', 489),
(2156, 'Las Jarillas', 381),
(2157, 'Las Juntas', 24),
(2158, 'Las Juntas', 48),
(2159, 'Las Junturas', 402),
(2160, 'Las Lagunas', 473),
(2161, 'Las Lagunas', 295),
(2162, 'Las Lajas', 365),
(2163, 'Las Lajas', 351),
(2164, 'Las Lajitas', 29),
(2165, 'Las LeÑas', 315),
(2166, 'Las Lomitas', 357),
(2167, 'Las Malvinas', 457),
(2168, 'Las Marianas', 341),
(2169, 'Las Martinetas', 201),
(2170, 'Las Mojarras', 465),
(2171, 'Las Mojarras', 217),
(2172, 'Las Moscas', 510),
(2173, 'Las Oscuras', 422),
(2174, 'Las Ovejas', 330),
(2175, 'Las Palmas', 373),
(2176, 'Las Palmas', 56),
(2177, 'Las Palmeras', 432),
(2178, 'Las Palmitas', 269),
(2179, 'Las Parejas', 50),
(2180, 'Las PeÑas', 397),
(2181, 'Las PeÑas', 497),
(2182, 'Las Perdices', 489),
(2183, 'Las Perlas', 160),
(2184, 'Las Petacas', 449),
(2185, 'Las Piedritas', 374),
(2186, 'Las Playas', 149),
(2187, 'Las Plumas', 321),
(2188, 'Las Rabonas', 422),
(2189, 'Las Rosas', 50),
(2190, 'Las Saladas', 400),
(2191, 'Las Talas', 427),
(2192, 'Las Talas', 95),
(2193, 'Las Tapias', 28),
(2194, 'Las Tapias', 437),
(2195, 'Las Tejas', 516),
(2196, 'Las Tejas', 136),
(2197, 'Las Tinajas', 339),
(2198, 'Las Toninas', 267),
(2199, 'Las Tortugas', 223),
(2200, 'Las Toscas', 207),
(2201, 'Las Toscas', 298),
(2202, 'Las Tunas', 353),
(2203, 'Las Tunas', 282),
(2204, 'Las Varas', 441),
(2205, 'Las Varillas', 441),
(2206, 'Las Vegas', 308),
(2207, 'Las Vertientes', 397),
(2208, 'Las Violetas', 286),
(2209, 'Lastenia', 148),
(2210, 'Lavaisse', 211),
(2211, 'Lavalle', 467),
(2212, 'Lavalle', 285),
(2213, 'Lavalle', 231),
(2214, 'Lazzarino', 205),
(2215, 'Leandro N. Alem', 289),
(2216, 'Leandro N. Alem', 41),
(2217, 'Leandro N. Alem', 288),
(2218, 'Leguizamon', 378),
(2219, 'Lehmann', 90),
(2220, 'Leleque', 152),
(2221, 'Leon', 157),
(2222, 'Leones', 319),
(2223, 'Lezica Y Torrezuri', 307),
(2224, 'Libano', 201),
(2225, 'Libaros', 510),
(2226, 'Libertad', 290),
(2227, 'Libertad', 241),
(2228, 'Libertad', 339),
(2229, 'Libertad', 327),
(2230, 'Libertador General San Martin', 290),
(2231, 'Libertador General San Martin', 290),
(2232, 'Licenciado Matienzo', 299),
(2233, 'Lilo Viejo', 339),
(2234, 'Lima', 528),
(2235, 'Limay Mahuida', 297),
(2236, 'Lin Calel', 501),
(2237, 'Lincoln', 298),
(2238, 'Liniers', 133),
(2239, 'Lisandro Olmos', 272),
(2240, 'Liviara', 394),
(2241, 'Llambi Campbell', 265),
(2242, 'Llavallol', 301),
(2243, 'Llulluchayoc', 525),
(2244, 'Loberia', 299),
(2245, 'Lobos', 300),
(2246, 'LogroÑo', 13),
(2247, 'Loma Alta', 440),
(2248, 'Loma Blanca', 394),
(2249, 'Loma Blanca', 193),
(2250, 'Loma Bola', 437),
(2251, 'Loma Hermosa', 502),
(2252, 'Loma Verde', 165),
(2253, 'Loma Verde', 209),
(2254, 'Lomas De Copello', 272),
(2255, 'Lomas De Vallejos', 210),
(2256, 'Lomas De Zamora', 301),
(2257, 'Lomas Del Mirador', 268),
(2258, 'Lomas Del Rio Lujan', 70),
(2259, 'Loncopue', 302),
(2260, 'Londres', 48),
(2261, 'Longchamps', 21),
(2262, 'Lonquimay', 94),
(2263, 'Lopez', 440),
(2264, 'Lopez', 53),
(2265, 'Lopez Lecube', 379),
(2266, 'Loreto', 452),
(2267, 'Loreto', 71),
(2268, 'Loro Huasi', 465),
(2269, 'Los Alisos', 424),
(2270, 'Los Altares', 354),
(2271, 'Los Altos', 467),
(2272, 'Los Amores', 517),
(2273, 'Los Angeles', 97),
(2274, 'Los Angeles', 73),
(2275, 'Los Angeles Norte', 73),
(2276, 'Los Angeles Sur', 73),
(2277, 'Los Antiguos', 277),
(2278, 'Los Arboles', 405),
(2279, 'Los Baldecitos', 514),
(2280, 'Los Balverdis', 492),
(2281, 'Los Barriales', 261),
(2282, 'Los Berros', 473),
(2283, 'Los Blancos', 406),
(2284, 'Los Cachorros', 368),
(2285, 'Los Cajones', 262),
(2286, 'Los Callejones', 422),
(2287, 'Los Campamentos', 405),
(2288, 'Los Cardales', 168),
(2289, 'Los Cardos', 449),
(2290, 'Los Cardozos', 83),
(2291, 'Los Castillos', 24),
(2292, 'Los Catutos', 527),
(2293, 'Los Cedros', 466),
(2294, 'Los Cedros - Las Quintas', 466),
(2295, 'Los Cerrillos', 437),
(2296, 'Los ChaÑaritos', 149),
(2297, 'Los ChaÑaritos', 402),
(2298, 'Los Charruas', 136),
(2299, 'Los Chiriguanos', 57),
(2300, 'Los Cipreses', 181),
(2301, 'Los Cisnes', 259),
(2302, 'Los Cocos', 381),
(2303, 'Los Compartos', 188),
(2304, 'Los Condores', 67),
(2305, 'Los Conquistadores', 171),
(2306, 'Los Corrales', 158),
(2307, 'Los Corralitos', 233),
(2308, 'Los Frentones', 22),
(2309, 'Los Gutierrez', 148),
(2310, 'Los Helechos', 347),
(2311, 'Los Hornillos', 437),
(2312, 'Los Hornos', 272),
(2313, 'Los Hoyos', 401),
(2314, 'Los Indios', 410),
(2315, 'Los Juries', 219),
(2316, 'Los Lapachos', 159),
(2317, 'Los Laureles', 207),
(2318, 'Los Manantiales', 308),
(2319, 'Los Medanos', 95),
(2320, 'Los Menucos', 7),
(2321, 'Los Miches', 330),
(2322, 'Los Miranda', 399),
(2323, 'Los Mistoles', 497),
(2324, 'Los Molinos', 67),
(2325, 'Los Molinos', 67),
(2326, 'Los Molinos', 92),
(2327, 'Los Molinos', 89),
(2328, 'Los Molles', 262),
(2329, 'Los Molles', 116),
(2330, 'Los Molles', 437),
(2331, 'Los Muchachos - La Alborada', 412),
(2332, 'Los Nacimientos', 31),
(2333, 'Los Nacimientos', 48),
(2334, 'Los Naranjos', 311),
(2335, 'Los Nogales', 157),
(2336, 'Los Nogales', 89),
(2337, 'Los NuÑez', 399),
(2338, 'Los Overos', 222),
(2339, 'Los Palacios', 143),
(2340, 'Los Penitentes', 284),
(2341, 'Los Pinos', 44),
(2342, 'Los Pirpintos', 140),
(2343, 'Los Polvorines', 316),
(2344, 'Los Pozos', 246),
(2345, 'Los Puestos', 287),
(2346, 'Los Quiroga', 45),
(2347, 'Los Quirquinchos', 89),
(2348, 'Los Reartes', 67),
(2349, 'Los Reyunos', 457),
(2350, 'Los Robles', 427),
(2351, 'Los Sarmientos', 107),
(2352, 'Los Sarmientos', 396),
(2353, 'Los Sauces', 506),
(2354, 'Los Soria', 45),
(2355, 'Los Surgentes', 319),
(2356, 'Los Talares', 373),
(2357, 'Los Talas', 55),
(2358, 'Los Talas', 24),
(2359, 'Los Telares', 419),
(2360, 'Los Tigres', 140),
(2361, 'Los Toldos', 469),
(2362, 'Los Toldos', 220),
(2363, 'Los Troncos Del Talar', 490),
(2364, 'Los Varela', 24),
(2365, 'Los Zapallos', 183),
(2366, 'Los Zorros', 489),
(2367, 'Loteo Costa De Rio', 15),
(2368, 'Loteo Navea', 424),
(2369, 'Loventue', 306),
(2370, 'Lozada', 466),
(2371, 'Lozano', 157),
(2372, 'Luan Toro', 306),
(2373, 'Luca', 217),
(2374, 'Lucas Gonzalez', 343),
(2375, 'Lucas Monteverde', 4),
(2376, 'Lucila Del Mar', 267),
(2377, 'Lucio V. Lopez', 244),
(2378, 'Lucio V. Mansilla', 504),
(2379, 'Lugones', 39),
(2380, 'Luis Beltran', 38),
(2381, 'Luis Burela', 29),
(2382, 'Luis Guillon', 167),
(2383, 'Luis Palacios', 444),
(2384, 'Lujan', 41),
(2385, 'Lujan', 307),
(2386, 'Lujan', 307),
(2387, 'Lujan De Cuyo', 308),
(2388, 'Lules', 309),
(2389, 'Lumbreras', 328),
(2390, 'Luque', 402),
(2391, 'Lutti', 67),
(2392, 'Luyaba', 437),
(2393, 'Luzuriaga', 314),
(2394, 'Macachin', 36),
(2395, 'Macapillo', 29),
(2396, 'Machagai', 5),
(2397, 'Machigasta', 33),
(2398, 'Macia', 483),
(2399, 'Maciel', 440),
(2400, 'Maco', 83),
(2401, 'Macomitas', 63),
(2402, 'Magdala', 358),
(2403, 'Magdalena', 311),
(2404, 'Maggiolo', 205),
(2405, 'Maimara', 491),
(2406, 'Mainque', 215),
(2407, 'Maipu', 314),
(2408, 'Maipu', 312),
(2409, 'Maiz Negro', 290),
(2410, 'Makalle', 194),
(2411, 'Malabrigo', 207),
(2412, 'MalagueÑo', 466),
(2413, 'Malanzan', 199),
(2414, 'Malargue', 315),
(2415, 'Malbran', 17),
(2416, 'Malena', 397),
(2417, 'Malligasta', 107),
(2418, 'Mallin', 381),
(2419, 'Mallin Ahogado', 47),
(2420, 'Malvinas Argentinas', 21),
(2421, 'Malvinas Argentinas', 116),
(2422, 'Mamuel Choique', 345),
(2423, 'Manantiales', 159),
(2424, 'Manantiales', 467),
(2425, 'Manfredi', 402),
(2426, 'Mansupa', 399),
(2427, 'Manuel B. Gonnet', 272),
(2428, 'Manuel B. Gonnet', 9),
(2429, 'Manuel Garcia Fernandez', 287),
(2430, 'Manuel J. Cobo', 103),
(2431, 'Manuel Ocampo', 362),
(2432, 'Manzanares', 368),
(2433, 'Manzano Amargo', 330),
(2434, 'Manzone', 368),
(2435, 'Maquinchao', 7),
(2436, 'Maquinista F. Savio (oeste)', 368),
(2437, 'Maquinista F. Savio Este', 165),
(2438, 'Maquinista Gallini', 400),
(2439, 'Maquito', 83),
(2440, 'Mar Azul', 521),
(2441, 'Mar Chiquita', 317),
(2442, 'Mar De Ajo', 267),
(2443, 'Mar De Ajo Norte', 267),
(2444, 'Mar De Cobo', 317),
(2445, 'Mar De Las Pampas', 521),
(2446, 'Mar Del Plata', 213),
(2447, 'Mar Del Sur', 185),
(2448, 'Mar Del Tuyu', 267),
(2449, 'Marayes', 95),
(2450, 'Marcelino Escalada', 442),
(2451, 'Marcelino Ugarte', 9),
(2452, 'Marcos Juarez', 319),
(2453, 'Marcos Paz', 320),
(2454, 'Margarita', 517),
(2455, 'Margarita Belen', 2),
(2456, 'Mari Menuco', 138),
(2457, 'Maria Grande', 353),
(2458, 'Maria Ignacia', 484),
(2459, 'Maria Juana', 90),
(2460, 'Maria Luisa', 282),
(2461, 'Maria Magdalena', 161),
(2462, 'Maria Susana', 449),
(2463, 'Maria Teresa', 205),
(2464, 'Mariano Acosta', 327),
(2465, 'Mariano Benitez', 362),
(2466, 'Mariano Boedo', 178),
(2467, 'Mariano H. Alfonzo', 362),
(2468, 'Mariano I. Loza', 326),
(2469, 'Mariano Moreno', 527),
(2470, 'Martin Coronado', 502),
(2471, 'Martin De Loyola', 222),
(2472, 'Martinez', 436),
(2473, 'Martires', 71),
(2474, 'Marull', 441),
(2475, 'Massey', 221),
(2476, 'Mataderos', 133),
(2477, 'Matara', 257),
(2478, 'Matheu', 165),
(2479, 'Matilde', 282),
(2480, 'Matorrales', 402),
(2481, 'Mattaldi', 214),
(2482, 'Mauricio Hirsch', 86),
(2483, 'Mauricio Mayer', 139),
(2484, 'Maximo Fernandez', 61),
(2485, 'Maximo Paz', 72),
(2486, 'Maximo Paz', 520),
(2487, 'Mayor Buratovich', 523),
(2488, 'Mayor Drummond', 308),
(2489, 'Mayu Sumaj', 381),
(2490, 'Maza', 14),
(2491, 'Mbopicua', 294),
(2492, 'Mburucuya', 324),
(2493, 'Mechita', 20),
(2494, 'Mechita', 61),
(2495, 'Mechongue', 185),
(2496, 'Medanitos', 465),
(2497, 'Medanitos', 492),
(2498, 'Medanos', 523),
(2499, 'Medanos', 248),
(2500, 'Medellin', 35),
(2501, 'Media Naranja', 149),
(2502, 'Medina', 105),
(2503, 'Medrano', 261),
(2504, 'Medrano', 405),
(2505, 'Melincue', 205),
(2506, 'Melo', 378),
(2507, 'Mencue', 160),
(2508, 'Mendiolaza', 116),
(2509, 'Mercedes', 325),
(2510, 'Mercedes', 326),
(2511, 'Merlo', 327),
(2512, 'Merlo', 262),
(2513, 'Meson De Fierro', 1),
(2514, 'Metan Viejo', 328),
(2515, 'Metileo', 499),
(2516, 'Mi Granja', 116),
(2517, 'Mi Valle', 466),
(2518, 'Micaela Cascallares', 501),
(2519, 'Miguel Cane', 384),
(2520, 'Miguel Riglos', 36),
(2521, 'Miguel Torres', 205),
(2522, 'Milagro', 208),
(2523, 'Milenica', 466),
(2524, 'Mina 3', 234),
(2525, 'Mina Clavero', 422),
(2526, 'Mina Providencia', 480),
(2527, 'Mina Santa Teresita', 7),
(2528, 'Minerva', 174),
(2529, 'Ministro Ramos Mexia', 11),
(2530, 'Ministro Rivadavia', 21),
(2531, 'Mira Pampa', 404),
(2532, 'Miraflores', 73),
(2533, 'Miraflores', 195),
(2534, 'Miraflores', 455),
(2535, 'Miramar', 185),
(2536, 'Miramar', 441),
(2537, 'Miranda', 107),
(2538, 'Misarrumi', 463),
(2539, 'Mision ChaqueÑa', 198),
(2540, 'Mision El Cruce', 198),
(2541, 'Mision Kilometro 6', 198),
(2542, 'Mision Tacaagle', 367),
(2543, 'Mision Tierras Fiscales', 198),
(2544, 'Mocoreta', 334),
(2545, 'Moctezuma', 86),
(2546, 'Mogna', 252),
(2547, 'Moises Ville', 432),
(2548, 'Mojon De Fierro', 178),
(2549, 'Mojon Grande', 438),
(2550, 'Molino Doll', 519),
(2551, 'Molinos', 332),
(2552, 'Mones Cazon', 358),
(2553, 'Monigotes', 432),
(2554, 'Monje', 440),
(2555, 'Monserrat', 119),
(2556, 'Monte Buey', 319),
(2557, 'Monte Caseros', 334),
(2558, 'Monte Castro', 120),
(2559, 'Monte Chingolo', 280),
(2560, 'Monte Coman', 457),
(2561, 'Monte De Los Gauchos', 397),
(2562, 'Monte Del Rosario', 400),
(2563, 'Monte Flores', 412),
(2564, 'Monte Grande', 167),
(2565, 'Monte Hermoso', 335),
(2566, 'Monte LeÑa', 509),
(2567, 'Monte Maiz', 509),
(2568, 'Monte Nievas', 139),
(2569, 'Monte Potrero', 351),
(2570, 'Monte Quemado', 140),
(2571, 'Monte Ralo', 466),
(2572, 'Monte Vera', 265),
(2573, 'Monteagudo', 477),
(2574, 'Montecarlo', 336),
(2575, 'Montecaseros', 447),
(2576, 'Montecristo', 400),
(2577, 'Montefiore', 13),
(2578, 'Monteros', 337),
(2579, 'Monterrico', 159),
(2580, 'Montes De Oca', 50),
(2581, 'Moquehua', 109),
(2582, 'Moquehue', 23),
(2583, 'Morales', 83),
(2584, 'Morea', 9),
(2585, 'Moreno', 338),
(2586, 'Moron', 340),
(2587, 'Morrison', 509),
(2588, 'Morse', 260),
(2589, 'Morteros', 441),
(2590, 'Mosmota', 258),
(2591, 'Mundo Nuevo', 405),
(2592, 'MuÑiz', 451),
(2593, 'Munro', 518),
(2594, 'Murphy', 205),
(2595, 'Mussi', 422),
(2596, 'Mutquin', 375),
(2597, 'Nacate', 199),
(2598, 'Nacion Ranquel', 211),
(2599, 'Nahuel Mapa', 222),
(2600, 'Nahuel Niyeu', 513),
(2601, 'Naico', 493),
(2602, 'Ñanducita', 432),
(2603, 'Napaleofu', 44),
(2604, 'Napalpi', 5),
(2605, 'Napenay', 242),
(2606, 'Nare', 442),
(2607, 'Naschel', 99),
(2608, 'Naupa Huen', 160),
(2609, 'Navarro', 341),
(2610, 'Navia', 222),
(2611, 'Nazareno', 469),
(2612, 'Necochea', 342),
(2613, 'Nelson', 265),
(2614, 'Nemesio Parma', 80),
(2615, 'Neuquen', 138),
(2616, 'Nicanor Olivera', 342),
(2617, 'Nicolas Bruzzone', 214),
(2618, 'Niquivil', 252),
(2619, 'Ñirihuau', 369),
(2620, 'Noetinger', 509),
(2621, 'Nogoli', 49),
(2622, 'Nogoya', 343),
(2623, 'Nono', 422),
(2624, 'Nonogasta', 107),
(2625, 'Norberto De La Riestra', 4),
(2626, 'Ñorquinco', 345),
(2627, 'Norumbega', 9),
(2628, 'Nucleo I', 66),
(2629, 'Nucleo Ii', 66),
(2630, 'Nuestra Se?ora Del Rosario', 424),
(2631, 'Nuestra SeÑora De Talavera', 29),
(2632, 'Nuestra SeÑora Del Rosario De Caa Cati', 210),
(2633, 'Nueva California', 447),
(2634, 'Nueva Delicia', 161),
(2635, 'Nueva Escocia', 136),
(2636, 'Nueva Esperanza', 140),
(2637, 'Nueva Esperanza', 361),
(2638, 'Nueva Francia', 476),
(2639, 'Nueva Galia', 222),
(2640, 'Nueva Lehmann', 90),
(2641, 'Nueva Plata', 358),
(2642, 'Nueva Pompeya', 195),
(2643, 'Nueva Pompeya', 128),
(2644, 'Nueva Trinidad', 477),
(2645, 'Nueva Vizcaya', 172),
(2646, 'Nuevo Pirquitas', 394),
(2647, 'Nuevo Torino', 282),
(2648, 'NuÑez', 123),
(2649, 'O\'higgins', 97),
(2650, 'Oasis', 435),
(2651, 'Obera', 347),
(2652, 'Obispo Trejo', 400),
(2653, 'Obligado', 454),
(2654, 'Ochandio', 430),
(2655, 'Ocloyas', 157),
(2656, 'Octavio Pico', 359),
(2657, 'Ojeda', 393),
(2658, 'Ojos De Agua', 345),
(2659, 'Olacapato', 480),
(2660, 'Olacapato', 304),
(2661, 'Olaeta', 259),
(2662, 'Olaroz Chico', 480),
(2663, 'Olascoaga', 61),
(2664, 'Olavarria', 349),
(2665, 'Olegario V. Andrade', 289),
(2666, 'Oliden', 62),
(2667, 'Oliva', 489),
(2668, 'Olivares De San Nicolas', 246),
(2669, 'Olivera', 307),
(2670, 'Oliveros', 244),
(2671, 'Olivos', 518),
(2672, 'Olpas', 208),
(2673, 'Olta', 193),
(2674, 'Onagoity', 214),
(2675, 'Oncativo', 402),
(2676, 'Open Door', 307),
(2677, 'Oratorio', 463),
(2678, 'OrdoÑez', 509),
(2679, 'Ordoqui', 86),
(2680, 'Orense', 501),
(2681, 'Oriente', 142),
(2682, 'Oro Verde', 353),
(2683, 'Orosmayo', 394),
(2684, 'Ostende', 371),
(2685, 'Pablo Podesta', 502),
(2686, 'Pacara', 198),
(2687, 'Pacara', 148),
(2688, 'Pacheco De Melo', 259),
(2689, 'Padre Lozano', 198),
(2690, 'Pagancillo', 143),
(2691, 'Pago Chico', 141),
(2692, 'Paicone', 463),
(2693, 'Pajas Blancas', 116),
(2694, 'Pala Pala', 287),
(2695, 'Palacios', 432),
(2696, 'Palca De Aparzo', 238),
(2697, 'Palca De Varas', 238),
(2698, 'Palermo', 124),
(2699, 'Palma Sola', 370),
(2700, 'Palma Sola', 462),
(2701, 'Palmar Grande', 210),
(2702, 'Palmira', 447),
(2703, 'Palo Blanco', 492),
(2704, 'Palo Labrado', 351),
(2705, 'Palo Negro', 408),
(2706, 'Palo Santo', 372),
(2707, 'Palo Seco', 465),
(2708, 'Palos Blancos', 455),
(2709, 'Palpala', 352),
(2710, 'Pampa Almiron', 293),
(2711, 'Pampa Blanca', 492),
(2712, 'Pampa Blanca', 159),
(2713, 'Pampa De Los Guanacos', 140),
(2714, 'Pampa Del Indio', 293),
(2715, 'Pampa Del Infierno', 22),
(2716, 'Pampa Landriel', 1),
(2717, 'Pampa Vieja', 252),
(2718, 'Pampayasta Norte', 489),
(2719, 'Pampayasta Sur', 489),
(2720, 'Pampichuela', 515),
(2721, 'Panaholma', 422),
(2722, 'Panambi', 347),
(2723, 'Panambi Kilometro 15', 347),
(2724, 'Panambi Kilometro 8', 347),
(2725, 'Panquehua', 284),
(2726, 'Papagayos', 99),
(2727, 'Parada AcuÑa', 334),
(2728, 'Parada Labougle', 334),
(2729, 'Parada Orlando', 168),
(2730, 'Parada Pucheta', 355),
(2731, 'Parada Robles', 168),
(2732, 'Paraiso', 456),
(2733, 'Paraje 29', 517),
(2734, 'Paraje Chaco Chico', 265),
(2735, 'Paraje La Costa', 265),
(2736, 'Paraje La Virgen', 155),
(2737, 'Paraje San Manuel', 207),
(2738, 'Parana', 353),
(2739, 'Parapeti', 455),
(2740, 'Pardo', 283),
(2741, 'Pareditas', 428),
(2742, 'Parera', 389),
(2743, 'Parque Avellaneda', 133),
(2744, 'Parque Calmayo', 67),
(2745, 'Parque Chacabuco', 131),
(2746, 'Parque Chas', 125),
(2747, 'Parque Norte', 116),
(2748, 'Parque Patricios', 128),
(2749, 'Pascanas', 509),
(2750, 'Pasco', 217),
(2751, 'Pasman', 146),
(2752, 'Paso Aguerre', 364),
(2753, 'Paso Cordova', 160),
(2754, 'Paso Cordova', 215),
(2755, 'Paso De Indios', 354),
(2756, 'Paso De La Laguna', 522),
(2757, 'Paso De La Patria', 431),
(2758, 'Paso De Los Libres', 355),
(2759, 'Paso Del Durazno', 259),
(2760, 'Paso Del Durazno', 397),
(2761, 'Paso Del Rey', 338),
(2762, 'Paso Del Sapo', 279),
(2763, 'Paso Grande', 295),
(2764, 'Paso Viejo', 149),
(2765, 'Pasteur', 298),
(2766, 'Pastor Britos', 228),
(2767, 'Pastos Chicos', 480),
(2768, 'Patay', 339),
(2769, 'Paternal', 125),
(2770, 'Patquia', 243),
(2771, 'Patricios', 9),
(2772, 'Paula', 60),
(2773, 'Paulina', 290),
(2774, 'Pavon', 520),
(2775, 'Pavon', 168),
(2776, 'Pavon', 204),
(2777, 'Pavon Arriba', 520),
(2778, 'Payogasta', 64),
(2779, 'Pearson', 115),
(2780, 'Pedernal', 136),
(2781, 'Pedernal', 473),
(2782, 'Pedernales', 4),
(2783, 'Pedro Gomez Cello', 442),
(2784, 'Pedro Luro', 523),
(2785, 'Pedro Molina', 233),
(2786, 'Pedro R. Fernandez', 458),
(2787, 'Pehuajo', 358),
(2788, 'Pellegrini', 360),
(2789, 'Peninsula Ruca Co', 215),
(2790, 'Perdriel', 308),
(2791, 'Pereyra', 54),
(2792, 'Perez', 412),
(2793, 'Perez Millan', 387),
(2794, 'Pergamino', 362),
(2795, 'Perico', 159),
(2796, 'Perito Moreno', 277),
(2797, 'Peru', 232),
(2798, 'Perugorria', 151),
(2799, 'Peyrano', 520),
(2800, 'Phillips', 261),
(2801, 'Piamonte', 449),
(2802, 'Pichanal', 350),
(2803, 'Pichi Huinca', 389),
(2804, 'Pichi Mahuida', 363),
(2805, 'Pichincha', 221),
(2806, 'Pico Truncado', 154),
(2807, 'Picun Leufu', 364),
(2808, 'Pie De Palo', 95),
(2809, 'Piedra Del Aguila', 114),
(2810, 'Piedrabuena', 63),
(2811, 'Piedras Blancas', 270),
(2812, 'Piedras Blancas', 308),
(2813, 'Piedritas', 455),
(2814, 'Piedritas', 221),
(2815, 'Pieres', 299),
(2816, 'Pigue', 416),
(2817, 'Pila', 366),
(2818, 'Pila Pardo', 159),
(2819, 'Pilar', 282),
(2820, 'Pilar', 368),
(2821, 'Pilar', 402),
(2822, 'Pilcaniyeu', 369),
(2823, 'Pilquiniyeu', 7),
(2824, 'Pilquiniyeu Del Limay', 369),
(2825, 'PiÑalito Norte', 206),
(2826, 'PiÑalito Sur', 456),
(2827, 'Pinamar', 371),
(2828, 'Pincen', 214),
(2829, 'Pinchas', 92),
(2830, 'Pindapoy', 32),
(2831, 'PiÑero', 412),
(2832, 'PiÑeyro', 37),
(2833, 'Pinzon', 362),
(2834, 'Pipinas', 382),
(2835, 'Piquete Cabado', 29),
(2836, 'Piquillin', 400),
(2837, 'Piquirenda', 198),
(2838, 'Pirane', 372),
(2839, 'Piray Kilometro 18', 336),
(2840, 'Pirovano', 60),
(2841, 'Pismanta', 240),
(2842, 'Pituil', 170),
(2843, 'Pla', 20),
(2844, 'Platanos', 54),
(2845, 'Playa Dorada', 317),
(2846, 'Playa Magagna', 391),
(2847, 'Playa Union', 391),
(2848, 'Playas Doradas', 425),
(2849, 'Plaza Clucellas', 90),
(2850, 'Plaza De Mercedes', 400),
(2851, 'Plaza Huincul', 138),
(2852, 'Plaza Luxardo', 441),
(2853, 'Plaza Matilde', 282),
(2854, 'Plaza Saguier', 90),
(2855, 'Plaza San Francisco', 441),
(2856, 'Plaza Vieja', 170),
(2857, 'Plomer', 203),
(2858, 'Plottier', 138),
(2859, 'Pluma De Pato', 406),
(2860, 'Pobre Diablo', 457),
(2861, 'Polco', 101),
(2862, 'Polcos', 516),
(2863, 'Polvaredas', 418),
(2864, 'Polvaredas', 284),
(2865, 'Poman', 375),
(2866, 'Pomancillo Este', 180),
(2867, 'Pomancillo Oeste', 180),
(2868, 'Pomona', 38),
(2869, 'Pontaut', 201),
(2870, 'Pontevedra', 327),
(2871, 'PorteÑa', 441),
(2872, 'Portezuelo', 199),
(2873, 'Porton Negro', 367),
(2874, 'Porvenir', 176),
(2875, 'Posada De Los Lagos', 62),
(2876, 'Posadas', 80),
(2877, 'Poscaya', 469),
(2878, 'Posta Cambio Zalazar', 357),
(2879, 'Potrerillo', 295),
(2880, 'Potrerillos', 308),
(2881, 'Potrero De Garay', 466),
(2882, 'Potrero De Los Funes', 258),
(2883, 'Pozo Betbeder', 361),
(2884, 'Pozo Borrado', 13),
(2885, 'Pozo De Los Indios', 517),
(2886, 'Pozo De Maza', 57),
(2887, 'Pozo Del Mistol', 516),
(2888, 'Pozo Del Molle', 402),
(2889, 'Pozo Del Mortero', 57),
(2890, 'Pozo Del Tigre', 357),
(2891, 'Pozo Hondo', 253),
(2892, 'Pozo Nuevo', 478),
(2893, 'Pozo Salado', 15),
(2894, 'Pozuelos', 399),
(2895, 'Prahuaniyeu', 11),
(2896, 'Presidencia De La Plaza', 376),
(2897, 'Presidencia Roca', 293),
(2898, 'Presidencia Roque Saenz Pena', 118),
(2899, 'Presidente Derqui', 368),
(2900, 'Presidente Roca', 90),
(2901, 'Presidente Sarmiento', 223),
(2902, 'Profesor Salvador Mazza', 198),
(2903, 'Profundidad', 71),
(2904, 'Progreso', 282),
(2905, 'Pronunciamiento', 510),
(2906, 'Providencia', 282),
(2907, 'Puan', 379),
(2908, 'Pueblo Andino', 244),
(2909, 'Pueblo Bellocq', 353),
(2910, 'Pueblo Brugo', 353),
(2911, 'Pueblo Cazes', 117),
(2912, 'Pueblo Comechingones', 400),
(2913, 'Pueblo Doyle', 454),
(2914, 'Pueblo Esther', 412),
(2915, 'Pueblo General Belgrano', 228),
(2916, 'Pueblo General San Martin', 353),
(2917, 'Pueblo Gouin', 88),
(2918, 'Pueblo Illia', 66),
(2919, 'Pueblo Independencia', 337),
(2920, 'Pueblo Italiano', 509),
(2921, 'Pueblo Ledesma', 290),
(2922, 'Pueblo Libertador', 166),
(2923, 'Pueblo Liebig\'s', 117),
(2924, 'Pueblo Marini', 90),
(2925, 'Pueblo Moreno', 353),
(2926, 'Pueblo MuÑoz', 412),
(2927, 'Pueblo Nuevo', 161),
(2928, 'Pueblo Nuevo', 281),
(2929, 'Pueblo Pablo Torelo', 339),
(2930, 'Pueblo San Jorge', 281),
(2931, 'Pueblo Santa Lucia', 517),
(2932, 'Pueblo Uranga', 412),
(2933, 'Pueblo Viejo', 245),
(2934, 'Puelches', 150),
(2935, 'Puelen', 380),
(2936, 'Puente De Hierro', 233),
(2937, 'Puente Del Inca', 284),
(2938, 'Puente Lavayen', 462),
(2939, 'Puerta De Colorados', 505),
(2940, 'Puerta De Corral Quemado', 48),
(2941, 'Puerta De San Jose', 48),
(2942, 'Puerto Andresito', 206),
(2943, 'Puerto Aragon', 440),
(2944, 'Puerto Arroyo Seco', 412),
(2945, 'Puerto Bermejo Nuevo', 56),
(2946, 'Puerto Bermejo Viejo', 56),
(2947, 'Puerto Deseado', 206),
(2948, 'Puerto Deseado', 154),
(2949, 'Puerto Eva Peron', 56),
(2950, 'Puerto General San Martin', 444),
(2951, 'Puerto Iguazu', 241),
(2952, 'Puerto Las Cuevas', 155),
(2953, 'Puerto Leoni', 294),
(2954, 'Puerto Madero', 119),
(2955, 'Puerto Mado', 161),
(2956, 'Puerto Madryn', 59),
(2957, 'Puerto Pilcomayo', 370),
(2958, 'Puerto Pinares', 161),
(2959, 'Puerto Piramide', 59),
(2960, 'Puerto Piray', 336),
(2961, 'Puerto Reconquista', 207),
(2962, 'Puerto Rico', 294),
(2963, 'Puerto Ruiz', 227),
(2964, 'Puerto San Antonio Este', 425),
(2965, 'Puerto San Julian', 310),
(2966, 'Puerto Santa Ana', 71),
(2967, 'Puerto Santa Cruz', 147),
(2968, 'Puerto Tirol', 292),
(2969, 'Puerto Vilelas', 434),
(2970, 'Puerto Yerua', 136),
(2971, 'Puesto De Castro', 401),
(2972, 'Puesto De San Antonio', 83),
(2973, 'Puesto Del Marquez', 113),
(2974, 'Puesto Sey', 480),
(2975, 'Puesto Viejo', 159),
(2976, 'Pujato', 444),
(2977, 'Pumahuasi', 525),
(2978, 'Punta Alta', 141),
(2979, 'Punta Alta', 141),
(2980, 'Punta Colorada', 425),
(2981, 'Punta De Balasto', 465),
(2982, 'Punta De Los Llanos', 189),
(2983, 'Punta De Vacas', 284),
(2984, 'Punta Del Agua', 457),
(2985, 'Punta Del Agua', 492),
(2986, 'Punta Del Agua', 489),
(2987, 'Punta Del Medano', 473),
(2988, 'Punta Indio', 382),
(2989, 'Punta Lara', 163),
(2990, 'Punta Mogotes', 213),
(2991, 'Purmamarca', 505),
(2992, 'Quebracho Herrado', 441),
(2993, 'Quebracho Ladeado', 437),
(2994, 'Quebrada De Los Pozos', 437),
(2995, 'Quebrada De Luna', 381),
(2996, 'QuebraleÑa', 113),
(2997, 'Quehue', 512),
(2998, 'Quemu Quemu', 384),
(2999, 'Quenuma', 420),
(3000, 'Quequen', 342),
(3001, 'Quera', 113),
(3002, 'Quetrequen', 389),
(3003, 'Quili Malal', 365),
(3004, 'Quilino', 246),
(3005, 'Quilmes', 385),
(3006, 'Quilmes Oeste', 385),
(3007, 'Quimili', 339),
(3008, 'Quines', 41),
(3009, 'Quinta El Mirador', 59),
(3010, 'Quinto Cuartel', 374),
(3011, 'Quiros', 269),
(3012, 'Quitilipi', 386),
(3013, 'Rada Tilly', 164),
(3014, 'Rafael Calzada', 21),
(3015, 'Rafael Castillo', 268),
(3016, 'Rafael Garcia', 466),
(3017, 'Rafael Obligado', 410),
(3018, 'Rafaela', 90),
(3019, 'Rama Caida', 457),
(3020, 'Ramada Paso', 249),
(3021, 'Ramallo', 387),
(3022, 'Ramayon', 442),
(3023, 'Ramblones', 269),
(3024, 'Ramirez De Velazco', 383),
(3025, 'Ramon Biaus', 109),
(3026, 'Ramon J. Carcano', 509),
(3027, 'Ramon M. Castro', 527),
(3028, 'Ramon Santamarina', 342),
(3029, 'Ramona', 90),
(3030, 'Ramos Mejia', 268),
(3031, 'Ramos Otero', 44),
(3032, 'Rancagua', 362),
(3033, 'Ranchillos', 148),
(3034, 'Ranchos', 209),
(3035, 'Rancul', 389),
(3036, 'Ranelagh', 54),
(3037, 'Ranqueles', 214),
(3038, 'Rapelli', 361),
(3039, 'Rauch', 390),
(3040, 'Rawson', 97),
(3041, 'Rawson', 391),
(3042, 'Rawson', 392),
(3043, 'Rayo Cortado', 401),
(3044, 'Real Del Padre', 457),
(3045, 'Real Sayana', 39),
(3046, 'Realico', 393),
(3047, 'Recalde', 349),
(3048, 'Recaredo', 198),
(3049, 'Recoleta', 126),
(3050, 'Reconquista', 207),
(3051, 'Recreo', 265),
(3052, 'Recreo', 269),
(3053, 'Reduccion De Abajo', 405),
(3054, 'Relmo', 384),
(3055, 'Remedios De Escalada', 502),
(3056, 'Remedios Escalada De San Martin', 280),
(3057, 'Renca', 99),
(3058, 'Reserva Area Protegida El Doradillo', 59),
(3059, 'Resistencia', 434),
(3060, 'Reta', 501),
(3061, 'Retiro', 119),
(3062, 'Riacho He-he', 370),
(3063, 'Riacho Negro', 370),
(3064, 'Riachuelo', 76),
(3065, 'Ricardo Rojas', 490),
(3066, 'Ricardone', 444),
(3067, 'Rincon', 375),
(3068, 'Rincon', 402),
(3069, 'Rincon De Azara', 32),
(3070, 'Rincon De Los Sauces', 359),
(3071, 'Rincon De Milberg', 490),
(3072, 'Rincon Norte', 265),
(3073, 'Rincon Potrero', 265),
(3074, 'Rinconada', 394),
(3075, 'Rinconadillas', 113),
(3076, 'Ringuelet', 272),
(3077, 'Rio Bamba', 378),
(3078, 'Rio Blanco', 352),
(3079, 'Rio Ceballos', 116),
(3080, 'Rio Chico', 345),
(3081, 'Rio Chico', 396),
(3082, 'Rio Colorado', 287),
(3083, 'Rio Colorado', 363),
(3084, 'Rio Cuarto', 397),
(3085, 'Rio De Los Sauces', 67),
(3086, 'Rio Del Valle', 29),
(3087, 'Rio Gallegos', 234),
(3088, 'Rio Grande', 145),
(3089, 'Rio Grande', 398),
(3090, 'Rio Mayo', 403),
(3091, 'Rio Muerto', 22),
(3092, 'Rio Pico', 487),
(3093, 'Rio Piedras', 328),
(3094, 'Rio Primero', 400),
(3095, 'Rio Seco', 337),
(3096, 'Rio Segundo', 402),
(3097, 'Rio Tala', 454),
(3098, 'Rio Tercero', 489),
(3099, 'Rio Villegas', 47),
(3100, 'Riocito', 145),
(3101, 'Rivadavia', 405),
(3102, 'Rivadavia', 406),
(3103, 'Rivadavia', 407),
(3104, 'Rivera', 14),
(3105, 'Roberto Cano', 410),
(3106, 'Roberto De Vicenzo', 368),
(3107, 'Roberto J. Payro', 311),
(3108, 'Roberts', 298),
(3109, 'Roca Chica', 435),
(3110, 'Rocamora', 510),
(3111, 'Rodeito', 455),
(3112, 'Rodeo', 240),
(3113, 'Rodeo De La Cruz', 233),
(3114, 'Rodeo De Valdez', 399),
(3115, 'Rodeo Del Medio', 314),
(3116, 'Rodero', 238),
(3117, 'Rodriguez PeÑa', 261),
(3118, 'Rojas', 410),
(3119, 'Rojas', 410),
(3120, 'Roldan', 444),
(3121, 'Rolon', 36),
(3122, 'Romang', 439),
(3123, 'Roosevelt', 404),
(3124, 'Roque Perez', 411),
(3125, 'Rosales', 378),
(3126, 'Rosario', 412),
(3127, 'Rosario De La Frontera', 413),
(3128, 'Rosario De Lerma', 414),
(3129, 'Rosario De Rio Grande', 455),
(3130, 'Rosario Del Saladillo', 504),
(3131, 'Rosario Del Tala', 483),
(3132, 'Rospentek', 234),
(3133, 'Roversi', 339),
(3134, 'Rucanelo', 139),
(3135, 'Rueda', 520),
(3136, 'Rufino', 205),
(3137, 'Rufino De Elizalde', 272),
(3138, 'Ruiz De Montoya', 294),
(3139, 'Russell', 314),
(3140, 'Sa Pereyra', 282),
(3141, 'Saavedra', 416),
(3142, 'Saavedra', 122),
(3143, 'Sacanta', 441),
(3144, 'Sachayoj', 19),
(3145, 'Saco Viejo', 425),
(3146, 'Saenz PeÑa', 502),
(3147, 'Saforcada', 260),
(3148, 'Sagrada Familia', 400),
(3149, 'Saira', 319),
(3150, 'Saladas', 417),
(3151, 'Saladero Mariano Cabal', 183),
(3152, 'Saladillo', 145),
(3153, 'Saladillo', 418),
(3154, 'Saladillo', 319),
(3155, 'Salazar', 153),
(3156, 'Saldan', 116),
(3157, 'Saldungaray', 496),
(3158, 'Salicas', 427),
(3159, 'Salinas Del Bebedero', 258),
(3160, 'Salliquelo', 420),
(3161, 'Salsacate', 373),
(3162, 'Salsipuedes', 116),
(3163, 'Salsipuedes', 116),
(3164, 'Salta', 81),
(3165, 'Salta', 81),
(3166, 'Salto', 421),
(3167, 'Salto Andersen', 363),
(3168, 'Salto De Las Rosas', 457),
(3169, 'Salto Encantado', 66),
(3170, 'Salto Grande', 244),
(3171, 'Salvador Maria', 300),
(3172, 'Samborombon', 62),
(3173, 'Sampacho', 397),
(3174, 'Samuhu', 443),
(3175, 'San Agustin', 44),
(3176, 'San Agustin', 67),
(3177, 'San Agustin', 96),
(3178, 'San Agustin', 282),
(3179, 'San Alberto', 294),
(3180, 'San Andres', 148),
(3181, 'San Andres De Giles', 423),
(3182, 'San Antonio', 180),
(3183, 'San Antonio', 269),
(3184, 'San Antonio', 351),
(3185, 'San Antonio', 251),
(3186, 'San Antonio', 424),
(3187, 'San Antonio', 455),
(3188, 'San Antonio', 33),
(3189, 'San Antonio', 199),
(3190, 'San Antonio', 206),
(3191, 'San Antonio', 90),
(3192, 'San Antonio De Areco', 426),
(3193, 'San Antonio De Arredondo', 381),
(3194, 'San Antonio De Litin', 509),
(3195, 'San Antonio De Los Cobres', 304),
(3196, 'San Antonio De Obligado', 207),
(3197, 'San Antonio De Padua', 327),
(3198, 'San Antonio Oeste', 425),
(3199, 'San Basilio', 397),
(3200, 'San Benito', 353),
(3201, 'San Bernardo', 13),
(3202, 'San Bernardo', 442),
(3203, 'San Bernardo', 267),
(3204, 'San Bernardo', 358),
(3205, 'San Bernardo', 346),
(3206, 'San Blas', 427),
(3207, 'San Carlos', 428),
(3208, 'San Carlos', 429),
(3209, 'San Carlos', 251),
(3210, 'San Carlos Centro', 282),
(3211, 'San Carlos De Bariloche', 47),
(3212, 'San Carlos De Bariloche', 47),
(3213, 'San Carlos De Bolivar', 60),
(3214, 'San Carlos Minas', 329),
(3215, 'San Carlos Norte', 282),
(3216, 'San Carlos Sud', 282),
(3217, 'San Cayetano', 430),
(3218, 'San Cayetano', 76),
(3219, 'San Clemente', 466),
(3220, 'San Clemente Del Tuyu', 267),
(3221, 'San Cosme', 431),
(3222, 'San Cristobal', 127),
(3223, 'San Cristobal', 432),
(3224, 'San Eduardo', 205),
(3225, 'San Emilio', 220),
(3226, 'San Enrique', 4),
(3227, 'San Esteban', 381),
(3228, 'San Eugenio', 440),
(3229, 'San Fabian', 440),
(3230, 'San Felipe', 413),
(3231, 'San Fernando', 433),
(3232, 'San Fernando Del Valle De Catamarca', 74),
(3233, 'San Francisco', 441),
(3234, 'San Francisco', 515),
(3235, 'San Francisco De Alfarcito', 113),
(3236, 'San Francisco De Asis', 6),
(3237, 'San Francisco De Bellocq', 501),
(3238, 'San Francisco De Laishi', 278),
(3239, 'San Francisco De Santa Fe', 205),
(3240, 'San Francisco Del ChaÑar', 478),
(3241, 'San Francisco Del Monte', 223),
(3242, 'San Francisco Del Monte', 233),
(3243, 'San Francisco Del Monte De Oro', 41),
(3244, 'San Francisco Solano', 21),
(3245, 'San Francisco Solano', 385),
(3246, 'San Genaro', 440),
(3247, 'San Genaro Norte', 440),
(3248, 'San German', 379),
(3249, 'San Geronimo', 373),
(3250, 'San Gotardo', 294),
(3251, 'San Gregorio', 205),
(3252, 'San Guillermo', 432),
(3253, 'San Gustavo', 270),
(3254, 'San Hilario', 178),
(3255, 'San Huberto', 422),
(3256, 'San Ignacio', 435),
(3257, 'San Ignacio (loteo San Javier)', 67),
(3258, 'San Ignacio (loteo Velez Crespo)', 67),
(3259, 'San Isidro', 436),
(3260, 'San Isidro', 516),
(3261, 'San Isidro', 159),
(3262, 'San Isidro', 252),
(3263, 'San Isidro', 448),
(3264, 'San Jaime De La Frontera', 171),
(3265, 'San Javier', 438),
(3266, 'San Javier', 15),
(3267, 'San Javier', 439),
(3268, 'San Javier Y Yacanto', 437),
(3269, 'San Jeronimo', 258),
(3270, 'San Jeronimo Del Sauce', 282),
(3271, 'San Jeronimo Norte', 282),
(3272, 'San Jeronimo Sud', 444),
(3273, 'San Joaquin', 378),
(3274, 'San Jorge', 449),
(3275, 'San Jose', 525),
(3276, 'San Jose', 233),
(3277, 'San Jose', 507),
(3278, 'San Jose', 32),
(3279, 'San Jose', 21),
(3280, 'San Jose', 146),
(3281, 'San Jose', 180),
(3282, 'San Jose', 437),
(3283, 'San Jose', 117),
(3284, 'San Jose Banda', 465),
(3285, 'San Jose De Feliciano', 173),
(3286, 'San Jose De Jachal', 252),
(3287, 'San Jose De La Cocha', 266),
(3288, 'San Jose De La Dormida', 504),
(3289, 'San Jose De La Esquina', 89),
(3290, 'San Jose De Las Salinas', 504),
(3291, 'San Jose De Metan', 328),
(3292, 'San Jose De Orquera', 328),
(3293, 'San Jose Del Boqueron', 140),
(3294, 'San Jose Del Morro', 211),
(3295, 'San Jose Del Rincon', 265),
(3296, 'San Jose Norte', 465),
(3297, 'San Jose Villa', 465),
(3298, 'San Juan', 82),
(3299, 'San Juan De Oros', 463),
(3300, 'San Juan De Quillaques', 480),
(3301, 'San Juancito', 159),
(3302, 'San Justo', 442),
(3303, 'San Justo', 268),
(3304, 'San Lorenzo', 422),
(3305, 'San Lorenzo', 417),
(3306, 'San Lorenzo', 444),
(3307, 'San Lucas', 455),
(3308, 'San Luis', 258),
(3309, 'San Luis Del Palmar', 445),
(3310, 'San Manuel', 299),
(3311, 'San Marcos', 509),
(3312, 'San Marcos', 469),
(3313, 'San Marcos Sierra', 149),
(3314, 'San Mariano', 282),
(3315, 'San Martin', 347),
(3316, 'San Martin', 295),
(3317, 'San Martin', 73),
(3318, 'San Martin', 422),
(3319, 'San Martin De Las Escobas', 449),
(3320, 'San Martin De Los Andes', 275),
(3321, 'San Martin I', 357),
(3322, 'San Martin Ii', 357),
(3323, 'San Martin Norte', 442),
(3324, 'San Mauricio', 404),
(3325, 'San Mayol', 501),
(3326, 'San Miguel', 451),
(3327, 'San Miguel', 375),
(3328, 'San Miguel', 452),
(3329, 'San Miguel', 107),
(3330, 'San Miguel', 294),
(3331, 'San Miguel De Tucuman', 84),
(3332, 'San Miguel Del Monte', 333),
(3333, 'San Nicolas', 466),
(3334, 'San Nicolas', 466),
(3335, 'San Nicolas', 107),
(3336, 'San Nicolas', 119),
(3337, 'San Nicolas De Los Arroyos', 453),
(3338, 'San Pablo', 73),
(3339, 'San Pablo', 99),
(3340, 'San Pablo De Reyes', 157),
(3341, 'San Patricio Del ChaÑar', 27),
(3342, 'San Pedro', 171),
(3343, 'San Pedro', 455),
(3344, 'San Pedro', 92),
(3345, 'San Pedro', 456),
(3346, 'San Pedro', 83),
(3347, 'San Pedro', 111),
(3348, 'San Pedro', 231),
(3349, 'San Pedro', 253),
(3350, 'San Pedro', 454),
(3351, 'San Pedro', 73),
(3352, 'San Pedro', 467),
(3353, 'San Pedro', 422),
(3354, 'San Pedro De Colalao', 498),
(3355, 'San Pedro De Gutemberg', 401),
(3356, 'San Pedro De Toyos', 246),
(3357, 'San Pedro Norte', 504),
(3358, 'San Rafael', 457),
(3359, 'San Ramon', 171),
(3360, 'San Ramon De La Nueva Oran', 350),
(3361, 'San Roman', 142),
(3362, 'San Roque', 381),
(3363, 'San Roque', 458),
(3364, 'San Roque', 314),
(3365, 'San Roque', 258),
(3366, 'San Roque', 105),
(3367, 'San Roque Del Lago', 381),
(3368, 'San Salvador', 459),
(3369, 'San Salvador De Jujuy', 157),
(3370, 'San Sebastian', 109),
(3371, 'San Severo', 509),
(3372, 'San Telmo', 119),
(3373, 'San Vicente', 460),
(3374, 'San Vicente', 422),
(3375, 'San Vicente', 159),
(3376, 'San Vicente', 230),
(3377, 'San Vicente', 90),
(3378, 'San Victor', 173),
(3379, 'Sanabria', 217),
(3380, 'Sancti Spiritu', 205),
(3381, 'Sanford', 89),
(3382, 'SaÑogasta', 107),
(3383, 'Sansinena', 404),
(3384, 'Santa Ana', 431),
(3385, 'Santa Ana', 396),
(3386, 'Santa Ana', 171),
(3387, 'Santa Ana', 515),
(3388, 'Santa Ana', 71),
(3389, 'Santa Ana De La Puna', 113),
(3390, 'Santa Anita', 510),
(3391, 'Santa Catalina', 463),
(3392, 'Santa Catalina', 397),
(3393, 'Santa Catalina', 497),
(3394, 'Santa Clara', 462),
(3395, 'Santa Clara', 143),
(3396, 'Santa Clara De Buena Vista', 282),
(3397, 'Santa Clara De Saguier', 90),
(3398, 'Santa Clara Del Mar', 317),
(3399, 'Santa Coloma', 46),
(3400, 'Santa Cruz', 516),
(3401, 'Santa Cruz', 170),
(3402, 'Santa Cruz', 477),
(3403, 'Santa Elena', 317),
(3404, 'Santa Elena', 116),
(3405, 'Santa Elena', 401),
(3406, 'Santa Elena', 270),
(3407, 'Santa Eleodora', 221),
(3408, 'Santa Eufemia', 259),
(3409, 'Santa Fe', 265),
(3410, 'Santa Florentina', 107),
(3411, 'Santa Isabel', 100),
(3412, 'Santa Isabel', 205),
(3413, 'Santa Lucia', 215),
(3414, 'Santa Lucia', 464),
(3415, 'Santa Lucia', 337),
(3416, 'Santa Lucia', 454),
(3417, 'Santa Lucia', 285),
(3418, 'Santa Luisa', 349),
(3419, 'Santa Magdalena', 214),
(3420, 'Santa Margarita', 13),
(3421, 'Santa Maria', 135),
(3422, 'Santa Maria', 406),
(3423, 'Santa Maria', 146),
(3424, 'Santa Maria', 465),
(3425, 'Santa Maria', 83),
(3426, 'Santa Maria De Oro', 405),
(3427, 'Santa Maria De Punilla', 381),
(3428, 'Santa Monica', 67),
(3429, 'Santa Regina', 221),
(3430, 'Santa Rita', 6),
(3431, 'Santa Rita De Catuna', 208),
(3432, 'Santa Rosa', 77),
(3433, 'Santa Rosa', 468),
(3434, 'Santa Rosa', 406),
(3435, 'Santa Rosa', 72),
(3436, 'Santa Rosa', 516),
(3437, 'Santa Rosa', 134),
(3438, 'Santa Rosa De Calamuchita', 67),
(3439, 'Santa Rosa De Calamuchita', 67),
(3440, 'Santa Rosa De Calchines', 183),
(3441, 'Santa Rosa De Leales', 287),
(3442, 'Santa Rosa De Los Pastos Grandes', 304),
(3443, 'Santa Rosa De Rio Primero', 400),
(3444, 'Santa Rosa Del Conlara', 262),
(3445, 'Santa Sylvina', 179),
(3446, 'Santa Teresa', 368),
(3447, 'Santa Teresa', 232),
(3448, 'Santa Teresa', 520),
(3449, 'Santa Teresita', 267),
(3450, 'Santa Trinidad', 146),
(3451, 'Santa Vera Cruz', 92),
(3452, 'Santa Victoria', 469),
(3453, 'Santa Victoria Este', 406),
(3454, 'Santiago De Liniers', 161),
(3455, 'Santiago Del Estero', 83),
(3456, 'Santiago Temple', 402),
(3457, 'Santo Domingo', 312),
(3458, 'Santo Domingo', 170),
(3459, 'Santo Domingo', 282),
(3460, 'Santo Domingo', 361),
(3461, 'Santo Pipo', 435),
(3462, 'Santo Tomas', 114),
(3463, 'Santo Tomas', 86),
(3464, 'Santo Tome', 470),
(3465, 'Santo Tome', 265),
(3466, 'Santos Lugares', 19),
(3467, 'Santos Lugares', 502),
(3468, 'Santuario De Tres Pozos', 113),
(3469, 'Santurce', 432),
(3470, 'Sarah', 102),
(3471, 'Sarandi', 37),
(3472, 'Sarasa', 115),
(3473, 'Sargento Cabral', 520),
(3474, 'Sargento Moya', 337),
(3475, 'Sargento Vidal', 215),
(3476, 'Sarmiento', 282),
(3477, 'Sarmiento', 497),
(3478, 'Sarmiento', 472),
(3479, 'Sastre', 449),
(3480, 'Saturnino Maria Laspiur', 441),
(3481, 'Sauce', 475),
(3482, 'Sauce Arriba', 422),
(3483, 'Sauce De Luna', 172),
(3484, 'Sauce Montrull', 353),
(3485, 'Sauce Pinto', 353),
(3486, 'Sauce Viejo', 265),
(3487, 'Saujil', 375),
(3488, 'Saujil', 492),
(3489, 'Sauzal', 455),
(3490, 'Sauzal', 399),
(3491, 'Sebastian Elcano', 401),
(3492, 'Seclantas', 332),
(3493, 'Seeber', 441),
(3494, 'Segui', 353),
(3495, 'Segunda Usina', 67),
(3496, 'Selva', 408),
(3497, 'Selvas Del Rio De Oro', 293),
(3498, 'Senillosa', 138),
(3499, 'Serodino', 244),
(3500, 'Serrano', 378),
(3501, 'Serrezuela', 149),
(3502, 'Sevigne', 156),
(3503, 'Shaqui', 427),
(3504, 'Sierra Chica', 349),
(3505, 'Sierra Colorada', 11),
(3506, 'Sierra De La Ventana', 496),
(3507, 'Sierra De Los Padres', 213),
(3508, 'Sierra De Los Padres', 213),
(3509, 'Sierra Grande', 425),
(3510, 'Sierra Paileman', 513),
(3511, 'Sierras Bayas', 349),
(3512, 'Sierras De Encalada', 284),
(3513, 'Siete Palmas', 370),
(3514, 'Sijan', 375),
(3515, 'Silva', 442),
(3516, 'Silvio Pellico', 217),
(3517, 'Simbol', 476),
(3518, 'Simbolar', 45),
(3519, 'Simbolar', 497),
(3520, 'Simoca', 477),
(3521, 'Singuil', 24),
(3522, 'Sinsacate', 497),
(3523, 'Sir Leonard', 270),
(3524, 'Smith', 86),
(3525, 'Socavones', 466),
(3526, 'Sol De Julio', 348),
(3527, 'Solanet', 40),
(3528, 'Solar De Los Molinos', 67),
(3529, 'Soldado Maldonado', 337),
(3530, 'Soldini', 412),
(3531, 'Soledad', 432),
(3532, 'Solis', 423),
(3533, 'Sosa', 353),
(3534, 'Speluzzi', 318),
(3535, 'Stephenson', 520),
(3536, 'Strobel', 155),
(3537, 'Stroeder', 356),
(3538, 'Suardi', 432),
(3539, 'Subteniente Perin', 357),
(3540, 'Suco', 397),
(3541, 'Suipacha', 479),
(3542, 'Sumalao', 516),
(3543, 'Sumamao', 476),
(3544, 'Sumampa', 383),
(3545, 'Sumampa Viejo', 383),
(3546, 'Sunchales', 90),
(3547, 'Suncho Corral', 257),
(3548, 'Sundblad', 404),
(3549, 'Suriyaco', 427),
(3550, 'Susana', 90),
(3551, 'Susques', 480),
(3552, 'Tabay', 134),
(3553, 'Tabossi', 353),
(3554, 'Taco Pozo', 22),
(3555, 'Taco Ralo', 225),
(3556, 'Tacuarendi', 207),
(3557, 'Tacural', 90),
(3558, 'Tafi Del Valle', 481),
(3559, 'Tafi Viejo', 482),
(3560, 'Tala CaÑada', 373),
(3561, 'Tala Huasi', 381),
(3562, 'Talaini', 329),
(3563, 'Talapampa', 274),
(3564, 'Talita', 262),
(3565, 'Tama', 189),
(3566, 'Tamangueyu', 299),
(3567, 'Tamberias', 69),
(3568, 'Tamberias', 252),
(3569, 'Tambillos', 113),
(3570, 'Tancacha', 489),
(3571, 'Tandil', 484),
(3572, 'Taninga', 373),
(3573, 'Tanti', 381),
(3574, 'Tapalque', 485),
(3575, 'Tapebicua', 355),
(3576, 'Tapiales', 268),
(3577, 'Tapso', 158),
(3578, 'Tapso', 111),
(3579, 'Taquimilan', 344),
(3580, 'Tartagal', 198),
(3581, 'Tartagal', 517),
(3582, 'Taruma', 336),
(3583, 'Tasna', 422),
(3584, 'Tatacua', 134),
(3585, 'Tatane', 278),
(3586, 'Taton', 492),
(3587, 'Tecka', 279),
(3588, 'Tedin Uriburu', 53),
(3589, 'Tejas Tres', 466),
(3590, 'Telen', 306),
(3591, 'Tellier', 154),
(3592, 'Telsen', 488),
(3593, 'Temperley', 301),
(3594, 'Teniente Berdina', 337),
(3595, 'Teniente Origone', 523),
(3596, 'Teodelina', 205),
(3597, 'Termas De Rio Hondo', 399),
(3598, 'Termas De Santa Teresita', 33),
(3599, 'Tesorero', 157),
(3600, 'Tezanos Pinto', 353),
(3601, 'Theobald', 520),
(3602, 'Ticino', 217),
(3603, 'Tierra Alta', 466),
(3604, 'Tigre', 490),
(3605, 'Tilcara', 491),
(3606, 'Tilimuqui', 107),
(3607, 'Tilisarao', 99),
(3608, 'Timbues', 444),
(3609, 'Timote', 87),
(3610, 'Tinoco', 116),
(3611, 'Tinogasta', 492),
(3612, 'Tintina', 339),
(3613, 'Tio Pujio', 217),
(3614, 'Toay', 493),
(3615, 'Toba', 517),
(3616, 'Tobantirenda', 198),
(3617, 'Tobuna', 456),
(3618, 'Todd', 34),
(3619, 'Tolar Grande', 304),
(3620, 'Toledo', 466),
(3621, 'Tolhuin', 398),
(3622, 'Tolloche', 29),
(3623, 'Tolombom', 65),
(3624, 'Tolosa', 272),
(3625, 'Tomas Jofre', 325),
(3626, 'Tomas M. Anchorena', 36),
(3627, 'Tomas Young', 219),
(3628, 'Tornquist', 496),
(3629, 'Toro Pujio', 441),
(3630, 'Torres', 307),
(3631, 'Tortugas', 50),
(3632, 'Tortuguitas', 254),
(3633, 'Tortuguitas', 316),
(3634, 'Tortuguitas', 368),
(3635, 'Tosno', 329),
(3636, 'Tosquitas', 397),
(3637, 'Tostado', 13),
(3638, 'Totoras', 244),
(3639, 'Traill', 449),
(3640, 'Tramo 16', 45),
(3641, 'Tramo 20', 45),
(3642, 'Tranquitas', 198),
(3643, 'Transito', 441),
(3644, 'Transradio', 272),
(3645, 'Trebolares', 318),
(3646, 'Trelew', 391),
(3647, 'Trenel', 499),
(3648, 'Treneta', 11),
(3649, 'Trenque Lauquen', 500),
(3650, 'Tres Algarrobos', 87),
(3651, 'Tres Arroyos', 501),
(3652, 'Tres Capones', 32),
(3653, 'Tres Cruces', 238),
(3654, 'Tres Isletas', 313),
(3655, 'Tres Lagos', 276),
(3656, 'Tres Lagunas', 367),
(3657, 'Tres Lomas', 503),
(3658, 'Tres Luces', 215),
(3659, 'Tres Picos', 496),
(3660, 'Tres PorteÑas', 447),
(3661, 'Tres Sargentos', 88),
(3662, 'Trevelin', 181),
(3663, 'Tricao Malal', 110),
(3664, 'Tristan Suarez', 255),
(3665, 'Triunvirato', 298),
(3666, 'Tronge', 500),
(3667, 'Trujui', 338),
(3668, 'Tuclame', 149),
(3669, 'Tudcum', 240),
(3670, 'Tumbaya', 505),
(3671, 'Tunuyan', 506),
(3672, 'Tupeli', 8),
(3673, 'Tupungato', 507),
(3674, 'Turdera', 301),
(3675, 'Tusaquillas', 113),
(3676, 'Tuyubil', 427),
(3677, 'Ubajay', 117),
(3678, 'Ucacha', 259),
(3679, 'Udaquiola', 40),
(3680, 'Ugarteche', 308),
(3681, 'Ulapes', 218),
(3682, 'Unanue', 512),
(3683, 'Union', 222),
(3684, 'Unquillo', 116),
(3685, 'Uquia', 238),
(3686, 'Urdampilleta', 60),
(3687, 'Urdinarrain', 228),
(3688, 'Uribelarrea', 72),
(3689, 'Uriburu', 94),
(3690, 'Urundel', 350),
(3691, 'Urutau', 140),
(3692, 'Ushuaia', 511),
(3693, 'Usno', 514),
(3694, 'Uspallata', 284),
(3695, 'Vaca HuaÑuna', 174),
(3696, 'Vaca Perdida', 57),
(3697, 'Valcheta', 513),
(3698, 'Valdes', 4),
(3699, 'Valentin Alsina', 280),
(3700, 'Valeria Del Mar', 371),
(3701, 'Valle Alegre', 466),
(3702, 'Valle Azul', 160),
(3703, 'Valle Colorado', 515),
(3704, 'Valle De Anisacate', 466),
(3705, 'Valle Del Sol', 308),
(3706, 'Valle Grande', 515),
(3707, 'Valle Hermoso', 161),
(3708, 'Valle Hermoso', 381),
(3709, 'Vallecito', 95),
(3710, 'Vaqueros', 263),
(3711, 'Varvarco', 330),
(3712, 'Vasquez', 16),
(3713, 'Vedia', 288),
(3714, 'Velez Sarsfield', 120),
(3715, 'Velloso', 485),
(3716, 'Venado Tuerto', 205),
(3717, 'Venados Grandes', 179),
(3718, 'Vera', 517),
(3719, 'Vera Y Pintado', 442),
(3720, 'Veronica', 382),
(3721, 'Versalles', 120),
(3722, 'Vertiz', 102),
(3723, 'Viale', 353),
(3724, 'Viamonte', 509),
(3725, 'Vicente Casares', 72),
(3726, 'Vicente Lopez', 518),
(3727, 'Vichigasta', 107),
(3728, 'Victoria', 519),
(3729, 'Victoria', 433),
(3730, 'Victorica', 306),
(3731, 'VicuÑa Mackenna', 397),
(3732, 'Videla', 442),
(3733, 'Viedma', 15),
(3734, 'Vieytes', 311),
(3735, 'Vila', 90),
(3736, 'Vilelas', 257),
(3737, 'Vilisman', 158),
(3738, 'Villa Aberastain', 374),
(3739, 'Villa Adela', 136),
(3740, 'Villa Adelina', 265),
(3741, 'Villa Adelina', 436),
(3742, 'Villa Adelina', 518),
(3743, 'Villa Akerman', 294),
(3744, 'Villa Alberdi', 215),
(3745, 'Villa Albertina', 217),
(3746, 'Villa Alfredo Fortabat', 349),
(3747, 'Villa Allende', 116),
(3748, 'Villa Alpina', 67),
(3749, 'Villa Alsina', 46),
(3750, 'Villa Amancay', 67),
(3751, 'Villa Amelia', 412),
(3752, 'Villa Ampacama', 18),
(3753, 'Villa Ana', 207),
(3754, 'Villa Angela', 323),
(3755, 'Villa Angelica', 362),
(3756, 'Villa Antigua', 271),
(3757, 'Villa Arelauquen', 47),
(3758, 'Villa ArgÜello', 55),
(3759, 'Villa Arrieta', 349),
(3760, 'Villa Ascasubi', 489),
(3761, 'Villa Astolfi', 368),
(3762, 'Villa Atamisqui', 35),
(3763, 'Villa Atuel', 457),
(3764, 'Villa Atuel Norte', 457),
(3765, 'Villa Ayacucho', 112),
(3766, 'Villa Ballester', 112),
(3767, 'Villa Barboza', 374),
(3768, 'Villa Basilio Nievas', 529),
(3769, 'Villa Bastias', 507),
(3770, 'Villa Belgrano', 256),
(3771, 'Villa Benjamin Araoz', 63),
(3772, 'Villa Berna', 67),
(3773, 'Villa Bernardo Monteagudo', 112),
(3774, 'Villa Berthet', 443),
(3775, 'Villa BolaÑos', 392),
(3776, 'Villa Bonita', 347),
(3777, 'Villa Bordeau', 43),
(3778, 'Villa Borjas', 8),
(3779, 'Villa Bosch (est. Juan Maria Bosch)', 502),
(3780, 'Villa Brown', 175),
(3781, 'Villa Burruyacu', 63),
(3782, 'Villa Cacique', 53),
(3783, 'Villa Campanario', 47),
(3784, 'Villa Campi', 453),
(3785, 'Villa CaÑas', 205),
(3786, 'Villa Candelaria Norte', 401),
(3787, 'Villa Canto', 453),
(3788, 'Villa Carlos Paz', 381),
(3789, 'Villa Carmela', 526),
(3790, 'Villa Castelar', 379),
(3791, 'Villa Castelli', 202);
INSERT INTO `localidades` (`local_id`, `local_name`, `local_dpto_id`) VALUES
(3792, 'Villa Catedral', 47),
(3793, 'Villa Catela', 163),
(3794, 'Villa Centenario', 301),
(3795, 'Villa Centenario', 374),
(3796, 'Villa Cerro Azul', 116),
(3797, 'Villa Chacabuco', 112),
(3798, 'Villa Chicligasta', 477),
(3799, 'Villa Ciudad De America', 466),
(3800, 'Villa Ciudad De America (loteo Diego De', 466),
(3801, 'Villa Ciudad Parque Los Reartes', 67),
(3802, 'Villa Ciudad Parque Los Reartes (1a.secc', 67),
(3803, 'Villa Ciudad Parque Los Reartes (3° Seccion)', 67),
(3804, 'Villa Ciudad Parques Los Reartes (1° Seccion)', 67),
(3805, 'Villa Clara', 522),
(3806, 'Villa Clodomiro Hileret', 396),
(3807, 'Villa Concepcion Del Tio', 441),
(3808, 'Villa Constitucion', 520),
(3809, 'Villa Cooperativa', 241),
(3810, 'Villa Corazon De Maria', 116),
(3811, 'Villa Cordoba', 285),
(3812, 'Villa Coronel Jose M. Zapiola', 112),
(3813, 'Villa Crespo', 125),
(3814, 'Villa Cura Brochero', 422),
(3815, 'Villa De Balcozna', 351),
(3816, 'Villa De Las Rosas', 437),
(3817, 'Villa De Las Rosas', 437),
(3818, 'Villa De Leales', 287),
(3819, 'Villa De Maria', 401),
(3820, 'Villa De Mayo', 316),
(3821, 'Villa De Pocho', 373),
(3822, 'Villa De Soto', 149),
(3823, 'Villa De Trancas', 498),
(3824, 'Villa Del Carmen', 178),
(3825, 'Villa Del Carmen', 99),
(3826, 'Villa Del Curi Leuvu', 110),
(3827, 'Villa Del Dique', 67),
(3828, 'Villa Del Mar', 141),
(3829, 'Villa Del Nahueve', 330),
(3830, 'Villa Del Parque', 215),
(3831, 'Villa Del Parque', 121),
(3832, 'Villa Del Plata', 412),
(3833, 'Villa Del Prado', 466),
(3834, 'Villa Del Prado', 466),
(3835, 'Villa Del Rosario', 402),
(3836, 'Villa Del Rosario', 171),
(3837, 'Villa Del Totoral', 497),
(3838, 'Villa Del Transito', 441),
(3839, 'Villa Devoto', 121),
(3840, 'Villa Dolores', 55),
(3841, 'Villa Dolores', 516),
(3842, 'Villa Dolores', 437),
(3843, 'Villa Dominguez', 522),
(3844, 'Villa Dominguito', 448),
(3845, 'Villa Dominico', 37),
(3846, 'Villa Don Bosco', 448),
(3847, 'Villa Eduardo Madero', 268),
(3848, 'Villa El Chacay', 397),
(3849, 'Villa El Chocon', 138),
(3850, 'Villa El Fachinal - Parque Norte - GuiÑa', 116),
(3851, 'Villa El Palmar', 386),
(3852, 'Villa El Refugio', 308),
(3853, 'Villa El Salvador', 28),
(3854, 'Villa El Salvador', 448),
(3855, 'Villa El Tala', 67),
(3856, 'Villa El Tango', 8),
(3857, 'Villa Elisa', 272),
(3858, 'Villa Elisa', 319),
(3859, 'Villa Elisa', 117),
(3860, 'Villa Eloisa', 244),
(3861, 'Villa Elvira', 444),
(3862, 'Villa Elvira', 272),
(3863, 'Villa Escolar', 278),
(3864, 'Villa EspaÑa', 54),
(3865, 'Villa Esperanza', 453),
(3866, 'Villa Espil', 423),
(3867, 'Villa Espora', 43),
(3868, 'Villa Fiad - Ingenio Leales', 287),
(3869, 'Villa Figueroa', 174),
(3870, 'Villa Fiorito', 301),
(3871, 'Villa Flandria Norte (pueblo Nuevo)', 307),
(3872, 'Villa Flandria Sur (est. Jauregui)', 307),
(3873, 'Villa Flor Serrana', 381),
(3874, 'Villa Fontana', 400),
(3875, 'Villa Fontana', 353),
(3876, 'Villa Francia', 212),
(3877, 'Villa Futalaufquen', 181),
(3878, 'Villa Garibaldi', 272),
(3879, 'Villa General Antonio J. De Sucre', 112),
(3880, 'Villa General Arias', 141),
(3881, 'Villa General Belgrano', 67),
(3882, 'Villa General Eugenio Necochea', 112),
(3883, 'Villa General Fournier', 9),
(3884, 'Villa General Guemes', 357),
(3885, 'Villa General Jose Tomas Guido', 112),
(3886, 'Villa General Juan G. Las Heras', 112),
(3887, 'Villa General Manuel Belgrano', 357),
(3888, 'Villa General Mitre', 17),
(3889, 'Villa General Mitre', 121),
(3890, 'Villa General San Martin', 18),
(3891, 'Villa General Savio', 387),
(3892, 'Villa Gesell', 521),
(3893, 'Villa Giardino', 381),
(3894, 'Villa Gimenez', 399),
(3895, 'Villa Gobernador Galvez', 412),
(3896, 'Villa Gobernador Luis F. Etchevehere', 353),
(3897, 'Villa Gobernador Udaondo', 250),
(3898, 'Villa Godoy Cruz', 112),
(3899, 'Villa Granaderos De San Martin', 112),
(3900, 'Villa Gregoria Matorras', 112),
(3901, 'Villa Grisolia', 20),
(3902, 'Villa Guillermina', 207),
(3903, 'Villa Gutierrez', 246),
(3904, 'Villa Hipodromo', 223),
(3905, 'Villa Huidobro', 214),
(3906, 'Villa IbaÑez', 508),
(3907, 'Villa Independencia', 95),
(3908, 'Villa Independencia', 55),
(3909, 'Villa Iris', 379),
(3910, 'Villa Jose Leon Suarez', 112),
(3911, 'Villa Josefina', 90),
(3912, 'Villa Juan Martin De Pueyrredon', 112),
(3913, 'Villa Kilometro 213', 372),
(3914, 'Villa Krause', 392),
(3915, 'Villa La Angostura', 305),
(3916, 'Villa La Arcadia', 146),
(3917, 'Villa La Bolsa', 466),
(3918, 'Villa La Florida', 385),
(3919, 'Villa La Punta', 111),
(3920, 'Villa La Rivera', 67),
(3921, 'Villa La Rivera - Oliveros', 244),
(3922, 'Villa La Rivera - Pueblo Andino', 244),
(3923, 'Villa La Serrania', 349),
(3924, 'Villa La ViÑa', 437),
(3925, 'Villa Lago Azul', 381),
(3926, 'Villa Laguna La Brava', 44),
(3927, 'Villa Larca', 99),
(3928, 'Villa Las Flores', 482),
(3929, 'Villa Las Pirquitas', 180),
(3930, 'Villa Laura', 265),
(3931, 'Villa Lia', 426),
(3932, 'Villa Libertad', 112),
(3933, 'Villa Libertad', 289),
(3934, 'Villa Libertador San Martin', 155),
(3935, 'Villa Llanquin', 369),
(3936, 'Villa Llao Llao', 47),
(3937, 'Villa Los Alamos', 96),
(3938, 'Villa Los Alamos', 96),
(3939, 'Villa Los Aromos', 466),
(3940, 'Villa Los Coihues', 47),
(3941, 'Villa Los Llanos', 116),
(3942, 'Villa Los Llanos', 116),
(3943, 'Villa Los Patos', 509),
(3944, 'Villa Lugano', 132),
(3945, 'Villa Luro', 120),
(3946, 'Villa Luzuriaga', 268),
(3947, 'Villa Lynch', 112),
(3948, 'Villa Lynch Pueyrredon', 60),
(3949, 'Villa Mailin', 39),
(3950, 'Villa Maipu', 112),
(3951, 'Villa Malvinas Argentinas', 252),
(3952, 'Villa Mantero', 510),
(3953, 'Villa Manuel Pomar', 410),
(3954, 'Villa Manzano', 215),
(3955, 'Villa Margarita', 14),
(3956, 'Villa Maria', 20),
(3957, 'Villa Maria', 217),
(3958, 'Villa Maria Irene De Los Remedios De Escalada', 112),
(3959, 'Villa Mariano Moreno - El Colmenar', 482),
(3960, 'Villa Marini', 223),
(3961, 'Villa Marques Alejandro Maria De Aguado', 112),
(3962, 'Villa Martelli', 518),
(3963, 'Villa Mascardi', 47),
(3964, 'Villa Mazan', 33),
(3965, 'Villa Media Agua', 473),
(3966, 'Villa Mercedes', 252),
(3967, 'Villa Mercedes', 211),
(3968, 'Villa Mercedes', 211),
(3969, 'Villa Minetti', 13),
(3970, 'Villa Mirasol', 384),
(3971, 'Villa Moll', 341),
(3972, 'Villa Montoro', 272),
(3973, 'Villa Mugueta', 444),
(3974, 'Villa Nacusi', 374),
(3975, 'Villa Nueva', 233),
(3976, 'Villa Nueva', 55),
(3977, 'Villa Nueva', 217),
(3978, 'Villa Nueva', 450),
(3979, 'Villa Ocampo', 207),
(3980, 'Villa Oeste', 217),
(3981, 'Villa Ojo De Agua', 348),
(3982, 'Villa Olivari', 251),
(3983, 'Villa Ortiz', 20),
(3984, 'Villa Ortuzar', 125),
(3985, 'Villa Padre Monti', 63),
(3986, 'Villa Paranacito', 248),
(3987, 'Villa Parodi', 336),
(3988, 'Villa Parque Cecir', 410),
(3989, 'Villa Parque Girado', 103),
(3990, 'Villa Parque Presidente Figueroa Alcorta', 112),
(3991, 'Villa Parque San Lorenzo', 112),
(3992, 'Villa Parque Santa Ana', 466),
(3993, 'Villa Parque Santa Ana', 466),
(3994, 'Villa Parque Sicardi', 272),
(3995, 'Villa Parque Siquiman', 381),
(3996, 'Villa Pastora', 116),
(3997, 'Villa Paula Albarracin', 108),
(3998, 'Villa Pehuenia', 23),
(3999, 'Villa Pituil', 69),
(4000, 'Villa PorteÑa', 55),
(4001, 'Villa Progreso', 55),
(4002, 'Villa Pueyrredon', 122),
(4003, 'Villa Quilino', 246),
(4004, 'Villa Quillinzo', 67),
(4005, 'Villa Quinteros', 337),
(4006, 'Villa Raffo', 502),
(4007, 'Villa Ramallo', 387),
(4008, 'Villa Real', 120),
(4009, 'Villa Recaste', 148),
(4010, 'Villa Reduccion', 259),
(4011, 'Villa Regina', 215),
(4012, 'Villa Reynolds', 211),
(4013, 'Villa Riachuelo', 132),
(4014, 'Villa Riccio', 453),
(4015, 'Villa Rio Bermejito', 195),
(4016, 'Villa Rio Hondo', 399),
(4017, 'Villa Rio Icho Cruz', 381),
(4018, 'Villa Rodriguez', 501),
(4019, 'Villa Rosa', 368),
(4020, 'Villa Rossi', 378),
(4021, 'Villa Roth', 212),
(4022, 'Villa Roulet', 161),
(4023, 'Villa Ruiz', 423),
(4024, 'Villa Rumipal', 67),
(4025, 'Villa Saboya', 221),
(4026, 'Villa Salavina', 419),
(4027, 'Villa Salles', 211),
(4028, 'Villa San Agustin', 514),
(4029, 'Villa San Andres', 112),
(4030, 'Villa San Carlos', 55),
(4031, 'Villa San Esteban', 441),
(4032, 'Villa San Isidro', 215),
(4033, 'Villa San Isidro - Jose De La Quintana', 466),
(4034, 'Villa San Jose', 362),
(4035, 'Villa San Jose', 381),
(4036, 'Villa San Jose', 90),
(4037, 'Villa San Jose De Vinchina', 524),
(4038, 'Villa San Justo', 510),
(4039, 'Villa San Lorenzo', 81),
(4040, 'Villa San Luis', 175),
(4041, 'Villa San Marcial', 510),
(4042, 'Villa San Martin', 448),
(4043, 'Villa San Martin', 303),
(4044, 'Villa San Miguel', 67),
(4045, 'Villa Sanagasta', 461),
(4046, 'Villa Santa Cruz Del Lago', 381),
(4047, 'Villa Santa Eugenia', 397),
(4048, 'Villa Santa Rita', 121),
(4049, 'Villa Santa Rosa', 175),
(4050, 'Villa Santa Rosa', 8),
(4051, 'Villa Santos Tesei', 239),
(4052, 'Villa Saralegui', 432),
(4053, 'Villa Sarmiento', 340),
(4054, 'Villa Sarmiento', 214),
(4055, 'Villa Sarmiento', 422),
(4056, 'Villa Sauze', 221),
(4057, 'Villa Sefair (talacasto)', 28),
(4058, 'Villa Serrana La Gruta', 496),
(4059, 'Villa Sierras De Oro', 466),
(4060, 'Villa Silipica', 476),
(4061, 'Villa Soldati', 132),
(4062, 'Villa Tacu', 529),
(4063, 'Villa Tercera', 148),
(4064, 'Villa Teresa', 314),
(4065, 'Villa Traful', 305),
(4066, 'Villa Trinidad', 432),
(4067, 'Villa Tulumaya', 286),
(4068, 'Villa Tulumba', 504),
(4069, 'Villa Turistica Del Embalse', 399),
(4070, 'Villa Union', 331),
(4071, 'Villa Union', 143),
(4072, 'Villa Urquiza', 353),
(4073, 'Villa Urquiza', 122),
(4074, 'Villa Urrutia', 294),
(4075, 'Villa Valeria', 214),
(4076, 'Villa Vatteone', 175),
(4077, 'Villa Ventana', 496),
(4078, 'Villa Vil', 48),
(4079, 'Villa Yacanto', 67),
(4080, 'Villa Yapeyu', 112),
(4081, 'Villa Zorraquin', 136),
(4082, 'Villa Zula', 55),
(4083, 'Villada', 89),
(4084, 'Villaguay', 522),
(4085, 'Villalonga', 356),
(4086, 'Villanueva', 209),
(4087, 'Villars', 203),
(4088, 'Vilmer', 409),
(4089, 'Vinalito', 462),
(4090, 'Vinara', 399),
(4091, 'Virginia', 90),
(4092, 'Virrey Del Pino', 268),
(4093, 'Virreyes', 433),
(4094, 'Vista Alegre Norte', 138),
(4095, 'Vista Alegre Sur', 138),
(4096, 'Vista Flores', 506),
(4097, 'Vistalba', 308),
(4098, 'Vivorata', 317),
(4099, 'Vi¥a', 34),
(4100, 'Volcan', 505),
(4101, 'Vuelta De La Barranca', 83),
(4102, 'Wanda', 241),
(4103, 'Warnes', 61),
(4104, 'Washington', 397),
(4105, 'Weisburd', 339),
(4106, 'Wenceslao Escalante', 509),
(4107, 'Wheelwright', 205),
(4108, 'Wichi', 195),
(4109, 'Wilde', 37),
(4110, 'Wildermuth', 449),
(4111, 'William C. Morris', 239),
(4112, 'Winifreda', 139),
(4113, 'Xx De Setiembre', 343),
(4114, 'Yacimientos Rio Turbio', 234),
(4115, 'Yacoraite', 491),
(4116, 'Yacuy', 198),
(4117, 'Yahape', 58),
(4118, 'Yala', 157),
(4119, 'Yala Laubat', 184),
(4120, 'Yaminue', 11),
(4121, 'Yanda', 83),
(4122, 'Yapes', 465),
(4123, 'Yapeyu', 446),
(4124, 'Yatayti Calle', 285),
(4125, 'Yavi Chico', 525),
(4126, 'Yerba Buena - Marcos Paz', 526),
(4127, 'Yocsina', 466),
(4128, 'Yoscaba', 463),
(4129, 'Yuchan', 257),
(4130, 'Yuto', 290),
(4131, 'Yutuyaco', 14),
(4132, 'Zanjitas', 258),
(4133, 'Zapala', 527),
(4134, 'Zaparinqui', 195),
(4135, 'Zarate', 528),
(4136, 'Zarate', 528),
(4137, 'Zavalia', 220),
(4138, 'Zavalla', 412),
(4139, 'Zelaya', 368),
(4140, 'Zenon Pereyra', 90),
(4141, 'Zenon Videla Dorna', 333);

-- --------------------------------------------------------

--
-- Estructura de tabla para la tabla `provincias`
--

CREATE TABLE `provincias` (
  `prov_id` tinyint(4) NOT NULL,
  `prov_name` varchar(255) NOT NULL
) ENGINE=InnoDB DEFAULT CHARSET=utf8mb4;

--
-- Volcado de datos para la tabla `provincias`
--

INSERT INTO `provincias` (`prov_id`, `prov_name`) VALUES
(1, 'Buenos Aires'),
(2, 'Catamarca'),
(3, 'Chaco'),
(4, 'Chubut'),
(5, 'Ciudad Autónoma De Buenos Aires'),
(6, 'Córdoba'),
(7, 'Corrientes'),
(8, 'Entre Ríos'),
(9, 'Formosa'),
(10, 'Jujuy'),
(11, 'La Pampa'),
(12, 'La Rioja'),
(13, 'Mendoza'),
(14, 'Misiones'),
(15, 'Neuquén'),
(16, 'Río Negro'),
(17, 'Salta'),
(18, 'San Juan'),
(19, 'San Luis'),
(20, 'Santa Cruz'),
(21, 'Santa Fe'),
(22, 'Santiago Del Estero'),
(23, 'Tierra Del Fuego, Antártida E Islas Del Atlántico Sur'),
(24, 'Tucumán');

--
-- Índices para tablas volcadas
--

--
-- Indices de la tabla `departamentos`
--
ALTER TABLE `departamentos`
  ADD PRIMARY KEY (`dpto_id`),
  ADD KEY `dpto_prov_id` (`dpto_prov_id`);

--
-- Indices de la tabla `localidades`
--
ALTER TABLE `localidades`
  ADD PRIMARY KEY (`local_id`),
  ADD KEY `local_dpto_id` (`local_dpto_id`);

--
-- Indices de la tabla `provincias`
--
ALTER TABLE `provincias`
  ADD PRIMARY KEY (`prov_id`);

--
-- Restricciones para tablas volcadas
--

--
-- Filtros para la tabla `departamentos`
--
ALTER TABLE `departamentos`
  ADD CONSTRAINT `departamentos_ibfk_1` FOREIGN KEY (`dpto_prov_id`) REFERENCES `provincias` (`prov_id`) ON DELETE RESTRICT ON UPDATE RESTRICT;

--
-- Filtros para la tabla `localidades`
--
ALTER TABLE `localidades`
  ADD CONSTRAINT `localidades_ibfk_1` FOREIGN KEY (`local_dpto_id`) REFERENCES `departamentos` (`dpto_id`) ON DELETE RESTRICT ON UPDATE RESTRICT;
COMMIT;

/*!40101 SET CHARACTER_SET_CLIENT=@OLD_CHARACTER_SET_CLIENT */;
/*!40101 SET CHARACTER_SET_RESULTS=@OLD_CHARACTER_SET_RESULTS */;
/*!40101 SET COLLATION_CONNECTION=@OLD_COLLATION_CONNECTION */;
