﻿--
-- Script was generated by Devart dbForge Studio for MySQL, Version 8.0.40.0
-- Product home page: http://www.devart.com/dbforge/mysql/studio
-- Script date 31/08/2021 19:21:38
-- Server version: 5.5.5-10.1.40-MariaDB
-- Client version: 4.1
--

-- 
-- Disable foreign keys
-- 
/*!40014 SET @OLD_FOREIGN_KEY_CHECKS=@@FOREIGN_KEY_CHECKS, FOREIGN_KEY_CHECKS=0 */;

-- 
-- Set SQL mode
-- 
/*!40101 SET @OLD_SQL_MODE=@@SQL_MODE, SQL_MODE='NO_AUTO_VALUE_ON_ZERO' */;

-- 
-- Set character set the client will use to send SQL statements to the server
--
SET NAMES 'utf8';

DROP DATABASE IF EXISTS transportesnacionalessoto;

CREATE DATABASE transportesnacionalessoto
CHARACTER SET latin1
COLLATE latin1_swedish_ci;

--
-- Set default database
--
USE transportesnacionalessoto;

--
-- Create table `naves`
--
CREATE TABLE naves (
  codigo_nave int(11) NOT NULL AUTO_INCREMENT,
  nombre_responsable varchar(100) DEFAULT NULL,
  ubicacion varchar(150) DEFAULT NULL,
  telefono varchar(12) DEFAULT NULL,
  metros_cuadrados int(11) DEFAULT NULL,
  mapa varchar(4000) DEFAULT NULL,
  PRIMARY KEY (codigo_nave)
)
ENGINE = INNODB,
AUTO_INCREMENT = 8,
AVG_ROW_LENGTH = 3276,
CHARACTER SET latin1,
COLLATE latin1_swedish_ci;

--
-- Create table `presupuestos`
--
CREATE TABLE presupuestos (
  codigo_presupuesto int(11) NOT NULL AUTO_INCREMENT,
  descripcion_carga_presupuestada varchar(200) DEFAULT NULL,
  peso float(7, 2) DEFAULT NULL,
  valor float(6, 2) DEFAULT NULL,
  empresa_origen varchar(150) DEFAULT NULL,
  empresa_destino varchar(150) DEFAULT NULL,
  codigo_nave int(11) DEFAULT NULL,
  PRIMARY KEY (codigo_presupuesto)
)
ENGINE = INNODB,
CHARACTER SET latin1,
COLLATE latin1_swedish_ci;

--
-- Create foreign key
--
ALTER TABLE presupuestos
ADD CONSTRAINT fk_presupuestos_naves FOREIGN KEY (codigo_nave)
REFERENCES naves (codigo_nave) ON DELETE CASCADE ON UPDATE CASCADE;

--
-- Create table `furgonetas`
--
CREATE TABLE furgonetas (
  codigo_furgoneta int(11) NOT NULL AUTO_INCREMENT,
  matricula char(7) DEFAULT NULL,
  modelo_completo varchar(150) DEFAULT NULL,
  kilometros int(11) DEFAULT NULL,
  motor varchar(100) DEFAULT NULL,
  estado varchar(50) DEFAULT NULL,
  consumo float(3, 1) DEFAULT NULL,
  codigo_nave int(11) DEFAULT NULL,
  revision tinyint(1) DEFAULT NULL,
  PRIMARY KEY (codigo_furgoneta)
)
ENGINE = INNODB,
AUTO_INCREMENT = 31,
AVG_ROW_LENGTH = 3276,
CHARACTER SET latin1,
COLLATE latin1_swedish_ci;

--
-- Create foreign key
--
ALTER TABLE furgonetas
ADD CONSTRAINT fk_furgonetas_naves FOREIGN KEY (codigo_nave)
REFERENCES naves (codigo_nave) ON DELETE CASCADE ON UPDATE CASCADE;

--
-- Create table `repartidores`
--
CREATE TABLE repartidores (
  codigo_repartidor int(11) NOT NULL AUTO_INCREMENT,
  nombre_completo varchar(100) DEFAULT NULL,
  salario_kilometro float(4, 2) DEFAULT NULL,
  codigo_furgoneta int(11) DEFAULT NULL,
  PRIMARY KEY (codigo_repartidor)
)
ENGINE = INNODB,
AUTO_INCREMENT = 31,
AVG_ROW_LENGTH = 3276,
CHARACTER SET latin1,
COLLATE latin1_swedish_ci;

--
-- Create foreign key
--
ALTER TABLE repartidores
ADD CONSTRAINT fk_repartidores_furgonetas FOREIGN KEY (codigo_furgoneta)
REFERENCES furgonetas (codigo_furgoneta) ON DELETE CASCADE ON UPDATE CASCADE;

--
-- Create table `paquetes`
--
CREATE TABLE paquetes (
  codigo_paquete int(11) NOT NULL AUTO_INCREMENT,
  direccion_entrega varchar(200) DEFAULT NULL,
  indicaciones_conductor varchar(200) DEFAULT NULL,
  nombre_destinatario varchar(100) DEFAULT NULL,
  telefono_destinatario varchar(12) DEFAULT NULL,
  peso float(7, 2) DEFAULT NULL,
  fecha_entrega date DEFAULT NULL,
  codigo_furgoneta int(11) DEFAULT NULL,
  PRIMARY KEY (codigo_paquete)
)
ENGINE = INNODB,
AUTO_INCREMENT = 43,
AVG_ROW_LENGTH = 1638,
CHARACTER SET latin1,
COLLATE latin1_swedish_ci;

--
-- Create foreign key
--
ALTER TABLE paquetes
ADD CONSTRAINT fk_paquetes_furgonetas FOREIGN KEY (codigo_furgoneta)
REFERENCES furgonetas (codigo_furgoneta) ON DELETE CASCADE ON UPDATE CASCADE;

--
-- Create table `fechas`
--
CREATE TABLE fechas (
  codigo_fecha int(11) NOT NULL AUTO_INCREMENT,
  fecha date DEFAULT NULL,
  codigo_paquete int(11) DEFAULT NULL,
  PRIMARY KEY (codigo_fecha)
)
ENGINE = INNODB,
AVG_ROW_LENGTH = 1638,
CHARACTER SET latin1,
COLLATE latin1_swedish_ci;

--
-- Create index `uk_fechas_paquetes` on table `fechas`
--
ALTER TABLE fechas
ADD UNIQUE INDEX uk_fechas_paquetes (fecha, codigo_paquete);

--
-- Create foreign key
--
ALTER TABLE fechas
ADD CONSTRAINT fk_fechas_paquetes FOREIGN KEY (codigo_paquete)
REFERENCES paquetes (codigo_paquete) ON DELETE CASCADE ON UPDATE CASCADE;

--
-- Create table `camiones`
--
CREATE TABLE camiones (
  codigo_camion int(11) NOT NULL AUTO_INCREMENT,
  matricula char(7) DEFAULT NULL,
  modelo_completo varchar(150) DEFAULT NULL,
  kilometros int(11) DEFAULT NULL,
  motor varchar(100) DEFAULT NULL,
  estado varchar(50) DEFAULT NULL,
  consumo float(3, 1) DEFAULT NULL,
  tipo_de_chasis varchar(100) DEFAULT NULL,
  codigo_nave int(11) DEFAULT NULL,
  revision tinyint(1) DEFAULT NULL,
  PRIMARY KEY (codigo_camion)
)
ENGINE = INNODB,
AUTO_INCREMENT = 35,
AVG_ROW_LENGTH = 3276,
CHARACTER SET latin1,
COLLATE latin1_swedish_ci;

--
-- Create foreign key
--
ALTER TABLE camiones
ADD CONSTRAINT fk_camiones_naves FOREIGN KEY (codigo_nave)
REFERENCES naves (codigo_nave) ON DELETE CASCADE ON UPDATE CASCADE;

--
-- Create table `choferes`
--
CREATE TABLE choferes (
  codigo_chofer int(11) NOT NULL AUTO_INCREMENT,
  nombre_completo varchar(100) DEFAULT NULL,
  tipo_de_carga varchar(200) DEFAULT NULL,
  salario_kilometro float(4, 2) DEFAULT NULL,
  codigo_camion int(11) DEFAULT NULL,
  PRIMARY KEY (codigo_chofer)
)
ENGINE = INNODB,
AUTO_INCREMENT = 33,
AVG_ROW_LENGTH = 3276,
CHARACTER SET latin1,
COLLATE latin1_swedish_ci;

--
-- Create foreign key
--
ALTER TABLE choferes
ADD CONSTRAINT fk_choferes_camiones FOREIGN KEY (codigo_camion)
REFERENCES camiones (codigo_camion) ON DELETE CASCADE ON UPDATE CASCADE;

--
-- Create table `rutas`
--
CREATE TABLE rutas (
  codigo_ruta int(11) NOT NULL AUTO_INCREMENT,
  origen varchar(100) DEFAULT NULL,
  destino varchar(100) DEFAULT NULL,
  fecha date DEFAULT NULL,
  codigo_chofer int(11) DEFAULT NULL,
  PRIMARY KEY (codigo_ruta)
)
ENGINE = INNODB,
AUTO_INCREMENT = 6,
AVG_ROW_LENGTH = 3276,
CHARACTER SET latin1,
COLLATE latin1_swedish_ci;

--
-- Create foreign key
--
ALTER TABLE rutas
ADD CONSTRAINT fk_rutas_choferes FOREIGN KEY (codigo_chofer)
REFERENCES choferes (codigo_chofer) ON DELETE CASCADE ON UPDATE CASCADE;

--
-- Create table `cargas`
--
CREATE TABLE cargas (
  codigo_carga int(11) NOT NULL AUTO_INCREMENT,
  descripcion_carga varchar(200) DEFAULT NULL,
  indicaciones_conductor varchar(200) DEFAULT NULL,
  peso float(7, 2) DEFAULT NULL,
  empresa_origen varchar(150) DEFAULT NULL,
  empresa_destino varchar(150) DEFAULT NULL,
  fecha_entrega date DEFAULT NULL,
  codigo_camion int(11) DEFAULT NULL,
  PRIMARY KEY (codigo_carga)
)
ENGINE = INNODB,
AUTO_INCREMENT = 24,
AVG_ROW_LENGTH = 3276,
CHARACTER SET latin1,
COLLATE latin1_swedish_ci;

--
-- Create foreign key
--
ALTER TABLE cargas
ADD CONSTRAINT fk_cargas_camiones FOREIGN KEY (codigo_camion)
REFERENCES camiones (codigo_camion) ON DELETE CASCADE ON UPDATE CASCADE;

-- 
-- Dumping data for table naves
--
INSERT INTO naves VALUES
(1, 'Emilio Gómez Mateo', 'Santander', '942567453', 3200, '<iframe src="https://www.google.com/maps/embed?pb=!1m18!1m12!1m3!1d2899.0278467285966!2d-3.84841628428308!3d43.39734737695484!2m3!1f0!2f0!3f0!3m2!1i1024!2i768!4f13.1!3m3!1m2!1s0xd493641b4eb35f7%3A0xea7a3974bcc6c89b!2sPol.%20Ind.%2C%2039611%2C%20Cantabria!5e0!3m2!1ses!2ses!4v1630402526758!5m2!1ses!2ses" width="600" height="450" style="border:0;" allowfullscreen="" loading="lazy"></iframe>'),
(2, 'Sandor Martín Tusquets', 'Barcelona', '946325684', 3500, '<iframe src="https://www.google.com/maps/embed?pb=!1m18!1m12!1m3!1d2986.2654087117166!2d2.1331112156740226!3d41.541850294367684!2m3!1f0!2f0!3f0!3m2!1i1024!2i768!4f13.1!3m3!1m2!1s0x12a49578023b7d8f%3A0x774219c2c254b3a2!2sPoligono%20Industrial%20Can%20Roqueta%2C%20Sabadell!5e0!3m2!1ses!2ses!4v1630402641675!5m2!1ses!2ses" width="600" height="450" style="border:0;" allowfullscreen="" loading="lazy"></iframe>'),
(3, 'Alfredo Ruiz González', 'Madrid', '973657845', 3500, '<iframe src="https://www.google.com/maps/embed?pb=!1m18!1m12!1m3!1d3039.6310834117617!2d-3.646132884352033!3d40.37270376623948!2m3!1f0!2f0!3f0!3m2!1i1024!2i768!4f13.1!3m3!1m2!1s0xd42243544662e83%3A0x5769af44c979bb73!2sPoligono%20Industrial%20Vallecas!5e0!3m2!1ses!2ses!4v1630402684224!5m2!1ses!2ses" width="600" height="450" style="border:0;" allowfullscreen="" loading="lazy"></iframe>'),
(4, 'Iago Peirallo Gil', 'Vigo', '986746239', 3000, '<iframe src="https://www.google.com/maps/embed?pb=!1m18!1m12!1m3!1d2956.0090334169586!2d-8.698989484311156!3d42.19287435363543!2m3!1f0!2f0!3f0!3m2!1i1024!2i768!4f13.1!3m3!1m2!1s0xd25884e546c1525%3A0xb4e5689ebc214f6!2sPol%C3%ADgono%20Industrial%20De%20Seixi%C3%B1os!5e0!3m2!1ses!2ses!4v1630402732425!5m2!1ses!2ses" width="600" height="450" style="border:0;" allowfullscreen="" loading="lazy"></iframe>'),
(5, 'Ramón Pérez Gutierrez', 'Sevilla', '926327619', 3100, '<iframe src="https://www.google.com/maps/embed?pb=!1m18!1m12!1m3!1d3169.1937877453292!2d-5.931432884414789!3d37.40889424089772!2m3!1f0!2f0!3f0!3m2!1i1024!2i768!4f13.1!3m3!1m2!1s0xd1268cd9501f231%3A0xc04e4ea5fe62aa27!2sPoligono%20Industrial!5e0!3m2!1ses!2ses!4v1630402919216!5m2!1ses!2ses" width="600" height="450" style="border:0;" allowfullscreen="" loading="lazy"></iframe>'),
(6, 'Roberto Ruíz Gómez', 'Zaragoza', '946678734', 2200, '<iframe src="https://www.google.com/maps/embed?pb=!1m18!1m12!1m3!1d2981.120904188722!2d-0.9912754843234388!3d41.65312968744116!2m3!1f0!2f0!3f0!3m2!1i1024!2i768!4f13.1!3m3!1m2!1s0xd5969614249c3ad%3A0x53e00dfaab25d0be!2sPol%C3%ADgono%20Industrial%20Plaza%2C%20Zaragoza!5e0!3m2!1ses!2ses!4v1630402958723!5m2!1ses!2ses" width="600" height="450" style="border:0;" allowfullscreen="" loading="lazy"></iframe>'),
(7, 'Manuel García González', 'Valencia', '943267546', 3150, '<iframe src="https://www.google.com/maps/embed?pb=!1m18!1m12!1m3!1d3134.978551744528!2d-0.5781022843982637!3d38.21039464474893!2m3!1f0!2f0!3f0!3m2!1i1024!2i768!4f13.1!3m3!1m2!1s0xd624c9325700d61%3A0xd71c85ea1325f983!2s03130%20Pol.%20Ind.%2C%20Alicante!5e0!3m2!1ses!2ses!4v1630403046801!5m2!1ses!2ses" width="600" height="450" style="border:0;" allowfullscreen="" loading="lazy"></iframe>');

-- 
-- Dumping data for table camiones
--
INSERT INTO camiones VALUES
(1, '3579HTP', 'Renault Magnum Excellence', 124325, '423cv / 2620Nm', 'Trabajando', 28.4, '4x2', 1, 0),
(2, '4796JKP', 'Renault T High Sleeper', 235000, '520cv / 2550Nm', 'Disponible', 33.5, '6x2 con trasera elevable', 2, 0),
(3, '2407GTZ', 'Mercedes Benz Actros MegaSpace', 735137, '525cv / 1690Nm', 'Trabajando', 36.5, '', 3, 1),
(4, '3496KTY', 'Iveco Stralis Active Space', 85345, '310cv / 1285Nm', 'Trabajando', 27.5, '4x2', 4, 0),
(5, '5805LPV', 'Volvo FH Globetrotter XL', 23450, '750cv / 2800Nm', 'Disponible', 39.5, '6x2 con trasera elevable', 5, 1),
(6, '9324JMK', 'Renault T High Sleeper', 64738, '340cv / 1530Nm', 'Disponible', 30.5, '4x2', 3, 1),
(9, '5467BBT', 'Man TGX', 659756, '290cv / 1370Nm', 'Trabajando', 26.5, '6x2', 3, 0),
(11, '1785HLK', 'Mercedes Benz Actros MegaSpace', 354674, '620cv / 2700Nm', 'Trabajando', 23.2, '6x2', 6, 1),
(12, '7676LLM', 'Iveco Stralis Active Space', 25110, '620cv / 2700Nm', 'Trabajando', 20.3, '4x2 con trasera elevable', 1, 1),
(13, '2321GTW', 'Renault T High Sleeper', 450768, '280cv / 2355Nm', 'Trabajando', 24.4, '6x2', 5, 0),
(14, '9807JKL', 'Daf XF 105', 350989, '340cv / 1530Nm', 'Trabajando', 24.0, '4x2', 2, 1),
(15, '8763GGT', 'Iveco Stralis Active Space', 289768, '340cv / 1530Nm', 'Disponible', 25.1, '6x2 con trasera elevable', 7, 0),
(16, '4164CSM', 'Volvo FH16', 756254, '525cv / 1690Nm', 'Trabajando', 26.2, '6x2', 4, 0),
(17, '6578KJH', 'Man TGX', 179835, '275cv / 1290Nm', 'Trabajando', 23.2, '4x2', 5, 1),
(18, '0009DFT', 'Scania R', 576998, '525cv / 1690Nm', 'Disponible', 26.8, '4x2 con trasera elevable', 1, 0),
(19, '5547HSQ', 'Volvo FH Globetrotter XL', 467982, '750cv / 2800Nm', 'Disponible', 27.1, '6x2 con trasera elevable', 4, 1),
(20, '1123JYT', 'Daf XF 105', 487255, '340cv / 1530Nm', 'Trabajando', 25.1, '6x4 con trasera elevable', 5, 1),
(21, '4434GRY', 'Daf XG', 401497, '290cv / 1370Nm', 'Trabajando', 23.8, '4x2', 2, 1),
(22, '2328DTJ', 'Scania Streamline', 603573, '385cv / 1490Nm', 'Trabajando', 24.9, '6x4 con trasera elevable', 7, 1),
(23, '6412FSZ', 'Man TGX', 378761, '310cv / 1285Nm', 'Disponible', 24.0, '6x4', 3, 0),
(24, '6345KLB', 'Mercedes Benz New Actros', 76453, '750cv / 2800Nm', 'Disponible', 26.2, '4x2', 2, 1),
(25, '3487KGB', 'Renault Magnum Excellence', 97623, '385cv / 1490Nm', 'Trabajando', 25.2, '6x2', 3, 1),
(27, '2345CFD', 'Mercedes Benz New Actros', 576432, '423cv / 2620Nm', 'Disponible', 26.3, '6x2', 1, 1),
(28, '0907FRC', 'Scania Streamline', 289546, '275cv / 1290Nm', 'Disponible', 26.4, '4x2 con trasera elevable', 4, 0),
(29, '2488HDP', 'Volvo FH Globetrotter XL', 257645, '750cv / 2800Nm', 'Disponible', 26.7, '6x2 con trasera elevable', 5, 1),
(30, '7182HGK', 'Scania R', 250476, '340cv / 1530Nm', 'Disponible', 24.3, '4x2', 6, 1),
(31, '2432JWS', 'Volvo FH16', 196437, '525cv / 1690Nm', 'Disponible', 26.3, '6x2', 7, 1),
(32, '2442DPB', 'Volvo FH16', 578468, '620cv / 2700Nm', 'Disponible', 26.1, '6x2 con trasera elevable', 7, 0),
(33, '3738FHM', 'Scania R', 346982, '385cv / 1490Nm', 'Trabajando', 21.2, '6x2 con trasera elevable', 6, 0),
(34, '7263JKP', 'Scania Streamline', 783764, '340cv / 1530Nm', 'Disponible', 22.2, '6x2', 4, 1);

-- 
-- Dumping data for table choferes
--
INSERT INTO choferes VALUES
(1, 'David Moya García', 'Alimentos', 0.20, 1),
(2, 'Iker Medina Galván', 'Material Sanitario', 0.25, 2),
(3, 'Ismael Bustos Diaz', 'Material Industrial', 0.23, 3),
(4, 'César Torre Carballo', 'Gasóleo', 0.22, 4),
(5, 'Pablo Aznar Comino', 'Cargas Frágiles', 0.24, 5),
(6, 'Juan Romero Diez', 'Alimentos', 0.22, 6),
(9, 'Jaime del Hoyo Giménez', 'Gasóleo', 0.25, 11),
(10, 'Ana García López', 'Mercancía Peligrosa', 0.28, 9),
(11, 'Álvaro López Ordás', 'Alimentos', 0.23, 12),
(12, 'Sofía Ruiz Cuesta', 'Alimentos', 0.23, 13),
(13, 'Gerónimo Díez Escalante', 'Material Industrial', 0.25, 14),
(14, 'Darío Ramírez Soto', 'Cargas Frágiles', 0.26, 15),
(15, 'Fernando Cuesta Pérez', 'Otros', 0.22, 16),
(16, 'Marina Varela Gómara', 'Gasóleo', 0.25, 17),
(17, 'Ramón Gómez Pelayo', 'Mercancía Peligrosa', 0.28, 18),
(18, 'Diego Pérez Jimeno', 'Material Industrial', 0.24, 19),
(19, 'Ricardo Igareda Alonso', 'Otros', 0.21, 20),
(20, 'Alfonso Roa Serrano', 'Alimentos', 0.22, 21),
(21, 'Alberto Ruiz Capillas', 'Material Sanitario', 0.24, 22),
(22, 'Mario Rasines Polo', 'Mercancía Peligrosa', 0.27, 23),
(23, 'Julio Martínez Soberón', 'Gasóleo', 0.25, 24),
(24, 'Marta García Ruiz', 'Material Sanitario', 0.24, 25),
(25, 'Esteban Fernández Pérez', 'Otros', 0.21, 27),
(26, 'Almudena Sanz Cotero', 'Alimentos', 0.24, 28),
(27, 'Iván Alsasua Gómez', 'Cargas Frágiles', 0.25, 29),
(28, 'Martín Benages Quintana', 'Material Industrial', 0.23, 30),
(29, 'Rubén Prieto Enríquez', 'Mercancía Peligrosa', 0.27, 31),
(30, 'Ana Alonso Escudero', 'Material Sanitario', 0.24, 32),
(31, 'Juan Padilla Montero', 'Gasóleo', 0.25, 33),
(32, 'Javier Martín Martínez ', 'Otros', 0.21, 34);

-- 
-- Dumping data for table furgonetas
--
INSERT INTO furgonetas VALUES
(1, '3579DTP', 'Renault Master', 127725, '135cv', 'Trabajando', 9.3, 1, 0),
(2, '2696JKP', 'Renault Dokker', 245100, '90cv', 'Disponible', 7.5, 1, 0),
(3, '1409CTZ', 'Renault Master', 755137, '110cv', 'Disponible', 9.1, 1, 0),
(4, '6596KTL', 'Peugeot Boxer', 95345, '115cv', 'Disponible', 8.7, 1, 0),
(5, '0803LCV', 'Citroën Jumper', 17352, '130cv', 'Disponible', 8.2, 1, 1),
(6, '5642CGT', 'Citroën Berlingo', 736467, '95cv ', 'Disponible', 9.2, 1, 1),
(7, '0192HYX', 'Dacia Dokker', 206763, '90cv ', 'Disponible', 9.0, 2, 0),
(8, '3766DRT', 'Fiat Ducato', 532756, '105cv ', 'Disponible', 10.0, 3, 0),
(9, '6376FBB', 'Opel Combi', 467253, '105cv ', 'Disponible', 9.8, 4, 0),
(10, '6476FXY', 'Ford Transit', 380786, '95cv ', 'Disponible', 9.2, 5, 0),
(11, '7363JBP', 'Mercedes Viano', 205182, '120cv ', 'Disponible', 10.2, 6, 0),
(12, '8337LKL', 'Mercedes Vito', 80283, '120cv ', 'Disponible', 10.0, 6, 0),
(13, '8598BBY', 'Volkswagen Transporter', 821872, '85cv ', 'Disponible', 11.2, 1, 0),
(14, '8585JJJ', 'Peugeot Boxer', 189345, '110cv ', 'Disponible', 10.1, 7, 0),
(15, '2446GJV', 'Renault Dokker', 327845, '100cv ', 'Disponible', 9.9, 1, 0),
(16, '4577HDY', 'Renault Master', 185842, '105cv ', 'Disponible', 9.8, 2, 0),
(17, '4767HYT', 'Renault Trafic', 124276, '90cv ', 'Disponible', 8.9, 1, 0),
(18, '7867KJC', 'Citroën Berlingo', 105893, '80cv ', 'Disponible', 8.8, 4, 1),
(19, '9889BMN', 'Mercedes Viano', 856599, '95cv ', 'Disponible', 11.3, 6, 1),
(20, '1234FGH', 'Mercedes Vito', 467623, '95cv ', 'Disponible', 10.8, 5, 1),
(21, '1398DRT', 'Peugeot Boxer', 376145, '80cv ', 'Disponible', 10.4, 2, 1),
(22, '0802HBY', 'Opel Combi', 186453, '105cv ', 'Disponible', 10.6, 3, 1),
(23, '1292GZR', 'Mercedes Vito', 214765, '90cv ', 'Disponible', 9.9, 5, 1),
(24, '7322JZZ', 'Citroën Jumper', 140873, '85cv ', 'Disponible', 9.4, 6, 1),
(25, '1115CXT', 'Dacia Dokker', 576152, '90cv ', 'Disponible', 10.2, 7, 1),
(26, '9283FWP', 'Fiat Ducato', 342746, '100cv ', 'Disponible', 10.5, 7, 1),
(27, '7721DBH', 'Ford Transit', 422273, '85cv ', 'Disponible', 10.1, 1, 1),
(28, '6354LBG', 'Fiat Ducato', 78762, '110cv ', 'Trabajando', 9.0, 1, 1),
(29, '6283KDV', 'Dacia Dokker', 147827, '95cv ', 'Disponible', 9.8, 5, 1),
(30, '0082HJW', 'Opel Combi', 238265, '90cv ', 'Disponible', 10.2, 7, 1);

-- 
-- Dumping data for table paquetes
--
INSERT INTO paquetes VALUES
(12, 'Urbanización la mina 23, 39212 Puente Arce , Cantabria', 'Ninguna', 'María del Moral Sánchez ', '625524878', 1.50, '2021-09-01', 1),
(13, 'C/ Concha Espina 12, 4º A, 39012 Santander, Cantabria', 'Ninguna', 'Pablo López García', '637827382', 0.50, '2021-09-01', 1),
(14, 'C/ Valdenoja 50 5º F, 39012 Santander, Cantabria', 'Llamar previamente para concertar entrega', 'Ana López Arias', '638267473', 50.00, '2021-09-01', 1),
(15, 'C/ Camilo Alonso Vega 15 3º A, 39007 Santander, Cantabria', 'Ninguna', 'Pablo Díez Sañudo', '637281712', 1.00, '2021-09-01', 1),
(16, 'C/ Ciriaco Párraga 3 4º dcha, 39011 Santander, Cantabria', 'Ninguna', 'Laura Quijano Sárraga', '667909264', 2.10, '2021-09-01', 1),
(17, 'C/ Alfredo Pérez Guillén 2 1º C, 39011 Santander, Cantabria', 'Llamar previamente para concertar entrega', 'Emilio Miramón Portillo', '726397485', 25.00, '2021-09-01', 1),
(18, 'Avenida de los Castros 137 4º izda, 39012 Santander, Cantabria', 'Ninguna', 'Ignacio de la Fuente Diaz', '665214824', 2.30, '2021-09-01', 1),
(19, 'C/ Marqués de la Hermida 12 Escalera 6-6º B, 39009 Santander, Cantabria', 'Ninguna', 'Margarita Pérez Ruiz', '652887364', 3.10, '2021-09-01', 1),
(20, 'Avenida Pérez Galdós 21, 39005 Santander, Cantabria', 'Ninguna', 'Álvaro Mediavilla Arias', '654016279', 0.80, '2021-09-01', 1),
(21, 'Paseo Menéndez Pelyo 93 4º B, 39006 Santander, Cantabria', 'Llamar previamente para concertar entrega', 'Xabier Olialde Sangroniz', '68973724', 2.80, '2021-09-01', 1),
(22, 'C/ Aviche 29, 39012 Santander, Cantabria ', 'Ninguna', 'Juan Pando Gutiérrez', '664287923', 3.80, '2021-09-01', 1),
(23, 'C/ Peña Sagra 3, 39011 Santander, Cantabria', 'Ninguna', 'Alonso del Río Blanco', '672736372', 4.00, '2021-09-01', 1),
(24, 'C/ Los Ciruelos 9 2º dcha, 39011 Santander, Cantabria', 'Llamar previamente para concertar entrega', 'Víctor Muñoz Mencía', '672634648', 30.00, '2021-09-01', 1),
(25, 'C/ Florida 12 3º A, 39001 Santander, Cantabria', 'Ninguna', 'Sofía Abad Cueto', '661827423', 5.40, '2021-09-01', 1),
(26, 'C/ Isabel la Católica 3 2º izda, 39007 Santander, Cantabria', 'Ninguna', 'Joaquín del Amo Ballester', '687987363', 3.50, '2021-09-01', 1),
(27, 'Avenida Marqués de Valdecilla 44D, 39110 Santa Cruz de Bezana, Cantabria', 'Llamar previamente para concertar entrega', 'Mercedes Gómez Mateo', '652986374', 37.50, '2021-09-02', 28),
(28, 'C/ El Somo 55 3º C, 39012 Santander, Cantabria', 'Ninguna', 'Manuel González Frias', '726860730', 4.80, '2021-09-02', 28),
(29, 'C/ Virgen del Mar 21, 39011 Santander, Cantabria', 'Ninguna', 'Sonia Abascal Cuevas', '654768002', 0.90, '2021-09-02', 28),
(30, 'Av. Menéndez Pelayo 13, 39108 Prezanes, Cantabria', 'Ninguna', 'Julia Sánchez Zubieta', '754843637', 3.40, '2021-09-02', 28),
(31, 'C/ Cotero 6 2º dcha, 39110 Santa Cruz de Bezana, Cantabria', 'Llamar previamente para concertar entrega', 'María Moya García', '641322709', 42.00, '2021-09-02', 28),
(32, 'C/ Murillo 7B, 39110, Cantabria', 'Ninguna', 'Eladio Fernández Dou', '667590971', 0.50, '2021-09-02', 28),
(33, 'C/ Juan José Mier 33, 39012 Santander, Cantabria', 'Ninguna', 'Eduardo Vargas Valle', '673240087', 4.50, '2021-09-02', 28),
(34, 'C/ de Victoriano Fernández 17N, 39012 Santander, Cantabria', 'Llamar previamente para concertar entrega', 'Marina Magdalena Hernández', '623987092', 48.00, '2021-09-02', 28),
(35, 'P.º del Gral. Dávila 300 4ºC, 39007 Santander, Cantabria', 'Ninguna', 'Fernando Otero de Cos', '769032547', 1.30, '2021-09-02', 28),
(36, 'Calle los Encinares 4 2ºdcha, 39011 Santander, Cantabria', 'Ninguna', 'Ángel de las Heras Martín', '698302818', 5.70, '2021-09-02', 28),
(37, 'Bo. San Martín del Pino 6, 39011 Santander, Cantabria', 'Ninguna', 'Mª Jesús Río Garmendia', '630016898', 1.80, '2021-09-02', 28),
(38, 'C/ Padre Carballo 48, 39011 Santander, Cantabria', 'Llamar previamente para concertar entrega', 'Laura Vara Gutiérrez', '619400262', 32.00, '2021-09-02', 28),
(39, 'Travesia San Fernando 16G, 39100 Santa Cruz de Bezana, Cantabria', 'Ninguna', 'Pedro Amo Setién', '712362980', 3.30, '2021-09-02', 28),
(40, 'Urbanizacion la Escalera chalet 12, 39608 Camargo, Cantabria', 'Ninguna', 'Alicia Prellezo Martínez', '699012837', 4.60, '2021-09-02', 28),
(41, 'C/nLuis Buñuel 114, 39011 Santander, Cantabria', 'Ninguna', 'Gala Solares Lainz', '664778226', 5.30, '2021-09-02', 28);

-- 
-- Dumping data for table rutas
--
INSERT INTO rutas VALUES
(1, 'Santander', 'Vigo', '2021-05-25', 1),
(2, 'Barcelona', 'Sevilla', '2021-05-26', 2),
(3, 'Madrid', 'Málaga', '2021-05-27', 3),
(4, 'Vigo ', 'Santander', '2021-05-28', 4),
(5, 'Sevilla', 'Santander', '2021-05-29', 5);

-- 
-- Dumping data for table repartidores
--
INSERT INTO repartidores VALUES
(1, 'Rafael Cano Andrades', 0.14, 1),
(2, 'Joaquin Fernandez Corredera', 0.15, 2),
(3, 'Gonzalo Iñigo Cea', 0.15, 3),
(4, 'Ines Iborra Ceballos', 0.14, 4),
(5, 'Pablo Sendra Zambrana', 0.17, 5),
(6, 'Antonio Cuevas del Río', 0.14, 6),
(7, 'Sonia Calderón Martín', 0.15, 7),
(8, 'María Barrio Herrán', 0.15, 8),
(9, 'John Villa López', 0.13, 9),
(10, 'Amado Molino Recio', 0.15, 10),
(11, 'Evaristo Campo Molina', 0.15, 11),
(12, 'Alba Serrano Rodríguez', 0.13, 12),
(13, 'Tomás Oreña Aznar', 0.17, 13),
(14, 'Nicolás Pescador Martín', 0.14, 14),
(15, 'Remigio Sobremazas Solares', 0.12, 15),
(16, 'Ángel Rozas Martins', 0.12, 16),
(17, 'Marta del Amo Santiago', 0.16, 17),
(18, 'Bárbara Valle Fernández', 0.15, 18),
(19, 'Miguel Pérez Arias', 0.16, 19),
(20, 'Adrián Gutiérrez Álvarez', 0.18, 20),
(21, 'Ramiro del Moral Sánchez', 0.16, 21),
(22, 'Sara Zapata Camilo', 0.13, 22),
(23, 'Pablo Troyano Fernández ', 0.16, 23),
(24, 'Iván Villanueva Toraya', 0.15, 24),
(25, 'Natalia San Emeterio Poo', 0.15, 25),
(26, 'Hugo de la Torre Muñiz', 0.13, 26),
(27, 'Ángela Quintana Blanco', 0.16, 27),
(28, 'Beatriz Llorente Canales', 0.15, 28),
(29, 'Adolfo Mercado Colmenero', 0.16, 29),
(30, 'César Valle Suárez', 0.11, 22);

-- 
-- Dumping data for table presupuestos
--
-- Table transportesnacionalessoto.presupuestos does not contain any data (it is empty)

-- 
-- Dumping data for table fechas
--
-- Table transportesnacionalessoto.fechas does not contain any data (it is empty)

-- 
-- Dumping data for table cargas
--
INSERT INTO cargas VALUES
(6, 'Productos Alimenticios', 'Ninguna', 4500.00, 'TNS Santander', 'TNS Barcelona', '2021-05-26', 1),
(8, 'Material Sanitario', 'Ninguna', 2000.00, 'TNS Barcelona', 'TNS Santander', '2021-09-02', 14),
(9, 'Maquinaria de obra', 'Ninguna', 10000.00, 'TNS Madrid', 'TNS Vigo', '2021-09-03', 9),
(11, 'Motorhome médico', 'Dejar Instalado', 12000.00, 'TNS Sevilla', 'TNS Valencia', '2021-09-01', 20),
(12, 'Material de oficina', 'Dejar Instalado', 5000.00, 'TNS Zaragoza', 'TNS Santander', '2021-09-03', 11),
(13, 'Alimentos congelados', 'Ninguna', 1500.00, 'TNS Santander', 'TNS Vigo', '2021-09-02', 12),
(14, 'Gasóleo', 'Ninguna', 2000.00, 'TNS Barcelona', 'TNS Valencia', '2021-09-01', 21),
(15, 'Electrodomésticos', 'Dejar Instalado', 1000.00, 'TNS Vigo', 'TNS Sevilla', '2021-09-02', 4),
(16, 'Gas butano', 'Ninguna', 900.00, 'TNS Valencia', 'TNS Madrid', '2021-09-02', 22),
(17, 'Medicamentos', 'Ninguna', 500.00, 'TNS Zaragoza', 'TNS Barcelona', '2021-09-01', 33),
(18, 'Dispositivos electrónicos', 'Ninguna', 1000.00, 'TNS Madrid', 'TNS Valencia', '2021-09-03', 3),
(19, 'Cableado', 'Ninguna', 2000.00, 'TNS Madrid', 'TNS Zaragoza', '2021-09-03', 25),
(20, 'Animales', 'Ninguna', 2000.00, 'TNS Sevilla', 'TNS Barcelona', '2021-09-03', 17),
(21, 'Madera', 'Ninguna', 3500.00, 'TNS Sevilla', 'TNS Santander', '2021-09-02', 13),
(22, 'Lancha de recreo', 'Dejar Instalado', 2000.00, 'TNS Vigo', 'TNS Santander', '2021-09-03', 16);

-- 
-- Restore previous SQL mode
-- 
/*!40101 SET SQL_MODE=@OLD_SQL_MODE */;

-- 
-- Enable foreign keys
-- 
/*!40014 SET FOREIGN_KEY_CHECKS = @OLD_FOREIGN_KEY_CHECKS */;