INSERT INTO `MSTR_GRUPO_CLIENTE` (`ID`, `IND_ACTIVO`, `DES_NOMBRE`) VALUES (1, 1, 'BANKIA');
INSERT INTO `MSTR_GRUPO_CLIENTE` (`ID`, `IND_ACTIVO`, `DES_NOMBRE`) VALUES (2, 1, 'CAJAMAR');
INSERT INTO `MSTR_GRUPO_CLIENTE` (`ID`, `IND_ACTIVO`, `DES_NOMBRE`) VALUES (3, 1, 'CERBERUS');
INSERT INTO `MSTR_GRUPO_CLIENTE` (`ID`, `IND_ACTIVO`, `DES_NOMBRE`) VALUES (4, 1, 'GALLEON');
INSERT INTO `MSTR_GRUPO_CLIENTE` (`ID`, `IND_ACTIVO`, `DES_NOMBRE`) VALUES (5, 1, 'GLOBAL LICATA SA');
INSERT INTO `MSTR_GRUPO_CLIENTE` (`ID`, `IND_ACTIVO`, `DES_NOMBRE`) VALUES (6, 1, 'GLOBAL PANTELARIA SA');
INSERT INTO `MSTR_GRUPO_CLIENTE` (`ID`, `IND_ACTIVO`, `DES_NOMBRE`) VALUES (7, 1, 'GOLDENTREE');
INSERT INTO `MSTR_GRUPO_CLIENTE` (`ID`, `IND_ACTIVO`, `DES_NOMBRE`) VALUES (8, 1, 'GRUPO BBVA');
INSERT INTO `MSTR_GRUPO_CLIENTE` (`ID`, `IND_ACTIVO`, `DES_NOMBRE`) VALUES (9, 1, 'GRUPO CASER');
INSERT INTO `MSTR_GRUPO_CLIENTE` (`ID`, `IND_ACTIVO`, `DES_NOMBRE`) VALUES (10, 1, 'HAYA TITULIZACION');
INSERT INTO `MSTR_GRUPO_CLIENTE` (`ID`, `IND_ACTIVO`, `DES_NOMBRE`) VALUES (11, 1, 'ING');
INSERT INTO `MSTR_GRUPO_CLIENTE` (`ID`, `IND_ACTIVO`, `DES_NOMBRE`) VALUES (12, 1, 'LIBERBANK');
INSERT INTO `MSTR_GRUPO_CLIENTE` (`ID`, `IND_ACTIVO`, `DES_NOMBRE`) VALUES (13, 1, 'MACC 1x1');
INSERT INTO `MSTR_GRUPO_CLIENTE` (`ID`, `IND_ACTIVO`, `DES_NOMBRE`) VALUES (14, 1, 'MAPFRE');
INSERT INTO `MSTR_GRUPO_CLIENTE` (`ID`, `IND_ACTIVO`, `DES_NOMBRE`) VALUES (15, 1, 'MERIDIAN');
INSERT INTO `MSTR_GRUPO_CLIENTE` (`ID`, `IND_ACTIVO`, `DES_NOMBRE`) VALUES (16, 1, 'OTRAS CARTERAS');
INSERT INTO `MSTR_GRUPO_CLIENTE` (`ID`, `IND_ACTIVO`, `DES_NOMBRE`) VALUES (17, 1, 'PARTICULARES');
INSERT INTO `MSTR_GRUPO_CLIENTE` (`ID`, `IND_ACTIVO`, `DES_NOMBRE`) VALUES (18, 1, 'SAREB');
INSERT INTO `MSTR_GRUPO_CLIENTE` (`ID`, `IND_ACTIVO`, `DES_NOMBRE`) VALUES (19, 1, 'SIN CARTERA');
INSERT INTO `MSTR_GRUPO_CLIENTE` (`ID`, `IND_ACTIVO`, `DES_NOMBRE`) VALUES (20, 1, 'SOLVIA');
INSERT INTO `MSTR_GRUPO_CLIENTE` (`ID`, `IND_ACTIVO`, `DES_NOMBRE`) VALUES (21, 1, 'WATERFALL');
INSERT INTO `MSTR_GRUPO_CLIENTE` (`ID`, `IND_ACTIVO`, `DES_NOMBRE`) VALUES (22, 1, 'YUBAI');
INSERT INTO `MSTR_GRUPO_CLIENTE` (`ID`, `IND_ACTIVO`, `DES_NOMBRE`) VALUES (23, 1, 'ZEUS');

INSERT INTO `MSTR_CLIENTE` (`ID`, `IND_ACTIVO`, `DES_NOMBRE`, `ID_GRUPO_CLIENTE`) VALUES (1, 1, 'BANKIA', 1);
INSERT INTO `MSTR_CLIENTE` (`ID`, `IND_ACTIVO`, `DES_NOMBRE`, `ID_GRUPO_CLIENTE`) VALUES (2, 1, 'BANKIA LEASEBACK', 1);
INSERT INTO `MSTR_CLIENTE` (`ID`, `IND_ACTIVO`, `DES_NOMBRE`, `ID_GRUPO_CLIENTE`) VALUES (3, 1, 'BBVA', 8);
INSERT INTO `MSTR_CLIENTE` (`ID`, `IND_ACTIVO`, `DES_NOMBRE`, `ID_GRUPO_CLIENTE`) VALUES (4, 1, 'CAJAMAR', 2);
INSERT INTO `MSTR_CLIENTE` (`ID`, `IND_ACTIVO`, `DES_NOMBRE`, `ID_GRUPO_CLIENTE`) VALUES (5, 1, 'CASER', 9);
INSERT INTO `MSTR_CLIENTE` (`ID`, `IND_ACTIVO`, `DES_NOMBRE`, `ID_GRUPO_CLIENTE`) VALUES (6, 1, 'CERBERUS', 3);
INSERT INTO `MSTR_CLIENTE` (`ID`, `IND_ACTIVO`, `DES_NOMBRE`, `ID_GRUPO_CLIENTE`) VALUES (7, 1, 'DESCONOCIDO', 19);
INSERT INTO `MSTR_CLIENTE` (`ID`, `IND_ACTIVO`, `DES_NOMBRE`, `ID_GRUPO_CLIENTE`) VALUES (8, 1, 'DIVARIAN', 3);
INSERT INTO `MSTR_CLIENTE` (`ID`, `IND_ACTIVO`, `DES_NOMBRE`, `ID_GRUPO_CLIENTE`) VALUES (9, 1, 'GESCOBRO', 23);
INSERT INTO `MSTR_CLIENTE` (`ID`, `IND_ACTIVO`, `DES_NOMBRE`, `ID_GRUPO_CLIENTE`) VALUES (10, 1, 'GOLDENTREE', 7);
INSERT INTO `MSTR_CLIENTE` (`ID`, `IND_ACTIVO`, `DES_NOMBRE`, `ID_GRUPO_CLIENTE`) VALUES (11, 1, 'HAYA TITULIZACION', 10);
INSERT INTO `MSTR_CLIENTE` (`ID`, `IND_ACTIVO`, `DES_NOMBRE`, `ID_GRUPO_CLIENTE`) VALUES (12, 1, 'ING', 11);
INSERT INTO `MSTR_CLIENTE` (`ID`, `IND_ACTIVO`, `DES_NOMBRE`, `ID_GRUPO_CLIENTE`) VALUES (13, 1, 'JAIPUR', 3);
INSERT INTO `MSTR_CLIENTE` (`ID`, `IND_ACTIVO`, `DES_NOMBRE`, `ID_GRUPO_CLIENTE`) VALUES (14, 1, 'LCM PARTNERS', 4);
INSERT INTO `MSTR_CLIENTE` (`ID`, `IND_ACTIVO`, `DES_NOMBRE`, `ID_GRUPO_CLIENTE`) VALUES (15, 1, 'LIBERBANK', 12);
INSERT INTO `MSTR_CLIENTE` (`ID`, `IND_ACTIVO`, `DES_NOMBRE`, `ID_GRUPO_CLIENTE`) VALUES (16, 1, 'LICATA', 5);
INSERT INTO `MSTR_CLIENTE` (`ID`, `IND_ACTIVO`, `DES_NOMBRE`, `ID_GRUPO_CLIENTE`) VALUES (17, 1, 'MAPFRE', 14);
INSERT INTO `MSTR_CLIENTE` (`ID`, `IND_ACTIVO`, `DES_NOMBRE`, `ID_GRUPO_CLIENTE`) VALUES (18, 1, 'MERIDIAN', 15);
INSERT INTO `MSTR_CLIENTE` (`ID`, `IND_ACTIVO`, `DES_NOMBRE`, `ID_GRUPO_CLIENTE`) VALUES (19, 1, 'ONE TO ONE', 13);
INSERT INTO `MSTR_CLIENTE` (`ID`, `IND_ACTIVO`, `DES_NOMBRE`, `ID_GRUPO_CLIENTE`) VALUES (20, 1, 'OTRAS CARTERAS', 16);
INSERT INTO `MSTR_CLIENTE` (`ID`, `IND_ACTIVO`, `DES_NOMBRE`, `ID_GRUPO_CLIENTE`) VALUES (21, 1, 'PANTELARIA', 6);
INSERT INTO `MSTR_CLIENTE` (`ID`, `IND_ACTIVO`, `DES_NOMBRE`, `ID_GRUPO_CLIENTE`) VALUES (22, 1, 'PARTICULARES', 17);
INSERT INTO `MSTR_CLIENTE` (`ID`, `IND_ACTIVO`, `DES_NOMBRE`, `ID_GRUPO_CLIENTE`) VALUES (23, 1, 'PROMONTORIA 227', 3);
INSERT INTO `MSTR_CLIENTE` (`ID`, `IND_ACTIVO`, `DES_NOMBRE`, `ID_GRUPO_CLIENTE`) VALUES (24, 1, 'PROMONTORIA AGORA', 3);
INSERT INTO `MSTR_CLIENTE` (`ID`, `IND_ACTIVO`, `DES_NOMBRE`, `ID_GRUPO_CLIENTE`) VALUES (25, 1, 'PROMONTORIA OMEGA', 3);
INSERT INTO `MSTR_CLIENTE` (`ID`, `IND_ACTIVO`, `DES_NOMBRE`, `ID_GRUPO_CLIENTE`) VALUES (26, 1, 'SAREB', 18);
INSERT INTO `MSTR_CLIENTE` (`ID`, `IND_ACTIVO`, `DES_NOMBRE`, `ID_GRUPO_CLIENTE`) VALUES (27, 1, 'SOLVIA', 20);
INSERT INTO `MSTR_CLIENTE` (`ID`, `IND_ACTIVO`, `DES_NOMBRE`, `ID_GRUPO_CLIENTE`) VALUES (28, 1, 'WATERFALL', 21);
INSERT INTO `MSTR_CLIENTE` (`ID`, `IND_ACTIVO`, `DES_NOMBRE`, `ID_GRUPO_CLIENTE`) VALUES (29, 1, 'YUBAI', 22);

INSERT INTO `MSTR_CARTERA` (`ID`, `IND_ACTIVO`, `IND_ADMINISTRADA`, `IND_DATOS_CONTABILIDAD`, `IND_DATOS_CORE_BANKING`, `IND_DATOS_JUDICIAL`, `NUM_DIAS_RETRASO_CANCELACION`, `DES_ID_HAYA`, `DES_NOMBRE`, `DES_TIPO_ACTIVOS`, `DES_ID_CARGA`, `DES_EMAIL`, `NUM_TOLERANCIA`, `ID_CRITERIO_GENERACION_EXPEDIENTE`, `ID_FACTURACION_CARTERA`, `ID_RESPONSABLE_CARTERA`, `ID_RESPONSABLE_FORMALIZACION`, `ID_RESPONSABLE_SKIP_TRACING`, `ID_TRATAMIENTO_REO`, `ID_RESPONSABLE`) VALUES (1, 1, NULL, NULL, NULL, NULL, NULL, 'BANKIA', 'BANKIA', 'TODOS', '5202', NULL, NULL, NULL, NULL, NULL, NULL, NULL, NULL, NULL);
INSERT INTO `MSTR_CARTERA` (`ID`, `IND_ACTIVO`, `IND_ADMINISTRADA`, `IND_DATOS_CONTABILIDAD`, `IND_DATOS_CORE_BANKING`, `IND_DATOS_JUDICIAL`, `NUM_DIAS_RETRASO_CANCELACION`, `DES_ID_HAYA`, `DES_NOMBRE`, `DES_TIPO_ACTIVOS`, `DES_ID_CARGA`, `DES_EMAIL`, `NUM_TOLERANCIA`, `ID_CRITERIO_GENERACION_EXPEDIENTE`, `ID_FACTURACION_CARTERA`, `ID_RESPONSABLE_CARTERA`, `ID_RESPONSABLE_FORMALIZACION`, `ID_RESPONSABLE_SKIP_TRACING`, `ID_TRATAMIENTO_REO`, `ID_RESPONSABLE`) VALUES (2, 1, NULL, NULL, NULL, NULL, NULL, 'CAJAMAR', 'CAJAMAR', 'TODOS', '5203', NULL, NULL, NULL, NULL, NULL, NULL, NULL, NULL, NULL);
INSERT INTO `MSTR_CARTERA` (`ID`, `IND_ACTIVO`, `IND_ADMINISTRADA`, `IND_DATOS_CONTABILIDAD`, `IND_DATOS_CORE_BANKING`, `IND_DATOS_JUDICIAL`, `NUM_DIAS_RETRASO_CANCELACION`, `DES_ID_HAYA`, `DES_NOMBRE`, `DES_TIPO_ACTIVOS`, `DES_ID_CARGA`, `DES_EMAIL`, `NUM_TOLERANCIA`, `ID_CRITERIO_GENERACION_EXPEDIENTE`, `ID_FACTURACION_CARTERA`, `ID_RESPONSABLE_CARTERA`, `ID_RESPONSABLE_FORMALIZACION`, `ID_RESPONSABLE_SKIP_TRACING`, `ID_TRATAMIENTO_REO`, `ID_RESPONSABLE`) VALUES (3, 1, NULL, NULL, NULL, NULL, NULL, 'SAREB', 'SAREB', 'TODOS', '5204', NULL, NULL, NULL, NULL, NULL, NULL, NULL, NULL, NULL);
INSERT INTO `MSTR_CARTERA` (`ID`, `IND_ACTIVO`, `IND_ADMINISTRADA`, `IND_DATOS_CONTABILIDAD`, `IND_DATOS_CORE_BANKING`, `IND_DATOS_JUDICIAL`, `NUM_DIAS_RETRASO_CANCELACION`, `DES_ID_HAYA`, `DES_NOMBRE`, `DES_TIPO_ACTIVOS`, `DES_ID_CARGA`, `DES_EMAIL`, `NUM_TOLERANCIA`, `ID_CRITERIO_GENERACION_EXPEDIENTE`, `ID_FACTURACION_CARTERA`, `ID_RESPONSABLE_CARTERA`, `ID_RESPONSABLE_FORMALIZACION`, `ID_RESPONSABLE_SKIP_TRACING`, `ID_TRATAMIENTO_REO`, `ID_RESPONSABLE`) VALUES (4, 1, NULL, NULL, NULL, NULL, NULL, 'CERBERUS ORIGINAL', 'CERBERUS ORIGINAL', 'REO', NULL, NULL, NULL, NULL, NULL, NULL, NULL, NULL, NULL, NULL);
INSERT INTO `MSTR_CARTERA` (`ID`, `IND_ACTIVO`, `IND_ADMINISTRADA`, `IND_DATOS_CONTABILIDAD`, `IND_DATOS_CORE_BANKING`, `IND_DATOS_JUDICIAL`, `NUM_DIAS_RETRASO_CANCELACION`, `DES_ID_HAYA`, `DES_NOMBRE`, `DES_TIPO_ACTIVOS`, `DES_ID_CARGA`, `DES_EMAIL`, `NUM_TOLERANCIA`, `ID_CRITERIO_GENERACION_EXPEDIENTE`, `ID_FACTURACION_CARTERA`, `ID_RESPONSABLE_CARTERA`, `ID_RESPONSABLE_FORMALIZACION`, `ID_RESPONSABLE_SKIP_TRACING`, `ID_TRATAMIENTO_REO`, `ID_RESPONSABLE`) VALUES (5, 1, NULL, NULL, NULL, NULL, NULL, 'LOAN CO- JAIPUR', 'JAIPUR', 'RED', NULL, NULL, NULL, NULL, NULL, NULL, NULL, NULL, NULL, NULL);
INSERT INTO `MSTR_CARTERA` (`ID`, `IND_ACTIVO`, `IND_ADMINISTRADA`, `IND_DATOS_CONTABILIDAD`, `IND_DATOS_CORE_BANKING`, `IND_DATOS_JUDICIAL`, `NUM_DIAS_RETRASO_CANCELACION`, `DES_ID_HAYA`, `DES_NOMBRE`, `DES_TIPO_ACTIVOS`, `DES_ID_CARGA`, `DES_EMAIL`, `NUM_TOLERANCIA`, `ID_CRITERIO_GENERACION_EXPEDIENTE`, `ID_FACTURACION_CARTERA`, `ID_RESPONSABLE_CARTERA`, `ID_RESPONSABLE_FORMALIZACION`, `ID_RESPONSABLE_SKIP_TRACING`, `ID_TRATAMIENTO_REO`, `ID_RESPONSABLE`) VALUES (6, 1, NULL, NULL, NULL, NULL, NULL, 'LOAN CO- JAIPUR', 'JAIPUR', 'COLATERAL', NULL, NULL, NULL, NULL, NULL, NULL, NULL, NULL, NULL, NULL);
INSERT INTO `MSTR_CARTERA` (`ID`, `IND_ACTIVO`, `IND_ADMINISTRADA`, `IND_DATOS_CONTABILIDAD`, `IND_DATOS_CORE_BANKING`, `IND_DATOS_JUDICIAL`, `NUM_DIAS_RETRASO_CANCELACION`, `DES_ID_HAYA`, `DES_NOMBRE`, `DES_TIPO_ACTIVOS`, `DES_ID_CARGA`, `DES_EMAIL`, `NUM_TOLERANCIA`, `ID_CRITERIO_GENERACION_EXPEDIENTE`, `ID_FACTURACION_CARTERA`, `ID_RESPONSABLE_CARTERA`, `ID_RESPONSABLE_FORMALIZACION`, `ID_RESPONSABLE_SKIP_TRACING`, `ID_TRATAMIENTO_REO`, `ID_RESPONSABLE`) VALUES (7, 1, NULL, NULL, NULL, NULL, NULL, 'REOCO- JAIPUR', 'JAIPUR', 'REO', NULL, NULL, NULL, NULL, NULL, NULL, NULL, NULL, NULL, NULL);
INSERT INTO `MSTR_CARTERA` (`ID`, `IND_ACTIVO`, `IND_ADMINISTRADA`, `IND_DATOS_CONTABILIDAD`, `IND_DATOS_CORE_BANKING`, `IND_DATOS_JUDICIAL`, `NUM_DIAS_RETRASO_CANCELACION`, `DES_ID_HAYA`, `DES_NOMBRE`, `DES_TIPO_ACTIVOS`, `DES_ID_CARGA`, `DES_EMAIL`, `NUM_TOLERANCIA`, `ID_CRITERIO_GENERACION_EXPEDIENTE`, `ID_FACTURACION_CARTERA`, `ID_RESPONSABLE_CARTERA`, `ID_RESPONSABLE_FORMALIZACION`, `ID_RESPONSABLE_SKIP_TRACING`, `ID_TRATAMIENTO_REO`, `ID_RESPONSABLE`) VALUES (8, 1, NULL, NULL, NULL, NULL, NULL, 'LOAN CO- EGEO ZEUS', 'EGEO ZEUS', 'RED', NULL, NULL, NULL, NULL, NULL, NULL, NULL, NULL, NULL, NULL);
INSERT INTO `MSTR_CARTERA` (`ID`, `IND_ACTIVO`, `IND_ADMINISTRADA`, `IND_DATOS_CONTABILIDAD`, `IND_DATOS_CORE_BANKING`, `IND_DATOS_JUDICIAL`, `NUM_DIAS_RETRASO_CANCELACION`, `DES_ID_HAYA`, `DES_NOMBRE`, `DES_TIPO_ACTIVOS`, `DES_ID_CARGA`, `DES_EMAIL`, `NUM_TOLERANCIA`, `ID_CRITERIO_GENERACION_EXPEDIENTE`, `ID_FACTURACION_CARTERA`, `ID_RESPONSABLE_CARTERA`, `ID_RESPONSABLE_FORMALIZACION`, `ID_RESPONSABLE_SKIP_TRACING`, `ID_TRATAMIENTO_REO`, `ID_RESPONSABLE`) VALUES (9, 1, NULL, NULL, NULL, NULL, NULL, 'LOAN CO- EGEO ZEUS', 'EGEO ZEUS', 'COLATERAL', NULL, NULL, NULL, NULL, NULL, NULL, NULL, NULL, NULL, NULL);
INSERT INTO `MSTR_CARTERA` (`ID`, `IND_ACTIVO`, `IND_ADMINISTRADA`, `IND_DATOS_CONTABILIDAD`, `IND_DATOS_CORE_BANKING`, `IND_DATOS_JUDICIAL`, `NUM_DIAS_RETRASO_CANCELACION`, `DES_ID_HAYA`, `DES_NOMBRE`, `DES_TIPO_ACTIVOS`, `DES_ID_CARGA`, `DES_EMAIL`, `NUM_TOLERANCIA`, `ID_CRITERIO_GENERACION_EXPEDIENTE`, `ID_FACTURACION_CARTERA`, `ID_RESPONSABLE_CARTERA`, `ID_RESPONSABLE_FORMALIZACION`, `ID_RESPONSABLE_SKIP_TRACING`, `ID_TRATAMIENTO_REO`, `ID_RESPONSABLE`) VALUES (10, 1, NULL, NULL, NULL, NULL, NULL, 'REO CO- EGEO ZEUS', 'EGEO ZEUS', 'REO', NULL, NULL, NULL, NULL, NULL, NULL, NULL, NULL, NULL, NULL);
INSERT INTO `MSTR_CARTERA` (`ID`, `IND_ACTIVO`, `IND_ADMINISTRADA`, `IND_DATOS_CONTABILIDAD`, `IND_DATOS_CORE_BANKING`, `IND_DATOS_JUDICIAL`, `NUM_DIAS_RETRASO_CANCELACION`, `DES_ID_HAYA`, `DES_NOMBRE`, `DES_TIPO_ACTIVOS`, `DES_ID_CARGA`, `DES_EMAIL`, `NUM_TOLERANCIA`, `ID_CRITERIO_GENERACION_EXPEDIENTE`, `ID_FACTURACION_CARTERA`, `ID_RESPONSABLE_CARTERA`, `ID_RESPONSABLE_FORMALIZACION`, `ID_RESPONSABLE_SKIP_TRACING`, `ID_TRATAMIENTO_REO`, `ID_RESPONSABLE`) VALUES (11, 1, NULL, NULL, NULL, NULL, NULL, 'LOAN CO- EGEO', 'EGEO PROMONTORIA', 'RED', NULL, NULL, NULL, NULL, NULL, NULL, NULL, NULL, NULL, NULL);
INSERT INTO `MSTR_CARTERA` (`ID`, `IND_ACTIVO`, `IND_ADMINISTRADA`, `IND_DATOS_CONTABILIDAD`, `IND_DATOS_CORE_BANKING`, `IND_DATOS_JUDICIAL`, `NUM_DIAS_RETRASO_CANCELACION`, `DES_ID_HAYA`, `DES_NOMBRE`, `DES_TIPO_ACTIVOS`, `DES_ID_CARGA`, `DES_EMAIL`, `NUM_TOLERANCIA`, `ID_CRITERIO_GENERACION_EXPEDIENTE`, `ID_FACTURACION_CARTERA`, `ID_RESPONSABLE_CARTERA`, `ID_RESPONSABLE_FORMALIZACION`, `ID_RESPONSABLE_SKIP_TRACING`, `ID_TRATAMIENTO_REO`, `ID_RESPONSABLE`) VALUES (12, 1, NULL, NULL, NULL, NULL, NULL, 'LOAN CO- EGEO', 'EGEO PROMONTORIA', 'COLATERAL', NULL, NULL, NULL, NULL, NULL, NULL, NULL, NULL, NULL, NULL);
INSERT INTO `MSTR_CARTERA` (`ID`, `IND_ACTIVO`, `IND_ADMINISTRADA`, `IND_DATOS_CONTABILIDAD`, `IND_DATOS_CORE_BANKING`, `IND_DATOS_JUDICIAL`, `NUM_DIAS_RETRASO_CANCELACION`, `DES_ID_HAYA`, `DES_NOMBRE`, `DES_TIPO_ACTIVOS`, `DES_ID_CARGA`, `DES_EMAIL`, `NUM_TOLERANCIA`, `ID_CRITERIO_GENERACION_EXPEDIENTE`, `ID_FACTURACION_CARTERA`, `ID_RESPONSABLE_CARTERA`, `ID_RESPONSABLE_FORMALIZACION`, `ID_RESPONSABLE_SKIP_TRACING`, `ID_TRATAMIENTO_REO`, `ID_RESPONSABLE`) VALUES (13, 1, NULL, NULL, NULL, NULL, NULL, 'REOCO- EGEO', 'EGEO PROMONTORIA', 'REO', NULL, NULL, NULL, NULL, NULL, NULL, NULL, NULL, NULL, NULL);
INSERT INTO `MSTR_CARTERA` (`ID`, `IND_ACTIVO`, `IND_ADMINISTRADA`, `IND_DATOS_CONTABILIDAD`, `IND_DATOS_CORE_BANKING`, `IND_DATOS_JUDICIAL`, `NUM_DIAS_RETRASO_CANCELACION`, `DES_ID_HAYA`, `DES_NOMBRE`, `DES_TIPO_ACTIVOS`, `DES_ID_CARGA`, `DES_EMAIL`, `NUM_TOLERANCIA`, `ID_CRITERIO_GENERACION_EXPEDIENTE`, `ID_FACTURACION_CARTERA`, `ID_RESPONSABLE_CARTERA`, `ID_RESPONSABLE_FORMALIZACION`, `ID_RESPONSABLE_SKIP_TRACING`, `ID_TRATAMIENTO_REO`, `ID_RESPONSABLE`) VALUES (14, 1, NULL, NULL, NULL, NULL, NULL, 'LOAN CO- GIANTS', 'GIANTS', 'RED', NULL, NULL, NULL, NULL, NULL, NULL, NULL, NULL, NULL, NULL);
INSERT INTO `MSTR_CARTERA` (`ID`, `IND_ACTIVO`, `IND_ADMINISTRADA`, `IND_DATOS_CONTABILIDAD`, `IND_DATOS_CORE_BANKING`, `IND_DATOS_JUDICIAL`, `NUM_DIAS_RETRASO_CANCELACION`, `DES_ID_HAYA`, `DES_NOMBRE`, `DES_TIPO_ACTIVOS`, `DES_ID_CARGA`, `DES_EMAIL`, `NUM_TOLERANCIA`, `ID_CRITERIO_GENERACION_EXPEDIENTE`, `ID_FACTURACION_CARTERA`, `ID_RESPONSABLE_CARTERA`, `ID_RESPONSABLE_FORMALIZACION`, `ID_RESPONSABLE_SKIP_TRACING`, `ID_TRATAMIENTO_REO`, `ID_RESPONSABLE`) VALUES (15, 1, NULL, NULL, NULL, NULL, NULL, 'LOAN CO- GIANTS', 'GIANTS', 'COLATERAL', NULL, NULL, NULL, NULL, NULL, NULL, NULL, NULL, NULL, NULL);
INSERT INTO `MSTR_CARTERA` (`ID`, `IND_ACTIVO`, `IND_ADMINISTRADA`, `IND_DATOS_CONTABILIDAD`, `IND_DATOS_CORE_BANKING`, `IND_DATOS_JUDICIAL`, `NUM_DIAS_RETRASO_CANCELACION`, `DES_ID_HAYA`, `DES_NOMBRE`, `DES_TIPO_ACTIVOS`, `DES_ID_CARGA`, `DES_EMAIL`, `NUM_TOLERANCIA`, `ID_CRITERIO_GENERACION_EXPEDIENTE`, `ID_FACTURACION_CARTERA`, `ID_RESPONSABLE_CARTERA`, `ID_RESPONSABLE_FORMALIZACION`, `ID_RESPONSABLE_SKIP_TRACING`, `ID_TRATAMIENTO_REO`, `ID_RESPONSABLE`) VALUES (16, 1, NULL, NULL, NULL, NULL, NULL, 'REO CO- GIANTS', 'GIANTS', 'REO', NULL, NULL, NULL, NULL, NULL, NULL, NULL, NULL, NULL, NULL);
INSERT INTO `MSTR_CARTERA` (`ID`, `IND_ACTIVO`, `IND_ADMINISTRADA`, `IND_DATOS_CONTABILIDAD`, `IND_DATOS_CORE_BANKING`, `IND_DATOS_JUDICIAL`, `NUM_DIAS_RETRASO_CANCELACION`, `DES_ID_HAYA`, `DES_NOMBRE`, `DES_TIPO_ACTIVOS`, `DES_ID_CARGA`, `DES_EMAIL`, `NUM_TOLERANCIA`, `ID_CRITERIO_GENERACION_EXPEDIENTE`, `ID_FACTURACION_CARTERA`, `ID_RESPONSABLE_CARTERA`, `ID_RESPONSABLE_FORMALIZACION`, `ID_RESPONSABLE_SKIP_TRACING`, `ID_TRATAMIENTO_REO`, `ID_RESPONSABLE`) VALUES (17, 1, NULL, NULL, NULL, NULL, NULL, 'REO CO- GIANTS', 'GIANTS', 'REO', NULL, NULL, NULL, NULL, NULL, NULL, NULL, NULL, NULL, NULL);
INSERT INTO `MSTR_CARTERA` (`ID`, `IND_ACTIVO`, `IND_ADMINISTRADA`, `IND_DATOS_CONTABILIDAD`, `IND_DATOS_CORE_BANKING`, `IND_DATOS_JUDICIAL`, `NUM_DIAS_RETRASO_CANCELACION`, `DES_ID_HAYA`, `DES_NOMBRE`, `DES_TIPO_ACTIVOS`, `DES_ID_CARGA`, `DES_EMAIL`, `NUM_TOLERANCIA`, `ID_CRITERIO_GENERACION_EXPEDIENTE`, `ID_FACTURACION_CARTERA`, `ID_RESPONSABLE_CARTERA`, `ID_RESPONSABLE_FORMALIZACION`, `ID_RESPONSABLE_SKIP_TRACING`, `ID_TRATAMIENTO_REO`, `ID_RESPONSABLE`) VALUES (18, 1, NULL, NULL, NULL, NULL, NULL, 'REO CO- GIANTS', 'GIANTS', 'REO', NULL, NULL, NULL, NULL, NULL, NULL, NULL, NULL, NULL, NULL);
INSERT INTO `MSTR_CARTERA` (`ID`, `IND_ACTIVO`, `IND_ADMINISTRADA`, `IND_DATOS_CONTABILIDAD`, `IND_DATOS_CORE_BANKING`, `IND_DATOS_JUDICIAL`, `NUM_DIAS_RETRASO_CANCELACION`, `DES_ID_HAYA`, `DES_NOMBRE`, `DES_TIPO_ACTIVOS`, `DES_ID_CARGA`, `DES_EMAIL`, `NUM_TOLERANCIA`, `ID_CRITERIO_GENERACION_EXPEDIENTE`, `ID_FACTURACION_CARTERA`, `ID_RESPONSABLE_CARTERA`, `ID_RESPONSABLE_FORMALIZACION`, `ID_RESPONSABLE_SKIP_TRACING`, `ID_TRATAMIENTO_REO`, `ID_RESPONSABLE`) VALUES (19, 1, NULL, NULL, NULL, NULL, NULL, 'REO CO- GIANTS', 'GIANTS', 'REO', NULL, NULL, NULL, NULL, NULL, NULL, NULL, NULL, NULL, NULL);
INSERT INTO `MSTR_CARTERA` (`ID`, `IND_ACTIVO`, `IND_ADMINISTRADA`, `IND_DATOS_CONTABILIDAD`, `IND_DATOS_CORE_BANKING`, `IND_DATOS_JUDICIAL`, `NUM_DIAS_RETRASO_CANCELACION`, `DES_ID_HAYA`, `DES_NOMBRE`, `DES_TIPO_ACTIVOS`, `DES_ID_CARGA`, `DES_EMAIL`, `NUM_TOLERANCIA`, `ID_CRITERIO_GENERACION_EXPEDIENTE`, `ID_FACTURACION_CARTERA`, `ID_RESPONSABLE_CARTERA`, `ID_RESPONSABLE_FORMALIZACION`, `ID_RESPONSABLE_SKIP_TRACING`, `ID_TRATAMIENTO_REO`, `ID_RESPONSABLE`) VALUES (20, 1, NULL, NULL, NULL, NULL, NULL, 'HAYA TITULIZACION', 'HAYA TITULIZACION', 'COLATERAL', NULL, NULL, NULL, NULL, NULL, NULL, NULL, NULL, NULL, NULL);
INSERT INTO `MSTR_CARTERA` (`ID`, `IND_ACTIVO`, `IND_ADMINISTRADA`, `IND_DATOS_CONTABILIDAD`, `IND_DATOS_CORE_BANKING`, `IND_DATOS_JUDICIAL`, `NUM_DIAS_RETRASO_CANCELACION`, `DES_ID_HAYA`, `DES_NOMBRE`, `DES_TIPO_ACTIVOS`, `DES_ID_CARGA`, `DES_EMAIL`, `NUM_TOLERANCIA`, `ID_CRITERIO_GENERACION_EXPEDIENTE`, `ID_FACTURACION_CARTERA`, `ID_RESPONSABLE_CARTERA`, `ID_RESPONSABLE_FORMALIZACION`, `ID_RESPONSABLE_SKIP_TRACING`, `ID_TRATAMIENTO_REO`, `ID_RESPONSABLE`) VALUES (21, 1, NULL, NULL, NULL, NULL, NULL, 'HAYA TITULIZACION', 'HAYA TITULIZACION', 'REO', NULL, NULL, NULL, NULL, NULL, NULL, NULL, NULL, NULL, NULL);
INSERT INTO `MSTR_CARTERA` (`ID`, `IND_ACTIVO`, `IND_ADMINISTRADA`, `IND_DATOS_CONTABILIDAD`, `IND_DATOS_CORE_BANKING`, `IND_DATOS_JUDICIAL`, `NUM_DIAS_RETRASO_CANCELACION`, `DES_ID_HAYA`, `DES_NOMBRE`, `DES_TIPO_ACTIVOS`, `DES_ID_CARGA`, `DES_EMAIL`, `NUM_TOLERANCIA`, `ID_CRITERIO_GENERACION_EXPEDIENTE`, `ID_FACTURACION_CARTERA`, `ID_RESPONSABLE_CARTERA`, `ID_RESPONSABLE_FORMALIZACION`, `ID_RESPONSABLE_SKIP_TRACING`, `ID_TRATAMIENTO_REO`, `ID_RESPONSABLE`) VALUES (22, 1, NULL, NULL, NULL, NULL, NULL, 'ING', 'ING', 'REO', NULL, NULL, NULL, NULL, NULL, NULL, NULL, NULL, NULL, NULL);
INSERT INTO `MSTR_CARTERA` (`ID`, `IND_ACTIVO`, `IND_ADMINISTRADA`, `IND_DATOS_CONTABILIDAD`, `IND_DATOS_CORE_BANKING`, `IND_DATOS_JUDICIAL`, `NUM_DIAS_RETRASO_CANCELACION`, `DES_ID_HAYA`, `DES_NOMBRE`, `DES_TIPO_ACTIVOS`, `DES_ID_CARGA`, `DES_EMAIL`, `NUM_TOLERANCIA`, `ID_CRITERIO_GENERACION_EXPEDIENTE`, `ID_FACTURACION_CARTERA`, `ID_RESPONSABLE_CARTERA`, `ID_RESPONSABLE_FORMALIZACION`, `ID_RESPONSABLE_SKIP_TRACING`, `ID_TRATAMIENTO_REO`, `ID_RESPONSABLE`) VALUES (23, 1, NULL, NULL, NULL, NULL, NULL, 'LIBERBANK', 'LIBERBANK', 'COLATERAL', NULL, NULL, NULL, NULL, NULL, NULL, NULL, NULL, NULL, NULL);
INSERT INTO `MSTR_CARTERA` (`ID`, `IND_ACTIVO`, `IND_ADMINISTRADA`, `IND_DATOS_CONTABILIDAD`, `IND_DATOS_CORE_BANKING`, `IND_DATOS_JUDICIAL`, `NUM_DIAS_RETRASO_CANCELACION`, `DES_ID_HAYA`, `DES_NOMBRE`, `DES_TIPO_ACTIVOS`, `DES_ID_CARGA`, `DES_EMAIL`, `NUM_TOLERANCIA`, `ID_CRITERIO_GENERACION_EXPEDIENTE`, `ID_FACTURACION_CARTERA`, `ID_RESPONSABLE_CARTERA`, `ID_RESPONSABLE_FORMALIZACION`, `ID_RESPONSABLE_SKIP_TRACING`, `ID_TRATAMIENTO_REO`, `ID_RESPONSABLE`) VALUES (24, 1, NULL, NULL, NULL, NULL, NULL, 'LIBERBANK', 'LIBERBANK', 'REO', NULL, NULL, NULL, NULL, NULL, NULL, NULL, NULL, NULL, NULL);
INSERT INTO `MSTR_CARTERA` (`ID`, `IND_ACTIVO`, `IND_ADMINISTRADA`, `IND_DATOS_CONTABILIDAD`, `IND_DATOS_CORE_BANKING`, `IND_DATOS_JUDICIAL`, `NUM_DIAS_RETRASO_CANCELACION`, `DES_ID_HAYA`, `DES_NOMBRE`, `DES_TIPO_ACTIVOS`, `DES_ID_CARGA`, `DES_EMAIL`, `NUM_TOLERANCIA`, `ID_CRITERIO_GENERACION_EXPEDIENTE`, `ID_FACTURACION_CARTERA`, `ID_RESPONSABLE_CARTERA`, `ID_RESPONSABLE_FORMALIZACION`, `ID_RESPONSABLE_SKIP_TRACING`, `ID_TRATAMIENTO_REO`, `ID_RESPONSABLE`) VALUES (25, 1, NULL, NULL, NULL, NULL, NULL, 'OTRAS CARTERAS', 'OTRAS CARTERAS', 'REO', NULL, NULL, NULL, NULL, NULL, NULL, NULL, NULL, NULL, NULL);
INSERT INTO `MSTR_CARTERA` (`ID`, `IND_ACTIVO`, `IND_ADMINISTRADA`, `IND_DATOS_CONTABILIDAD`, `IND_DATOS_CORE_BANKING`, `IND_DATOS_JUDICIAL`, `NUM_DIAS_RETRASO_CANCELACION`, `DES_ID_HAYA`, `DES_NOMBRE`, `DES_TIPO_ACTIVOS`, `DES_ID_CARGA`, `DES_EMAIL`, `NUM_TOLERANCIA`, `ID_CRITERIO_GENERACION_EXPEDIENTE`, `ID_FACTURACION_CARTERA`, `ID_RESPONSABLE_CARTERA`, `ID_RESPONSABLE_FORMALIZACION`, `ID_RESPONSABLE_SKIP_TRACING`, `ID_TRATAMIENTO_REO`, `ID_RESPONSABLE`) VALUES (26, 1, NULL, NULL, NULL, NULL, NULL, 'PARTICULARES', 'PARTICULARES', 'REO', NULL, NULL, NULL, NULL, NULL, NULL, NULL, NULL, NULL, NULL);
INSERT INTO `MSTR_CARTERA` (`ID`, `IND_ACTIVO`, `IND_ADMINISTRADA`, `IND_DATOS_CONTABILIDAD`, `IND_DATOS_CORE_BANKING`, `IND_DATOS_JUDICIAL`, `NUM_DIAS_RETRASO_CANCELACION`, `DES_ID_HAYA`, `DES_NOMBRE`, `DES_TIPO_ACTIVOS`, `DES_ID_CARGA`, `DES_EMAIL`, `NUM_TOLERANCIA`, `ID_CRITERIO_GENERACION_EXPEDIENTE`, `ID_FACTURACION_CARTERA`, `ID_RESPONSABLE_CARTERA`, `ID_RESPONSABLE_FORMALIZACION`, `ID_RESPONSABLE_SKIP_TRACING`, `ID_TRATAMIENTO_REO`, `ID_RESPONSABLE`) VALUES (27, 1, NULL, NULL, NULL, NULL, NULL, 'SOLVIA', 'SOLVIA', 'REO', NULL, NULL, NULL, NULL, NULL, NULL, NULL, NULL, NULL, NULL);
INSERT INTO `MSTR_CARTERA` (`ID`, `IND_ACTIVO`, `IND_ADMINISTRADA`, `IND_DATOS_CONTABILIDAD`, `IND_DATOS_CORE_BANKING`, `IND_DATOS_JUDICIAL`, `NUM_DIAS_RETRASO_CANCELACION`, `DES_ID_HAYA`, `DES_NOMBRE`, `DES_TIPO_ACTIVOS`, `DES_ID_CARGA`, `DES_EMAIL`, `NUM_TOLERANCIA`, `ID_CRITERIO_GENERACION_EXPEDIENTE`, `ID_FACTURACION_CARTERA`, `ID_RESPONSABLE_CARTERA`, `ID_RESPONSABLE_FORMALIZACION`, `ID_RESPONSABLE_SKIP_TRACING`, `ID_TRATAMIENTO_REO`, `ID_RESPONSABLE`) VALUES (28, 1, NULL, NULL, NULL, NULL, NULL, 'TANGO - BLUE EARTH INVEST', 'TANGO', 'REO', NULL, NULL, NULL, NULL, NULL, NULL, NULL, NULL, NULL, NULL);
INSERT INTO `MSTR_CARTERA` (`ID`, `IND_ACTIVO`, `IND_ADMINISTRADA`, `IND_DATOS_CONTABILIDAD`, `IND_DATOS_CORE_BANKING`, `IND_DATOS_JUDICIAL`, `NUM_DIAS_RETRASO_CANCELACION`, `DES_ID_HAYA`, `DES_NOMBRE`, `DES_TIPO_ACTIVOS`, `DES_ID_CARGA`, `DES_EMAIL`, `NUM_TOLERANCIA`, `ID_CRITERIO_GENERACION_EXPEDIENTE`, `ID_FACTURACION_CARTERA`, `ID_RESPONSABLE_CARTERA`, `ID_RESPONSABLE_FORMALIZACION`, `ID_RESPONSABLE_SKIP_TRACING`, `ID_TRATAMIENTO_REO`, `ID_RESPONSABLE`) VALUES (29, 1, NULL, NULL, NULL, NULL, NULL, 'TANGO - TIFIOS', 'TANGO', 'REO', NULL, NULL, NULL, NULL, NULL, NULL, NULL, NULL, NULL, NULL);
INSERT INTO `MSTR_CARTERA` (`ID`, `IND_ACTIVO`, `IND_ADMINISTRADA`, `IND_DATOS_CONTABILIDAD`, `IND_DATOS_CORE_BANKING`, `IND_DATOS_JUDICIAL`, `NUM_DIAS_RETRASO_CANCELACION`, `DES_ID_HAYA`, `DES_NOMBRE`, `DES_TIPO_ACTIVOS`, `DES_ID_CARGA`, `DES_EMAIL`, `NUM_TOLERANCIA`, `ID_CRITERIO_GENERACION_EXPEDIENTE`, `ID_FACTURACION_CARTERA`, `ID_RESPONSABLE_CARTERA`, `ID_RESPONSABLE_FORMALIZACION`, `ID_RESPONSABLE_SKIP_TRACING`, `ID_TRATAMIENTO_REO`, `ID_RESPONSABLE`) VALUES (30, 1, NULL, NULL, NULL, NULL, NULL, 'LOAN CO: LC ASSET 1 SARL', 'GALLEON', 'RED', NULL, NULL, NULL, NULL, NULL, NULL, NULL, NULL, NULL, NULL);
INSERT INTO `MSTR_CARTERA` (`ID`, `IND_ACTIVO`, `IND_ADMINISTRADA`, `IND_DATOS_CONTABILIDAD`, `IND_DATOS_CORE_BANKING`, `IND_DATOS_JUDICIAL`, `NUM_DIAS_RETRASO_CANCELACION`, `DES_ID_HAYA`, `DES_NOMBRE`, `DES_TIPO_ACTIVOS`, `DES_ID_CARGA`, `DES_EMAIL`, `NUM_TOLERANCIA`, `ID_CRITERIO_GENERACION_EXPEDIENTE`, `ID_FACTURACION_CARTERA`, `ID_RESPONSABLE_CARTERA`, `ID_RESPONSABLE_FORMALIZACION`, `ID_RESPONSABLE_SKIP_TRACING`, `ID_TRATAMIENTO_REO`, `ID_RESPONSABLE`) VALUES (31, 1, NULL, NULL, NULL, NULL, NULL, 'LOAN CO: LC ASSET 1 SARL', 'GALLEON', 'COLATERAL', NULL, NULL, NULL, NULL, NULL, NULL, NULL, NULL, NULL, NULL);
INSERT INTO `MSTR_CARTERA` (`ID`, `IND_ACTIVO`, `IND_ADMINISTRADA`, `IND_DATOS_CONTABILIDAD`, `IND_DATOS_CORE_BANKING`, `IND_DATOS_JUDICIAL`, `NUM_DIAS_RETRASO_CANCELACION`, `DES_ID_HAYA`, `DES_NOMBRE`, `DES_TIPO_ACTIVOS`, `DES_ID_CARGA`, `DES_EMAIL`, `NUM_TOLERANCIA`, `ID_CRITERIO_GENERACION_EXPEDIENTE`, `ID_FACTURACION_CARTERA`, `ID_RESPONSABLE_CARTERA`, `ID_RESPONSABLE_FORMALIZACION`, `ID_RESPONSABLE_SKIP_TRACING`, `ID_TRATAMIENTO_REO`, `ID_RESPONSABLE`) VALUES (32, 1, NULL, NULL, NULL, NULL, NULL, 'REO CO:  VAUXHALL PROPIEDADES SLU', 'GALLEON', 'REO', NULL, NULL, NULL, NULL, NULL, NULL, NULL, NULL, NULL, NULL);
INSERT INTO `MSTR_CARTERA` (`ID`, `IND_ACTIVO`, `IND_ADMINISTRADA`, `IND_DATOS_CONTABILIDAD`, `IND_DATOS_CORE_BANKING`, `IND_DATOS_JUDICIAL`, `NUM_DIAS_RETRASO_CANCELACION`, `DES_ID_HAYA`, `DES_NOMBRE`, `DES_TIPO_ACTIVOS`, `DES_ID_CARGA`, `DES_EMAIL`, `NUM_TOLERANCIA`, `ID_CRITERIO_GENERACION_EXPEDIENTE`, `ID_FACTURACION_CARTERA`, `ID_RESPONSABLE_CARTERA`, `ID_RESPONSABLE_FORMALIZACION`, `ID_RESPONSABLE_SKIP_TRACING`, `ID_TRATAMIENTO_REO`, `ID_RESPONSABLE`) VALUES (33, 1, NULL, NULL, NULL, NULL, NULL, 'BANKIA', 'COOPER', 'TODOS', NULL, NULL, NULL, NULL, NULL, NULL, NULL, NULL, NULL, NULL);
INSERT INTO `MSTR_CARTERA` (`ID`, `IND_ACTIVO`, `IND_ADMINISTRADA`, `IND_DATOS_CONTABILIDAD`, `IND_DATOS_CORE_BANKING`, `IND_DATOS_JUDICIAL`, `NUM_DIAS_RETRASO_CANCELACION`, `DES_ID_HAYA`, `DES_NOMBRE`, `DES_TIPO_ACTIVOS`, `DES_ID_CARGA`, `DES_EMAIL`, `NUM_TOLERANCIA`, `ID_CRITERIO_GENERACION_EXPEDIENTE`, `ID_FACTURACION_CARTERA`, `ID_RESPONSABLE_CARTERA`, `ID_RESPONSABLE_FORMALIZACION`, `ID_RESPONSABLE_SKIP_TRACING`, `ID_TRATAMIENTO_REO`, `ID_RESPONSABLE`) VALUES (34, 1, NULL, NULL, NULL, NULL, NULL, 'SIN CARTERA', 'SIN CARTERA', 'TODOS', NULL, NULL, NULL, NULL, NULL, NULL, NULL, NULL, NULL, NULL);
INSERT INTO `MSTR_CARTERA` (`ID`, `IND_ACTIVO`, `IND_ADMINISTRADA`, `IND_DATOS_CONTABILIDAD`, `IND_DATOS_CORE_BANKING`, `IND_DATOS_JUDICIAL`, `NUM_DIAS_RETRASO_CANCELACION`, `DES_ID_HAYA`, `DES_NOMBRE`, `DES_TIPO_ACTIVOS`, `DES_ID_CARGA`, `DES_EMAIL`, `NUM_TOLERANCIA`, `ID_CRITERIO_GENERACION_EXPEDIENTE`, `ID_FACTURACION_CARTERA`, `ID_RESPONSABLE_CARTERA`, `ID_RESPONSABLE_FORMALIZACION`, `ID_RESPONSABLE_SKIP_TRACING`, `ID_TRATAMIENTO_REO`, `ID_RESPONSABLE`) VALUES (35, 1, NULL, NULL, NULL, NULL, NULL, 'CASER', 'CASER', 'REO', NULL, NULL, NULL, NULL, NULL, NULL, NULL, NULL, NULL, NULL);
INSERT INTO `MSTR_CARTERA` (`ID`, `IND_ACTIVO`, `IND_ADMINISTRADA`, `IND_DATOS_CONTABILIDAD`, `IND_DATOS_CORE_BANKING`, `IND_DATOS_JUDICIAL`, `NUM_DIAS_RETRASO_CANCELACION`, `DES_ID_HAYA`, `DES_NOMBRE`, `DES_TIPO_ACTIVOS`, `DES_ID_CARGA`, `DES_EMAIL`, `NUM_TOLERANCIA`, `ID_CRITERIO_GENERACION_EXPEDIENTE`, `ID_FACTURACION_CARTERA`, `ID_RESPONSABLE_CARTERA`, `ID_RESPONSABLE_FORMALIZACION`, `ID_RESPONSABLE_SKIP_TRACING`, `ID_TRATAMIENTO_REO`, `ID_RESPONSABLE`) VALUES (36, 1, NULL, NULL, NULL, NULL, NULL, 'AGORA', 'AGORA', 'TODOS', NULL, NULL, NULL, NULL, NULL, NULL, NULL, NULL, NULL, NULL);
INSERT INTO `MSTR_CARTERA` (`ID`, `IND_ACTIVO`, `IND_ADMINISTRADA`, `IND_DATOS_CONTABILIDAD`, `IND_DATOS_CORE_BANKING`, `IND_DATOS_JUDICIAL`, `NUM_DIAS_RETRASO_CANCELACION`, `DES_ID_HAYA`, `DES_NOMBRE`, `DES_TIPO_ACTIVOS`, `DES_ID_CARGA`, `DES_EMAIL`, `NUM_TOLERANCIA`, `ID_CRITERIO_GENERACION_EXPEDIENTE`, `ID_FACTURACION_CARTERA`, `ID_RESPONSABLE_CARTERA`, `ID_RESPONSABLE_FORMALIZACION`, `ID_RESPONSABLE_SKIP_TRACING`, `ID_TRATAMIENTO_REO`, `ID_RESPONSABLE`) VALUES (37, 1, NULL, NULL, NULL, NULL, NULL, 'POSTVENTA', 'POSTVENTA LIBERBANK', 'REO', NULL, NULL, NULL, NULL, NULL, NULL, NULL, NULL, NULL, NULL);
INSERT INTO `MSTR_CARTERA` (`ID`, `IND_ACTIVO`, `IND_ADMINISTRADA`, `IND_DATOS_CONTABILIDAD`, `IND_DATOS_CORE_BANKING`, `IND_DATOS_JUDICIAL`, `NUM_DIAS_RETRASO_CANCELACION`, `DES_ID_HAYA`, `DES_NOMBRE`, `DES_TIPO_ACTIVOS`, `DES_ID_CARGA`, `DES_EMAIL`, `NUM_TOLERANCIA`, `ID_CRITERIO_GENERACION_EXPEDIENTE`, `ID_FACTURACION_CARTERA`, `ID_RESPONSABLE_CARTERA`, `ID_RESPONSABLE_FORMALIZACION`, `ID_RESPONSABLE_SKIP_TRACING`, `ID_TRATAMIENTO_REO`, `ID_RESPONSABLE`) VALUES (38, 1, NULL, NULL, NULL, NULL, NULL, 'APPLE', 'APPLE', 'REO', NULL, NULL, NULL, NULL, NULL, NULL, NULL, NULL, NULL, NULL);
INSERT INTO `MSTR_CARTERA` (`ID`, `IND_ACTIVO`, `IND_ADMINISTRADA`, `IND_DATOS_CONTABILIDAD`, `IND_DATOS_CORE_BANKING`, `IND_DATOS_JUDICIAL`, `NUM_DIAS_RETRASO_CANCELACION`, `DES_ID_HAYA`, `DES_NOMBRE`, `DES_TIPO_ACTIVOS`, `DES_ID_CARGA`, `DES_EMAIL`, `NUM_TOLERANCIA`, `ID_CRITERIO_GENERACION_EXPEDIENTE`, `ID_FACTURACION_CARTERA`, `ID_RESPONSABLE_CARTERA`, `ID_RESPONSABLE_FORMALIZACION`, `ID_RESPONSABLE_SKIP_TRACING`, `ID_TRATAMIENTO_REO`, `ID_RESPONSABLE`) VALUES (39, 1, NULL, NULL, NULL, NULL, NULL, 'APPLE', 'APPLE', 'REO', NULL, NULL, NULL, NULL, NULL, NULL, NULL, NULL, NULL, NULL);
INSERT INTO `MSTR_CARTERA` (`ID`, `IND_ACTIVO`, `IND_ADMINISTRADA`, `IND_DATOS_CONTABILIDAD`, `IND_DATOS_CORE_BANKING`, `IND_DATOS_JUDICIAL`, `NUM_DIAS_RETRASO_CANCELACION`, `DES_ID_HAYA`, `DES_NOMBRE`, `DES_TIPO_ACTIVOS`, `DES_ID_CARGA`, `DES_EMAIL`, `NUM_TOLERANCIA`, `ID_CRITERIO_GENERACION_EXPEDIENTE`, `ID_FACTURACION_CARTERA`, `ID_RESPONSABLE_CARTERA`, `ID_RESPONSABLE_FORMALIZACION`, `ID_RESPONSABLE_SKIP_TRACING`, `ID_TRATAMIENTO_REO`, `ID_RESPONSABLE`) VALUES (40, 1, NULL, NULL, NULL, NULL, NULL, 'MERIDIAN', 'MERIDIAN', 'TODOS', NULL, NULL, NULL, NULL, NULL, NULL, NULL, NULL, NULL, NULL);
INSERT INTO `MSTR_CARTERA` (`ID`, `IND_ACTIVO`, `IND_ADMINISTRADA`, `IND_DATOS_CONTABILIDAD`, `IND_DATOS_CORE_BANKING`, `IND_DATOS_JUDICIAL`, `NUM_DIAS_RETRASO_CANCELACION`, `DES_ID_HAYA`, `DES_NOMBRE`, `DES_TIPO_ACTIVOS`, `DES_ID_CARGA`, `DES_EMAIL`, `NUM_TOLERANCIA`, `ID_CRITERIO_GENERACION_EXPEDIENTE`, `ID_FACTURACION_CARTERA`, `ID_RESPONSABLE_CARTERA`, `ID_RESPONSABLE_FORMALIZACION`, `ID_RESPONSABLE_SKIP_TRACING`, `ID_TRATAMIENTO_REO`, `ID_RESPONSABLE`) VALUES (41, 1, NULL, NULL, NULL, NULL, NULL, 'DIVARIAN', 'DIVARIAN', 'REO', NULL, NULL, NULL, NULL, NULL, NULL, NULL, NULL, NULL, NULL);
INSERT INTO `MSTR_CARTERA` (`ID`, `IND_ACTIVO`, `IND_ADMINISTRADA`, `IND_DATOS_CONTABILIDAD`, `IND_DATOS_CORE_BANKING`, `IND_DATOS_JUDICIAL`, `NUM_DIAS_RETRASO_CANCELACION`, `DES_ID_HAYA`, `DES_NOMBRE`, `DES_TIPO_ACTIVOS`, `DES_ID_CARGA`, `DES_EMAIL`, `NUM_TOLERANCIA`, `ID_CRITERIO_GENERACION_EXPEDIENTE`, `ID_FACTURACION_CARTERA`, `ID_RESPONSABLE_CARTERA`, `ID_RESPONSABLE_FORMALIZACION`, `ID_RESPONSABLE_SKIP_TRACING`, `ID_TRATAMIENTO_REO`, `ID_RESPONSABLE`) VALUES (42, 1, NULL, NULL, NULL, NULL, NULL, 'OMEGA', 'OMEGA', 'REO', NULL, NULL, NULL, NULL, NULL, NULL, NULL, NULL, NULL, NULL);
INSERT INTO `MSTR_CARTERA` (`ID`, `IND_ACTIVO`, `IND_ADMINISTRADA`, `IND_DATOS_CONTABILIDAD`, `IND_DATOS_CORE_BANKING`, `IND_DATOS_JUDICIAL`, `NUM_DIAS_RETRASO_CANCELACION`, `DES_ID_HAYA`, `DES_NOMBRE`, `DES_TIPO_ACTIVOS`, `DES_ID_CARGA`, `DES_EMAIL`, `NUM_TOLERANCIA`, `ID_CRITERIO_GENERACION_EXPEDIENTE`, `ID_FACTURACION_CARTERA`, `ID_RESPONSABLE_CARTERA`, `ID_RESPONSABLE_FORMALIZACION`, `ID_RESPONSABLE_SKIP_TRACING`, `ID_TRATAMIENTO_REO`, `ID_RESPONSABLE`) VALUES (43, 1, NULL, NULL, NULL, NULL, NULL, 'BBVA', 'BBVA', 'TODOS', NULL, NULL, NULL, NULL, NULL, NULL, NULL, NULL, NULL, NULL);
INSERT INTO `MSTR_CARTERA` (`ID`, `IND_ACTIVO`, `IND_ADMINISTRADA`, `IND_DATOS_CONTABILIDAD`, `IND_DATOS_CORE_BANKING`, `IND_DATOS_JUDICIAL`, `NUM_DIAS_RETRASO_CANCELACION`, `DES_ID_HAYA`, `DES_NOMBRE`, `DES_TIPO_ACTIVOS`, `DES_ID_CARGA`, `DES_EMAIL`, `NUM_TOLERANCIA`, `ID_CRITERIO_GENERACION_EXPEDIENTE`, `ID_FACTURACION_CARTERA`, `ID_RESPONSABLE_CARTERA`, `ID_RESPONSABLE_FORMALIZACION`, `ID_RESPONSABLE_SKIP_TRACING`, `ID_TRATAMIENTO_REO`, `ID_RESPONSABLE`) VALUES (44, 1, NULL, NULL, NULL, NULL, NULL, 'YUBAI ARES', 'YUBAI ARES', 'TODOS', NULL, NULL, NULL, NULL, NULL, NULL, NULL, NULL, NULL, NULL);
INSERT INTO `MSTR_CARTERA` (`ID`, `IND_ACTIVO`, `IND_ADMINISTRADA`, `IND_DATOS_CONTABILIDAD`, `IND_DATOS_CORE_BANKING`, `IND_DATOS_JUDICIAL`, `NUM_DIAS_RETRASO_CANCELACION`, `DES_ID_HAYA`, `DES_NOMBRE`, `DES_TIPO_ACTIVOS`, `DES_ID_CARGA`, `DES_EMAIL`, `NUM_TOLERANCIA`, `ID_CRITERIO_GENERACION_EXPEDIENTE`, `ID_FACTURACION_CARTERA`, `ID_RESPONSABLE_CARTERA`, `ID_RESPONSABLE_FORMALIZACION`, `ID_RESPONSABLE_SKIP_TRACING`, `ID_TRATAMIENTO_REO`, `ID_RESPONSABLE`) VALUES (45, 1, NULL, NULL, NULL, NULL, NULL, 'YUBAI TORREPACHECO', 'YUBAI TORREPACHECO', 'TODOS', NULL, NULL, NULL, NULL, NULL, NULL, NULL, NULL, NULL, NULL);
INSERT INTO `MSTR_CARTERA` (`ID`, `IND_ACTIVO`, `IND_ADMINISTRADA`, `IND_DATOS_CONTABILIDAD`, `IND_DATOS_CORE_BANKING`, `IND_DATOS_JUDICIAL`, `NUM_DIAS_RETRASO_CANCELACION`, `DES_ID_HAYA`, `DES_NOMBRE`, `DES_TIPO_ACTIVOS`, `DES_ID_CARGA`, `DES_EMAIL`, `NUM_TOLERANCIA`, `ID_CRITERIO_GENERACION_EXPEDIENTE`, `ID_FACTURACION_CARTERA`, `ID_RESPONSABLE_CARTERA`, `ID_RESPONSABLE_FORMALIZACION`, `ID_RESPONSABLE_SKIP_TRACING`, `ID_TRATAMIENTO_REO`, `ID_RESPONSABLE`) VALUES (46, 1, NULL, NULL, NULL, NULL, NULL, 'YUBAI CHICLANA', 'YUBAI CHICLANA', 'TODOS', NULL, NULL, NULL, NULL, NULL, NULL, NULL, NULL, NULL, NULL);
INSERT INTO `MSTR_CARTERA` (`ID`, `IND_ACTIVO`, `IND_ADMINISTRADA`, `IND_DATOS_CONTABILIDAD`, `IND_DATOS_CORE_BANKING`, `IND_DATOS_JUDICIAL`, `NUM_DIAS_RETRASO_CANCELACION`, `DES_ID_HAYA`, `DES_NOMBRE`, `DES_TIPO_ACTIVOS`, `DES_ID_CARGA`, `DES_EMAIL`, `NUM_TOLERANCIA`, `ID_CRITERIO_GENERACION_EXPEDIENTE`, `ID_FACTURACION_CARTERA`, `ID_RESPONSABLE_CARTERA`, `ID_RESPONSABLE_FORMALIZACION`, `ID_RESPONSABLE_SKIP_TRACING`, `ID_TRATAMIENTO_REO`, `ID_RESPONSABLE`) VALUES (47, 1, NULL, NULL, NULL, NULL, NULL, 'YUBAI JEREZ', 'YUBAI JEREZ', 'TODOS', NULL, NULL, NULL, NULL, NULL, NULL, NULL, NULL, NULL, NULL);
INSERT INTO `MSTR_CARTERA` (`ID`, `IND_ACTIVO`, `IND_ADMINISTRADA`, `IND_DATOS_CONTABILIDAD`, `IND_DATOS_CORE_BANKING`, `IND_DATOS_JUDICIAL`, `NUM_DIAS_RETRASO_CANCELACION`, `DES_ID_HAYA`, `DES_NOMBRE`, `DES_TIPO_ACTIVOS`, `DES_ID_CARGA`, `DES_EMAIL`, `NUM_TOLERANCIA`, `ID_CRITERIO_GENERACION_EXPEDIENTE`, `ID_FACTURACION_CARTERA`, `ID_RESPONSABLE_CARTERA`, `ID_RESPONSABLE_FORMALIZACION`, `ID_RESPONSABLE_SKIP_TRACING`, `ID_TRATAMIENTO_REO`, `ID_RESPONSABLE`) VALUES (48, 1, NULL, NULL, NULL, NULL, NULL, 'MAPFRE', 'MAPFRE', 'REO', NULL, NULL, NULL, NULL, NULL, NULL, NULL, NULL, NULL, NULL);
INSERT INTO `MSTR_CARTERA` (`ID`, `IND_ACTIVO`, `IND_ADMINISTRADA`, `IND_DATOS_CONTABILIDAD`, `IND_DATOS_CORE_BANKING`, `IND_DATOS_JUDICIAL`, `NUM_DIAS_RETRASO_CANCELACION`, `DES_ID_HAYA`, `DES_NOMBRE`, `DES_TIPO_ACTIVOS`, `DES_ID_CARGA`, `DES_EMAIL`, `NUM_TOLERANCIA`, `ID_CRITERIO_GENERACION_EXPEDIENTE`, `ID_FACTURACION_CARTERA`, `ID_RESPONSABLE_CARTERA`, `ID_RESPONSABLE_FORMALIZACION`, `ID_RESPONSABLE_SKIP_TRACING`, `ID_TRATAMIENTO_REO`, `ID_RESPONSABLE`) VALUES (49, 1, NULL, NULL, NULL, NULL, NULL, 'OCTOBER', 'OCTOBER', 'REO', NULL, NULL, NULL, NULL, NULL, NULL, NULL, NULL, NULL, NULL);
INSERT INTO `MSTR_CARTERA` (`ID`, `IND_ACTIVO`, `IND_ADMINISTRADA`, `IND_DATOS_CONTABILIDAD`, `IND_DATOS_CORE_BANKING`, `IND_DATOS_JUDICIAL`, `NUM_DIAS_RETRASO_CANCELACION`, `DES_ID_HAYA`, `DES_NOMBRE`, `DES_TIPO_ACTIVOS`, `DES_ID_CARGA`, `DES_EMAIL`, `NUM_TOLERANCIA`, `ID_CRITERIO_GENERACION_EXPEDIENTE`, `ID_FACTURACION_CARTERA`, `ID_RESPONSABLE_CARTERA`, `ID_RESPONSABLE_FORMALIZACION`, `ID_RESPONSABLE_SKIP_TRACING`, `ID_TRATAMIENTO_REO`, `ID_RESPONSABLE`) VALUES (50, 1, NULL, NULL, NULL, NULL, NULL, 'BANKIA LEASEBACK', 'BANKIA LEASEBACK', 'REO', NULL, NULL, NULL, NULL, NULL, NULL, NULL, NULL, NULL, NULL);
INSERT INTO `MSTR_CARTERA` (`ID`, `IND_ACTIVO`, `IND_ADMINISTRADA`, `IND_DATOS_CONTABILIDAD`, `IND_DATOS_CORE_BANKING`, `IND_DATOS_JUDICIAL`, `NUM_DIAS_RETRASO_CANCELACION`, `DES_ID_HAYA`, `DES_NOMBRE`, `DES_TIPO_ACTIVOS`, `DES_ID_CARGA`, `DES_EMAIL`, `NUM_TOLERANCIA`, `ID_CRITERIO_GENERACION_EXPEDIENTE`, `ID_FACTURACION_CARTERA`, `ID_RESPONSABLE_CARTERA`, `ID_RESPONSABLE_FORMALIZACION`, `ID_RESPONSABLE_SKIP_TRACING`, `ID_TRATAMIENTO_REO`, `ID_RESPONSABLE`) VALUES (51, 1, NULL, NULL, NULL, NULL, NULL, 'ONE TO ONE', 'ONE TO ONE', 'REO', NULL, NULL, NULL, NULL, NULL, NULL, NULL, NULL, NULL, NULL);

INSERT INTO `RELA_CLIENTE_CARTERA` (`ID`, `DES_CIA_FACTURACION`, `DES_PROPIEDAD_CARTERA`, `DES_DOCUMENTO_CIA_FACTURACION`, `DES_ID_HAYA`, `ID_CARTERA`, `ID_CLIENTE`) VALUES (1, 'BANKIA', 'BANKIA', 'A14010342', 1, 1, 1);
INSERT INTO `RELA_CLIENTE_CARTERA` (`ID`, `DES_CIA_FACTURACION`, `DES_PROPIEDAD_CARTERA`, `DES_DOCUMENTO_CIA_FACTURACION`, `DES_ID_HAYA`, `ID_CARTERA`, `ID_CLIENTE`) VALUES (2, 'CAJAMAR', 'CAJAMAR', 'F04743175', 2, 2, 4);
INSERT INTO `RELA_CLIENTE_CARTERA` (`ID`, `DES_CIA_FACTURACION`, `DES_PROPIEDAD_CARTERA`, `DES_DOCUMENTO_CIA_FACTURACION`, `DES_ID_HAYA`, `ID_CARTERA`, `ID_CLIENTE`) VALUES (3, 'SAREB', 'SAREB', 'A86602158', 3, 3, 26);
INSERT INTO `RELA_CLIENTE_CARTERA` (`ID`, `DES_CIA_FACTURACION`, `DES_PROPIEDAD_CARTERA`, `DES_DOCUMENTO_CIA_FACTURACION`, `DES_ID_HAYA`, `ID_CARTERA`, `ID_CLIENTE`) VALUES (4, 'CERBERUS', 'CERBERUS', 'NULL', 4, 4, 6);
INSERT INTO `RELA_CLIENTE_CARTERA` (`ID`, `DES_CIA_FACTURACION`, `DES_PROPIEDAD_CARTERA`, `DES_DOCUMENTO_CIA_FACTURACION`, `DES_ID_HAYA`, `ID_CARTERA`, `ID_CLIENTE`) VALUES (5, 'PROMONTORIA HOLDING 140 BV', 'PROMONTORIA HOLDING 140 BV', 'N003224J', 5, 5, 13);
INSERT INTO `RELA_CLIENTE_CARTERA` (`ID`, `DES_CIA_FACTURACION`, `DES_PROPIEDAD_CARTERA`, `DES_DOCUMENTO_CIA_FACTURACION`, `DES_ID_HAYA`, `ID_CARTERA`, `ID_CLIENTE`) VALUES (6, 'PROMONTORIA HOLDING 140 BV', 'PROMONTORIA HOLDING 140 BV', 'N003224J', 6, 6, 13);
INSERT INTO `RELA_CLIENTE_CARTERA` (`ID`, `DES_CIA_FACTURACION`, `DES_PROPIEDAD_CARTERA`, `DES_DOCUMENTO_CIA_FACTURACION`, `DES_ID_HAYA`, `ID_CARTERA`, `ID_CLIENTE`) VALUES (7, 'PROMONTORIA JAIPUR SLU', 'PROMONTORIA JAIPUR SLU', 'B87850194', 7, 7, 13);
INSERT INTO `RELA_CLIENTE_CARTERA` (`ID`, `DES_CIA_FACTURACION`, `DES_PROPIEDAD_CARTERA`, `DES_DOCUMENTO_CIA_FACTURACION`, `DES_ID_HAYA`, `ID_CARTERA`, `ID_CLIENTE`) VALUES (8, 'ZEUS PORTFOLIO INVESTMENT 1 SL', 'ZEUS PORTFOLIO INVESTMENT 1 SL', 'B66909649', 8, 8, 9);
INSERT INTO `RELA_CLIENTE_CARTERA` (`ID`, `DES_CIA_FACTURACION`, `DES_PROPIEDAD_CARTERA`, `DES_DOCUMENTO_CIA_FACTURACION`, `DES_ID_HAYA`, `ID_CARTERA`, `ID_CLIENTE`) VALUES (9, 'ZEUS PORTFOLIO INVESTMENT 1 SL', 'ZEUS PORTFOLIO INVESTMENT 1 SL', 'B66909649', 9, 9, 9);
INSERT INTO `RELA_CLIENTE_CARTERA` (`ID`, `DES_CIA_FACTURACION`, `DES_PROPIEDAD_CARTERA`, `DES_DOCUMENTO_CIA_FACTURACION`, `DES_ID_HAYA`, `ID_CARTERA`, `ID_CLIENTE`) VALUES (10, 'ZEUS REAL STATE INVESTMENT 1 SL', 'ZEUS REAL STATE INVESTMENT 1 SL', 'B87779518', 10, 10, 9);
INSERT INTO `RELA_CLIENTE_CARTERA` (`ID`, `DES_CIA_FACTURACION`, `DES_PROPIEDAD_CARTERA`, `DES_DOCUMENTO_CIA_FACTURACION`, `DES_ID_HAYA`, `ID_CARTERA`, `ID_CLIENTE`) VALUES (11, 'PROMONTORIA HOLDING 227 BV', 'PROMONTORIA HOLDING 227 BV', 'N0030470I', 11, 11, 23);
INSERT INTO `RELA_CLIENTE_CARTERA` (`ID`, `DES_CIA_FACTURACION`, `DES_PROPIEDAD_CARTERA`, `DES_DOCUMENTO_CIA_FACTURACION`, `DES_ID_HAYA`, `ID_CARTERA`, `ID_CLIENTE`) VALUES (12, 'PROMONTORIA HOLDING 227 BV', 'PROMONTORIA HOLDING 227 BV', 'N0030470I', 12, 12, 23);
INSERT INTO `RELA_CLIENTE_CARTERA` (`ID`, `DES_CIA_FACTURACION`, `DES_PROPIEDAD_CARTERA`, `DES_DOCUMENTO_CIA_FACTURACION`, `DES_ID_HAYA`, `ID_CARTERA`, `ID_CLIENTE`) VALUES (13, 'PROMONTORIA EGEO SLU.', 'PROMONTORIA EGEO SLU.', 'B87805370', 13, 13, 23);
INSERT INTO `RELA_CLIENTE_CARTERA` (`ID`, `DES_CIA_FACTURACION`, `DES_PROPIEDAD_CARTERA`, `DES_DOCUMENTO_CIA_FACTURACION`, `DES_ID_HAYA`, `ID_CARTERA`, `ID_CLIENTE`) VALUES (14, 'G-GIANTS HOLDCO, S.L.U.', 'G-GIANTS HOLDCO, S.L.U.', 'B88001102', 14, 14, 10);
INSERT INTO `RELA_CLIENTE_CARTERA` (`ID`, `DES_CIA_FACTURACION`, `DES_PROPIEDAD_CARTERA`, `DES_DOCUMENTO_CIA_FACTURACION`, `DES_ID_HAYA`, `ID_CARTERA`, `ID_CLIENTE`) VALUES (15, 'G-GIANTS HOLDCO, S.L.U.', 'G-GIANTS HOLDCO, S.L.U.', 'B88001102', 15, 15, 10);
INSERT INTO `RELA_CLIENTE_CARTERA` (`ID`, `DES_CIA_FACTURACION`, `DES_PROPIEDAD_CARTERA`, `DES_DOCUMENTO_CIA_FACTURACION`, `DES_ID_HAYA`, `ID_CARTERA`, `ID_CLIENTE`) VALUES (16, 'G-GIANTS REO I, S.L.U.', 'G-GIANTS REO I, S.L.U.', 'B88001094', 16, 16, 10);
INSERT INTO `RELA_CLIENTE_CARTERA` (`ID`, `DES_CIA_FACTURACION`, `DES_PROPIEDAD_CARTERA`, `DES_DOCUMENTO_CIA_FACTURACION`, `DES_ID_HAYA`, `ID_CARTERA`, `ID_CLIENTE`) VALUES (17, 'G-GIANTS REO II, S.L.U.', 'G-GIANTS REO II, S.L.U.', 'B88001078', 17, 17, 10);
INSERT INTO `RELA_CLIENTE_CARTERA` (`ID`, `DES_CIA_FACTURACION`, `DES_PROPIEDAD_CARTERA`, `DES_DOCUMENTO_CIA_FACTURACION`, `DES_ID_HAYA`, `ID_CARTERA`, `ID_CLIENTE`) VALUES (18, 'G-GIANTS REO III, S.L.U.', 'G-GIANTS REO III, S.L.U.', 'B88001060', 18, 18, 10);
INSERT INTO `RELA_CLIENTE_CARTERA` (`ID`, `DES_CIA_FACTURACION`, `DES_PROPIEDAD_CARTERA`, `DES_DOCUMENTO_CIA_FACTURACION`, `DES_ID_HAYA`, `ID_CARTERA`, `ID_CLIENTE`) VALUES (19, 'G-GIANTS REO IV, S.L.U.', 'G-GIANTS REO IV, S.L.U.', 'B88001029', 19, 19, 10);
INSERT INTO `RELA_CLIENTE_CARTERA` (`ID`, `DES_CIA_FACTURACION`, `DES_PROPIEDAD_CARTERA`, `DES_DOCUMENTO_CIA_FACTURACION`, `DES_ID_HAYA`, `ID_CARTERA`, `ID_CLIENTE`) VALUES (20, 'HAYA TITULIZACION', 'HAYA TITULIZACION', 'NULL', 20, 20, 11);
INSERT INTO `RELA_CLIENTE_CARTERA` (`ID`, `DES_CIA_FACTURACION`, `DES_PROPIEDAD_CARTERA`, `DES_DOCUMENTO_CIA_FACTURACION`, `DES_ID_HAYA`, `ID_CARTERA`, `ID_CLIENTE`) VALUES (21, 'HAYA TITULIZACION', 'HAYA TITULIZACION', 'NULL', 21, 21, 11);
INSERT INTO `RELA_CLIENTE_CARTERA` (`ID`, `DES_CIA_FACTURACION`, `DES_PROPIEDAD_CARTERA`, `DES_DOCUMENTO_CIA_FACTURACION`, `DES_ID_HAYA`, `ID_CARTERA`, `ID_CLIENTE`) VALUES (22, 'ING', 'ING', 'NULL', 22, 22, 12);
INSERT INTO `RELA_CLIENTE_CARTERA` (`ID`, `DES_CIA_FACTURACION`, `DES_PROPIEDAD_CARTERA`, `DES_DOCUMENTO_CIA_FACTURACION`, `DES_ID_HAYA`, `ID_CARTERA`, `ID_CLIENTE`) VALUES (23, 'LIBERBANK', 'LIBERBANK', 'A86201993', 23, 23, 15);
INSERT INTO `RELA_CLIENTE_CARTERA` (`ID`, `DES_CIA_FACTURACION`, `DES_PROPIEDAD_CARTERA`, `DES_DOCUMENTO_CIA_FACTURACION`, `DES_ID_HAYA`, `ID_CARTERA`, `ID_CLIENTE`) VALUES (24, 'LIBERBANK', 'LIBERBANK', 'A86201993', 24, 24, 15);
INSERT INTO `RELA_CLIENTE_CARTERA` (`ID`, `DES_CIA_FACTURACION`, `DES_PROPIEDAD_CARTERA`, `DES_DOCUMENTO_CIA_FACTURACION`, `DES_ID_HAYA`, `ID_CARTERA`, `ID_CLIENTE`) VALUES (25, 'OTRAS CARTERAS', 'OTRAS CARTERAS', 'NULL', 25, 25, 20);
INSERT INTO `RELA_CLIENTE_CARTERA` (`ID`, `DES_CIA_FACTURACION`, `DES_PROPIEDAD_CARTERA`, `DES_DOCUMENTO_CIA_FACTURACION`, `DES_ID_HAYA`, `ID_CARTERA`, `ID_CLIENTE`) VALUES (26, 'PARTICULARES', 'PARTICULARES', 'NULL', 26, 26, 22);
INSERT INTO `RELA_CLIENTE_CARTERA` (`ID`, `DES_CIA_FACTURACION`, `DES_PROPIEDAD_CARTERA`, `DES_DOCUMENTO_CIA_FACTURACION`, `DES_ID_HAYA`, `ID_CARTERA`, `ID_CLIENTE`) VALUES (27, 'SOLVIA', 'SOLVIA', 'NULL', 27, 27, 27);
INSERT INTO `RELA_CLIENTE_CARTERA` (`ID`, `DES_CIA_FACTURACION`, `DES_PROPIEDAD_CARTERA`, `DES_DOCUMENTO_CIA_FACTURACION`, `DES_ID_HAYA`, `ID_CARTERA`, `ID_CLIENTE`) VALUES (28, 'BLUE EARTH INVEST, S.L', 'BLUE EARTH INVEST, S.L', 'B87684874', 28, 28, 28);
INSERT INTO `RELA_CLIENTE_CARTERA` (`ID`, `DES_CIA_FACTURACION`, `DES_PROPIEDAD_CARTERA`, `DES_DOCUMENTO_CIA_FACTURACION`, `DES_ID_HAYA`, `ID_CARTERA`, `ID_CLIENTE`) VALUES (29, 'TIFIOS, S.L.', 'TIFIOS, S.L.', 'B87616496', 29, 29, 28);
INSERT INTO `RELA_CLIENTE_CARTERA` (`ID`, `DES_CIA_FACTURACION`, `DES_PROPIEDAD_CARTERA`, `DES_DOCUMENTO_CIA_FACTURACION`, `DES_ID_HAYA`, `ID_CARTERA`, `ID_CLIENTE`) VALUES (30, 'LCM PARTNERS', 'LCM PARTNERS', 'N0038834H', 30, 30, 14);
INSERT INTO `RELA_CLIENTE_CARTERA` (`ID`, `DES_CIA_FACTURACION`, `DES_PROPIEDAD_CARTERA`, `DES_DOCUMENTO_CIA_FACTURACION`, `DES_ID_HAYA`, `ID_CARTERA`, `ID_CLIENTE`) VALUES (31, 'LCM PARTNERS', 'LCM PARTNERS', 'N0038834H', 31, 31, 14);
INSERT INTO `RELA_CLIENTE_CARTERA` (`ID`, `DES_CIA_FACTURACION`, `DES_PROPIEDAD_CARTERA`, `DES_DOCUMENTO_CIA_FACTURACION`, `DES_ID_HAYA`, `ID_CARTERA`, `ID_CLIENTE`) VALUES (32, 'LCM PARTNERS', 'LCM PARTNERS', 'B87872156', 32, 32, 14);
INSERT INTO `RELA_CLIENTE_CARTERA` (`ID`, `DES_CIA_FACTURACION`, `DES_PROPIEDAD_CARTERA`, `DES_DOCUMENTO_CIA_FACTURACION`, `DES_ID_HAYA`, `ID_CARTERA`, `ID_CLIENTE`) VALUES (33, 'BANKIA', 'BANKIA', 'NULL', 33, 33, 1);
INSERT INTO `RELA_CLIENTE_CARTERA` (`ID`, `DES_CIA_FACTURACION`, `DES_PROPIEDAD_CARTERA`, `DES_DOCUMENTO_CIA_FACTURACION`, `DES_ID_HAYA`, `ID_CARTERA`, `ID_CLIENTE`) VALUES (34, 'SIN CARTERA', 'SIN CARTERA', 'SIN CARTERA', 36, 34, 7);
INSERT INTO `RELA_CLIENTE_CARTERA` (`ID`, `DES_CIA_FACTURACION`, `DES_PROPIEDAD_CARTERA`, `DES_DOCUMENTO_CIA_FACTURACION`, `DES_ID_HAYA`, `ID_CARTERA`, `ID_CLIENTE`) VALUES (35, 'ARRIENDA GESTION SA', 'ARRIENDA GESTION SA', 'A88044276', 37, 35, 5);
INSERT INTO `RELA_CLIENTE_CARTERA` (`ID`, `DES_CIA_FACTURACION`, `DES_PROPIEDAD_CARTERA`, `DES_DOCUMENTO_CIA_FACTURACION`, `DES_ID_HAYA`, `ID_CARTERA`, `ID_CLIENTE`) VALUES (36, 'PROMONTORIA HOLDING 236', 'PROMONTORIA HOLDING 236', 'N0030919E', 38, 36, 24);
INSERT INTO `RELA_CLIENTE_CARTERA` (`ID`, `DES_CIA_FACTURACION`, `DES_PROPIEDAD_CARTERA`, `DES_DOCUMENTO_CIA_FACTURACION`, `DES_ID_HAYA`, `ID_CARTERA`, `ID_CLIENTE`) VALUES (37, 'LIBERBANK', 'LIBERBANK', 'A86201993', 40, 37, 15);
INSERT INTO `RELA_CLIENTE_CARTERA` (`ID`, `DES_CIA_FACTURACION`, `DES_PROPIEDAD_CARTERA`, `DES_DOCUMENTO_CIA_FACTURACION`, `DES_ID_HAYA`, `ID_CARTERA`, `ID_CLIENTE`) VALUES (38, 'GLOBAL LICATA SA', 'GLOBAL LICATA SA', 'A88203542', 41, 38, 16);
INSERT INTO `RELA_CLIENTE_CARTERA` (`ID`, `DES_CIA_FACTURACION`, `DES_PROPIEDAD_CARTERA`, `DES_DOCUMENTO_CIA_FACTURACION`, `DES_ID_HAYA`, `ID_CARTERA`, `ID_CLIENTE`) VALUES (39, 'GLOBAL PANTELARIA SA', 'GLOBAL PANTELARIA SA', 'A88203534', 42, 39, 21);
INSERT INTO `RELA_CLIENTE_CARTERA` (`ID`, `DES_CIA_FACTURACION`, `DES_PROPIEDAD_CARTERA`, `DES_DOCUMENTO_CIA_FACTURACION`, `DES_ID_HAYA`, `ID_CARTERA`, `ID_CLIENTE`) VALUES (40, 'MERIDIAN', 'MERIDIAN', 'NULL', 43, 40, 18);
INSERT INTO `RELA_CLIENTE_CARTERA` (`ID`, `DES_CIA_FACTURACION`, `DES_PROPIEDAD_CARTERA`, `DES_DOCUMENTO_CIA_FACTURACION`, `DES_ID_HAYA`, `ID_CARTERA`, `ID_CLIENTE`) VALUES (41, 'DIVARIAN PROPIEDAD, S.A.', 'DIVARIAN PROPIEDAD, S.A.', 'A81036501', 44, 41, 8);
INSERT INTO `RELA_CLIENTE_CARTERA` (`ID`, `DES_CIA_FACTURACION`, `DES_PROPIEDAD_CARTERA`, `DES_DOCUMENTO_CIA_FACTURACION`, `DES_ID_HAYA`, `ID_CARTERA`, `ID_CLIENTE`) VALUES (42, 'PROMONTORIA OMEGA, S.L.', 'PROMONTORIA OMEGA, S.L.', 'B88203708', 45, 42, 25);
INSERT INTO `RELA_CLIENTE_CARTERA` (`ID`, `DES_CIA_FACTURACION`, `DES_PROPIEDAD_CARTERA`, `DES_DOCUMENTO_CIA_FACTURACION`, `DES_ID_HAYA`, `ID_CARTERA`, `ID_CLIENTE`) VALUES (43, 'BBVA', 'BBVA', 'A48265169', 46, 43, 3);
INSERT INTO `RELA_CLIENTE_CARTERA` (`ID`, `DES_CIA_FACTURACION`, `DES_PROPIEDAD_CARTERA`, `DES_DOCUMENTO_CIA_FACTURACION`, `DES_ID_HAYA`, `ID_CARTERA`, `ID_CLIENTE`) VALUES (44, 'ICE MRNW ARES I', 'ICE MRNW ARES I', 'B88384763', 47, 44, 29);
INSERT INTO `RELA_CLIENTE_CARTERA` (`ID`, `DES_CIA_FACTURACION`, `DES_PROPIEDAD_CARTERA`, `DES_DOCUMENTO_CIA_FACTURACION`, `DES_ID_HAYA`, `ID_CARTERA`, `ID_CLIENTE`) VALUES (45, 'ICE MRNW TORREPACHECO', 'ICE MRNW TORREPACHECO', 'B88384904', 48, 45, 29);
INSERT INTO `RELA_CLIENTE_CARTERA` (`ID`, `DES_CIA_FACTURACION`, `DES_PROPIEDAD_CARTERA`, `DES_DOCUMENTO_CIA_FACTURACION`, `DES_ID_HAYA`, `ID_CARTERA`, `ID_CLIENTE`) VALUES (46, 'ICE MRNW CHICLANA', 'ICE MRNW CHICLANA', 'B88384789', 49, 46, 29);
INSERT INTO `RELA_CLIENTE_CARTERA` (`ID`, `DES_CIA_FACTURACION`, `DES_PROPIEDAD_CARTERA`, `DES_DOCUMENTO_CIA_FACTURACION`, `DES_ID_HAYA`, `ID_CARTERA`, `ID_CLIENTE`) VALUES (47, 'ICE MRNW JERZ', 'ICE MRNW JERZ', 'B88384839', 50, 47, 29);
INSERT INTO `RELA_CLIENTE_CARTERA` (`ID`, `DES_CIA_FACTURACION`, `DES_PROPIEDAD_CARTERA`, `DES_DOCUMENTO_CIA_FACTURACION`, `DES_ID_HAYA`, `ID_CARTERA`, `ID_CLIENTE`) VALUES (48, 'MAPFRE ESPAÑA, S.A.', 'MAPFRE ESPAÑA, S.A.', 'A28141935', 51, 48, 17);
INSERT INTO `RELA_CLIENTE_CARTERA` (`ID`, `DES_CIA_FACTURACION`, `DES_PROPIEDAD_CARTERA`, `DES_DOCUMENTO_CIA_FACTURACION`, `DES_ID_HAYA`, `ID_CARTERA`, `ID_CLIENTE`) VALUES (49, 'BANKIA', 'BANKIA', 'A14010342', 52, 49, 1);
INSERT INTO `RELA_CLIENTE_CARTERA` (`ID`, `DES_CIA_FACTURACION`, `DES_PROPIEDAD_CARTERA`, `DES_DOCUMENTO_CIA_FACTURACION`, `DES_ID_HAYA`, `ID_CARTERA`, `ID_CLIENTE`) VALUES (50, 'BANKIA', 'BANKIA', 'A14010342', 53, 50, 2);
INSERT INTO `RELA_CLIENTE_CARTERA` (`ID`, `DES_CIA_FACTURACION`, `DES_PROPIEDAD_CARTERA`, `DES_DOCUMENTO_CIA_FACTURACION`, `DES_ID_HAYA`, `ID_CARTERA`, `ID_CLIENTE`) VALUES (51, 'PROMONTORIA MACC 1X1 SOCIMI S.A.', 'PROMONTORIA MACC 1X1 SOCIMI S.A.', 'A88534359', 54, 51, 19);
