INSERT INTO `LKUP_OPCION_PERMISO` (`ID`, `IND_ACTIVO`, `DES_CODIGO`, `DES_VALOR`) VALUES (1, 1, 'LEC', 'Lectura');
INSERT INTO `LKUP_OPCION_PERMISO` (`ID`, `IND_ACTIVO`, `DES_CODIGO`, `DES_VALOR`) VALUES (2, 1, 'ALT', 'Alta');
INSERT INTO `LKUP_OPCION_PERMISO` (`ID`, `IND_ACTIVO`, `DES_CODIGO`, `DES_VALOR`) VALUES (3, 1, 'EDI', 'Edicion');
INSERT INTO `LKUP_OPCION_PERMISO` (`ID`, `IND_ACTIVO`, `DES_CODIGO`, `DES_VALOR`) VALUES (4, 1, 'DES', 'Descargas');
INSERT INTO `LKUP_OPCION_PERMISO` (`ID`, `IND_ACTIVO`, `DES_CODIGO`, `DES_VALOR`) VALUES (5, 1, 'HIS', 'Historico');
INSERT INTO `LKUP_OPCION_PERMISO` (`ID`, `IND_ACTIVO`, `DES_CODIGO`, `DES_VALOR`) VALUES (6, 1, 'FOR', 'Formulario');
INSERT INTO `LKUP_OPCION_PERMISO` (`ID`, `IND_ACTIVO`, `DES_CODIGO`, `DES_VALOR`) VALUES (7, 1, 'P_N', 'Posesión Negociada');
INSERT INTO `LKUP_OPCION_PERMISO` (`ID`, `IND_ACTIVO`, `DES_CODIGO`, `DES_VALOR`) VALUES (8, 1, 'CAR', 'Carga');
INSERT INTO `LKUP_OPCION_PERMISO` (`ID`, `IND_ACTIVO`, `DES_CODIGO`, `DES_VALOR`) VALUES (9, 1, 'NET', 'Neteo');
INSERT INTO `LKUP_OPCION_PERMISO` (`ID`, `IND_ACTIVO`, `DES_CODIGO`, `DES_VALOR`) VALUES (10, 1, 'JUD', 'Judicializar');
INSERT INTO `LKUP_OPCION_PERMISO` (`ID`, `IND_ACTIVO`, `DES_CODIGO`, `DES_VALOR`) VALUES (11, 1, 'E_P', 'Elevación Propuestas');
INSERT INTO `LKUP_OPCION_PERMISO` (`ID`, `IND_ACTIVO`, `DES_CODIGO`, `DES_VALOR`) VALUES (12, 1, 'EDF', 'Envio Documentación Firma');
INSERT INTO `LKUP_OPCION_PERMISO` (`ID`, `IND_ACTIVO`, `DES_CODIGO`, `DES_VALOR`) VALUES (13, 1, 'R_E', 'Reasignacion Expediente');
INSERT INTO `LKUP_OPCION_PERMISO` (`ID`, `IND_ACTIVO`, `DES_CODIGO`, `DES_VALOR`) VALUES (14, 1, 'A_E', 'Actualizacion Estrategia');
INSERT INTO `LKUP_OPCION_PERMISO` (`ID`, `IND_ACTIVO`, `DES_CODIGO`, `DES_VALOR`) VALUES (15, 1, 'H_G', 'Historico Gestor');
INSERT INTO `LKUP_OPCION_PERMISO` (`ID`, `IND_ACTIVO`, `DES_CODIGO`, `DES_VALOR`) VALUES (16, 1, 'ELE', 'Elevacion');
INSERT INTO `LKUP_OPCION_PERMISO` (`ID`, `IND_ACTIVO`, `DES_CODIGO`, `DES_VALOR`) VALUES (17, 1, 'A_M', 'Alta Masiva');
INSERT INTO `LKUP_OPCION_PERMISO` (`ID`, `IND_ACTIVO`, `DES_CODIGO`, `DES_VALOR`) VALUES (18, 1, 'IMP', 'Importar');
INSERT INTO `LKUP_OPCION_PERMISO` (`ID`, `IND_ACTIVO`, `DES_CODIGO`, `DES_VALOR`) VALUES (19, 1, 'INF', 'Informa');
INSERT INTO `LKUP_OPCION_PERMISO` (`ID`, `IND_ACTIVO`, `DES_CODIGO`, `DES_VALOR`) VALUES (20, 1, 'CAT', 'Catastro');
INSERT INTO `LKUP_OPCION_PERMISO` (`ID`, `IND_ACTIVO`, `DES_CODIGO`, `DES_VALOR`) VALUES (21, 1, 'N_S', 'Nota Simple');
INSERT INTO `LKUP_OPCION_PERMISO` (`ID`, `IND_ACTIVO`, `DES_CODIGO`, `DES_VALOR`) VALUES (22, 1, 'REC', 'Recovery');
INSERT INTO `LKUP_OPCION_PERMISO` (`ID`, `IND_ACTIVO`, `DES_CODIGO`, `DES_VALOR`) VALUES (23, 1, 'DWH', 'DWH');
INSERT INTO `LKUP_OPCION_PERMISO` (`ID`, `IND_ACTIVO`, `DES_CODIGO`, `DES_VALOR`) VALUES (24, 1, 'HAY', 'Haya');
INSERT INTO `LKUP_OPCION_PERMISO` (`ID`, `IND_ACTIVO`, `DES_CODIGO`, `DES_VALOR`) VALUES (25, 1, 'SMS', 'SMS');
INSERT INTO `LKUP_OPCION_PERMISO` (`ID`, `IND_ACTIVO`, `DES_CODIGO`, `DES_VALOR`) VALUES (26, 1, 'EMA', 'Email');
INSERT INTO `LKUP_OPCION_PERMISO` (`ID`, `IND_ACTIVO`, `DES_CODIGO`, `DES_VALOR`) VALUES (27, 1, 'C_P', 'Carta Postal');
INSERT INTO `LKUP_OPCION_PERMISO` (`ID`, `IND_ACTIVO`, `DES_CODIGO`, `DES_VALOR`) VALUES (28, 1, 'BUR', 'Burofax');
INSERT INTO `LKUP_OPCION_PERMISO` (`ID`, `IND_ACTIVO`, `DES_CODIGO`, `DES_VALOR`) VALUES (29, 1, 'WHA', 'Whatsapp');
INSERT INTO `LKUP_OPCION_PERMISO` (`ID`, `IND_ACTIVO`, `DES_CODIGO`, `DES_VALOR`) VALUES (30, 1, 'FIR', 'Firma');

INSERT INTO `LKUP_PERMISO` (`ID`, `IND_ACTIVO`, `DES_CODIGO`, `DES_VALOR`, `ID_PERMISO_PADRE`) VALUES (1, 1, 'dash', 'Dashboard', NULL);
INSERT INTO `LKUP_PERMISO` (`ID`, `IND_ACTIVO`, `DES_CODIGO`, `DES_VALOR`, `ID_PERMISO_PADRE`) VALUES (2, 1, 'busc', 'Buscador', NULL);
INSERT INTO `LKUP_PERMISO` (`ID`, `IND_ACTIVO`, `DES_CODIGO`, `DES_VALOR`, `ID_PERMISO_PADRE`) VALUES (3, 1, 'expe', 'Expedientes', NULL);
INSERT INTO `LKUP_PERMISO` (`ID`, `IND_ACTIVO`, `DES_CODIGO`, `DES_VALOR`, `ID_PERMISO_PADRE`) VALUES (4, 1, 'expe-re_am', 'Recuperación amistosa', 3);
INSERT INTO `LKUP_PERMISO` (`ID`, `IND_ACTIVO`, `DES_CODIGO`, `DES_VALOR`, `ID_PERMISO_PADRE`) VALUES (5, 1, 're_am-cont', 'Contrato', 4);
INSERT INTO `LKUP_PERMISO` (`ID`, `IND_ACTIVO`, `DES_CODIGO`, `DES_VALOR`, `ID_PERMISO_PADRE`) VALUES (6, 1, 're_am-inte', 'Intervinientes', 4);
INSERT INTO `LKUP_PERMISO` (`ID`, `IND_ACTIVO`, `DES_CODIGO`, `DES_VALOR`, `ID_PERMISO_PADRE`) VALUES (7, 1, 're_am-gara', 'Garantías', 4);
INSERT INTO `LKUP_PERMISO` (`ID`, `IND_ACTIVO`, `DES_CODIGO`, `DES_VALOR`, `ID_PERMISO_PADRE`) VALUES (8, 1, 're_am-movi', 'Movimientos / Saldos', 4);
INSERT INTO `LKUP_PERMISO` (`ID`, `IND_ACTIVO`, `DES_CODIGO`, `DES_VALOR`, `ID_PERMISO_PADRE`) VALUES (9, 1, 're_am-judi', 'Judicial', 4);
INSERT INTO `LKUP_PERMISO` (`ID`, `IND_ACTIVO`, `DES_CODIGO`, `DES_VALOR`, `ID_PERMISO_PADRE`) VALUES (10, 1, 're_am-esti', 'Estimaciones', 4);
INSERT INTO `LKUP_PERMISO` (`ID`, `IND_ACTIVO`, `DES_CODIGO`, `DES_VALOR`, `ID_PERMISO_PADRE`) VALUES (11, 1, 're_am-ac_pa', 'Acuerdos de pago', 4);
INSERT INTO `LKUP_PERMISO` (`ID`, `IND_ACTIVO`, `DES_CODIGO`, `DES_VALOR`, `ID_PERMISO_PADRE`) VALUES (12, 1, 'ex-po_ne', 'Posesión Negociada', 3);
INSERT INTO `LKUP_PERMISO` (`ID`, `IND_ACTIVO`, `DES_CODIGO`, `DES_VALOR`, `ID_PERMISO_PADRE`) VALUES (13, 1, 'po_ne-acti', 'Activo', 12);
INSERT INTO `LKUP_PERMISO` (`ID`, `IND_ACTIVO`, `DES_CODIGO`, `DES_VALOR`, `ID_PERMISO_PADRE`) VALUES (14, 1, 'po_ne-ocup', 'Ocupantes', 12);
INSERT INTO `LKUP_PERMISO` (`ID`, `IND_ACTIVO`, `DES_CODIGO`, `DES_VALOR`, `ID_PERMISO_PADRE`) VALUES (15, 1, 'po_ne-visi', 'Visitas', 12);
INSERT INTO `LKUP_PERMISO` (`ID`, `IND_ACTIVO`, `DES_CODIGO`, `DES_VALOR`, `ID_PERMISO_PADRE`) VALUES (16, 1, 'po_ne-pr_re', 'Procedimientos relacionados', 12);
INSERT INTO `LKUP_PERMISO` (`ID`, `IND_ACTIVO`, `DES_CODIGO`, `DES_VALOR`, `ID_PERMISO_PADRE`) VALUES (17, 1, 'po_ne-prop', 'Propuestas', 12);
INSERT INTO `LKUP_PERMISO` (`ID`, `IND_ACTIVO`, `DES_CODIGO`, `DES_VALOR`, `ID_PERMISO_PADRE`) VALUES (18, 1, 'obje', 'B-P / Objetivos', NULL);
INSERT INTO `LKUP_PERMISO` (`ID`, `IND_ACTIVO`, `DES_CODIGO`, `DES_VALOR`, `ID_PERMISO_PADRE`) VALUES (19, 1, 'obje-cart', 'Carteras', 18);
INSERT INTO `LKUP_PERMISO` (`ID`, `IND_ACTIVO`, `DES_CODIGO`, `DES_VALOR`, `ID_PERMISO_PADRE`) VALUES (20, 1, 'obje-acti', 'Activos', 18);
INSERT INTO `LKUP_PERMISO` (`ID`, `IND_ACTIVO`, `DES_CODIGO`, `DES_VALOR`, `ID_PERMISO_PADRE`) VALUES (21, 1, 'obje-a_g_g', 'Área/Grupo/gestor', 18);
INSERT INTO `LKUP_PERMISO` (`ID`, `IND_ACTIVO`, `DES_CODIGO`, `DES_VALOR`, `ID_PERMISO_PADRE`) VALUES (22, 1, 're_do', 'Repositorio documental', NULL);
INSERT INTO `LKUP_PERMISO` (`ID`, `IND_ACTIVO`, `DES_CODIGO`, `DES_VALOR`, `ID_PERMISO_PADRE`) VALUES (23, 1, 'util', 'Utilidades', NULL);
INSERT INTO `LKUP_PERMISO` (`ID`, `IND_ACTIVO`, `DES_CODIGO`, `DES_VALOR`, `ID_PERMISO_PADRE`) VALUES (24, 1, 'util-geol', 'Geolocalización', 23);
INSERT INTO `LKUP_PERMISO` (`ID`, `IND_ACTIVO`, `DES_CODIGO`, `DES_VALOR`, `ID_PERMISO_PADRE`) VALUES (25, 1, 'util-en_in', 'Enlaces de Interés', 23);
INSERT INTO `LKUP_PERMISO` (`ID`, `IND_ACTIVO`, `DES_CODIGO`, `DES_VALOR`, `ID_PERMISO_PADRE`) VALUES (26, 1, 'util-comu', 'Comunicaciones', 23);
INSERT INTO `LKUP_PERMISO` (`ID`, `IND_ACTIVO`, `DES_CODIGO`, `DES_VALOR`, `ID_PERMISO_PADRE`) VALUES (27, 1, 'admi', 'Administración', NULL);
INSERT INTO `LKUP_PERMISO` (`ID`, `IND_ACTIVO`, `DES_CODIGO`, `DES_VALOR`, `ID_PERMISO_PADRE`) VALUES (28, 1, 'admi-ca_in', 'Carga Inicial', 27);
INSERT INTO `LKUP_PERMISO` (`ID`, `IND_ACTIVO`, `DES_CODIGO`, `DES_VALOR`, `ID_PERMISO_PADRE`) VALUES (29, 1, 'admi-pe_us', 'Perfiles/Usuarios', 27);
INSERT INTO `LKUP_PERMISO` (`ID`, `IND_ACTIVO`, `DES_CODIGO`, `DES_VALOR`, `ID_PERMISO_PADRE`) VALUES (30, 1, 'admi-cata', 'Catálogo', 27);
INSERT INTO `LKUP_PERMISO` (`ID`, `IND_ACTIVO`, `DES_CODIGO`, `DES_VALOR`, `ID_PERMISO_PADRE`) VALUES (31, 1, 'admi-segm', 'Segmentación de la cartera', 27);
INSERT INTO `LKUP_PERMISO` (`ID`, `IND_ACTIVO`, `DES_CODIGO`, `DES_VALOR`, `ID_PERMISO_PADRE`) VALUES (32, 1, 'admi-agen', 'Agenda', 27);
INSERT INTO `LKUP_PERMISO` (`ID`, `IND_ACTIVO`, `DES_CODIGO`, `DES_VALOR`, `ID_PERMISO_PADRE`) VALUES (33, 1, 'cont', 'Contabilidad', NULL);
INSERT INTO `LKUP_PERMISO` (`ID`, `IND_ACTIVO`, `DES_CODIGO`, `DES_VALOR`, `ID_PERMISO_PADRE`) VALUES (34, 1, 'admi-work', 'Workflow', 27);
INSERT INTO `LKUP_PERMISO` (`ID`, `IND_ACTIVO`, `DES_CODIGO`, `DES_VALOR`, `ID_PERMISO_PADRE`) VALUES (35, 1, 'ge_ma', 'Gestión masiva', NULL);
INSERT INTO `LKUP_PERMISO` (`ID`, `IND_ACTIVO`, `DES_CODIGO`, `DES_VALOR`, `ID_PERMISO_PADRE`) VALUES (36, 1, 'ge_ma-actu', 'Actualizaciones', 35);
INSERT INTO `LKUP_PERMISO` (`ID`, `IND_ACTIVO`, `DES_CODIGO`, `DES_VALOR`, `ID_PERMISO_PADRE`) VALUES (37, 1, 'actu-as_ex', 'Asignación Expediente-', 36);
INSERT INTO `LKUP_PERMISO` (`ID`, `IND_ACTIVO`, `DES_CODIGO`, `DES_VALOR`, `ID_PERMISO_PADRE`) VALUES (38, 1, 'actu-as_es', 'Asignación Estrategias-', 36);
INSERT INTO `LKUP_PERMISO` (`ID`, `IND_ACTIVO`, `DES_CODIGO`, `DES_VALOR`, `ID_PERMISO_PADRE`) VALUES (39, 1, 'actu-mo_si', 'Modo y Situación-', 36);
INSERT INTO `LKUP_PERMISO` (`ID`, `IND_ACTIVO`, `DES_CODIGO`, `DES_VALOR`, `ID_PERMISO_PADRE`) VALUES (40, 1, 'actu-sk_tr', 'Skip Tracing-', 36);
INSERT INTO `LKUP_PERMISO` (`ID`, `IND_ACTIVO`, `DES_CODIGO`, `DES_VALOR`, `ID_PERMISO_PADRE`) VALUES (41, 1, 'actu-camp', 'Campañas-', 36);
INSERT INTO `LKUP_PERMISO` (`ID`, `IND_ACTIVO`, `DES_CODIGO`, `DES_VALOR`, `ID_PERMISO_PADRE`) VALUES (42, 1, 'ge_ma-comu', 'Comunicaciones', 35);
INSERT INTO `LKUP_PERMISO` (`ID`, `IND_ACTIVO`, `DES_CODIGO`, `DES_VALOR`, `ID_PERMISO_PADRE`) VALUES (43, 1, 'comu-inte', 'Internas', 42);
INSERT INTO `LKUP_PERMISO` (`ID`, `IND_ACTIVO`, `DES_CODIGO`, `DES_VALOR`, `ID_PERMISO_PADRE`) VALUES (44, 1, 'comu-exte', 'Externas', 42);
INSERT INTO `LKUP_PERMISO` (`ID`, `IND_ACTIVO`, `DES_CODIGO`, `DES_VALOR`, `ID_PERMISO_PADRE`) VALUES (45, 1, 'info', 'Informes', NULL);
INSERT INTO `LKUP_PERMISO` (`ID`, `IND_ACTIVO`, `DES_CODIGO`, `DES_VALOR`, `ID_PERMISO_PADRE`) VALUES (46, 1, 'info-rc_su', 'Informes RC / Supervisor', 45);
INSERT INTO `LKUP_PERMISO` (`ID`, `IND_ACTIVO`, `DES_CODIGO`, `DES_VALOR`, `ID_PERMISO_PADRE`) VALUES (47, 1, 'info-gest', 'Informes gestor', 45);
INSERT INTO `LKUP_PERMISO` (`ID`, `IND_ACTIVO`, `DES_CODIGO`, `DES_VALOR`, `ID_PERMISO_PADRE`) VALUES (48, 1, 'info-form', 'Informes formalizador', 45);
INSERT INTO `LKUP_PERMISO` (`ID`, `IND_ACTIVO`, `DES_CODIGO`, `DES_VALOR`, `ID_PERMISO_PADRE`) VALUES (49, 1, 'si_pr', 'Simulador de propuestas', NULL);
INSERT INTO `LKUP_PERMISO` (`ID`, `IND_ACTIVO`, `DES_CODIGO`, `DES_VALOR`, `ID_PERMISO_PADRE`) VALUES (50, 1, 'ma_se', 'Master services', NULL);
INSERT INTO `LKUP_PERMISO` (`ID`, `IND_ACTIVO`, `DES_CODIGO`, `DES_VALOR`, `ID_PERMISO_PADRE`) VALUES (51, 1, 'ge_do', 'Gestor documental', NULL);
INSERT INTO `LKUP_PERMISO` (`ID`, `IND_ACTIVO`, `DES_CODIGO`, `DES_VALOR`, `ID_PERMISO_PADRE`) VALUES (52, 1, 'inte-sk_tr', 'Skip Tracing', 6);
INSERT INTO `LKUP_PERMISO` (`ID`, `IND_ACTIVO`, `DES_CODIGO`, `DES_VALOR`, `ID_PERMISO_PADRE`) VALUES (53, 1, 're_am-prop', 'Propuesta', 4);
INSERT INTO `LKUP_PERMISO` (`ID`, `IND_ACTIVO`, `DES_CODIGO`, `DES_VALOR`, `ID_PERMISO_PADRE`) VALUES (54, 1, 'prop-form', 'Formalización', 53);
INSERT INTO `LKUP_PERMISO` (`ID`, `IND_ACTIVO`, `DES_CODIGO`, `DES_VALOR`, `ID_PERMISO_PADRE`) VALUES (55, 1, 'expe-sk_tr', 'Skip Tracing', 3);

INSERT INTO `RELA_PERMISO_DISPONIBLE` (`ID`, `ID_OPCION_PERMISO`, `ID_PERMISO`) VALUES (1, 1, 1);
INSERT INTO `RELA_PERMISO_DISPONIBLE` (`ID`, `ID_OPCION_PERMISO`, `ID_PERMISO`) VALUES (2, 2, 1);
INSERT INTO `RELA_PERMISO_DISPONIBLE` (`ID`, `ID_OPCION_PERMISO`, `ID_PERMISO`) VALUES (3, 1, 2);
INSERT INTO `RELA_PERMISO_DISPONIBLE` (`ID`, `ID_OPCION_PERMISO`, `ID_PERMISO`) VALUES (4, 3, 2);
INSERT INTO `RELA_PERMISO_DISPONIBLE` (`ID`, `ID_OPCION_PERMISO`, `ID_PERMISO`) VALUES (5, 4, 2);
INSERT INTO `RELA_PERMISO_DISPONIBLE` (`ID`, `ID_OPCION_PERMISO`, `ID_PERMISO`) VALUES (6, 1, 3);
INSERT INTO `RELA_PERMISO_DISPONIBLE` (`ID`, `ID_OPCION_PERMISO`, `ID_PERMISO`) VALUES (7, 2, 3);
INSERT INTO `RELA_PERMISO_DISPONIBLE` (`ID`, `ID_OPCION_PERMISO`, `ID_PERMISO`) VALUES (8, 3, 3);
INSERT INTO `RELA_PERMISO_DISPONIBLE` (`ID`, `ID_OPCION_PERMISO`, `ID_PERMISO`) VALUES (9, 4, 3);
INSERT INTO `RELA_PERMISO_DISPONIBLE` (`ID`, `ID_OPCION_PERMISO`, `ID_PERMISO`) VALUES (10, 1, 4);
INSERT INTO `RELA_PERMISO_DISPONIBLE` (`ID`, `ID_OPCION_PERMISO`, `ID_PERMISO`) VALUES (11, 2, 4);
INSERT INTO `RELA_PERMISO_DISPONIBLE` (`ID`, `ID_OPCION_PERMISO`, `ID_PERMISO`) VALUES (12, 3, 4);
INSERT INTO `RELA_PERMISO_DISPONIBLE` (`ID`, `ID_OPCION_PERMISO`, `ID_PERMISO`) VALUES (13, 13, 4);
INSERT INTO `RELA_PERMISO_DISPONIBLE` (`ID`, `ID_OPCION_PERMISO`, `ID_PERMISO`) VALUES (14, 14, 4);
INSERT INTO `RELA_PERMISO_DISPONIBLE` (`ID`, `ID_OPCION_PERMISO`, `ID_PERMISO`) VALUES (15, 15, 4);
INSERT INTO `RELA_PERMISO_DISPONIBLE` (`ID`, `ID_OPCION_PERMISO`, `ID_PERMISO`) VALUES (16, 1, 5);
INSERT INTO `RELA_PERMISO_DISPONIBLE` (`ID`, `ID_OPCION_PERMISO`, `ID_PERMISO`) VALUES (17, 2, 5);
INSERT INTO `RELA_PERMISO_DISPONIBLE` (`ID`, `ID_OPCION_PERMISO`, `ID_PERMISO`) VALUES (18, 3, 5);
INSERT INTO `RELA_PERMISO_DISPONIBLE` (`ID`, `ID_OPCION_PERMISO`, `ID_PERMISO`) VALUES (19, 4, 5);
INSERT INTO `RELA_PERMISO_DISPONIBLE` (`ID`, `ID_OPCION_PERMISO`, `ID_PERMISO`) VALUES (20, 5, 5);
INSERT INTO `RELA_PERMISO_DISPONIBLE` (`ID`, `ID_OPCION_PERMISO`, `ID_PERMISO`) VALUES (21, 1, 6);
INSERT INTO `RELA_PERMISO_DISPONIBLE` (`ID`, `ID_OPCION_PERMISO`, `ID_PERMISO`) VALUES (22, 2, 6);
INSERT INTO `RELA_PERMISO_DISPONIBLE` (`ID`, `ID_OPCION_PERMISO`, `ID_PERMISO`) VALUES (23, 3, 6);
INSERT INTO `RELA_PERMISO_DISPONIBLE` (`ID`, `ID_OPCION_PERMISO`, `ID_PERMISO`) VALUES (24, 4, 6);
INSERT INTO `RELA_PERMISO_DISPONIBLE` (`ID`, `ID_OPCION_PERMISO`, `ID_PERMISO`) VALUES (25, 1, 7);
INSERT INTO `RELA_PERMISO_DISPONIBLE` (`ID`, `ID_OPCION_PERMISO`, `ID_PERMISO`) VALUES (26, 2, 7);
INSERT INTO `RELA_PERMISO_DISPONIBLE` (`ID`, `ID_OPCION_PERMISO`, `ID_PERMISO`) VALUES (27, 3, 7);
INSERT INTO `RELA_PERMISO_DISPONIBLE` (`ID`, `ID_OPCION_PERMISO`, `ID_PERMISO`) VALUES (28, 4, 7);
INSERT INTO `RELA_PERMISO_DISPONIBLE` (`ID`, `ID_OPCION_PERMISO`, `ID_PERMISO`) VALUES (29, 7, 7);
INSERT INTO `RELA_PERMISO_DISPONIBLE` (`ID`, `ID_OPCION_PERMISO`, `ID_PERMISO`) VALUES (30, 1, 8);
INSERT INTO `RELA_PERMISO_DISPONIBLE` (`ID`, `ID_OPCION_PERMISO`, `ID_PERMISO`) VALUES (31, 2, 8);
INSERT INTO `RELA_PERMISO_DISPONIBLE` (`ID`, `ID_OPCION_PERMISO`, `ID_PERMISO`) VALUES (32, 3, 8);
INSERT INTO `RELA_PERMISO_DISPONIBLE` (`ID`, `ID_OPCION_PERMISO`, `ID_PERMISO`) VALUES (33, 4, 8);
INSERT INTO `RELA_PERMISO_DISPONIBLE` (`ID`, `ID_OPCION_PERMISO`, `ID_PERMISO`) VALUES (34, 8, 8);
INSERT INTO `RELA_PERMISO_DISPONIBLE` (`ID`, `ID_OPCION_PERMISO`, `ID_PERMISO`) VALUES (35, 9, 8);
INSERT INTO `RELA_PERMISO_DISPONIBLE` (`ID`, `ID_OPCION_PERMISO`, `ID_PERMISO`) VALUES (36, 1, 9);
INSERT INTO `RELA_PERMISO_DISPONIBLE` (`ID`, `ID_OPCION_PERMISO`, `ID_PERMISO`) VALUES (37, 2, 9);
INSERT INTO `RELA_PERMISO_DISPONIBLE` (`ID`, `ID_OPCION_PERMISO`, `ID_PERMISO`) VALUES (38, 3, 9);
INSERT INTO `RELA_PERMISO_DISPONIBLE` (`ID`, `ID_OPCION_PERMISO`, `ID_PERMISO`) VALUES (39, 4, 9);
INSERT INTO `RELA_PERMISO_DISPONIBLE` (`ID`, `ID_OPCION_PERMISO`, `ID_PERMISO`) VALUES (40, 10, 9);
INSERT INTO `RELA_PERMISO_DISPONIBLE` (`ID`, `ID_OPCION_PERMISO`, `ID_PERMISO`) VALUES (41, 1, 10);
INSERT INTO `RELA_PERMISO_DISPONIBLE` (`ID`, `ID_OPCION_PERMISO`, `ID_PERMISO`) VALUES (42, 2, 10);
INSERT INTO `RELA_PERMISO_DISPONIBLE` (`ID`, `ID_OPCION_PERMISO`, `ID_PERMISO`) VALUES (43, 3, 10);
INSERT INTO `RELA_PERMISO_DISPONIBLE` (`ID`, `ID_OPCION_PERMISO`, `ID_PERMISO`) VALUES (44, 5, 10);
INSERT INTO `RELA_PERMISO_DISPONIBLE` (`ID`, `ID_OPCION_PERMISO`, `ID_PERMISO`) VALUES (45, 1, 11);
INSERT INTO `RELA_PERMISO_DISPONIBLE` (`ID`, `ID_OPCION_PERMISO`, `ID_PERMISO`) VALUES (46, 2, 11);
INSERT INTO `RELA_PERMISO_DISPONIBLE` (`ID`, `ID_OPCION_PERMISO`, `ID_PERMISO`) VALUES (47, 3, 11);
INSERT INTO `RELA_PERMISO_DISPONIBLE` (`ID`, `ID_OPCION_PERMISO`, `ID_PERMISO`) VALUES (48, 4, 11);
INSERT INTO `RELA_PERMISO_DISPONIBLE` (`ID`, `ID_OPCION_PERMISO`, `ID_PERMISO`) VALUES (49, 1, 12);
INSERT INTO `RELA_PERMISO_DISPONIBLE` (`ID`, `ID_OPCION_PERMISO`, `ID_PERMISO`) VALUES (50, 2, 12);
INSERT INTO `RELA_PERMISO_DISPONIBLE` (`ID`, `ID_OPCION_PERMISO`, `ID_PERMISO`) VALUES (51, 3, 12);
INSERT INTO `RELA_PERMISO_DISPONIBLE` (`ID`, `ID_OPCION_PERMISO`, `ID_PERMISO`) VALUES (52, 17, 12);
INSERT INTO `RELA_PERMISO_DISPONIBLE` (`ID`, `ID_OPCION_PERMISO`, `ID_PERMISO`) VALUES (53, 1, 13);
INSERT INTO `RELA_PERMISO_DISPONIBLE` (`ID`, `ID_OPCION_PERMISO`, `ID_PERMISO`) VALUES (54, 2, 13);
INSERT INTO `RELA_PERMISO_DISPONIBLE` (`ID`, `ID_OPCION_PERMISO`, `ID_PERMISO`) VALUES (55, 3, 13);
INSERT INTO `RELA_PERMISO_DISPONIBLE` (`ID`, `ID_OPCION_PERMISO`, `ID_PERMISO`) VALUES (56, 1, 14);
INSERT INTO `RELA_PERMISO_DISPONIBLE` (`ID`, `ID_OPCION_PERMISO`, `ID_PERMISO`) VALUES (57, 2, 14);
INSERT INTO `RELA_PERMISO_DISPONIBLE` (`ID`, `ID_OPCION_PERMISO`, `ID_PERMISO`) VALUES (58, 3, 14);
INSERT INTO `RELA_PERMISO_DISPONIBLE` (`ID`, `ID_OPCION_PERMISO`, `ID_PERMISO`) VALUES (59, 1, 15);
INSERT INTO `RELA_PERMISO_DISPONIBLE` (`ID`, `ID_OPCION_PERMISO`, `ID_PERMISO`) VALUES (60, 2, 15);
INSERT INTO `RELA_PERMISO_DISPONIBLE` (`ID`, `ID_OPCION_PERMISO`, `ID_PERMISO`) VALUES (61, 3, 15);
INSERT INTO `RELA_PERMISO_DISPONIBLE` (`ID`, `ID_OPCION_PERMISO`, `ID_PERMISO`) VALUES (62, 1, 16);
INSERT INTO `RELA_PERMISO_DISPONIBLE` (`ID`, `ID_OPCION_PERMISO`, `ID_PERMISO`) VALUES (63, 2, 16);
INSERT INTO `RELA_PERMISO_DISPONIBLE` (`ID`, `ID_OPCION_PERMISO`, `ID_PERMISO`) VALUES (64, 3, 16);
INSERT INTO `RELA_PERMISO_DISPONIBLE` (`ID`, `ID_OPCION_PERMISO`, `ID_PERMISO`) VALUES (65, 1, 17);
INSERT INTO `RELA_PERMISO_DISPONIBLE` (`ID`, `ID_OPCION_PERMISO`, `ID_PERMISO`) VALUES (66, 2, 17);
INSERT INTO `RELA_PERMISO_DISPONIBLE` (`ID`, `ID_OPCION_PERMISO`, `ID_PERMISO`) VALUES (67, 3, 17);
INSERT INTO `RELA_PERMISO_DISPONIBLE` (`ID`, `ID_OPCION_PERMISO`, `ID_PERMISO`) VALUES (69, 12, 17);
INSERT INTO `RELA_PERMISO_DISPONIBLE` (`ID`, `ID_OPCION_PERMISO`, `ID_PERMISO`) VALUES (68, 16, 17);
INSERT INTO `RELA_PERMISO_DISPONIBLE` (`ID`, `ID_OPCION_PERMISO`, `ID_PERMISO`) VALUES (70, 1, 18);
INSERT INTO `RELA_PERMISO_DISPONIBLE` (`ID`, `ID_OPCION_PERMISO`, `ID_PERMISO`) VALUES (71, 2, 18);
INSERT INTO `RELA_PERMISO_DISPONIBLE` (`ID`, `ID_OPCION_PERMISO`, `ID_PERMISO`) VALUES (72, 3, 18);
INSERT INTO `RELA_PERMISO_DISPONIBLE` (`ID`, `ID_OPCION_PERMISO`, `ID_PERMISO`) VALUES (73, 4, 18);
INSERT INTO `RELA_PERMISO_DISPONIBLE` (`ID`, `ID_OPCION_PERMISO`, `ID_PERMISO`) VALUES (74, 1, 19);
INSERT INTO `RELA_PERMISO_DISPONIBLE` (`ID`, `ID_OPCION_PERMISO`, `ID_PERMISO`) VALUES (75, 2, 19);
INSERT INTO `RELA_PERMISO_DISPONIBLE` (`ID`, `ID_OPCION_PERMISO`, `ID_PERMISO`) VALUES (76, 3, 19);
INSERT INTO `RELA_PERMISO_DISPONIBLE` (`ID`, `ID_OPCION_PERMISO`, `ID_PERMISO`) VALUES (77, 1, 20);
INSERT INTO `RELA_PERMISO_DISPONIBLE` (`ID`, `ID_OPCION_PERMISO`, `ID_PERMISO`) VALUES (78, 2, 20);
INSERT INTO `RELA_PERMISO_DISPONIBLE` (`ID`, `ID_OPCION_PERMISO`, `ID_PERMISO`) VALUES (79, 3, 20);
INSERT INTO `RELA_PERMISO_DISPONIBLE` (`ID`, `ID_OPCION_PERMISO`, `ID_PERMISO`) VALUES (80, 1, 21);
INSERT INTO `RELA_PERMISO_DISPONIBLE` (`ID`, `ID_OPCION_PERMISO`, `ID_PERMISO`) VALUES (81, 2, 21);
INSERT INTO `RELA_PERMISO_DISPONIBLE` (`ID`, `ID_OPCION_PERMISO`, `ID_PERMISO`) VALUES (82, 3, 21);
INSERT INTO `RELA_PERMISO_DISPONIBLE` (`ID`, `ID_OPCION_PERMISO`, `ID_PERMISO`) VALUES (83, 1, 22);
INSERT INTO `RELA_PERMISO_DISPONIBLE` (`ID`, `ID_OPCION_PERMISO`, `ID_PERMISO`) VALUES (84, 2, 22);
INSERT INTO `RELA_PERMISO_DISPONIBLE` (`ID`, `ID_OPCION_PERMISO`, `ID_PERMISO`) VALUES (85, 3, 22);
INSERT INTO `RELA_PERMISO_DISPONIBLE` (`ID`, `ID_OPCION_PERMISO`, `ID_PERMISO`) VALUES (86, 1, 23);
INSERT INTO `RELA_PERMISO_DISPONIBLE` (`ID`, `ID_OPCION_PERMISO`, `ID_PERMISO`) VALUES (87, 2, 23);
INSERT INTO `RELA_PERMISO_DISPONIBLE` (`ID`, `ID_OPCION_PERMISO`, `ID_PERMISO`) VALUES (88, 3, 23);
INSERT INTO `RELA_PERMISO_DISPONIBLE` (`ID`, `ID_OPCION_PERMISO`, `ID_PERMISO`) VALUES (89, 1, 24);
INSERT INTO `RELA_PERMISO_DISPONIBLE` (`ID`, `ID_OPCION_PERMISO`, `ID_PERMISO`) VALUES (90, 2, 24);
INSERT INTO `RELA_PERMISO_DISPONIBLE` (`ID`, `ID_OPCION_PERMISO`, `ID_PERMISO`) VALUES (91, 3, 24);
INSERT INTO `RELA_PERMISO_DISPONIBLE` (`ID`, `ID_OPCION_PERMISO`, `ID_PERMISO`) VALUES (92, 1, 25);
INSERT INTO `RELA_PERMISO_DISPONIBLE` (`ID`, `ID_OPCION_PERMISO`, `ID_PERMISO`) VALUES (93, 2, 25);
INSERT INTO `RELA_PERMISO_DISPONIBLE` (`ID`, `ID_OPCION_PERMISO`, `ID_PERMISO`) VALUES (94, 3, 25);
INSERT INTO `RELA_PERMISO_DISPONIBLE` (`ID`, `ID_OPCION_PERMISO`, `ID_PERMISO`) VALUES (95, 19, 25);
INSERT INTO `RELA_PERMISO_DISPONIBLE` (`ID`, `ID_OPCION_PERMISO`, `ID_PERMISO`) VALUES (96, 20, 25);
INSERT INTO `RELA_PERMISO_DISPONIBLE` (`ID`, `ID_OPCION_PERMISO`, `ID_PERMISO`) VALUES (97, 21, 25);
INSERT INTO `RELA_PERMISO_DISPONIBLE` (`ID`, `ID_OPCION_PERMISO`, `ID_PERMISO`) VALUES (98, 22, 25);
INSERT INTO `RELA_PERMISO_DISPONIBLE` (`ID`, `ID_OPCION_PERMISO`, `ID_PERMISO`) VALUES (99, 23, 25);
INSERT INTO `RELA_PERMISO_DISPONIBLE` (`ID`, `ID_OPCION_PERMISO`, `ID_PERMISO`) VALUES (100, 24, 25);
INSERT INTO `RELA_PERMISO_DISPONIBLE` (`ID`, `ID_OPCION_PERMISO`, `ID_PERMISO`) VALUES (101, 1, 26);
INSERT INTO `RELA_PERMISO_DISPONIBLE` (`ID`, `ID_OPCION_PERMISO`, `ID_PERMISO`) VALUES (102, 2, 26);
INSERT INTO `RELA_PERMISO_DISPONIBLE` (`ID`, `ID_OPCION_PERMISO`, `ID_PERMISO`) VALUES (103, 3, 26);
INSERT INTO `RELA_PERMISO_DISPONIBLE` (`ID`, `ID_OPCION_PERMISO`, `ID_PERMISO`) VALUES (109, 6, 26);
INSERT INTO `RELA_PERMISO_DISPONIBLE` (`ID`, `ID_OPCION_PERMISO`, `ID_PERMISO`) VALUES (104, 25, 26);
INSERT INTO `RELA_PERMISO_DISPONIBLE` (`ID`, `ID_OPCION_PERMISO`, `ID_PERMISO`) VALUES (105, 26, 26);
INSERT INTO `RELA_PERMISO_DISPONIBLE` (`ID`, `ID_OPCION_PERMISO`, `ID_PERMISO`) VALUES (106, 27, 26);
INSERT INTO `RELA_PERMISO_DISPONIBLE` (`ID`, `ID_OPCION_PERMISO`, `ID_PERMISO`) VALUES (107, 28, 26);
INSERT INTO `RELA_PERMISO_DISPONIBLE` (`ID`, `ID_OPCION_PERMISO`, `ID_PERMISO`) VALUES (108, 29, 26);
INSERT INTO `RELA_PERMISO_DISPONIBLE` (`ID`, `ID_OPCION_PERMISO`, `ID_PERMISO`) VALUES (110, 1, 27);
INSERT INTO `RELA_PERMISO_DISPONIBLE` (`ID`, `ID_OPCION_PERMISO`, `ID_PERMISO`) VALUES (111, 2, 27);
INSERT INTO `RELA_PERMISO_DISPONIBLE` (`ID`, `ID_OPCION_PERMISO`, `ID_PERMISO`) VALUES (112, 3, 27);
INSERT INTO `RELA_PERMISO_DISPONIBLE` (`ID`, `ID_OPCION_PERMISO`, `ID_PERMISO`) VALUES (113, 1, 28);
INSERT INTO `RELA_PERMISO_DISPONIBLE` (`ID`, `ID_OPCION_PERMISO`, `ID_PERMISO`) VALUES (114, 2, 28);
INSERT INTO `RELA_PERMISO_DISPONIBLE` (`ID`, `ID_OPCION_PERMISO`, `ID_PERMISO`) VALUES (115, 3, 28);
INSERT INTO `RELA_PERMISO_DISPONIBLE` (`ID`, `ID_OPCION_PERMISO`, `ID_PERMISO`) VALUES (116, 1, 29);
INSERT INTO `RELA_PERMISO_DISPONIBLE` (`ID`, `ID_OPCION_PERMISO`, `ID_PERMISO`) VALUES (117, 2, 29);
INSERT INTO `RELA_PERMISO_DISPONIBLE` (`ID`, `ID_OPCION_PERMISO`, `ID_PERMISO`) VALUES (118, 3, 29);
INSERT INTO `RELA_PERMISO_DISPONIBLE` (`ID`, `ID_OPCION_PERMISO`, `ID_PERMISO`) VALUES (119, 1, 30);
INSERT INTO `RELA_PERMISO_DISPONIBLE` (`ID`, `ID_OPCION_PERMISO`, `ID_PERMISO`) VALUES (120, 2, 30);
INSERT INTO `RELA_PERMISO_DISPONIBLE` (`ID`, `ID_OPCION_PERMISO`, `ID_PERMISO`) VALUES (121, 3, 30);
INSERT INTO `RELA_PERMISO_DISPONIBLE` (`ID`, `ID_OPCION_PERMISO`, `ID_PERMISO`) VALUES (122, 1, 31);
INSERT INTO `RELA_PERMISO_DISPONIBLE` (`ID`, `ID_OPCION_PERMISO`, `ID_PERMISO`) VALUES (123, 2, 31);
INSERT INTO `RELA_PERMISO_DISPONIBLE` (`ID`, `ID_OPCION_PERMISO`, `ID_PERMISO`) VALUES (124, 3, 31);
INSERT INTO `RELA_PERMISO_DISPONIBLE` (`ID`, `ID_OPCION_PERMISO`, `ID_PERMISO`) VALUES (125, 1, 32);
INSERT INTO `RELA_PERMISO_DISPONIBLE` (`ID`, `ID_OPCION_PERMISO`, `ID_PERMISO`) VALUES (126, 2, 32);
INSERT INTO `RELA_PERMISO_DISPONIBLE` (`ID`, `ID_OPCION_PERMISO`, `ID_PERMISO`) VALUES (127, 3, 32);
INSERT INTO `RELA_PERMISO_DISPONIBLE` (`ID`, `ID_OPCION_PERMISO`, `ID_PERMISO`) VALUES (128, 5, 32);
INSERT INTO `RELA_PERMISO_DISPONIBLE` (`ID`, `ID_OPCION_PERMISO`, `ID_PERMISO`) VALUES (129, 1, 33);
INSERT INTO `RELA_PERMISO_DISPONIBLE` (`ID`, `ID_OPCION_PERMISO`, `ID_PERMISO`) VALUES (130, 2, 33);
INSERT INTO `RELA_PERMISO_DISPONIBLE` (`ID`, `ID_OPCION_PERMISO`, `ID_PERMISO`) VALUES (131, 3, 33);
INSERT INTO `RELA_PERMISO_DISPONIBLE` (`ID`, `ID_OPCION_PERMISO`, `ID_PERMISO`) VALUES (132, 1, 34);
INSERT INTO `RELA_PERMISO_DISPONIBLE` (`ID`, `ID_OPCION_PERMISO`, `ID_PERMISO`) VALUES (133, 2, 34);
INSERT INTO `RELA_PERMISO_DISPONIBLE` (`ID`, `ID_OPCION_PERMISO`, `ID_PERMISO`) VALUES (134, 3, 34);
INSERT INTO `RELA_PERMISO_DISPONIBLE` (`ID`, `ID_OPCION_PERMISO`, `ID_PERMISO`) VALUES (135, 1, 35);
INSERT INTO `RELA_PERMISO_DISPONIBLE` (`ID`, `ID_OPCION_PERMISO`, `ID_PERMISO`) VALUES (136, 2, 35);
INSERT INTO `RELA_PERMISO_DISPONIBLE` (`ID`, `ID_OPCION_PERMISO`, `ID_PERMISO`) VALUES (137, 3, 35);
INSERT INTO `RELA_PERMISO_DISPONIBLE` (`ID`, `ID_OPCION_PERMISO`, `ID_PERMISO`) VALUES (138, 1, 36);
INSERT INTO `RELA_PERMISO_DISPONIBLE` (`ID`, `ID_OPCION_PERMISO`, `ID_PERMISO`) VALUES (139, 2, 36);
INSERT INTO `RELA_PERMISO_DISPONIBLE` (`ID`, `ID_OPCION_PERMISO`, `ID_PERMISO`) VALUES (140, 3, 36);
INSERT INTO `RELA_PERMISO_DISPONIBLE` (`ID`, `ID_OPCION_PERMISO`, `ID_PERMISO`) VALUES (141, 1, 37);
INSERT INTO `RELA_PERMISO_DISPONIBLE` (`ID`, `ID_OPCION_PERMISO`, `ID_PERMISO`) VALUES (142, 2, 37);
INSERT INTO `RELA_PERMISO_DISPONIBLE` (`ID`, `ID_OPCION_PERMISO`, `ID_PERMISO`) VALUES (143, 3, 37);
INSERT INTO `RELA_PERMISO_DISPONIBLE` (`ID`, `ID_OPCION_PERMISO`, `ID_PERMISO`) VALUES (144, 1, 38);
INSERT INTO `RELA_PERMISO_DISPONIBLE` (`ID`, `ID_OPCION_PERMISO`, `ID_PERMISO`) VALUES (145, 2, 38);
INSERT INTO `RELA_PERMISO_DISPONIBLE` (`ID`, `ID_OPCION_PERMISO`, `ID_PERMISO`) VALUES (146, 3, 38);
INSERT INTO `RELA_PERMISO_DISPONIBLE` (`ID`, `ID_OPCION_PERMISO`, `ID_PERMISO`) VALUES (147, 1, 39);
INSERT INTO `RELA_PERMISO_DISPONIBLE` (`ID`, `ID_OPCION_PERMISO`, `ID_PERMISO`) VALUES (148, 2, 39);
INSERT INTO `RELA_PERMISO_DISPONIBLE` (`ID`, `ID_OPCION_PERMISO`, `ID_PERMISO`) VALUES (149, 3, 39);
INSERT INTO `RELA_PERMISO_DISPONIBLE` (`ID`, `ID_OPCION_PERMISO`, `ID_PERMISO`) VALUES (150, 1, 40);
INSERT INTO `RELA_PERMISO_DISPONIBLE` (`ID`, `ID_OPCION_PERMISO`, `ID_PERMISO`) VALUES (151, 2, 40);
INSERT INTO `RELA_PERMISO_DISPONIBLE` (`ID`, `ID_OPCION_PERMISO`, `ID_PERMISO`) VALUES (152, 3, 40);
INSERT INTO `RELA_PERMISO_DISPONIBLE` (`ID`, `ID_OPCION_PERMISO`, `ID_PERMISO`) VALUES (153, 1, 41);
INSERT INTO `RELA_PERMISO_DISPONIBLE` (`ID`, `ID_OPCION_PERMISO`, `ID_PERMISO`) VALUES (154, 2, 41);
INSERT INTO `RELA_PERMISO_DISPONIBLE` (`ID`, `ID_OPCION_PERMISO`, `ID_PERMISO`) VALUES (155, 3, 41);
INSERT INTO `RELA_PERMISO_DISPONIBLE` (`ID`, `ID_OPCION_PERMISO`, `ID_PERMISO`) VALUES (156, 1, 42);
INSERT INTO `RELA_PERMISO_DISPONIBLE` (`ID`, `ID_OPCION_PERMISO`, `ID_PERMISO`) VALUES (157, 2, 42);
INSERT INTO `RELA_PERMISO_DISPONIBLE` (`ID`, `ID_OPCION_PERMISO`, `ID_PERMISO`) VALUES (158, 3, 42);
INSERT INTO `RELA_PERMISO_DISPONIBLE` (`ID`, `ID_OPCION_PERMISO`, `ID_PERMISO`) VALUES (159, 1, 43);
INSERT INTO `RELA_PERMISO_DISPONIBLE` (`ID`, `ID_OPCION_PERMISO`, `ID_PERMISO`) VALUES (160, 2, 43);
INSERT INTO `RELA_PERMISO_DISPONIBLE` (`ID`, `ID_OPCION_PERMISO`, `ID_PERMISO`) VALUES (161, 3, 43);
INSERT INTO `RELA_PERMISO_DISPONIBLE` (`ID`, `ID_OPCION_PERMISO`, `ID_PERMISO`) VALUES (162, 1, 44);
INSERT INTO `RELA_PERMISO_DISPONIBLE` (`ID`, `ID_OPCION_PERMISO`, `ID_PERMISO`) VALUES (163, 2, 44);
INSERT INTO `RELA_PERMISO_DISPONIBLE` (`ID`, `ID_OPCION_PERMISO`, `ID_PERMISO`) VALUES (164, 3, 44);
INSERT INTO `RELA_PERMISO_DISPONIBLE` (`ID`, `ID_OPCION_PERMISO`, `ID_PERMISO`) VALUES (170, 6, 44);
INSERT INTO `RELA_PERMISO_DISPONIBLE` (`ID`, `ID_OPCION_PERMISO`, `ID_PERMISO`) VALUES (165, 25, 44);
INSERT INTO `RELA_PERMISO_DISPONIBLE` (`ID`, `ID_OPCION_PERMISO`, `ID_PERMISO`) VALUES (166, 26, 44);
INSERT INTO `RELA_PERMISO_DISPONIBLE` (`ID`, `ID_OPCION_PERMISO`, `ID_PERMISO`) VALUES (167, 27, 44);
INSERT INTO `RELA_PERMISO_DISPONIBLE` (`ID`, `ID_OPCION_PERMISO`, `ID_PERMISO`) VALUES (168, 28, 44);
INSERT INTO `RELA_PERMISO_DISPONIBLE` (`ID`, `ID_OPCION_PERMISO`, `ID_PERMISO`) VALUES (169, 29, 44);
INSERT INTO `RELA_PERMISO_DISPONIBLE` (`ID`, `ID_OPCION_PERMISO`, `ID_PERMISO`) VALUES (171, 30, 44);
INSERT INTO `RELA_PERMISO_DISPONIBLE` (`ID`, `ID_OPCION_PERMISO`, `ID_PERMISO`) VALUES (172, 1, 45);
INSERT INTO `RELA_PERMISO_DISPONIBLE` (`ID`, `ID_OPCION_PERMISO`, `ID_PERMISO`) VALUES (173, 2, 45);
INSERT INTO `RELA_PERMISO_DISPONIBLE` (`ID`, `ID_OPCION_PERMISO`, `ID_PERMISO`) VALUES (174, 3, 45);
INSERT INTO `RELA_PERMISO_DISPONIBLE` (`ID`, `ID_OPCION_PERMISO`, `ID_PERMISO`) VALUES (175, 1, 46);
INSERT INTO `RELA_PERMISO_DISPONIBLE` (`ID`, `ID_OPCION_PERMISO`, `ID_PERMISO`) VALUES (176, 2, 46);
INSERT INTO `RELA_PERMISO_DISPONIBLE` (`ID`, `ID_OPCION_PERMISO`, `ID_PERMISO`) VALUES (177, 3, 46);
INSERT INTO `RELA_PERMISO_DISPONIBLE` (`ID`, `ID_OPCION_PERMISO`, `ID_PERMISO`) VALUES (178, 1, 47);
INSERT INTO `RELA_PERMISO_DISPONIBLE` (`ID`, `ID_OPCION_PERMISO`, `ID_PERMISO`) VALUES (179, 2, 47);
INSERT INTO `RELA_PERMISO_DISPONIBLE` (`ID`, `ID_OPCION_PERMISO`, `ID_PERMISO`) VALUES (180, 3, 47);
INSERT INTO `RELA_PERMISO_DISPONIBLE` (`ID`, `ID_OPCION_PERMISO`, `ID_PERMISO`) VALUES (181, 1, 48);
INSERT INTO `RELA_PERMISO_DISPONIBLE` (`ID`, `ID_OPCION_PERMISO`, `ID_PERMISO`) VALUES (182, 2, 48);
INSERT INTO `RELA_PERMISO_DISPONIBLE` (`ID`, `ID_OPCION_PERMISO`, `ID_PERMISO`) VALUES (183, 3, 48);
INSERT INTO `RELA_PERMISO_DISPONIBLE` (`ID`, `ID_OPCION_PERMISO`, `ID_PERMISO`) VALUES (184, 1, 49);
INSERT INTO `RELA_PERMISO_DISPONIBLE` (`ID`, `ID_OPCION_PERMISO`, `ID_PERMISO`) VALUES (185, 2, 49);
INSERT INTO `RELA_PERMISO_DISPONIBLE` (`ID`, `ID_OPCION_PERMISO`, `ID_PERMISO`) VALUES (186, 3, 49);
INSERT INTO `RELA_PERMISO_DISPONIBLE` (`ID`, `ID_OPCION_PERMISO`, `ID_PERMISO`) VALUES (187, 1, 50);
INSERT INTO `RELA_PERMISO_DISPONIBLE` (`ID`, `ID_OPCION_PERMISO`, `ID_PERMISO`) VALUES (188, 2, 50);
INSERT INTO `RELA_PERMISO_DISPONIBLE` (`ID`, `ID_OPCION_PERMISO`, `ID_PERMISO`) VALUES (189, 3, 50);
INSERT INTO `RELA_PERMISO_DISPONIBLE` (`ID`, `ID_OPCION_PERMISO`, `ID_PERMISO`) VALUES (190, 1, 51);
INSERT INTO `RELA_PERMISO_DISPONIBLE` (`ID`, `ID_OPCION_PERMISO`, `ID_PERMISO`) VALUES (191, 2, 51);
INSERT INTO `RELA_PERMISO_DISPONIBLE` (`ID`, `ID_OPCION_PERMISO`, `ID_PERMISO`) VALUES (192, 3, 51);
INSERT INTO `RELA_PERMISO_DISPONIBLE` (`ID`, `ID_OPCION_PERMISO`, `ID_PERMISO`) VALUES (193, 1, 52);
INSERT INTO `RELA_PERMISO_DISPONIBLE` (`ID`, `ID_OPCION_PERMISO`, `ID_PERMISO`) VALUES (194, 2, 52);
INSERT INTO `RELA_PERMISO_DISPONIBLE` (`ID`, `ID_OPCION_PERMISO`, `ID_PERMISO`) VALUES (195, 3, 52);
INSERT INTO `RELA_PERMISO_DISPONIBLE` (`ID`, `ID_OPCION_PERMISO`, `ID_PERMISO`) VALUES (196, 1, 53);
INSERT INTO `RELA_PERMISO_DISPONIBLE` (`ID`, `ID_OPCION_PERMISO`, `ID_PERMISO`) VALUES (197, 2, 53);
INSERT INTO `RELA_PERMISO_DISPONIBLE` (`ID`, `ID_OPCION_PERMISO`, `ID_PERMISO`) VALUES (198, 3, 53);
INSERT INTO `RELA_PERMISO_DISPONIBLE` (`ID`, `ID_OPCION_PERMISO`, `ID_PERMISO`) VALUES (199, 4, 53);
INSERT INTO `RELA_PERMISO_DISPONIBLE` (`ID`, `ID_OPCION_PERMISO`, `ID_PERMISO`) VALUES (200, 11, 53);
INSERT INTO `RELA_PERMISO_DISPONIBLE` (`ID`, `ID_OPCION_PERMISO`, `ID_PERMISO`) VALUES (201, 12, 53);
INSERT INTO `RELA_PERMISO_DISPONIBLE` (`ID`, `ID_OPCION_PERMISO`, `ID_PERMISO`) VALUES (202, 1, 54);
INSERT INTO `RELA_PERMISO_DISPONIBLE` (`ID`, `ID_OPCION_PERMISO`, `ID_PERMISO`) VALUES (203, 2, 54);
INSERT INTO `RELA_PERMISO_DISPONIBLE` (`ID`, `ID_OPCION_PERMISO`, `ID_PERMISO`) VALUES (204, 3, 54);
INSERT INTO `RELA_PERMISO_DISPONIBLE` (`ID`, `ID_OPCION_PERMISO`, `ID_PERMISO`) VALUES (205, 12, 54);
INSERT INTO `RELA_PERMISO_DISPONIBLE` (`ID`, `ID_OPCION_PERMISO`, `ID_PERMISO`) VALUES (206, 1, 55);
INSERT INTO `RELA_PERMISO_DISPONIBLE` (`ID`, `ID_OPCION_PERMISO`, `ID_PERMISO`) VALUES (207, 2, 55);
INSERT INTO `RELA_PERMISO_DISPONIBLE` (`ID`, `ID_OPCION_PERMISO`, `ID_PERMISO`) VALUES (208, 3, 55);
INSERT INTO `RELA_PERMISO_DISPONIBLE` (`ID`, `ID_OPCION_PERMISO`, `ID_PERMISO`) VALUES (209, 18, 55);

INSERT INTO `LKUP_ESTRATEGIA` (`ID`, `IND_ACTIVO`, `DES_CODIGO`, `DES_VALOR`) VALUES (1, 1, 'C1', 'Cancelación total sin quita');
INSERT INTO `LKUP_ESTRATEGIA` (`ID`, `IND_ACTIVO`, `DES_CODIGO`, `DES_VALOR`) VALUES (2, 1, 'C2', 'Cancelación total con quita');
INSERT INTO `LKUP_ESTRATEGIA` (`ID`, `IND_ACTIVO`, `DES_CODIGO`, `DES_VALOR`) VALUES (3, 1, 'C3', 'Cancelación parcial');
INSERT INTO `LKUP_ESTRATEGIA` (`ID`, `IND_ACTIVO`, `DES_CODIGO`, `DES_VALOR`) VALUES (4, 1, 'D1', 'Dación en pago');
INSERT INTO `LKUP_ESTRATEGIA` (`ID`, `IND_ACTIVO`, `DES_CODIGO`, `DES_VALOR`) VALUES (5, 1, 'J1', 'Judicial con lanzamiento + venta adjudi cado');
INSERT INTO `LKUP_ESTRATEGIA` (`ID`, `IND_ACTIVO`, `DES_CODIGO`, `DES_VALOR`) VALUES (6, 1, 'J2', 'Judicial + posesión amistosa + venta adjudicado');
INSERT INTO `LKUP_ESTRATEGIA` (`ID`, `IND_ACTIVO`, `DES_CODIGO`, `DES_VALOR`) VALUES (7, 1, 'P1', 'PDV / Venta consensuada / POA.');
INSERT INTO `LKUP_ESTRATEGIA` (`ID`, `IND_ACTIVO`, `DES_CODIGO`, `DES_VALOR`) VALUES (8, 1, 'BP', 'Business Plan');
INSERT INTO `LKUP_ESTRATEGIA` (`ID`, `IND_ACTIVO`, `DES_CODIGO`, `DES_VALOR`) VALUES (9, 1, 'ReBP', 'Re Business Plan');

INSERT INTO `LKUP_TIPO_ESTRATEGIA` (`ID`, `IND_ACTIVO`, `DES_CODIGO`, `DES_VALOR`) VALUES (1, 1, 'O', 'Original');
INSERT INTO `LKUP_TIPO_ESTRATEGIA` (`ID`, `IND_ACTIVO`, `DES_CODIGO`, `DES_VALOR`) VALUES (2, 1, 'M', 'Masiva');
INSERT INTO `LKUP_TIPO_ESTRATEGIA` (`ID`, `IND_ACTIVO`, `DES_CODIGO`, `DES_VALOR`) VALUES (3, 1, 'BP', 'Business Plan');
INSERT INTO `LKUP_TIPO_ESTRATEGIA` (`ID`, `IND_ACTIVO`, `DES_CODIGO`, `DES_VALOR`) VALUES (4, 1, 'ReBP', 'Revised Business Plan');
INSERT INTO `LKUP_TIPO_ESTRATEGIA` (`ID`, `IND_ACTIVO`, `DES_CODIGO`, `DES_VALOR`) VALUES (5, 1, 'F', 'Final');

INSERT INTO `LKUP_ORIGEN_ESTRATEGIA` (`ID`, `IND_ACTIVO`, `DES_CODIGO`, `DES_VALOR`) VALUES (1, 1, 'BP', 'Business Plan');
INSERT INTO `LKUP_ORIGEN_ESTRATEGIA` (`ID`, `IND_ACTIVO`, `DES_CODIGO`, `DES_VALOR`) VALUES (2, 1, 'O', 'Objetivos');
INSERT INTO `LKUP_ORIGEN_ESTRATEGIA` (`ID`, `IND_ACTIVO`, `DES_CODIGO`, `DES_VALOR`) VALUES (3, 1, 'GM', 'Gestión Masiva');
INSERT INTO `LKUP_ORIGEN_ESTRATEGIA` (`ID`, `IND_ACTIVO`, `DES_CODIGO`, `DES_VALOR`) VALUES (4, 1, 'M', 'Manual');

INSERT INTO `LKUP_PERIODO_ESTRATEGIA` (`ID`, `IND_ACTIVO`, `DES_CODIGO`, `DES_VALOR`) VALUES (1, 1, 'M', 'Mensual');
INSERT INTO `LKUP_PERIODO_ESTRATEGIA` (`ID`, `IND_ACTIVO`, `DES_CODIGO`, `DES_VALOR`) VALUES (2, 1, 'T', 'Trimestral');
INSERT INTO `LKUP_PERIODO_ESTRATEGIA` (`ID`, `IND_ACTIVO`, `DES_CODIGO`, `DES_VALOR`) VALUES (3, 1, 'A', 'Anual');

INSERT INTO `MSTR_CATALOGO_LIST` (`ID`, `IND_ACTIVO`, `DES_CODIGO`, `IND_MODIFICABLE`, `DES_NOMBRE`, `DES_PAQUETE`) VALUES (1, 1, 'areaPerfil', 1, 'Area Perfil', 'com.haya.alaska.area_perfil.domain.AreaPerfil');
INSERT INTO `MSTR_CATALOGO_LIST` (`ID`, `IND_ACTIVO`, `DES_CODIGO`, `IND_MODIFICABLE`, `DES_NOMBRE`, `DES_PAQUETE`) VALUES (2, 1, 'claseEvento', 0, 'Clase Evento', 'com.haya.alaska.clase_evento.domain.ClaseEvento');
INSERT INTO `MSTR_CATALOGO_LIST` (`ID`, `IND_ACTIVO`, `DES_CODIGO`, `IND_MODIFICABLE`, `DES_NOMBRE`, `DES_PAQUETE`) VALUES (3, 1, 'clasePropuesta', 1, 'Clase Propuesta', 'com.haya.alaska.clase_propuesta.domain.ClasePropuesta');
INSERT INTO `MSTR_CATALOGO_LIST` (`ID`, `IND_ACTIVO`, `DES_CODIGO`, `IND_MODIFICABLE`, `DES_NOMBRE`, `DES_PAQUETE`) VALUES (4, 1, 'clasificacionContable', 1, 'Clasificación Contable', 'com.haya.alaska.clasificacion_contable.domain.ClasificacionContable');
INSERT INTO `MSTR_CATALOGO_LIST` (`ID`, `IND_ACTIVO`, `DES_CODIGO`, `IND_MODIFICABLE`, `DES_NOMBRE`, `DES_PAQUETE`) VALUES (5, 1, 'criterioContratoRepresentante', 0, 'Criterio Contrato Representante', 'com.haya.alaska.criterio_contrato_representante.domain.CriterioContratoRepresentante');
INSERT INTO `MSTR_CATALOGO_LIST` (`ID`, `IND_ACTIVO`, `DES_CODIGO`, `IND_MODIFICABLE`, `DES_NOMBRE`, `DES_PAQUETE`) VALUES (6, 1, 'criterioGeneracionExpediente', 0, 'Criterio Generacion Expediente', 'com.haya.alaska.criterio_generacion_expediente.domain.CriterioGeneracionExpediente');
INSERT INTO `MSTR_CATALOGO_LIST` (`ID`, `IND_ACTIVO`, `DES_CODIGO`, `IND_MODIFICABLE`, `DES_NOMBRE`, `DES_PAQUETE`) VALUES (7, 1, 'descripcionMovimiento', 1, 'Descripción Movimiento', 'com.haya.alaska.descripcion_movimiento.domain.DescripcionMovimiento');
INSERT INTO `MSTR_CATALOGO_LIST` (`ID`, `IND_ACTIVO`, `DES_CODIGO`, `IND_MODIFICABLE`, `DES_NOMBRE`, `DES_PAQUETE`) VALUES (8, 1, 'entorno', 1, 'Entorno', 'com.haya.alaska.entorno.domain.Entorno');
INSERT INTO `MSTR_CATALOGO_LIST` (`ID`, `IND_ACTIVO`, `DES_CODIGO`, `IND_MODIFICABLE`, `DES_NOMBRE`, `DES_PAQUETE`) VALUES (9, 1, 'estadoCivil', 1, 'Estado Civil', 'com.haya.alaska.estado_civil.domain.EstadoCivil');
INSERT INTO `MSTR_CATALOGO_LIST` (`ID`, `IND_ACTIVO`, `DES_CODIGO`, `IND_MODIFICABLE`, `DES_NOMBRE`, `DES_PAQUETE`) VALUES (10, 1, 'estadoContrato', 0, 'Estado Contrato', 'com.haya.alaska.estado_contrato.domain.EstadoContrato');
INSERT INTO `MSTR_CATALOGO_LIST` (`ID`, `IND_ACTIVO`, `DES_CODIGO`, `IND_MODIFICABLE`, `DES_NOMBRE`, `DES_PAQUETE`) VALUES (11, 1, 'estadoEvento', 0, 'Estado Evento', 'com.haya.alaska.estado_evento.domain.EstadoEvento');
INSERT INTO `MSTR_CATALOGO_LIST` (`ID`, `IND_ACTIVO`, `DES_CODIGO`, `IND_MODIFICABLE`, `DES_NOMBRE`, `DES_PAQUETE`) VALUES (12, 1, 'estadoOcupacion', 1, 'Estado Ocupacion', 'com.haya.alaska.estado_ocupacion.domain.EstadoOcupacion');
INSERT INTO `MSTR_CATALOGO_LIST` (`ID`, `IND_ACTIVO`, `DES_CODIGO`, `IND_MODIFICABLE`, `DES_NOMBRE`, `DES_PAQUETE`) VALUES (13, 1, 'estadoProcedimiento', 1, 'Estado Procedimiento', 'com.haya.alaska.estado_procedimiento.domain.EstadoProcedimieto');
INSERT INTO `MSTR_CATALOGO_LIST` (`ID`, `IND_ACTIVO`, `DES_CODIGO`, `IND_MODIFICABLE`, `DES_NOMBRE`, `DES_PAQUETE`) VALUES (14, 1, 'estadoPropuesta', 1, 'Estado Propuesta', 'com.haya.alaska.estado_propuesta.domain.EstadoPropuesta');
INSERT INTO `MSTR_CATALOGO_LIST` (`ID`, `IND_ACTIVO`, `DES_CODIGO`, `IND_MODIFICABLE`, `DES_NOMBRE`, `DES_PAQUETE`) VALUES (15, 1, 'estadoSubasta', 1, 'Estado Subasta', 'com.haya.alaska.estado_subasta.domain.EstadoSubasta');
INSERT INTO `MSTR_CATALOGO_LIST` (`ID`, `IND_ACTIVO`, `DES_CODIGO`, `IND_MODIFICABLE`, `DES_NOMBRE`, `DES_PAQUETE`) VALUES (16, 1, 'estrategia', 1, 'Estrategia', 'com.haya.alaska.estrategia.domain.Estrategia');
INSERT INTO `MSTR_CATALOGO_LIST` (`ID`, `IND_ACTIVO`, `DES_CODIGO`, `IND_MODIFICABLE`, `DES_NOMBRE`, `DES_PAQUETE`) VALUES (17, 1, 'facturaCartera', 1, 'Factura Cartera', 'com.haya.alaska.factura_cartera.domain.FacturaCartera');
INSERT INTO `MSTR_CATALOGO_LIST` (`ID`, `IND_ACTIVO`, `DES_CODIGO`, `IND_MODIFICABLE`, `DES_NOMBRE`, `DES_PAQUETE`) VALUES (18, 1, 'grupoArea', 1, 'Grupo Area', 'com.haya.alaska.grupo_area.domain.GrupoArea');
INSERT INTO `MSTR_CATALOGO_LIST` (`ID`, `IND_ACTIVO`, `DES_CODIGO`, `IND_MODIFICABLE`, `DES_NOMBRE`, `DES_PAQUETE`) VALUES (19, 1, 'hitoProcedimiento', 1, 'Hito Procedimiento', 'com.haya.alaska.hito_procedimiento.domain.HitoProcedimiento');
INSERT INTO `MSTR_CATALOGO_LIST` (`ID`, `IND_ACTIVO`, `DES_CODIGO`, `IND_MODIFICABLE`, `DES_NOMBRE`, `DES_PAQUETE`) VALUES (20, 1, 'importanciaEvento', 1, 'Importancia Evento', 'com.haya.alaska.importancia_evento.domain.ImportanciaEvento');
INSERT INTO `MSTR_CATALOGO_LIST` (`ID`, `IND_ACTIVO`, `DES_CODIGO`, `IND_MODIFICABLE`, `DES_NOMBRE`, `DES_PAQUETE`) VALUES (21, 1, 'indiceReferencia', 1, 'Indice Referencia', 'com.haya.alaska.indice_referencia.domain.IndiceReferencia');
INSERT INTO `MSTR_CATALOGO_LIST` (`ID`, `IND_ACTIVO`, `DES_CODIGO`, `IND_MODIFICABLE`, `DES_NOMBRE`, `DES_PAQUETE`) VALUES (22, 1, 'intervaloEstimacion', 1, 'Intervalo Estimación', 'com.haya.alaska.intervalo_estimacion.domain.IntervaloEstimacion');
INSERT INTO `MSTR_CATALOGO_LIST` (`ID`, `IND_ACTIVO`, `DES_CODIGO`, `IND_MODIFICABLE`, `DES_NOMBRE`, `DES_PAQUETE`) VALUES (23, 1, 'liquidez', 1, 'Liquidez', 'com.haya.alaska.liquidez.domain.Liquidez');
INSERT INTO `MSTR_CATALOGO_LIST` (`ID`, `IND_ACTIVO`, `DES_CODIGO`, `IND_MODIFICABLE`, `DES_NOMBRE`, `DES_PAQUETE`) VALUES (24, 1, 'localidad', 1, 'Localidad', 'com.haya.alaska.localidad.domain.Localidad');
INSERT INTO `MSTR_CATALOGO_LIST` (`ID`, `IND_ACTIVO`, `DES_CODIGO`, `IND_MODIFICABLE`, `DES_NOMBRE`, `DES_PAQUETE`) VALUES (25, 1, 'municipio', 1, 'Municipio', 'com.haya.alaska.municipio.domain.Municipio');
INSERT INTO `MSTR_CATALOGO_LIST` (`ID`, `IND_ACTIVO`, `DES_CODIGO`, `IND_MODIFICABLE`, `DES_NOMBRE`, `DES_PAQUETE`) VALUES (26, 1, 'nivelEvento', 0, 'Nivel Evento', 'com.haya.alaska.nivel_evento.domain.NivelEvento');
INSERT INTO `MSTR_CATALOGO_LIST` (`ID`, `IND_ACTIVO`, `DES_CODIGO`, `IND_MODIFICABLE`, `DES_NOMBRE`, `DES_PAQUETE`) VALUES (27, 1, 'opcionPermiso', 1, 'Opción Permiso', 'com.haya.alaska.opcion_permiso.domain.OpcionPermiso');
INSERT INTO `MSTR_CATALOGO_LIST` (`ID`, `IND_ACTIVO`, `DES_CODIGO`, `IND_MODIFICABLE`, `DES_NOMBRE`, `DES_PAQUETE`) VALUES (28, 1, 'origenAcuerdo', 1, 'Origen Acuerdo', 'com.haya.alaska.origen_acuerdo.domain.OrigenAcuerdo');
INSERT INTO `MSTR_CATALOGO_LIST` (`ID`, `IND_ACTIVO`, `DES_CODIGO`, `IND_MODIFICABLE`, `DES_NOMBRE`, `DES_PAQUETE`) VALUES (29, 1, 'pais', 1, 'Pais', 'com.haya.alaska.pais.domain.Pais');
INSERT INTO `MSTR_CATALOGO_LIST` (`ID`, `IND_ACTIVO`, `DES_CODIGO`, `IND_MODIFICABLE`, `DES_NOMBRE`, `DES_PAQUETE`) VALUES (30, 1, 'periodicidadLiquidacion', 1, 'Periodicidad Liquidacion', 'com.haya.alaska.periodicidad_liquidacion.domain.PeriodicidadLiquidacion');
INSERT INTO `MSTR_CATALOGO_LIST` (`ID`, `IND_ACTIVO`, `DES_CODIGO`, `IND_MODIFICABLE`, `DES_NOMBRE`, `DES_PAQUETE`) VALUES (31, 1, 'periodicidadAcuerdoPago', 0, 'Periodicidad Acuerdo Pago', 'com.haya.alaska.periodicidad_acuerdo_pago.domain.PeriodicidadAcuerdoPago');
INSERT INTO `MSTR_CATALOGO_LIST` (`ID`, `IND_ACTIVO`, `DES_CODIGO`, `IND_MODIFICABLE`, `DES_NOMBRE`, `DES_PAQUETE`) VALUES (32, 1, 'periodicidadEvento', 0, 'Periodicidad Evento', 'com.haya.alaska.periodicidad_evento.domain.PeriodicidadEvento');
INSERT INTO `MSTR_CATALOGO_LIST` (`ID`, `IND_ACTIVO`, `DES_CODIGO`, `IND_MODIFICABLE`, `DES_NOMBRE`, `DES_PAQUETE`) VALUES (33, 1, 'permiso', 1, 'Permiso', 'com.haya.alaska.permiso.domain.Permiso');
INSERT INTO `MSTR_CATALOGO_LIST` (`ID`, `IND_ACTIVO`, `DES_CODIGO`, `IND_MODIFICABLE`, `DES_NOMBRE`, `DES_PAQUETE`) VALUES (34, 1, 'provincia', 1, 'Provincia', 'com.haya.alaska.provincia.domain.Provincia');
INSERT INTO `MSTR_CATALOGO_LIST` (`ID`, `IND_ACTIVO`, `DES_CODIGO`, `IND_MODIFICABLE`, `DES_NOMBRE`, `DES_PAQUETE`) VALUES (35, 1, 'reoOrigen', 1, 'Reo Origen', 'com.haya.alaska.reo_origen.domain.ReoOrigen');
INSERT INTO `MSTR_CATALOGO_LIST` (`ID`, `IND_ACTIVO`, `DES_CODIGO`, `IND_MODIFICABLE`, `DES_NOMBRE`, `DES_PAQUETE`) VALUES (36, 1, 'resolucionPropuesta', 0, 'Resolución Propuesta', 'com.haya.alaska.resolucion_propuesta.domain.ResolucionPropuesta');
INSERT INTO `MSTR_CATALOGO_LIST` (`ID`, `IND_ACTIVO`, `DES_CODIGO`, `IND_MODIFICABLE`, `DES_NOMBRE`, `DES_PAQUETE`) VALUES (37, 1, 'resultadoEvento', 1, 'Resultado Evento', 'com.haya.alaska.resultado_evento.domain.ResultadoEvento');
INSERT INTO `MSTR_CATALOGO_LIST` (`ID`, `IND_ACTIVO`, `DES_CODIGO`, `IND_MODIFICABLE`, `DES_NOMBRE`, `DES_PAQUETE`) VALUES (38, 1, 'resultadoSubasta', 1, 'Resultado Subasta', 'com.haya.alaska.resultado_subasta.domain.ResultadoSubasta');
INSERT INTO `MSTR_CATALOGO_LIST` (`ID`, `IND_ACTIVO`, `DES_CODIGO`, `IND_MODIFICABLE`, `DES_NOMBRE`, `DES_PAQUETE`) VALUES (39, 1, 'rolHaya', 1, 'Rol Haya', 'com.haya.alaska.rol_haya.domain.RolHaya');
INSERT INTO `MSTR_CATALOGO_LIST` (`ID`, `IND_ACTIVO`, `DES_CODIGO`, `IND_MODIFICABLE`, `DES_NOMBRE`, `DES_PAQUETE`) VALUES (40, 1, 'sancionPropuesta', 0, 'Sanción Propuesta', 'com.haya.alaska.sancion_propuesta.domain.SancionPropuesta');
INSERT INTO `MSTR_CATALOGO_LIST` (`ID`, `IND_ACTIVO`, `DES_CODIGO`, `IND_MODIFICABLE`, `DES_NOMBRE`, `DES_PAQUETE`) VALUES (41, 1, 'sexo', 1, 'Sexo', 'com.haya.alaska.sexo.domain.Sexo');
INSERT INTO `MSTR_CATALOGO_LIST` (`ID`, `IND_ACTIVO`, `DES_CODIGO`, `IND_MODIFICABLE`, `DES_NOMBRE`, `DES_PAQUETE`) VALUES (42, 1, 'sistemaAmortizacion', 1, 'Sistema Amortización', 'com.haya.alaska.sistema_amortizacion.domain.SistemaAmortizacion');
INSERT INTO `MSTR_CATALOGO_LIST` (`ID`, `IND_ACTIVO`, `DES_CODIGO`, `IND_MODIFICABLE`, `DES_NOMBRE`, `DES_PAQUETE`) VALUES (43, 1, 'situacion', 1, 'Situacion', 'com.haya.alaska.situacion.domain.Situacion');
INSERT INTO `MSTR_CATALOGO_LIST` (`ID`, `IND_ACTIVO`, `DES_CODIGO`, `IND_MODIFICABLE`, `DES_NOMBRE`, `DES_PAQUETE`) VALUES (44, 1, 'subTipoBien', 1, 'Subtipo Bien', 'com.haya.alaska.sub_tipo_bien.domain.SubTipoBien');
INSERT INTO `MSTR_CATALOGO_LIST` (`ID`, `IND_ACTIVO`, `DES_CODIGO`, `IND_MODIFICABLE`, `DES_NOMBRE`, `DES_PAQUETE`) VALUES (45, 1, 'subtipoEstado', 1, 'Subtipo Estado', 'com.haya.alaska.subtipo_estado.domain.SubtipoEstado');
INSERT INTO `MSTR_CATALOGO_LIST` (`ID`, `IND_ACTIVO`, `DES_CODIGO`, `IND_MODIFICABLE`, `DES_NOMBRE`, `DES_PAQUETE`) VALUES (46, 1, 'subtipoEvento', 1, 'Subtipo Evento', 'com.haya.alaska.subtipo_evento.domain.SubtipoEvento');
INSERT INTO `MSTR_CATALOGO_LIST` (`ID`, `IND_ACTIVO`, `DES_CODIGO`, `IND_MODIFICABLE`, `DES_NOMBRE`, `DES_PAQUETE`) VALUES (47, 1, 'subtipoPropuesta', 1, 'Subtipo Propuesta', 'com.haya.alaska.subtipo_propuesta.domain.SubtipoPropuesta');
INSERT INTO `MSTR_CATALOGO_LIST` (`ID`, `IND_ACTIVO`, `DES_CODIGO`, `IND_MODIFICABLE`, `DES_NOMBRE`, `DES_PAQUETE`) VALUES (48, 1, 'tipoAcreedor', 1, 'Tipo Acreedor', 'com.haya.alaska.tipo_acreedor.domain.TipoAcreedor');
INSERT INTO `MSTR_CATALOGO_LIST` (`ID`, `IND_ACTIVO`, `DES_CODIGO`, `IND_MODIFICABLE`, `DES_NOMBRE`, `DES_PAQUETE`) VALUES (49, 1, 'tipoActivo', 0, 'Tipo Activo', 'com.haya.alaska.tipo_activo.domain.TipoActivo');
INSERT INTO `MSTR_CATALOGO_LIST` (`ID`, `IND_ACTIVO`, `DES_CODIGO`, `IND_MODIFICABLE`, `DES_NOMBRE`, `DES_PAQUETE`) VALUES (50, 1, 'tipoBien', 1, 'Tipo Bien', 'com.haya.alaska.tipo_bien.domain.TipoBien');
INSERT INTO `MSTR_CATALOGO_LIST` (`ID`, `IND_ACTIVO`, `DES_CODIGO`, `IND_MODIFICABLE`, `DES_NOMBRE`, `DES_PAQUETE`) VALUES (51, 1, 'tipoCarga', 1, 'Tipo Carga', 'com.haya.alaska.tipo_carga.domain.TipoCarga');
INSERT INTO `MSTR_CATALOGO_LIST` (`ID`, `IND_ACTIVO`, `DES_CODIGO`, `IND_MODIFICABLE`, `DES_NOMBRE`, `DES_PAQUETE`) VALUES (52, 1, 'tipoDocumento', 1, 'Tipo Documento', 'com.haya.alaska.tipo_documento.domain.TipoDocumento');
INSERT INTO `MSTR_CATALOGO_LIST` (`ID`, `IND_ACTIVO`, `DES_CODIGO`, `IND_MODIFICABLE`, `DES_NOMBRE`, `DES_PAQUETE`) VALUES (53, 1, 'tipoEstado', 1, 'Tipo Estado', 'com.haya.alaska.tipo_estado.domain.TipoEstado');
INSERT INTO `MSTR_CATALOGO_LIST` (`ID`, `IND_ACTIVO`, `DES_CODIGO`, `IND_MODIFICABLE`, `DES_NOMBRE`, `DES_PAQUETE`) VALUES (54, 1, 'tipoEvento', 1, 'Tipo Evento', 'com.haya.alaska.tipo_evento.domain.TipoEvento');
INSERT INTO `MSTR_CATALOGO_LIST` (`ID`, `IND_ACTIVO`, `DES_CODIGO`, `IND_MODIFICABLE`, `DES_NOMBRE`, `DES_PAQUETE`) VALUES (55, 1, 'tipoGarantia', 1, 'Tipo Garantia', 'com.haya.alaska.tipo_garantia.domain.TipoGarantia');
INSERT INTO `MSTR_CATALOGO_LIST` (`ID`, `IND_ACTIVO`, `DES_CODIGO`, `IND_MODIFICABLE`, `DES_NOMBRE`, `DES_PAQUETE`) VALUES (56, 1, 'tipoIntervencion', 1, 'Tipo Intervención', 'com.haya.alaska.tipo_intervencion.domain.TipoIntervencion');
INSERT INTO `MSTR_CATALOGO_LIST` (`ID`, `IND_ACTIVO`, `DES_CODIGO`, `IND_MODIFICABLE`, `DES_NOMBRE`, `DES_PAQUETE`) VALUES (57, 1, 'tipoMovimiento', 0, 'Tipo Movimiento', 'com.haya.alaska.tipo_movimiento.domain.TipoMovimiento');
INSERT INTO `MSTR_CATALOGO_LIST` (`ID`, `IND_ACTIVO`, `DES_CODIGO`, `IND_MODIFICABLE`, `DES_NOMBRE`, `DES_PAQUETE`) VALUES (58, 1, 'tipoOcupacion', 1, 'Tipo Ocupación', 'com.haya.alaska.tipo_ocupacion.domain.TipoOcupacion');
INSERT INTO `MSTR_CATALOGO_LIST` (`ID`, `IND_ACTIVO`, `DES_CODIGO`, `IND_MODIFICABLE`, `DES_NOMBRE`, `DES_PAQUETE`) VALUES (59, 1, 'tipoPrestacion', 1, 'Tipo Prestación', 'com.haya.alaska.tipo_prestacion.domain.TipoPrestacion');
INSERT INTO `MSTR_CATALOGO_LIST` (`ID`, `IND_ACTIVO`, `DES_CODIGO`, `IND_MODIFICABLE`, `DES_NOMBRE`, `DES_PAQUETE`) VALUES (60, 1, 'tipoProcedimietno', 1, 'Tipo Procedimiento', 'com.haya.alaska.tipo_procedimiento.domain.TipoProcedimietno');
INSERT INTO `MSTR_CATALOGO_LIST` (`ID`, `IND_ACTIVO`, `DES_CODIGO`, `IND_MODIFICABLE`, `DES_NOMBRE`, `DES_PAQUETE`) VALUES (61, 1, 'tipoPropuesta', 1, 'Tipo Propuesta', 'com.haya.alaska.tipo_propuesta.domain.TipoPropuesta');
INSERT INTO `MSTR_CATALOGO_LIST` (`ID`, `IND_ACTIVO`, `DES_CODIGO`, `IND_MODIFICABLE`, `DES_NOMBRE`, `DES_PAQUETE`) VALUES (62, 1, 'tipoReestructuracion', 1, 'Tipo Reestructuración', 'com.haya.alaska.tipo_reestructuracion.domain.TipoReestructuracion');
INSERT INTO `MSTR_CATALOGO_LIST` (`ID`, `IND_ACTIVO`, `DES_CODIGO`, `IND_MODIFICABLE`, `DES_NOMBRE`, `DES_PAQUETE`) VALUES (63, 1, 'tipoTasacion', 1, 'Tipo Tasación', 'com.haya.alaska.tipo_tasacion.domain.TipoTasacion');
INSERT INTO `MSTR_CATALOGO_LIST` (`ID`, `IND_ACTIVO`, `DES_CODIGO`, `IND_MODIFICABLE`, `DES_NOMBRE`, `DES_PAQUETE`) VALUES (64, 1, 'tipoValoracion', 1, 'Tipo Valoración', 'com.haya.alaska.tipo_valoracion.domain.TipoValoracion');
INSERT INTO `MSTR_CATALOGO_LIST` (`ID`, `IND_ACTIVO`, `DES_CODIGO`, `IND_MODIFICABLE`, `DES_NOMBRE`, `DES_PAQUETE`) VALUES (65, 1, 'tipoVia', 1, 'Tipo Via', 'com.haya.alaska.tipo_via.domain.TipoVia');
INSERT INTO `MSTR_CATALOGO_LIST` (`ID`, `IND_ACTIVO`, `DES_CODIGO`, `IND_MODIFICABLE`, `DES_NOMBRE`, `DES_PAQUETE`) VALUES (66, 1, 'tratamientoReo', 1, 'Tratamiento Reo', 'com.haya.alaska.tratamiento_reo.domain.TratamientoReo');
INSERT INTO `MSTR_CATALOGO_LIST` (`ID`, `IND_ACTIVO`, `DES_CODIGO`, `IND_MODIFICABLE`, `DES_NOMBRE`, `DES_PAQUETE`) VALUES (67, 1, 'uso', 1, 'Uso', 'com.haya.alaska.uso.domain.Uso');
INSERT INTO `MSTR_CATALOGO_LIST` (`ID`, `IND_ACTIVO`, `DES_CODIGO`, `IND_MODIFICABLE`, `DES_NOMBRE`, `DES_PAQUETE`) VALUES (68, 1, 'vulnerabilidad', 1, 'Vulnerabilidad', 'com.haya.alaska.vulnerabilidad.domain.Vulnerabilidad');
INSERT INTO `MSTR_CATALOGO_LIST` (`ID`, `IND_ACTIVO`, `DES_CODIGO`, `IND_MODIFICABLE`, `DES_NOMBRE`, `DES_PAQUETE`) VALUES (69, 1, 'tipoEstrategia', 1, 'Tipo Estrategia', 'com.haya.alaska.tipo_estrategia.domain.TipoEstrategia');
INSERT INTO `MSTR_CATALOGO_LIST` (`ID`, `IND_ACTIVO`, `DES_CODIGO`, `IND_MODIFICABLE`, `DES_NOMBRE`, `DES_PAQUETE`) VALUES (70, 1, 'origenEstrategia', 1, 'Origen Estrategia', 'com.haya.alaska.origen_estrategia.domain.OrigenEstrategia');
INSERT INTO `MSTR_CATALOGO_LIST` (`ID`, `IND_ACTIVO`, `DES_CODIGO`, `IND_MODIFICABLE`, `DES_NOMBRE`, `DES_PAQUETE`) VALUES (71, 1, 'periodoEstrategia', 1, 'Periodo Estrategia', 'com.haya.alaska.periodo_estrategia.domain.PeriodoEstrategia');
INSERT INTO `MSTR_CATALOGO_LIST` (`ID`, `IND_ACTIVO`, `DES_CODIGO`, `IND_MODIFICABLE`, `DES_NOMBRE`, `DES_PAQUETE`) VALUES (72, 1, 'estimacionCumplida', 1, 'Estimacion Cumplida', 'com.haya.alaska.estimacion_cumplida.domain.EstimacionCumplida');
INSERT INTO `MSTR_CATALOGO_LIST` (`ID`, `IND_ACTIVO`, `DES_CODIGO`, `IND_MODIFICABLE`, `DES_NOMBRE`, `DES_PAQUETE`) VALUES (73, 1, 'subtipoGestor', 1, 'Subtipo Gestor', 'com.haya.alaska.subtipo_gestor.domain.SubtipoGestor');
INSERT INTO `MSTR_CATALOGO_LIST` (`ID`, `IND_ACTIVO`, `DES_CODIGO`, `IND_MODIFICABLE`, `DES_NOMBRE`, `DES_PAQUETE`) VALUES (74, 1, 'plazo', 1, 'Plazo', 'com.haya.alaska.plazo.domain.Plazo');
INSERT INTO `MSTR_CATALOGO_LIST` (`ID`, `IND_ACTIVO`, `DES_CODIGO`, `IND_MODIFICABLE`, `DES_NOMBRE`, `DES_PAQUETE`) VALUES (75, 1, 'periodo', 1, 'Periodo', 'com.haya.alaska.periodo.domain.Periodo');
INSERT INTO `MSTR_CATALOGO_LIST` (`ID`, `IND_ACTIVO`, `DES_CODIGO`, `IND_MODIFICABLE`, `DES_NOMBRE`, `DES_PAQUETE`) VALUES (76, 1, 'finalizar', 1, 'Finalizar', 'com.haya.alaska.periodo.domain.Finalizar');

INSERT INTO `LKUP_TRATAMIENTO_REO` (`ID`, `IND_ACTIVO`, `DES_CODIGO`, `DES_VALOR`) VALUES (1, 1, 'R', 'REM');
INSERT INTO `LKUP_TRATAMIENTO_REO` (`ID`, `IND_ACTIVO`, `DES_CODIGO`, `DES_VALOR`) VALUES (2, 1, 'NR', 'No REM');
INSERT INTO `LKUP_TRATAMIENTO_REO` (`ID`, `IND_ACTIVO`, `DES_CODIGO`, `DES_VALOR`) VALUES (3, 1, 'SR', 'Si REM');

INSERT INTO `LKUP_FACTURACION_CARTERA` (`ID`, `IND_ACTIVO`, `DES_CODIGO`, `DES_VALOR`) VALUES (1, 1, 'C', 'Cobro');
INSERT INTO `LKUP_FACTURACION_CARTERA` (`ID`, `IND_ACTIVO`, `DES_CODIGO`, `DES_VALOR`) VALUES (2, 1, 'R', 'Refinanciación');
INSERT INTO `LKUP_FACTURACION_CARTERA` (`ID`, `IND_ACTIVO`, `DES_CODIGO`, `DES_VALOR`) VALUES (3, 1, 'P', 'Propuesta');

INSERT INTO `LKUP_REO_ORIGEN` (`ID`, `IND_ACTIVO`, `DES_CODIGO`, `DES_VALOR`) VALUES (1, 1, 'A', 'Adjudicacion Judicial');
INSERT INTO `LKUP_REO_ORIGEN` (`ID`, `IND_ACTIVO`, `DES_CODIGO`, `DES_VALOR`) VALUES (2, 1, 'D', 'Dación');
INSERT INTO `LKUP_REO_ORIGEN` (`ID`, `IND_ACTIVO`, `DES_CODIGO`, `DES_VALOR`) VALUES (3, 1, 'C', 'Compraventa');

INSERT INTO `LKUP_ESTADO_OCUPACION` (`ID`, `IND_ACTIVO`, `DES_CODIGO`, `DES_VALOR`) VALUES (1, 1, 'OL', 'Ocupación legal');
INSERT INTO `LKUP_ESTADO_OCUPACION` (`ID`, `IND_ACTIVO`, `DES_CODIGO`, `DES_VALOR`) VALUES (2, 1, 'OI', 'Ocupación ilegal');
INSERT INTO `LKUP_ESTADO_OCUPACION` (`ID`, `IND_ACTIVO`, `DES_CODIGO`, `DES_VALOR`) VALUES (3, 1, 'V', 'Vacío');

INSERT INTO `LKUP_SUBTIPO_GESTOR` (`ID`, `IND_ACTIVO`, `DES_CODIGO`, `DES_VALOR`) VALUES (1, 1, 'P', 'Gestor Presencial');
INSERT INTO `LKUP_SUBTIPO_GESTOR` (`ID`, `IND_ACTIVO`, `DES_CODIGO`, `DES_VALOR`) VALUES (2, 1, 'C', 'Gestor Central');
INSERT INTO `LKUP_SUBTIPO_GESTOR` (`ID`, `IND_ACTIVO`, `DES_CODIGO`, `DES_VALOR`) VALUES (3, 1, 'E', 'Gestor Especialista');
INSERT INTO `LKUP_SUBTIPO_GESTOR` (`ID`, `IND_ACTIVO`, `DES_CODIGO`, `DES_VALOR`) VALUES (4, 1, 'T', 'Gestor Telefónico');
