/* MODOS GESTIÓN */

INSERT INTO `LKUP_TIPO_ESTADO` (`ID`, `IND_ACTIVO`, `DES_CODIGO`, `DES_VALOR`) VALUES (1, 1, '01', 'Pendiente de gestión');
INSERT INTO `LKUP_TIPO_ESTADO` (`ID`, `IND_ACTIVO`, `DES_CODIGO`, `DES_VALOR`) VALUES (2, 1, '02', 'Contactado');
INSERT INTO `LKUP_TIPO_ESTADO` (`ID`, `IND_ACTIVO`, `DES_CODIGO`, `DES_VALOR`) VALUES (3, 1, '03', 'Sin contacto');
INSERT INTO `LKUP_TIPO_ESTADO` (`ID`, `IND_ACTIVO`, `DES_CODIGO`, `DES_VALOR`) VALUES (4, 1, '04', 'Incidencia legal');
INSERT INTO `LKUP_TIPO_ESTADO` (`ID`, `IND_ACTIVO`, `DES_CODIGO`, `DES_VALOR`) VALUES (5, 1, '05', 'Cerrado');

INSERT INTO `LKUP_SUBTIPO_ESTADO` (`ID`, `IND_ACTIVO`, `DES_CODIGO`, `DES_VALOR`, `ID_TIPO_ESTADO`, `ID_TIPO_SUBESTADO`) VALUES (1, 1, '01', 'Pendiente de gestión', 1, 1);
INSERT INTO `LKUP_SUBTIPO_ESTADO` (`ID`, `IND_ACTIVO`, `DES_CODIGO`, `DES_VALOR`, `ID_TIPO_ESTADO`, `ID_TIPO_SUBESTADO`) VALUES (2, 1, '02', 'Cooperativo', 2, 2);
INSERT INTO `LKUP_SUBTIPO_ESTADO` (`ID`, `IND_ACTIVO`, `DES_CODIGO`, `DES_VALOR`, `ID_TIPO_ESTADO`, `ID_TIPO_SUBESTADO`) VALUES (3, 1, '03', 'No cooperativo', 2, 2);
INSERT INTO `LKUP_SUBTIPO_ESTADO` (`ID`, `IND_ACTIVO`, `DES_CODIGO`, `DES_VALOR`, `ID_TIPO_ESTADO`, `ID_TIPO_SUBESTADO`) VALUES (4, 1, '04', 'En negociación', 2, 2);
INSERT INTO `LKUP_SUBTIPO_ESTADO` (`ID`, `IND_ACTIVO`, `DES_CODIGO`, `DES_VALOR`, `ID_TIPO_ESTADO`, `ID_TIPO_SUBESTADO`) VALUES (5, 1, '05', 'Palanca en curso', 2, 2);
INSERT INTO `LKUP_SUBTIPO_ESTADO` (`ID`, `IND_ACTIVO`, `DES_CODIGO`, `DES_VALOR`, `ID_TIPO_ESTADO`, `ID_TIPO_SUBESTADO`) VALUES (6, 1, '06', 'No contactado', 3, 3);
INSERT INTO `LKUP_SUBTIPO_ESTADO` (`ID`, `IND_ACTIVO`, `DES_CODIGO`, `DES_VALOR`, `ID_TIPO_ESTADO`, `ID_TIPO_SUBESTADO`) VALUES (7, 1, '07', 'Ilocalizado', 3, 3);
INSERT INTO `LKUP_SUBTIPO_ESTADO` (`ID`, `IND_ACTIVO`, `DES_CODIGO`, `DES_VALOR`, `ID_TIPO_ESTADO`, `ID_TIPO_SUBESTADO`) VALUES (8, 1, '08', 'Fallecido', 3, 3);


/* PROPUESTAS/FORMALIZACIÓN */

INSERT INTO `LKUP_CLASE_PROPUESTA` (`ID`, `IND_ACTIVO`, `DES_CODIGO`, `DES_VALOR`) VALUES (1, 1, 'G', 'GESTIÓN');
INSERT INTO `LKUP_CLASE_PROPUESTA` (`ID`, `IND_ACTIVO`, `DES_CODIGO`, `DES_VALOR`) VALUES (2, 1, 'R', 'RESOLUCIÓN');

INSERT INTO `LKUP_TIPO_PROPUESTA` (`ID`, `IND_ACTIVO`, `DES_CODIGO`, `DES_VALOR`) VALUES (3, 1, 'C', 'Cancelación');
INSERT INTO `LKUP_TIPO_PROPUESTA` (`ID`, `IND_ACTIVO`, `DES_CODIGO`, `DES_VALOR`) VALUES (4, 1, 'D', 'Dación');
INSERT INTO `LKUP_TIPO_PROPUESTA` (`ID`, `IND_ACTIVO`, `DES_CODIGO`, `DES_VALOR`) VALUES (5, 1, 'R', 'Refinanciación');
INSERT INTO `LKUP_TIPO_PROPUESTA` (`ID`, `IND_ACTIVO`, `DES_CODIGO`, `DES_VALOR`) VALUES (6, 1, 'VC', 'Venta consensuada');
INSERT INTO `LKUP_TIPO_PROPUESTA` (`ID`, `IND_ACTIVO`, `DES_CODIGO`, `DES_VALOR`) VALUES (7, 1, 'RE', 'Reactivación');

INSERT INTO `LKUP_SUBTIPO_PROPUESTA` (`ID`, `IND_ACTIVO`, `DES_CODIGO`, `DES_VALOR`, `ID_TIPO_PROPUESTA`, `IND_FORMALIZACION`, `IND_PBC`) VALUES (3, 1, 'C1', 'Parcial con quita un pago', 3, 1, 1);
INSERT INTO `LKUP_SUBTIPO_PROPUESTA` (`ID`, `IND_ACTIVO`, `DES_CODIGO`, `DES_VALOR`, `ID_TIPO_PROPUESTA`, `IND_FORMALIZACION`, `IND_PBC`) VALUES (4, 1, 'C2', 'Parcial con quita con acuerdo de pagos', 3, 1, 1);
INSERT INTO `LKUP_SUBTIPO_PROPUESTA` (`ID`, `IND_ACTIVO`, `DES_CODIGO`, `DES_VALOR`, `ID_TIPO_PROPUESTA`, `IND_FORMALIZACION`, `IND_PBC`) VALUES (5, 1, 'C3', 'Total con quita un pago', 3, 1, 1);
INSERT INTO `LKUP_SUBTIPO_PROPUESTA` (`ID`, `IND_ACTIVO`, `DES_CODIGO`, `DES_VALOR`, `ID_TIPO_PROPUESTA`, `IND_FORMALIZACION`, `IND_PBC`) VALUES (6, 1, 'C4', 'Total con quita con acuerdo de pagos', 3, 1, 1);
INSERT INTO `LKUP_SUBTIPO_PROPUESTA` (`ID`, `IND_ACTIVO`, `DES_CODIGO`, `DES_VALOR`, `ID_TIPO_PROPUESTA`, `IND_FORMALIZACION`, `IND_PBC`) VALUES (7, 1, 'C5', 'Liberar interviniente', 3, 1, 1);
INSERT INTO `LKUP_SUBTIPO_PROPUESTA` (`ID`, `IND_ACTIVO`, `DES_CODIGO`, `DES_VALOR`, `ID_TIPO_PROPUESTA`, `IND_FORMALIZACION`, `IND_PBC`) VALUES (8, 1, 'C6', 'Liberar garantía', 3, 1, 1);
INSERT INTO `LKUP_SUBTIPO_PROPUESTA` (`ID`, `IND_ACTIVO`, `DES_CODIGO`, `DES_VALOR`, `ID_TIPO_PROPUESTA`, `IND_FORMALIZACION`, `IND_PBC`) VALUES (9, 1, 'C7', 'Campaña', 3, 1, 1);
INSERT INTO `LKUP_SUBTIPO_PROPUESTA` (`ID`, `IND_ACTIVO`, `DES_CODIGO`, `DES_VALOR`, `ID_TIPO_PROPUESTA`, `IND_FORMALIZACION`, `IND_PBC`) VALUES (10, 1, 'D1', 'Con condonación total', 4, 1, 0);
INSERT INTO `LKUP_SUBTIPO_PROPUESTA` (`ID`, `IND_ACTIVO`, `DES_CODIGO`, `DES_VALOR`, `ID_TIPO_PROPUESTA`, `IND_FORMALIZACION`, `IND_PBC`) VALUES (11, 1, 'D2', 'Con condonación parcial', 4, 1, 0);
INSERT INTO `LKUP_SUBTIPO_PROPUESTA` (`ID`, `IND_ACTIVO`, `DES_CODIGO`, `DES_VALOR`, `ID_TIPO_PROPUESTA`, `IND_FORMALIZACION`, `IND_PBC`) VALUES (12, 1, 'D3', 'Parcial algunas garantías', 4, 1, 0);
INSERT INTO `LKUP_SUBTIPO_PROPUESTA` (`ID`, `IND_ACTIVO`, `DES_CODIGO`, `DES_VALOR`, `ID_TIPO_PROPUESTA`, `IND_FORMALIZACION`, `IND_PBC`) VALUES (13, 1, 'D4', 'Real Decreto', 4, 1, 0);
INSERT INTO `LKUP_SUBTIPO_PROPUESTA` (`ID`, `IND_ACTIVO`, `DES_CODIGO`, `DES_VALOR`, `ID_TIPO_PROPUESTA`, `IND_FORMALIZACION`, `IND_PBC`) VALUES (14, 1, 'D5', 'Campaña', 4, 1, 0);
INSERT INTO `LKUP_SUBTIPO_PROPUESTA` (`ID`, `IND_ACTIVO`, `DES_CODIGO`, `DES_VALOR`, `ID_TIPO_PROPUESTA`, `IND_FORMALIZACION`, `IND_PBC`) VALUES (15, 1, 'R1', 'Total/Normal', 5, 1, 0);
INSERT INTO `LKUP_SUBTIPO_PROPUESTA` (`ID`, `IND_ACTIVO`, `DES_CODIGO`, `DES_VALOR`, `ID_TIPO_PROPUESTA`, `IND_FORMALIZACION`, `IND_PBC`) VALUES (16, 1, 'R2', 'Con quita con acuerdo de pagos', 5, 1, 0);
INSERT INTO `LKUP_SUBTIPO_PROPUESTA` (`ID`, `IND_ACTIVO`, `DES_CODIGO`, `DES_VALOR`, `ID_TIPO_PROPUESTA`, `IND_FORMALIZACION`, `IND_PBC`) VALUES (17, 1, 'R3', 'Liberar interviniente', 5, 1, 0);
INSERT INTO `LKUP_SUBTIPO_PROPUESTA` (`ID`, `IND_ACTIVO`, `DES_CODIGO`, `DES_VALOR`, `ID_TIPO_PROPUESTA`, `IND_FORMALIZACION`, `IND_PBC`) VALUES (18, 1, 'R4', 'Liberar garantía', 5, 1, 0);
INSERT INTO `LKUP_SUBTIPO_PROPUESTA` (`ID`, `IND_ACTIVO`, `DES_CODIGO`, `DES_VALOR`, `ID_TIPO_PROPUESTA`, `IND_FORMALIZACION`, `IND_PBC`) VALUES (19, 1, 'R5', 'Real Decreto', 5, 1, 0);
INSERT INTO `LKUP_SUBTIPO_PROPUESTA` (`ID`, `IND_ACTIVO`, `DES_CODIGO`, `DES_VALOR`, `ID_TIPO_PROPUESTA`, `IND_FORMALIZACION`, `IND_PBC`) VALUES (20, 1, 'R6', 'Campaña', 5, 1, 0);
INSERT INTO `LKUP_SUBTIPO_PROPUESTA` (`ID`, `IND_ACTIVO`, `DES_CODIGO`, `DES_VALOR`, `ID_TIPO_PROPUESTA`, `IND_FORMALIZACION`, `IND_PBC`) VALUES (21, 1, 'VC1', 'Publicación por Documento privado', 6, 1, 1);
INSERT INTO `LKUP_SUBTIPO_PROPUESTA` (`ID`, `IND_ACTIVO`, `DES_CODIGO`, `DES_VALOR`, `ID_TIPO_PROPUESTA`, `IND_FORMALIZACION`, `IND_PBC`) VALUES (22, 1, 'VC2', 'Publicación por POAs', 6, 1, 1);
INSERT INTO `LKUP_SUBTIPO_PROPUESTA` (`ID`, `IND_ACTIVO`, `DES_CODIGO`, `DES_VALOR`, `ID_TIPO_PROPUESTA`, `IND_FORMALIZACION`, `IND_PBC`) VALUES (23, 1, 'VC3', 'Publicación por PDV', 6, 1, 1);
INSERT INTO `LKUP_SUBTIPO_PROPUESTA` (`ID`, `IND_ACTIVO`, `DES_CODIGO`, `DES_VALOR`, `ID_TIPO_PROPUESTA`, `IND_FORMALIZACION`, `IND_PBC`) VALUES (24, 1, 'VC4', 'Venta de colateral', 6, 1, 1);
INSERT INTO `LKUP_SUBTIPO_PROPUESTA` (`ID`, `IND_ACTIVO`, `DES_CODIGO`, `DES_VALOR`, `ID_TIPO_PROPUESTA`, `IND_FORMALIZACION`, `IND_PBC`) VALUES (25, 1, 'RE1', 'Parcial con quita un pago', 7, 0, 0);
INSERT INTO `LKUP_SUBTIPO_PROPUESTA` (`ID`, `IND_ACTIVO`, `DES_CODIGO`, `DES_VALOR`, `ID_TIPO_PROPUESTA`, `IND_FORMALIZACION`, `IND_PBC`) VALUES (26, 1, 'RE2', 'Parcial con quita con acuerdo de pagos', 7, 0, 0);
INSERT INTO `LKUP_SUBTIPO_PROPUESTA` (`ID`, `IND_ACTIVO`, `DES_CODIGO`, `DES_VALOR`, `ID_TIPO_PROPUESTA`, `IND_FORMALIZACION`, `IND_PBC`) VALUES (27, 1, 'RE3', 'Total con quita un pago', 7, 0, 0);
INSERT INTO `LKUP_SUBTIPO_PROPUESTA` (`ID`, `IND_ACTIVO`, `DES_CODIGO`, `DES_VALOR`, `ID_TIPO_PROPUESTA`, `IND_FORMALIZACION`, `IND_PBC`) VALUES (28, 1, 'RE4', 'Total con quita con acuerdo de pagos', 7, 0, 0);
INSERT INTO `LKUP_SUBTIPO_PROPUESTA` (`ID`, `IND_ACTIVO`, `DES_CODIGO`, `DES_VALOR`, `ID_TIPO_PROPUESTA`, `IND_FORMALIZACION`, `IND_PBC`) VALUES (29, 1, 'RE5', 'Enervación con quita un pago', 7, 0, 0);
INSERT INTO `LKUP_SUBTIPO_PROPUESTA` (`ID`, `IND_ACTIVO`, `DES_CODIGO`, `DES_VALOR`, `ID_TIPO_PROPUESTA`, `IND_FORMALIZACION`, `IND_PBC`) VALUES (30, 1, 'RE6', 'Enervación con quita con acuerdo de pago', 7, 0, 0);
INSERT INTO `LKUP_SUBTIPO_PROPUESTA` (`ID`, `IND_ACTIVO`, `DES_CODIGO`, `DES_VALOR`, `ID_TIPO_PROPUESTA`, `IND_FORMALIZACION`, `IND_PBC`) VALUES (31, 1, 'RE7', 'Campaña', 7, 0, 0);

INSERT INTO `LKUP_ESTADO_PROPUESTA` (`ID`, `IND_ACTIVO`, `DES_CODIGO`, `DES_VALOR`) VALUES (1, 1, 'EST', 'En Estudio');
INSERT INTO `LKUP_ESTADO_PROPUESTA` (`ID`, `IND_ACTIVO`, `DES_CODIGO`, `DES_VALOR`) VALUES (2, 1, 'PDP', 'Pendiente Documentacion Propuesta');
INSERT INTO `LKUP_ESTADO_PROPUESTA` (`ID`, `IND_ACTIVO`, `DES_CODIGO`, `DES_VALOR`) VALUES (3, 1, 'PSU', 'Pendiente Supervisor');
INSERT INTO `LKUP_ESTADO_PROPUESTA` (`ID`, `IND_ACTIVO`, `DES_CODIGO`, `DES_VALOR`) VALUES (4, 1, 'PRC', 'Pendiente Responsable Cartera');
INSERT INTO `LKUP_ESTADO_PROPUESTA` (`ID`, `IND_ACTIVO`, `DES_CODIGO`, `DES_VALOR`) VALUES (5, 1, 'PCL', 'Pendiente Cliente');
INSERT INTO `LKUP_ESTADO_PROPUESTA` (`ID`, `IND_ACTIVO`, `DES_CODIGO`, `DES_VALOR`) VALUES (6, 1, 'PGE', 'Pendiente Gestor');
INSERT INTO `LKUP_ESTADO_PROPUESTA` (`ID`, `IND_ACTIVO`, `DES_CODIGO`, `DES_VALOR`) VALUES (7, 1, 'PDF', 'Pendiente Documentacion Firma');
INSERT INTO `LKUP_ESTADO_PROPUESTA` (`ID`, `IND_ACTIVO`, `DES_CODIGO`, `DES_VALOR`) VALUES (8, 1, 'PDFP', 'Pendiente Documentacion Firma + PBC');
INSERT INTO `LKUP_ESTADO_PROPUESTA` (`ID`, `IND_ACTIVO`, `DES_CODIGO`, `DES_VALOR`) VALUES (9, 1, 'PFI', 'Pendiente Firma');
INSERT INTO `LKUP_ESTADO_PROPUESTA` (`ID`, `IND_ACTIVO`, `DES_CODIGO`, `DES_VALOR`) VALUES (10, 1, 'FOR', 'Formalizada');
INSERT INTO `LKUP_ESTADO_PROPUESTA` (`ID`, `IND_ACTIVO`, `DES_CODIGO`, `DES_VALOR`) VALUES (11, 1, 'DEN', 'Denegada');
INSERT INTO `LKUP_ESTADO_PROPUESTA` (`ID`, `IND_ACTIVO`, `DES_CODIGO`, `DES_VALOR`) VALUES (12, 1, 'DES', 'Desistida');
INSERT INTO `LKUP_ESTADO_PROPUESTA` (`ID`, `IND_ACTIVO`, `DES_CODIGO`, `DES_VALOR`) VALUES (13, 1, 'CAD', 'Caducada');
INSERT INTO `LKUP_ESTADO_PROPUESTA` (`ID`, `IND_ACTIVO`, `DES_CODIGO`, `DES_VALOR`) VALUES (14, 1, 'ANU', 'Anulada');

INSERT INTO `LKUP_SANCION_PROPUESTA` (`ID`, `IND_ACTIVO`, `DES_CODIGO`, `DES_VALOR`) VALUES (1, 1, 'PEN', 'Pendiente');
INSERT INTO `LKUP_SANCION_PROPUESTA` (`ID`, `IND_ACTIVO`, `DES_CODIGO`, `DES_VALOR`) VALUES (2, 1, 'AUT', 'Autorizada');
INSERT INTO `LKUP_SANCION_PROPUESTA` (`ID`, `IND_ACTIVO`, `DES_CODIGO`, `DES_VALOR`) VALUES (3, 1, 'DEN', 'Denegada');
INSERT INTO `LKUP_SANCION_PROPUESTA` (`ID`, `IND_ACTIVO`, `DES_CODIGO`, `DES_VALOR`) VALUES (4, 1, 'DEV', 'Devuelta');

INSERT INTO `LKUP_RESOLUCION_PROPUESTA` (`ID`, `IND_ACTIVO`, `DES_CODIGO`, `DES_VALOR`) VALUES (1, 1, 'F', 'Formalizada');
INSERT INTO `LKUP_RESOLUCION_PROPUESTA` (`ID`, `IND_ACTIVO`, `DES_CODIGO`, `DES_VALOR`) VALUES (2, 1, 'R', 'Rechazada');
INSERT INTO `LKUP_RESOLUCION_PROPUESTA` (`ID`, `IND_ACTIVO`, `DES_CODIGO`, `DES_VALOR`) VALUES (3, 1, 'I', 'Incidencia');
INSERT INTO `LKUP_RESOLUCION_PROPUESTA` (`ID`, `IND_ACTIVO`, `DES_CODIGO`, `DES_VALOR`) VALUES (4, 1, 'P', 'Paralizada');


/* ACUERDOS DE PAGO */

INSERT INTO `LKUP_PERIODICIDAD_ACUERDO_PAGO` (`ID`, `IND_ACTIVO`, `DES_CODIGO`, `DES_VALOR`) VALUES (1, 1, 'M', 'MENSUAL');
INSERT INTO `LKUP_PERIODICIDAD_ACUERDO_PAGO` (`ID`, `IND_ACTIVO`, `DES_CODIGO`, `DES_VALOR`) VALUES (2, 1, 'T', 'TRIMESTRAL');
INSERT INTO `LKUP_PERIODICIDAD_ACUERDO_PAGO` (`ID`, `IND_ACTIVO`, `DES_CODIGO`, `DES_VALOR`) VALUES (3, 1, 'S', 'SEMESTRAL');
INSERT INTO `LKUP_PERIODICIDAD_ACUERDO_PAGO` (`ID`, `IND_ACTIVO`, `DES_CODIGO`, `DES_VALOR`) VALUES (4, 1, 'A', 'ANUAL');
INSERT INTO `LKUP_PERIODICIDAD_ACUERDO_PAGO` (`ID`, `IND_ACTIVO`, `DES_CODIGO`, `DES_VALOR`) VALUES (5, 1, 'C', 'CUADRO MANUAL');

INSERT INTO `LKUP_ORIGEN_ACUERDO` (`ID`, `IND_ACTIVO`, `DES_CODIGO`, `DES_VALOR`) VALUES (1, 1, 'P', 'PROPUESTA');
INSERT INTO `LKUP_ORIGEN_ACUERDO` (`ID`, `IND_ACTIVO`, `DES_CODIGO`, `DES_VALOR`) VALUES (2, 1, 'N', 'NEGOCIACION DE PAGO');


/* ESTIMACIONES */

INSERT INTO `LKUP_INTERVALO_ESTIMACION` (`ID`, `IND_ACTIVO`, `DES_CODIGO`, `DES_VALOR`) VALUES (1, 1, '1', 'Fecha');
INSERT INTO `LKUP_INTERVALO_ESTIMACION` (`ID`, `IND_ACTIVO`, `DES_CODIGO`, `DES_VALOR`) VALUES (2, 1, '30', 'Mes');
INSERT INTO `LKUP_INTERVALO_ESTIMACION` (`ID`, `IND_ACTIVO`, `DES_CODIGO`, `DES_VALOR`) VALUES (3, 1, '90', 'Trimestre');
INSERT INTO `LKUP_INTERVALO_ESTIMACION` (`ID`, `IND_ACTIVO`, `DES_CODIGO`, `DES_VALOR`) VALUES (4, 1, '180', 'Semestre');
INSERT INTO `LKUP_INTERVALO_ESTIMACION` (`ID`, `IND_ACTIVO`, `DES_CODIGO`, `DES_VALOR`) VALUES (5, 1, '365', 'Año');


/* AGENDA */

INSERT INTO `LKUP_CLASE_EVENTO` (`ID`, `IND_ACTIVO`, `DES_CODIGO`, `DES_VALOR`) VALUES (1, 1, 'ACC', 'Acción');
INSERT INTO `LKUP_CLASE_EVENTO` (`ID`, `IND_ACTIVO`, `DES_CODIGO`, `DES_VALOR`) VALUES (2, 1, 'ALE', 'Alerta');
INSERT INTO `LKUP_CLASE_EVENTO` (`ID`, `IND_ACTIVO`, `DES_CODIGO`, `DES_VALOR`) VALUES (3, 1, 'ACT', 'Actividad');
INSERT INTO `LKUP_CLASE_EVENTO` (`ID`, `IND_ACTIVO`, `DES_CODIGO`, `DES_VALOR`) VALUES (4, 1, 'COM', 'Comunicación');

INSERT INTO `LKUP_ESTADO_EVENTO` (`ID`, `IND_ACTIVO`, `DES_CODIGO`, `DES_VALOR`) VALUES (1, 1, 'PEN', 'Pendiente');
INSERT INTO `LKUP_ESTADO_EVENTO` (`ID`, `IND_ACTIVO`, `DES_CODIGO`, `DES_VALOR`) VALUES (2, 1, 'PRO', 'En Proceso');
INSERT INTO `LKUP_ESTADO_EVENTO` (`ID`, `IND_ACTIVO`, `DES_CODIGO`, `DES_VALOR`) VALUES (3, 1, 'REA', 'Realizado');
INSERT INTO `LKUP_ESTADO_EVENTO` (`ID`, `IND_ACTIVO`, `DES_CODIGO`, `DES_VALOR`) VALUES (4, 1, 'NREA', 'No Realizado');

INSERT INTO `LKUP_IMPORTANCIA_EVENTO` (`ID`, `IND_ACTIVO`, `DES_CODIGO`, `DES_VALOR`) VALUES (1, 1, 'BAJ', 'Baja');
INSERT INTO `LKUP_IMPORTANCIA_EVENTO` (`ID`, `IND_ACTIVO`, `DES_CODIGO`, `DES_VALOR`) VALUES (2, 1, 'MED', 'Media');
INSERT INTO `LKUP_IMPORTANCIA_EVENTO` (`ID`, `IND_ACTIVO`, `DES_CODIGO`, `DES_VALOR`) VALUES (3, 1, 'ALT', 'Alta');

INSERT INTO `LKUP_NIVEL_EVENTO` (`ID`, `IND_ACTIVO`, `DES_CODIGO`, `DES_VALOR`) VALUES (1, 1, 'EXP', 'Expediente (Gestión Amistosa/Posesión Negociada)');
INSERT INTO `LKUP_NIVEL_EVENTO` (`ID`, `IND_ACTIVO`, `DES_CODIGO`, `DES_VALOR`) VALUES (2, 1, 'CON', 'Contrato');
INSERT INTO `LKUP_NIVEL_EVENTO` (`ID`, `IND_ACTIVO`, `DES_CODIGO`, `DES_VALOR`) VALUES (3, 1, 'BIEN', 'Bien (Garantia/Solvencias)');
INSERT INTO `LKUP_NIVEL_EVENTO` (`ID`, `IND_ACTIVO`, `DES_CODIGO`, `DES_VALOR`) VALUES (4, 1, 'INTE', 'Interviniente');
INSERT INTO `LKUP_NIVEL_EVENTO` (`ID`, `IND_ACTIVO`, `DES_CODIGO`, `DES_VALOR`) VALUES (5, 1, 'JUD', 'Procedimiento Judicial');
INSERT INTO `LKUP_NIVEL_EVENTO` (`ID`, `IND_ACTIVO`, `DES_CODIGO`, `DES_VALOR`) VALUES (6, 1, 'PRO', 'Propuesta (Formalización)');

INSERT INTO `LKUP_PERIODICIDAD_EVENTO` (`ID`, `IND_ACTIVO`, `DES_CODIGO`, `DES_VALOR`) VALUES (1, 1, 'DIA', 'Diario');
INSERT INTO `LKUP_PERIODICIDAD_EVENTO` (`ID`, `IND_ACTIVO`, `DES_CODIGO`, `DES_VALOR`) VALUES (2, 1, 'SEM', 'Semanal');
INSERT INTO `LKUP_PERIODICIDAD_EVENTO` (`ID`, `IND_ACTIVO`, `DES_CODIGO`, `DES_VALOR`) VALUES (3, 1, 'QUI', 'Quincenal');
INSERT INTO `LKUP_PERIODICIDAD_EVENTO` (`ID`, `IND_ACTIVO`, `DES_CODIGO`, `DES_VALOR`) VALUES (4, 1, 'MEN', 'Mensual');
INSERT INTO `LKUP_PERIODICIDAD_EVENTO` (`ID`, `IND_ACTIVO`, `DES_CODIGO`, `DES_VALOR`) VALUES (5, 1, 'TRI', 'Trimestral');
INSERT INTO `LKUP_PERIODICIDAD_EVENTO` (`ID`, `IND_ACTIVO`, `DES_CODIGO`, `DES_VALOR`) VALUES (6, 1, 'SEM', 'Semestral');
INSERT INTO `LKUP_PERIODICIDAD_EVENTO` (`ID`, `IND_ACTIVO`, `DES_CODIGO`, `DES_VALOR`) VALUES (7, 1, 'ANU', 'Anual');

INSERT INTO `LKUP_TIPO_EVENTO` (`ID`, `IND_ACTIVO`, `DES_CODIGO`, `DES_VALOR`, `ID_CLASE_EVENTO`) VALUES (1, 1, 'ACC_01', 'Boarding', 1);
INSERT INTO `LKUP_TIPO_EVENTO` (`ID`, `IND_ACTIVO`, `DES_CODIGO`, `DES_VALOR`, `ID_CLASE_EVENTO`) VALUES (2, 1, 'ACC_02', 'Revision Resumen Gestion', 1);
INSERT INTO `LKUP_TIPO_EVENTO` (`ID`, `IND_ACTIVO`, `DES_CODIGO`, `DES_VALOR`, `ID_CLASE_EVENTO`) VALUES (3, 1, 'ACC_03', 'Revision fin Gestion Amistosa', 1);
INSERT INTO `LKUP_TIPO_EVENTO` (`ID`, `IND_ACTIVO`, `DES_CODIGO`, `DES_VALOR`, `ID_CLASE_EVENTO`) VALUES (4, 1, 'ACC_04', 'Comite', 1);
INSERT INTO `LKUP_TIPO_EVENTO` (`ID`, `IND_ACTIVO`, `DES_CODIGO`, `DES_VALOR`, `ID_CLASE_EVENTO`) VALUES (5, 1, 'ACC_05', 'Revision Letrado', 1);
INSERT INTO `LKUP_TIPO_EVENTO` (`ID`, `IND_ACTIVO`, `DES_CODIGO`, `DES_VALOR`, `ID_CLASE_EVENTO`) VALUES (6, 1, 'ACC_06', 'Revision RC', 1);
INSERT INTO `LKUP_TIPO_EVENTO` (`ID`, `IND_ACTIVO`, `DES_CODIGO`, `DES_VALOR`, `ID_CLASE_EVENTO`) VALUES (7, 1, 'ACC_07', 'Revision Supervisor', 1);
INSERT INTO `LKUP_TIPO_EVENTO` (`ID`, `IND_ACTIVO`, `DES_CODIGO`, `DES_VALOR`, `ID_CLASE_EVENTO`) VALUES (8, 1, 'ACC_08', 'Revision Formalizacion', 1);
INSERT INTO `LKUP_TIPO_EVENTO` (`ID`, `IND_ACTIVO`, `DES_CODIGO`, `DES_VALOR`, `ID_CLASE_EVENTO`) VALUES (9, 1, 'ACC_09', 'Revision Cliente', 1);
INSERT INTO `LKUP_TIPO_EVENTO` (`ID`, `IND_ACTIVO`, `DES_CODIGO`, `DES_VALOR`, `ID_CLASE_EVENTO`) VALUES (10, 1, 'ACC_10', 'Revision Skip Tracing', 1);
INSERT INTO `LKUP_TIPO_EVENTO` (`ID`, `IND_ACTIVO`, `DES_CODIGO`, `DES_VALOR`, `ID_CLASE_EVENTO`) VALUES (11, 1, 'ACC_11', 'Formalizacion', 1);
INSERT INTO `LKUP_TIPO_EVENTO` (`ID`, `IND_ACTIVO`, `DES_CODIGO`, `DES_VALOR`, `ID_CLASE_EVENTO`) VALUES (12, 1, 'ALE_01', 'Manual', 2);
INSERT INTO `LKUP_TIPO_EVENTO` (`ID`, `IND_ACTIVO`, `DES_CODIGO`, `DES_VALOR`, `ID_CLASE_EVENTO`) VALUES (13, 1, 'ALE_02', 'Automatica', 2);
INSERT INTO `LKUP_TIPO_EVENTO` (`ID`, `IND_ACTIVO`, `DES_CODIGO`, `DES_VALOR`, `ID_CLASE_EVENTO`) VALUES (14, 1, 'ACT_01', 'Actividad de Contacto', 3);
INSERT INTO `LKUP_TIPO_EVENTO` (`ID`, `IND_ACTIVO`, `DES_CODIGO`, `DES_VALOR`, `ID_CLASE_EVENTO`) VALUES (15, 1, 'ACT_02', 'Skip Tracing', 3);
INSERT INTO `LKUP_TIPO_EVENTO` (`ID`, `IND_ACTIVO`, `DES_CODIGO`, `DES_VALOR`, `ID_CLASE_EVENTO`) VALUES (16, 1, 'ACT_03', 'Analisis', 3);
INSERT INTO `LKUP_TIPO_EVENTO` (`ID`, `IND_ACTIVO`, `DES_CODIGO`, `DES_VALOR`, `ID_CLASE_EVENTO`) VALUES (17, 1, 'ACC_12', 'Revision Gestor', 1);
INSERT INTO `LKUP_TIPO_EVENTO` (`ID`, `IND_ACTIVO`, `DES_CODIGO`, `DES_VALOR`, `ID_CLASE_EVENTO`) VALUES (18, 1, 'ACC_13', 'Revision Formalizacion Firmado', 1);
INSERT INTO `LKUP_TIPO_EVENTO` (`ID`, `IND_ACTIVO`, `DES_CODIGO`, `DES_VALOR`, `ID_CLASE_EVENTO`) VALUES (19, 1, 'COM_01', 'Comunicacion', 4);

INSERT INTO `LKUP_RESULTADO_EVENTO` (`ID`, `IND_ACTIVO`, `DES_CODIGO`, `DES_VALOR`) VALUES (1, 1, 'OK', 'OK');
INSERT INTO `LKUP_RESULTADO_EVENTO` (`ID`, `IND_ACTIVO`, `DES_CODIGO`, `DES_VALOR`) VALUES (2, 1, 'KO', 'KO');
INSERT INTO `LKUP_RESULTADO_EVENTO` (`ID`, `IND_ACTIVO`, `DES_CODIGO`, `DES_VALOR`) VALUES (3, 1, 'ACE', 'Aceptado');
INSERT INTO `LKUP_RESULTADO_EVENTO` (`ID`, `IND_ACTIVO`, `DES_CODIGO`, `DES_VALOR`) VALUES (4, 1, 'EXC', 'Exclusion');
INSERT INTO `LKUP_RESULTADO_EVENTO` (`ID`, `IND_ACTIVO`, `DES_CODIGO`, `DES_VALOR`) VALUES (5, 1, 'INC', 'Incidencia');
INSERT INTO `LKUP_RESULTADO_EVENTO` (`ID`, `IND_ACTIVO`, `DES_CODIGO`, `DES_VALOR`) VALUES (6, 1, 'ACEP', 'Aceptar');
INSERT INTO `LKUP_RESULTADO_EVENTO` (`ID`, `IND_ACTIVO`, `DES_CODIGO`, `DES_VALOR`) VALUES (7, 1, 'DESI', 'Desistir');
INSERT INTO `LKUP_RESULTADO_EVENTO` (`ID`, `IND_ACTIVO`, `DES_CODIGO`, `DES_VALOR`) VALUES (8, 1, 'RECO', 'Reconsiderar');
INSERT INTO `LKUP_RESULTADO_EVENTO` (`ID`, `IND_ACTIVO`, `DES_CODIGO`, `DES_VALOR`) VALUES (9, 1, 'AUTO', 'Autorizada');
INSERT INTO `LKUP_RESULTADO_EVENTO` (`ID`, `IND_ACTIVO`, `DES_CODIGO`, `DES_VALOR`) VALUES (10, 1, 'DENE', 'Denegada');
INSERT INTO `LKUP_RESULTADO_EVENTO` (`ID`, `IND_ACTIVO`, `DES_CODIGO`, `DES_VALOR`) VALUES (11, 1, 'DEVU', 'Devuelta');
INSERT INTO `LKUP_RESULTADO_EVENTO` (`ID`, `IND_ACTIVO`, `DES_CODIGO`, `DES_VALOR`) VALUES (12, 1, 'AU_CO', 'Condicionada');
INSERT INTO `LKUP_RESULTADO_EVENTO` (`ID`, `IND_ACTIVO`, `DES_CODIGO`, `DES_VALOR`) VALUES (13, 1, 'COMP', 'Completado');
INSERT INTO `LKUP_RESULTADO_EVENTO` (`ID`, `IND_ACTIVO`, `DES_CODIGO`, `DES_VALOR`) VALUES (14, 1, 'FORM', 'Formalizada');
INSERT INTO `LKUP_RESULTADO_EVENTO` (`ID`, `IND_ACTIVO`, `DES_CODIGO`, `DES_VALOR`) VALUES (15, 1, 'RECH', 'Rechazada');
INSERT INTO `LKUP_RESULTADO_EVENTO` (`ID`, `IND_ACTIVO`, `DES_CODIGO`, `DES_VALOR`) VALUES (16, 1, 'INCI', 'Incidencia');
INSERT INTO `LKUP_RESULTADO_EVENTO` (`ID`, `IND_ACTIVO`, `DES_CODIGO`, `DES_VALOR`) VALUES (17, 1, 'PARA', 'Paralizada');
INSERT INTO `LKUP_RESULTADO_EVENTO` (`ID`, `IND_ACTIVO`, `DES_CODIGO`, `DES_VALOR`) VALUES (18, 1, 'C_ACU', 'Con Acuerdo');
INSERT INTO `LKUP_RESULTADO_EVENTO` (`ID`, `IND_ACTIVO`, `DES_CODIGO`, `DES_VALOR`) VALUES (19, 1, 'S_ACU', 'Sin Acuerdo');
INSERT INTO `LKUP_RESULTADO_EVENTO` (`ID`, `IND_ACTIVO`, `DES_CODIGO`, `DES_VALOR`) VALUES (20, 1, 'S_CON', 'Sin Contacto');
INSERT INTO `LKUP_RESULTADO_EVENTO` (`ID`, `IND_ACTIVO`, `DES_CODIGO`, `DES_VALOR`) VALUES (21, 1, 'I_CLI', 'Incidencia Cliente');
INSERT INTO `LKUP_RESULTADO_EVENTO` (`ID`, `IND_ACTIVO`, `DES_CODIGO`, `DES_VALOR`) VALUES (22, 1, 'A_PAG', 'Acuerdo de Pago');
INSERT INTO `LKUP_RESULTADO_EVENTO` (`ID`, `IND_ACTIVO`, `DES_CODIGO`, `DES_VALOR`) VALUES (23, 1, 'C_INC', 'Contacto Incorrecto');
INSERT INTO `LKUP_RESULTADO_EVENTO` (`ID`, `IND_ACTIVO`, `DES_CODIGO`, `DES_VALOR`) VALUES (24, 1, 'C_TER', 'Contacto con Tercero');
INSERT INTO `LKUP_RESULTADO_EVENTO` (`ID`, `IND_ACTIVO`, `DES_CODIGO`, `DES_VALOR`) VALUES (25, 1, 'D_INC', 'Direccion Incorrecta');
INSERT INTO `LKUP_RESULTADO_EVENTO` (`ID`, `IND_ACTIVO`, `DES_CODIGO`, `DES_VALOR`) VALUES (26, 1, 'CTCT', 'Contacto con Tercero Con Titulo');
INSERT INTO `LKUP_RESULTADO_EVENTO` (`ID`, `IND_ACTIVO`, `DES_CODIGO`, `DES_VALOR`) VALUES (27, 1, 'CTST', 'Contacto con Tercero Sin Titulo');
INSERT INTO `LKUP_RESULTADO_EVENTO` (`ID`, `IND_ACTIVO`, `DES_CODIGO`, `DES_VALOR`) VALUES (28, 1, 'ELEV', 'Elevacion de la Propuesta');

INSERT INTO `LKUP_SUBTIPO_EVENTO` (`ID`, `IND_ACTIVO`, `DES_CODIGO`, `DES_VALOR`, `NUM_FECHA_LIMITE`, `ID_IMPORTANCIA_EVENTO`, `ID_LIMITE_DESTINATARIO`, `ID_LIMITE_EMISOR`, `ID_TIPO_EVENTO`) VALUES (1, 1, 'INV01', 'Inversor - Comunicacion a los Deudores', NULL, NULL, NULL, NULL, 1);
INSERT INTO `LKUP_SUBTIPO_EVENTO` (`ID`, `IND_ACTIVO`, `DES_CODIGO`, `DES_VALOR`, `NUM_FECHA_LIMITE`, `ID_IMPORTANCIA_EVENTO`, `ID_LIMITE_DESTINATARIO`, `ID_LIMITE_EMISOR`, `ID_TIPO_EVENTO`) VALUES (2, 1, 'INV02', 'Inversor - Subrogacion Procesal Completada', NULL, NULL, NULL, NULL, 1);
INSERT INTO `LKUP_SUBTIPO_EVENTO` (`ID`, `IND_ACTIVO`, `DES_CODIGO`, `DES_VALOR`, `NUM_FECHA_LIMITE`, `ID_IMPORTANCIA_EVENTO`, `ID_LIMITE_DESTINATARIO`, `ID_LIMITE_EMISOR`, `ID_TIPO_EVENTO`) VALUES (3, 1, 'INV03', 'Inversor - Venia Completada', NULL, NULL, NULL, NULL, 1);
INSERT INTO `LKUP_SUBTIPO_EVENTO` (`ID`, `IND_ACTIVO`, `DES_CODIGO`, `DES_VALOR`, `NUM_FECHA_LIMITE`, `ID_IMPORTANCIA_EVENTO`, `ID_LIMITE_DESTINATARIO`, `ID_LIMITE_EMISOR`, `ID_TIPO_EVENTO`) VALUES (4, 1, 'INV04', 'Inversor - Motivo de Putback Detectado', NULL, NULL, NULL, NULL, 1);
INSERT INTO `LKUP_SUBTIPO_EVENTO` (`ID`, `IND_ACTIVO`, `DES_CODIGO`, `DES_VALOR`, `NUM_FECHA_LIMITE`, `ID_IMPORTANCIA_EVENTO`, `ID_LIMITE_DESTINATARIO`, `ID_LIMITE_EMISOR`, `ID_TIPO_EVENTO`) VALUES (5, 1, 'EEFF01', 'EE.FF.', NULL, NULL, NULL, NULL, 1);
INSERT INTO `LKUP_SUBTIPO_EVENTO` (`ID`, `IND_ACTIVO`, `DES_CODIGO`, `DES_VALOR`, `NUM_FECHA_LIMITE`, `ID_IMPORTANCIA_EVENTO`, `ID_LIMITE_DESTINATARIO`, `ID_LIMITE_EMISOR`, `ID_TIPO_EVENTO`) VALUES (6, 1, 'REV01', 'Revision Resumen Gestion', NULL, NULL, NULL, 1, 2);
INSERT INTO `LKUP_SUBTIPO_EVENTO` (`ID`, `IND_ACTIVO`, `DES_CODIGO`, `DES_VALOR`, `NUM_FECHA_LIMITE`, `ID_IMPORTANCIA_EVENTO`, `ID_LIMITE_DESTINATARIO`, `ID_LIMITE_EMISOR`, `ID_TIPO_EVENTO`) VALUES (7, 1, 'REV02', 'Revision Fin Gestoria Amistosa', NULL, NULL, NULL, 1, 3);
INSERT INTO `LKUP_SUBTIPO_EVENTO` (`ID`, `IND_ACTIVO`, `DES_CODIGO`, `DES_VALOR`, `NUM_FECHA_LIMITE`, `ID_IMPORTANCIA_EVENTO`, `ID_LIMITE_DESTINATARIO`, `ID_LIMITE_EMISOR`, `ID_TIPO_EVENTO`) VALUES (8, 1, 'COM01', 'Comite', NULL, NULL, NULL, 2, 4);
INSERT INTO `LKUP_SUBTIPO_EVENTO` (`ID`, `IND_ACTIVO`, `DES_CODIGO`, `DES_VALOR`, `NUM_FECHA_LIMITE`, `ID_IMPORTANCIA_EVENTO`, `ID_LIMITE_DESTINATARIO`, `ID_LIMITE_EMISOR`, `ID_TIPO_EVENTO`) VALUES (9, 1, 'REV03', 'Revision Letrado', NULL, NULL, NULL, NULL, 5);
INSERT INTO `LKUP_SUBTIPO_EVENTO` (`ID`, `IND_ACTIVO`, `DES_CODIGO`, `DES_VALOR`, `NUM_FECHA_LIMITE`, `ID_IMPORTANCIA_EVENTO`, `ID_LIMITE_DESTINATARIO`, `ID_LIMITE_EMISOR`, `ID_TIPO_EVENTO`) VALUES (10, 1, 'REV04', 'Revision RC', NULL, NULL, 2, NULL, 6);
INSERT INTO `LKUP_SUBTIPO_EVENTO` (`ID`, `IND_ACTIVO`, `DES_CODIGO`, `DES_VALOR`, `NUM_FECHA_LIMITE`, `ID_IMPORTANCIA_EVENTO`, `ID_LIMITE_DESTINATARIO`, `ID_LIMITE_EMISOR`, `ID_TIPO_EVENTO`) VALUES (11, 1, 'REV05', 'Revision Supervisor', NULL, NULL, 3, NULL, 7);
INSERT INTO `LKUP_SUBTIPO_EVENTO` (`ID`, `IND_ACTIVO`, `DES_CODIGO`, `DES_VALOR`, `NUM_FECHA_LIMITE`, `ID_IMPORTANCIA_EVENTO`, `ID_LIMITE_DESTINATARIO`, `ID_LIMITE_EMISOR`, `ID_TIPO_EVENTO`) VALUES (12, 1, 'REV06', 'Revision Formalizacion', NULL, NULL, 1, NULL, 8);
INSERT INTO `LKUP_SUBTIPO_EVENTO` (`ID`, `IND_ACTIVO`, `DES_CODIGO`, `DES_VALOR`, `NUM_FECHA_LIMITE`, `ID_IMPORTANCIA_EVENTO`, `ID_LIMITE_DESTINATARIO`, `ID_LIMITE_EMISOR`, `ID_TIPO_EVENTO`) VALUES (13, 1, 'REV07', 'Revision Cliente', NULL, NULL, 2, NULL, 9);
INSERT INTO `LKUP_SUBTIPO_EVENTO` (`ID`, `IND_ACTIVO`, `DES_CODIGO`, `DES_VALOR`, `NUM_FECHA_LIMITE`, `ID_IMPORTANCIA_EVENTO`, `ID_LIMITE_DESTINATARIO`, `ID_LIMITE_EMISOR`, `ID_TIPO_EVENTO`) VALUES (14, 1, 'REV08', 'Revision Skip Tracing', NULL, NULL, 3, NULL, 10);
INSERT INTO `LKUP_SUBTIPO_EVENTO` (`ID`, `IND_ACTIVO`, `DES_CODIGO`, `DES_VALOR`, `NUM_FECHA_LIMITE`, `ID_IMPORTANCIA_EVENTO`, `ID_LIMITE_DESTINATARIO`, `ID_LIMITE_EMISOR`, `ID_TIPO_EVENTO`) VALUES (15, 1, 'MIN01', 'Minuta - Pendiente Cliente', NULL, NULL, NULL, NULL, 11);
INSERT INTO `LKUP_SUBTIPO_EVENTO` (`ID`, `IND_ACTIVO`, `DES_CODIGO`, `DES_VALOR`, `NUM_FECHA_LIMITE`, `ID_IMPORTANCIA_EVENTO`, `ID_LIMITE_DESTINATARIO`, `ID_LIMITE_EMISOR`, `ID_TIPO_EVENTO`) VALUES (16, 1, 'MIN02', 'Minuta - Pendiente HRE', NULL, NULL, NULL, NULL, 11);
INSERT INTO `LKUP_SUBTIPO_EVENTO` (`ID`, `IND_ACTIVO`, `DES_CODIGO`, `DES_VALOR`, `NUM_FECHA_LIMITE`, `ID_IMPORTANCIA_EVENTO`, `ID_LIMITE_DESTINATARIO`, `ID_LIMITE_EMISOR`, `ID_TIPO_EVENTO`) VALUES (17, 1, 'MIN03', 'Minuta - Pendiente Documentacion Titular', NULL, NULL, NULL, NULL, 11);
INSERT INTO `LKUP_SUBTIPO_EVENTO` (`ID`, `IND_ACTIVO`, `DES_CODIGO`, `DES_VALOR`, `NUM_FECHA_LIMITE`, `ID_IMPORTANCIA_EVENTO`, `ID_LIMITE_DESTINATARIO`, `ID_LIMITE_EMISOR`, `ID_TIPO_EVENTO`) VALUES (18, 1, 'MIN04', 'Minuta - Enviada Notaria', NULL, NULL, NULL, NULL, 11);
INSERT INTO `LKUP_SUBTIPO_EVENTO` (`ID`, `IND_ACTIVO`, `DES_CODIGO`, `DES_VALOR`, `NUM_FECHA_LIMITE`, `ID_IMPORTANCIA_EVENTO`, `ID_LIMITE_DESTINATARIO`, `ID_LIMITE_EMISOR`, `ID_TIPO_EVENTO`) VALUES (19, 1, 'MIN05', 'Minuta - Recibida para Cotejo', NULL, NULL, NULL, NULL, 11);
INSERT INTO `LKUP_SUBTIPO_EVENTO` (`ID`, `IND_ACTIVO`, `DES_CODIGO`, `DES_VALOR`, `NUM_FECHA_LIMITE`, `ID_IMPORTANCIA_EVENTO`, `ID_LIMITE_DESTINATARIO`, `ID_LIMITE_EMISOR`, `ID_TIPO_EVENTO`) VALUES (20, 1, 'MIN06', 'Minuta - Elevada', NULL, NULL, NULL, NULL, 11);
INSERT INTO `LKUP_SUBTIPO_EVENTO` (`ID`, `IND_ACTIVO`, `DES_CODIGO`, `DES_VALOR`, `NUM_FECHA_LIMITE`, `ID_IMPORTANCIA_EVENTO`, `ID_LIMITE_DESTINATARIO`, `ID_LIMITE_EMISOR`, `ID_TIPO_EVENTO`) VALUES (21, 1, 'MIN07', 'Minuta - Aceptada', NULL, NULL, NULL, NULL, 11);
INSERT INTO `LKUP_SUBTIPO_EVENTO` (`ID`, `IND_ACTIVO`, `DES_CODIGO`, `DES_VALOR`, `NUM_FECHA_LIMITE`, `ID_IMPORTANCIA_EVENTO`, `ID_LIMITE_DESTINATARIO`, `ID_LIMITE_EMISOR`, `ID_TIPO_EVENTO`) VALUES (22, 1, 'PROP01', 'Propuesta - Fecha de Firma Estimada', NULL, NULL, NULL, NULL, 11);
INSERT INTO `LKUP_SUBTIPO_EVENTO` (`ID`, `IND_ACTIVO`, `DES_CODIGO`, `DES_VALOR`, `NUM_FECHA_LIMITE`, `ID_IMPORTANCIA_EVENTO`, `ID_LIMITE_DESTINATARIO`, `ID_LIMITE_EMISOR`, `ID_TIPO_EVENTO`) VALUES (23, 1, 'PROP02', 'Propuesta - Fecha de Firma Definitiva', NULL, NULL, NULL, NULL, 11);
INSERT INTO `LKUP_SUBTIPO_EVENTO` (`ID`, `IND_ACTIVO`, `DES_CODIGO`, `DES_VALOR`, `NUM_FECHA_LIMITE`, `ID_IMPORTANCIA_EVENTO`, `ID_LIMITE_DESTINATARIO`, `ID_LIMITE_EMISOR`, `ID_TIPO_EVENTO`) VALUES (24, 1, 'PROP03', 'Propuesta - Comunicacion PBC', NULL, NULL, NULL, NULL, 11);
INSERT INTO `LKUP_SUBTIPO_EVENTO` (`ID`, `IND_ACTIVO`, `DES_CODIGO`, `DES_VALOR`, `NUM_FECHA_LIMITE`, `ID_IMPORTANCIA_EVENTO`, `ID_LIMITE_DESTINATARIO`, `ID_LIMITE_EMISOR`, `ID_TIPO_EVENTO`) VALUES (25, 1, 'PROP04', 'Propuesta - Firmada', NULL, NULL, NULL, NULL, 11);
INSERT INTO `LKUP_SUBTIPO_EVENTO` (`ID`, `IND_ACTIVO`, `DES_CODIGO`, `DES_VALOR`, `NUM_FECHA_LIMITE`, `ID_IMPORTANCIA_EVENTO`, `ID_LIMITE_DESTINATARIO`, `ID_LIMITE_EMISOR`, `ID_TIPO_EVENTO`) VALUES (26, 1, 'PROP05', 'Propuesta - Comunicada', NULL, NULL, NULL, NULL, 11);
INSERT INTO `LKUP_SUBTIPO_EVENTO` (`ID`, `IND_ACTIVO`, `DES_CODIGO`, `DES_VALOR`, `NUM_FECHA_LIMITE`, `ID_IMPORTANCIA_EVENTO`, `ID_LIMITE_DESTINATARIO`, `ID_LIMITE_EMISOR`, `ID_TIPO_EVENTO`) VALUES (27, 1, 'GES01', 'Gestor', NULL, NULL, NULL, NULL, 12);
INSERT INTO `LKUP_SUBTIPO_EVENTO` (`ID`, `IND_ACTIVO`, `DES_CODIGO`, `DES_VALOR`, `NUM_FECHA_LIMITE`, `ID_IMPORTANCIA_EVENTO`, `ID_LIMITE_DESTINATARIO`, `ID_LIMITE_EMISOR`, `ID_TIPO_EVENTO`) VALUES (28, 1, 'DIR01', 'Direccion de Cartera', NULL, NULL, NULL, 2, 12);
INSERT INTO `LKUP_SUBTIPO_EVENTO` (`ID`, `IND_ACTIVO`, `DES_CODIGO`, `DES_VALOR`, `NUM_FECHA_LIMITE`, `ID_IMPORTANCIA_EVENTO`, `ID_LIMITE_DESTINATARIO`, `ID_LIMITE_EMISOR`, `ID_TIPO_EVENTO`) VALUES (29, 1, 'COMR01', 'Comunicacion con Recovery', NULL, NULL, 1, 1, 13);
INSERT INTO `LKUP_SUBTIPO_EVENTO` (`ID`, `IND_ACTIVO`, `DES_CODIGO`, `DES_VALOR`, `NUM_FECHA_LIMITE`, `ID_IMPORTANCIA_EVENTO`, `ID_LIMITE_DESTINATARIO`, `ID_LIMITE_EMISOR`, `ID_TIPO_EVENTO`) VALUES (30, 1, 'VAL01', 'Validez y Plazo de las Propuestas Autorizadas', NULL, NULL, 1, 1, 13);
INSERT INTO `LKUP_SUBTIPO_EVENTO` (`ID`, `IND_ACTIVO`, `DES_CODIGO`, `DES_VALOR`, `NUM_FECHA_LIMITE`, `ID_IMPORTANCIA_EVENTO`, `ID_LIMITE_DESTINATARIO`, `ID_LIMITE_EMISOR`, `ID_TIPO_EVENTO`) VALUES (31, 1, 'CUM01', 'Cumplimiento de los Acuerdos de Pago Activos', NULL, NULL, 1, 1, 13);
INSERT INTO `LKUP_SUBTIPO_EVENTO` (`ID`, `IND_ACTIVO`, `DES_CODIGO`, `DES_VALOR`, `NUM_FECHA_LIMITE`, `ID_IMPORTANCIA_EVENTO`, `ID_LIMITE_DESTINATARIO`, `ID_LIMITE_EMISOR`, `ID_TIPO_EVENTO`) VALUES (32, 1, 'FAL01', 'Falta de Actividad en el Expediente Editable por Plazo Establecido', NULL, NULL, 1, 1, 13);
INSERT INTO `LKUP_SUBTIPO_EVENTO` (`ID`, `IND_ACTIVO`, `DES_CODIGO`, `DES_VALOR`, `NUM_FECHA_LIMITE`, `ID_IMPORTANCIA_EVENTO`, `ID_LIMITE_DESTINATARIO`, `ID_LIMITE_EMISOR`, `ID_TIPO_EVENTO`) VALUES (33, 1, 'LLAM01', 'Llamada', NULL, NULL, NULL, 1, 14);
INSERT INTO `LKUP_SUBTIPO_EVENTO` (`ID`, `IND_ACTIVO`, `DES_CODIGO`, `DES_VALOR`, `NUM_FECHA_LIMITE`, `ID_IMPORTANCIA_EVENTO`, `ID_LIMITE_DESTINATARIO`, `ID_LIMITE_EMISOR`, `ID_TIPO_EVENTO`) VALUES (34, 1, 'VIS01', 'Visita', NULL, NULL, NULL, 1, 14);
INSERT INTO `LKUP_SUBTIPO_EVENTO` (`ID`, `IND_ACTIVO`, `DES_CODIGO`, `DES_VALOR`, `NUM_FECHA_LIMITE`, `ID_IMPORTANCIA_EVENTO`, `ID_LIMITE_DESTINATARIO`, `ID_LIMITE_EMISOR`, `ID_TIPO_EVENTO`) VALUES (35, 1, 'SKP01', 'Skip Tracing', NULL, NULL, NULL, NULL, 15);
INSERT INTO `LKUP_SUBTIPO_EVENTO` (`ID`, `IND_ACTIVO`, `DES_CODIGO`, `DES_VALOR`, `NUM_FECHA_LIMITE`, `ID_IMPORTANCIA_EVENTO`, `ID_LIMITE_DESTINATARIO`, `ID_LIMITE_EMISOR`, `ID_TIPO_EVENTO`) VALUES (36, 1, 'ANA01', 'Analisis', NULL, NULL, NULL, NULL, 16);
INSERT INTO `LKUP_SUBTIPO_EVENTO` (`ID`, `IND_ACTIVO`, `DES_CODIGO`, `DES_VALOR`, `NUM_FECHA_LIMITE`, `ID_IMPORTANCIA_EVENTO`, `ID_LIMITE_DESTINATARIO`, `ID_LIMITE_EMISOR`, `ID_TIPO_EVENTO`) VALUES (37, 1, 'REV09', 'Revision Gestor', NULL, NULL, 1, NULL, 17);
INSERT INTO `LKUP_SUBTIPO_EVENTO` (`ID`, `IND_ACTIVO`, `DES_CODIGO`, `DES_VALOR`, `NUM_FECHA_LIMITE`, `ID_IMPORTANCIA_EVENTO`, `ID_LIMITE_DESTINATARIO`, `ID_LIMITE_EMISOR`, `ID_TIPO_EVENTO`) VALUES (38, 1, 'REV10', 'Revision Formalizacion Firmado', NULL, NULL, 1, NULL, 18);
INSERT INTO `LKUP_SUBTIPO_EVENTO` (`ID`, `IND_ACTIVO`, `DES_CODIGO`, `DES_VALOR`, `NUM_FECHA_LIMITE`, `ID_IMPORTANCIA_EVENTO`, `ID_LIMITE_DESTINATARIO`, `ID_LIMITE_EMISOR`, `ID_TIPO_EVENTO`) VALUES (39, 1, 'COMU01', 'Comunicacion', NULL, NULL, NULL, NULL, 19);
INSERT INTO `LKUP_SUBTIPO_EVENTO` (`ID`, `IND_ACTIVO`, `DES_CODIGO`, `DES_VALOR`, `NUM_FECHA_LIMITE`, `ID_IMPORTANCIA_EVENTO`, `ID_LIMITE_DESTINATARIO`, `ID_LIMITE_EMISOR`, `ID_TIPO_EVENTO`) VALUES (40, 1, 'PROP06', 'Propuesta - Elevacion', NULL, NULL, 1, NULL, 11);

INSERT INTO `RELA_SUBTIPO_EVENTO_RESULTADO_EVENTO` (`ID_SUBTIPO_EVENTO`, `ID_RESULTADO_EVENTO`) VALUES (1, 1);
INSERT INTO `RELA_SUBTIPO_EVENTO_RESULTADO_EVENTO` (`ID_SUBTIPO_EVENTO`, `ID_RESULTADO_EVENTO`) VALUES (2, 1);
INSERT INTO `RELA_SUBTIPO_EVENTO_RESULTADO_EVENTO` (`ID_SUBTIPO_EVENTO`, `ID_RESULTADO_EVENTO`) VALUES (3, 1);
INSERT INTO `RELA_SUBTIPO_EVENTO_RESULTADO_EVENTO` (`ID_SUBTIPO_EVENTO`, `ID_RESULTADO_EVENTO`) VALUES (4, 1);
INSERT INTO `RELA_SUBTIPO_EVENTO_RESULTADO_EVENTO` (`ID_SUBTIPO_EVENTO`, `ID_RESULTADO_EVENTO`) VALUES (6, 1);
INSERT INTO `RELA_SUBTIPO_EVENTO_RESULTADO_EVENTO` (`ID_SUBTIPO_EVENTO`, `ID_RESULTADO_EVENTO`) VALUES (7, 1);
INSERT INTO `RELA_SUBTIPO_EVENTO_RESULTADO_EVENTO` (`ID_SUBTIPO_EVENTO`, `ID_RESULTADO_EVENTO`) VALUES (8, 1);
INSERT INTO `RELA_SUBTIPO_EVENTO_RESULTADO_EVENTO` (`ID_SUBTIPO_EVENTO`, `ID_RESULTADO_EVENTO`) VALUES (9, 1);
INSERT INTO `RELA_SUBTIPO_EVENTO_RESULTADO_EVENTO` (`ID_SUBTIPO_EVENTO`, `ID_RESULTADO_EVENTO`) VALUES (14, 1);
INSERT INTO `RELA_SUBTIPO_EVENTO_RESULTADO_EVENTO` (`ID_SUBTIPO_EVENTO`, `ID_RESULTADO_EVENTO`) VALUES (27, 1);
INSERT INTO `RELA_SUBTIPO_EVENTO_RESULTADO_EVENTO` (`ID_SUBTIPO_EVENTO`, `ID_RESULTADO_EVENTO`) VALUES (28, 1);
INSERT INTO `RELA_SUBTIPO_EVENTO_RESULTADO_EVENTO` (`ID_SUBTIPO_EVENTO`, `ID_RESULTADO_EVENTO`) VALUES (29, 1);
INSERT INTO `RELA_SUBTIPO_EVENTO_RESULTADO_EVENTO` (`ID_SUBTIPO_EVENTO`, `ID_RESULTADO_EVENTO`) VALUES (30, 1);
INSERT INTO `RELA_SUBTIPO_EVENTO_RESULTADO_EVENTO` (`ID_SUBTIPO_EVENTO`, `ID_RESULTADO_EVENTO`) VALUES (31, 1);
INSERT INTO `RELA_SUBTIPO_EVENTO_RESULTADO_EVENTO` (`ID_SUBTIPO_EVENTO`, `ID_RESULTADO_EVENTO`) VALUES (32, 1);
INSERT INTO `RELA_SUBTIPO_EVENTO_RESULTADO_EVENTO` (`ID_SUBTIPO_EVENTO`, `ID_RESULTADO_EVENTO`) VALUES (35, 1);
INSERT INTO `RELA_SUBTIPO_EVENTO_RESULTADO_EVENTO` (`ID_SUBTIPO_EVENTO`, `ID_RESULTADO_EVENTO`) VALUES (1, 2);
INSERT INTO `RELA_SUBTIPO_EVENTO_RESULTADO_EVENTO` (`ID_SUBTIPO_EVENTO`, `ID_RESULTADO_EVENTO`) VALUES (2, 2);
INSERT INTO `RELA_SUBTIPO_EVENTO_RESULTADO_EVENTO` (`ID_SUBTIPO_EVENTO`, `ID_RESULTADO_EVENTO`) VALUES (3, 2);
INSERT INTO `RELA_SUBTIPO_EVENTO_RESULTADO_EVENTO` (`ID_SUBTIPO_EVENTO`, `ID_RESULTADO_EVENTO`) VALUES (4, 2);
INSERT INTO `RELA_SUBTIPO_EVENTO_RESULTADO_EVENTO` (`ID_SUBTIPO_EVENTO`, `ID_RESULTADO_EVENTO`) VALUES (6, 2);
INSERT INTO `RELA_SUBTIPO_EVENTO_RESULTADO_EVENTO` (`ID_SUBTIPO_EVENTO`, `ID_RESULTADO_EVENTO`) VALUES (7, 2);
INSERT INTO `RELA_SUBTIPO_EVENTO_RESULTADO_EVENTO` (`ID_SUBTIPO_EVENTO`, `ID_RESULTADO_EVENTO`) VALUES (8, 2);
INSERT INTO `RELA_SUBTIPO_EVENTO_RESULTADO_EVENTO` (`ID_SUBTIPO_EVENTO`, `ID_RESULTADO_EVENTO`) VALUES (9, 2);
INSERT INTO `RELA_SUBTIPO_EVENTO_RESULTADO_EVENTO` (`ID_SUBTIPO_EVENTO`, `ID_RESULTADO_EVENTO`) VALUES (14, 2);
INSERT INTO `RELA_SUBTIPO_EVENTO_RESULTADO_EVENTO` (`ID_SUBTIPO_EVENTO`, `ID_RESULTADO_EVENTO`) VALUES (27, 2);
INSERT INTO `RELA_SUBTIPO_EVENTO_RESULTADO_EVENTO` (`ID_SUBTIPO_EVENTO`, `ID_RESULTADO_EVENTO`) VALUES (28, 2);
INSERT INTO `RELA_SUBTIPO_EVENTO_RESULTADO_EVENTO` (`ID_SUBTIPO_EVENTO`, `ID_RESULTADO_EVENTO`) VALUES (29, 2);
INSERT INTO `RELA_SUBTIPO_EVENTO_RESULTADO_EVENTO` (`ID_SUBTIPO_EVENTO`, `ID_RESULTADO_EVENTO`) VALUES (30, 2);
INSERT INTO `RELA_SUBTIPO_EVENTO_RESULTADO_EVENTO` (`ID_SUBTIPO_EVENTO`, `ID_RESULTADO_EVENTO`) VALUES (31, 2);
INSERT INTO `RELA_SUBTIPO_EVENTO_RESULTADO_EVENTO` (`ID_SUBTIPO_EVENTO`, `ID_RESULTADO_EVENTO`) VALUES (32, 2);
INSERT INTO `RELA_SUBTIPO_EVENTO_RESULTADO_EVENTO` (`ID_SUBTIPO_EVENTO`, `ID_RESULTADO_EVENTO`) VALUES (35, 2);
INSERT INTO `RELA_SUBTIPO_EVENTO_RESULTADO_EVENTO` (`ID_SUBTIPO_EVENTO`, `ID_RESULTADO_EVENTO`) VALUES (5, 3);
INSERT INTO `RELA_SUBTIPO_EVENTO_RESULTADO_EVENTO` (`ID_SUBTIPO_EVENTO`, `ID_RESULTADO_EVENTO`) VALUES (5, 4);
INSERT INTO `RELA_SUBTIPO_EVENTO_RESULTADO_EVENTO` (`ID_SUBTIPO_EVENTO`, `ID_RESULTADO_EVENTO`) VALUES (5, 5);
INSERT INTO `RELA_SUBTIPO_EVENTO_RESULTADO_EVENTO` (`ID_SUBTIPO_EVENTO`, `ID_RESULTADO_EVENTO`) VALUES (37, 6);
INSERT INTO `RELA_SUBTIPO_EVENTO_RESULTADO_EVENTO` (`ID_SUBTIPO_EVENTO`, `ID_RESULTADO_EVENTO`) VALUES (37, 7);
INSERT INTO `RELA_SUBTIPO_EVENTO_RESULTADO_EVENTO` (`ID_SUBTIPO_EVENTO`, `ID_RESULTADO_EVENTO`) VALUES (37, 8);
INSERT INTO `RELA_SUBTIPO_EVENTO_RESULTADO_EVENTO` (`ID_SUBTIPO_EVENTO`, `ID_RESULTADO_EVENTO`) VALUES (10, 9);
INSERT INTO `RELA_SUBTIPO_EVENTO_RESULTADO_EVENTO` (`ID_SUBTIPO_EVENTO`, `ID_RESULTADO_EVENTO`) VALUES (11, 9);
INSERT INTO `RELA_SUBTIPO_EVENTO_RESULTADO_EVENTO` (`ID_SUBTIPO_EVENTO`, `ID_RESULTADO_EVENTO`) VALUES (13, 9);
INSERT INTO `RELA_SUBTIPO_EVENTO_RESULTADO_EVENTO` (`ID_SUBTIPO_EVENTO`, `ID_RESULTADO_EVENTO`) VALUES (10, 10);
INSERT INTO `RELA_SUBTIPO_EVENTO_RESULTADO_EVENTO` (`ID_SUBTIPO_EVENTO`, `ID_RESULTADO_EVENTO`) VALUES (11, 10);
INSERT INTO `RELA_SUBTIPO_EVENTO_RESULTADO_EVENTO` (`ID_SUBTIPO_EVENTO`, `ID_RESULTADO_EVENTO`) VALUES (13, 10);
INSERT INTO `RELA_SUBTIPO_EVENTO_RESULTADO_EVENTO` (`ID_SUBTIPO_EVENTO`, `ID_RESULTADO_EVENTO`) VALUES (10, 11);
INSERT INTO `RELA_SUBTIPO_EVENTO_RESULTADO_EVENTO` (`ID_SUBTIPO_EVENTO`, `ID_RESULTADO_EVENTO`) VALUES (11, 11);
INSERT INTO `RELA_SUBTIPO_EVENTO_RESULTADO_EVENTO` (`ID_SUBTIPO_EVENTO`, `ID_RESULTADO_EVENTO`) VALUES (13, 11);
INSERT INTO `RELA_SUBTIPO_EVENTO_RESULTADO_EVENTO` (`ID_SUBTIPO_EVENTO`, `ID_RESULTADO_EVENTO`) VALUES (10, 12);
INSERT INTO `RELA_SUBTIPO_EVENTO_RESULTADO_EVENTO` (`ID_SUBTIPO_EVENTO`, `ID_RESULTADO_EVENTO`) VALUES (11, 12);
INSERT INTO `RELA_SUBTIPO_EVENTO_RESULTADO_EVENTO` (`ID_SUBTIPO_EVENTO`, `ID_RESULTADO_EVENTO`) VALUES (13, 12);
INSERT INTO `RELA_SUBTIPO_EVENTO_RESULTADO_EVENTO` (`ID_SUBTIPO_EVENTO`, `ID_RESULTADO_EVENTO`) VALUES (12, 13);
INSERT INTO `RELA_SUBTIPO_EVENTO_RESULTADO_EVENTO` (`ID_SUBTIPO_EVENTO`, `ID_RESULTADO_EVENTO`) VALUES (38, 14);
INSERT INTO `RELA_SUBTIPO_EVENTO_RESULTADO_EVENTO` (`ID_SUBTIPO_EVENTO`, `ID_RESULTADO_EVENTO`) VALUES (38, 15);
INSERT INTO `RELA_SUBTIPO_EVENTO_RESULTADO_EVENTO` (`ID_SUBTIPO_EVENTO`, `ID_RESULTADO_EVENTO`) VALUES (38, 16);
INSERT INTO `RELA_SUBTIPO_EVENTO_RESULTADO_EVENTO` (`ID_SUBTIPO_EVENTO`, `ID_RESULTADO_EVENTO`) VALUES (38, 17);
INSERT INTO `RELA_SUBTIPO_EVENTO_RESULTADO_EVENTO` (`ID_SUBTIPO_EVENTO`, `ID_RESULTADO_EVENTO`) VALUES (33, 18);
INSERT INTO `RELA_SUBTIPO_EVENTO_RESULTADO_EVENTO` (`ID_SUBTIPO_EVENTO`, `ID_RESULTADO_EVENTO`) VALUES (34, 18);
INSERT INTO `RELA_SUBTIPO_EVENTO_RESULTADO_EVENTO` (`ID_SUBTIPO_EVENTO`, `ID_RESULTADO_EVENTO`) VALUES (33, 19);
INSERT INTO `RELA_SUBTIPO_EVENTO_RESULTADO_EVENTO` (`ID_SUBTIPO_EVENTO`, `ID_RESULTADO_EVENTO`) VALUES (34, 19);
INSERT INTO `RELA_SUBTIPO_EVENTO_RESULTADO_EVENTO` (`ID_SUBTIPO_EVENTO`, `ID_RESULTADO_EVENTO`) VALUES (33, 20);
INSERT INTO `RELA_SUBTIPO_EVENTO_RESULTADO_EVENTO` (`ID_SUBTIPO_EVENTO`, `ID_RESULTADO_EVENTO`) VALUES (34, 20);
INSERT INTO `RELA_SUBTIPO_EVENTO_RESULTADO_EVENTO` (`ID_SUBTIPO_EVENTO`, `ID_RESULTADO_EVENTO`) VALUES (33, 21);
INSERT INTO `RELA_SUBTIPO_EVENTO_RESULTADO_EVENTO` (`ID_SUBTIPO_EVENTO`, `ID_RESULTADO_EVENTO`) VALUES (34, 21);
INSERT INTO `RELA_SUBTIPO_EVENTO_RESULTADO_EVENTO` (`ID_SUBTIPO_EVENTO`, `ID_RESULTADO_EVENTO`) VALUES (33, 22);
INSERT INTO `RELA_SUBTIPO_EVENTO_RESULTADO_EVENTO` (`ID_SUBTIPO_EVENTO`, `ID_RESULTADO_EVENTO`) VALUES (34, 22);
INSERT INTO `RELA_SUBTIPO_EVENTO_RESULTADO_EVENTO` (`ID_SUBTIPO_EVENTO`, `ID_RESULTADO_EVENTO`) VALUES (33, 23);
INSERT INTO `RELA_SUBTIPO_EVENTO_RESULTADO_EVENTO` (`ID_SUBTIPO_EVENTO`, `ID_RESULTADO_EVENTO`) VALUES (33, 24);
INSERT INTO `RELA_SUBTIPO_EVENTO_RESULTADO_EVENTO` (`ID_SUBTIPO_EVENTO`, `ID_RESULTADO_EVENTO`) VALUES (34, 25);
INSERT INTO `RELA_SUBTIPO_EVENTO_RESULTADO_EVENTO` (`ID_SUBTIPO_EVENTO`, `ID_RESULTADO_EVENTO`) VALUES (34, 26);
INSERT INTO `RELA_SUBTIPO_EVENTO_RESULTADO_EVENTO` (`ID_SUBTIPO_EVENTO`, `ID_RESULTADO_EVENTO`) VALUES (34, 27);

INSERT INTO `MSTR_WORKFLOW_ELEVACION_PROPUESTA` (`ID`, `IND_ACTIVO`, `ID_CARTERA`, `ID_ESTADO_PROPUESTA`, `ID_EVENTO_DESTINO`, `ID_EVENTO_ORIGEN`, `ID_RESULTADO_EVENTO`) VALUES (1, 1, NULL, 2, NULL, 37, 6);
INSERT INTO `MSTR_WORKFLOW_ELEVACION_PROPUESTA` (`ID`, `IND_ACTIVO`, `ID_CARTERA`, `ID_ESTADO_PROPUESTA`, `ID_EVENTO_DESTINO`, `ID_EVENTO_ORIGEN`, `ID_RESULTADO_EVENTO`) VALUES (2, 1, NULL, 2, NULL, 37, 7);
INSERT INTO `MSTR_WORKFLOW_ELEVACION_PROPUESTA` (`ID`, `IND_ACTIVO`, `ID_CARTERA`, `ID_ESTADO_PROPUESTA`, `ID_EVENTO_DESTINO`, `ID_EVENTO_ORIGEN`, `ID_RESULTADO_EVENTO`) VALUES (3, 1, NULL, 3, 11, 37, 8);
INSERT INTO `MSTR_WORKFLOW_ELEVACION_PROPUESTA` (`ID`, `IND_ACTIVO`, `ID_CARTERA`, `ID_ESTADO_PROPUESTA`, `ID_EVENTO_DESTINO`, `ID_EVENTO_ORIGEN`, `ID_RESULTADO_EVENTO`) VALUES (4, 1, NULL, 4, 10, 11, 9);
INSERT INTO `MSTR_WORKFLOW_ELEVACION_PROPUESTA` (`ID`, `IND_ACTIVO`, `ID_CARTERA`, `ID_ESTADO_PROPUESTA`, `ID_EVENTO_DESTINO`, `ID_EVENTO_ORIGEN`, `ID_RESULTADO_EVENTO`) VALUES (5, 1, NULL, 3, NULL, 11, 10);
INSERT INTO `MSTR_WORKFLOW_ELEVACION_PROPUESTA` (`ID`, `IND_ACTIVO`, `ID_CARTERA`, `ID_ESTADO_PROPUESTA`, `ID_EVENTO_DESTINO`, `ID_EVENTO_ORIGEN`, `ID_RESULTADO_EVENTO`) VALUES (6, 1, NULL, 6, 37, 11, 11);
INSERT INTO `MSTR_WORKFLOW_ELEVACION_PROPUESTA` (`ID`, `IND_ACTIVO`, `ID_CARTERA`, `ID_ESTADO_PROPUESTA`, `ID_EVENTO_DESTINO`, `ID_EVENTO_ORIGEN`, `ID_RESULTADO_EVENTO`) VALUES (7, 1, NULL, 6, 37, 11, 12);
INSERT INTO `MSTR_WORKFLOW_ELEVACION_PROPUESTA` (`ID`, `IND_ACTIVO`, `ID_CARTERA`, `ID_ESTADO_PROPUESTA`, `ID_EVENTO_DESTINO`, `ID_EVENTO_ORIGEN`, `ID_RESULTADO_EVENTO`) VALUES (8, 1, NULL, 5, 13, 10, 9);
INSERT INTO `MSTR_WORKFLOW_ELEVACION_PROPUESTA` (`ID`, `IND_ACTIVO`, `ID_CARTERA`, `ID_ESTADO_PROPUESTA`, `ID_EVENTO_DESTINO`, `ID_EVENTO_ORIGEN`, `ID_RESULTADO_EVENTO`) VALUES (9, 1, NULL, 4, NULL, 10, 10);
INSERT INTO `MSTR_WORKFLOW_ELEVACION_PROPUESTA` (`ID`, `IND_ACTIVO`, `ID_CARTERA`, `ID_ESTADO_PROPUESTA`, `ID_EVENTO_DESTINO`, `ID_EVENTO_ORIGEN`, `ID_RESULTADO_EVENTO`) VALUES (10, 1, NULL, 6, 37, 10, 11);
INSERT INTO `MSTR_WORKFLOW_ELEVACION_PROPUESTA` (`ID`, `IND_ACTIVO`, `ID_CARTERA`, `ID_ESTADO_PROPUESTA`, `ID_EVENTO_DESTINO`, `ID_EVENTO_ORIGEN`, `ID_RESULTADO_EVENTO`) VALUES (11, 1, NULL, 6, 37, 10, 12);
INSERT INTO `MSTR_WORKFLOW_ELEVACION_PROPUESTA` (`ID`, `IND_ACTIVO`, `ID_CARTERA`, `ID_ESTADO_PROPUESTA`, `ID_EVENTO_DESTINO`, `ID_EVENTO_ORIGEN`, `ID_RESULTADO_EVENTO`) VALUES (12, 1, NULL, 5, 12, 13, 9);
INSERT INTO `MSTR_WORKFLOW_ELEVACION_PROPUESTA` (`ID`, `IND_ACTIVO`, `ID_CARTERA`, `ID_ESTADO_PROPUESTA`, `ID_EVENTO_DESTINO`, `ID_EVENTO_ORIGEN`, `ID_RESULTADO_EVENTO`) VALUES (13, 1, NULL, 5, NULL, 13, 10);
INSERT INTO `MSTR_WORKFLOW_ELEVACION_PROPUESTA` (`ID`, `IND_ACTIVO`, `ID_CARTERA`, `ID_ESTADO_PROPUESTA`, `ID_EVENTO_DESTINO`, `ID_EVENTO_ORIGEN`, `ID_RESULTADO_EVENTO`) VALUES (14, 1, NULL, 6, 37, 13, 11);
INSERT INTO `MSTR_WORKFLOW_ELEVACION_PROPUESTA` (`ID`, `IND_ACTIVO`, `ID_CARTERA`, `ID_ESTADO_PROPUESTA`, `ID_EVENTO_DESTINO`, `ID_EVENTO_ORIGEN`, `ID_RESULTADO_EVENTO`) VALUES (15, 1, NULL, 6, 37, 13, 12);
INSERT INTO `MSTR_WORKFLOW_ELEVACION_PROPUESTA` (`ID`, `IND_ACTIVO`, `ID_CARTERA`, `ID_ESTADO_PROPUESTA`, `ID_EVENTO_DESTINO`, `ID_EVENTO_ORIGEN`, `ID_RESULTADO_EVENTO`) VALUES (16, 1, NULL, 9, 38, 12, 13);
INSERT INTO `MSTR_WORKFLOW_ELEVACION_PROPUESTA` (`ID`, `IND_ACTIVO`, `ID_CARTERA`, `ID_ESTADO_PROPUESTA`, `ID_EVENTO_DESTINO`, `ID_EVENTO_ORIGEN`, `ID_RESULTADO_EVENTO`) VALUES (17, 1, NULL, NULL, NULL, 38, 14);
INSERT INTO `MSTR_WORKFLOW_ELEVACION_PROPUESTA` (`ID`, `IND_ACTIVO`, `ID_CARTERA`, `ID_ESTADO_PROPUESTA`, `ID_EVENTO_DESTINO`, `ID_EVENTO_ORIGEN`, `ID_RESULTADO_EVENTO`) VALUES (18, 1, NULL, NULL, 12, 38, 15);
INSERT INTO `MSTR_WORKFLOW_ELEVACION_PROPUESTA` (`ID`, `IND_ACTIVO`, `ID_CARTERA`, `ID_ESTADO_PROPUESTA`, `ID_EVENTO_DESTINO`, `ID_EVENTO_ORIGEN`, `ID_RESULTADO_EVENTO`) VALUES (19, 1, NULL, NULL, 12, 38, 16);
INSERT INTO `MSTR_WORKFLOW_ELEVACION_PROPUESTA` (`ID`, `IND_ACTIVO`, `ID_CARTERA`, `ID_ESTADO_PROPUESTA`, `ID_EVENTO_DESTINO`, `ID_EVENTO_ORIGEN`, `ID_RESULTADO_EVENTO`) VALUES (20, 1, NULL, NULL, 12, 38, 17);
INSERT INTO `MSTR_WORKFLOW_ELEVACION_PROPUESTA` (`ID`, `IND_ACTIVO`, `ID_CARTERA`, `ID_ESTADO_PROPUESTA`, `ID_EVENTO_DESTINO`, `ID_EVENTO_ORIGEN`, `ID_RESULTADO_EVENTO`) VALUES (21, 1, NULL, 3, 11, 40, 28);
