-- Drop table
/*
DROP TABLE PONTO.dbo.AspNetUserTokens
DROP TABLE PONTO.dbo.AspNetUserRoles 
DROP TABLE PONTO.dbo.AspNetUserLogins
DROP TABLE PONTO.dbo.AspNetUserClaims 
DROP TABLE PONTO.dbo.AspNetRoleClaims 
DROP TABLE PONTO.dbo.[__EFMigrationsHistory] 
DROP TABLE PONTO.dbo.PointRecord 
DROP TABLE PONTO.dbo.Collaborator 
DROP TABLE PONTO.dbo.AspNetUsers 
DROP TABLE PONTO.dbo.AspNetRoles 
*/




CREATE TABLE PONTO.dbo.AspNetRoles (
	Id nvarchar(450) COLLATE SQL_Latin1_General_CP1_CI_AS NOT NULL,
	Name nvarchar(256) COLLATE SQL_Latin1_General_CP1_CI_AS NULL,
	NormalizedName nvarchar(256) COLLATE SQL_Latin1_General_CP1_CI_AS NULL,
	ConcurrencyStamp nvarchar(MAX) COLLATE SQL_Latin1_General_CP1_CI_AS NULL,
	CONSTRAINT PK_AspNetRoles PRIMARY KEY (Id)
) 
GO
CREATE  UNIQUE NONCLUSTERED INDEX RoleNameIndex ON dbo.AspNetRoles (  NormalizedName ASC  )  
	 WHERE  ([NormalizedName] IS NOT NULL)
	 WITH (  PAD_INDEX = OFF ,FILLFACTOR = 100  ,SORT_IN_TEMPDB = OFF , IGNORE_DUP_KEY = OFF , STATISTICS_NORECOMPUTE = OFF , ONLINE = OFF , ALLOW_ROW_LOCKS = ON , ALLOW_PAGE_LOCKS = ON  )
	 ON [PRIMARY ]  
GO




CREATE TABLE PONTO.dbo.AspNetUsers (
	Id nvarchar(450) COLLATE SQL_Latin1_General_CP1_CI_AS NOT NULL,
	UserName nvarchar(256) COLLATE SQL_Latin1_General_CP1_CI_AS NULL,
	NormalizedUserName nvarchar(256) COLLATE SQL_Latin1_General_CP1_CI_AS NULL,
	Email nvarchar(256) COLLATE SQL_Latin1_General_CP1_CI_AS NULL,
	NormalizedEmail nvarchar(256) COLLATE SQL_Latin1_General_CP1_CI_AS NULL,
	EmailConfirmed bit NOT NULL,
	PasswordHash nvarchar(MAX) COLLATE SQL_Latin1_General_CP1_CI_AS NULL,
	SecurityStamp nvarchar(MAX) COLLATE SQL_Latin1_General_CP1_CI_AS NULL,
	ConcurrencyStamp nvarchar(MAX) COLLATE SQL_Latin1_General_CP1_CI_AS NULL,
	PhoneNumber nvarchar(MAX) COLLATE SQL_Latin1_General_CP1_CI_AS NULL,
	PhoneNumberConfirmed bit NOT NULL,
	TwoFactorEnabled bit NOT NULL,
	LockoutEnd datetimeoffset NULL,
	LockoutEnabled bit NOT NULL,
	AccessFailedCount int NOT NULL,
	CONSTRAINT PK_AspNetUsers PRIMARY KEY (Id)
) 
GO
CREATE NONCLUSTERED INDEX EmailIndex ON dbo.AspNetUsers (  NormalizedEmail ASC  )  
	 WITH (  PAD_INDEX = OFF ,FILLFACTOR = 100  ,SORT_IN_TEMPDB = OFF , IGNORE_DUP_KEY = OFF , STATISTICS_NORECOMPUTE = OFF , ONLINE = OFF , ALLOW_ROW_LOCKS = ON , ALLOW_PAGE_LOCKS = ON  )
	 ON [PRIMARY ]  
GO
CREATE  UNIQUE NONCLUSTERED INDEX UserNameIndex ON dbo.AspNetUsers (  NormalizedUserName ASC  )  
	 WHERE  ([NormalizedUserName] IS NOT NULL)
	 WITH (  PAD_INDEX = OFF ,FILLFACTOR = 100  ,SORT_IN_TEMPDB = OFF , IGNORE_DUP_KEY = OFF , STATISTICS_NORECOMPUTE = OFF , ONLINE = OFF , ALLOW_ROW_LOCKS = ON , ALLOW_PAGE_LOCKS = ON  )
	 ON [PRIMARY ]  
GO




CREATE TABLE PONTO.dbo.Collaborator (
	Id uniqueidentifier NOT NULL,
	Name varchar(200) COLLATE SQL_Latin1_General_CP1_CI_AS NOT NULL,
	CONSTRAINT PK_Collaborator PRIMARY KEY (Id)
) 
GO




CREATE TABLE PONTO.dbo.PointRecord (
	Id uniqueidentifier NOT NULL,
	Name varchar(200) COLLATE SQL_Latin1_General_CP1_CI_AS NOT NULL,
	[Date] datetime NOT NULL,
	RecordType char(1) COLLATE SQL_Latin1_General_CP1_CI_AS NOT NULL,
	IdCollaborator uniqueidentifier NOT NULL,
	CONSTRAINT PK_PointRecord PRIMARY KEY (Id)
) 
GO




CREATE TABLE PONTO.dbo.[__EFMigrationsHistory] (
	MigrationId nvarchar(150) COLLATE SQL_Latin1_General_CP1_CI_AS NOT NULL,
	ProductVersion nvarchar(32) COLLATE SQL_Latin1_General_CP1_CI_AS NOT NULL,
	CONSTRAINT PK___EFMigrationsHistory PRIMARY KEY (MigrationId)
) 
GO




CREATE TABLE PONTO.dbo.AspNetRoleClaims (
	Id int IDENTITY(1,1) NOT NULL,
	RoleId nvarchar(450) COLLATE SQL_Latin1_General_CP1_CI_AS NOT NULL,
	ClaimType nvarchar(MAX) COLLATE SQL_Latin1_General_CP1_CI_AS NULL,
	ClaimValue nvarchar(MAX) COLLATE SQL_Latin1_General_CP1_CI_AS NULL,
	CONSTRAINT PK_AspNetRoleClaims PRIMARY KEY (Id),
	CONSTRAINT FK_AspNetRoleClaims_AspNetRoles_RoleId FOREIGN KEY (RoleId) REFERENCES PONTO.dbo.AspNetRoles(Id) ON DELETE CASCADE
) 
GO
 CREATE NONCLUSTERED INDEX IX_AspNetRoleClaims_RoleId ON dbo.AspNetRoleClaims (  RoleId ASC  )  
	 WITH (  PAD_INDEX = OFF ,FILLFACTOR = 100  ,SORT_IN_TEMPDB = OFF , IGNORE_DUP_KEY = OFF , STATISTICS_NORECOMPUTE = OFF , ONLINE = OFF , ALLOW_ROW_LOCKS = ON , ALLOW_PAGE_LOCKS = ON  )
	 ON [PRIMARY ]  
GO




CREATE TABLE PONTO.dbo.AspNetUserClaims (
	Id int IDENTITY(1,1) NOT NULL,
	UserId nvarchar(450) COLLATE SQL_Latin1_General_CP1_CI_AS NOT NULL,
	ClaimType nvarchar(MAX) COLLATE SQL_Latin1_General_CP1_CI_AS NULL,
	ClaimValue nvarchar(MAX) COLLATE SQL_Latin1_General_CP1_CI_AS NULL,
	CONSTRAINT PK_AspNetUserClaims PRIMARY KEY (Id),
	CONSTRAINT FK_AspNetUserClaims_AspNetUsers_UserId FOREIGN KEY (UserId) REFERENCES PONTO.dbo.AspNetUsers(Id) ON DELETE CASCADE
) 
GO
 CREATE NONCLUSTERED INDEX IX_AspNetUserClaims_UserId ON dbo.AspNetUserClaims (  UserId ASC  )  
	 WITH (  PAD_INDEX = OFF ,FILLFACTOR = 100  ,SORT_IN_TEMPDB = OFF , IGNORE_DUP_KEY = OFF , STATISTICS_NORECOMPUTE = OFF , ONLINE = OFF , ALLOW_ROW_LOCKS = ON , ALLOW_PAGE_LOCKS = ON  )
	 ON [PRIMARY ]  
GO




CREATE TABLE PONTO.dbo.AspNetUserLogins (
	LoginProvider nvarchar(450) COLLATE SQL_Latin1_General_CP1_CI_AS NOT NULL,
	ProviderKey nvarchar(450) COLLATE SQL_Latin1_General_CP1_CI_AS NOT NULL,
	ProviderDisplayName nvarchar(MAX) COLLATE SQL_Latin1_General_CP1_CI_AS NULL,
	UserId nvarchar(450) COLLATE SQL_Latin1_General_CP1_CI_AS NOT NULL,
	CONSTRAINT PK_AspNetUserLogins PRIMARY KEY (LoginProvider,ProviderKey),
	CONSTRAINT FK_AspNetUserLogins_AspNetUsers_UserId FOREIGN KEY (UserId) REFERENCES PONTO.dbo.AspNetUsers(Id) ON DELETE CASCADE
) 
GO
 CREATE NONCLUSTERED INDEX IX_AspNetUserLogins_UserId ON dbo.AspNetUserLogins (  UserId ASC  )  
	 WITH (  PAD_INDEX = OFF ,FILLFACTOR = 100  ,SORT_IN_TEMPDB = OFF , IGNORE_DUP_KEY = OFF , STATISTICS_NORECOMPUTE = OFF , ONLINE = OFF , ALLOW_ROW_LOCKS = ON , ALLOW_PAGE_LOCKS = ON  )
	 ON [PRIMARY ]  
GO




CREATE TABLE PONTO.dbo.AspNetUserRoles (
	UserId nvarchar(450) COLLATE SQL_Latin1_General_CP1_CI_AS NOT NULL,
	RoleId nvarchar(450) COLLATE SQL_Latin1_General_CP1_CI_AS NOT NULL,
	CONSTRAINT PK_AspNetUserRoles PRIMARY KEY (UserId,RoleId),
	CONSTRAINT FK_AspNetUserRoles_AspNetRoles_RoleId FOREIGN KEY (RoleId) REFERENCES PONTO.dbo.AspNetRoles(Id) ON DELETE CASCADE,
	CONSTRAINT FK_AspNetUserRoles_AspNetUsers_UserId FOREIGN KEY (UserId) REFERENCES PONTO.dbo.AspNetUsers(Id) ON DELETE CASCADE
) 
GO
 CREATE NONCLUSTERED INDEX IX_AspNetUserRoles_RoleId ON dbo.AspNetUserRoles (  RoleId ASC  )  
	 WITH (  PAD_INDEX = OFF ,FILLFACTOR = 100  ,SORT_IN_TEMPDB = OFF , IGNORE_DUP_KEY = OFF , STATISTICS_NORECOMPUTE = OFF , ONLINE = OFF , ALLOW_ROW_LOCKS = ON , ALLOW_PAGE_LOCKS = ON  )
	 ON [PRIMARY ]  
GO




CREATE TABLE PONTO.dbo.AspNetUserTokens (
	UserId nvarchar(450) COLLATE SQL_Latin1_General_CP1_CI_AS NOT NULL,
	LoginProvider nvarchar(450) COLLATE SQL_Latin1_General_CP1_CI_AS NOT NULL,
	Name nvarchar(450) COLLATE SQL_Latin1_General_CP1_CI_AS NOT NULL,
	Value nvarchar(MAX) COLLATE SQL_Latin1_General_CP1_CI_AS NULL,
	CONSTRAINT PK_AspNetUserTokens PRIMARY KEY (UserId,LoginProvider,Name),
	CONSTRAINT FK_AspNetUserTokens_AspNetUsers_UserId FOREIGN KEY (UserId) REFERENCES PONTO.dbo.AspNetUsers(Id) ON DELETE CASCADE
) 
GO




-- EFMigrationsHistory
INSERT INTO PONTO.dbo.[__EFMigrationsHistory] (MigrationId,ProductVersion) VALUES 
('20210312214944_InitialCreate','5.0.4')
,('20210313022740_Initial','5.0.4')
,('20210313051101_AddColumnIdCollaborator','5.0.4')
;




-- AspNetUsers
INSERT INTO PONTO.dbo.AspNetUsers (Id,UserName,NormalizedUserName,Email,NormalizedEmail,EmailConfirmed,PasswordHash,SecurityStamp,ConcurrencyStamp,PhoneNumber,PhoneNumberConfirmed,TwoFactorEnabled,LockoutEnd,LockoutEnabled,AccessFailedCount) VALUES 
('60545f16-d7a2-4407-94d7-5b3e7beaf3b3','administrador@gmail.com','ADMINISTRADOR@GMAIL.COM','administrador@gmail.com','ADMINISTRADOR@GMAIL.COM',0,'AQAAAAEAACcQAAAAELOoYzXxmpS6g8KgCEItQTvvc3VyxIR0hCl4m7ScZRd1lMQiwB2QpUyBcWRsmtrYIg==','HDQKXS3YQRZG2V4E453DCO7A2I2BUTIL','c40078c3-f35c-4938-b651-30beadfffed6',NULL,0,0,NULL,1,0)
,('7d6a1300-4c87-4da1-a74f-bd4e936e8831','alex@gmail.com','ALEX@GMAIL.COM','alex@gmail.com','ALEX@GMAIL.COM',0,'AQAAAAEAACcQAAAAEBwIN5mGhIs3A/S8iLonubaWpKFnqSoMhSL8ON+OeaB98bRLimuJZUXXdjWW8l6oyQ==','IWB72YC2JD3SZNLT3UBWMRVWZK7Y6P5W','0da15361-dac2-4696-9f85-ada12908661c',NULL,0,0,NULL,1,0)
,('a8a727d5-f89b-4216-871b-3d5ff8be3936','aline@gmail.com','ALINE@GMAIL.COM','aline@gmail.com','ALINE@GMAIL.COM',0,'AQAAAAEAACcQAAAAEJMOXzEC+UHKsG+jmOrPyY9hhF/aVZjyZHYb8i0q2HS/bw6D7S25uQXhFHd7U3iWFA==','52MIXQA6UO2TJDE6KKOEL5TIT3GI3TSJ','b3ae3182-bd8a-49de-beb3-c2cbea8eea38',NULL,0,0,NULL,1,0)
;




-- AspNetUserClaims
INSERT INTO PONTO.dbo.AspNetUserClaims (UserId,ClaimType,ClaimValue) VALUES 
('7d6a1300-4c87-4da1-a74f-bd4e936e8831','Dot','Record')
,('a8a727d5-f89b-4216-871b-3d5ff8be3936','Dot','Record')
,('60545f16-d7a2-4407-94d7-5b3e7beaf3b3','Dot','Record')
,('60545f16-d7a2-4407-94d7-5b3e7beaf3b3','Dot','ReadAll')
;




-- Collaborator
INSERT INTO PONTO.dbo.Collaborator (Id,Name) VALUES 
('A8A727D5-F89B-4216-871B-3D5FF8BE3936','Aline')
,('60545F16-D7A2-4407-94D7-5B3E7BEAF3B3','Administrador')
,('7D6A1300-4C87-4DA1-A74F-BD4E936E8831','Alex')
;




-- PointRecord
INSERT INTO PONTO.dbo.PointRecord (Id,Name,[Date],RecordType,IdCollaborator) VALUES 
('C1A32ACA-BA65-4243-9C13-0A6712B38D45','Aline','20210308 09:33:00.000','S','A8A727D5-F89B-4216-871B-3D5FF8BE3936')
,('6CD4452F-5F38-4F41-85B9-0DA2D0FC96B6','Aline','20210311 15:00:00.000','S','A8A727D5-F89B-4216-871B-3D5FF8BE3936')
,('5D4EE08E-FD79-43E6-9C9F-0DAEF7EDAE22','Alex','20210311 08:30:00.000','E','7D6A1300-4C87-4DA1-A74F-BD4E936E8831')
,('BE08356C-462E-4A77-8E64-0FEF1881B00B','Aline','20210308 14:33:00.000','S','A8A727D5-F89B-4216-871B-3D5FF8BE3936')
,('69F5B914-82D5-496E-967D-22DF1A761FD0','Alex','20210311 12:00:00.000','S','7D6A1300-4C87-4DA1-A74F-BD4E936E8831')
,('4B10D7C1-179E-46F1-9A1E-22E10B12B8EC','Aline','20210314 14:00:21.777','S','A8A727D5-F89B-4216-871B-3D5FF8BE3936')
,('7ED6AF8B-04FC-4C06-AC74-300DE8A872D4','Aline','20210308 12:00:00.000','E','A8A727D5-F89B-4216-871B-3D5FF8BE3936')
,('05BBDC92-8AE9-486F-BB79-385B068BD856','Alex','20210303 12:30:00.000','S','7D6A1300-4C87-4DA1-A74F-BD4E936E8831')
,('618DD84C-F2F1-4FF3-884F-4155C4F43CDE','Alex','20210303 08:30:00.000','E','7D6A1300-4C87-4DA1-A74F-BD4E936E8831')
,('AA2CED1E-F1A4-4833-9840-4CAD6565C006','Alex','20210303 14:40:00.000','E','7D6A1300-4C87-4DA1-A74F-BD4E936E8831')
;
INSERT INTO PONTO.dbo.PointRecord (Id,Name,[Date],RecordType,IdCollaborator) VALUES 
('08FAE13C-F0FB-4ADA-A97A-5110A24602CB','Alex','20210308 17:30:00.000','S','7D6A1300-4C87-4DA1-A74F-BD4E936E8831')
,('10509B61-59D4-439C-A66A-67AC4F6E7F6E','Aline','20210311 22:00:00.000','S','A8A727D5-F89B-4216-871B-3D5FF8BE3936')
,('EC1B8379-B559-4C85-8B12-8068278135E2','Alex','20210311 13:30:00.000','E','7D6A1300-4C87-4DA1-A74F-BD4E936E8831')
,('82F92B22-3994-4F96-A9E5-8AD180147404','Alex','20210311 17:30:00.000','S','7D6A1300-4C87-4DA1-A74F-BD4E936E8831')
,('7C632494-5741-4F87-B879-8D0D52DB27AD','Aline','20210311 14:00:00.000','E','A8A727D5-F89B-4216-871B-3D5FF8BE3936')
,('C7DDA8C0-B851-4AB1-B33D-B551EF338788','Aline','20210308 09:00:00.000','E','A8A727D5-F89B-4216-871B-3D5FF8BE3936')
,('AE487C4F-C0FA-44B9-A4AA-BFDA973D8FC4','Aline','20210314 13:59:00.380','E','A8A727D5-F89B-4216-871B-3D5FF8BE3936')
,('13BC0722-532C-4B11-920D-C4195C02F6C9','Alex','20210314 13:59:44.617','E','7D6A1300-4C87-4DA1-A74F-BD4E936E8831')
,('07209F8E-C9DA-4E56-8992-CE7F1BF87784','Alex','20210308 12:30:00.000','S','7D6A1300-4C87-4DA1-A74F-BD4E936E8831')
,('F555725D-8374-4536-8218-D5AA87AE9EFD','Aline','20210311 17:00:00.000','E','A8A727D5-F89B-4216-871B-3D5FF8BE3936')
;
INSERT INTO PONTO.dbo.PointRecord (Id,Name,[Date],RecordType,IdCollaborator) VALUES 
('9C79BC95-D9B0-4E6F-8437-D9585CC660D6','Alex','20210308 10:30:00.000','E','7D6A1300-4C87-4DA1-A74F-BD4E936E8831')
,('C1CCD8AF-203D-4796-8522-DB5CFBCE326F','Alex','20210314 14:03:20.950','S','7D6A1300-4C87-4DA1-A74F-BD4E936E8831')
,('2458058E-1639-4812-95AB-E8A7C2499112','Alex','20210308 15:30:00.000','E','7D6A1300-4C87-4DA1-A74F-BD4E936E8831')
,('B02D3D8C-12F9-49CA-B918-FAC57866FCCE','Alex','20210303 18:00:00.000','S','7D6A1300-4C87-4DA1-A74F-BD4E936E8831')
